01-01 13:42:39.346 I/afe_send_port_topology_id( 0): AFE set topology id 0x112fc enable for port 0x9000 ret 0
01-01 13:42:39.355 I/send_afe_cal_type( 0): cal_index is 0
01-01 13:42:39.360 I/send_afe_cal_type( 0): dev_acdb_id[55] is 0
09-16 01:19:04.612 V/MediaWriter( 1327): Track event err/info msg:101, trackId:1, type:1000,val:-1011
09-16 01:19:04.613 I/MPEG4Writer( 1327): Received total/0-length (544/0) buffers and encoded 543 frames. - Video
09-16 01:19:04.614 I/mpu_uart( 664): [MSG-P:RECV]:No message received in 1000 ms
09-16 01:19:04.614 W/GraphicBufferSource( 1344): onFrameAvailable: EOS is sent, ignoring frame
01-01 13:42:39.365 I/send_afe_cal_type( 0): Sending cal_index cal 0
01-01 13:42:39.370 E/send_afe_cal_type( 0): No cal sent for cal_index 0, port_id = 0x9000! ret -22
01-01 13:42:39.377 D/ ( 0): mv2112_read_status
01-01 13:42:39.381 I/afe_send_hw_delay( 0): port_id 0x9000 rate 48000 delay_usec 474 status 0
01-01 13:42:39.383 D/mv2112_update_link( 0): 3.0x901(1G): 0x80
09-16 01:19:04.643 E/OMX-VENC: venc_dev( 1344): async_venc_message_thread interrupted to be exited
01-01 13:42:39.396 D/mv2112_update_link( 0): 3.0x8109(100M): 0x0
01-01 13:42:39.401 D/mv2112_update_link( 0): link 0x0
01-01 13:42:39.405 D/mv2112_read_status( 0): autoneg is disabled
01-01 13:42:39.412 I/msm_vidc( 0): high: 00000002: h264e: Closed video instance: ffffffcd38f2c000
09-16 01:19:04.667 D/msm8974_platform( 827): platform_set_channel_map mixer_ctl_name:Playback Channel Map9
09-16 01:19:04.667 D/msm8974_platform( 827): platform_set_channel_map: set mapping(1 2 0 0 0 0 0 0) for channel:2
09-16 01:19:04.668 E/audio_hw_extn( 827): audio_extn_perf_lock_release: Perf lock release error
09-16 01:19:04.668 D/audio_hw_primary( 827): start_output_stream: exit
09-16 01:19:04.668 D/audio_hw_primary( 827): out_write: retry previous failed cal level set
09-16 01:19:04.669 D/msm8974_platform( 827): platform_split_snd_device: snd_device(2) num devices(1) new_snd_devices(0)
09-16 01:19:04.669 I/OMX-VENC( 1344): Component Deinit
09-16 01:19:04.674 I/MediaCodecSource( 1327): encoder (video) stopped
09-16 01:19:04.674 I/MediaCodecSource( 1327): source (video) stopped
09-16 01:19:04.674 D/MPEG4Writer( 1327): Video track source stopped
09-16 01:19:04.675 D/MPEG4Writer( 1327): Video track stopped. Status:0. Stop source
09-16 01:19:04.675 D/MPEG4Writer( 1327): 0 chunks are written in the last batch
09-16 01:19:04.675 D/MPEG4Writer( 1327): WriterThread stopped. Status:0
09-16 01:19:04.676 I/MPEG4Writer( 1327): Adjust the moov start time from 138411 us -> 138411 us
09-16 01:19:04.676 I/MPEG4Writer( 1327): MOOV atom was written to the file
09-16 01:19:04.676 D/MPEG4Writer( 1327): release()
09-16 01:19:04.676 D/MPEG4Writer( 1327): ftruncate mPreAllocateFileEndOffset:7348973 mOffset:7258 mMdatEndOffset:7341089 diff:7884
09-16 01:19:04.706 D/MPEG4Writer( 1327): final fsync() takes 29 ms, file size 7341089
09-16 01:19:04.706 D/MPEG4Writer( 1327): MP4WtrCtrlHlpLooper stopped
09-16 01:19:04.706 D/MPEG4Writer( 1327): Top 5 write durations(microseconds): #1:1796 #2:3156 #3:3160 #4:6639 #5:9291
09-16 01:19:04.706 D/MPEG4Writer( 1327): reset()
09-16 01:19:04.707 D/MPEG4Writer( 1327): Video track stopping. Stop source
09-16 01:19:04.707 E/MPEG4Writer( 1327): Stop() called but track is not started or stopped
09-16 01:19:04.710 W/StagefrightRecorder( 1327): stop while neither recording nor paused
09-16 01:19:04.712 I/DisplayDeviceRepository( 1128): Display device removed: DisplayDeviceInfo{"Recording Display": uniqueId="virtual:com.android.systemui,10087,Recording Display,0", 2380 x 1020, modeId 3, defaultModeId 3, supportedModes [{id=3, width=2380, height=1020, fps=60.0, alternativeRefreshRates=[]}], colorMode 0, supportedColorModes [0], hdrCapabilities null, allmSupported false, gameContentTypeSupported false, density 240, 240.0 x 240.0 dpi, appVsyncOff 0, presDeadline 16666666, touch NONE, rotation 0, type VIRTUAL, deviceProductInfo null, state ON, owner com.android.systemui (uid 10087), frameRateOverride , brightnessMinimum 0.0, brightnessMaximum 0.0, brightnessDefault 0.0, FLAG_PRIVATE, FLAG_PRESENTATION}
09-16 01:19:04.716 I/LogicalDisplayMapper( 1128): Removing display: 3
09-16 01:19:04.719 D/ScreenMediaRecorder( 1910): end recording
09-16 01:19:04.722 D/RecordingService( 1910): saving recording
09-16 01:19:04.724 W/InputManager-JNI( 1128): Input channel object 'adf6f50 ShellDropTarget (client)' was disposed without first being removed with the input manager!
09-16 01:19:04.733 W/MediaRecorder( 1910): mediarecorder went away with unhandled events
09-16 01:19:04.735 I/notification_enqueue( 1128): [10087,1910,com.android.systemui,4275,NULL,0,Notification(channel=screen_record shortcut=null contentView=null vibrate=null sound=null defaults=0x0 flags=0x0 color=0x00000000 vis=PRIVATE),0]
09-16 01:19:04.736 I/sysui_multi_action( 1128): [757,128,758,5,759,8,793,57796,794,1441,795,57796,796,4274,806,com.android.systemui,857,screen_record,858,3,947,0,1500,57591,1688,1]
09-16 01:19:04.737 I/notification_canceled( 1128): [0|com.android.systemui|4274|null|10087,8,57796,57796,1441,-1,-1,NULL]
09-16 01:19:04.749 I/InputDispatcher( 1128): Erasing monitor PointerEventDispatcher3 (server) on display 3, pid=1128
09-16 01:19:04.750 D/CompatibilityChangeReporter( 1128): Compat change id reported: 175319604; UID 1000; state: ENABLED
09-16 01:19:04.750 D/CompatibilityChangeReporter( 1128): Compat change id reported: 175319604; UID 1000; state: DISABLED
09-16 01:19:04.758 W/WindowManager( 1128): Failed looking up window session=Session{a286551 1910:u0a10087} callers=com.android.server.wm.WindowManagerService.windowForClientLocked:5626 com.android.server.wm.WindowManagerService.removeWindow:2033 com.android.server.wm.Session.remove:218
09-16 01:19:04.760 W/MediaProvider( 3027): isAppCloneUserPair failed. Users: 0 and 0
09-16 01:19:04.760 W/MediaProvider( 3027): isAppCloneUserPair for user 0: false
09-16 01:19:04.774 D/PeopleSpaceWidgetMgr( 1910): Sbn doesn't contain valid PeopleTileKey: null/0/com.android.systemui
09-16 01:19:04.775 D/ScreenMediaRecorder( 1910): content://media/external_primary/video/media/26
09-16 01:19:04.778 I/MediaProvider( 3027): Open with lower FS for /storage/emulated/0/Movies/screen-20220916-011904.mp4. Uid: 10087
09-16 01:19:04.817 W/MediaProvider( 3027): Failed to fetch original file descriptor
09-16 01:19:04.817 W/MediaProvider( 3027): java.io.IOException: stat failed: ENOENT (No such file or directory)
09-16 01:19:04.817 W/MediaProvider( 3027): at com.android.providers.media.MediaProvider.getFileFromFileDescriptor(MediaProvider.java:5794)
09-16 01:19:04.817 W/MediaProvider( 3027): at com.android.providers.media.MediaProvider.getOriginalMediaFormatFileDescriptor(MediaProvider.java:5711)
09-16 01:19:04.817 W/MediaProvider( 3027): at com.android.providers.media.MediaProvider.openTypedAssetFileCommon(MediaProvider.java:7134)
09-16 01:19:04.817 W/MediaProvider( 3027): at com.android.providers.media.MediaProvider.openTypedAssetFile(MediaProvider.java:7115)
09-16 01:19:04.817 W/MediaProvider( 3027): at android.content.ContentProvider$Transport.openTypedAssetFile(ContentProvider.java:548)
09-16 01:19:04.817 W/MediaProvider( 3027): at android.content.ContentProviderNative.onTransact(ContentProviderNative.java:327)
09-16 01:19:04.817 W/MediaProvider( 3027): at android.os.Binder.execTransactInternal(Binder.java:1179)
09-16 01:19:04.817 W/MediaProvider( 3027): at android.os.Binder.execTransact(Binder.java:1143)
09-16 01:19:04.817 W/MediaProvider( 3027): Caused by: android.system.ErrnoException: stat failed: ENOENT (No such file or directory)
09-16 01:19:04.817 W/MediaProvider( 3027): at libcore.io.Linux.stat(Native Method)
09-16 01:19:04.817 W/MediaProvider( 3027): at libcore.io.ForwardingOs.stat(ForwardingOs.java:853)
09-16 01:19:04.817 W/MediaProvider( 3027): at libcore.io.BlockGuardOs.stat(BlockGuardOs.java:420)
09-16 01:19:04.817 W/MediaProvider( 3027): at libcore.io.ForwardingOs.stat(ForwardingOs.java:853)
09-16 01:19:04.817 W/MediaProvider( 3027): at android.app.ActivityThread$AndroidOs.stat(ActivityThread.java:7780)
09-16 01:19:04.817 W/MediaProvider( 3027): at android.system.Os.stat(Os.java:919)
09-16 01:19:04.817 W/MediaProvider( 3027): at com.android.providers.media.MediaProvider.getFileFromFileDescriptor(MediaProvider.java:5788)
09-16 01:19:04.817 W/MediaProvider( 3027): ... 7 more
09-16 01:19:04.818 I/ExtendedUtils( 1327): printFileName fd(9) -> /data/user_de/0/com.android.systemui/cache/temp3632682589000784230.mp4
09-16 01:19:04.847 I/ExtendedUtils( 1327): printFileName fd(15) -> /storage/emulated/0/Movies/screen-20220916-011904.mp4
09-16 01:19:04.857 D/audio_hw_primary( 827): out_set_parameters: enter: usecase(1: low-latency-playback) kvpairs: suspend_playback=true
09-16 01:19:04.857 D/audio_hw_extn( 827): audio_extn_fm_set_parameters: Enter
09-16 01:19:04.878 I/MMParserExtractor( 1320): Created(0xb4000077e6a33ef0)
09-16 01:19:04.880 E/MM_OSAL ( 1320): FileSource::FileSource
09-16 01:19:04.880 E/MM_OSAL ( 1320): FileSource::FileSource m_bEveryThingOK 1
09-16 01:19:04.899 E/MetadataRetrieverClient( 1327): failed to extract an album art
09-16 01:19:04.899 E/MediaMetadataRetrieverJNI( 1910): getEmbeddedPicture: Call to getEmbeddedPicture failed.
09-16 01:19:04.903 E/MM_OSAL ( 1320): resetPlayback no need to reset
09-16 01:19:04.905 D/MediaCodecList( 1327): codecHandlesFormat: no format, so no extra checks
09-16 01:19:04.905 D/MediaCodecList( 1327): codecHandlesFormat: no format, so no extra checks
09-16 01:19:04.905 D/MediaCodecList( 1327): codecHandlesFormat: no format, so no extra checks
09-16 01:19:04.905 D/MediaCodecList( 1327): codecHandlesFormat: no format, so no extra checks
09-16 01:19:04.905 D/FrameDecoder( 1327): FrameDecoder created
09-16 01:19:04.905 I/FrameDecoder( 1327): using surface mode
09-16 01:19:04.905 I/MMParserExtractor( 1320): Created(0xb4000077e6a345f0)
09-16 01:19:04.917 I/OMXClient( 1327): IOmx service obtained
09-16 01:19:04.918 I/OMXMaster( 1344): makeComponentInstance(OMX.qcom.video.decoder.avc) in android.hardwar process
09-16 01:19:04.935 E/android.hardware.media.omx@1.0-service( 1344): Service not available yet
09-16 01:19:04.936 I/sysui_multi_action( 1128): [757,1501,758,1,793,216,794,0,795,216,796,4275,806,com.android.systemui,857,screen_record,858,3,947,0,1500,0,1688,1]
09-16 01:19:04.937 I/sysui_multi_action( 1128): [757,804,799,note_interruptive,801,0,802,1]
09-16 01:19:04.937 I/ExtendedUtils( 1327): printFileName fd(14) -> /storage/emulated/0/Movies/screen-20220916-011904.mp4
09-16 01:19:04.939 I/sysui_multi_action( 1128): [757,1501,758,1,793,219,794,0,795,219,796,4275,806,com.android.systemui,857,screen_record,858,3,947,0,1500,0,1688,1]
09-16 01:19:04.939 I/sysui_multi_action( 1128): [757,804,799,note_interruptive,801,0,802,1]
09-16 01:19:04.939 I/sysui_multi_action( 1128): [757,199,758,1,759,3,793,219,794,0,795,219,796,4275,806,com.android.systemui,857,screen_record,858,3,947,0,1500,0,1688,1]
09-16 01:19:04.939 I/notification_alert( 1128): [0|com.android.systemui|4275|null|10087,1,1,0]
09-16 01:19:04.942 D/PlatformConfig( 1344): getInstance: Enter
09-16 01:19:04.942 W/NotificationHistory( 1128): Attempted to add notif for locked/gone/disabled user 0
09-16 01:19:04.942 D/PlatformConfig( 1344): getConfigStoreBool: vpp/enable=false, returning false
09-16 01:19:04.946 D/PlatformConfig( 1344): getInstance: Enter
09-16 01:19:04.946 D/PlatformConfig( 1344): getInt32 Config name: vidc_dec_log_in value: 0
09-16 01:19:04.946 D/PlatformConfig( 1344): getInstance: Enter
09-16 01:19:04.946 D/PlatformConfig( 1344): getInt32 Config name: vidc_dec_log_out value: 0
09-16 01:19:04.946 D/PlatformConfig( 1344): getInstance: Enter
09-16 01:19:04.946 D/PlatformConfig( 1344): getInt32 Config name: vidc_dec_sec_prefetch_size_internal value: 209715200
09-16 01:19:04.946 D/PlatformConfig( 1344): getInstance: Enter
09-16 01:19:04.946 D/PlatformConfig( 1344): getInt32 Config name: vidc_dec_sec_prefetch_size_output value: 13434880
09-16 01:19:04.946 D/PlatformConfig( 1344): getInstance: Enter
09-16 01:19:04.946 D/PlatformConfig( 1344): getInt32 Config name: vidc_perf_control_enable value: 0
09-16 01:19:04.946 D/PlatformConfig( 1344): getInstance: Enter
09-16 01:19:04.946 D/PlatformConfig( 1344): getInt32 Config name: vidc_dec_thumbnail_yuv_output value: 0
09-16 01:19:04.946 D/PlatformConfig( 1344): getInstance: Enter
09-16 01:19:04.946 D/PlatformConfig( 1344): getInt32: Returning default
09-16 01:19:04.946 D/PlatformConfig( 1344): getInstance: Enter
09-16 01:19:04.946 D/PlatformConfig( 1344): getInt32 Config name: vidc_dec_output_rate value: 120
09-16 01:19:04.947 W/MediaProvider( 3027): Failed to fetch original file descriptor
09-16 01:19:04.947 W/MediaProvider( 3027): java.io.IOException: stat failed: EACCES (Permission denied)
09-16 01:19:04.947 W/MediaProvider( 3027): at com.android.providers.media.MediaProvider.getFileFromFileDescriptor(MediaProvider.java:5794)
09-16 01:19:04.947 W/MediaProvider( 3027): at com.android.providers.media.MediaProvider.getOriginalMediaFormatFileDescriptor(MediaProvider.java:5711)
09-16 01:19:04.947 W/MediaProvider( 3027): at com.android.providers.media.MediaProvider.openTypedAssetFileCommon(MediaProvider.java:7134)
09-16 01:19:04.947 W/MediaProvider( 3027): at com.android.providers.media.MediaProvider.openTypedAssetFile(MediaProvider.java:7115)
09-16 01:19:04.947 W/MediaProvider( 3027): at android.content.ContentProvider$Transport.openTypedAssetFile(ContentProvider.java:548)
09-16 01:19:04.947 W/MediaProvider( 3027): at android.content.ContentProviderNative.onTransact(ContentProviderNative.java:327)
09-16 01:19:04.947 W/MediaProvider( 3027): at android.os.Binder.execTransactInternal(Binder.java:1179)
09-16 01:19:04.947 W/MediaProvider( 3027): at android.os.Binder.execTransact(Binder.java:1143)
09-16 01:19:04.947 W/MediaProvider( 3027): Caused by: android.system.ErrnoException: stat failed: EACCES (Permission denied)
09-16 01:19:04.947 W/MediaProvider( 3027): at libcore.io.Linux.stat(Native Method)
09-16 01:19:04.947 W/MediaProvider( 3027): at libcore.io.ForwardingOs.stat(ForwardingOs.java:853)
09-16 01:19:04.947 W/MediaProvider( 3027): at libcore.io.BlockGuardOs.stat(BlockGuardOs.java:420)
09-16 01:19:04.947 W/MediaProvider( 3027): at libcore.io.ForwardingOs.stat(ForwardingOs.java:853)
09-16 01:19:04.947 W/MediaProvider( 3027): at android.app.ActivityThread$AndroidOs.stat(ActivityThread.java:7780)
09-16 01:19:04.947 W/MediaProvider( 3027): at android.system.Os.stat(Os.java:919)
09-16 01:19:04.947 W/MediaProvider( 3027): at com.android.providers.media.MediaProvider.getFileFromFileDescriptor(MediaProvider.java:5788)
09-16 01:19:04.947 W/MediaProvider( 3027): ... 7 more
09-16 01:19:04.949 D/NuPlayerDriver( 1327): NuPlayerDriver(0xec8c1230) created, clientPid(1910)
09-16 01:19:04.949 D/Avrcp_ext( 1892): AudioManager Player: AudioPlaybackConfiguration piid:327 deviceId:0 type:android.media.SoundPool u/pid:1000/1128 state:idle attr:AudioAttributes: usage=USAGE_ASSISTANCE_SONIFICATION content=CONTENT_TYPE_SONIFICATION flags=0x800 tags= bundle=null sessionId:0
09-16 01:19:04.949 D/Avrcp_ext( 1892): AudioManager Player: AudioPlaybackConfiguration piid:335 deviceId:0 type:android.media.SoundPool u/pid:10087/1910 state:idle attr:AudioAttributes: usage=USAGE_ASSISTANCE_SONIFICATION content=CONTENT_TYPE_SONIFICATION flags=0x800 tags= bundle=null sessionId:0
09-16 01:19:04.949 D/Avrcp_ext( 1892): AudioManager Player: AudioPlaybackConfiguration piid:383 deviceId:0 type:android.media.MediaPlayer u/pid:10087/1910 state:idle attr:AudioAttributes: usage=USAGE_NOTIFICATION content=CONTENT_TYPE_SONIFICATION flags=0x800 tags= bundle=null sessionId:0
09-16 01:19:04.949 D/Avrcp_ext( 1892): AudioManager isPlaying: false, mAudioPlaybackIsActive = false
09-16 01:19:04.949 D/Avrcp_ext( 1892): AudioManager Reset Active Player
09-16 01:19:04.956 I/OMX-VDEC-1080P( 1344): component_init: OMX.qcom.video.decoder.avc : fd=55
01-01 13:42:39.700 I/msm_vidc( 0): high: 00000002: ....d: Opening video instance: ffffffccc2e98000, 1
09-16 01:19:04.956 E/OMX-VDEC-1080P( 1344): Unsupported output color format for c2d (2141391876)
09-16 01:19:04.956 E/OMX-VDEC-1080P( 1344): Setting color format failed
09-16 01:19:04.957 D/PlatformConfig( 1344): getInstance: Enter
09-16 01:19:04.957 D/PlatformConfig( 1344): getInt32: Returning default
09-16 01:19:04.957 D/PlatformConfig( 1344): getInstance: Enter
09-16 01:19:04.957 D/PlatformConfig( 1344): getInt32: Returning default
09-16 01:19:04.958 I/OMX-VDEC-1080P( 1344): omx_vdec::component_init() success : fd=55
09-16 01:19:04.960 D/SurfaceUtils( 1327): connecting to surface 0xe7b43278, reason connectToSurface
09-16 01:19:04.960 I/MediaCodec( 1327): [OMX.qcom.video.decoder.avc] setting surface generation to 1358850
09-16 01:19:04.960 D/SurfaceUtils( 1327): disconnecting from surface 0xe7b43278, reason connectToSurface(reconnect)
09-16 01:19:04.960 D/SurfaceUtils( 1327): connecting to surface 0xe7b43278, reason connectToSurface(reconnect)
09-16 01:19:04.962 E/OMX-VDEC-1080P( 1344): Extension: OMX.google.android.index.storeANWBufferInMetadata not implemented
09-16 01:19:04.962 E/OMX-VDEC-1080P( 1344): Extension: OMX.google.android.index.configureVideoTunnelMode not implemented
09-16 01:19:04.962 E/OMX-VDEC-1080P( 1344): Extension: OMX.google.android.index.useAndroidNativeBuffer is supported
09-16 01:19:04.962 E/OMX-VDEC-1080P( 1344): get_parameter: unknown param 7f000046
09-16 01:19:04.962 E/OMXNodeInstance( 1344): getParameter(0xf3e40014:qcom.decoder.avc, ??(0x7f000046)) ERROR: UnsupportedIndex(0x8000101a)
09-16 01:19:04.962 E/OMX-VDEC-1080P( 1344): set_parameter: Error: 0x80001019, setting param 0x7f00005d
09-16 01:19:04.962 E/OMXNodeInstance( 1344): setParameter(0xf3e40014:qcom.decoder.avc, OMX.google.android.index.allocateNativeHandle(0x7f00005d): Output:1 en=0) ERROR: UnsupportedSetting(0x80001019)
09-16 01:19:04.962 E/OMX-VDEC-1080P( 1344): Extension: OMX.google.android.index.storeANWBufferInMetadata not implemented
09-16 01:19:04.963 E/OMX-VDEC-1080P( 1344): get_parameter: unknown param 6f600011
09-16 01:19:04.963 E/OMXNodeInstance( 1344): getParameter(0xf3e40014:qcom.decoder.avc, ??(0x6f600011)) ERROR: UnsupportedIndex(0x8000101a)
09-16 01:19:04.963 I/ExtendedACodec( 1327): setupVideoDecoder()
09-16 01:19:04.964 I/ExtendedACodec( 1327): Thumbnail mode enabled.
09-16 01:19:04.966 E/OMXNodeInstance( 1344): getParameter(0xf3e40014:qcom.decoder.avc, ??(0x7f000044)) ERROR: UnsupportedSetting(0x80001019)
09-16 01:19:04.966 E/OMXNodeInstance( 1344): getParameter(0xf3e40014:qcom.decoder.avc, ??(0x7f000044)) ERROR: UnsupportedSetting(0x80001019)
09-16 01:19:04.968 W/ACodec ( 1327): [OMX.qcom.video.decoder.avc] does not support color format 2130708361
09-16 01:19:04.968 D/ACodec ( 1327): Setting [OMX.qcom.video.decoder.avc] input port buffer number: 1
09-16 01:19:04.969 D/ACodec ( 1327): Setting [OMX.qcom.video.decoder.avc] output port buffer number: 1
09-16 01:19:04.972 I/ExtendedACodec( 1327): Decoder will be in frame by frame mode
09-16 01:19:04.972 E/OMX-VDEC-1080P( 1344): Setparameter: unknown param 2130706434
09-16 01:19:04.972 E/OMX-VDEC-1080P( 1344): set_parameter: Error: 0x8000101a, setting param 0x7f000002
09-16 01:19:04.972 E/OMXNodeInstance( 1344): setParameter(0xf3e40014:qcom.decoder.avc, ??(0x7f000002)) ERROR: UnsupportedIndex(0x8000101a)
09-16 01:19:04.972 W/ExtendedACodec( 1327): Failed to set frame packing format on component
09-16 01:19:04.974 I/OMX-VENDOR-EXT( 1344): isConfigValid
09-16 01:19:04.976 D/InterruptionStateProvider( 1910): No bubble up: not allowed to bubble: 0|com.android.systemui|4275|null|10087
09-16 01:19:04.976 D/InterruptionStateProvider( 1910): No heads up: unimportant notification: 0|com.android.systemui|4275|null|10087
09-16 01:19:04.977 D/PeopleSpaceWidgetMgr( 1910): Sbn doesn't contain valid PeopleTileKey: null/0/com.android.systemui
09-16 01:19:04.977 E/OMXNodeInstance( 1344): getConfig(0xf3e40014:qcom.decoder.avc, ??(0x7f000062)) ERROR: UnsupportedSetting(0x80001019)
09-16 01:19:04.979 I/ExtendedNuUtils( 1327): printFileName fd(17) -> /data/system_de/0/ringtones/notification_sound_cache
09-16 01:19:04.980 I/MMParserExtractor( 1320): Created(0xb4000077e6a345f0)
09-16 01:19:04.985 D/GenericSource( 1327): FileSource remote
09-16 01:19:04.986 E/OMX-VDEC-1080P( 1344): Extension: OMX.google.android.index.AndroidNativeBufferConsumerUsage not implemented
09-16 01:19:04.986 D/SurfaceUtils( 1327): set up nativeWindow 0xe7b43278 for 2380x1020, color 0x7fa30c06, rotation 0, usage 0x20402900
09-16 01:19:04.990 W/ResourceManagerService( 1327): Ignoring request to add new resource entry with value <= 0
09-16 01:19:04.991 D/MediaBufferGroup( 1320): creating MemoryDealer
09-16 01:19:04.993 I/MMParserExtractor( 1320): Created(0xb4000077e6a34510)
09-16 01:19:05.002 D/MediaBufferGroup( 1320): creating MemoryDealer
09-16 01:19:05.008 I/MediaFocusControl( 1128): requestAudioFocus() from uid/pid 10087/1910 AA=USAGE_NOTIFICATION/CONTENT_TYPE_SONIFICATION clientId=android.media.AudioManager@792cf11 callingPack=com.android.systemui req=3 flags=0x0 sdk=31
09-16 01:19:05.008 I/AudioService.FadeOutManager( 1128): unfadeOutUid() uid:10087
09-16 01:19:05.033 E/OMXNodeInstance( 1344): getConfig(0xf3e40014:qcom.decoder.avc, ??(0x7f000062)) ERROR: UnsupportedSetting(0x80001019)
09-16 01:19:05.044 E/OMX-VDEC-1080P( 1344): Extension: OMX.google.android.index.AndroidNativeBufferConsumerUsage not implemented
09-16 01:19:05.044 D/SurfaceUtils( 1327): set up nativeWindow 0xe7b43278 for 2384x1024, color 0x7fa30c06, rotation 0, usage 0x20402900
09-16 01:19:05.057 E/OMXNodeInstance( 1344): getConfig(0xf3e40014:qcom.decoder.avc, ??(0x7f000062)) ERROR: UnsupportedSetting(0x80001019)
09-16 01:19:05.062 E/OMX-VDEC-1080P( 1344): Extension: OMX.QTI.index.config.video.getdsmode not implemented
09-16 01:19:05.063 V/NotificationMediaManager( 1910): DEBUG_MEDIA: updating album art for notification null metadata=null metaDataChanged=false state=0
09-16 01:19:05.130 I/OMX-VDEC-1080P( 1344): omx_vdec::component_deinit() complete
09-16 01:19:05.141 I/HttpClient( 2063): onFailed
09-16 01:19:05.141 I/MicroService( 2063): sendConnectStateBroadCast() state0
09-16 01:19:05.142 I/OMX-VDEC-1080P( 1344): Exit OMX vdec Destructor: fd=55
09-16 01:19:05.144 I/MicroService( 2063): onNettyConnectState0
09-16 01:19:05.144 I/MicroService( 2063): onNettyConnectState count = 0
09-16 01:19:05.148 D/SurfaceUtils( 1327): disconnecting from surface 0xe7b43278, reason disconnectFromSurface
09-16 01:19:05.151 D/FrameDecoder( 1327): FrameDecoder destroyed
01-01 13:42:39.896 I/msm_vidc( 0): high: 00000002: h264d: Closed video instance: ffffffccc2e98000
09-16 01:19:05.214 I/notification_enqueue( 1128): [10087,1910,com.android.systemui,4273,NULL,0,Notification(channel=screen_record shortcut=null contentView=null vibrate=null sound=null defaults=0x0 flags=0x10 color=0x00000000 actions=1 vis=PRIVATE),1]
09-16 01:19:05.217 I/sysui_multi_action( 1128): [757,128,758,5,759,8,793,497,794,0,795,497,796,4275,806,com.android.systemui,857,screen_record,858,3,947,0,1500,278,1688,1]
09-16 01:19:05.217 I/notification_canceled( 1128): [0|com.android.systemui|4275|null|10087,8,497,497,0,-1,-1,NULL]
09-16 01:19:05.235 D/PeopleSpaceWidgetMgr( 1910): Sbn doesn't contain valid PeopleTileKey: null/0/com.android.systemui
09-16 01:19:05.305 W/FrameTracker( 1910): Missed SF frame:2
09-16 01:19:05.306 W/FrameTracker( 1910): Missed SF frame:32
01-01 13:42:40.082 E/i2c_geni 980000.i2c( 0): i2c error :-107
01-01 13:42:40.087 E/ ( 0): [MAX975X:mcu_keep_wakeup_work_func] *ERROR* Failed to write dev:0x15 addr:0x22 value:0x80
01-01 13:42:40.098 E/i2c_geni 980000.i2c( 0): i2c error :-107
01-01 13:42:40.104 E/ ( 0): [MAX975X:mcu_keep_wakeup_work_func] *ERROR* Failed to write dev:0x15 addr:0x20 value:0x09
09-16 01:19:05.417 I/sysui_multi_action( 1128): [757,1501,758,1,793,1517784,794,2124,795,204,796,4273,806,com.android.systemui,857,screen_record,858,3,947,0,1500,0,1688,1,1745,680407814]
09-16 01:19:05.418 I/sysui_multi_action( 1128): [757,804,799,note_interruptive,801,0,802,1]
09-16 01:19:05.418 E/NotificationService( 1128): Muting recently noisy 0|com.android.systemui|4273|null|10087
09-16 01:19:05.420 W/NotificationHistory( 1128): Attempted to add notif for locked/gone/disabled user 0
09-16 01:19:05.441 E/NotificationService( 1128): No vibration for canceled notification : 0|com.android.systemui|4275|null|10087
09-16 01:19:05.469 D/InterruptionStateProvider( 1910): No bubble up: not allowed to bubble: 0|com.android.systemui|4273|null|10087
09-16 01:19:05.470 D/InterruptionStateProvider( 1910): No heads up: unimportant notification: 0|com.android.systemui|4273|null|10087
09-16 01:19:05.483 D/PeopleSpaceWidgetMgr( 1910): Sbn doesn't contain valid PeopleTileKey: null/0/com.android.systemui
09-16 01:19:05.510 D/Avrcp_ext( 1892): AudioManager Player: AudioPlaybackConfiguration piid:327 deviceId:0 type:android.media.SoundPool u/pid:1000/1128 state:idle attr:AudioAttributes: usage=USAGE_ASSISTANCE_SONIFICATION content=CONTENT_TYPE_SONIFICATION flags=0x800 tags= bundle=null sessionId:0
09-16 01:19:05.510 D/Avrcp_ext( 1892): AudioManager Player: AudioPlaybackConfiguration piid:335 deviceId:0 type:android.media.SoundPool u/pid:10087/1910 state:idle attr:AudioAttributes: usage=USAGE_ASSISTANCE_SONIFICATION content=CONTENT_TYPE_SONIFICATION flags=0x800 tags= bundle=null sessionId:0
09-16 01:19:05.510 D/Avrcp_ext( 1892): AudioManager Player: AudioPlaybackConfiguration piid:383 deviceId:0 type:android.media.MediaPlayer u/pid:10087/1910 state:started attr:AudioAttributes: usage=USAGE_NOTIFICATION content=CONTENT_TYPE_SONIFICATION flags=0x800 tags= bundle=null sessionId:0
09-16 01:19:05.511 I/GenericSource( 1327): start
09-16 01:19:05.513 W/Utils ( 1327): track of type 'audio/vorbis' does not publish channel mask, channel count 1
09-16 01:19:05.513 D/Avrcp_ext( 1892): AudioManager Player in started state: com.android.systemui
09-16 01:19:05.513 D/Avrcp_ext( 1892): AudioManager Active Player: com.android.systemui
09-16 01:19:05.513 D/Avrcp_ext( 1892): AudioManager isPlaying: true, mAudioPlaybackIsActive = false
09-16 01:19:05.516 V/Avrcp_ext( 1892): updateCurrentMediaState: mMediaController: MediaController (com.android.systemui@d3d7215) null
09-16 01:19:05.516 W/Avrcp_ext( 1892): isMusicActive: false getBluetoothPlayState: 2 A2dp State: 11 mAudioPlaybackIsActive: true
09-16 01:19:05.517 V/NotificationMediaManager( 1910): DEBUG_MEDIA: updating album art for notification null metadata=null metaDataChanged=false state=0
09-16 01:19:05.517 I/OMX-VENC: venc_dev( 1344): stats: avg. fps 46.11, bitrate 906894
09-16 01:19:05.517 D/Avrcp_ext( 1892): isMusicActive = false mAudioPlaybackIsActive = true player state = null
09-16 01:19:05.518 D/NuPlayerDriver( 1327): stop(0xec8c1230)
09-16 01:19:05.518 D/MediaRouter( 1910): onRestoreRoute() : route=RouteInfo{ name=平板电脑, description=null, status=null, category=RouteCategory{ name=系统 types=ROUTE_TYPE_LIVE_AUDIO ROUTE_TYPE_LIVE_VIDEO groupable=false }, supportedTypes=ROUTE_TYPE_LIVE_AUDIO ROUTE_TYPE_LIVE_VIDEO , presentationDisplay=null }
09-16 01:19:05.518 V/MediaRouter( 1910): Selecting route: RouteInfo{ name=平板电脑, description=null, status=null, category=RouteCategory{ name=系统 types=ROUTE_TYPE_LIVE_AUDIO ROUTE_TYPE_LIVE_VIDEO groupable=false }, supportedTypes=ROUTE_TYPE_LIVE_AUDIO ROUTE_TYPE_LIVE_VIDEO , presentationDisplay=null }
09-16 01:19:05.518 V/MediaPlayer( 1910): resetDrmState: mDrmInfo=null mDrmProvisioningThread=null mPrepareDrmInProgress=false mActiveDrmScheme=false
09-16 01:19:05.518 V/MediaPlayer( 1910): cleanDrmObj: mDrmObj=null mDrmSessionId=null
09-16 01:19:05.519 D/NuPlayerDriver( 1327): reset(0xec8c1230) at state 8
09-16 01:19:05.520 W/Utils ( 1327): track of type 'audio/vorbis' does not publish channel mask, channel count 1
09-16 01:19:05.523 I/Avrcp_ext( 1892): Skipping update due to invalid playback state
09-16 01:19:05.523 V/Avrcp_ext( 1892): updatePlaybackState, state: null device: null
09-16 01:19:05.523 V/Avrcp_ext( 1892): Device: no name:
09-16 01:19:05.523 V/Avrcp_ext( 1892): Device: no name:
09-16 01:19:05.523 V/Avrcp_ext( 1892): Device: no name:
09-16 01:19:05.523 V/Avrcp_ext( 1892): Device: no name:
09-16 01:19:05.523 V/Avrcp_ext( 1892): Device: no name:
09-16 01:19:05.523 V/Avrcp_ext( 1892): updatePlayerStateAndPosition, old=PlaybackState {state=2, position=-1, buffered position=0, speed=0.0, updated=55357, actions=0, custom actions=[], active item id=-1, error=null}, state=null
09-16 01:19:05.523 I/Avrcp_ext( 1892): updatePlayerStateAndPosition: device: state = null
09-16 01:19:05.523 D/Avrcp_ext( 1892): AudioManager Player: AudioPlaybackConfiguration piid:327 deviceId:0 type:android.media.SoundPool u/pid:1000/1128 state:idle attr:AudioAttributes: usage=USAGE_ASSISTANCE_SONIFICATION content=CONTENT_TYPE_SONIFICATION flags=0x800 tags= bundle=null sessionId:0
09-16 01:19:05.524 D/Avrcp_ext( 1892): AudioManager Player: AudioPlaybackConfiguration piid:335 deviceId:0 type:android.media.SoundPool u/pid:10087/1910 state:idle attr:AudioAttributes: usage=USAGE_ASSISTANCE_SONIFICATION content=CONTENT_TYPE_SONIFICATION flags=0x800 tags= bundle=null sessionId:0
09-16 01:19:05.524 D/Avrcp_ext( 1892): AudioManager Player: AudioPlaybackConfiguration piid:383 deviceId:0 type:android.media.MediaPlayer u/pid:10087/1910 state:stopped attr:AudioAttributes: usage=USAGE_NOTIFICATION content=CONTENT_TYPE_SONIFICATION flags=0x800 tags= bundle=null sessionId:0
09-16 01:19:05.524 D/Avrcp_ext( 1892): AudioManager isPlaying: false, mAudioPlaybackIsActive = true
09-16 01:19:05.524 D/Avrcp_ext( 1892): AudioManager Reset Active Player
09-16 01:19:05.524 D/audio_hw_primary( 827): adev_get_parameters:is_hw_dec_session_available
09-16 01:19:05.525 D/audio_hw_spkr_prot( 827): fbsp_get_parameters: Speaker protection disabled
09-16 01:19:05.525 D/soundtrigger( 827): audio_extn_sound_trigger_get_parameters input string
09-16 01:19:05.525 D/soundtrigger( 827): extract_sm_handle input string param string
09-16 01:19:05.525 D/audio_hw_extn( 827): audio_extn_fm_get_parameters: Enter
09-16 01:19:05.525 D/audio_hw_extn( 827): audio_extn_get_parameters: returns
09-16 01:19:05.525 D/audio_hw_primary( 827): adev_get_parameters: exit: returns -
09-16 01:19:05.525 I/hash_map_utils( 1041): system/bt/osi/src/hash_map_utils.cc:81 hash_map_utils_dump_string_keys_string_values: key: 'is_hw_dec_session_available' value: 'audio/vorbis'
09-16 01:19:05.526 V/Avrcp_ext( 1892): updateCurrentMediaState: mMediaController: MediaController (com.android.systemui@d3d7215) null
09-16 01:19:05.526 W/Avrcp_ext( 1892): isMusicActive: false getBluetoothPlayState: 2 A2dp State: 11 mAudioPlaybackIsActive: false
09-16 01:19:05.527 D/Avrcp_ext( 1892): isMusicActive = false mAudioPlaybackIsActive = false player state = null
09-16 01:19:05.528 I/Avrcp_ext( 1892): Skipping update due to invalid playback state
09-16 01:19:05.528 V/Avrcp_ext( 1892): updatePlaybackState, state: null device: null
09-16 01:19:05.528 V/Avrcp_ext( 1892): Device: no name:
09-16 01:19:05.528 V/Avrcp_ext( 1892): Device: no name:
09-16 01:19:05.528 V/Avrcp_ext( 1892): Device: no name:
09-16 01:19:05.528 V/Avrcp_ext( 1892): Device: no name:
09-16 01:19:05.528 V/Avrcp_ext( 1892): Device: no name:
09-16 01:19:05.528 V/Avrcp_ext( 1892): updatePlayerStateAndPosition, old=PlaybackState {state=2, position=-1, buffered position=0, speed=0.0, updated=55357, actions=0, custom actions=[], active item id=-1, error=null}, state=null
09-16 01:19:05.528 I/Avrcp_ext( 1892): updatePlayerStateAndPosition: device: state = null
09-16 01:19:05.528 D/Avrcp_ext( 1892): AudioManager Player: AudioPlaybackConfiguration piid:327 deviceId:0 type:android.media.SoundPool u/pid:1000/1128 state:idle attr:AudioAttributes: usage=USAGE_ASSISTANCE_SONIFICATION content=CONTENT_TYPE_SONIFICATION flags=0x800 tags= bundle=null sessionId:0
09-16 01:19:05.528 D/Avrcp_ext( 1892): AudioManager Player: AudioPlaybackConfiguration piid:335 deviceId:0 type:android.media.SoundPool u/pid:10087/1910 state:idle attr:AudioAttributes: usage=USAGE_ASSISTANCE_SONIFICATION content=CONTENT_TYPE_SONIFICATION flags=0x800 tags= bundle=null sessionId:0
09-16 01:19:05.528 D/Avrcp_ext( 1892): AudioManager isPlaying: false, mAudioPlaybackIsActive = false
09-16 01:19:05.528 D/Avrcp_ext( 1892): AudioManager Reset Active Player
09-16 01:19:05.530 D/CCodec ( 1327): allocate(c2.android.vorbis.decoder)
09-16 01:19:05.538 I/CCodec ( 1327): setting up 'default' as default (vendor) store
09-16 01:19:05.539 V/C2Store ( 1458): in init
09-16 01:19:05.539 V/C2Store ( 1458): loading dll
09-16 01:19:05.542 I/CCodec ( 1327): Created component [c2.android.vorbis.decoder]
09-16 01:19:05.543 D/CCodecConfig( 1327): read media type: audio/vorbis
09-16 01:19:05.548 D/ReflectedParamUpdater( 1327): extent() != 1 for single value type: algo.buffers.max-count.values
09-16 01:19:05.549 D/ReflectedParamUpdater( 1327): extent() != 1 for single value type: output.subscribed-indices.values
09-16 01:19:05.550 D/ReflectedParamUpdater( 1327): extent() != 1 for single value type: input.buffers.allocator-ids.values
09-16 01:19:05.550 D/ReflectedParamUpdater( 1327): extent() != 1 for single value type: output.buffers.allocator-ids.values
09-16 01:19:05.551 D/ReflectedParamUpdater( 1327): extent() != 1 for single value type: algo.buffers.allocator-ids.values
09-16 01:19:05.551 D/ReflectedParamUpdater( 1327): extent() != 1 for single value type: output.buffers.pool-ids.values
09-16 01:19:05.552 D/ReflectedParamUpdater( 1327): extent() != 1 for single value type: algo.buffers.pool-ids.values
09-16 01:19:05.555 I/CCodecConfig( 1327): query failed after returning 7 values (BAD_INDEX)
09-16 01:19:05.555 D/CCodecConfig( 1327): c2 config diff is Dict {
09-16 01:19:05.555 D/CCodecConfig( 1327): c2::u32 coded.bitrate.value = 64000
09-16 01:19:05.555 D/CCodecConfig( 1327): c2::u32 input.buffers.max-size.value = 32768
09-16 01:19:05.555 D/CCodecConfig( 1327): c2::u32 input.delay.value = 0
09-16 01:19:05.555 D/CCodecConfig( 1327): string input.media-type.value = "audio/vorbis"
09-16 01:19:05.555 D/CCodecConfig( 1327): string output.media-type.value = "audio/raw"
09-16 01:19:05.555 D/CCodecConfig( 1327): c2::u32 raw.channel-count.value = 1
09-16 01:19:05.555 D/CCodecConfig( 1327): c2::u32 raw.sample-rate.value = 48000
09-16 01:19:05.555 D/CCodecConfig( 1327): }
09-16 01:19:05.556 D/CCodec ( 1327): [c2.android.vorbis.decoder] buffers are bound to CCodec for this session
09-16 01:19:05.556 D/CCodecConfig( 1327): no c2 equivalents for durationUs
09-16 01:19:05.556 D/CCodecConfig( 1327): no c2 equivalents for csd-1
09-16 01:19:05.556 D/CCodecConfig( 1327): no c2 equivalents for language
09-16 01:19:05.556 D/CCodecConfig( 1327): no c2 equivalents for file-format
09-16 01:19:05.556 D/CCodecConfig( 1327): no c2 equivalents for flags
09-16 01:19:05.557 D/CCodecConfig( 1327): config failed => CORRUPTED
09-16 01:19:05.557 D/CCodecConfig( 1327): c2 config diff is c2::u32 coded.bitrate.value = 70000
09-16 01:19:05.558 W/Codec2Client( 1327): query -- param skipped: index = 1107298332.
09-16 01:19:05.558 D/CCodec ( 1327): setup formats input: AMessage(what = 0x00000000) = {
09-16 01:19:05.558 D/CCodec ( 1327): int32_t bitrate = 70000
09-16 01:19:05.558 D/CCodec ( 1327): int32_t channel-count = 1
09-16 01:19:05.558 D/CCodec ( 1327): int32_t max-input-size = 65307
09-16 01:19:05.558 D/CCodec ( 1327): string mime = "audio/vorbis"
09-16 01:19:05.558 D/CCodec ( 1327): int32_t sample-rate = 48000
09-16 01:19:05.558 D/CCodec ( 1327): }
09-16 01:19:05.558 D/CCodec ( 1327): setup formats output: AMessage(what = 0x00000000) = {
09-16 01:19:05.558 D/CCodec ( 1327): int32_t channel-count = 1
09-16 01:19:05.558 D/CCodec ( 1327): string mime = "audio/raw"
09-16 01:19:05.558 D/CCodec ( 1327): int32_t sample-rate = 48000
09-16 01:19:05.558 D/CCodec ( 1327): int32_t android._config-pcm-encoding = 2
09-16 01:19:05.558 D/CCodec ( 1327): }
09-16 01:19:05.558 I/CCodecConfig( 1327): query failed after returning 7 values (BAD_INDEX)
09-16 01:19:05.558 I/MediaCodec( 1327): MediaCodec will operate in async mode
09-16 01:19:05.558 D/MediaCodec( 1327): keep callback message for reclaim
09-16 01:19:05.559 W/Codec2Client( 1327): query -- param skipped: index = 1342179345.
09-16 01:19:05.559 W/Codec2Client( 1327): query -- param skipped: index = 2415921170.
09-16 01:19:05.560 D/CCodecBufferChannel( 1327): [c2.android.vorbis.decoder#26] Created input block pool with allocatorID 16 => poolID 22 - OK (0)
09-16 01:19:05.561 D/BufferPoolAccessor2.0( 1458): bufferpool2 0xb4000074a49b97b8 : 0(0 size) total buffers - 0(0 size) used buffers - 93/97 (recycle/alloc) - 4/96 (fetch/transfer)
09-16 01:19:05.562 D/BufferPoolAccessor2.0( 1458): Destruction - bufferpool2 0xb4000074a49b97b8 cached: 0/0M, 0/0% in use; allocs: 97, 96% recycled; transfers: 96, 96% unfetched
09-16 01:19:05.563 I/CCodecBufferChannel( 1327): [c2.android.vorbis.decoder#26] Created output block pool with allocatorID 16 => poolID 31 - OK
09-16 01:19:05.563 D/BufferPoolAccessor2.0( 1327): bufferpool2 0xec283748 : 0(0 size) total buffers - 0(0 size) used buffers - 95/103 (recycle/alloc) - 8/198 (fetch/transfer)
09-16 01:19:05.563 D/CCodecBufferChannel( 1327): [c2.android.vorbis.decoder#26] Configured output block pool ids 31 => OK
09-16 01:19:05.563 D/BufferPoolAccessor2.0( 1327): Destruction - bufferpool2 0xec283748 cached: 0/0M, 0/0% in use; allocs: 103, 92% recycled; transfers: 198, 96% unfetched
09-16 01:19:05.563 D/CCodecBufferChannel( 1327): [c2.android.vorbis.decoder#26] start: updating output delay 0
09-16 01:19:05.564 I/CCodecBufferChannel( 1327): pipelineRoom(3) is <= numClientBuffers(3). Not signalling any more buffers to client
09-16 01:19:05.565 D/SimpleC2Component( 1458): Using output block pool with poolID 31 => got 31 - 0
09-16 01:19:05.567 I/CCodecBufferChannel( 1327): pipelineRoom(2) is <= numClientBuffers(2). Not signalling any more buffers to client
09-16 01:19:05.567 I/CCodecBufferChannel( 1327): pipelineRoom(1) is <= numClientBuffers(1). Not signalling any more buffers to client
09-16 01:19:05.567 D/CCodecBufferChannel( 1327): [c2.android.vorbis.decoder#26] Discard frames from previous generation.
09-16 01:19:05.570 V/C2Store ( 1458): in ~ComponentModule
09-16 01:19:05.570 D/BufferPoolAccessor2.0( 1458): Destruction - bufferpool2 0xb4000074a49ba348 cached: 0/0M, 0/0% in use; allocs: 0, 0% recycled; transfers: 0, 0% unfetched
09-16 01:19:05.570 V/C2Store ( 1458): unloading dll
09-16 01:19:05.570 I/hw-BpHwBinder( 1327): onLastStrongRef automatically unlinking death recipients
09-16 01:19:05.572 D/NuPlayerDriver( 1327): notifyResetComplete(0xec8c1230)
09-16 01:19:05.573 W/AMessage( 1327): failed to post message as target looper for handler 0 is gone.
09-16 01:19:05.575 I/MediaFocusControl( 1128): abandonAudioFocus() from uid/pid 10087/1910 clientId=android.media.AudioManager@792cf11
09-16 01:19:05.614 I/mpu_uart( 664): [MSG-P:RECV]:No message received in 1000 ms
01-01 13:42:40.433 D/ ( 0): mv2112_read_status
01-01 13:42:40.437 D/mv2112_update_link( 0): 3.0x901(1G): 0x80
01-01 13:42:40.442 D/mv2112_update_link( 0): 3.0x8109(100M): 0x0
01-01 13:42:40.448 D/mv2112_update_link( 0): link 0x0
01-01 13:42:40.453 D/mv2112_read_status( 0): autoneg is disabled
09-16 01:19:05.858 D/audio_hw_primary( 827): out_set_parameters: enter: usecase(1: low-latency-playback) kvpairs: suspend_playback=false
09-16 01:19:05.858 D/audio_hw_extn( 827): audio_extn_fm_set_parameters: Enter
09-16 01:19:05.860 W/audio_hw_primary( 827): out_write: underrun(141) frames_by_time(48327) > out->last_fifo_frames_remaining(384)
09-16 01:19:05.901 D/audio_hw_primary( 827): out_set_parameters: enter: usecase(1: low-latency-playback) kvpairs: suspend_playback=true
09-16 01:19:05.901 D/audio_hw_extn( 827): audio_extn_fm_set_parameters: Enter
09-16 01:19:06.140 I/HWebSocketClient( 2063): WEBclient: onFailed
09-16 01:19:06.147 I/ResponseWebSocketHandler( 2063): ResponseWebSocketHandler start
09-16 01:19:06.147 I/HttpContext( 2063): getIResponseJson :com.thundercomm.microservice.MicroServiceProxy@12e89eb
09-16 01:19:06.147 I/ResponseWebSocketHandler( 2063): ResponseWebSocketHandler mResponseJson: com.thundercomm.microservice.MicroServiceProxy@12e89eb
09-16 01:19:06.147 I/HttpContext( 2063): getIResponseJson :com.thundercomm.microservice.MicroServiceProxy@12e89eb
09-16 01:19:06.148 I/ResponseHandler( 2063): ResponseHandler() :com.thundercomm.microservice.MicroServiceProxy@12e89eb
09-16 01:19:06.149 I/System.out( 2063): handler is: com.thundercomm.microservice.netty.client.handler.webSocket.ResponseWebSocketHandler@58833b8
09-16 01:19:06.525 I/OMX-VENC: venc_dev( 1344): stats: avg. fps 32.76, bitrate 455145
09-16 01:19:06.615 I/mpu_uart( 664): [MSG-P:RECV]:No message received in 1000 ms
01-01 13:42:41.457 D/ ( 0): mv2112_read_status
01-01 13:42:41.460 D/mv2112_update_link( 0): 3.0x901(1G): 0x80
01-01 13:42:41.467 D/mv2112_update_link( 0): 3.0x8109(100M): 0x0
01-01 13:42:41.472 D/mv2112_update_link( 0): link 0x0
01-01 13:42:41.478 D/mv2112_read_status( 0): autoneg is disabled
09-16 01:19:06.903 D/audio_hw_primary( 827): out_set_parameters: enter: usecase(1: low-latency-playback) kvpairs: suspend_playback=false
09-16 01:19:06.903 D/audio_hw_extn( 827): audio_extn_fm_set_parameters: Enter
09-16 01:19:06.904 W/audio_hw_primary( 827): out_write: underrun(142) frames_by_time(48319) > out->last_fifo_frames_remaining(384)
09-16 01:19:06.943 D/audio_hw_primary( 827): out_set_parameters: enter: usecase(1: low-latency-playback) kvpairs: suspend_playback=true
09-16 01:19:06.943 D/audio_hw_extn( 827): audio_extn_fm_set_parameters: Enter
01-01 13:42:41.939 E/i2c_geni 980000.i2c( 0): i2c error :-107
01-01 13:42:41.944 E/ ( 0): [MAX975X:mcu_keep_wakeup_work_func] *ERROR* Failed to write dev:0x15 addr:0x22 value:0x80
01-01 13:42:41.955 E/i2c_geni 980000.i2c( 0): i2c error :-107
01-01 13:42:41.960 E/ ( 0): [MAX975X:mcu_keep_wakeup_work_func] *ERROR* Failed to write dev:0x15 addr:0x20 value:0x09
09-16 01:19:07.260 I/OpenGLRenderer( 1910): Davey! duration=9223370264845ms; Flags=0, FrameTimelineVsyncId=-1, IntendedVsync=1772008765051, Vsync=1772008766665, InputEventId=-701696946, HandleInputStart=1772008773540, AnimationStart=1772008784165, PerformTraversalsStart=1772009242551, DrawStart=1772009300259, FrameDeadline=9223372036854775807, FrameInterval=1772008766665, FrameStartTime=16666666, SyncQueued=1772009375415, SyncStart=1772009481665, IssueDrawCommandsStart=1772010348697, SwapBuffers=1772017247499, FrameCompleted=9223372036854775807, DequeueBufferDuration=34479, QueueBufferDuration=1625260, GpuCompleted=9223372036854775807, SwapBuffersCompleted=1772019866457, DisplayPresentTime=1764602248387,
09-16 01:19:07.281 I/mpu_uart( 664): [MSG-P:R]:recv sync frame timeout
09-16 01:19:07.305 I/InputDispatcher( 1128): Monitor swipe-up (server) is stealing touch from [59e8c99 NotificationShade (server), ]
09-16 01:19:07.306 I/input_interaction( 1128): Interaction with: edge-swipe (server), swipe-up (server), PointerEventDispatcher0 (server),
09-16 01:19:07.310 I/view_enqueue_input_event( 1910): [Motion - Cancel,NotificationShade]
09-16 01:19:07.521 W/HWComposer( 1065): Ignoring duplicate VSYNC event from HWC for display 4630946370410392961 (t=1772304058000)
09-16 01:19:07.529 I/OMX-VENC: venc_dev( 1344): stats: avg. fps 16.93, bitrate 265575
09-16 01:19:07.538 W/HWComposer( 1065): Ignoring duplicate VSYNC event from HWC for display 4630946370410392961 (t=1772320762000)
09-16 01:19:07.554 W/HWComposer( 1065): Ignoring duplicate VSYNC event from HWC for display 4630946370410392961 (t=1772337470000)
09-16 01:19:07.571 W/HWComposer( 1065): Ignoring duplicate VSYNC event from HWC for display 4630946370410392961 (t=1772354193000)
09-16 01:19:07.588 W/HWComposer( 1065): Ignoring duplicate VSYNC event from HWC for display 4630946370410392961 (t=1772370886000)
09-16 01:19:07.605 W/HWComposer( 1065): Ignoring duplicate VSYNC event from HWC for display 4630946370410392961 (t=1772387601000)
09-16 01:19:07.615 I/mpu_uart( 664): [MSG-P:RECV]:No message received in 1000 ms
09-16 01:19:07.621 W/HWComposer( 1065): Ignoring duplicate VSYNC event from HWC for display 4630946370410392961 (t=1772404318000)
09-16 01:19:07.622 W/HWComposer( 1065): Ignoring duplicate VSYNC event from HWC for display 4630946370410392961 (t=1772404318000)
09-16 01:19:07.625 I/ActivityTaskManager( 1128): START u0 {act=android.intent.action.MAIN cat=[android.intent.category.HOME] flg=0x10000000 cmp=com.android.launcher3/.uioverrides.QuickstepLauncher} from uid 10076
09-16 01:19:07.625 I/EventSequenceValidator( 1128): Transition from ACTIVITY_CANCELLED to INTENT_STARTED
09-16 01:19:07.638 W/HWComposer( 1065): Ignoring duplicate VSYNC event from HWC for display 4630946370410392961 (t=1772421015000)
09-16 01:19:07.638 I/wm_new_intent( 1128): [0,235585230,145,com.android.launcher3/.uioverrides.QuickstepLauncher,android.intent.action.MAIN,NULL,NULL,268435712]
09-16 01:19:07.639 I/wm_task_moved( 1128): [1,1,5]
09-16 01:19:07.639 I/wm_set_resumed_activity( 1128): [0,com.android.launcher3/.uioverrides.QuickstepLauncher,positionChildAt]
09-16 01:19:07.644 I/wm_on_top_resumed_lost_called( 2439): [235585230,com.android.launcher3.uioverrides.QuickstepLauncher,pausing]
09-16 01:19:07.645 I/EventSequenceValidator( 1128): Transition from INTENT_STARTED to INTENT_FAILED
09-16 01:19:07.645 I/wm_on_paused_called( 2439): [235585230,com.android.launcher3.uioverrides.QuickstepLauncher,performPause]
09-16 01:19:07.646 I/wm_on_resume_called( 2439): [235585230,com.android.launcher3.uioverrides.QuickstepLauncher,LIFECYCLER_RESUME_ACTIVITY]
09-16 01:19:07.646 I/wm_on_top_resumed_gained_called( 2439): [235585230,com.android.launcher3.uioverrides.QuickstepLauncher,topWhenResuming]
09-16 01:19:07.653 D/AutofillManagerService( 1128): Close system dialogs
09-16 01:19:07.655 W/HWComposer( 1065): Ignoring duplicate VSYNC event from HWC for display 4630946370410392961 (t=1772437730000)
09-16 01:19:07.665 V/ShadeControllerImpl( 1910): NotificationShadeWindow: com.android.systemui.statusbar.phone.NotificationShadeWindowView{b6143d0 V.E...... .......D 0,0-2380,1020} canPanelBeCollapsed(): true
09-16 01:19:07.671 W/HWComposer( 1065): Ignoring duplicate VSYNC event from HWC for display 4630946370410392961 (t=1772454419000)
09-16 01:19:07.683 I/input_focus( 1128): [Focus request 7ccd273 com.android.launcher3/com.android.launcher3.uioverrides.QuickstepLauncher,reason=UpdateInputWindows]
09-16 01:19:07.688 W/HWComposer( 1065): Ignoring duplicate VSYNC event from HWC for display 4630946370410392961 (t=1772471128000)
09-16 01:19:07.705 W/HWComposer( 1065): Ignoring duplicate VSYNC event from HWC for display 4630946370410392961 (t=1772487830000)
09-16 01:19:07.710 I/input_focus( 1128): [Focus leaving 59e8c99 NotificationShade (server),reason=NOT_FOCUSABLE]
09-16 01:19:07.710 I/input_focus( 1128): [Focus entering 7ccd273 com.android.launcher3/com.android.launcher3.uioverrides.QuickstepLauncher (server),reason=setFocusedWindow]
09-16 01:19:07.720 D/Sogou ( 2787): onFinishInput:
01-01 13:42:42.490 D/ ( 0): mv2112_read_status
01-01 13:42:42.494 D/mv2112_update_link( 0): 3.0x901(1G): 0x80
01-01 13:42:42.499 D/mv2112_update_link( 0): 3.0x8109(100M): 0x0
01-01 13:42:42.504 D/mv2112_update_link( 0): link 0x0
01-01 13:42:42.509 D/mv2112_read_status( 0): autoneg is disabled
01-01 13:42:42.547 I/init ( 0): starting service 'qvrd_vndr'...
01-01 13:42:42.554 I/init ( 0): Created socket '/dev/socket/qvrservice_vndr', mode 660, user 1000, group 1000
01-01 13:42:42.564 I/init ( 0): Created socket '/dev/socket/qvrservice_vndr_camera', mode 660, user 1000, group 1000
01-01 13:42:42.590 I/init ( 0): starting service 'sxrd'...
01-01 13:42:42.606 I/init ( 0): starting service 'vendor.light-hal-2-0'...
09-16 01:19:07.865 F/linker ( 7724): CANNOT LINK EXECUTABLE "/vendor/bin/hw/qvrservice": library "vendor.qti.hardware.qxr-V1-ndk_platform.so" not found: needed by /vendor/lib64/libqvrservice.so in namespace (default)
09-16 01:19:07.878 F/linker ( 7725): CANNOT LINK EXECUTABLE "/vendor/bin/hw/sxrservice": library "vendor.qti.hardware.qxr-V1-ndk_platform.so" not found: needed by main executable
01-01 13:42:42.622 I/init ( 0): Service 'qvrd_vndr' (pid 7724) exited with status 1
01-01 13:42:42.629 I/init ( 0): Sending signal 9 to service 'qvrd_vndr' (pid 7724) process group...
01-01 13:42:42.637 I/libprocessgroup( 0): Successfully killed process cgroup uid 1000 pid 7724 in 0ms
09-16 01:19:07.897 I/hwservicemanager( 516): getTransport: Cannot find entry android.hardware.light@2.0::ILight/default in either framework or device VINTF manifest.
09-16 01:19:07.900 E/light ( 7726): light_open lights keyboard failed: -22
09-16 01:19:07.900 E/light ( 7726): Light passthrough failed to load legacy HAL.
09-16 01:19:07.901 E/light ( 7726): light_open lights buttons failed: -22
09-16 01:19:07.901 E/light ( 7726): Light passthrough failed to load legacy HAL.
09-16 01:19:07.903 E/light ( 7726): light_open lights bluetooth failed: -22
09-16 01:19:07.903 E/light ( 7726): Light passthrough failed to load legacy HAL.
09-16 01:19:07.903 E/light ( 7726): light_open lights wifi failed: -22
09-16 01:19:07.903 E/light ( 7726): Light passthrough failed to load legacy HAL.
09-16 01:19:07.910 I/hwservicemanager( 516): getTransport: Cannot find entry android.hardware.light@2.0::ILight/default in either framework or device VINTF manifest.
01-01 13:42:42.647 I/init ( 0): Service 'sxrd' (pid 7725) exited with status 1
09-16 01:19:07.910 E/HidlServiceManagement( 7726): Service android.hardware.light@2.0::ILight/default must be in VINTF manifest in order to register/get.
09-16 01:19:07.910 E/LegacySupport( 7726): Could not register service android.hardware.light@2.0::ILight/default (-2147483648).
