09-16 00:52:57.233 I/wm_focused_root_task( 1128): [0,0,1,-1,finish-top adjustFocusToNextFocusableTask]
09-16 00:52:57.258 I/wm_pause_activity( 1128): [0,161152131,com.android.systemui/.screenrecord.ScreenRecordDialog,userLeaving=false,finish]
09-16 00:52:57.270 I/input_focus( 1128): [Focus request 7ccd273 com.android.launcher3/com.android.launcher3.uioverrides.QuickstepLauncher,reason=UpdateInputWindows]
09-16 00:52:57.279 I/wm_on_top_resumed_lost_called( 1910): [161152131,com.android.systemui.screenrecord.ScreenRecordDialog,topStateChangedWhenResumed]
09-16 00:52:57.281 I/wm_on_paused_called( 1910): [161152131,com.android.systemui.screenrecord.ScreenRecordDialog,performPause]
09-16 00:52:57.284 I/wm_set_resumed_activity( 1128): [0,com.android.launcher3/.uioverrides.QuickstepLauncher,resumeTopActivityInnerLocked]
09-16 00:52:57.285 I/wm_resume_activity( 1128): [0,235585230,145,com.android.launcher3/.uioverrides.QuickstepLauncher]
09-16 00:52:57.290 I/wm_on_resume_called( 2439): [235585230,com.android.launcher3.uioverrides.QuickstepLauncher,RESUME_ACTIVITY]
09-16 00:52:57.290 I/wm_on_top_resumed_gained_called( 2439): [235585230,com.android.launcher3.uioverrides.QuickstepLauncher,topWhenResuming]
09-16 00:52:57.292 I/input_focus( 1128): [Focus leaving 6b1ca8a com.android.systemui/com.android.systemui.screenrecord.ScreenRecordDialog (server),reason=NO_WINDOW]
09-16 00:52:57.292 I/input_focus( 1128): [Focus entering 7ccd273 com.android.launcher3/com.android.launcher3.uioverrides.QuickstepLauncher (server),reason=setFocusedWindow]
09-16 00:52:57.298 I/sysui_multi_action( 1128): [757,803,799,window_time_0,802,2]
09-16 00:52:57.350 I/wm_destroy_activity( 1128): [0,161152131,147,com.android.systemui/.screenrecord.ScreenRecordDialog,finish-idle]
09-16 00:52:57.386 I/wm_on_stop_called( 1910): [161152131,com.android.systemui.screenrecord.ScreenRecordDialog,LIFECYCLER_STOP_ACTIVITY]
09-16 00:52:57.387 I/wm_on_destroy_called( 1910): [161152131,com.android.systemui.screenrecord.ScreenRecordDialog,performDestroy]
09-16 00:52:57.565 I/wm_task_removed( 1128): [147,removeChild:removeChild last r=ActivityRecord{99afc83 u0 com.android.systemui/.screenrecord.ScreenRecordDialog t-1 f}} in t=Task{6ea0556 #147 type=standard A=10087:com.android.systemui U=0 visible=false mode=fullscreen translucent=true sz=0}]
09-16 00:52:57.566 I/wm_task_removed( 1128): [147,removeChild]
09-16 00:52:59.655 I/input_interaction( 1128): Interaction with: 78ba0c1 StatusBar (server), edge-swipe (server), swipe-up (server), PointerEventDispatcher0 (server),
09-16 00:52:59.686 I/sysui_multi_action( 1910): [757,803,799,panel_open,802,1]
09-16 00:52:59.691 I/sysui_multi_action( 1910): [757,1328,758,4,1326,50,1327,0,1329,0]
09-16 00:52:59.951 I/sysui_multi_action( 1128): [757,127,758,1]
09-16 00:52:59.952 I/sysui_multi_action( 1128): [757,804,799,note_load,801,3,802,1]
09-16 00:52:59.953 I/notification_panel_revealed( 1128): 3
09-16 00:52:59.959 I/sysui_multi_action( 1910): [757,111,758,2]
09-16 00:52:59.960 I/sysui_multi_action( 1910): [757,111,758,2]
09-16 00:52:59.996 I/input_focus( 1128): [Focus request 59e8c99 NotificationShade,reason=UpdateInputWindows]
09-16 00:53:00.001 I/sysui_multi_action( 1910): [757,111,758,1]
09-16 00:53:00.001 I/sysui_multi_action( 1910): [757,126,758,1,759,126,927,0,928,1,1593,0]
09-16 00:53:00.002 I/sysui_multi_action( 1910): [757,113,758,1,759,113,927,1,928,1,1593,0]
09-16 00:53:00.002 I/sysui_multi_action( 1910): [757,0,758,1,759,0,927,2,928,0,1593,0]
09-16 00:53:00.002 I/sysui_multi_action( 1910): [757,0,758,1,759,0,927,3,928,1,1593,0]
09-16 00:53:00.002 I/sysui_multi_action( 1910): [757,1706,758,1,759,1706,927,4,928,0,1593,0]
09-16 00:53:00.003 I/sysui_multi_action( 1910): [757,491,758,1,759,491,927,5,928,0,1311,-1,1593,0]
09-16 00:53:00.003 I/sysui_multi_action( 1910): [757,0,758,1,759,0,927,6,1593,0]
09-16 00:53:00.003 I/sysui_multi_action( 1910): [757,114,758,1,759,114,927,7,928,0,1593,0]
09-16 00:53:00.004 I/sysui_multi_action( 1910): [757,111,758,1]
09-16 00:53:00.004 I/sysui_multi_action( 1910): [757,126,758,1,759,126,927,0,928,1,1593,0]
09-16 00:53:00.004 I/sysui_multi_action( 1910): [757,113,758,1,759,113,927,1,928,1,1593,0]
09-16 00:53:00.004 I/sysui_multi_action( 1910): [757,0,758,1,759,0,927,2,928,0,1593,0]
09-16 00:53:00.005 I/sysui_multi_action( 1910): [757,0,758,1,759,0,927,3,928,1,1593,0]
09-16 00:53:00.014 I/input_focus( 1128): [Focus leaving 7ccd273 com.android.launcher3/com.android.launcher3.uioverrides.QuickstepLauncher (server),reason=Waiting for window because NOT_VISIBLE]
09-16 00:53:00.033 I/sysui_multi_action( 1910): [757,111,758,2]
09-16 00:53:00.033 I/sysui_multi_action( 1910): [757,111,758,2]
09-16 00:53:00.042 I/input_focus( 1128): [Focus entering 59e8c99 NotificationShade (server),reason=Window became focusable. Previous reason: NOT_VISIBLE]
09-16 00:53:00.043 I/sysui_multi_action( 1910): [757,111,758,1]
09-16 00:53:00.043 I/sysui_multi_action( 1910): [757,126,758,1,759,126,927,0,928,1,1593,0]
09-16 00:53:00.043 I/sysui_multi_action( 1910): [757,113,758,1,759,113,927,1,928,1,1593,0]
09-16 00:53:00.043 I/sysui_multi_action( 1910): [757,0,758,1,759,0,927,2,928,0,1593,0]
09-16 00:53:00.044 I/sysui_multi_action( 1910): [757,0,758,1,759,0,927,3,928,1,1593,0]
09-16 00:53:00.044 I/sysui_multi_action( 1910): [757,1706,758,1,759,1706,927,4,928,0,1593,0]
09-16 00:53:00.044 I/sysui_multi_action( 1910): [757,491,758,1,759,491,927,5,928,0,1311,-1,1593,0]
09-16 00:53:00.044 I/sysui_multi_action( 1910): [757,0,758,1,759,0,927,6,1593,0]
09-16 00:53:00.045 I/sysui_multi_action( 1910): [757,114,758,1,759,114,927,7,928,0,1593,0]
09-16 00:53:00.045 I/sysui_multi_action( 1910): [757,111,758,1]
09-16 00:53:00.045 I/sysui_multi_action( 1910): [757,126,758,1,759,126,927,0,928,1,1593,0]
09-16 00:53:00.045 I/sysui_multi_action( 1910): [757,113,758,1,759,113,927,1,928,1,1593,0]
09-16 00:53:00.045 I/sysui_multi_action( 1910): [757,0,758,1,759,0,927,2,928,0,1593,0]
09-16 00:53:00.045 I/sysui_multi_action( 1910): [757,0,758,1,759,0,927,3,928,1,1593,0]
09-16 00:53:00.077 I/sysui_multi_action( 1910): [757,111,758,2]
09-16 00:53:00.077 I/sysui_multi_action( 1910): [757,111,758,2]
09-16 00:53:00.088 I/sysui_multi_action( 1910): [757,111,758,1]
09-16 00:53:00.088 I/sysui_multi_action( 1910): [757,126,758,1,759,126,927,0,928,1,1593,0]
09-16 00:53:00.088 I/sysui_multi_action( 1910): [757,113,758,1,759,113,927,1,928,1,1593,0]
09-16 00:53:00.088 I/sysui_multi_action( 1910): [757,0,758,1,759,0,927,2,928,0,1593,0]
09-16 00:53:00.089 I/sysui_multi_action( 1910): [757,0,758,1,759,0,927,3,928,1,1593,0]
09-16 00:53:00.089 I/sysui_multi_action( 1910): [757,1706,758,1,759,1706,927,4,928,0,1593,0]
09-16 00:53:00.089 I/sysui_multi_action( 1910): [757,491,758,1,759,491,927,5,928,0,1311,-1,1593,0]
09-16 00:53:00.089 I/sysui_multi_action( 1910): [757,0,758,1,759,0,927,6,1593,0]
09-16 00:53:00.090 I/sysui_multi_action( 1910): [757,114,758,1,759,114,927,7,928,0,1593,0]
09-16 00:53:00.090 I/sysui_multi_action( 1910): [757,111,758,1]
09-16 00:53:00.090 I/sysui_multi_action( 1910): [757,126,758,1,759,126,927,0,928,1,1593,0]
09-16 00:53:00.090 I/sysui_multi_action( 1910): [757,113,758,1,759,113,927,1,928,1,1593,0]
09-16 00:53:00.090 I/sysui_multi_action( 1910): [757,0,758,1,759,0,927,2,928,0,1593,0]
09-16 00:53:00.090 I/sysui_multi_action( 1910): [757,0,758,1,759,0,927,3,928,1,1593,0]
09-16 00:53:00.112 I/sysui_multi_action( 1910): [757,111,758,2]
09-16 00:53:00.112 I/sysui_multi_action( 1910): [757,111,758,2]
09-16 00:53:00.120 I/sysui_multi_action( 1910): [757,111,758,1]
09-16 00:53:00.120 I/sysui_multi_action( 1910): [757,126,758,1,759,126,927,0,928,1,1593,0]
09-16 00:53:00.120 I/sysui_multi_action( 1910): [757,113,758,1,759,113,927,1,928,1,1593,0]
09-16 00:53:00.121 I/sysui_multi_action( 1910): [757,0,758,1,759,0,927,2,928,0,1593,0]
09-16 00:53:00.121 I/sysui_multi_action( 1910): [757,0,758,1,759,0,927,3,928,1,1593,0]
09-16 00:53:00.121 I/sysui_multi_action( 1910): [757,1706,758,1,759,1706,927,4,928,0,1593,0]
09-16 00:53:00.121 I/sysui_multi_action( 1910): [757,491,758,1,759,491,927,5,928,0,1311,-1,1593,0]
09-16 00:53:00.122 I/sysui_multi_action( 1910): [757,0,758,1,759,0,927,6,1593,0]
09-16 00:53:00.122 I/sysui_multi_action( 1910): [757,114,758,1,759,114,927,7,928,0,1593,0]
09-16 00:53:00.122 I/sysui_multi_action( 1910): [757,111,758,1]
09-16 00:53:00.122 I/sysui_multi_action( 1910): [757,126,758,1,759,126,927,0,928,1,1593,0]
09-16 00:53:00.122 I/sysui_multi_action( 1910): [757,113,758,1,759,113,927,1,928,1,1593,0]
09-16 00:53:00.123 I/sysui_multi_action( 1910): [757,0,758,1,759,0,927,2,928,0,1593,0]
09-16 00:53:00.123 I/sysui_multi_action( 1910): [757,0,758,1,759,0,927,3,928,1,1593,0]
09-16 00:53:00.143 I/sysui_multi_action( 1910): [757,111,758,2]
09-16 00:53:00.143 I/sysui_multi_action( 1910): [757,111,758,2]
09-16 00:53:00.150 I/sysui_multi_action( 1910): [757,111,758,1]
09-16 00:53:00.151 I/sysui_multi_action( 1910): [757,126,758,1,759,126,927,0,928,1,1593,0]
09-16 00:53:00.151 I/sysui_multi_action( 1910): [757,113,758,1,759,113,927,1,928,1,1593,0]
09-16 00:53:00.151 I/sysui_multi_action( 1910): [757,0,758,1,759,0,927,2,928,0,1593,0]
09-16 00:53:00.151 I/sysui_multi_action( 1910): [757,0,758,1,759,0,927,3,928,1,1593,0]
09-16 00:53:00.151 I/sysui_multi_action( 1910): [757,1706,758,1,759,1706,927,4,928,0,1593,0]
09-16 00:53:00.152 I/sysui_multi_action( 1910): [757,491,758,1,759,491,927,5,928,0,1311,-1,1593,0]
09-16 00:53:00.152 I/sysui_multi_action( 1910): [757,0,758,1,759,0,927,6,1593,0]
09-16 00:53:00.152 I/sysui_multi_action( 1910): [757,114,758,1,759,114,927,7,928,0,1593,0]
09-16 00:53:00.152 I/sysui_multi_action( 1910): [757,111,758,1]
09-16 00:53:00.152 I/sysui_multi_action( 1910): [757,126,758,1,759,126,927,0,928,1,1593,0]
09-16 00:53:00.153 I/sysui_multi_action( 1910): [757,113,758,1,759,113,927,1,928,1,1593,0]
09-16 00:53:00.153 I/sysui_multi_action( 1910): [757,0,758,1,759,0,927,2,928,0,1593,0]
09-16 00:53:00.153 I/sysui_multi_action( 1910): [757,0,758,1,759,0,927,3,928,1,1593,0]
09-16 00:53:00.174 I/sysui_multi_action( 1910): [757,111,758,2]
09-16 00:53:00.174 I/sysui_multi_action( 1910): [757,111,758,2]
09-16 00:53:00.182 I/sysui_multi_action( 1910): [757,111,758,1]
09-16 00:53:00.182 I/sysui_multi_action( 1910): [757,126,758,1,759,126,927,0,928,1,1593,0]
09-16 00:53:00.182 I/sysui_multi_action( 1910): [757,113,758,1,759,113,927,1,928,1,1593,0]
09-16 00:53:00.183 I/sysui_multi_action( 1910): [757,0,758,1,759,0,927,2,928,0,1593,0]
09-16 00:53:00.183 I/sysui_multi_action( 1910): [757,0,758,1,759,0,927,3,928,1,1593,0]
09-16 00:53:00.183 I/sysui_multi_action( 1910): [757,1706,758,1,759,1706,927,4,928,0,1593,0]
09-16 00:53:00.183 I/sysui_multi_action( 1910): [757,491,758,1,759,491,927,5,928,0,1311,-1,1593,0]
09-16 00:53:00.183 I/sysui_multi_action( 1910): [757,0,758,1,759,0,927,6,1593,0]
09-16 00:53:00.184 I/sysui_multi_action( 1910): [757,114,758,1,759,114,927,7,928,0,1593,0]
09-16 00:53:00.184 I/sysui_multi_action( 1910): [757,111,758,1]
09-16 00:53:00.184 I/sysui_multi_action( 1910): [757,126,758,1,759,126,927,0,928,1,1593,0]
09-16 00:53:00.184 I/sysui_multi_action( 1910): [757,113,758,1,759,113,927,1,928,1,1593,0]
09-16 00:53:00.184 I/sysui_multi_action( 1910): [757,0,758,1,759,0,927,2,928,0,1593,0]
09-16 00:53:00.184 I/sysui_multi_action( 1910): [757,0,758,1,759,0,927,3,928,1,1593,0]
09-16 00:53:00.206 I/sysui_multi_action( 1910): [757,111,758,2]
09-16 00:53:00.206 I/sysui_multi_action( 1910): [757,111,758,2]
09-16 00:53:00.215 I/sysui_multi_action( 1910): [757,111,758,1]
09-16 00:53:00.215 I/sysui_multi_action( 1910): [757,126,758,1,759,126,927,0,928,1,1593,0]
09-16 00:53:00.215 I/sysui_multi_action( 1910): [757,113,758,1,759,113,927,1,928,1,1593,0]
09-16 00:53:00.215 I/sysui_multi_action( 1910): [757,0,758,1,759,0,927,2,928,0,1593,0]
09-16 00:53:00.215 I/sysui_multi_action( 1910): [757,0,758,1,759,0,927,3,928,1,1593,0]
09-16 00:53:00.215 I/sysui_multi_action( 1910): [757,1706,758,1,759,1706,927,4,928,0,1593,0]
09-16 00:53:00.216 I/sysui_multi_action( 1910): [757,491,758,1,759,491,927,5,928,0,1311,-1,1593,0]
09-16 00:53:00.216 I/sysui_multi_action( 1910): [757,0,758,1,759,0,927,6,1593,0]
09-16 00:53:00.216 I/sysui_multi_action( 1910): [757,114,758,1,759,114,927,7,928,0,1593,0]
09-16 00:53:00.216 I/sysui_multi_action( 1910): [757,111,758,1]
09-16 00:53:00.217 I/sysui_multi_action( 1910): [757,126,758,1,759,126,927,0,928,1,1593,0]
09-16 00:53:00.217 I/sysui_multi_action( 1910): [757,113,758,1,759,113,927,1,928,1,1593,0]
09-16 00:53:00.217 I/sysui_multi_action( 1910): [757,0,758,1,759,0,927,2,928,0,1593,0]
09-16 00:53:00.217 I/sysui_multi_action( 1910): [757,0,758,1,759,0,927,3,928,1,1593,0]
09-16 00:53:00.239 I/sysui_multi_action( 1910): [757,111,758,2]
09-16 00:53:00.239 I/sysui_multi_action( 1910): [757,111,758,2]
09-16 00:53:00.247 I/sysui_multi_action( 1910): [757,111,758,1]
09-16 00:53:00.247 I/sysui_multi_action( 1910): [757,126,758,1,759,126,927,0,928,1,1593,0]
09-16 00:53:00.247 I/sysui_multi_action( 1910): [757,113,758,1,759,113,927,1,928,1,1593,0]
09-16 00:53:00.247 I/sysui_multi_action( 1910): [757,0,758,1,759,0,927,2,928,0,1593,0]
09-16 00:53:00.248 I/sysui_multi_action( 1910): [757,0,758,1,759,0,927,3,928,1,1593,0]
09-16 00:53:00.248 I/sysui_multi_action( 1910): [757,1706,758,1,759,1706,927,4,928,0,1593,0]
09-16 00:53:00.248 I/sysui_multi_action( 1910): [757,491,758,1,759,491,927,5,928,0,1311,-1,1593,0]
09-16 00:53:00.248 I/sysui_multi_action( 1910): [757,0,758,1,759,0,927,6,1593,0]
09-16 00:53:00.249 I/sysui_multi_action( 1910): [757,114,758,1,759,114,927,7,928,0,1593,0]
09-16 00:53:00.249 I/sysui_multi_action( 1910): [757,111,758,1]
09-16 00:53:00.249 I/sysui_multi_action( 1910): [757,126,758,1,759,126,927,0,928,1,1593,0]
09-16 00:53:00.249 I/sysui_multi_action( 1910): [757,113,758,1,759,113,927,1,928,1,1593,0]
09-16 00:53:00.249 I/sysui_multi_action( 1910): [757,0,758,1,759,0,927,2,928,0,1593,0]
09-16 00:53:00.249 I/sysui_multi_action( 1910): [757,0,758,1,759,0,927,3,928,1,1593,0]
09-16 00:53:00.272 I/sysui_multi_action( 1910): [757,111,758,2]
09-16 00:53:00.272 I/sysui_multi_action( 1910): [757,111,758,2]
09-16 00:53:00.280 I/sysui_multi_action( 1910): [757,111,758,1]
09-16 00:53:00.280 I/sysui_multi_action( 1910): [757,126,758,1,759,126,927,0,928,1,1593,0]
09-16 00:53:00.280 I/sysui_multi_action( 1910): [757,113,758,1,759,113,927,1,928,1,1593,0]
09-16 00:53:00.280 I/sysui_multi_action( 1910): [757,0,758,1,759,0,927,2,928,0,1593,0]
09-16 00:53:00.280 I/sysui_multi_action( 1910): [757,0,758,1,759,0,927,3,928,1,1593,0]
09-16 00:53:00.281 I/sysui_multi_action( 1910): [757,1706,758,1,759,1706,927,4,928,0,1593,0]
09-16 00:53:00.281 I/sysui_multi_action( 1910): [757,491,758,1,759,491,927,5,928,0,1311,-1,1593,0]
09-16 00:53:00.281 I/sysui_multi_action( 1910): [757,0,758,1,759,0,927,6,1593,0]
09-16 00:53:00.281 I/sysui_multi_action( 1910): [757,114,758,1,759,114,927,7,928,0,1593,0]
09-16 00:53:00.282 I/sysui_multi_action( 1910): [757,111,758,1]
09-16 00:53:00.282 I/sysui_multi_action( 1910): [757,126,758,1,759,126,927,0,928,1,1593,0]
09-16 00:53:00.282 I/sysui_multi_action( 1910): [757,113,758,1,759,113,927,1,928,1,1593,0]
09-16 00:53:00.282 I/sysui_multi_action( 1910): [757,0,758,1,759,0,927,2,928,0,1593,0]
09-16 00:53:00.282 I/sysui_multi_action( 1910): [757,0,758,1,759,0,927,3,928,1,1593,0]
09-16 00:53:00.487 I/auditd ( 515): avc: denied { find } for pid=1327 uid=1013 name=package_native scontext=u:r:mediaserver:s0 tcontext=u:object_r:package_native_service:s0 tclass=service_manager permissive=0
09-16 00:53:00.489 I/auditd ( 515): avc: denied { find } for pid=1327 uid=1013 name=package_native scontext=u:r:mediaserver:s0 tcontext=u:object_r:package_native_service:s0 tclass=service_manager permissive=0
09-16 00:53:00.687 I/notification_enqueue( 1128): [10087,1910,com.android.systemui,4274,NULL,0,Notification(channel=screen_record shortcut=null contentView=null vibrate=null sound=null defaults=0x0 flags=0x42 color=0xffc5221f actions=1 vis=PRIVATE),0]
09-16 00:53:00.722 I/sysui_multi_action( 1128): [757,1659,758,4,759,2,1660,2]
09-16 00:53:00.725 I/sysui_multi_action( 1128): [757,128,758,1,793,149453,794,0,795,149453,796,26,798,0,806,android,857,DEVELOPER_IMPORTANT,858,4,947,0,1395,3,1500,148693,1688,1]
09-16 00:53:00.725 I/sysui_multi_action( 1128): [757,804,799,note_freshness,801,149453,802,1]
09-16 00:53:00.726 I/notification_visibility( 1128): [-1|android|26|null|1000,1,149453,149453,0,0]
09-16 00:53:00.726 I/sysui_multi_action( 1128): [757,128,758,1,793,149324,794,0,795,149324,796,55,798,1,806,android,857,DEVELOPER,858,2,947,0,1395,3,1500,148691,1688,1]
09-16 00:53:00.726 I/sysui_multi_action( 1128): [757,804,799,note_freshness,801,149324,802,1]
09-16 00:53:00.726 I/notification_visibility( 1128): [-1|android|55|null|1000,1,149324,149324,0,1]
09-16 00:53:00.726 I/sysui_multi_action( 1128): [757,128,758,1,793,152756,794,0,795,152756,796,32,798,2,806,android,857,USB,858,1,947,0,1395,3,1500,152569,1688,1]
09-16 00:53:00.726 I/sysui_multi_action( 1128): [757,804,799,note_freshness,801,152756,802,1]
09-16 00:53:00.727 I/notification_visibility( 1128): [-1|android|32|null|1000,1,152756,152756,0,2]
09-16 00:53:00.741 I/sysui_latency( 1128): [6,25]
09-16 00:53:00.889 I/sysui_multi_action( 1128): [757,1501,758,1,793,204,794,0,795,204,796,4274,806,com.android.systemui,857,screen_record,858,3,947,0,1500,0,1688,1]
09-16 00:53:00.890 I/sysui_multi_action( 1128): [757,804,799,note_interruptive,801,0,802,1]
09-16 00:53:00.893 I/sysui_multi_action( 1128): [757,1501,758,1,793,207,794,0,795,207,796,4274,806,com.android.systemui,857,screen_record,858,3,947,0,1500,0,1688,1]
09-16 00:53:00.895 I/sysui_multi_action( 1128): [757,804,799,note_interruptive,801,0,802,1]
09-16 00:53:00.896 I/sysui_multi_action( 1128): [757,199,758,1,759,3,793,211,794,0,795,211,796,4274,806,com.android.systemui,857,screen_record,858,3,947,0,1500,4,1688,1]
09-16 00:53:00.897 I/notification_alert( 1128): [0|com.android.systemui|4274|null|10087,1,1,0]
09-16 00:53:01.269 I/sysui_multi_action( 1128): [757,128,758,1,793,584,794,0,795,584,796,4274,798,0,806,com.android.systemui,857,screen_record,858,3,947,0,1395,4,1500,377,1688,1]
09-16 00:53:01.270 I/sysui_multi_action( 1128): [757,804,799,note_freshness,801,584,802,1]
09-16 00:53:01.270 I/notification_visibility( 1128): [0|com.android.systemui|4274|null|10087,1,584,584,0,0]
09-16 00:53:04.799 I/input_interaction( 1128): Interaction with: 59e8c99 NotificationShade (server), edge-swipe (server), swipe-up (server), PointerEventDispatcher0 (server),
09-16 00:53:07.609 I/am_uid_idle( 1128): 10074
09-16 00:53:10.350 I/commit_sys_config_file( 1128): [appops,154431]
09-16 00:53:15.876 I/input_interaction( 1128): Interaction with: edge-swipe (server), swipe-up (server), PointerEventDispatcher0 (server),
09-16 00:53:15.879 I/view_enqueue_input_event( 1910): [Motion - Cancel,NotificationShade]
09-16 00:53:16.480 I/wm_new_intent( 1128): [0,235585230,145,com.android.launcher3/.uioverrides.QuickstepLauncher,android.intent.action.MAIN,NULL,NULL,268435712]
09-16 00:53:16.482 I/wm_task_moved( 1128): [1,1,5]
09-16 00:53:16.483 I/wm_set_resumed_activity( 1128): [0,com.android.launcher3/.uioverrides.QuickstepLauncher,positionChildAt]
09-16 00:53:16.492 I/wm_on_top_resumed_lost_called( 2439): [235585230,com.android.launcher3.uioverrides.QuickstepLauncher,pausing]
09-16 00:53:16.492 I/wm_on_paused_called( 2439): [235585230,com.android.launcher3.uioverrides.QuickstepLauncher,performPause]
09-16 00:53:16.496 I/wm_on_resume_called( 2439): [235585230,com.android.launcher3.uioverrides.QuickstepLauncher,LIFECYCLER_RESUME_ACTIVITY]
09-16 00:53:16.496 I/wm_on_top_resumed_gained_called( 2439): [235585230,com.android.launcher3.uioverrides.QuickstepLauncher,topWhenResuming]
09-16 00:53:16.537 I/input_focus( 1128): [Focus request 7ccd273 com.android.launcher3/com.android.launcher3.uioverrides.QuickstepLauncher,reason=UpdateInputWindows]
09-16 00:53:16.577 I/input_focus( 1128): [Focus leaving 59e8c99 NotificationShade (server),reason=NOT_FOCUSABLE]
09-16 00:53:16.578 I/input_focus( 1128): [Focus entering 7ccd273 com.android.launcher3/com.android.launcher3.uioverrides.QuickstepLauncher (server),reason=setFocusedWindow]
09-16 00:53:16.762 I/sysui_multi_action( 1910): [757,111,758,2]
09-16 00:53:16.765 I/sysui_multi_action( 1910): [757,111,758,2]
09-16 00:53:16.777 I/sysui_multi_action( 1910): [757,111,758,1]
09-16 00:53:16.778 I/sysui_multi_action( 1910): [757,126,758,1,759,126,927,0,928,1,1593,0]
09-16 00:53:16.778 I/sysui_multi_action( 1910): [757,113,758,1,759,113,927,1,928,1,1593,0]
09-16 00:53:16.778 I/sysui_multi_action( 1910): [757,0,758,1,759,0,927,2,928,0,1593,0]
09-16 00:53:16.778 I/sysui_multi_action( 1910): [757,0,758,1,759,0,927,3,928,1,1593,0]
09-16 00:53:16.778 I/sysui_multi_action( 1910): [757,1706,758,1,759,1706,927,4,928,0,1593,0]
09-16 00:53:16.779 I/sysui_multi_action( 1910): [757,491,758,1,759,491,927,5,928,0,1311,-1,1593,0]
09-16 00:53:16.779 I/sysui_multi_action( 1910): [757,0,758,1,759,0,927,6,1593,0]
09-16 00:53:16.780 I/sysui_multi_action( 1910): [757,114,758,1,759,114,927,7,928,1,1593,0]
09-16 00:53:16.780 I/sysui_multi_action( 1910): [757,111,758,1]
09-16 00:53:16.780 I/sysui_multi_action( 1910): [757,126,758,1,759,126,927,0,928,1,1593,0]
09-16 00:53:16.780 I/sysui_multi_action( 1910): [757,113,758,1,759,113,927,1,928,1,1593,0]
09-16 00:53:16.781 I/sysui_multi_action( 1910): [757,0,758,1,759,0,927,2,928,0,1593,0]
09-16 00:53:16.781 I/sysui_multi_action( 1910): [757,0,758,1,759,0,927,3,928,1,1593,0]
09-16 00:53:16.804 I/sysui_multi_action( 1910): [757,111,758,2]
09-16 00:53:16.804 I/sysui_multi_action( 1910): [757,111,758,2]
09-16 00:53:16.811 I/sysui_multi_action( 1910): [757,111,758,1]
09-16 00:53:16.811 I/sysui_multi_action( 1910): [757,126,758,1,759,126,927,0,928,1,1593,1]
09-16 00:53:16.811 I/sysui_multi_action( 1910): [757,113,758,1,759,113,927,1,928,1,1593,1]
09-16 00:53:16.812 I/sysui_multi_action( 1910): [757,0,758,1,759,0,927,2,928,0,1593,1]
09-16 00:53:16.812 I/sysui_multi_action( 1910): [757,0,758,1,759,0,927,3,928,1,1593,1]
09-16 00:53:16.812 I/sysui_multi_action( 1910): [757,1706,758,1,759,1706,927,4,928,0,1593,1]
09-16 00:53:16.813 I/sysui_multi_action( 1910): [757,491,758,1,759,491,927,5,928,0,1311,-1,1593,1]
09-16 00:53:16.813 I/sysui_multi_action( 1910): [757,0,758,1,759,0,927,6,1593,1]
09-16 00:53:16.813 I/sysui_multi_action( 1910): [757,114,758,1,759,114,927,7,928,1,1593,1]
09-16 00:53:16.813 I/sysui_multi_action( 1910): [757,111,758,1]
09-16 00:53:16.814 I/sysui_multi_action( 1910): [757,126,758,1,759,126,927,0,928,1,1593,1]
09-16 00:53:16.814 I/sysui_multi_action( 1910): [757,113,758,1,759,113,927,1,928,1,1593,1]
09-16 00:53:16.814 I/sysui_multi_action( 1910): [757,0,758,1,759,0,927,2,928,0,1593,1]
09-16 00:53:16.814 I/sysui_multi_action( 1910): [757,0,758,1,759,0,927,3,928,1,1593,1]
09-16 00:53:16.850 I/sysui_multi_action( 1910): [757,111,758,2]
09-16 00:53:16.851 I/sysui_multi_action( 1910): [757,111,758,2]
09-16 00:53:16.857 I/sysui_multi_action( 1910): [757,111,758,1]
09-16 00:53:16.858 I/sysui_multi_action( 1910): [757,126,758,1,759,126,927,0,928,1,1593,1]
09-16 00:53:16.858 I/sysui_multi_action( 1910): [757,113,758,1,759,113,927,1,928,1,1593,1]
09-16 00:53:16.858 I/sysui_multi_action( 1910): [757,0,758,1,759,0,927,2,928,0,1593,1]
09-16 00:53:16.858 I/sysui_multi_action( 1910): [757,0,758,1,759,0,927,3,928,1,1593,1]
09-16 00:53:16.858 I/sysui_multi_action( 1910): [757,1706,758,1,759,1706,927,4,928,0,1593,1]
09-16 00:53:16.859 I/sysui_multi_action( 1910): [757,491,758,1,759,491,927,5,928,0,1311,-1,1593,0]
09-16 00:53:16.859 I/sysui_multi_action( 1910): [757,0,758,1,759,0,927,6,1593,0]
09-16 00:53:16.859 I/sysui_multi_action( 1910): [757,114,758,1,759,114,927,7,928,1,1593,0]
09-16 00:53:16.859 I/sysui_multi_action( 1910): [757,111,758,1]
09-16 00:53:16.859 I/sysui_multi_action( 1910): [757,126,758,1,759,126,927,0,928,1,1593,1]
09-16 00:53:16.859 I/sysui_multi_action( 1910): [757,113,758,1,759,113,927,1,928,1,1593,1]
09-16 00:53:16.860 I/sysui_multi_action( 1910): [757,0,758,1,759,0,927,2,928,0,1593,1]
09-16 00:53:16.860 I/sysui_multi_action( 1910): [757,0,758,1,759,0,927,3,928,1,1593,1]
09-16 00:53:16.893 I/sysui_multi_action( 1128): [757,128,758,2,793,165621,794,16168,795,165621,796,26,798,1,806,android,857,DEVELOPER_IMPORTANT,858,4,947,0,1395,4,1500,164861,1688,1]
09-16 00:53:16.894 I/notification_visibility( 1128): [-1|android|26|null|1000,0,165621,165621,0,1]
09-16 00:53:16.894 I/sysui_multi_action( 1128): [757,128,758,2,793,165492,794,16168,795,165492,796,55,798,2,806,android,857,DEVELOPER,858,2,947,0,1395,4,1500,164859,1688,1]
09-16 00:53:16.894 I/notification_visibility( 1128): [-1|android|55|null|1000,0,165492,165492,0,2]
09-16 00:53:16.894 I/sysui_multi_action( 1128): [757,128,758,2,793,16209,794,15625,795,16209,796,4274,798,0,806,com.android.systemui,857,screen_record,858,3,947,0,1395,4,1500,16002,1688,1]
09-16 00:53:16.894 I/notification_visibility( 1128): [0|com.android.systemui|4274|null|10087,0,16209,16209,0,0]
09-16 00:53:16.894 I/sysui_multi_action( 1128): [757,128,758,2,793,168924,794,16168,795,168924,796,32,798,3,806,android,857,USB,858,1,947,0,1395,4,1500,168737,1688,1]
09-16 00:53:16.894 I/notification_visibility( 1128): [-1|android|32|null|1000,0,168924,168924,0,3]
09-16 00:53:16.896 I/sysui_multi_action( 1910): [757,111,758,2]
09-16 00:53:16.897 I/sysui_multi_action( 1910): [757,111,758,2]
09-16 00:53:16.904 I/sysui_multi_action( 1910): [757,111,758,1]
09-16 00:53:16.905 I/sysui_multi_action( 1910): [757,126,758,1,759,126,927,0,928,1,1593,1]
09-16 00:53:16.905 I/sysui_multi_action( 1910): [757,113,758,1,759,113,927,1,928,1,1593,1]
09-16 00:53:16.905 I/sysui_multi_action( 1910): [757,0,758,1,759,0,927,2,928,0,1593,1]
09-16 00:53:16.905 I/sysui_multi_action( 1910): [757,0,758,1,759,0,927,3,928,1,1593,1]
09-16 00:53:16.905 I/sysui_multi_action( 1910): [757,1706,758,1,759,1706,927,4,928,0,1593,1]
09-16 00:53:16.906 I/sysui_multi_action( 1910): [757,491,758,1,759,491,927,5,928,0,1311,-1,1593,0]
09-16 00:53:16.906 I/sysui_multi_action( 1910): [757,0,758,1,759,0,927,6,1593,0]
09-16 00:53:16.906 I/sysui_multi_action( 1910): [757,114,758,1,759,114,927,7,928,1,1593,0]
09-16 00:53:16.906 I/sysui_multi_action( 1910): [757,111,758,1]
09-16 00:53:16.906 I/sysui_multi_action( 1910): [757,126,758,1,759,126,927,0,928,1,1593,1]
09-16 00:53:16.907 I/sysui_multi_action( 1910): [757,113,758,1,759,113,927,1,928,1,1593,1]
09-16 00:53:16.907 I/sysui_multi_action( 1910): [757,0,758,1,759,0,927,2,928,0,1593,1]
09-16 00:53:16.907 I/sysui_multi_action( 1910): [757,0,758,1,759,0,927,3,928,1,1593,1]
09-16 00:53:16.941 I/sysui_multi_action( 1910): [757,111,758,2]
09-16 00:53:16.942 I/sysui_multi_action( 1910): [757,111,758,2]
09-16 00:53:16.948 I/sysui_multi_action( 1910): [757,111,758,1]
09-16 00:53:16.949 I/sysui_multi_action( 1910): [757,126,758,1,759,126,927,0,928,1,1593,0]
09-16 00:53:16.949 I/sysui_multi_action( 1910): [757,113,758,1,759,113,927,1,928,1,1593,0]
09-16 00:53:16.949 I/sysui_multi_action( 1910): [757,0,758,1,759,0,927,2,928,0,1593,0]
09-16 00:53:16.949 I/sysui_multi_action( 1910): [757,0,758,1,759,0,927,3,928,1,1593,0]
09-16 00:53:16.949 I/sysui_multi_action( 1910): [757,1706,758,1,759,1706,927,4,928,0,1593,0]
09-16 00:53:16.949 I/sysui_multi_action( 1910): [757,491,758,1,759,491,927,5,928,0,1311,-1,1593,0]
09-16 00:53:16.950 I/sysui_multi_action( 1910): [757,0,758,1,759,0,927,6,1593,0]
09-16 00:53:16.950 I/sysui_multi_action( 1910): [757,114,758,1,759,114,927,7,928,1,1593,0]
09-16 00:53:16.950 I/sysui_multi_action( 1910): [757,111,758,1]
09-16 00:53:16.950 I/sysui_multi_action( 1910): [757,126,758,1,759,126,927,0,928,1,1593,1]
09-16 00:53:16.950 I/sysui_multi_action( 1910): [757,113,758,1,759,113,927,1,928,1,1593,1]
09-16 00:53:16.950 I/sysui_multi_action( 1910): [757,0,758,1,759,0,927,2,928,0,1593,1]
09-16 00:53:16.950 I/sysui_multi_action( 1910): [757,0,758,1,759,0,927,3,928,1,1593,1]
09-16 00:53:16.982 I/sysui_multi_action( 1910): [757,111,758,2]
09-16 00:53:16.983 I/sysui_multi_action( 1910): [757,111,758,2]
09-16 00:53:16.990 I/sysui_multi_action( 1910): [757,111,758,1]
09-16 00:53:16.990 I/sysui_multi_action( 1910): [757,126,758,1,759,126,927,0,928,1,1593,1]
09-16 00:53:16.990 I/sysui_multi_action( 1910): [757,113,758,1,759,113,927,1,928,1,1593,1]
09-16 00:53:16.990 I/sysui_multi_action( 1910): [757,0,758,1,759,0,927,2,928,0,1593,1]
09-16 00:53:16.990 I/sysui_multi_action( 1910): [757,0,758,1,759,0,927,3,928,1,1593,1]
09-16 00:53:16.991 I/sysui_multi_action( 1910): [757,1706,758,1,759,1706,927,4,928,0,1593,1]
09-16 00:53:16.991 I/sysui_multi_action( 1910): [757,491,758,1,759,491,927,5,928,0,1311,-1,1593,0]
09-16 00:53:16.991 I/sysui_multi_action( 1910): [757,0,758,1,759,0,927,6,1593,0]
09-16 00:53:16.991 I/sysui_multi_action( 1910): [757,114,758,1,759,114,927,7,928,1,1593,0]
09-16 00:53:16.991 I/sysui_multi_action( 1910): [757,111,758,1]
09-16 00:53:16.992 I/sysui_multi_action( 1910): [757,126,758,1,759,126,927,0,928,1,1593,1]
09-16 00:53:16.992 I/sysui_multi_action( 1910): [757,113,758,1,759,113,927,1,928,1,1593,1]
09-16 00:53:16.992 I/sysui_multi_action( 1910): [757,0,758,1,759,0,927,2,928,0,1593,1]
09-16 00:53:16.992 I/sysui_multi_action( 1910): [757,0,758,1,759,0,927,3,928,1,1593,1]
09-16 00:53:17.028 I/sysui_multi_action( 1910): [757,111,758,2]
09-16 00:53:17.029 I/sysui_multi_action( 1910): [757,111,758,2]
09-16 00:53:17.036 I/sysui_multi_action( 1910): [757,111,758,1]
09-16 00:53:17.036 I/sysui_multi_action( 1910): [757,126,758,1,759,126,927,0,928,1,1593,1]
09-16 00:53:17.036 I/sysui_multi_action( 1910): [757,113,758,1,759,113,927,1,928,1,1593,1]
09-16 00:53:17.037 I/sysui_multi_action( 1910): [757,0,758,1,759,0,927,2,928,0,1593,1]
09-16 00:53:17.037 I/sysui_multi_action( 1910): [757,0,758,1,759,0,927,3,928,1,1593,1]
09-16 00:53:17.037 I/sysui_multi_action( 1910): [757,1706,758,1,759,1706,927,4,928,0,1593,1]
09-16 00:53:17.037 I/sysui_multi_action( 1910): [757,491,758,1,759,491,927,5,928,0,1311,-1,1593,0]
09-16 00:53:17.037 I/sysui_multi_action( 1910): [757,0,758,1,759,0,927,6,1593,0]
09-16 00:53:17.038 I/sysui_multi_action( 1910): [757,114,758,1,759,114,927,7,928,1,1593,0]
09-16 00:53:17.038 I/sysui_multi_action( 1910): [757,111,758,1]
09-16 00:53:17.038 I/sysui_multi_action( 1910): [757,126,758,1,759,126,927,0,928,1,1593,1]
09-16 00:53:17.038 I/sysui_multi_action( 1910): [757,113,758,1,759,113,927,1,928,1,1593,1]
09-16 00:53:17.038 I/sysui_multi_action( 1910): [757,0,758,1,759,0,927,2,928,0,1593,1]
09-16 00:53:17.038 I/sysui_multi_action( 1910): [757,0,758,1,759,0,927,3,928,1,1593,1]
09-16 00:53:17.073 I/sysui_multi_action( 1910): [757,111,758,2]
09-16 00:53:17.074 I/sysui_multi_action( 1910): [757,111,758,2]
09-16 00:53:17.120 I/sysui_multi_action( 1910): [757,111,758,1]
09-16 00:53:17.121 I/sysui_multi_action( 1910): [757,126,758,1,759,126,927,0,928,1,1593,1]
09-16 00:53:17.122 I/sysui_multi_action( 1910): [757,113,758,1,759,113,927,1,928,1,1593,1]
09-16 00:53:17.122 I/sysui_multi_action( 1910): [757,0,758,1,759,0,927,2,928,0,1593,1]
09-16 00:53:17.122 I/sysui_multi_action( 1910): [757,0,758,1,759,0,927,3,928,1,1593,1]
09-16 00:53:17.122 I/sysui_multi_action( 1910): [757,1706,758,1,759,1706,927,4,928,0,1593,1]
09-16 00:53:17.123 I/sysui_multi_action( 1910): [757,491,758,1,759,491,927,5,928,0,1311,-1,1593,0]
09-16 00:53:17.124 I/sysui_multi_action( 1910): [757,0,758,1,759,0,927,6,1593,0]
09-16 00:53:17.124 I/sysui_multi_action( 1910): [757,114,758,1,759,114,927,7,928,1,1593,0]
09-16 00:53:17.124 I/sysui_multi_action( 1910): [757,111,758,1]
09-16 00:53:17.124 I/sysui_multi_action( 1910): [757,126,758,1,759,126,927,0,928,1,1593,1]
09-16 00:53:17.125 I/sysui_multi_action( 1910): [757,113,758,1,759,113,927,1,928,1,1593,1]
09-16 00:53:17.125 I/sysui_multi_action( 1910): [757,0,758,1,759,0,927,2,928,0,1593,1]
09-16 00:53:17.125 I/sysui_multi_action( 1910): [757,0,758,1,759,0,927,3,928,1,1593,1]
09-16 00:53:17.150 I/sysui_multi_action( 1910): [757,111,758,2]
09-16 00:53:17.150 I/sysui_multi_action( 1910): [757,111,758,2]
09-16 00:53:17.155 I/sysui_multi_action( 1128): [757,127,758,2]
09-16 00:53:17.156 I/notification_panel_hidden( 1128):
09-16 00:53:17.173 I/sysui_multi_action( 1910): [757,111,758,1]
09-16 00:53:17.173 I/sysui_multi_action( 1910): [757,126,758,1,759,126,927,0,928,1,1593,1]
09-16 00:53:17.173 I/sysui_multi_action( 1910): [757,113,758,1,759,113,927,1,928,1,1593,1]
09-16 00:53:17.173 I/sysui_multi_action( 1910): [757,0,758,1,759,0,927,2,928,0,1593,1]
09-16 00:53:17.173 I/sysui_multi_action( 1910): [757,0,758,1,759,0,927,3,928,1,1593,1]
09-16 00:53:17.173 I/sysui_multi_action( 1910): [757,1706,758,1,759,1706,927,4,928,0,1593,1]
09-16 00:53:17.174 I/sysui_multi_action( 1910): [757,491,758,1,759,491,927,5,928,0,1311,-1,1593,0]
09-16 00:53:17.175 I/sysui_multi_action( 1910): [757,0,758,1,759,0,927,6,1593,0]
09-16 00:53:17.175 I/sysui_multi_action( 1910): [757,114,758,1,759,114,927,7,928,1,1593,0]
09-16 00:53:17.175 I/sysui_multi_action( 1910): [757,111,758,1]
09-16 00:53:17.175 I/sysui_multi_action( 1910): [757,126,758,1,759,126,927,0,928,1,1593,1]
09-16 00:53:17.175 I/sysui_multi_action( 1910): [757,113,758,1,759,113,927,1,928,1,1593,1]
09-16 00:53:17.175 I/sysui_multi_action( 1910): [757,0,758,1,759,0,927,2,928,0,1593,1]
09-16 00:53:17.175 I/sysui_multi_action( 1910): [757,0,758,1,759,0,927,3,928,1,1593,1]
09-16 00:53:18.957 I/input_interaction( 1128): Interaction with: 78ba0c1 StatusBar (server), edge-swipe (server), swipe-up (server), PointerEventDispatcher0 (server),
09-16 00:53:18.986 I/sysui_multi_action( 1910): [757,803,799,panel_open,802,1]
09-16 00:53:18.991 I/sysui_multi_action( 1910): [757,1328,758,4,1326,67,1327,1,1329,0]
09-16 00:53:19.148 I/sysui_multi_action( 1128): [757,127,758,1]
09-16 00:53:19.150 I/sysui_multi_action( 1910): [757,111,758,2]
09-16 00:53:19.150 I/sysui_multi_action( 1128): [757,804,799,note_load,801,4,802,1]
09-16 00:53:19.151 I/sysui_multi_action( 1910): [757,111,758,2]
09-16 00:53:19.152 I/notification_panel_revealed( 1128): 4
09-16 00:53:19.192 I/input_focus( 1128): [Focus request 59e8c99 NotificationShade,reason=UpdateInputWindows]
09-16 00:53:19.196 I/sysui_multi_action( 1910): [757,111,758,1]
09-16 00:53:19.197 I/sysui_multi_action( 1910): [757,126,758,1,759,126,927,0,928,1,1593,0]
09-16 00:53:19.197 I/sysui_multi_action( 1910): [757,113,758,1,759,113,927,1,928,1,1593,0]
09-16 00:53:19.197 I/sysui_multi_action( 1910): [757,0,758,1,759,0,927,2,928,0,1593,0]
09-16 00:53:19.198 I/sysui_multi_action( 1910): [757,0,758,1,759,0,927,3,928,1,1593,0]
09-16 00:53:19.198 I/sysui_multi_action( 1910): [757,1706,758,1,759,1706,927,4,928,0,1593,0]
09-16 00:53:19.199 I/sysui_multi_action( 1910): [757,491,758,1,759,491,927,5,928,0,1311,-1,1593,0]
09-16 00:53:19.199 I/sysui_multi_action( 1910): [757,0,758,1,759,0,927,6,1593,0]
09-16 00:53:19.199 I/sysui_multi_action( 1910): [757,114,758,1,759,114,927,7,928,1,1593,0]
09-16 00:53:19.199 I/sysui_multi_action( 1910): [757,111,758,1]
09-16 00:53:19.199 I/sysui_multi_action( 1910): [757,126,758,1,759,126,927,0,928,1,1593,0]
09-16 00:53:19.200 I/sysui_multi_action( 1910): [757,113,758,1,759,113,927,1,928,1,1593,0]
09-16 00:53:19.200 I/sysui_multi_action( 1910): [757,0,758,1,759,0,927,2,928,0,1593,0]
09-16 00:53:19.200 I/sysui_multi_action( 1910): [757,0,758,1,759,0,927,3,928,1,1593,0]
09-16 00:53:19.226 I/input_focus( 1128): [Focus leaving 7ccd273 com.android.launcher3/com.android.launcher3.uioverrides.QuickstepLauncher (server),reason=Waiting for window because NOT_VISIBLE]
09-16 00:53:19.228 I/sysui_multi_action( 1910): [757,111,758,2]
09-16 00:53:19.228 I/sysui_multi_action( 1910): [757,111,758,2]
09-16 00:53:19.237 I/sysui_multi_action( 1910): [757,111,758,1]
09-16 00:53:19.237 I/sysui_multi_action( 1910): [757,126,758,1,759,126,927,0,928,1,1593,0]
09-16 00:53:19.237 I/sysui_multi_action( 1910): [757,113,758,1,759,113,927,1,928,1,1593,0]
09-16 00:53:19.237 I/sysui_multi_action( 1910): [757,0,758,1,759,0,927,2,928,0,1593,0]
09-16 00:53:19.237 I/sysui_multi_action( 1910): [757,0,758,1,759,0,927,3,928,1,1593,0]
09-16 00:53:19.238 I/sysui_multi_action( 1910): [757,1706,758,1,759,1706,927,4,928,0,1593,0]
09-16 00:53:19.238 I/sysui_multi_action( 1910): [757,491,758,1,759,491,927,5,928,0,1311,-1,1593,0]
09-16 00:53:19.238 I/sysui_multi_action( 1910): [757,0,758,1,759,0,927,6,1593,0]
09-16 00:53:19.239 I/sysui_multi_action( 1910): [757,114,758,1,759,114,927,7,928,1,1593,0]
09-16 00:53:19.239 I/sysui_multi_action( 1910): [757,111,758,1]
09-16 00:53:19.239 I/sysui_multi_action( 1910): [757,126,758,1,759,126,927,0,928,1,1593,0]
09-16 00:53:19.239 I/sysui_multi_action( 1910): [757,113,758,1,759,113,927,1,928,1,1593,0]
09-16 00:53:19.239 I/sysui_multi_action( 1910): [757,0,758,1,759,0,927,2,928,0,1593,0]
09-16 00:53:19.239 I/sysui_multi_action( 1910): [757,0,758,1,759,0,927,3,928,1,1593,0]
09-16 00:53:19.248 I/input_focus( 1128): [Focus entering 59e8c99 NotificationShade (server),reason=Window became focusable. Previous reason: NOT_VISIBLE]
09-16 00:53:19.269 I/sysui_multi_action( 1910): [757,111,758,2]
09-16 00:53:19.270 I/sysui_multi_action( 1910): [757,111,758,2]
09-16 00:53:19.281 I/sysui_multi_action( 1910): [757,111,758,1]
09-16 00:53:19.281 I/sysui_multi_action( 1910): [757,126,758,1,759,126,927,0,928,1,1593,0]
09-16 00:53:19.281 I/sysui_multi_action( 1910): [757,113,758,1,759,113,927,1,928,1,1593,0]
09-16 00:53:19.281 I/sysui_multi_action( 1910): [757,0,758,1,759,0,927,2,928,0,1593,0]
09-16 00:53:19.281 I/sysui_multi_action( 1910): [757,0,758,1,759,0,927,3,928,1,1593,0]
09-16 00:53:19.281 I/sysui_multi_action( 1910): [757,1706,758,1,759,1706,927,4,928,0,1593,0]
09-16 00:53:19.282 I/sysui_multi_action( 1910): [757,491,758,1,759,491,927,5,928,0,1311,-1,1593,0]
09-16 00:53:19.282 I/sysui_multi_action( 1910): [757,0,758,1,759,0,927,6,1593,0]
09-16 00:53:19.282 I/sysui_multi_action( 1910): [757,114,758,1,759,114,927,7,928,1,1593,0]
09-16 00:53:19.282 I/sysui_multi_action( 1910): [757,111,758,1]
09-16 00:53:19.283 I/sysui_multi_action( 1910): [757,126,758,1,759,126,927,0,928,1,1593,0]
09-16 00:53:19.283 I/sysui_multi_action( 1910): [757,113,758,1,759,113,927,1,928,1,1593,0]
09-16 00:53:19.283 I/sysui_multi_action( 1910): [757,0,758,1,759,0,927,2,928,0,1593,0]
09-16 00:53:19.283 I/sysui_multi_action( 1910): [757,0,758,1,759,0,927,3,928,1,1593,0]
09-16 00:53:19.307 I/sysui_multi_action( 1910): [757,111,758,2]
09-16 00:53:19.307 I/sysui_multi_action( 1910): [757,111,758,2]
09-16 00:53:19.314 I/sysui_multi_action( 1910): [757,111,758,1]
09-16 00:53:19.315 I/sysui_multi_action( 1910): [757,126,758,1,759,126,927,0,928,1,1593,0]
09-16 00:53:19.315 I/sysui_multi_action( 1910): [757,113,758,1,759,113,927,1,928,1,1593,0]
09-16 00:53:19.315 I/sysui_multi_action( 1910): [757,0,758,1,759,0,927,2,928,0,1593,0]
09-16 00:53:19.315 I/sysui_multi_action( 1910): [757,0,758,1,759,0,927,3,928,1,1593,0]
09-16 00:53:19.315 I/sysui_multi_action( 1910): [757,1706,758,1,759,1706,927,4,928,0,1593,0]
09-16 00:53:19.316 I/sysui_multi_action( 1910): [757,491,758,1,759,491,927,5,928,0,1311,-1,1593,0]
09-16 00:53:19.316 I/sysui_multi_action( 1910): [757,0,758,1,759,0,927,6,1593,0]
09-16 00:53:19.316 I/sysui_multi_action( 1910): [757,114,758,1,759,114,927,7,928,1,1593,0]
09-16 00:53:19.316 I/sysui_multi_action( 1910): [757,111,758,1]
09-16 00:53:19.316 I/sysui_multi_action( 1910): [757,126,758,1,759,126,927,0,928,1,1593,0]
09-16 00:53:19.316 I/sysui_multi_action( 1910): [757,113,758,1,759,113,927,1,928,1,1593,0]
09-16 00:53:19.316 I/sysui_multi_action( 1910): [757,0,758,1,759,0,927,2,928,0,1593,0]
09-16 00:53:19.317 I/sysui_multi_action( 1910): [757,0,758,1,759,0,927,3,928,1,1593,0]
09-16 00:53:19.727 I/sysui_multi_action( 1128): [757,128,758,1,793,168455,794,0,795,168455,796,26,798,1,806,android,857,DEVELOPER_IMPORTANT,858,4,947,0,1395,4,1500,167695,1688,1]
09-16 00:53:19.728 I/sysui_multi_action( 1128): [757,804,799,note_freshness,801,168455,802,1]
09-16 00:53:19.728 I/notification_visibility( 1128): [-1|android|26|null|1000,1,168455,168455,0,1]
09-16 00:53:19.728 I/sysui_multi_action( 1128): [757,128,758,1,793,168326,794,0,795,168326,796,55,798,2,806,android,857,DEVELOPER,858,2,947,0,1395,4,1500,167693,1688,1]
09-16 00:53:19.729 I/sysui_multi_action( 1128): [757,804,799,note_freshness,801,168326,802,1]
09-16 00:53:19.729 I/notification_visibility( 1128): [-1|android|55|null|1000,1,168326,168326,0,2]
09-16 00:53:19.730 I/sysui_multi_action( 1128): [757,128,758,1,793,19045,794,0,795,19045,796,4274,798,0,806,com.android.systemui,857,screen_record,858,3,947,0,1395,4,1500,18838,1688,1]
09-16 00:53:19.731 I/sysui_multi_action( 1128): [757,804,799,note_freshness,801,19045,802,1]
09-16 00:53:19.731 I/notification_visibility( 1128): [0|com.android.systemui|4274|null|10087,1,19045,19045,0,0]
09-16 00:53:19.731 I/sysui_multi_action( 1128): [757,128,758,1,793,171761,794,0,795,171761,796,32,798,3,806,android,857,USB,858,1,947,0,1395,4,1500,171574,1688,1]
09-16 00:53:19.731 I/sysui_multi_action( 1128): [757,804,799,note_freshness,801,171761,802,1]
09-16 00:53:19.732 I/notification_visibility( 1128): [-1|android|32|null|1000,1,171761,171761,0,3]
09-16 00:53:21.396 I/input_interaction( 1128): Interaction with: 59e8c99 NotificationShade (server), edge-swipe (server), swipe-up (server), PointerEventDispatcher0 (server),
09-16 00:53:25.440 I/input_focus( 1128): [Focus request 7ccd273 com.android.launcher3/com.android.launcher3.uioverrides.QuickstepLauncher,reason=UpdateInputWindows]
09-16 00:53:25.479 I/input_focus( 1128): [Focus leaving 59e8c99 NotificationShade (server),reason=NOT_FOCUSABLE]
09-16 00:53:25.479 I/input_focus( 1128): [Focus entering 7ccd273 com.android.launcher3/com.android.launcher3.uioverrides.QuickstepLauncher (server),reason=setFocusedWindow]
09-16 00:53:25.668 I/sysui_multi_action( 1910): [757,111,758,2]
09-16 00:53:25.672 I/sysui_multi_action( 1910): [757,111,758,2]
09-16 00:53:25.680 I/sysui_multi_action( 1910): [757,111,758,1]
09-16 00:53:25.681 I/sysui_multi_action( 1910): [757,126,758,1,759,126,927,0,928,1,1593,0]
09-16 00:53:25.681 I/sysui_multi_action( 1910): [757,113,758,1,759,113,927,1,928,1,1593,0]
09-16 00:53:25.681 I/sysui_multi_action( 1910): [757,0,758,1,759,0,927,2,928,0,1593,0]
09-16 00:53:25.681 I/sysui_multi_action( 1910): [757,0,758,1,759,0,927,3,928,1,1593,0]
09-16 00:53:25.681 I/sysui_multi_action( 1910): [757,1706,758,1,759,1706,927,4,928,0,1593,0]
09-16 00:53:25.682 I/sysui_multi_action( 1910): [757,491,758,1,759,491,927,5,928,0,1311,-1,1593,0]
09-16 00:53:25.682 I/sysui_multi_action( 1910): [757,0,758,1,759,0,927,6,1593,0]
09-16 00:53:25.683 I/sysui_multi_action( 1910): [757,114,758,1,759,114,927,7,928,1,1593,0]
09-16 00:53:25.683 I/sysui_multi_action( 1910): [757,111,758,1]
09-16 00:53:25.683 I/sysui_multi_action( 1910): [757,126,758,1,759,126,927,0,928,1,1593,0]
09-16 00:53:25.683 I/sysui_multi_action( 1910): [757,113,758,1,759,113,927,1,928,1,1593,0]
09-16 00:53:25.683 I/sysui_multi_action( 1910): [757,0,758,1,759,0,927,2,928,0,1593,0]
09-16 00:53:25.684 I/sysui_multi_action( 1910): [757,0,758,1,759,0,927,3,928,1,1593,0]
09-16 00:53:25.706 I/sysui_multi_action( 1910): [757,111,758,2]
09-16 00:53:25.708 I/sysui_multi_action( 1910): [757,111,758,2]
09-16 00:53:25.715 I/sysui_multi_action( 1910): [757,111,758,1]
09-16 00:53:25.715 I/sysui_multi_action( 1910): [757,126,758,1,759,126,927,0,928,1,1593,1]
09-16 00:53:25.715 I/sysui_multi_action( 1910): [757,113,758,1,759,113,927,1,928,1,1593,1]
09-16 00:53:25.715 I/sysui_multi_action( 1910): [757,0,758,1,759,0,927,2,928,0,1593,1]
09-16 00:53:25.716 I/sysui_multi_action( 1910): [757,0,758,1,759,0,927,3,928,1,1593,1]
09-16 00:53:25.716 I/sysui_multi_action( 1910): [757,1706,758,1,759,1706,927,4,928,0,1593,1]
09-16 00:53:25.716 I/sysui_multi_action( 1910): [757,491,758,1,759,491,927,5,928,0,1311,-1,1593,1]
09-16 00:53:25.716 I/sysui_multi_action( 1910): [757,0,758,1,759,0,927,6,1593,1]
09-16 00:53:25.716 I/sysui_multi_action( 1910): [757,114,758,1,759,114,927,7,928,1,1593,1]
09-16 00:53:25.717 I/sysui_multi_action( 1910): [757,111,758,1]
09-16 00:53:25.717 I/sysui_multi_action( 1910): [757,126,758,1,759,126,927,0,928,1,1593,0]
09-16 00:53:25.717 I/sysui_multi_action( 1910): [757,113,758,1,759,113,927,1,928,1,1593,0]
09-16 00:53:25.717 I/sysui_multi_action( 1910): [757,0,758,1,759,0,927,2,928,0,1593,0]
09-16 00:53:25.717 I/sysui_multi_action( 1910): [757,0,758,1,759,0,927,3,928,1,1593,0]
09-16 00:53:25.736 I/sysui_multi_action( 1910): [757,111,758,2]
09-16 00:53:25.737 I/sysui_multi_action( 1910): [757,111,758,2]
09-16 00:53:25.743 I/sysui_multi_action( 1910): [757,111,758,1]
09-16 00:53:25.743 I/sysui_multi_action( 1910): [757,126,758,1,759,126,927,0,928,1,1593,1]
09-16 00:53:25.743 I/sysui_multi_action( 1910): [757,113,758,1,759,113,927,1,928,1,1593,1]
09-16 00:53:25.743 I/sysui_multi_action( 1910): [757,0,758,1,759,0,927,2,928,0,1593,1]
09-16 00:53:25.743 I/sysui_multi_action( 1910): [757,0,758,1,759,0,927,3,928,1,1593,1]
09-16 00:53:25.743 I/sysui_multi_action( 1910): [757,1706,758,1,759,1706,927,4,928,0,1593,1]
09-16 00:53:25.744 I/sysui_multi_action( 1910): [757,491,758,1,759,491,927,5,928,0,1311,-1,1593,0]
09-16 00:53:25.744 I/sysui_multi_action( 1910): [757,0,758,1,759,0,927,6,1593,0]
09-16 00:53:25.744 I/sysui_multi_action( 1910): [757,114,758,1,759,114,927,7,928,1,1593,0]
09-16 00:53:25.744 I/sysui_multi_action( 1910): [757,111,758,1]
09-16 00:53:25.744 I/sysui_multi_action( 1910): [757,126,758,1,759,126,927,0,928,1,1593,1]
09-16 00:53:25.744 I/sysui_multi_action( 1910): [757,113,758,1,759,113,927,1,928,1,1593,1]
09-16 00:53:25.744 I/sysui_multi_action( 1910): [757,0,758,1,759,0,927,2,928,0,1593,1]
09-16 00:53:25.745 I/sysui_multi_action( 1910): [757,0,758,1,759,0,927,3,928,1,1593,1]
09-16 00:53:25.772 I/sysui_multi_action( 1910): [757,111,758,2]
09-16 00:53:25.772 I/sysui_multi_action( 1910): [757,111,758,2]
09-16 00:53:25.778 I/sysui_multi_action( 1910): [757,111,758,1]
09-16 00:53:25.778 I/sysui_multi_action( 1910): [757,126,758,1,759,126,927,0,928,1,1593,1]
09-16 00:53:25.778 I/sysui_multi_action( 1910): [757,113,758,1,759,113,927,1,928,1,1593,1]
09-16 00:53:25.778 I/sysui_multi_action( 1910): [757,0,758,1,759,0,927,2,928,0,1593,1]
09-16 00:53:25.779 I/sysui_multi_action( 1910): [757,0,758,1,759,0,927,3,928,1,1593,1]
09-16 00:53:25.779 I/sysui_multi_action( 1910): [757,1706,758,1,759,1706,927,4,928,0,1593,1]
09-16 00:53:25.779 I/sysui_multi_action( 1910): [757,491,758,1,759,491,927,5,928,0,1311,-1,1593,0]
09-16 00:53:25.779 I/sysui_multi_action( 1910): [757,0,758,1,759,0,927,6,1593,0]
09-16 00:53:25.779 I/sysui_multi_action( 1910): [757,114,758,1,759,114,927,7,928,1,1593,0]
09-16 00:53:25.780 I/sysui_multi_action( 1910): [757,111,758,1]
09-16 00:53:25.780 I/sysui_multi_action( 1910): [757,126,758,1,759,126,927,0,928,1,1593,1]
09-16 00:53:25.780 I/sysui_multi_action( 1910): [757,113,758,1,759,113,927,1,928,1,1593,1]
09-16 00:53:25.780 I/sysui_multi_action( 1910): [757,0,758,1,759,0,927,2,928,0,1593,1]
09-16 00:53:25.780 I/sysui_multi_action( 1910): [757,0,758,1,759,0,927,3,928,1,1593,1]
09-16 00:53:25.808 I/sysui_multi_action( 1910): [757,111,758,2]
09-16 00:53:25.808 I/sysui_multi_action( 1910): [757,111,758,2]
09-16 00:53:25.814 I/sysui_multi_action( 1910): [757,111,758,1]
09-16 00:53:25.814 I/sysui_multi_action( 1910): [757,126,758,1,759,126,927,0,928,1,1593,1]
09-16 00:53:25.814 I/sysui_multi_action( 1910): [757,113,758,1,759,113,927,1,928,1,1593,1]
09-16 00:53:25.814 I/sysui_multi_action( 1910): [757,0,758,1,759,0,927,2,928,0,1593,1]
09-16 00:53:25.815 I/sysui_multi_action( 1910): [757,0,758,1,759,0,927,3,928,1,1593,1]
09-16 00:53:25.815 I/sysui_multi_action( 1910): [757,1706,758,1,759,1706,927,4,928,0,1593,1]
09-16 00:53:25.815 I/sysui_multi_action( 1910): [757,491,758,1,759,491,927,5,928,0,1311,-1,1593,0]
09-16 00:53:25.815 I/sysui_multi_action( 1910): [757,0,758,1,759,0,927,6,1593,0]
09-16 00:53:25.815 I/sysui_multi_action( 1910): [757,114,758,1,759,114,927,7,928,1,1593,0]
09-16 00:53:25.816 I/sysui_multi_action( 1910): [757,111,758,1]
09-16 00:53:25.816 I/sysui_multi_action( 1910): [757,126,758,1,759,126,927,0,928,1,1593,1]
09-16 00:53:25.816 I/sysui_multi_action( 1910): [757,113,758,1,759,113,927,1,928,1,1593,1]
09-16 00:53:25.816 I/sysui_multi_action( 1910): [757,0,758,1,759,0,927,2,928,0,1593,1]
09-16 00:53:25.816 I/sysui_multi_action( 1910): [757,0,758,1,759,0,927,3,928,1,1593,1]
09-16 00:53:25.838 I/sysui_multi_action( 1910): [757,111,758,2]
09-16 00:53:25.839 I/sysui_multi_action( 1910): [757,111,758,2]
09-16 00:53:25.845 I/sysui_multi_action( 1910): [757,111,758,1]
09-16 00:53:25.845 I/sysui_multi_action( 1910): [757,126,758,1,759,126,927,0,928,1,1593,1]
09-16 00:53:25.845 I/sysui_multi_action( 1910): [757,113,758,1,759,113,927,1,928,1,1593,1]
09-16 00:53:25.845 I/sysui_multi_action( 1910): [757,0,758,1,759,0,927,2,928,0,1593,1]
09-16 00:53:25.845 I/sysui_multi_action( 1910): [757,0,758,1,759,0,927,3,928,1,1593,1]
09-16 00:53:25.845 I/sysui_multi_action( 1910): [757,1706,758,1,759,1706,927,4,928,0,1593,1]
09-16 00:53:25.846 I/sysui_multi_action( 1910): [757,491,758,1,759,491,927,5,928,0,1311,-1,1593,0]
09-16 00:53:25.846 I/sysui_multi_action( 1910): [757,0,758,1,759,0,927,6,1593,0]
09-16 00:53:25.846 I/sysui_multi_action( 1910): [757,114,758,1,759,114,927,7,928,1,1593,0]
09-16 00:53:25.846 I/sysui_multi_action( 1910): [757,111,758,1]
09-16 00:53:25.846 I/sysui_multi_action( 1910): [757,126,758,1,759,126,927,0,928,1,1593,1]
09-16 00:53:25.847 I/sysui_multi_action( 1910): [757,113,758,1,759,113,927,1,928,1,1593,1]
09-16 00:53:25.847 I/sysui_multi_action( 1910): [757,0,758,1,759,0,927,2,928,0,1593,1]
09-16 00:53:25.847 I/sysui_multi_action( 1910): [757,0,758,1,759,0,927,3,928,1,1593,1]
09-16 00:53:25.874 I/sysui_multi_action( 1910): [757,111,758,2]
