09-16 01:07:32.453 I/sysui_multi_action( 1910): [757,113,758,1,759,113,927,1,928,1,1593,1]
09-16 01:07:32.453 I/sysui_multi_action( 1910): [757,0,758,1,759,0,927,2,928,0,1593,1]
09-16 01:07:32.453 I/sysui_multi_action( 1910): [757,0,758,1,759,0,927,3,928,0,1593,1]
09-16 01:07:32.455 I/wm_on_stop_called( 2439): [235585230,com.android.launcher3.uioverrides.QuickstepLauncher,STOP_ACTIVITY_ITEM]
09-16 01:07:32.464 I/sysui_multi_action( 1910): [757,111,758,2]
09-16 01:07:32.464 I/sysui_multi_action( 1910): [757,111,758,2]
09-16 01:07:32.468 I/sysui_multi_action( 1910): [757,111,758,1]
09-16 01:07:32.469 I/sysui_multi_action( 1910): [757,126,758,1,759,126,927,0,928,0,1593,1]
09-16 01:07:32.469 I/sysui_multi_action( 1910): [757,113,758,1,759,113,927,1,928,1,1593,1]
09-16 01:07:32.469 I/sysui_multi_action( 1910): [757,0,758,1,759,0,927,2,928,0,1593,1]
09-16 01:07:32.469 I/sysui_multi_action( 1910): [757,0,758,1,759,0,927,3,928,0,1593,1]
09-16 01:07:32.469 I/sysui_multi_action( 1910): [757,1706,758,1,759,1706,927,4,928,0,1593,1]
09-16 01:07:32.469 I/sysui_multi_action( 1910): [757,491,758,1,759,491,927,5,928,0,1311,-1,1593,0]
09-16 01:07:32.469 I/sysui_multi_action( 1910): [757,0,758,1,759,0,927,6,1593,0]
09-16 01:07:32.469 I/am_wtf ( 1128): [0,1128,system_server,-1,DisplayDeviceConfig,requesting nits when no mapping exists.]
09-16 01:07:32.470 I/sysui_multi_action( 1910): [757,114,758,1,759,114,927,7,928,0,1593,0]
09-16 01:07:32.470 I/sysui_multi_action( 1910): [757,268,758,1,759,268,806,com.ss.android.ugc.aweme,871,com.ss.android.ugc.aweme.tile.PublishTileService,927,8,1593,0]
09-16 01:07:32.470 I/sysui_multi_action( 1910): [757,111,758,1]
09-16 01:07:32.470 I/sysui_multi_action( 1910): [757,126,758,1,759,126,927,0,928,0,1593,1]
09-16 01:07:32.470 I/sysui_multi_action( 1910): [757,113,758,1,759,113,927,1,928,1,1593,1]
09-16 01:07:32.470 I/sysui_multi_action( 1910): [757,0,758,1,759,0,927,2,928,0,1593,1]
09-16 01:07:32.470 I/sysui_multi_action( 1910): [757,0,758,1,759,0,927,3,928,0,1593,1]
09-16 01:07:32.473 I/am_wtf ( 1128): [0,1128,system_server,-1,DisplayDeviceConfig,requesting nits when no mapping exists.]
09-16 01:07:32.488 I/sysui_multi_action( 1910): [757,111,758,2]
09-16 01:07:32.488 I/sysui_multi_action( 1910): [757,111,758,2]
09-16 01:07:32.492 I/sysui_multi_action( 1910): [757,111,758,1]
09-16 01:07:32.492 I/sysui_multi_action( 1910): [757,126,758,1,759,126,927,0,928,0,1593,1]
09-16 01:07:32.492 I/sysui_multi_action( 1910): [757,113,758,1,759,113,927,1,928,1,1593,1]
09-16 01:07:32.492 I/sysui_multi_action( 1910): [757,0,758,1,759,0,927,2,928,0,1593,1]
09-16 01:07:32.492 I/sysui_multi_action( 1910): [757,0,758,1,759,0,927,3,928,0,1593,1]
09-16 01:07:32.493 I/sysui_multi_action( 1910): [757,1706,758,1,759,1706,927,4,928,0,1593,1]
09-16 01:07:32.493 I/sysui_multi_action( 1910): [757,491,758,1,759,491,927,5,928,0,1311,-1,1593,0]
09-16 01:07:32.493 I/sysui_multi_action( 1910): [757,0,758,1,759,0,927,6,1593,0]
09-16 01:07:32.493 I/sysui_multi_action( 1910): [757,114,758,1,759,114,927,7,928,0,1593,0]
09-16 01:07:32.493 I/sysui_multi_action( 1910): [757,268,758,1,759,268,806,com.ss.android.ugc.aweme,871,com.ss.android.ugc.aweme.tile.PublishTileService,927,8,1593,0]
09-16 01:07:32.494 I/sysui_multi_action( 1910): [757,111,758,1]
09-16 01:07:32.494 I/sysui_multi_action( 1910): [757,126,758,1,759,126,927,0,928,0,1593,1]
09-16 01:07:32.494 I/sysui_multi_action( 1910): [757,113,758,1,759,113,927,1,928,1,1593,1]
09-16 01:07:32.494 I/sysui_multi_action( 1910): [757,0,758,1,759,0,927,2,928,0,1593,1]
09-16 01:07:32.494 I/sysui_multi_action( 1910): [757,0,758,1,759,0,927,3,928,0,1593,1]
09-16 01:07:32.512 I/sysui_multi_action( 1910): [757,111,758,2]
09-16 01:07:32.512 I/sysui_multi_action( 1910): [757,111,758,2]
09-16 01:07:32.516 I/sysui_multi_action( 1910): [757,111,758,1]
09-16 01:07:32.516 I/sysui_multi_action( 1910): [757,126,758,1,759,126,927,0,928,0,1593,1]
09-16 01:07:32.516 I/sysui_multi_action( 1910): [757,113,758,1,759,113,927,1,928,1,1593,1]
09-16 01:07:32.516 I/sysui_multi_action( 1910): [757,0,758,1,759,0,927,2,928,0,1593,1]
09-16 01:07:32.517 I/sysui_multi_action( 1910): [757,0,758,1,759,0,927,3,928,0,1593,1]
09-16 01:07:32.517 I/sysui_multi_action( 1910): [757,1706,758,1,759,1706,927,4,928,0,1593,1]
09-16 01:07:32.517 I/sysui_multi_action( 1910): [757,491,758,1,759,491,927,5,928,0,1311,-1,1593,0]
09-16 01:07:32.517 I/sysui_multi_action( 1910): [757,0,758,1,759,0,927,6,1593,0]
09-16 01:07:32.517 I/sysui_multi_action( 1910): [757,114,758,1,759,114,927,7,928,0,1593,0]
09-16 01:07:32.517 I/sysui_multi_action( 1910): [757,268,758,1,759,268,806,com.ss.android.ugc.aweme,871,com.ss.android.ugc.aweme.tile.PublishTileService,927,8,1593,0]
09-16 01:07:32.517 I/sysui_multi_action( 1910): [757,111,758,1]
09-16 01:07:32.517 I/sysui_multi_action( 1910): [757,126,758,1,759,126,927,0,928,0,1593,1]
09-16 01:07:32.518 I/sysui_multi_action( 1910): [757,113,758,1,759,113,927,1,928,1,1593,1]
09-16 01:07:32.518 I/sysui_multi_action( 1910): [757,0,758,1,759,0,927,2,928,0,1593,1]
09-16 01:07:32.518 I/sysui_multi_action( 1910): [757,0,758,1,759,0,927,3,928,0,1593,1]
09-16 01:07:32.519 I/am_wtf ( 1128): [0,1128,system_server,-1,DisplayDeviceConfig,requesting nits when no mapping exists.]
09-16 01:07:32.521 I/am_wtf ( 1128): [0,1128,system_server,-1,DisplayDeviceConfig,requesting nits when no mapping exists.]
09-16 01:07:32.528 I/sysui_multi_action( 1910): [757,111,758,2]
09-16 01:07:32.528 I/sysui_multi_action( 1910): [757,111,758,2]
09-16 01:07:32.532 I/sysui_multi_action( 1910): [757,111,758,1]
09-16 01:07:32.532 I/sysui_multi_action( 1910): [757,126,758,1,759,126,927,0,928,0,1593,1]
09-16 01:07:32.532 I/sysui_multi_action( 1910): [757,113,758,1,759,113,927,1,928,1,1593,1]
09-16 01:07:32.532 I/sysui_multi_action( 1910): [757,0,758,1,759,0,927,2,928,0,1593,1]
09-16 01:07:32.532 I/sysui_multi_action( 1910): [757,0,758,1,759,0,927,3,928,0,1593,1]
09-16 01:07:32.532 I/sysui_multi_action( 1910): [757,1706,758,1,759,1706,927,4,928,0,1593,1]
09-16 01:07:32.533 I/sysui_multi_action( 1910): [757,491,758,1,759,491,927,5,928,0,1311,-1,1593,0]
09-16 01:07:32.533 I/sysui_multi_action( 1910): [757,0,758,1,759,0,927,6,1593,0]
09-16 01:07:32.533 I/sysui_multi_action( 1910): [757,114,758,1,759,114,927,7,928,0,1593,0]
09-16 01:07:32.533 I/sysui_multi_action( 1910): [757,268,758,1,759,268,806,com.ss.android.ugc.aweme,871,com.ss.android.ugc.aweme.tile.PublishTileService,927,8,1593,0]
09-16 01:07:32.533 I/sysui_multi_action( 1910): [757,111,758,1]
09-16 01:07:32.533 I/sysui_multi_action( 1910): [757,126,758,1,759,126,927,0,928,0,1593,1]
09-16 01:07:32.534 I/sysui_multi_action( 1910): [757,113,758,1,759,113,927,1,928,1,1593,1]
09-16 01:07:32.534 I/sysui_multi_action( 1910): [757,0,758,1,759,0,927,2,928,0,1593,1]
09-16 01:07:32.534 I/sysui_multi_action( 1910): [757,0,758,1,759,0,927,3,928,0,1593,1]
09-16 01:07:32.536 I/am_wtf ( 1128): [0,1128,system_server,-1,DisplayDeviceConfig,requesting nits when no mapping exists.]
09-16 01:07:32.537 I/am_wtf ( 1128): [0,1128,system_server,-1,DisplayDeviceConfig,requesting nits when no mapping exists.]
09-16 01:07:32.547 I/sysui_multi_action( 1910): [757,111,758,2]
09-16 01:07:32.547 I/sysui_multi_action( 1910): [757,111,758,2]
09-16 01:07:32.552 I/am_wtf ( 1128): [0,1128,system_server,-1,DisplayDeviceConfig,requesting nits when no mapping exists.]
09-16 01:07:32.554 I/am_wtf ( 1128): [0,1128,system_server,-1,DisplayDeviceConfig,requesting nits when no mapping exists.]
09-16 01:07:32.561 I/sysui_multi_action( 1910): [757,111,758,1]
09-16 01:07:32.562 I/sysui_multi_action( 1910): [757,126,758,1,759,126,927,0,928,0,1593,1]
09-16 01:07:32.562 I/sysui_multi_action( 1910): [757,113,758,1,759,113,927,1,928,1,1593,1]
09-16 01:07:32.562 I/sysui_multi_action( 1910): [757,0,758,1,759,0,927,2,928,0,1593,1]
09-16 01:07:32.562 I/sysui_multi_action( 1910): [757,0,758,1,759,0,927,3,928,0,1593,1]
09-16 01:07:32.562 I/sysui_multi_action( 1910): [757,1706,758,1,759,1706,927,4,928,0,1593,1]
09-16 01:07:32.562 I/sysui_multi_action( 1910): [757,491,758,1,759,491,927,5,928,0,1311,-1,1593,0]
09-16 01:07:32.563 I/sysui_multi_action( 1910): [757,0,758,1,759,0,927,6,1593,0]
09-16 01:07:32.563 I/sysui_multi_action( 1910): [757,114,758,1,759,114,927,7,928,0,1593,0]
09-16 01:07:32.563 I/sysui_multi_action( 1910): [757,268,758,1,759,268,806,com.ss.android.ugc.aweme,871,com.ss.android.ugc.aweme.tile.PublishTileService,927,8,1593,0]
09-16 01:07:32.563 I/sysui_multi_action( 1910): [757,111,758,1]
09-16 01:07:32.563 I/sysui_multi_action( 1910): [757,126,758,1,759,126,927,0,928,0,1593,1]
09-16 01:07:32.563 I/sysui_multi_action( 1910): [757,113,758,1,759,113,927,1,928,1,1593,1]
09-16 01:07:32.563 I/sysui_multi_action( 1910): [757,0,758,1,759,0,927,2,928,0,1593,1]
09-16 01:07:32.563 I/sysui_multi_action( 1910): [757,0,758,1,759,0,927,3,928,0,1593,1]
09-16 01:07:32.569 I/am_wtf ( 1128): [0,1128,system_server,-1,DisplayDeviceConfig,requesting nits when no mapping exists.]
09-16 01:07:32.570 I/am_wtf ( 1128): [0,1128,system_server,-1,DisplayDeviceConfig,requesting nits when no mapping exists.]
09-16 01:07:32.579 I/sysui_multi_action( 1910): [757,111,758,2]
09-16 01:07:32.579 I/sysui_multi_action( 1910): [757,111,758,2]
09-16 01:07:32.581 I/sysui_multi_action( 1128): [757,128,758,2,793,1021309,794,126439,795,1021309,796,26,798,0,806,android,857,DEVELOPER_IMPORTANT,858,4,947,0,1395,4,1500,1020549,1688,1]
09-16 01:07:32.582 I/notification_visibility( 1128): [-1|android|26|null|1000,0,1021309,1021309,0,0]
09-16 01:07:32.582 I/sysui_multi_action( 1128): [757,128,758,2,793,824949,794,126439,795,824949,796,4273,798,1,806,com.android.systemui,857,screen_record,858,3,947,0,1395,4,1500,824746,1688,1,1745,680407814]
09-16 01:07:32.582 I/notification_visibility( 1128): [0|com.android.systemui|4273|null|10087,0,824949,824949,0,1]
09-16 01:07:32.582 I/sysui_multi_action( 1128): [757,128,758,2,793,1021180,794,126439,795,1021180,796,55,798,2,806,android,857,DEVELOPER,858,2,947,0,1395,4,1500,1020547,1688,1]
09-16 01:07:32.582 I/notification_visibility( 1128): [-1|android|55|null|1000,0,1021180,1021180,0,2]
09-16 01:07:32.582 I/sysui_multi_action( 1128): [757,128,758,2,793,1024612,794,126438,795,1024612,796,32,798,3,806,android,857,USB,858,1,947,0,1395,4,1500,1024425,1688,1]
09-16 01:07:32.582 I/notification_visibility( 1128): [-1|android|32|null|1000,0,1024612,1024612,0,3]
09-16 01:07:32.584 I/sysui_multi_action( 1128): [757,127,758,2]
09-16 01:07:32.584 I/notification_panel_hidden( 1128):
09-16 01:07:32.602 I/sysui_multi_action( 1910): [757,111,758,1]
09-16 01:07:32.603 I/sysui_multi_action( 1910): [757,126,758,1,759,126,927,0,928,0,1593,0]
09-16 01:07:32.603 I/sysui_multi_action( 1910): [757,113,758,1,759,113,927,1,928,1,1593,0]
09-16 01:07:32.603 I/sysui_multi_action( 1910): [757,0,758,1,759,0,927,2,928,0,1593,0]
09-16 01:07:32.603 I/sysui_multi_action( 1910): [757,0,758,1,759,0,927,3,928,0,1593,0]
09-16 01:07:32.603 I/am_wtf ( 1128): [0,1128,system_server,-1,DisplayDeviceConfig,requesting nits when no mapping exists.]
09-16 01:07:32.603 I/sysui_multi_action( 1910): [757,1706,758,1,759,1706,927,4,928,0,1593,0]
09-16 01:07:32.603 I/sysui_multi_action( 1910): [757,491,758,1,759,491,927,5,928,0,1311,-1,1593,0]
09-16 01:07:32.603 I/sysui_multi_action( 1910): [757,0,758,1,759,0,927,6,1593,0]
09-16 01:07:32.604 I/sysui_multi_action( 1910): [757,114,758,1,759,114,927,7,928,0,1593,0]
09-16 01:07:32.604 I/sysui_multi_action( 1910): [757,268,758,1,759,268,806,com.ss.android.ugc.aweme,871,com.ss.android.ugc.aweme.tile.PublishTileService,927,8,1593,0]
09-16 01:07:32.604 I/sysui_multi_action( 1910): [757,111,758,1]
09-16 01:07:32.604 I/sysui_multi_action( 1910): [757,126,758,1,759,126,927,0,928,0,1593,0]
09-16 01:07:32.604 I/sysui_multi_action( 1910): [757,113,758,1,759,113,927,1,928,1,1593,0]
09-16 01:07:32.604 I/sysui_multi_action( 1910): [757,0,758,1,759,0,927,2,928,0,1593,0]
09-16 01:07:32.604 I/sysui_multi_action( 1910): [757,0,758,1,759,0,927,3,928,0,1593,0]
09-16 01:07:32.605 I/am_wtf ( 1128): [0,1128,system_server,-1,DisplayDeviceConfig,requesting nits when no mapping exists.]
09-16 01:07:32.640 I/am_wtf ( 1128): [0,1128,system_server,-1,DisplayDeviceConfig,requesting nits when no mapping exists.]
09-16 01:07:32.643 I/am_wtf ( 1128): [0,1128,system_server,-1,DisplayDeviceConfig,requesting nits when no mapping exists.]
09-16 01:07:32.685 I/am_wtf ( 1128): [0,1128,system_server,-1,DisplayDeviceConfig,requesting nits when no mapping exists.]
09-16 01:07:32.689 I/am_wtf ( 1128): [0,1128,system_server,-1,DisplayDeviceConfig,requesting nits when no mapping exists.]
09-16 01:07:32.702 I/am_wtf ( 1128): [0,1128,system_server,-1,DisplayDeviceConfig,requesting nits when no mapping exists.]
09-16 01:07:32.706 I/am_wtf ( 1128): [0,1128,system_server,-1,DisplayDeviceConfig,requesting nits when no mapping exists.]
09-16 01:07:32.719 I/am_wtf ( 1128): [0,1128,system_server,-1,DisplayDeviceConfig,requesting nits when no mapping exists.]
09-16 01:07:32.723 I/am_wtf ( 1128): [0,1128,system_server,-1,DisplayDeviceConfig,requesting nits when no mapping exists.]
09-16 01:07:32.735 I/am_wtf ( 1128): [0,1128,system_server,-1,DisplayDeviceConfig,requesting nits when no mapping exists.]
09-16 01:07:32.741 I/am_wtf ( 1128): [0,1128,system_server,-1,DisplayDeviceConfig,requesting nits when no mapping exists.]
09-16 01:07:32.752 I/am_wtf ( 1128): [0,1128,system_server,-1,DisplayDeviceConfig,requesting nits when no mapping exists.]
09-16 01:07:32.757 I/am_wtf ( 1128): [0,1128,system_server,-1,DisplayDeviceConfig,requesting nits when no mapping exists.]
09-16 01:07:32.770 I/am_wtf ( 1128): [0,1128,system_server,-1,DisplayDeviceConfig,requesting nits when no mapping exists.]
09-16 01:07:32.773 I/am_wtf ( 1128): [0,1128,system_server,-1,DisplayDeviceConfig,requesting nits when no mapping exists.]
09-16 01:07:32.787 I/am_wtf ( 1128): [0,1128,system_server,-1,DisplayDeviceConfig,requesting nits when no mapping exists.]
09-16 01:07:32.789 I/am_wtf ( 1128): [0,1128,system_server,-1,DisplayDeviceConfig,requesting nits when no mapping exists.]
09-16 01:07:32.802 I/am_wtf ( 1128): [0,1128,system_server,-1,DisplayDeviceConfig,requesting nits when no mapping exists.]
09-16 01:07:32.807 I/am_wtf ( 1128): [0,1128,system_server,-1,DisplayDeviceConfig,requesting nits when no mapping exists.]
09-16 01:07:32.819 I/am_wtf ( 1128): [0,1128,system_server,-1,DisplayDeviceConfig,requesting nits when no mapping exists.]
09-16 01:07:32.823 I/am_wtf ( 1128): [0,1128,system_server,-1,DisplayDeviceConfig,requesting nits when no mapping exists.]
09-16 01:07:32.836 I/am_wtf ( 1128): [0,1128,system_server,-1,DisplayDeviceConfig,requesting nits when no mapping exists.]
09-16 01:07:32.840 I/am_wtf ( 1128): [0,1128,system_server,-1,DisplayDeviceConfig,requesting nits when no mapping exists.]
09-16 01:07:32.853 I/am_wtf ( 1128): [0,1128,system_server,-1,DisplayDeviceConfig,requesting nits when no mapping exists.]
09-16 01:07:32.854 I/am_wtf ( 1128): [0,1128,system_server,-1,DisplayDeviceConfig,requesting nits when no mapping exists.]
09-16 01:07:32.869 I/am_wtf ( 1128): [0,1128,system_server,-1,DisplayDeviceConfig,requesting nits when no mapping exists.]
09-16 01:07:32.872 I/am_wtf ( 1128): [0,1128,system_server,-1,DisplayDeviceConfig,requesting nits when no mapping exists.]
09-16 01:07:32.887 I/am_wtf ( 1128): [0,1128,system_server,-1,DisplayDeviceConfig,requesting nits when no mapping exists.]
09-16 01:07:32.890 I/am_wtf ( 1128): [0,1128,system_server,-1,DisplayDeviceConfig,requesting nits when no mapping exists.]
09-16 01:07:44.978 I/input_interaction( 1128): Interaction with: eb9519a com.android.deskclock/android.service.dreams.DreamActivity (server), edge-swipe (server), swipe-up (server), PointerEventDispatcher0 (server),
09-16 01:07:44.989 I/wm_finish_activity( 1128): [0,58283812,153,com.android.deskclock/android.service.dreams.DreamActivity,finish-activity]
09-16 01:07:44.990 I/wm_task_moved( 1128): [1,1,5]
09-16 01:07:44.992 I/wm_task_moved( 1128): [145,1,2147483647]
09-16 01:07:44.992 I/wm_task_to_front( 1128): [0,145]
09-16 01:07:44.992 I/wm_focused_root_task( 1128): [0,0,1,153,finish-top adjustFocusToNextFocusableTask]
09-16 01:07:44.994 I/wm_set_resumed_activity( 1128): [0,com.android.launcher3/.uioverrides.QuickstepLauncher,finish-top adjustFocusToNextFocusableTask]
09-16 01:07:44.996 I/wm_pause_activity( 1128): [0,58283812,com.android.deskclock/android.service.dreams.DreamActivity,userLeaving=false,finish]
09-16 01:07:45.014 I/wm_on_top_resumed_lost_called( 2689): [58283812,android.service.dreams.DreamActivity,topStateChangedWhenResumed]
09-16 01:07:45.019 I/wm_on_paused_called( 2689): [58283812,android.service.dreams.DreamActivity,performPause]
09-16 01:07:45.021 I/wm_add_to_stopping( 1128): [0,58283812,com.android.deskclock/android.service.dreams.DreamActivity,completeFinishing]
09-16 01:07:45.028 I/wm_set_resumed_activity( 1128): [0,com.android.launcher3/.uioverrides.QuickstepLauncher,resumeTopActivityInnerLocked]
09-16 01:07:45.030 I/wm_resume_activity( 1128): [0,235585230,145,com.android.launcher3/.uioverrides.QuickstepLauncher]
09-16 01:07:45.038 I/sysui_multi_action( 1128): [757,803,799,window_time_0,802,13]
09-16 01:07:45.042 I/view_enqueue_input_event( 2689): [Motion - Cancel,com.android.deskclock/android.service.dreams.DreamActivity]
09-16 01:07:45.044 I/input_focus( 1128): [Focus leaving eb9519a com.android.deskclock/android.service.dreams.DreamActivity (server),reason=NO_WINDOW]
09-16 01:07:45.049 I/sysui_multi_action( 1128): [757,803,799,window_time_0,802,0]
09-16 01:07:45.056 I/wm_on_restart_called( 2439): [235585230,com.android.launcher3.uioverrides.QuickstepLauncher,performRestartActivity]
09-16 01:07:45.056 I/wm_on_start_called( 2439): [235585230,com.android.launcher3.uioverrides.QuickstepLauncher,handleStartActivity]
09-16 01:07:45.057 I/wm_on_resume_called( 2439): [235585230,com.android.launcher3.uioverrides.QuickstepLauncher,RESUME_ACTIVITY]
09-16 01:07:45.057 I/wm_on_top_resumed_gained_called( 2439): [235585230,com.android.launcher3.uioverrides.QuickstepLauncher,topWhenResuming]
09-16 01:07:45.074 I/input_focus( 1128): [Focus request 7ccd273 com.android.launcher3/com.android.launcher3.uioverrides.QuickstepLauncher,reason=UpdateInputWindows]
09-16 01:07:45.109 I/input_focus( 1128): [Focus entering 7ccd273 com.android.launcher3/com.android.launcher3.uioverrides.QuickstepLauncher (server),reason=setFocusedWindow]
09-16 01:07:45.343 I/dvm_lock_sample( 1128): [system_server,1,android.display,8,ActivityTaskSupervisor.java,2557,void com.android.server.wm.ActivityTaskSupervisor$ActivityTaskSupervisorHandler.handleMessage(android.os.Message),WindowManagerService.java,8165,void com.android.server.wm.WindowManagerService.onAnimationFinished(),1]
09-16 01:07:45.345 I/wm_destroy_activity( 1128): [0,58283812,153,com.android.deskclock/android.service.dreams.DreamActivity,finish-imm:idle]
09-16 01:07:45.368 I/wm_on_stop_called( 2689): [58283812,android.service.dreams.DreamActivity,LIFECYCLER_STOP_ACTIVITY]
09-16 01:07:45.369 I/wm_on_destroy_called( 2689): [58283812,android.service.dreams.DreamActivity,performDestroy]
09-16 01:07:45.377 I/sysui_multi_action( 1128): [757,222,758,2]
09-16 01:07:45.377 I/sysui_multi_action( 1128): [757,804,799,dreaming_minutes,801,0,802,1]
09-16 01:07:45.401 I/wm_task_removed( 1128): [153,removeChild:removeChild last r=ActivityRecord{3795724 u0 com.android.deskclock/android.service.dreams.DreamActivity t-1 f}} in t=Task{7b3ab5 #153 type=dream A=10074:android:com.android.deskclock/dream U=0 visible=false mode=fullscreen translucent=true sz=0}]
09-16 01:07:45.401 I/wm_task_removed( 1128): [153,removeChild]
09-16 01:07:46.561 I/input_interaction( 1128): Interaction with: 78ba0c1 StatusBar (server), edge-swipe (server), swipe-up (server), PointerEventDispatcher0 (server),
09-16 01:07:46.580 I/sysui_multi_action( 1910): [757,803,799,panel_open,802,1]
09-16 01:07:46.583 I/sysui_multi_action( 1910): [757,1328,758,4,1326,47,1327,0,1329,0]
09-16 01:07:46.759 I/sysui_multi_action( 1128): [757,127,758,1]
09-16 01:07:46.760 I/sysui_multi_action( 1128): [757,804,799,note_load,801,4,802,1]
09-16 01:07:46.761 I/sysui_multi_action( 1910): [757,111,758,2]
09-16 01:07:46.761 I/notification_panel_revealed( 1128): 4
09-16 01:07:46.762 I/sysui_multi_action( 1910): [757,111,758,2]
09-16 01:07:46.794 I/input_focus( 1128): [Focus request 59e8c99 NotificationShade,reason=UpdateInputWindows]
09-16 01:07:46.798 I/sysui_multi_action( 1910): [757,111,758,1]
09-16 01:07:46.798 I/sysui_multi_action( 1910): [757,126,758,1,759,126,927,0,928,0,1593,0]
09-16 01:07:46.798 I/sysui_multi_action( 1910): [757,113,758,1,759,113,927,1,928,1,1593,0]
09-16 01:07:46.798 I/sysui_multi_action( 1910): [757,0,758,1,759,0,927,2,928,0,1593,0]
09-16 01:07:46.798 I/sysui_multi_action( 1910): [757,0,758,1,759,0,927,3,928,0,1593,0]
09-16 01:07:46.798 I/sysui_multi_action( 1910): [757,1706,758,1,759,1706,927,4,928,0,1593,0]
09-16 01:07:46.799 I/sysui_multi_action( 1910): [757,491,758,1,759,491,927,5,928,0,1311,-1,1593,0]
09-16 01:07:46.799 I/sysui_multi_action( 1910): [757,0,758,1,759,0,927,6,1593,0]
09-16 01:07:46.799 I/sysui_multi_action( 1910): [757,114,758,1,759,114,927,7,928,0,1593,0]
09-16 01:07:46.799 I/sysui_multi_action( 1910): [757,268,758,1,759,268,806,com.ss.android.ugc.aweme,871,com.ss.android.ugc.aweme.tile.PublishTileService,927,8,1593,0]
09-16 01:07:46.799 I/sysui_multi_action( 1910): [757,111,758,1]
09-16 01:07:46.799 I/sysui_multi_action( 1910): [757,126,758,1,759,126,927,0,928,0,1593,0]
09-16 01:07:46.800 I/sysui_multi_action( 1910): [757,113,758,1,759,113,927,1,928,1,1593,0]
09-16 01:07:46.800 I/sysui_multi_action( 1910): [757,0,758,1,759,0,927,2,928,0,1593,0]
09-16 01:07:46.800 I/sysui_multi_action( 1910): [757,0,758,1,759,0,927,3,928,0,1593,0]
09-16 01:07:46.810 I/sysui_multi_action( 1910): [757,111,758,2]
09-16 01:07:46.810 I/sysui_multi_action( 1910): [757,111,758,2]
09-16 01:07:46.815 I/sysui_multi_action( 1910): [757,111,758,1]
09-16 01:07:46.815 I/sysui_multi_action( 1910): [757,126,758,1,759,126,927,0,928,0,1593,0]
09-16 01:07:46.815 I/sysui_multi_action( 1910): [757,113,758,1,759,113,927,1,928,1,1593,0]
09-16 01:07:46.815 I/sysui_multi_action( 1910): [757,0,758,1,759,0,927,2,928,0,1593,0]
09-16 01:07:46.815 I/sysui_multi_action( 1910): [757,0,758,1,759,0,927,3,928,0,1593,0]
09-16 01:07:46.815 I/sysui_multi_action( 1910): [757,1706,758,1,759,1706,927,4,928,0,1593,0]
09-16 01:07:46.816 I/sysui_multi_action( 1910): [757,491,758,1,759,491,927,5,928,0,1311,-1,1593,0]
09-16 01:07:46.816 I/sysui_multi_action( 1910): [757,0,758,1,759,0,927,6,1593,0]
09-16 01:07:46.816 I/sysui_multi_action( 1910): [757,114,758,1,759,114,927,7,928,0,1593,0]
09-16 01:07:46.816 I/sysui_multi_action( 1910): [757,268,758,1,759,268,806,com.ss.android.ugc.aweme,871,com.ss.android.ugc.aweme.tile.PublishTileService,927,8,1593,0]
09-16 01:07:46.816 I/sysui_multi_action( 1910): [757,111,758,1]
09-16 01:07:46.816 I/sysui_multi_action( 1910): [757,126,758,1,759,126,927,0,928,0,1593,0]
09-16 01:07:46.816 I/sysui_multi_action( 1910): [757,113,758,1,759,113,927,1,928,1,1593,0]
09-16 01:07:46.817 I/sysui_multi_action( 1910): [757,0,758,1,759,0,927,2,928,0,1593,0]
09-16 01:07:46.817 I/sysui_multi_action( 1910): [757,0,758,1,759,0,927,3,928,0,1593,0]
09-16 01:07:46.819 I/input_focus( 1128): [Focus leaving 7ccd273 com.android.launcher3/com.android.launcher3.uioverrides.QuickstepLauncher (server),reason=setFocusedWindow]
09-16 01:07:46.819 I/input_focus( 1128): [Focus entering 59e8c99 NotificationShade (server),reason=setFocusedWindow]
09-16 01:07:46.831 I/sysui_multi_action( 1910): [757,111,758,2]
09-16 01:07:46.831 I/sysui_multi_action( 1910): [757,111,758,2]
09-16 01:07:46.838 I/sysui_multi_action( 1910): [757,111,758,1]
09-16 01:07:46.838 I/sysui_multi_action( 1910): [757,126,758,1,759,126,927,0,928,0,1593,0]
09-16 01:07:46.838 I/sysui_multi_action( 1910): [757,113,758,1,759,113,927,1,928,1,1593,0]
09-16 01:07:46.838 I/sysui_multi_action( 1910): [757,0,758,1,759,0,927,2,928,0,1593,0]
09-16 01:07:46.838 I/sysui_multi_action( 1910): [757,0,758,1,759,0,927,3,928,0,1593,0]
09-16 01:07:46.838 I/sysui_multi_action( 1910): [757,1706,758,1,759,1706,927,4,928,0,1593,0]
09-16 01:07:46.839 I/sysui_multi_action( 1910): [757,491,758,1,759,491,927,5,928,0,1311,-1,1593,0]
09-16 01:07:46.839 I/sysui_multi_action( 1910): [757,0,758,1,759,0,927,6,1593,0]
09-16 01:07:46.839 I/sysui_multi_action( 1910): [757,114,758,1,759,114,927,7,928,0,1593,0]
09-16 01:07:46.839 I/sysui_multi_action( 1910): [757,268,758,1,759,268,806,com.ss.android.ugc.aweme,871,com.ss.android.ugc.aweme.tile.PublishTileService,927,8,1593,0]
09-16 01:07:46.839 I/sysui_multi_action( 1910): [757,111,758,1]
09-16 01:07:46.839 I/sysui_multi_action( 1910): [757,126,758,1,759,126,927,0,928,0,1593,0]
09-16 01:07:46.839 I/sysui_multi_action( 1910): [757,113,758,1,759,113,927,1,928,1,1593,0]
09-16 01:07:46.839 I/sysui_multi_action( 1910): [757,0,758,1,759,0,927,2,928,0,1593,0]
09-16 01:07:46.839 I/sysui_multi_action( 1910): [757,0,758,1,759,0,927,3,928,0,1593,0]
09-16 01:07:46.849 I/sysui_multi_action( 1910): [757,111,758,2]
09-16 01:07:46.850 I/sysui_multi_action( 1910): [757,111,758,2]
09-16 01:07:46.854 I/sysui_multi_action( 1910): [757,111,758,1]
09-16 01:07:46.854 I/sysui_multi_action( 1910): [757,126,758,1,759,126,927,0,928,0,1593,0]
09-16 01:07:46.854 I/sysui_multi_action( 1910): [757,113,758,1,759,113,927,1,928,1,1593,0]
09-16 01:07:46.854 I/sysui_multi_action( 1910): [757,0,758,1,759,0,927,2,928,0,1593,0]
09-16 01:07:46.855 I/sysui_multi_action( 1910): [757,0,758,1,759,0,927,3,928,0,1593,0]
09-16 01:07:46.855 I/sysui_multi_action( 1910): [757,1706,758,1,759,1706,927,4,928,0,1593,0]
09-16 01:07:46.855 I/sysui_multi_action( 1910): [757,491,758,1,759,491,927,5,928,0,1311,-1,1593,0]
09-16 01:07:46.855 I/sysui_multi_action( 1910): [757,0,758,1,759,0,927,6,1593,0]
09-16 01:07:46.855 I/sysui_multi_action( 1910): [757,114,758,1,759,114,927,7,928,0,1593,0]
09-16 01:07:46.856 I/sysui_multi_action( 1910): [757,268,758,1,759,268,806,com.ss.android.ugc.aweme,871,com.ss.android.ugc.aweme.tile.PublishTileService,927,8,1593,0]
09-16 01:07:46.856 I/sysui_multi_action( 1910): [757,111,758,1]
09-16 01:07:46.856 I/sysui_multi_action( 1910): [757,126,758,1,759,126,927,0,928,0,1593,0]
09-16 01:07:46.856 I/sysui_multi_action( 1910): [757,113,758,1,759,113,927,1,928,1,1593,0]
09-16 01:07:46.856 I/sysui_multi_action( 1910): [757,0,758,1,759,0,927,2,928,0,1593,0]
09-16 01:07:46.856 I/sysui_multi_action( 1910): [757,0,758,1,759,0,927,3,928,0,1593,0]
09-16 01:07:46.868 I/sysui_multi_action( 1910): [757,111,758,2]
09-16 01:07:46.868 I/sysui_multi_action( 1910): [757,111,758,2]
09-16 01:07:46.872 I/sysui_multi_action( 1910): [757,111,758,1]
09-16 01:07:46.872 I/sysui_multi_action( 1910): [757,126,758,1,759,126,927,0,928,0,1593,0]
09-16 01:07:46.872 I/sysui_multi_action( 1910): [757,113,758,1,759,113,927,1,928,1,1593,0]
09-16 01:07:46.872 I/sysui_multi_action( 1910): [757,0,758,1,759,0,927,2,928,0,1593,0]
09-16 01:07:46.872 I/sysui_multi_action( 1910): [757,0,758,1,759,0,927,3,928,0,1593,0]
09-16 01:07:46.872 I/sysui_multi_action( 1910): [757,1706,758,1,759,1706,927,4,928,0,1593,0]
09-16 01:07:46.873 I/sysui_multi_action( 1910): [757,491,758,1,759,491,927,5,928,0,1311,-1,1593,0]
09-16 01:07:46.873 I/sysui_multi_action( 1910): [757,0,758,1,759,0,927,6,1593,0]
09-16 01:07:46.873 I/sysui_multi_action( 1910): [757,114,758,1,759,114,927,7,928,0,1593,0]
09-16 01:07:46.873 I/sysui_multi_action( 1910): [757,268,758,1,759,268,806,com.ss.android.ugc.aweme,871,com.ss.android.ugc.aweme.tile.PublishTileService,927,8,1593,0]
09-16 01:07:46.873 I/sysui_multi_action( 1910): [757,111,758,1]
09-16 01:07:46.873 I/sysui_multi_action( 1910): [757,126,758,1,759,126,927,0,928,0,1593,0]
09-16 01:07:46.873 I/sysui_multi_action( 1910): [757,113,758,1,759,113,927,1,928,1,1593,0]
09-16 01:07:46.873 I/sysui_multi_action( 1910): [757,0,758,1,759,0,927,2,928,0,1593,0]
09-16 01:07:46.873 I/sysui_multi_action( 1910): [757,0,758,1,759,0,927,3,928,0,1593,0]
09-16 01:07:46.885 I/sysui_multi_action( 1910): [757,111,758,2]
09-16 01:07:46.885 I/sysui_multi_action( 1910): [757,111,758,2]
09-16 01:07:46.889 I/sysui_multi_action( 1910): [757,111,758,1]
09-16 01:07:46.889 I/sysui_multi_action( 1910): [757,126,758,1,759,126,927,0,928,0,1593,0]
09-16 01:07:46.889 I/sysui_multi_action( 1910): [757,113,758,1,759,113,927,1,928,1,1593,0]
09-16 01:07:46.890 I/sysui_multi_action( 1910): [757,0,758,1,759,0,927,2,928,0,1593,0]
09-16 01:07:46.890 I/sysui_multi_action( 1910): [757,0,758,1,759,0,927,3,928,0,1593,0]
09-16 01:07:46.890 I/sysui_multi_action( 1910): [757,1706,758,1,759,1706,927,4,928,0,1593,0]
09-16 01:07:46.890 I/sysui_multi_action( 1910): [757,491,758,1,759,491,927,5,928,0,1311,-1,1593,0]
09-16 01:07:46.890 I/sysui_multi_action( 1910): [757,0,758,1,759,0,927,6,1593,0]
09-16 01:07:46.890 I/sysui_multi_action( 1910): [757,114,758,1,759,114,927,7,928,0,1593,0]
09-16 01:07:46.891 I/sysui_multi_action( 1910): [757,268,758,1,759,268,806,com.ss.android.ugc.aweme,871,com.ss.android.ugc.aweme.tile.PublishTileService,927,8,1593,0]
09-16 01:07:46.891 I/sysui_multi_action( 1910): [757,111,758,1]
09-16 01:07:46.891 I/sysui_multi_action( 1910): [757,126,758,1,759,126,927,0,928,0,1593,0]
09-16 01:07:46.891 I/sysui_multi_action( 1910): [757,113,758,1,759,113,927,1,928,1,1593,0]
09-16 01:07:46.891 I/sysui_multi_action( 1910): [757,0,758,1,759,0,927,2,928,0,1593,0]
09-16 01:07:46.891 I/sysui_multi_action( 1910): [757,0,758,1,759,0,927,3,928,0,1593,0]
09-16 01:07:46.901 I/sysui_multi_action( 1910): [757,111,758,2]
09-16 01:07:46.902 I/sysui_multi_action( 1910): [757,111,758,2]
09-16 01:07:46.906 I/sysui_multi_action( 1910): [757,111,758,1]
09-16 01:07:46.906 I/sysui_multi_action( 1910): [757,126,758,1,759,126,927,0,928,0,1593,0]
09-16 01:07:46.906 I/sysui_multi_action( 1910): [757,113,758,1,759,113,927,1,928,1,1593,0]
09-16 01:07:46.906 I/sysui_multi_action( 1910): [757,0,758,1,759,0,927,2,928,0,1593,0]
09-16 01:07:46.906 I/sysui_multi_action( 1910): [757,0,758,1,759,0,927,3,928,0,1593,0]
09-16 01:07:46.906 I/sysui_multi_action( 1910): [757,1706,758,1,759,1706,927,4,928,0,1593,0]
09-16 01:07:46.907 I/sysui_multi_action( 1910): [757,491,758,1,759,491,927,5,928,0,1311,-1,1593,0]
09-16 01:07:46.907 I/sysui_multi_action( 1910): [757,0,758,1,759,0,927,6,1593,0]
09-16 01:07:46.907 I/sysui_multi_action( 1910): [757,114,758,1,759,114,927,7,928,0,1593,0]
09-16 01:07:46.907 I/sysui_multi_action( 1910): [757,268,758,1,759,268,806,com.ss.android.ugc.aweme,871,com.ss.android.ugc.aweme.tile.PublishTileService,927,8,1593,0]
09-16 01:07:46.907 I/sysui_multi_action( 1910): [757,111,758,1]
09-16 01:07:46.907 I/sysui_multi_action( 1910): [757,126,758,1,759,126,927,0,928,0,1593,0]
09-16 01:07:46.907 I/sysui_multi_action( 1910): [757,113,758,1,759,113,927,1,928,1,1593,0]
09-16 01:07:46.907 I/sysui_multi_action( 1910): [757,0,758,1,759,0,927,2,928,0,1593,0]
09-16 01:07:46.907 I/sysui_multi_action( 1910): [757,0,758,1,759,0,927,3,928,0,1593,0]
09-16 01:07:47.330 I/sysui_multi_action( 1128): [757,128,758,1,793,1036058,794,0,795,1036058,796,26,798,0,806,android,857,DEVELOPER_IMPORTANT,858,4,947,0,1395,4,1500,1035298,1688,1]
09-16 01:07:47.330 I/sysui_multi_action( 1128): [757,804,799,note_freshness,801,1036058,802,1]
09-16 01:07:47.330 I/notification_visibility( 1128): [-1|android|26|null|1000,1,1036058,1036058,0,0]
09-16 01:07:47.330 I/sysui_multi_action( 1128): [757,128,758,1,793,839697,794,0,795,839697,796,4273,798,1,806,com.android.systemui,857,screen_record,858,3,947,0,1395,4,1500,839494,1688,1,1745,680407814]
09-16 01:07:47.330 I/sysui_multi_action( 1128): [757,804,799,note_freshness,801,839697,802,1]
09-16 01:07:47.330 I/notification_visibility( 1128): [0|com.android.systemui|4273|null|10087,1,839697,839697,0,1]
09-16 01:07:47.330 I/sysui_multi_action( 1128): [757,128,758,1,793,1035928,794,0,795,1035928,796,55,798,2,806,android,857,DEVELOPER,858,2,947,0,1395,4,1500,1035295,1688,1]
09-16 01:07:47.331 I/sysui_multi_action( 1128): [757,804,799,note_freshness,801,1035928,802,1]
09-16 01:07:47.331 I/notification_visibility( 1128): [-1|android|55|null|1000,1,1035928,1035928,0,2]
09-16 01:07:47.331 I/sysui_multi_action( 1128): [757,128,758,1,793,1039361,794,0,795,1039361,796,32,798,3,806,android,857,USB,858,1,947,0,1395,4,1500,1039174,1688,1]
09-16 01:07:47.331 I/sysui_multi_action( 1128): [757,804,799,note_freshness,801,1039361,802,1]
09-16 01:07:47.331 I/notification_visibility( 1128): [-1|android|32|null|1000,1,1039361,1039361,0,3]
09-16 01:07:54.449 I/input_interaction( 1128): Interaction with: 59e8c99 NotificationShade (server), edge-swipe (server), swipe-up (server), PointerEventDispatcher0 (server),
09-16 01:07:54.457 I/service_manager_stats( 1128): [100,139,28986]
09-16 01:07:54.615 I/sysui_multi_action( 1910): [757,925,758,4,759,126,927,0,928,0,1592,0,1593,1]
09-16 01:07:54.684 D/TelephonyRegistry( 1128): listen oscl: mHasNotifySubscriptionInfoChangedOccurred==false no callback
09-16 01:07:54.690 W/CarrierConfigManager( 1910): Error getting config for subId -1 ICarrierConfigLoader is null
09-16 01:07:54.756 I/input_focus( 1128): [Focus request 78235b6 InternetDialog,reason=UpdateInputWindows]
09-16 01:07:54.797 I/input_focus( 1128): [Focus leaving 59e8c99 NotificationShade (server),reason=Waiting for window because NOT_VISIBLE]
09-16 01:07:54.844 I/input_focus( 1128): [Focus entering 78235b6 InternetDialog (server),reason=Window became focusable. Previous reason: NOT_VISIBLE]
09-16 01:07:56.487 I/input_interaction( 1128): Interaction with: 78235b6 InternetDialog (server), edge-swipe (server), swipe-up (server), PointerEventDispatcher0 (server),
09-16 01:07:59.003 I/input_focus( 1128): [Focus request 59e8c99 NotificationShade,reason=UpdateInputWindows]
09-16 01:07:59.036 I/input_focus( 1128): [Focus entering 59e8c99 NotificationShade (server),reason=setFocusedWindow]
09-16 01:07:59.695 I/input_interaction( 1128): Interaction with: 59e8c99 NotificationShade (server), edge-swipe (server), swipe-up (server), PointerEventDispatcher0 (server),
09-16 01:08:00.130 I/sysui_multi_action( 1910): [757,366,758,4,759,126,927,0,928,0,1592,0,1593,1]
09-16 01:08:00.164 I/wm_task_created( 1128): [154,-1]
09-16 01:08:00.171 I/wm_task_moved( 1128): [154,1,6]
09-16 01:08:00.172 I/wm_task_to_front( 1128): [0,154]
09-16 01:08:00.172 I/wm_create_task( 1128): [0,154]
09-16 01:08:00.172 I/wm_create_activity( 1128): [0,181862394,154,com.android.settings/.Settings$WifiSettingsActivity,android.settings.WIFI_SETTINGS,NULL,NULL,335544320]
09-16 01:08:00.172 I/wm_on_top_resumed_lost_called( 2439): [235585230,com.android.launcher3.uioverrides.QuickstepLauncher,topStateChangedWhenResumed]
09-16 01:08:00.172 I/wm_task_moved( 1128): [154,1,6]
09-16 01:08:00.176 I/wm_pause_activity( 1128): [0,235585230,com.android.launcher3/.uioverrides.QuickstepLauncher,userLeaving=true,pauseBackTasks]
09-16 01:08:00.190 I/wm_on_paused_called( 2439): [235585230,com.android.launcher3.uioverrides.QuickstepLauncher,performPause]
09-16 01:08:00.194 I/wm_add_to_stopping( 1128): [0,235585230,com.android.launcher3/.uioverrides.QuickstepLauncher,makeInvisible]
09-16 01:08:00.194 I/wm_restart_activity( 1128): [0,181862394,154,com.android.settings/.Settings$WifiSettingsActivity]
09-16 01:08:00.197 I/wm_set_resumed_activity( 1128): [0,com.android.settings/.Settings$WifiSettingsActivity,minimalResumeActivityLocked]
09-16 01:08:00.207 I/sysui_multi_action( 1128): [757,803,799,window_time_0,802,15]
09-16 01:08:00.221 I/am_uid_active( 1128): 10088
09-16 01:08:00.256 I/netstats_mobile_sample( 1128): [0,0,0,0,0,0,0,0,0,0,0,0,1663261680256]
09-16 01:08:00.256 I/netstats_wifi_sample( 1128): [12996,41,70028,799,12996,41,70028,799,56560,171,53848,676,1663261680256]
09-16 01:08:00.281 I/netstats_mobile_sample( 1128): [0,0,0,0,0,0,0,0,0,0,0,0,1663261680280]
09-16 01:08:00.281 I/netstats_wifi_sample( 1128): [12996,41,70028,799,12996,41,70028,799,56560,171,53848,676,1663261680280]
09-16 01:08:00.288 I/wm_on_create_called( 5656): [181862394,com.android.settings.Settings$WifiSettingsActivity,performCreate]
09-16 01:08:00.301 I/am_crash( 1128): [5656,0,com.android.settings,952745541,java.lang.ClassCastException,com.android.settings.Settings$WifiSettingsActivity cannot be cast to com.android.settings.homepage.SettingsHomepageActivity,WifiSettings.java,229]
09-16 01:08:00.305 I/wm_finish_activity( 1128): [0,181862394,154,com.android.settings/.Settings$WifiSettingsActivity,force-crash]
09-16 01:08:00.305 I/wm_task_moved( 1128): [1,1,6]
09-16 01:08:00.307 I/wm_task_moved( 1128): [145,1,2147483647]
09-16 01:08:00.307 I/wm_task_to_front( 1128): [0,145]
09-16 01:08:00.307 I/wm_focused_root_task( 1128): [0,0,1,154,finish-top adjustFocusToNextFocusableTask]
09-16 01:08:00.307 I/wm_set_resumed_activity( 1128): [0,com.android.launcher3/.uioverrides.QuickstepLauncher,finish-top adjustFocusToNextFocusableTask]
09-16 01:08:00.309 I/wm_pause_activity( 1128): [0,181862394,com.android.settings/.Settings$WifiSettingsActivity,userLeaving=false,finish]
09-16 01:08:00.315 I/sysui_multi_action( 1128): [757,316,758,4,759,-1]
09-16 01:08:00.319 I/sysui_multi_action( 1128): [757,1144,758,8,806,com.android.settings,871,com.android.settings.Settings$WifiSettingsActivity]
09-16 01:08:00.365 I/am_proc_died( 1128): [0,5656,com.android.settings,0,2]
09-16 01:08:00.367 I/wm_set_resumed_activity( 1128): [0,com.android.launcher3/.uioverrides.QuickstepLauncher,resumeTopActivityInnerLocked]
09-16 01:08:00.367 I/wm_resume_activity( 1128): [0,235585230,145,com.android.launcher3/.uioverrides.QuickstepLauncher]
09-16 01:08:00.368 I/wm_on_resume_called( 2439): [235585230,com.android.launcher3.uioverrides.QuickstepLauncher,RESUME_ACTIVITY]
09-16 01:08:00.381 I/sysui_multi_action( 1128): [757,128,758,2,793,1049109,794,13051,795,1049109,796,26,798,0,806,android,857,DEVELOPER_IMPORTANT,858,4,947,0,1395,4,1500,1048349,1688,1]
09-16 01:08:00.382 I/notification_visibility( 1128): [-1|android|26|null|1000,0,1049109,1049109,0,0]
09-16 01:08:00.382 I/sysui_multi_action( 1128): [757,128,758,2,793,852749,794,13052,795,852749,796,4273,798,1,806,com.android.systemui,857,screen_record,858,3,947,0,1395,4,1500,852546,1688,1,1745,680407814]
09-16 01:08:00.382 I/notification_visibility( 1128): [0|com.android.systemui|4273|null|10087,0,852749,852749,0,1]
09-16 01:08:00.382 I/sysui_multi_action( 1128): [757,128,758,2,793,1048980,794,13052,795,1048980,796,55,798,2,806,android,857,DEVELOPER,858,2,947,0,1395,4,1500,1048347,1688,1]
09-16 01:08:00.382 I/notification_visibility( 1128): [-1|android|55|null|1000,0,1048980,1048980,0,2]
09-16 01:08:00.382 I/sysui_multi_action( 1128): [757,128,758,2,793,1052412,794,13051,795,1052412,796,32,798,3,806,android,857,USB,858,1,947,0,1395,4,1500,1052225,1688,1]
09-16 01:08:00.382 I/notification_visibility( 1128): [-1|android|32|null|1000,0,1052412,1052412,0,3]
09-16 01:08:00.383 I/sysui_multi_action( 1128): [757,127,758,2]
09-16 01:08:00.383 I/notification_panel_hidden( 1128):
09-16 01:08:00.387 I/wm_task_removed( 1128): [154,removeChild:removeChild last r=ActivityRecord{ad6fffa u0 com.android.settings/.Settings$WifiSettingsActivity t-1 f}} in t=Task{5695323 #154 type=standard A=1000:com.android.settings U=0 visible=false mode=fullscreen translucent=true sz=0}]
09-16 01:08:00.387 I/wm_task_removed( 1128): [154,removeChild]
09-16 01:08:00.400 I/input_focus( 1128): [Focus request 7ccd273 com.android.launcher3/com.android.launcher3.uioverrides.QuickstepLauncher,reason=UpdateInputWindows]
09-16 01:08:00.421 I/input_focus( 1128): [Focus leaving 59e8c99 NotificationShade (server),reason=NOT_FOCUSABLE]
09-16 01:08:00.422 I/input_focus( 1128): [Focus entering 7ccd273 com.android.launcher3/com.android.launcher3.uioverrides.QuickstepLauncher (server),reason=setFocusedWindow]
09-16 01:08:00.802 I/sysui_multi_action( 1910): [757,111,758,2]
09-16 01:08:00.803 I/sysui_multi_action( 1910): [757,111,758,2]
09-16 01:08:00.809 I/wm_on_top_resumed_gained_called( 2439): [235585230,com.android.launcher3.uioverrides.QuickstepLauncher,topStateChangedWhenResumed]
09-16 01:08:00.812 I/sysui_multi_action( 1910): [757,111,758,1]
09-16 01:08:00.812 I/sysui_multi_action( 1910): [757,126,758,1,759,126,927,0,928,0,1593,0]
09-16 01:08:00.813 I/sysui_multi_action( 1910): [757,113,758,1,759,113,927,1,928,1,1593,0]
09-16 01:08:00.813 I/sysui_multi_action( 1910): [757,0,758,1,759,0,927,2,928,0,1593,0]
09-16 01:08:00.814 I/sysui_multi_action( 1910): [757,0,758,1,759,0,927,3,928,0,1593,0]
09-16 01:08:00.814 I/sysui_multi_action( 1910): [757,1706,758,1,759,1706,927,4,928,0,1593,0]
09-16 01:08:00.815 I/sysui_multi_action( 1910): [757,491,758,1,759,491,927,5,928,0,1311,-1,1593,0]
09-16 01:08:00.816 I/sysui_multi_action( 1910): [757,0,758,1,759,0,927,6,1593,0]
09-16 01:08:00.816 I/sysui_multi_action( 1910): [757,114,758,1,759,114,927,7,928,0,1593,0]
09-16 01:08:00.816 I/sysui_multi_action( 1910): [757,268,758,1,759,268,806,com.ss.android.ugc.aweme,871,com.ss.android.ugc.aweme.tile.PublishTileService,927,8,1593,0]
09-16 01:08:00.817 I/sysui_multi_action( 1910): [757,111,758,1]
09-16 01:08:00.817 I/sysui_multi_action( 1910): [757,126,758,1,759,126,927,0,928,0,1593,0]
09-16 01:08:00.817 I/sysui_multi_action( 1910): [757,113,758,1,759,113,927,1,928,1,1593,0]
09-16 01:08:00.817 I/sysui_multi_action( 1910): [757,0,758,1,759,0,927,2,928,0,1593,0]
09-16 01:08:00.817 I/sysui_multi_action( 1910): [757,0,758,1,759,0,927,3,928,0,1593,0]
09-16 01:08:00.828 I/sysui_multi_action( 1910): [757,111,758,2]
09-16 01:08:00.829 I/sysui_multi_action( 1910): [757,111,758,2]
09-16 01:08:00.836 I/sysui_multi_action( 1910): [757,111,758,1]
09-16 01:08:00.836 I/sysui_multi_action( 1910): [757,126,758,1,759,126,927,0,928,0,1593,1]
09-16 01:08:00.836 I/sysui_multi_action( 1910): [757,113,758,1,759,113,927,1,928,1,1593,1]
09-16 01:08:00.836 I/sysui_multi_action( 1910): [757,0,758,1,759,0,927,2,928,0,1593,1]
09-16 01:08:00.837 I/sysui_multi_action( 1910): [757,0,758,1,759,0,927,3,928,0,1593,1]
09-16 01:08:00.837 I/sysui_multi_action( 1910): [757,1706,758,1,759,1706,927,4,928,0,1593,1]
09-16 01:08:00.837 I/sysui_multi_action( 1910): [757,491,758,1,759,491,927,5,928,0,1311,-1,1593,1]
09-16 01:08:00.838 I/sysui_multi_action( 1910): [757,0,758,1,759,0,927,6,1593,1]
09-16 01:08:00.838 I/sysui_multi_action( 1910): [757,114,758,1,759,114,927,7,928,0,1593,1]
09-16 01:08:00.838 I/sysui_multi_action( 1910): [757,268,758,1,759,268,806,com.ss.android.ugc.aweme,871,com.ss.android.ugc.aweme.tile.PublishTileService,927,8,1593,1]
09-16 01:08:00.838 I/sysui_multi_action( 1910): [757,111,758,1]
09-16 01:08:00.838 I/sysui_multi_action( 1910): [757,126,758,1,759,126,927,0,928,0,1593,1]
09-16 01:08:00.838 I/sysui_multi_action( 1910): [757,113,758,1,759,113,927,1,928,1,1593,1]
09-16 01:08:00.838 I/sysui_multi_action( 1910): [757,0,758,1,759,0,927,2,928,0,1593,1]
09-16 01:08:00.838 I/sysui_multi_action( 1910): [757,0,758,1,759,0,927,3,928,0,1593,1]
09-16 01:08:00.846 I/sysui_multi_action( 1910): [757,111,758,2]
09-16 01:08:00.847 I/sysui_multi_action( 1910): [757,111,758,2]
09-16 01:08:00.851 I/sysui_multi_action( 1910): [757,111,758,1]
09-16 01:08:00.851 I/sysui_multi_action( 1910): [757,126,758,1,759,126,927,0,928,0,1593,1]
09-16 01:08:00.851 I/sysui_multi_action( 1910): [757,113,758,1,759,113,927,1,928,1,1593,1]
09-16 01:08:00.851 I/sysui_multi_action( 1910): [757,0,758,1,759,0,927,2,928,0,1593,1]
09-16 01:08:00.851 I/sysui_multi_action( 1910): [757,0,758,1,759,0,927,3,928,0,1593,1]
09-16 01:08:00.852 I/sysui_multi_action( 1910): [757,1706,758,1,759,1706,927,4,928,0,1593,1]
09-16 01:08:00.852 I/sysui_multi_action( 1910): [757,491,758,1,759,491,927,5,928,0,1311,-1,1593,1]
09-16 01:08:00.852 I/sysui_multi_action( 1910): [757,0,758,1,759,0,927,6,1593,1]
09-16 01:08:00.852 I/sysui_multi_action( 1910): [757,114,758,1,759,114,927,7,928,0,1593,1]
09-16 01:08:00.853 I/sysui_multi_action( 1910): [757,268,758,1,759,268,806,com.ss.android.ugc.aweme,871,com.ss.android.ugc.aweme.tile.PublishTileService,927,8,1593,1]
09-16 01:08:00.853 I/sysui_multi_action( 1910): [757,111,758,1]
09-16 01:08:00.853 I/sysui_multi_action( 1910): [757,126,758,1,759,126,927,0,928,0,1593,1]
09-16 01:08:00.853 I/sysui_multi_action( 1910): [757,113,758,1,759,113,927,1,928,1,1593,1]
09-16 01:08:00.853 I/sysui_multi_action( 1910): [757,0,758,1,759,0,927,2,928,0,1593,1]
09-16 01:08:00.853 I/sysui_multi_action( 1910): [757,0,758,1,759,0,927,3,928,0,1593,1]
09-16 01:08:00.863 I/sysui_multi_action( 1910): [757,111,758,2]
09-16 01:08:00.863 I/sysui_multi_action( 1910): [757,111,758,2]
09-16 01:08:00.867 I/sysui_multi_action( 1910): [757,111,758,1]
09-16 01:08:00.867 I/sysui_multi_action( 1910): [757,126,758,1,759,126,927,0,928,0,1593,1]
09-16 01:08:00.867 I/sysui_multi_action( 1910): [757,113,758,1,759,113,927,1,928,1,1593,1]
09-16 01:08:00.867 I/sysui_multi_action( 1910): [757,0,758,1,759,0,927,2,928,0,1593,1]
09-16 01:08:00.867 I/sysui_multi_action( 1910): [757,0,758,1,759,0,927,3,928,0,1593,1]
09-16 01:08:00.867 I/sysui_multi_action( 1910): [757,1706,758,1,759,1706,927,4,928,0,1593,1]
09-16 01:08:00.868 I/sysui_multi_action( 1910): [757,491,758,1,759,491,927,5,928,0,1311,-1,1593,1]
09-16 01:08:00.868 I/sysui_multi_action( 1910): [757,0,758,1,759,0,927,6,1593,1]
09-16 01:08:00.868 I/sysui_multi_action( 1910): [757,114,758,1,759,114,927,7,928,0,1593,1]
09-16 01:08:00.868 I/sysui_multi_action( 1910): [757,268,758,1,759,268,806,com.ss.android.ugc.aweme,871,com.ss.android.ugc.aweme.tile.PublishTileService,927,8,1593,1]
09-16 01:08:00.868 I/sysui_multi_action( 1910): [757,111,758,1]
09-16 01:08:00.868 I/sysui_multi_action( 1910): [757,126,758,1,759,126,927,0,928,0,1593,1]
09-16 01:08:00.868 I/sysui_multi_action( 1910): [757,113,758,1,759,113,927,1,928,1,1593,1]
09-16 01:08:00.869 I/sysui_multi_action( 1910): [757,0,758,1,759,0,927,2,928,0,1593,1]
09-16 01:08:00.869 I/sysui_multi_action( 1910): [757,0,758,1,759,0,927,3,928,0,1593,1]
09-16 01:08:00.880 I/sysui_multi_action( 1910): [757,111,758,2]
09-16 01:08:00.880 I/sysui_multi_action( 1910): [757,111,758,2]
09-16 01:08:00.884 I/sysui_multi_action( 1910): [757,111,758,1]
09-16 01:08:00.884 I/sysui_multi_action( 1910): [757,126,758,1,759,126,927,0,928,0,1593,1]
09-16 01:08:00.884 I/sysui_multi_action( 1910): [757,113,758,1,759,113,927,1,928,1,1593,1]
09-16 01:08:00.884 I/sysui_multi_action( 1910): [757,0,758,1,759,0,927,2,928,0,1593,1]
09-16 01:08:00.884 I/sysui_multi_action( 1910): [757,0,758,1,759,0,927,3,928,0,1593,1]
09-16 01:08:00.884 I/sysui_multi_action( 1910): [757,1706,758,1,759,1706,927,4,928,0,1593,1]
09-16 01:08:00.885 I/sysui_multi_action( 1910): [757,491,758,1,759,491,927,5,928,0,1311,-1,1593,1]
09-16 01:08:00.885 I/sysui_multi_action( 1910): [757,0,758,1,759,0,927,6,1593,1]
09-16 01:08:00.885 I/sysui_multi_action( 1910): [757,114,758,1,759,114,927,7,928,0,1593,1]
09-16 01:08:00.885 I/sysui_multi_action( 1910): [757,268,758,1,759,268,806,com.ss.android.ugc.aweme,871,com.ss.android.ugc.aweme.tile.PublishTileService,927,8,1593,1]
09-16 01:08:00.885 I/sysui_multi_action( 1910): [757,111,758,1]
09-16 01:08:00.885 I/sysui_multi_action( 1910): [757,126,758,1,759,126,927,0,928,0,1593,1]
09-16 01:08:00.885 I/sysui_multi_action( 1910): [757,113,758,1,759,113,927,1,928,1,1593,1]
09-16 01:08:00.885 I/sysui_multi_action( 1910): [757,0,758,1,759,0,927,2,928,0,1593,1]
09-16 01:08:00.885 I/sysui_multi_action( 1910): [757,0,758,1,759,0,927,3,928,0,1593,1]
09-16 01:08:00.898 I/sysui_multi_action( 1910): [757,111,758,2]
09-16 01:08:00.898 I/sysui_multi_action( 1910): [757,111,758,2]
09-16 01:08:00.902 I/sysui_multi_action( 1910): [757,111,758,1]
09-16 01:08:00.902 I/sysui_multi_action( 1910): [757,126,758,1,759,126,927,0,928,0,1593,1]
09-16 01:08:00.902 I/sysui_multi_action( 1910): [757,113,758,1,759,113,927,1,928,1,1593,1]
09-16 01:08:00.902 I/sysui_multi_action( 1910): [757,0,758,1,759,0,927,2,928,0,1593,1]
09-16 01:08:00.903 I/sysui_multi_action( 1910): [757,0,758,1,759,0,927,3,928,0,1593,1]
09-16 01:08:00.903 I/sysui_multi_action( 1910): [757,1706,758,1,759,1706,927,4,928,0,1593,1]
09-16 01:08:00.903 I/sysui_multi_action( 1910): [757,491,758,1,759,491,927,5,928,0,1311,-1,1593,1]
09-16 01:08:00.903 I/sysui_multi_action( 1910): [757,0,758,1,759,0,927,6,1593,1]
09-16 01:08:00.903 I/sysui_multi_action( 1910): [757,114,758,1,759,114,927,7,928,0,1593,1]
09-16 01:08:00.903 I/sysui_multi_action( 1910): [757,268,758,1,759,268,806,com.ss.android.ugc.aweme,871,com.ss.android.ugc.aweme.tile.PublishTileService,927,8,1593,1]
09-16 01:08:00.904 I/sysui_multi_action( 1910): [757,111,758,1]
09-16 01:08:00.904 I/sysui_multi_action( 1910): [757,126,758,1,759,126,927,0,928,0,1593,1]
09-16 01:08:00.904 I/sysui_multi_action( 1910): [757,113,758,1,759,113,927,1,928,1,1593,1]
09-16 01:08:00.904 I/sysui_multi_action( 1910): [757,0,758,1,759,0,927,2,928,0,1593,1]
09-16 01:08:00.904 I/sysui_multi_action( 1910): [757,0,758,1,759,0,927,3,928,0,1593,1]
09-16 01:08:00.915 I/sysui_multi_action( 1910): [757,111,758,2]
09-16 01:08:00.916 I/sysui_multi_action( 1910): [757,111,758,2]
09-16 01:08:00.921 I/sysui_multi_action( 1910): [757,111,758,1]
09-16 01:08:00.921 I/sysui_multi_action( 1910): [757,126,758,1,759,126,927,0,928,0,1593,1]
09-16 01:08:00.921 I/sysui_multi_action( 1910): [757,113,758,1,759,113,927,1,928,1,1593,1]
09-16 01:08:00.921 I/sysui_multi_action( 1910): [757,0,758,1,759,0,927,2,928,0,1593,1]
09-16 01:08:00.921 I/sysui_multi_action( 1910): [757,0,758,1,759,0,927,3,928,0,1593,1]
09-16 01:08:00.921 I/sysui_multi_action( 1910): [757,1706,758,1,759,1706,927,4,928,0,1593,1]
09-16 01:08:00.922 I/sysui_multi_action( 1910): [757,491,758,1,759,491,927,5,928,0,1311,-1,1593,1]
09-16 01:08:00.922 I/sysui_multi_action( 1910): [757,0,758,1,759,0,927,6,1593,1]
09-16 01:08:00.922 I/sysui_multi_action( 1910): [757,114,758,1,759,114,927,7,928,0,1593,1]
