09-16 01:14:21.782 I/sysui_multi_action( 1910): [757,113,758,1,759,113,927,1,928,1,1593,1]
09-16 01:14:21.782 I/sysui_multi_action( 1910): [757,0,758,1,759,0,927,2,928,0,1593,1]
09-16 01:14:21.782 I/sysui_multi_action( 1910): [757,0,758,1,759,0,927,3,928,0,1593,1]
09-16 01:14:21.797 I/service_manager_slow( 1128): [28,dropbox]
09-16 01:14:21.797 I/am_wtf ( 1128): [0,1128,system_server,-1,DisplayDeviceConfig,requesting nits when no mapping exists.]
09-16 01:14:21.798 I/am_wtf ( 1128): [0,1128,system_server,-1,DisplayDeviceConfig,requesting nits when no mapping exists.]
09-16 01:14:21.799 I/am_wtf ( 1128): [0,1128,system_server,-1,DisplayDeviceConfig,requesting nits when no mapping exists.]
09-16 01:14:21.819 I/am_wtf ( 1128): [0,1128,system_server,-1,DisplayDeviceConfig,requesting nits when no mapping exists.]
09-16 01:14:21.822 I/am_wtf ( 1128): [0,1128,system_server,-1,DisplayDeviceConfig,requesting nits when no mapping exists.]
09-16 01:14:21.836 I/am_wtf ( 1128): [0,1128,system_server,-1,DisplayDeviceConfig,requesting nits when no mapping exists.]
09-16 01:14:21.837 I/am_wtf ( 1128): [0,1128,system_server,-1,DisplayDeviceConfig,requesting nits when no mapping exists.]
09-16 01:14:21.854 I/am_wtf ( 1128): [0,1128,system_server,-1,DisplayDeviceConfig,requesting nits when no mapping exists.]
09-16 01:14:21.856 I/am_wtf ( 1128): [0,1128,system_server,-1,DisplayDeviceConfig,requesting nits when no mapping exists.]
09-16 01:14:21.869 I/am_wtf ( 1128): [0,1128,system_server,-1,DisplayDeviceConfig,requesting nits when no mapping exists.]
09-16 01:14:21.873 I/am_wtf ( 1128): [0,1128,system_server,-1,DisplayDeviceConfig,requesting nits when no mapping exists.]
09-16 01:14:21.886 I/am_wtf ( 1128): [0,1128,system_server,-1,DisplayDeviceConfig,requesting nits when no mapping exists.]
09-16 01:14:21.887 I/am_wtf ( 1128): [0,1128,system_server,-1,DisplayDeviceConfig,requesting nits when no mapping exists.]
09-16 01:14:21.902 I/am_wtf ( 1128): [0,1128,system_server,-1,DisplayDeviceConfig,requesting nits when no mapping exists.]
09-16 01:14:21.904 I/am_wtf ( 1128): [0,1128,system_server,-1,DisplayDeviceConfig,requesting nits when no mapping exists.]
09-16 01:14:21.919 I/am_wtf ( 1128): [0,1128,system_server,-1,DisplayDeviceConfig,requesting nits when no mapping exists.]
09-16 01:14:21.924 I/service_manager_stats( 1128): [100,165,7439]
09-16 01:14:21.924 I/am_wtf ( 1128): [0,1128,system_server,-1,DisplayDeviceConfig,requesting nits when no mapping exists.]
09-16 01:14:21.937 I/am_wtf ( 1128): [0,1128,system_server,-1,DisplayDeviceConfig,requesting nits when no mapping exists.]
09-16 01:14:21.939 I/am_wtf ( 1128): [0,1128,system_server,-1,DisplayDeviceConfig,requesting nits when no mapping exists.]
09-16 01:14:21.952 I/am_wtf ( 1128): [0,1128,system_server,-1,DisplayDeviceConfig,requesting nits when no mapping exists.]
09-16 01:14:21.955 I/am_wtf ( 1128): [0,1128,system_server,-1,DisplayDeviceConfig,requesting nits when no mapping exists.]
09-16 01:14:21.970 I/am_wtf ( 1128): [0,1128,system_server,-1,DisplayDeviceConfig,requesting nits when no mapping exists.]
09-16 01:14:21.973 I/am_wtf ( 1128): [0,1128,system_server,-1,DisplayDeviceConfig,requesting nits when no mapping exists.]
09-16 01:14:21.987 I/am_wtf ( 1128): [0,1128,system_server,-1,DisplayDeviceConfig,requesting nits when no mapping exists.]
09-16 01:14:21.989 I/am_wtf ( 1128): [0,1128,system_server,-1,DisplayDeviceConfig,requesting nits when no mapping exists.]
09-16 01:14:22.004 I/am_wtf ( 1128): [0,1128,system_server,-1,DisplayDeviceConfig,requesting nits when no mapping exists.]
09-16 01:14:22.007 I/am_wtf ( 1128): [0,1128,system_server,-1,DisplayDeviceConfig,requesting nits when no mapping exists.]
09-16 01:14:22.022 I/am_wtf ( 1128): [0,1128,system_server,-1,DisplayDeviceConfig,requesting nits when no mapping exists.]
09-16 01:14:22.023 I/am_wtf ( 1128): [0,1128,system_server,-1,DisplayDeviceConfig,requesting nits when no mapping exists.]
09-16 01:14:22.039 I/am_wtf ( 1128): [0,1128,system_server,-1,DisplayDeviceConfig,requesting nits when no mapping exists.]
09-16 01:14:22.040 I/am_wtf ( 1128): [0,1128,system_server,-1,DisplayDeviceConfig,requesting nits when no mapping exists.]
09-16 01:14:22.073 I/am_wtf ( 1128): [0,1128,system_server,-1,DisplayDeviceConfig,requesting nits when no mapping exists.]
09-16 01:14:22.075 I/am_wtf ( 1128): [0,1128,system_server,-1,DisplayDeviceConfig,requesting nits when no mapping exists.]
09-16 01:14:22.103 I/am_wtf ( 1128): [0,1128,system_server,-1,DisplayDeviceConfig,requesting nits when no mapping exists.]
09-16 01:14:22.105 I/am_wtf ( 1128): [0,1128,system_server,-1,DisplayDeviceConfig,requesting nits when no mapping exists.]
09-16 01:14:22.883 I/input_interaction( 1128): Interaction with: b81a045 com.android.deskclock/android.service.dreams.DreamActivity (server), edge-swipe (server), swipe-up (server), PointerEventDispatcher0 (server),
09-16 01:14:22.889 I/wm_finish_activity( 1128): [0,189688973,159,com.android.deskclock/android.service.dreams.DreamActivity,finish-activity]
09-16 01:14:22.889 I/wm_task_moved( 1128): [1,1,5]
09-16 01:14:22.890 I/wm_task_moved( 1128): [145,1,2147483647]
09-16 01:14:22.890 I/wm_task_to_front( 1128): [0,145]
09-16 01:14:22.890 I/wm_focused_root_task( 1128): [0,0,1,159,finish-top adjustFocusToNextFocusableTask]
09-16 01:14:22.891 I/wm_set_resumed_activity( 1128): [0,com.android.launcher3/.uioverrides.QuickstepLauncher,finish-top adjustFocusToNextFocusableTask]
09-16 01:14:22.891 I/wm_pause_activity( 1128): [0,189688973,com.android.deskclock/android.service.dreams.DreamActivity,userLeaving=false,finish]
09-16 01:14:22.899 I/wm_on_top_resumed_lost_called( 2689): [189688973,android.service.dreams.DreamActivity,topStateChangedWhenResumed]
09-16 01:14:22.900 I/wm_on_paused_called( 2689): [189688973,android.service.dreams.DreamActivity,performPause]
09-16 01:14:22.900 I/wm_add_to_stopping( 1128): [0,189688973,com.android.deskclock/android.service.dreams.DreamActivity,completeFinishing]
09-16 01:14:22.904 I/wm_set_resumed_activity( 1128): [0,com.android.launcher3/.uioverrides.QuickstepLauncher,resumeTopActivityInnerLocked]
09-16 01:14:22.905 I/wm_resume_activity( 1128): [0,235585230,145,com.android.launcher3/.uioverrides.QuickstepLauncher]
09-16 01:14:22.920 I/dvm_lock_sample( 1128): [system_server,1,android.anim,5,InputMonitor.java,144,void com.android.server.wm.InputMonitor$UpdateInputWindows.run(),WindowManagerService.java,2538,int com.android.server.wm.WindowManagerService.relayoutWindow(com.android.server.wm.Session, android.view.IWindow, android.view.WindowManager$LayoutParams, int, int, int, int, long, android.window.ClientWindowFrames, android.util.MergedConfiguration, android.view.SurfaceControl, android.view.InsetsState, android.view.InsetsSourceControl[], android.graphics.Point),1]
09-16 01:14:22.922 I/wm_on_restart_called( 2439): [235585230,com.android.launcher3.uioverrides.QuickstepLauncher,performRestartActivity]
09-16 01:14:22.922 I/wm_on_start_called( 2439): [235585230,com.android.launcher3.uioverrides.QuickstepLauncher,handleStartActivity]
09-16 01:14:22.923 I/wm_on_resume_called( 2439): [235585230,com.android.launcher3.uioverrides.QuickstepLauncher,RESUME_ACTIVITY]
09-16 01:14:22.923 I/wm_on_top_resumed_gained_called( 2439): [235585230,com.android.launcher3.uioverrides.QuickstepLauncher,topWhenResuming]
09-16 01:14:22.927 I/input_focus( 1128): [Focus leaving b81a045 com.android.deskclock/android.service.dreams.DreamActivity (server),reason=NO_WINDOW]
09-16 01:14:22.929 I/sysui_multi_action( 1128): [757,803,799,window_time_0,802,1]
09-16 01:14:22.933 I/sysui_multi_action( 1128): [757,803,799,window_time_0,802,0]
09-16 01:14:22.952 I/input_focus( 1128): [Focus request 7ccd273 com.android.launcher3/com.android.launcher3.uioverrides.QuickstepLauncher,reason=UpdateInputWindows]
09-16 01:14:22.981 I/input_focus( 1128): [Focus entering 7ccd273 com.android.launcher3/com.android.launcher3.uioverrides.QuickstepLauncher (server),reason=Window became focusable. Previous reason: NOT_VISIBLE]
09-16 01:14:23.215 I/wm_destroy_activity( 1128): [0,189688973,159,com.android.deskclock/android.service.dreams.DreamActivity,finish-imm:idle]
09-16 01:14:23.260 I/wm_on_stop_called( 2689): [189688973,android.service.dreams.DreamActivity,LIFECYCLER_STOP_ACTIVITY]
09-16 01:14:23.261 I/wm_on_destroy_called( 2689): [189688973,android.service.dreams.DreamActivity,performDestroy]
09-16 01:14:23.273 I/sysui_multi_action( 1128): [757,222,758,2]
09-16 01:14:23.278 I/sysui_multi_action( 1128): [757,804,799,dreaming_minutes,801,0,802,1]
09-16 01:14:23.279 I/wm_task_removed( 1128): [159,removeChild:removeChild last r=ActivityRecord{b4e6c8d u0 com.android.deskclock/android.service.dreams.DreamActivity t-1 f}} in t=Task{db948ec #159 type=dream A=10074:android:com.android.deskclock/dream U=0 visible=false mode=fullscreen translucent=true sz=0}]
09-16 01:14:23.279 I/wm_task_removed( 1128): [159,removeChild]
09-16 01:14:23.654 I/input_interaction( 1128): Interaction with: 7ccd273 com.android.launcher3/com.android.launcher3.uioverrides.QuickstepLauncher (server), 3a0f8b6 com.android.systemui.ImageWallpaper (server), edge-swipe (server), swipe-up (server), PointerEventDispatcher0 (server),
09-16 01:14:24.710 I/wm_task_created( 1128): [160,-1]
09-16 01:14:24.716 I/wm_task_moved( 1128): [160,1,6]
09-16 01:14:24.716 I/wm_task_to_front( 1128): [0,160]
09-16 01:14:24.716 I/wm_create_task( 1128): [0,160]
09-16 01:14:24.716 I/wm_create_activity( 1128): [0,166556261,160,com.android.settings/.Settings,android.intent.action.MAIN,NULL,NULL,270532608]
09-16 01:14:24.717 I/wm_task_moved( 1128): [160,1,6]
09-16 01:14:24.721 I/wm_pause_activity( 1128): [0,235585230,com.android.launcher3/.uioverrides.QuickstepLauncher,userLeaving=true,pauseBackTasks]
09-16 01:14:24.730 I/wm_on_top_resumed_lost_called( 2439): [235585230,com.android.launcher3.uioverrides.QuickstepLauncher,topStateChangedWhenResumed]
09-16 01:14:24.735 I/wm_on_paused_called( 2439): [235585230,com.android.launcher3.uioverrides.QuickstepLauncher,performPause]
09-16 01:14:24.738 I/wm_add_to_stopping( 1128): [0,235585230,com.android.launcher3/.uioverrides.QuickstepLauncher,makeInvisible]
09-16 01:14:24.742 I/sysui_multi_action( 1128): [757,803,799,window_time_0,802,2]
09-16 01:14:24.768 I/input_focus( 1128): [Focus leaving 7ccd273 com.android.launcher3/com.android.launcher3.uioverrides.QuickstepLauncher (server),reason=NO_WINDOW]
09-16 01:14:24.771 I/am_proc_start( 1128): [0,7119,1000,com.android.settings,pre-top-activity,{com.android.settings/com.android.settings.Settings}]
09-16 01:14:24.819 I/am_proc_bound( 1128): [0,7119,com.android.settings]
09-16 01:14:24.822 I/wm_restart_activity( 1128): [0,166556261,160,com.android.settings/.Settings]
09-16 01:14:24.823 I/wm_set_resumed_activity( 1128): [0,com.android.settings/.Settings,minimalResumeActivityLocked]
09-16 01:14:24.911 I/wm_on_create_called( 7119): [166556261,com.android.settings.Settings,performCreate]
09-16 01:14:24.980 W/CarrierConfigManager( 7119): Error getting config for subId -1 ICarrierConfigLoader is null
09-16 01:14:25.025 I/wm_on_start_called( 7119): [166556261,com.android.settings.Settings,handleStartActivity]
09-16 01:14:25.026 I/snet_event_log( 7119): [120484087,-1,]
09-16 01:14:25.026 I/wm_on_resume_called( 7119): [166556261,com.android.settings.Settings,RESUME_ACTIVITY]
09-16 01:14:25.029 I/sysui_multi_action( 7119): [757,35,758,1,833,0,1089,116]
09-16 01:14:25.035 I/sysui_multi_action( 7119): [757,1729,758,4,854,isParalleledControllers:false,1089,123]
09-16 01:14:25.046 I/sysui_multi_action( 7119): [757,746,758,1,833,0,1089,88]
09-16 01:14:25.048 D/TelephonyRegistry( 1128): listen oscl: mHasNotifySubscriptionInfoChangedOccurred==false no callback
09-16 01:14:25.059 D/TelephonyRegistry( 1128): listen oscl: mHasNotifySubscriptionInfoChangedOccurred==false no callback
09-16 01:14:25.070 I/sysui_multi_action( 7119): [757,1729,758,4,854,isParalleledControllers:false,1089,112]
09-16 01:14:25.083 I/wm_on_top_resumed_gained_called( 7119): [166556261,com.android.settings.Settings,topStateChangedWhenResumed]
09-16 01:14:25.067 I/auditd ( 586): type=1400 audit(0.0:138): avc: denied { read } for comm="Binder:586_2" name="wakeup58" dev="sysfs" ino=89644 scontext=u:r:system_suspend:s0 tcontext=u:object_r:sysfs:s0 tclass=dir permissive=0
09-16 01:14:25.067 I/auditd ( 586): type=1400 audit(0.0:139): avc: denied { read } for comm="Binder:586_2" name="wakeup4" dev="sysfs" ino=52927 scontext=u:r:system_suspend:s0 tcontext=u:object_r:sysfs:s0 tclass=dir permissive=0
09-16 01:14:25.067 I/auditd ( 586): type=1400 audit(0.0:140): avc: denied { read } for comm="Binder:586_2" name="wakeup76" dev="sysfs" ino=94457 scontext=u:r:system_suspend:s0 tcontext=u:object_r:sysfs:s0 tclass=dir permissive=0
09-16 01:14:25.071 I/auditd ( 586): type=1400 audit(0.0:141): avc: denied { read } for comm="Binder:586_2" name="wakeup38" dev="sysfs" ino=72929 scontext=u:r:system_suspend:s0 tcontext=u:object_r:sysfs:s0 tclass=dir permissive=0
09-16 01:14:25.170 I/input_focus( 1128): [Focus request 9e1a47c com.android.settings/com.android.settings.Settings,reason=UpdateInputWindows]
09-16 01:14:25.071 I/auditd ( 586): type=1400 audit(0.0:142): avc: denied { read } for comm="Binder:586_2" name="wakeup28" dev="sysfs" ino=62538 scontext=u:r:system_suspend:s0 tcontext=u:object_r:sysfs:s0 tclass=dir permissive=0
09-16 01:14:25.251 I/sysui_multi_action( 1128): [324,0,757,1090,758,12,806,com.android.settings,871,com.android.settings.Settings,1091,558]
09-16 01:14:25.271 I/sysui_multi_action( 1128): [319,110,321,106,322,558,325,1489,757,761,758,7,759,1,806,com.android.settings,871,com.android.settings.Settings,904,com.android.launcher3,905,0,945,128,1320,4,1321,1]
09-16 01:14:25.274 I/wm_activity_launch_time( 1128): [0,166556261,com.android.settings/.Settings,558]
09-16 01:14:25.282 I/input_focus( 1128): [Focus entering 9e1a47c com.android.settings/com.android.settings.Settings (server),reason=Window became focusable. Previous reason: NOT_VISIBLE]
09-16 01:14:25.382 I/wm_stop_activity( 1128): [0,235585230,com.android.launcher3/.uioverrides.QuickstepLauncher]
09-16 01:14:25.438 I/wm_on_stop_called( 2439): [235585230,com.android.launcher3.uioverrides.QuickstepLauncher,STOP_ACTIVITY_ITEM]
09-16 01:14:26.611 I/input_interaction( 1128): Interaction with: 9e1a47c com.android.settings/com.android.settings.Settings (server), edge-swipe (server), swipe-up (server), PointerEventDispatcher0 (server),
09-16 01:14:26.740 I/sysui_multi_action( 7119): [757,830,758,4,833,0,854,top_level_network,1089,0]
09-16 01:14:26.765 I/sysui_multi_action( 7119): [757,746,758,2,1089,1719]
09-16 01:14:26.782 W/CarrierConfigManager( 7119): Error getting config for subId -1 ICarrierConfigLoader is null
09-16 01:14:26.834 I/sysui_multi_action( 7119): [757,746,758,1,833,0,1089,57]
09-16 01:14:26.834 D/TelephonyRegistry( 1128): listen oscl: mHasNotifySubscriptionInfoChangedOccurred==false no callback
09-16 01:14:26.839 D/TelephonyRegistry( 1128): listen oscl: mHasNotifySubscriptionInfoChangedOccurred==false no callback
09-16 01:14:26.853 I/sysui_multi_action( 7119): [757,1729,758,4,854,isParalleledControllers:false,1089,76]
09-16 01:14:29.272 I/sysui_multi_action( 7119): [757,830,758,4,833,0,854,main_toggle_wifi,1089,0]
09-16 01:14:29.291 I/sysui_multi_action( 7119): [757,746,758,2,1089,2457]
09-16 01:14:29.346 I/netstats_mobile_sample( 1128): [0,0,0,0,0,0,0,0,0,0,0,0,1663262069346]
09-16 01:14:29.346 I/netstats_wifi_sample( 1128): [12996,41,70028,799,12996,41,70028,799,56560,171,53848,676,1663262069346]
09-16 01:14:29.372 I/netstats_mobile_sample( 1128): [0,0,0,0,0,0,0,0,0,0,0,0,1663262069372]
09-16 01:14:29.373 I/netstats_wifi_sample( 1128): [12996,41,70028,799,12996,41,70028,799,56560,171,53848,676,1663262069372]
09-16 01:14:29.418 I/sysui_multi_action( 7119): [757,103,758,1,833,0,1089,107]
09-16 01:14:33.037 I/view_enqueue_input_event( 7119): [Motion - Cancel,com.android.settings/com.android.settings.Settings]
09-16 01:14:33.040 I/input_interaction( 1128): Interaction with: edge-swipe (server), swipe-up (server), PointerEventDispatcher0 (server),
09-16 01:14:33.311 I/sysui_multi_action( 1128): [757,803,799,key_back_press,802,1]
09-16 01:14:33.326 I/input_interaction( 1128): Interaction with: 9e1a47c com.android.settings/com.android.settings.Settings (server), PointerEventDispatcher0 (server),
09-16 01:14:33.336 I/sysui_multi_action( 7119): [757,103,758,2,1089,3917]
09-16 01:14:33.390 I/sysui_multi_action( 7119): [757,746,758,1,833,0,1089,0]
09-16 01:14:33.391 D/TelephonyRegistry( 1128): listen oscl: mHasNotifySubscriptionInfoChangedOccurred==false no callback
09-16 01:14:33.397 D/TelephonyRegistry( 1128): listen oscl: mHasNotifySubscriptionInfoChangedOccurred==false no callback
09-16 01:14:35.093 I/input_interaction( 1128): Interaction with: 9e1a47c com.android.settings/com.android.settings.Settings (server), edge-swipe (server), swipe-up (server), PointerEventDispatcher0 (server),
09-16 01:14:35.224 I/sysui_multi_action( 7119): [757,830,758,4,833,0,854,main_toggle_wifi,1089,0]
09-16 01:14:35.243 I/sysui_multi_action( 7119): [757,746,758,2,1089,1853]
09-16 01:14:35.277 I/am_pss ( 1128): [7119,1000,com.android.settings,81292288,67190784,0,216924160,0,2,15]
09-16 01:14:35.298 I/netstats_mobile_sample( 1128): [0,0,0,0,0,0,0,0,0,0,0,0,1663262075298]
09-16 01:14:35.299 I/netstats_wifi_sample( 1128): [12996,41,70028,799,12996,41,70028,799,56560,171,53848,676,1663262075298]
09-16 01:14:35.320 I/netstats_mobile_sample( 1128): [0,0,0,0,0,0,0,0,0,0,0,0,1663262075319]
09-16 01:14:35.320 I/netstats_wifi_sample( 1128): [12996,41,70028,799,12996,41,70028,799,56560,171,53848,676,1663262075319]
09-16 01:14:35.348 I/sysui_multi_action( 7119): [757,103,758,1,833,0,1089,97]
09-16 01:14:51.432 I/am_pss ( 1128): [7119,1000,com.android.settings,82570240,68423680,0,218243072,0,2,20]
09-16 01:15:23.305 I/am_uid_idle( 1128): 10074
09-16 01:15:24.579 I/input_interaction( 1128): Interaction with: 78ba0c1 StatusBar (server), edge-swipe (server), swipe-up (server), PointerEventDispatcher0 (server),
09-16 01:15:24.605 I/sysui_multi_action( 1910): [757,803,799,panel_open,802,1]
09-16 01:15:24.609 I/sysui_multi_action( 1910): [757,1328,758,4,1326,34,1327,0,1329,0]
09-16 01:15:24.726 I/sysui_multi_action( 1128): [757,127,758,1]
09-16 01:15:24.727 I/sysui_multi_action( 1128): [757,804,799,note_load,801,4,802,1]
09-16 01:15:24.727 I/notification_panel_revealed( 1128): 4
09-16 01:15:24.729 I/sysui_multi_action( 1910): [757,111,758,2]
09-16 01:15:24.730 I/sysui_multi_action( 1910): [757,111,758,2]
09-16 01:15:24.758 I/input_focus( 1128): [Focus request 59e8c99 NotificationShade,reason=UpdateInputWindows]
09-16 01:15:24.763 I/sysui_multi_action( 1910): [757,111,758,1]
09-16 01:15:24.764 I/sysui_multi_action( 1910): [757,126,758,1,759,126,927,0,928,0,1593,0]
09-16 01:15:24.764 I/sysui_multi_action( 1910): [757,113,758,1,759,113,927,1,928,1,1593,0]
09-16 01:15:24.764 I/sysui_multi_action( 1910): [757,0,758,1,759,0,927,2,928,0,1593,0]
09-16 01:15:24.764 I/sysui_multi_action( 1910): [757,0,758,1,759,0,927,3,928,0,1593,0]
09-16 01:15:24.764 I/sysui_multi_action( 1910): [757,1706,758,1,759,1706,927,4,928,0,1593,0]
09-16 01:15:24.765 I/sysui_multi_action( 1910): [757,491,758,1,759,491,927,5,928,0,1311,-1,1593,0]
09-16 01:15:24.765 I/sysui_multi_action( 1910): [757,0,758,1,759,0,927,6,1593,0]
09-16 01:15:24.765 I/sysui_multi_action( 1910): [757,114,758,1,759,114,927,7,928,0,1593,0]
09-16 01:15:24.765 I/sysui_multi_action( 1910): [757,268,758,1,759,268,806,com.ss.android.ugc.aweme,871,com.ss.android.ugc.aweme.tile.PublishTileService,927,8,1593,0]
09-16 01:15:24.765 I/sysui_multi_action( 1910): [757,111,758,1]
09-16 01:15:24.765 I/sysui_multi_action( 1910): [757,126,758,1,759,126,927,0,928,0,1593,0]
09-16 01:15:24.765 I/sysui_multi_action( 1910): [757,113,758,1,759,113,927,1,928,1,1593,0]
09-16 01:15:24.765 I/sysui_multi_action( 1910): [757,0,758,1,759,0,927,2,928,0,1593,0]
09-16 01:15:24.765 I/sysui_multi_action( 1910): [757,0,758,1,759,0,927,3,928,0,1593,0]
09-16 01:15:24.776 I/sysui_multi_action( 1910): [757,111,758,2]
09-16 01:15:24.776 I/sysui_multi_action( 1910): [757,111,758,2]
09-16 01:15:24.781 I/sysui_multi_action( 1910): [757,111,758,1]
09-16 01:15:24.781 I/sysui_multi_action( 1910): [757,126,758,1,759,126,927,0,928,0,1593,0]
09-16 01:15:24.781 I/sysui_multi_action( 1910): [757,113,758,1,759,113,927,1,928,1,1593,0]
09-16 01:15:24.781 I/sysui_multi_action( 1910): [757,0,758,1,759,0,927,2,928,0,1593,0]
09-16 01:15:24.781 I/sysui_multi_action( 1910): [757,0,758,1,759,0,927,3,928,0,1593,0]
09-16 01:15:24.781 I/input_focus( 1128): [Focus leaving 9e1a47c com.android.settings/com.android.settings.Settings (server),reason=setFocusedWindow]
09-16 01:15:24.782 I/sysui_multi_action( 1910): [757,1706,758,1,759,1706,927,4,928,0,1593,0]
09-16 01:15:24.782 I/input_focus( 1128): [Focus entering 59e8c99 NotificationShade (server),reason=setFocusedWindow]
09-16 01:15:24.783 I/sysui_multi_action( 1910): [757,491,758,1,759,491,927,5,928,0,1311,-1,1593,0]
09-16 01:15:24.783 I/sysui_multi_action( 1910): [757,0,758,1,759,0,927,6,1593,0]
09-16 01:15:24.783 I/sysui_multi_action( 1910): [757,114,758,1,759,114,927,7,928,0,1593,0]
09-16 01:15:24.783 I/sysui_multi_action( 1910): [757,268,758,1,759,268,806,com.ss.android.ugc.aweme,871,com.ss.android.ugc.aweme.tile.PublishTileService,927,8,1593,0]
09-16 01:15:24.783 I/sysui_multi_action( 1910): [757,111,758,1]
09-16 01:15:24.784 I/sysui_multi_action( 1910): [757,126,758,1,759,126,927,0,928,0,1593,0]
09-16 01:15:24.784 I/sysui_multi_action( 1910): [757,113,758,1,759,113,927,1,928,1,1593,0]
09-16 01:15:24.785 I/sysui_multi_action( 1910): [757,0,758,1,759,0,927,2,928,0,1593,0]
09-16 01:15:24.785 I/sysui_multi_action( 1910): [757,0,758,1,759,0,927,3,928,0,1593,0]
09-16 01:15:24.799 I/sysui_multi_action( 1910): [757,111,758,2]
09-16 01:15:24.799 I/sysui_multi_action( 1910): [757,111,758,2]
09-16 01:15:24.806 I/sysui_multi_action( 1910): [757,111,758,1]
09-16 01:15:24.806 I/sysui_multi_action( 1910): [757,126,758,1,759,126,927,0,928,0,1593,0]
09-16 01:15:24.806 I/sysui_multi_action( 1910): [757,113,758,1,759,113,927,1,928,1,1593,0]
09-16 01:15:24.806 I/sysui_multi_action( 1910): [757,0,758,1,759,0,927,2,928,0,1593,0]
09-16 01:15:24.806 I/sysui_multi_action( 1910): [757,0,758,1,759,0,927,3,928,0,1593,0]
09-16 01:15:24.806 I/sysui_multi_action( 1910): [757,1706,758,1,759,1706,927,4,928,0,1593,0]
09-16 01:15:24.807 I/sysui_multi_action( 1910): [757,491,758,1,759,491,927,5,928,0,1311,-1,1593,0]
09-16 01:15:24.807 I/sysui_multi_action( 1910): [757,0,758,1,759,0,927,6,1593,0]
09-16 01:15:24.807 I/sysui_multi_action( 1910): [757,114,758,1,759,114,927,7,928,0,1593,0]
09-16 01:15:24.807 I/sysui_multi_action( 1910): [757,268,758,1,759,268,806,com.ss.android.ugc.aweme,871,com.ss.android.ugc.aweme.tile.PublishTileService,927,8,1593,0]
09-16 01:15:24.807 I/sysui_multi_action( 1910): [757,111,758,1]
09-16 01:15:24.808 I/sysui_multi_action( 1910): [757,126,758,1,759,126,927,0,928,0,1593,0]
09-16 01:15:24.808 I/sysui_multi_action( 1910): [757,113,758,1,759,113,927,1,928,1,1593,0]
09-16 01:15:24.808 I/sysui_multi_action( 1910): [757,0,758,1,759,0,927,2,928,0,1593,0]
09-16 01:15:24.808 I/sysui_multi_action( 1910): [757,0,758,1,759,0,927,3,928,0,1593,0]
09-16 01:15:24.819 I/sysui_multi_action( 1910): [757,111,758,2]
09-16 01:15:24.819 I/sysui_multi_action( 1910): [757,111,758,2]
09-16 01:15:24.824 I/sysui_multi_action( 1910): [757,111,758,1]
09-16 01:15:24.824 I/sysui_multi_action( 1910): [757,126,758,1,759,126,927,0,928,0,1593,0]
09-16 01:15:24.824 I/sysui_multi_action( 1910): [757,113,758,1,759,113,927,1,928,1,1593,0]
09-16 01:15:24.824 I/sysui_multi_action( 1910): [757,0,758,1,759,0,927,2,928,0,1593,0]
09-16 01:15:24.824 I/sysui_multi_action( 1910): [757,0,758,1,759,0,927,3,928,0,1593,0]
09-16 01:15:24.824 I/sysui_multi_action( 1910): [757,1706,758,1,759,1706,927,4,928,0,1593,0]
09-16 01:15:24.825 I/sysui_multi_action( 1910): [757,491,758,1,759,491,927,5,928,0,1311,-1,1593,0]
09-16 01:15:24.825 I/sysui_multi_action( 1910): [757,0,758,1,759,0,927,6,1593,0]
09-16 01:15:24.825 I/sysui_multi_action( 1910): [757,114,758,1,759,114,927,7,928,0,1593,0]
09-16 01:15:24.825 I/sysui_multi_action( 1910): [757,268,758,1,759,268,806,com.ss.android.ugc.aweme,871,com.ss.android.ugc.aweme.tile.PublishTileService,927,8,1593,0]
09-16 01:15:24.825 I/sysui_multi_action( 1910): [757,111,758,1]
09-16 01:15:24.825 I/sysui_multi_action( 1910): [757,126,758,1,759,126,927,0,928,0,1593,0]
09-16 01:15:24.825 I/sysui_multi_action( 1910): [757,113,758,1,759,113,927,1,928,1,1593,0]
09-16 01:15:24.825 I/sysui_multi_action( 1910): [757,0,758,1,759,0,927,2,928,0,1593,0]
09-16 01:15:24.825 I/sysui_multi_action( 1910): [757,0,758,1,759,0,927,3,928,0,1593,0]
09-16 01:15:24.835 I/sysui_multi_action( 1910): [757,111,758,2]
09-16 01:15:24.835 I/sysui_multi_action( 1910): [757,111,758,2]
09-16 01:15:24.839 I/sysui_multi_action( 1910): [757,111,758,1]
09-16 01:15:24.839 I/sysui_multi_action( 1910): [757,126,758,1,759,126,927,0,928,0,1593,0]
09-16 01:15:24.839 I/sysui_multi_action( 1910): [757,113,758,1,759,113,927,1,928,1,1593,0]
09-16 01:15:24.839 I/sysui_multi_action( 1910): [757,0,758,1,759,0,927,2,928,0,1593,0]
09-16 01:15:24.839 I/sysui_multi_action( 1910): [757,0,758,1,759,0,927,3,928,0,1593,0]
09-16 01:15:24.839 I/sysui_multi_action( 1910): [757,1706,758,1,759,1706,927,4,928,0,1593,0]
09-16 01:15:24.840 I/sysui_multi_action( 1910): [757,491,758,1,759,491,927,5,928,0,1311,-1,1593,0]
09-16 01:15:24.840 I/sysui_multi_action( 1910): [757,0,758,1,759,0,927,6,1593,0]
09-16 01:15:24.840 I/sysui_multi_action( 1910): [757,114,758,1,759,114,927,7,928,0,1593,0]
09-16 01:15:24.840 I/sysui_multi_action( 1910): [757,268,758,1,759,268,806,com.ss.android.ugc.aweme,871,com.ss.android.ugc.aweme.tile.PublishTileService,927,8,1593,0]
09-16 01:15:24.840 I/sysui_multi_action( 1910): [757,111,758,1]
09-16 01:15:24.840 I/sysui_multi_action( 1910): [757,126,758,1,759,126,927,0,928,0,1593,0]
09-16 01:15:24.840 I/sysui_multi_action( 1910): [757,113,758,1,759,113,927,1,928,1,1593,0]
09-16 01:15:24.841 I/sysui_multi_action( 1910): [757,0,758,1,759,0,927,2,928,0,1593,0]
09-16 01:15:24.841 I/sysui_multi_action( 1910): [757,0,758,1,759,0,927,3,928,0,1593,0]
09-16 01:15:24.851 I/sysui_multi_action( 1910): [757,111,758,2]
09-16 01:15:24.851 I/sysui_multi_action( 1910): [757,111,758,2]
09-16 01:15:24.855 I/sysui_multi_action( 1910): [757,111,758,1]
09-16 01:15:24.855 I/sysui_multi_action( 1910): [757,126,758,1,759,126,927,0,928,0,1593,0]
09-16 01:15:24.855 I/sysui_multi_action( 1910): [757,113,758,1,759,113,927,1,928,1,1593,0]
09-16 01:15:24.855 I/sysui_multi_action( 1910): [757,0,758,1,759,0,927,2,928,0,1593,0]
09-16 01:15:24.856 I/sysui_multi_action( 1910): [757,0,758,1,759,0,927,3,928,0,1593,0]
09-16 01:15:24.856 I/sysui_multi_action( 1910): [757,1706,758,1,759,1706,927,4,928,0,1593,0]
09-16 01:15:24.856 I/sysui_multi_action( 1910): [757,491,758,1,759,491,927,5,928,0,1311,-1,1593,0]
09-16 01:15:24.856 I/sysui_multi_action( 1910): [757,0,758,1,759,0,927,6,1593,0]
09-16 01:15:24.856 I/sysui_multi_action( 1910): [757,114,758,1,759,114,927,7,928,0,1593,0]
09-16 01:15:24.856 I/sysui_multi_action( 1910): [757,268,758,1,759,268,806,com.ss.android.ugc.aweme,871,com.ss.android.ugc.aweme.tile.PublishTileService,927,8,1593,0]
09-16 01:15:24.856 I/sysui_multi_action( 1910): [757,111,758,1]
09-16 01:15:24.857 I/sysui_multi_action( 1910): [757,126,758,1,759,126,927,0,928,0,1593,0]
09-16 01:15:24.857 I/sysui_multi_action( 1910): [757,113,758,1,759,113,927,1,928,1,1593,0]
09-16 01:15:24.857 I/sysui_multi_action( 1910): [757,0,758,1,759,0,927,2,928,0,1593,0]
09-16 01:15:24.857 I/sysui_multi_action( 1910): [757,0,758,1,759,0,927,3,928,0,1593,0]
09-16 01:15:24.868 I/sysui_multi_action( 1910): [757,111,758,2]
09-16 01:15:24.868 I/sysui_multi_action( 1910): [757,111,758,2]
09-16 01:15:24.872 I/sysui_multi_action( 1910): [757,111,758,1]
09-16 01:15:24.872 I/sysui_multi_action( 1910): [757,126,758,1,759,126,927,0,928,0,1593,0]
09-16 01:15:24.872 I/sysui_multi_action( 1910): [757,113,758,1,759,113,927,1,928,1,1593,0]
09-16 01:15:24.872 I/sysui_multi_action( 1910): [757,0,758,1,759,0,927,2,928,0,1593,0]
09-16 01:15:24.872 I/sysui_multi_action( 1910): [757,0,758,1,759,0,927,3,928,0,1593,0]
09-16 01:15:24.872 I/sysui_multi_action( 1910): [757,1706,758,1,759,1706,927,4,928,0,1593,0]
09-16 01:15:24.873 I/sysui_multi_action( 1910): [757,491,758,1,759,491,927,5,928,0,1311,-1,1593,0]
09-16 01:15:24.873 I/sysui_multi_action( 1910): [757,0,758,1,759,0,927,6,1593,0]
09-16 01:15:24.873 I/sysui_multi_action( 1910): [757,114,758,1,759,114,927,7,928,0,1593,0]
09-16 01:15:24.873 I/sysui_multi_action( 1910): [757,268,758,1,759,268,806,com.ss.android.ugc.aweme,871,com.ss.android.ugc.aweme.tile.PublishTileService,927,8,1593,0]
09-16 01:15:24.873 I/sysui_multi_action( 1910): [757,111,758,1]
09-16 01:15:24.873 I/sysui_multi_action( 1910): [757,126,758,1,759,126,927,0,928,0,1593,0]
09-16 01:15:24.873 I/sysui_multi_action( 1910): [757,113,758,1,759,113,927,1,928,1,1593,0]
09-16 01:15:24.874 I/sysui_multi_action( 1910): [757,0,758,1,759,0,927,2,928,0,1593,0]
09-16 01:15:24.874 I/sysui_multi_action( 1910): [757,0,758,1,759,0,927,3,928,0,1593,0]
09-16 01:15:24.884 I/sysui_multi_action( 1910): [757,111,758,2]
09-16 01:15:24.885 I/sysui_multi_action( 1910): [757,111,758,2]
09-16 01:15:24.889 I/sysui_multi_action( 1910): [757,111,758,1]
09-16 01:15:24.889 I/sysui_multi_action( 1910): [757,126,758,1,759,126,927,0,928,0,1593,0]
09-16 01:15:24.889 I/sysui_multi_action( 1910): [757,113,758,1,759,113,927,1,928,1,1593,0]
09-16 01:15:24.889 I/sysui_multi_action( 1910): [757,0,758,1,759,0,927,2,928,0,1593,0]
09-16 01:15:24.889 I/sysui_multi_action( 1910): [757,0,758,1,759,0,927,3,928,0,1593,0]
09-16 01:15:24.889 I/sysui_multi_action( 1910): [757,1706,758,1,759,1706,927,4,928,0,1593,0]
09-16 01:15:24.890 I/sysui_multi_action( 1910): [757,491,758,1,759,491,927,5,928,0,1311,-1,1593,0]
09-16 01:15:24.890 I/sysui_multi_action( 1910): [757,0,758,1,759,0,927,6,1593,0]
09-16 01:15:24.890 I/sysui_multi_action( 1910): [757,114,758,1,759,114,927,7,928,0,1593,0]
09-16 01:15:24.890 I/sysui_multi_action( 1910): [757,268,758,1,759,268,806,com.ss.android.ugc.aweme,871,com.ss.android.ugc.aweme.tile.PublishTileService,927,8,1593,0]
09-16 01:15:24.890 I/sysui_multi_action( 1910): [757,111,758,1]
09-16 01:15:24.890 I/sysui_multi_action( 1910): [757,126,758,1,759,126,927,0,928,0,1593,0]
09-16 01:15:24.890 I/sysui_multi_action( 1910): [757,113,758,1,759,113,927,1,928,1,1593,0]
09-16 01:15:24.890 I/sysui_multi_action( 1910): [757,0,758,1,759,0,927,2,928,0,1593,0]
09-16 01:15:24.890 I/sysui_multi_action( 1910): [757,0,758,1,759,0,927,3,928,0,1593,0]
09-16 01:15:25.297 I/sysui_multi_action( 1128): [757,128,758,1,793,1494025,794,0,795,1494025,796,26,798,0,806,android,857,DEVELOPER_IMPORTANT,858,4,947,0,1395,4,1500,1493265,1688,1]
09-16 01:15:25.297 I/sysui_multi_action( 1128): [757,804,799,note_freshness,801,1494025,802,1]
09-16 01:15:25.298 I/notification_visibility( 1128): [-1|android|26|null|1000,1,1494025,1494025,0,0]
09-16 01:15:25.298 I/sysui_multi_action( 1128): [757,128,758,1,793,1297665,794,0,795,1297665,796,4273,798,1,806,com.android.systemui,857,screen_record,858,3,947,0,1395,4,1500,1297462,1688,1,1745,680407814]
09-16 01:15:25.299 I/sysui_multi_action( 1128): [757,804,799,note_freshness,801,1297665,802,1]
09-16 01:15:25.299 I/notification_visibility( 1128): [0|com.android.systemui|4273|null|10087,1,1297665,1297665,0,1]
09-16 01:15:25.300 I/sysui_multi_action( 1128): [757,128,758,1,793,1493898,794,0,795,1493898,796,55,798,2,806,android,857,DEVELOPER,858,2,947,0,1395,4,1500,1493265,1688,1]
09-16 01:15:25.300 I/sysui_multi_action( 1128): [757,804,799,note_freshness,801,1493898,802,1]
09-16 01:15:25.300 I/notification_visibility( 1128): [-1|android|55|null|1000,1,1493898,1493898,0,2]
09-16 01:15:25.301 I/sysui_multi_action( 1128): [757,128,758,1,793,1497331,794,0,795,1497331,796,32,798,3,806,android,857,USB,858,1,947,0,1395,4,1500,1497144,1688,1]
09-16 01:15:25.301 I/sysui_multi_action( 1128): [757,804,799,note_freshness,801,1497331,802,1]
09-16 01:15:25.301 I/notification_visibility( 1128): [-1|android|32|null|1000,1,1497331,1497331,0,3]
09-16 01:16:09.007 I/auditd ( 4752): type=1400 audit(0.0:238): avc: granted { nlmsg_readpriv } for comm="ChromiumNet0" scontext=u:r:untrusted_app_29:s0:c105,c256,c512,c768 tcontext=u:r:untrusted_app_29:s0:c105,c256,c512,c768 tclass=netlink_route_socket app=com.ss.android.ugc.aweme
09-16 01:16:18.227 I/sysui_multi_action( 1128): [757,1696,758,6,759,2]
09-16 01:16:18.239 I/am_wtf ( 1128): [0,1128,system_server,-1,DisplayDeviceConfig,requesting nits when no mapping exists.]
09-16 01:16:18.243 I/am_wtf ( 1128): [0,1128,system_server,-1,DisplayDeviceConfig,requesting nits when no mapping exists.]
09-16 01:16:18.253 I/am_wtf ( 1128): [0,1128,system_server,-1,DisplayDeviceConfig,requesting nits when no mapping exists.]
09-16 01:16:18.257 I/am_wtf ( 1128): [0,1128,system_server,-1,DisplayDeviceConfig,requesting nits when no mapping exists.]
09-16 01:16:18.265 I/am_wtf ( 1128): [0,1128,system_server,-1,DisplayDeviceConfig,requesting nits when no mapping exists.]
09-16 01:16:18.267 I/am_wtf ( 1128): [0,1128,system_server,-1,DisplayDeviceConfig,requesting nits when no mapping exists.]
09-16 01:16:18.282 I/am_wtf ( 1128): [0,1128,system_server,-1,DisplayDeviceConfig,requesting nits when no mapping exists.]
09-16 01:16:18.283 I/am_wtf ( 1128): [0,1128,system_server,-1,DisplayDeviceConfig,requesting nits when no mapping exists.]
09-16 01:16:18.299 I/am_wtf ( 1128): [0,1128,system_server,-1,DisplayDeviceConfig,requesting nits when no mapping exists.]
09-16 01:16:18.300 I/am_wtf ( 1128): [0,1128,system_server,-1,DisplayDeviceConfig,requesting nits when no mapping exists.]
09-16 01:16:18.315 I/am_wtf ( 1128): [0,1128,system_server,-1,DisplayDeviceConfig,requesting nits when no mapping exists.]
09-16 01:16:18.317 I/am_wtf ( 1128): [0,1128,system_server,-1,DisplayDeviceConfig,requesting nits when no mapping exists.]
09-16 01:16:18.338 I/am_wtf ( 1128): [0,1128,system_server,-1,DisplayDeviceConfig,requesting nits when no mapping exists.]
09-16 01:16:18.339 I/am_wtf ( 1128): [0,1128,system_server,-1,DisplayDeviceConfig,requesting nits when no mapping exists.]
09-16 01:16:18.351 I/am_wtf ( 1128): [0,1128,system_server,-1,DisplayDeviceConfig,requesting nits when no mapping exists.]
09-16 01:16:18.353 I/am_wtf ( 1128): [0,1128,system_server,-1,DisplayDeviceConfig,requesting nits when no mapping exists.]
09-16 01:16:18.365 I/am_wtf ( 1128): [0,1128,system_server,-1,DisplayDeviceConfig,requesting nits when no mapping exists.]
09-16 01:16:18.366 I/am_wtf ( 1128): [0,1128,system_server,-1,DisplayDeviceConfig,requesting nits when no mapping exists.]
09-16 01:16:18.382 I/am_wtf ( 1128): [0,1128,system_server,-1,DisplayDeviceConfig,requesting nits when no mapping exists.]
09-16 01:16:18.383 I/am_wtf ( 1128): [0,1128,system_server,-1,DisplayDeviceConfig,requesting nits when no mapping exists.]
09-16 01:16:18.399 I/am_wtf ( 1128): [0,1128,system_server,-1,DisplayDeviceConfig,requesting nits when no mapping exists.]
09-16 01:16:18.401 I/am_wtf ( 1128): [0,1128,system_server,-1,DisplayDeviceConfig,requesting nits when no mapping exists.]
09-16 01:16:18.416 I/am_wtf ( 1128): [0,1128,system_server,-1,DisplayDeviceConfig,requesting nits when no mapping exists.]
09-16 01:16:18.417 I/am_wtf ( 1128): [0,1128,system_server,-1,DisplayDeviceConfig,requesting nits when no mapping exists.]
09-16 01:16:18.432 I/am_wtf ( 1128): [0,1128,system_server,-1,DisplayDeviceConfig,requesting nits when no mapping exists.]
09-16 01:16:18.434 I/am_wtf ( 1128): [0,1128,system_server,-1,DisplayDeviceConfig,requesting nits when no mapping exists.]
09-16 01:16:18.449 I/am_wtf ( 1128): [0,1128,system_server,-1,DisplayDeviceConfig,requesting nits when no mapping exists.]
09-16 01:16:18.450 I/am_wtf ( 1128): [0,1128,system_server,-1,DisplayDeviceConfig,requesting nits when no mapping exists.]
09-16 01:16:18.465 I/am_wtf ( 1128): [0,1128,system_server,-1,DisplayDeviceConfig,requesting nits when no mapping exists.]
09-16 01:16:18.467 I/am_wtf ( 1128): [0,1128,system_server,-1,DisplayDeviceConfig,requesting nits when no mapping exists.]
09-16 01:16:18.482 I/am_wtf ( 1128): [0,1128,system_server,-1,DisplayDeviceConfig,requesting nits when no mapping exists.]
09-16 01:16:18.483 I/am_wtf ( 1128): [0,1128,system_server,-1,DisplayDeviceConfig,requesting nits when no mapping exists.]
09-16 01:16:18.484 I/service_manager_stats( 1128): [100,137,116560]
09-16 01:16:18.499 I/am_wtf ( 1128): [0,1128,system_server,-1,DisplayDeviceConfig,requesting nits when no mapping exists.]
09-16 01:16:18.501 I/am_wtf ( 1128): [0,1128,system_server,-1,DisplayDeviceConfig,requesting nits when no mapping exists.]
09-16 01:16:18.516 I/am_wtf ( 1128): [0,1128,system_server,-1,DisplayDeviceConfig,requesting nits when no mapping exists.]
09-16 01:16:18.519 I/am_wtf ( 1128): [0,1128,system_server,-1,DisplayDeviceConfig,requesting nits when no mapping exists.]
09-16 01:16:18.533 I/am_wtf ( 1128): [0,1128,system_server,-1,DisplayDeviceConfig,requesting nits when no mapping exists.]
09-16 01:16:18.534 I/am_wtf ( 1128): [0,1128,system_server,-1,DisplayDeviceConfig,requesting nits when no mapping exists.]
09-16 01:16:18.549 I/am_wtf ( 1128): [0,1128,system_server,-1,DisplayDeviceConfig,requesting nits when no mapping exists.]
09-16 01:16:18.551 I/am_wtf ( 1128): [0,1128,system_server,-1,DisplayDeviceConfig,requesting nits when no mapping exists.]
09-16 01:16:18.566 I/am_wtf ( 1128): [0,1128,system_server,-1,DisplayDeviceConfig,requesting nits when no mapping exists.]
09-16 01:16:18.566 I/am_wtf ( 1128): [0,1128,system_server,-1,DisplayDeviceConfig,requesting nits when no mapping exists.]
09-16 01:16:18.583 I/am_wtf ( 1128): [0,1128,system_server,-1,DisplayDeviceConfig,requesting nits when no mapping exists.]
09-16 01:16:18.584 I/am_wtf ( 1128): [0,1128,system_server,-1,DisplayDeviceConfig,requesting nits when no mapping exists.]
09-16 01:16:18.599 I/am_wtf ( 1128): [0,1128,system_server,-1,DisplayDeviceConfig,requesting nits when no mapping exists.]
09-16 01:16:18.601 I/am_wtf ( 1128): [0,1128,system_server,-1,DisplayDeviceConfig,requesting nits when no mapping exists.]
09-16 01:16:18.616 I/am_wtf ( 1128): [0,1128,system_server,-1,DisplayDeviceConfig,requesting nits when no mapping exists.]
09-16 01:16:18.617 I/am_wtf ( 1128): [0,1128,system_server,-1,DisplayDeviceConfig,requesting nits when no mapping exists.]
09-16 01:16:18.633 I/am_wtf ( 1128): [0,1128,system_server,-1,DisplayDeviceConfig,requesting nits when no mapping exists.]
09-16 01:16:18.634 I/am_wtf ( 1128): [0,1128,system_server,-1,DisplayDeviceConfig,requesting nits when no mapping exists.]
09-16 01:16:18.649 I/am_wtf ( 1128): [0,1128,system_server,-1,DisplayDeviceConfig,requesting nits when no mapping exists.]
09-16 01:16:18.650 I/am_wtf ( 1128): [0,1128,system_server,-1,DisplayDeviceConfig,requesting nits when no mapping exists.]
09-16 01:16:18.666 I/am_wtf ( 1128): [0,1128,system_server,-1,DisplayDeviceConfig,requesting nits when no mapping exists.]
09-16 01:16:18.667 I/am_wtf ( 1128): [0,1128,system_server,-1,DisplayDeviceConfig,requesting nits when no mapping exists.]
09-16 01:16:18.683 I/am_wtf ( 1128): [0,1128,system_server,-1,DisplayDeviceConfig,requesting nits when no mapping exists.]
09-16 01:16:18.685 I/am_wtf ( 1128): [0,1128,system_server,-1,DisplayDeviceConfig,requesting nits when no mapping exists.]
09-16 01:16:18.700 I/am_wtf ( 1128): [0,1128,system_server,-1,DisplayDeviceConfig,requesting nits when no mapping exists.]
09-16 01:16:18.701 I/am_wtf ( 1128): [0,1128,system_server,-1,DisplayDeviceConfig,requesting nits when no mapping exists.]
09-16 01:16:18.716 I/am_wtf ( 1128): [0,1128,system_server,-1,DisplayDeviceConfig,requesting nits when no mapping exists.]
09-16 01:16:18.718 I/am_wtf ( 1128): [0,1128,system_server,-1,DisplayDeviceConfig,requesting nits when no mapping exists.]
09-16 01:16:18.733 I/am_wtf ( 1128): [0,1128,system_server,-1,DisplayDeviceConfig,requesting nits when no mapping exists.]
09-16 01:16:18.734 I/am_wtf ( 1128): [0,1128,system_server,-1,DisplayDeviceConfig,requesting nits when no mapping exists.]
09-16 01:16:18.749 I/am_wtf ( 1128): [0,1128,system_server,-1,DisplayDeviceConfig,requesting nits when no mapping exists.]
09-16 01:16:18.751 I/am_wtf ( 1128): [0,1128,system_server,-1,DisplayDeviceConfig,requesting nits when no mapping exists.]
09-16 01:16:18.766 I/am_wtf ( 1128): [0,1128,system_server,-1,DisplayDeviceConfig,requesting nits when no mapping exists.]
09-16 01:16:18.767 I/am_wtf ( 1128): [0,1128,system_server,-1,DisplayDeviceConfig,requesting nits when no mapping exists.]
09-16 01:16:18.783 I/am_wtf ( 1128): [0,1128,system_server,-1,DisplayDeviceConfig,requesting nits when no mapping exists.]
09-16 01:16:18.785 I/am_wtf ( 1128): [0,1128,system_server,-1,DisplayDeviceConfig,requesting nits when no mapping exists.]
09-16 01:16:18.800 I/am_wtf ( 1128): [0,1128,system_server,-1,DisplayDeviceConfig,requesting nits when no mapping exists.]
09-16 01:16:18.801 I/am_wtf ( 1128): [0,1128,system_server,-1,DisplayDeviceConfig,requesting nits when no mapping exists.]
09-16 01:16:18.821 I/am_wtf ( 1128): [0,1128,system_server,-1,DisplayDeviceConfig,requesting nits when no mapping exists.]
09-16 01:16:18.821 I/am_wtf ( 1128): [0,1128,system_server,-1,DisplayDeviceConfig,requesting nits when no mapping exists.]
09-16 01:16:18.834 I/am_wtf ( 1128): [0,1128,system_server,-1,DisplayDeviceConfig,requesting nits when no mapping exists.]
09-16 01:16:18.835 I/am_wtf ( 1128): [0,1128,system_server,-1,DisplayDeviceConfig,requesting nits when no mapping exists.]
09-16 01:16:18.850 I/am_wtf ( 1128): [0,1128,system_server,-1,DisplayDeviceConfig,requesting nits when no mapping exists.]
09-16 01:16:18.851 I/am_wtf ( 1128): [0,1128,system_server,-1,DisplayDeviceConfig,requesting nits when no mapping exists.]
09-16 01:16:18.866 I/am_wtf ( 1128): [0,1128,system_server,-1,DisplayDeviceConfig,requesting nits when no mapping exists.]
09-16 01:16:18.867 I/am_wtf ( 1128): [0,1128,system_server,-1,DisplayDeviceConfig,requesting nits when no mapping exists.]
09-16 01:16:18.884 I/am_wtf ( 1128): [0,1128,system_server,-1,DisplayDeviceConfig,requesting nits when no mapping exists.]
09-16 01:16:18.885 I/am_wtf ( 1128): [0,1128,system_server,-1,DisplayDeviceConfig,requesting nits when no mapping exists.]
09-16 01:16:18.900 I/am_wtf ( 1128): [0,1128,system_server,-1,DisplayDeviceConfig,requesting nits when no mapping exists.]
09-16 01:16:18.902 I/am_wtf ( 1128): [0,1128,system_server,-1,DisplayDeviceConfig,requesting nits when no mapping exists.]
09-16 01:16:18.917 I/am_wtf ( 1128): [0,1128,system_server,-1,DisplayDeviceConfig,requesting nits when no mapping exists.]
09-16 01:16:18.918 I/am_wtf ( 1128): [0,1128,system_server,-1,DisplayDeviceConfig,requesting nits when no mapping exists.]
09-16 01:16:18.933 I/am_wtf ( 1128): [0,1128,system_server,-1,DisplayDeviceConfig,requesting nits when no mapping exists.]
09-16 01:16:18.934 I/am_wtf ( 1128): [0,1128,system_server,-1,DisplayDeviceConfig,requesting nits when no mapping exists.]
09-16 01:16:18.950 I/am_wtf ( 1128): [0,1128,system_server,-1,DisplayDeviceConfig,requesting nits when no mapping exists.]
09-16 01:16:18.951 I/am_wtf ( 1128): [0,1128,system_server,-1,DisplayDeviceConfig,requesting nits when no mapping exists.]
09-16 01:16:18.967 I/am_wtf ( 1128): [0,1128,system_server,-1,DisplayDeviceConfig,requesting nits when no mapping exists.]
09-16 01:16:18.968 I/am_wtf ( 1128): [0,1128,system_server,-1,DisplayDeviceConfig,requesting nits when no mapping exists.]
09-16 01:16:18.984 I/am_wtf ( 1128): [0,1128,system_server,-1,DisplayDeviceConfig,requesting nits when no mapping exists.]
09-16 01:16:18.985 I/am_wtf ( 1128): [0,1128,system_server,-1,DisplayDeviceConfig,requesting nits when no mapping exists.]
09-16 01:16:20.391 I/input_interaction( 1128): Interaction with: 59e8c99 NotificationShade (server), edge-swipe (server), swipe-up (server), PointerEventDispatcher0 (server),
09-16 01:16:20.404 I/sysui_multi_action( 1128): [757,1696,758,6,759,3]
09-16 01:16:20.415 I/am_wtf ( 1128): [0,1128,system_server,-1,DisplayDeviceConfig,requesting nits when no mapping exists.]
09-16 01:16:20.418 I/am_wtf ( 1128): [0,1128,system_server,-1,DisplayDeviceConfig,requesting nits when no mapping exists.]
09-16 01:16:20.440 I/am_wtf ( 1128): [0,1128,system_server,-1,DisplayDeviceConfig,requesting nits when no mapping exists.]
09-16 01:16:20.441 I/am_wtf ( 1128): [0,1128,system_server,-1,DisplayDeviceConfig,requesting nits when no mapping exists.]
09-16 01:16:20.455 I/am_wtf ( 1128): [0,1128,system_server,-1,DisplayDeviceConfig,requesting nits when no mapping exists.]
09-16 01:16:20.456 I/am_wtf ( 1128): [0,1128,system_server,-1,DisplayDeviceConfig,requesting nits when no mapping exists.]
09-16 01:16:20.470 I/am_wtf ( 1128): [0,1128,system_server,-1,DisplayDeviceConfig,requesting nits when no mapping exists.]
09-16 01:16:20.472 I/am_wtf ( 1128): [0,1128,system_server,-1,DisplayDeviceConfig,requesting nits when no mapping exists.]
09-16 01:16:20.487 I/am_wtf ( 1128): [0,1128,system_server,-1,DisplayDeviceConfig,requesting nits when no mapping exists.]
09-16 01:16:20.489 I/am_wtf ( 1128): [0,1128,system_server,-1,DisplayDeviceConfig,requesting nits when no mapping exists.]
09-16 01:16:20.504 I/am_wtf ( 1128): [0,1128,system_server,-1,DisplayDeviceConfig,requesting nits when no mapping exists.]
09-16 01:16:20.505 I/am_wtf ( 1128): [0,1128,system_server,-1,DisplayDeviceConfig,requesting nits when no mapping exists.]
09-16 01:16:20.521 I/am_wtf ( 1128): [0,1128,system_server,-1,DisplayDeviceConfig,requesting nits when no mapping exists.]
09-16 01:16:20.524 I/am_wtf ( 1128): [0,1128,system_server,-1,DisplayDeviceConfig,requesting nits when no mapping exists.]
09-16 01:16:20.538 I/am_wtf ( 1128): [0,1128,system_server,-1,DisplayDeviceConfig,requesting nits when no mapping exists.]
09-16 01:16:20.539 I/am_wtf ( 1128): [0,1128,system_server,-1,DisplayDeviceConfig,requesting nits when no mapping exists.]
09-16 01:16:20.554 I/am_wtf ( 1128): [0,1128,system_server,-1,DisplayDeviceConfig,requesting nits when no mapping exists.]
09-16 01:16:20.561 I/am_wtf ( 1128): [0,1128,system_server,-1,DisplayDeviceConfig,requesting nits when no mapping exists.]
09-16 01:16:20.572 I/am_wtf ( 1128): [0,1128,system_server,-1,DisplayDeviceConfig,requesting nits when no mapping exists.]
09-16 01:16:20.574 I/am_wtf ( 1128): [0,1128,system_server,-1,DisplayDeviceConfig,requesting nits when no mapping exists.]
09-16 01:16:20.605 I/am_wtf ( 1128): [0,1128,system_server,-1,DisplayDeviceConfig,requesting nits when no mapping exists.]
09-16 01:16:20.608 I/am_wtf ( 1128): [0,1128,system_server,-1,DisplayDeviceConfig,requesting nits when no mapping exists.]
09-16 01:16:20.638 I/am_wtf ( 1128): [0,1128,system_server,-1,DisplayDeviceConfig,requesting nits when no mapping exists.]
09-16 01:16:20.641 I/am_wtf ( 1128): [0,1128,system_server,-1,DisplayDeviceConfig,requesting nits when no mapping exists.]
09-16 01:16:20.655 I/am_wtf ( 1128): [0,1128,system_server,-1,DisplayDeviceConfig,requesting nits when no mapping exists.]
09-16 01:16:20.657 I/am_wtf ( 1128): [0,1128,system_server,-1,DisplayDeviceConfig,requesting nits when no mapping exists.]
09-16 01:16:20.671 I/am_wtf ( 1128): [0,1128,system_server,-1,DisplayDeviceConfig,requesting nits when no mapping exists.]
09-16 01:16:20.673 I/am_wtf ( 1128): [0,1128,system_server,-1,DisplayDeviceConfig,requesting nits when no mapping exists.]
09-16 01:16:20.688 I/am_wtf ( 1128): [0,1128,system_server,-1,DisplayDeviceConfig,requesting nits when no mapping exists.]
09-16 01:16:20.689 I/am_wtf ( 1128): [0,1128,system_server,-1,DisplayDeviceConfig,requesting nits when no mapping exists.]
09-16 01:16:20.706 I/am_wtf ( 1128): [0,1128,system_server,-1,DisplayDeviceConfig,requesting nits when no mapping exists.]
09-16 01:16:20.707 I/am_wtf ( 1128): [0,1128,system_server,-1,DisplayDeviceConfig,requesting nits when no mapping exists.]
09-16 01:16:20.722 I/am_wtf ( 1128): [0,1128,system_server,-1,DisplayDeviceConfig,requesting nits when no mapping exists.]
09-16 01:16:20.723 I/am_wtf ( 1128): [0,1128,system_server,-1,DisplayDeviceConfig,requesting nits when no mapping exists.]
09-16 01:16:20.738 I/am_wtf ( 1128): [0,1128,system_server,-1,DisplayDeviceConfig,requesting nits when no mapping exists.]
09-16 01:16:20.741 I/am_wtf ( 1128): [0,1128,system_server,-1,DisplayDeviceConfig,requesting nits when no mapping exists.]
09-16 01:16:20.754 I/am_wtf ( 1128): [0,1128,system_server,-1,DisplayDeviceConfig,requesting nits when no mapping exists.]
09-16 01:16:20.756 I/am_wtf ( 1128): [0,1128,system_server,-1,DisplayDeviceConfig,requesting nits when no mapping exists.]
09-16 01:16:20.771 I/am_wtf ( 1128): [0,1128,system_server,-1,DisplayDeviceConfig,requesting nits when no mapping exists.]
09-16 01:16:20.773 I/am_wtf ( 1128): [0,1128,system_server,-1,DisplayDeviceConfig,requesting nits when no mapping exists.]
09-16 01:16:20.788 I/am_wtf ( 1128): [0,1128,system_server,-1,DisplayDeviceConfig,requesting nits when no mapping exists.]
09-16 01:16:20.789 I/am_wtf ( 1128): [0,1128,system_server,-1,DisplayDeviceConfig,requesting nits when no mapping exists.]
09-16 01:16:20.805 I/am_wtf ( 1128): [0,1128,system_server,-1,DisplayDeviceConfig,requesting nits when no mapping exists.]
09-16 01:16:20.807 I/am_wtf ( 1128): [0,1128,system_server,-1,DisplayDeviceConfig,requesting nits when no mapping exists.]
09-16 01:16:20.808 I/sysui_multi_action( 1910): [757,366,758,4,759,126,927,0,928,0,1592,0,1593,1]
