09-16 01:26:57.870 I/DreamController( 1128): Starting dream: name=ComponentInfo{com.android.deskclock/com.android.deskclock.Screensaver}, isTest=false, canDoze=false, userId=0
09-16 01:26:57.870 I/sysui_multi_action( 1128): [757,222,758,1]
09-16 01:26:57.875 I/am_uid_active( 1128): 10074
09-16 01:26:57.878 V/ShadeControllerImpl( 1910): NotificationShadeWindow: com.android.systemui.statusbar.phone.NotificationShadeWindowView{b6143d0 I.E...... ......ID 0,0-2380,1020} canPanelBeCollapsed(): false
09-16 01:26:57.882 D/CompatibilityInfo( 1128): mCompatibilityFlags - 4
09-16 01:26:57.882 D/CompatibilityInfo( 1128): applicationDensity - 240
09-16 01:26:57.882 D/CompatibilityInfo( 1128): applicationScale - 1.0
09-16 01:26:57.886 V/Screensaver( 2689): Screensaver created
09-16 01:26:57.890 D/AutofillManagerService( 1128): Close system dialogs
09-16 01:26:57.893 I/ActivityTaskManager( 1128): START u0 {flg=0x10000000 pkg=com.android.deskclock cmp=com.android.deskclock/android.service.dreams.DreamActivity (has extras)} from uid 10074
09-16 01:26:57.893 I/EventSequenceValidator( 1128): Transition from ACTIVITY_FINISHED to INTENT_STARTED
09-16 01:26:57.895 I/wm_task_created( 1128): [170,-1]
09-16 01:26:57.895 W/ActivityTaskManager( 1128): Can't find TaskDisplayArea to determine support for multi window. Task id=170 attached=false
09-16 01:26:57.898 I/am_pss ( 1128): [8124,10068,com.android.music,7725056,4620288,0,90963968,0,19,11]
09-16 01:26:57.900 I/wm_task_moved( 1128): [170,1,6]
09-16 01:26:57.900 I/wm_task_to_front( 1128): [0,170]
09-16 01:26:57.901 I/wm_create_task( 1128): [0,170]
09-16 01:26:57.901 I/wm_create_activity( 1128): [0,16315803,170,com.android.deskclock/android.service.dreams.DreamActivity,NULL,NULL,NULL,276824064]
09-16 01:26:57.901 I/wm_task_moved( 1128): [170,1,6]
09-16 01:26:57.902 D/CompatibilityInfo( 1128): mCompatibilityFlags - 4
09-16 01:26:57.902 D/CompatibilityInfo( 1128): applicationDensity - 240
09-16 01:26:57.902 D/CompatibilityInfo( 1128): applicationScale - 1.0
09-16 01:26:57.902 V/SplashScreenExceptionList( 1128): SplashScreen checking exception for package com.android.deskclock (target sdk:29) -> false
09-16 01:26:57.902 I/wm_on_top_resumed_lost_called( 2439): [235585230,com.android.launcher3.uioverrides.QuickstepLauncher,topStateChangedWhenResumed]
09-16 01:26:57.903 D/ActivityTrigger( 1128): ActivityTrigger activityPauseTrigger
09-16 01:26:57.907 I/wm_pause_activity( 1128): [0,235585230,com.android.launcher3/.uioverrides.QuickstepLauncher,userLeaving=true,pauseBackTasks]
09-16 01:26:57.910 I/am_pss ( 1128): [3486,10073,com.qualcomm.qti.devicestatisticsservice,6196224,3604480,0,89202688,0,0,10]
09-16 01:26:57.921 I/EventSequenceValidator( 1128): Transition from INTENT_STARTED to ACTIVITY_LAUNCHED
09-16 01:26:57.921 I/wm_on_paused_called( 2439): [235585230,com.android.launcher3.uioverrides.QuickstepLauncher,performPause]
09-16 01:26:57.923 I/ActivityTaskManager( 1128): The Process com.android.deskclock Already Exists in BG. So sending its PID: 2689
09-16 01:26:57.924 W/ActivityTaskManager( 1128): Tried to set launchTime (0) < mLastActivityLaunchTime (1834386)
09-16 01:26:57.924 I/wm_add_to_stopping( 1128): [0,235585230,com.android.launcher3/.uioverrides.QuickstepLauncher,makeInvisible]
09-16 01:26:57.925 I/wm_restart_activity( 1128): [0,16315803,170,com.android.deskclock/android.service.dreams.DreamActivity]
09-16 01:26:57.925 D/CompatibilityInfo( 1128): mCompatibilityFlags - 4
09-16 01:26:57.925 D/CompatibilityInfo( 1128): applicationDensity - 240
09-16 01:26:57.925 D/CompatibilityInfo( 1128): applicationScale - 1.0
09-16 01:26:57.927 I/wm_set_resumed_activity( 1128): [0,com.android.deskclock/android.service.dreams.DreamActivity,minimalResumeActivityLocked]
09-16 01:26:57.939 I/wm_on_create_called( 2689): [16315803,android.service.dreams.DreamActivity,performCreate]
09-16 01:26:57.940 I/wm_on_start_called( 2689): [16315803,android.service.dreams.DreamActivity,handleStartActivity]
09-16 01:26:57.942 I/sysui_multi_action( 1128): [757,803,799,window_time_0,802,68]
09-16 01:26:57.943 I/wm_on_resume_called( 2689): [16315803,android.service.dreams.DreamActivity,RESUME_ACTIVITY]
09-16 01:26:57.947 I/input_focus( 1128): [Focus leaving 7ccd273 com.android.launcher3/com.android.launcher3.uioverrides.QuickstepLauncher (server),reason=NO_WINDOW]
09-16 01:26:57.948 D/KeyguardViewMediator( 1910): setOccluded true
09-16 01:26:57.950 I/wm_on_top_resumed_gained_called( 2689): [16315803,android.service.dreams.DreamActivity,topStateChangedWhenResumed]
09-16 01:26:57.951 I/OMX-VENC: venc_dev( 1344): stats: avg. fps 0.14, bitrate 3847
09-16 01:26:57.953 V/Screensaver( 2689): Screensaver attached to window
09-16 01:26:57.953 V/KeyguardUpdateMonitor( 1910): startListeningForFingerprint()
09-16 01:26:57.954 D/KeyguardViewMediator( 1910): adjustStatusBarLocked: mShowing=false mOccluded=true isSecure=false force=false --> flags=0x0
09-16 01:26:57.955 E/ThemeUtils( 2689): View class androidx.appcompat.widget.AppCompatImageView is an AppCompat widget that can only be used with a Theme.AppCompat theme (or descendant).
09-16 01:26:57.956 E/ThemeUtils( 2689): View class androidx.appcompat.widget.AppCompatImageView is an AppCompat widget that can only be used with a Theme.AppCompat theme (or descendant).
09-16 01:26:57.956 E/ThemeUtils( 2689): View class androidx.appcompat.widget.AppCompatImageView is an AppCompat widget that can only be used with a Theme.AppCompat theme (or descendant).
09-16 01:26:57.957 E/ThemeUtils( 2689): View class androidx.appcompat.widget.AppCompatImageView is an AppCompat widget that can only be used with a Theme.AppCompat theme (or descendant).
09-16 01:26:57.964 I/mpu_uart( 664): [MSG-P:RECV]:No message received in 1000 ms
09-16 01:26:57.973 I/input_focus( 1128): [Focus request 4675077 com.android.deskclock/android.service.dreams.DreamActivity,reason=UpdateInputWindows]
09-16 01:26:57.973 I/sysui_multi_action( 1910): [757,111,758,2]
09-16 01:26:57.974 I/sysui_multi_action( 1910): [757,111,758,2]
09-16 01:26:57.991 I/BpBinder( 1065): onLastStrongRef automatically unlinking death recipients:
09-16 01:26:57.992 I/sysui_multi_action( 1128): [319,96,322,95,325,2242,757,761,758,8,759,2,806,com.android.deskclock,871,android.service.dreams.DreamActivity,904,com.android.deskclock,905,0,1320,4,1321,1]
09-16 01:26:57.994 I/wm_activity_launch_time( 1128): [0,16315803,com.android.deskclock/android.service.dreams.DreamActivity,95]
09-16 01:26:57.995 I/ActivityTaskManager( 1128): Displayed com.android.deskclock/android.service.dreams.DreamActivity: +95ms
09-16 01:26:57.998 I/EventSequenceValidator( 1128): Transition from ACTIVITY_LAUNCHED to ACTIVITY_FINISHED
09-16 01:26:57.998 V/DisplayPowerController[0]( 1128): Brightness [0.7979798] reason changing to: 'manual', previous reason: 'manual [ dim ]'.
09-16 01:26:57.998 I/sysui_multi_action( 1128): [757,1696,758,6,759,3]
09-16 01:26:57.999 I/sysui_multi_action( 1910): [757,111,758,1]
09-16 01:26:57.999 I/sysui_multi_action( 1910): [757,126,758,1,759,126,927,0,928,0,1593,0]
09-16 01:26:57.999 I/sysui_multi_action( 1910): [757,113,758,1,759,113,927,1,928,1,1593,0]
09-16 01:26:57.999 I/sysui_multi_action( 1910): [757,0,758,1,759,0,927,2,928,0,1593,0]
09-16 01:26:57.999 I/sysui_multi_action( 1910): [757,0,758,1,759,0,927,3,928,0,1593,0]
09-16 01:26:57.999 I/sysui_multi_action( 1910): [757,1706,758,1,759,1706,927,4,928,0,1593,0]
09-16 01:26:58.000 I/sysui_multi_action( 1910): [757,491,758,1,759,491,927,5,928,0,1311,-1,1593,0]
09-16 01:26:58.000 I/sysui_multi_action( 1910): [757,0,758,1,759,0,927,6,1593,0]
09-16 01:26:58.000 I/sysui_multi_action( 1910): [757,114,758,1,759,114,927,7,928,0,1593,0]
09-16 01:26:58.000 I/sysui_multi_action( 1910): [757,268,758,1,759,268,806,com.ss.android.ugc.aweme,871,com.ss.android.ugc.aweme.tile.PublishTileService,927,8,1593,0]
09-16 01:26:58.000 I/sysui_multi_action( 1910): [757,111,758,1]
09-16 01:26:58.000 I/sysui_multi_action( 1910): [757,126,758,1,759,126,927,0,928,0,1593,0]
09-16 01:26:58.000 I/sysui_multi_action( 1910): [757,113,758,1,759,113,927,1,928,1,1593,0]
09-16 01:26:58.001 I/sysui_multi_action( 1910): [757,0,758,1,759,0,927,2,928,0,1593,0]
09-16 01:26:58.001 I/sysui_multi_action( 1910): [757,0,758,1,759,0,927,3,928,0,1593,0]
09-16 01:26:58.002 W/View ( 1910): requestLayout() improperly called by com.android.systemui.statusbar.phone.StatusIconContainer{8bf0d53 V.E...... ......ID 0,0-45,72 #7f0b0586 app:id/statusIcons} during layout: running second layout pass
09-16 01:26:58.004 W/HWComposer( 1065): Ignoring duplicate VSYNC event from HWC for display 4630946370410392961 (t=2242784964000)
09-16 01:26:58.004 E/DisplayDeviceConfig( 1128): requesting nits when no mapping exists.
09-16 01:26:58.005 E/DisplayDeviceConfig( 1128): requesting nits when no mapping exists.
09-16 01:26:58.005 I/am_wtf ( 1128): [0,1128,system_server,-1,DisplayDeviceConfig,requesting nits when no mapping exists.]
09-16 01:26:58.007 D/StatusBar( 1910): disable disable2
09-16 01:26:58.008 I/am_wtf ( 1128): [0,1128,system_server,-1,DisplayDeviceConfig,requesting nits when no mapping exists.]
09-16 01:26:58.019 W/HWComposer( 1065): Ignoring duplicate VSYNC event from HWC for display 4630946370410392961 (t=2242801746000)
09-16 01:26:58.033 I/input_focus( 1128): [Focus entering 4675077 com.android.deskclock/android.service.dreams.DreamActivity (server),reason=Window became focusable. Previous reason: NOT_VISIBLE]
09-16 01:26:58.036 W/HWComposer( 1065): Ignoring duplicate VSYNC event from HWC for display 4630946370410392961 (t=2242818373000)
09-16 01:26:58.038 D/Sogou ( 2787): onUnbindInput finish
09-16 01:26:58.039 D/Sogou ( 2787): onFinishInput:
09-16 01:26:58.052 W/HWComposer( 1065): Ignoring duplicate VSYNC event from HWC for display 4630946370410392961 (t=2242835102000)
09-16 01:26:58.069 W/HWComposer( 1065): Ignoring duplicate VSYNC event from HWC for display 4630946370410392961 (t=2242851759000)
09-16 01:26:58.069 E/DisplayDeviceConfig( 1128): requesting nits when no mapping exists.
09-16 01:26:58.070 E/DisplayDeviceConfig( 1128): requesting nits when no mapping exists.
09-16 01:26:58.070 I/am_wtf ( 1128): [0,1128,system_server,-1,DisplayDeviceConfig,requesting nits when no mapping exists.]
09-16 01:26:58.074 I/am_wtf ( 1128): [0,1128,system_server,-1,DisplayDeviceConfig,requesting nits when no mapping exists.]
09-16 01:26:58.087 E/DisplayDeviceConfig( 1128): requesting nits when no mapping exists.
09-16 01:26:58.088 I/am_wtf ( 1128): [0,1128,system_server,-1,DisplayDeviceConfig,requesting nits when no mapping exists.]
09-16 01:26:58.088 E/DisplayDeviceConfig( 1128): requesting nits when no mapping exists.
09-16 01:26:58.089 I/am_wtf ( 1128): [0,1128,system_server,-1,DisplayDeviceConfig,requesting nits when no mapping exists.]
09-16 01:26:58.120 E/DisplayDeviceConfig( 1128): requesting nits when no mapping exists.
09-16 01:26:58.120 E/DisplayDeviceConfig( 1128): requesting nits when no mapping exists.
09-16 01:26:58.120 I/am_wtf ( 1128): [0,1128,system_server,-1,DisplayDeviceConfig,requesting nits when no mapping exists.]
09-16 01:26:58.122 I/am_wtf ( 1128): [0,1128,system_server,-1,DisplayDeviceConfig,requesting nits when no mapping exists.]
09-16 01:26:58.154 E/DisplayDeviceConfig( 1128): requesting nits when no mapping exists.
09-16 01:26:58.154 E/DisplayDeviceConfig( 1128): requesting nits when no mapping exists.
09-16 01:26:58.157 I/am_wtf ( 1128): [0,1128,system_server,-1,DisplayDeviceConfig,requesting nits when no mapping exists.]
09-16 01:26:58.158 I/am_wtf ( 1128): [0,1128,system_server,-1,DisplayDeviceConfig,requesting nits when no mapping exists.]
09-16 01:26:58.186 E/DisplayDeviceConfig( 1128): requesting nits when no mapping exists.
09-16 01:26:58.187 E/DisplayDeviceConfig( 1128): requesting nits when no mapping exists.
09-16 01:26:58.188 I/am_wtf ( 1128): [0,1128,system_server,-1,DisplayDeviceConfig,requesting nits when no mapping exists.]
09-16 01:26:58.189 I/am_wtf ( 1128): [0,1128,system_server,-1,DisplayDeviceConfig,requesting nits when no mapping exists.]
01-01 13:50:32.945 D/ ( 0): mv2112_read_status
01-01 13:50:32.949 D/mv2112_update_link( 0): 3.0x901(1G): 0x80
01-01 13:50:32.954 D/mv2112_update_link( 0): 3.0x8109(100M): 0x0
01-01 13:50:32.960 D/mv2112_update_link( 0): link 0x0
01-01 13:50:32.964 D/mv2112_read_status( 0): autoneg is disabled
09-16 01:26:58.230 I/HttpClient( 2063): onFailed
09-16 01:26:58.230 I/MicroService( 2063): sendConnectStateBroadCast() state0
09-16 01:26:58.232 I/MicroService( 2063): onNettyConnectState0
09-16 01:26:58.232 I/MicroService( 2063): onNettyConnectState count = 0
09-16 01:26:58.237 E/DisplayDeviceConfig( 1128): requesting nits when no mapping exists.
09-16 01:26:58.248 I/am_wtf ( 1128): [0,1128,system_server,-1,DisplayDeviceConfig,requesting nits when no mapping exists.]
09-16 01:26:58.249 E/DisplayDeviceConfig( 1128): requesting nits when no mapping exists.
09-16 01:26:58.249 I/am_wtf ( 1128): [0,1128,system_server,-1,DisplayDeviceConfig,requesting nits when no mapping exists.]
09-16 01:26:58.270 E/DisplayDeviceConfig( 1128): requesting nits when no mapping exists.
09-16 01:26:58.270 E/DisplayDeviceConfig( 1128): requesting nits when no mapping exists.
09-16 01:26:58.273 I/am_wtf ( 1128): [0,1128,system_server,-1,DisplayDeviceConfig,requesting nits when no mapping exists.]
09-16 01:26:58.276 I/am_wtf ( 1128): [0,1128,system_server,-1,DisplayDeviceConfig,requesting nits when no mapping exists.]
09-16 01:26:58.296 I/wm_stop_activity( 1128): [0,235585230,com.android.launcher3/.uioverrides.QuickstepLauncher]
09-16 01:26:58.303 E/DisplayDeviceConfig( 1128): requesting nits when no mapping exists.
09-16 01:26:58.304 E/DisplayDeviceConfig( 1128): requesting nits when no mapping exists.
09-16 01:26:58.304 I/am_wtf ( 1128): [0,1128,system_server,-1,DisplayDeviceConfig,requesting nits when no mapping exists.]
09-16 01:26:58.305 I/service_manager_stats( 1128): [100,97,7384]
09-16 01:26:58.306 I/am_wtf ( 1128): [0,1128,system_server,-1,DisplayDeviceConfig,requesting nits when no mapping exists.]
09-16 01:26:58.329 D/StateManager( 2439): goToState: Normal
09-16 01:26:58.330 I/wm_on_stop_called( 2439): [235585230,com.android.launcher3.uioverrides.QuickstepLauncher,STOP_ACTIVITY_ITEM]
09-16 01:26:58.337 E/DisplayDeviceConfig( 1128): requesting nits when no mapping exists.
09-16 01:26:58.337 I/am_wtf ( 1128): [0,1128,system_server,-1,DisplayDeviceConfig,requesting nits when no mapping exists.]
09-16 01:26:58.337 E/DisplayDeviceConfig( 1128): requesting nits when no mapping exists.
09-16 01:26:58.339 I/am_wtf ( 1128): [0,1128,system_server,-1,DisplayDeviceConfig,requesting nits when no mapping exists.]
09-16 01:26:58.353 E/DisplayDeviceConfig( 1128): requesting nits when no mapping exists.
09-16 01:26:58.354 E/DisplayDeviceConfig( 1128): requesting nits when no mapping exists.
09-16 01:26:58.354 I/am_wtf ( 1128): [0,1128,system_server,-1,DisplayDeviceConfig,requesting nits when no mapping exists.]
09-16 01:26:58.355 I/am_wtf ( 1128): [0,1128,system_server,-1,DisplayDeviceConfig,requesting nits when no mapping exists.]
09-16 01:26:58.370 E/DisplayDeviceConfig( 1128): requesting nits when no mapping exists.
09-16 01:26:58.371 E/DisplayDeviceConfig( 1128): requesting nits when no mapping exists.
09-16 01:26:58.371 I/am_wtf ( 1128): [0,1128,system_server,-1,DisplayDeviceConfig,requesting nits when no mapping exists.]
09-16 01:26:58.372 I/am_wtf ( 1128): [0,1128,system_server,-1,DisplayDeviceConfig,requesting nits when no mapping exists.]
09-16 01:26:58.387 E/DisplayDeviceConfig( 1128): requesting nits when no mapping exists.
09-16 01:26:58.387 E/DisplayDeviceConfig( 1128): requesting nits when no mapping exists.
09-16 01:26:58.388 I/am_wtf ( 1128): [0,1128,system_server,-1,DisplayDeviceConfig,requesting nits when no mapping exists.]
09-16 01:26:58.389 I/am_wtf ( 1128): [0,1128,system_server,-1,DisplayDeviceConfig,requesting nits when no mapping exists.]
09-16 01:26:58.404 E/DisplayDeviceConfig( 1128): requesting nits when no mapping exists.
09-16 01:26:58.405 E/DisplayDeviceConfig( 1128): requesting nits when no mapping exists.
09-16 01:26:58.405 I/am_wtf ( 1128): [0,1128,system_server,-1,DisplayDeviceConfig,requesting nits when no mapping exists.]
09-16 01:26:58.407 I/am_wtf ( 1128): [0,1128,system_server,-1,DisplayDeviceConfig,requesting nits when no mapping exists.]
09-16 01:26:58.421 E/DisplayDeviceConfig( 1128): requesting nits when no mapping exists.
09-16 01:26:58.421 E/DisplayDeviceConfig( 1128): requesting nits when no mapping exists.
09-16 01:26:58.422 I/am_wtf ( 1128): [0,1128,system_server,-1,DisplayDeviceConfig,requesting nits when no mapping exists.]
09-16 01:26:58.424 I/am_wtf ( 1128): [0,1128,system_server,-1,DisplayDeviceConfig,requesting nits when no mapping exists.]
09-16 01:26:58.437 E/DisplayDeviceConfig( 1128): requesting nits when no mapping exists.
09-16 01:26:58.437 E/DisplayDeviceConfig( 1128): requesting nits when no mapping exists.
09-16 01:26:58.438 I/am_wtf ( 1128): [0,1128,system_server,-1,DisplayDeviceConfig,requesting nits when no mapping exists.]
09-16 01:26:58.440 I/am_wtf ( 1128): [0,1128,system_server,-1,DisplayDeviceConfig,requesting nits when no mapping exists.]
09-16 01:26:58.454 E/DisplayDeviceConfig( 1128): requesting nits when no mapping exists.
09-16 01:26:58.454 E/DisplayDeviceConfig( 1128): requesting nits when no mapping exists.
09-16 01:26:58.455 I/am_wtf ( 1128): [0,1128,system_server,-1,DisplayDeviceConfig,requesting nits when no mapping exists.]
09-16 01:26:58.457 I/am_wtf ( 1128): [0,1128,system_server,-1,DisplayDeviceConfig,requesting nits when no mapping exists.]
09-16 01:26:58.471 E/DisplayDeviceConfig( 1128): requesting nits when no mapping exists.
09-16 01:26:58.472 E/DisplayDeviceConfig( 1128): requesting nits when no mapping exists.
09-16 01:26:58.472 I/am_wtf ( 1128): [0,1128,system_server,-1,DisplayDeviceConfig,requesting nits when no mapping exists.]
09-16 01:26:58.475 I/am_wtf ( 1128): [0,1128,system_server,-1,DisplayDeviceConfig,requesting nits when no mapping exists.]
09-16 01:26:58.487 E/DisplayDeviceConfig( 1128): requesting nits when no mapping exists.
09-16 01:26:58.488 E/DisplayDeviceConfig( 1128): requesting nits when no mapping exists.
09-16 01:26:58.488 I/am_wtf ( 1128): [0,1128,system_server,-1,DisplayDeviceConfig,requesting nits when no mapping exists.]
09-16 01:26:58.491 I/am_wtf ( 1128): [0,1128,system_server,-1,DisplayDeviceConfig,requesting nits when no mapping exists.]
09-16 01:26:58.505 E/DisplayDeviceConfig( 1128): requesting nits when no mapping exists.
09-16 01:26:58.506 E/DisplayDeviceConfig( 1128): requesting nits when no mapping exists.
09-16 01:26:58.507 I/am_wtf ( 1128): [0,1128,system_server,-1,DisplayDeviceConfig,requesting nits when no mapping exists.]
09-16 01:26:58.514 I/am_wtf ( 1128): [0,1128,system_server,-1,DisplayDeviceConfig,requesting nits when no mapping exists.]
09-16 01:26:58.520 E/DisplayDeviceConfig( 1128): requesting nits when no mapping exists.
09-16 01:26:58.521 E/DisplayDeviceConfig( 1128): requesting nits when no mapping exists.
09-16 01:26:58.521 I/am_wtf ( 1128): [0,1128,system_server,-1,DisplayDeviceConfig,requesting nits when no mapping exists.]
09-16 01:26:58.531 I/am_wtf ( 1128): [0,1128,system_server,-1,DisplayDeviceConfig,requesting nits when no mapping exists.]
09-16 01:26:58.537 E/DisplayDeviceConfig( 1128): requesting nits when no mapping exists.
09-16 01:26:58.538 E/DisplayDeviceConfig( 1128): requesting nits when no mapping exists.
09-16 01:26:58.538 I/am_wtf ( 1128): [0,1128,system_server,-1,DisplayDeviceConfig,requesting nits when no mapping exists.]
09-16 01:26:58.539 I/am_wtf ( 1128): [0,1128,system_server,-1,DisplayDeviceConfig,requesting nits when no mapping exists.]
09-16 01:26:58.555 E/DisplayDeviceConfig( 1128): requesting nits when no mapping exists.
09-16 01:26:58.555 E/DisplayDeviceConfig( 1128): requesting nits when no mapping exists.
09-16 01:26:58.555 I/am_wtf ( 1128): [0,1128,system_server,-1,DisplayDeviceConfig,requesting nits when no mapping exists.]
09-16 01:26:58.557 I/am_wtf ( 1128): [0,1128,system_server,-1,DisplayDeviceConfig,requesting nits when no mapping exists.]
09-16 01:26:58.587 E/DisplayDeviceConfig( 1128): requesting nits when no mapping exists.
09-16 01:26:58.588 E/DisplayDeviceConfig( 1128): requesting nits when no mapping exists.
09-16 01:26:58.588 I/am_wtf ( 1128): [0,1128,system_server,-1,DisplayDeviceConfig,requesting nits when no mapping exists.]
09-16 01:26:58.590 I/am_wtf ( 1128): [0,1128,system_server,-1,DisplayDeviceConfig,requesting nits when no mapping exists.]
09-16 01:26:58.605 E/DisplayDeviceConfig( 1128): requesting nits when no mapping exists.
09-16 01:26:58.605 E/DisplayDeviceConfig( 1128): requesting nits when no mapping exists.
09-16 01:26:58.605 I/am_wtf ( 1128): [0,1128,system_server,-1,DisplayDeviceConfig,requesting nits when no mapping exists.]
09-16 01:26:58.607 I/am_wtf ( 1128): [0,1128,system_server,-1,DisplayDeviceConfig,requesting nits when no mapping exists.]
01-01 13:50:33.362 E/i2c_geni 980000.i2c( 0): i2c error :-107
01-01 13:50:33.367 E/ ( 0): [MAX975X:mcu_keep_wakeup_work_func] *ERROR* Failed to write dev:0x15 addr:0x22 value:0x80
09-16 01:26:58.628 E/DisplayDeviceConfig( 1128): requesting nits when no mapping exists.
09-16 01:26:58.629 E/DisplayDeviceConfig( 1128): requesting nits when no mapping exists.
09-16 01:26:58.630 I/am_wtf ( 1128): [0,1128,system_server,-1,DisplayDeviceConfig,requesting nits when no mapping exists.]
09-16 01:26:58.631 I/am_wtf ( 1128): [0,1128,system_server,-1,DisplayDeviceConfig,requesting nits when no mapping exists.]
01-01 13:50:33.380 E/i2c_geni 980000.i2c( 0): i2c error :-107
01-01 13:50:33.385 E/ ( 0): [MAX975X:mcu_keep_wakeup_work_func] *ERROR* Failed to write dev:0x15 addr:0x20 value:0x09
09-16 01:26:58.654 E/DisplayDeviceConfig( 1128): requesting nits when no mapping exists.
09-16 01:26:58.655 I/am_wtf ( 1128): [0,1128,system_server,-1,DisplayDeviceConfig,requesting nits when no mapping exists.]
09-16 01:26:58.656 E/DisplayDeviceConfig( 1128): requesting nits when no mapping exists.
09-16 01:26:58.658 I/am_wtf ( 1128): [0,1128,system_server,-1,DisplayDeviceConfig,requesting nits when no mapping exists.]
09-16 01:26:58.671 E/DisplayDeviceConfig( 1128): requesting nits when no mapping exists.
09-16 01:26:58.672 E/DisplayDeviceConfig( 1128): requesting nits when no mapping exists.
09-16 01:26:58.672 I/am_wtf ( 1128): [0,1128,system_server,-1,DisplayDeviceConfig,requesting nits when no mapping exists.]
09-16 01:26:58.675 I/am_wtf ( 1128): [0,1128,system_server,-1,DisplayDeviceConfig,requesting nits when no mapping exists.]
09-16 01:26:58.689 E/DisplayDeviceConfig( 1128): requesting nits when no mapping exists.
09-16 01:26:58.690 I/am_wtf ( 1128): [0,1128,system_server,-1,DisplayDeviceConfig,requesting nits when no mapping exists.]
09-16 01:26:58.690 E/DisplayDeviceConfig( 1128): requesting nits when no mapping exists.
09-16 01:26:58.697 I/am_wtf ( 1128): [0,1128,system_server,-1,DisplayDeviceConfig,requesting nits when no mapping exists.]
09-16 01:26:58.704 E/DisplayDeviceConfig( 1128): requesting nits when no mapping exists.
09-16 01:26:58.705 E/DisplayDeviceConfig( 1128): requesting nits when no mapping exists.
09-16 01:26:58.705 I/am_wtf ( 1128): [0,1128,system_server,-1,DisplayDeviceConfig,requesting nits when no mapping exists.]
09-16 01:26:58.707 I/am_wtf ( 1128): [0,1128,system_server,-1,DisplayDeviceConfig,requesting nits when no mapping exists.]
09-16 01:26:58.721 E/DisplayDeviceConfig( 1128): requesting nits when no mapping exists.
09-16 01:26:58.721 E/DisplayDeviceConfig( 1128): requesting nits when no mapping exists.
09-16 01:26:58.722 I/am_wtf ( 1128): [0,1128,system_server,-1,DisplayDeviceConfig,requesting nits when no mapping exists.]
09-16 01:26:58.723 I/am_wtf ( 1128): [0,1128,system_server,-1,DisplayDeviceConfig,requesting nits when no mapping exists.]
09-16 01:26:58.738 E/DisplayDeviceConfig( 1128): requesting nits when no mapping exists.
09-16 01:26:58.738 E/DisplayDeviceConfig( 1128): requesting nits when no mapping exists.
09-16 01:26:58.738 I/am_wtf ( 1128): [0,1128,system_server,-1,DisplayDeviceConfig,requesting nits when no mapping exists.]
09-16 01:26:58.741 I/am_wtf ( 1128): [0,1128,system_server,-1,DisplayDeviceConfig,requesting nits when no mapping exists.]
09-16 01:26:58.755 E/DisplayDeviceConfig( 1128): requesting nits when no mapping exists.
09-16 01:26:58.755 E/DisplayDeviceConfig( 1128): requesting nits when no mapping exists.
09-16 01:26:58.755 I/am_wtf ( 1128): [0,1128,system_server,-1,DisplayDeviceConfig,requesting nits when no mapping exists.]
09-16 01:26:58.757 I/am_wtf ( 1128): [0,1128,system_server,-1,DisplayDeviceConfig,requesting nits when no mapping exists.]
09-16 01:26:58.840 I/mpu_uart( 664): [MSG-P:R]:recv sync frame timeout
09-16 01:26:58.964 I/mpu_uart( 664): [MSG-P:RECV]:No message received in 1000 ms
09-16 01:26:58.967 I/OMX-VENC: venc_dev( 1344): stats: avg. fps 54.08, bitrate 951828
01-01 13:50:33.970 D/ ( 0): mv2112_read_status
01-01 13:50:33.975 D/mv2112_update_link( 0): 3.0x901(1G): 0x80
09-16 01:26:59.230 I/HWebSocketClient( 2063): WEBclient: onFailed
09-16 01:26:59.234 I/HttpContext( 2063): getIResponseJson :com.thundercomm.microservice.MicroServiceProxy@12e89eb
09-16 01:26:59.234 I/ResponseHandler( 2063): ResponseHandler() :com.thundercomm.microservice.MicroServiceProxy@12e89eb
09-16 01:26:59.235 I/ResponseWebSocketHandler( 2063): ResponseWebSocketHandler start
09-16 01:26:59.235 I/HttpContext( 2063): getIResponseJson :com.thundercomm.microservice.MicroServiceProxy@12e89eb
09-16 01:26:59.235 I/ResponseWebSocketHandler( 2063): ResponseWebSocketHandler mResponseJson: com.thundercomm.microservice.MicroServiceProxy@12e89eb
09-16 01:26:59.236 I/System.out( 2063): handler is: com.thundercomm.microservice.netty.client.handler.webSocket.ResponseWebSocketHandler@77581ba
09-16 01:26:59.246 W/NioEventLoop( 2063): Selector.select() returned prematurely 512 times in a row; rebuilding Selector io.netty.channel.nio.SelectedSelectionKeySetSelector@a6b186b.
09-16 01:26:59.246 I/NioEventLoop( 2063): Migrated 1 channel(s) to the new Selector.
09-16 01:26:59.249 W/NioEventLoop( 2063): Selector.select() returned prematurely 512 times in a row; rebuilding Selector io.netty.channel.nio.SelectedSelectionKeySetSelector@2f7861.
09-16 01:26:59.250 I/NioEventLoop( 2063): Migrated 1 channel(s) to the new Selector.
01-01 13:50:33.982 D/mv2112_update_link( 0): 3.0x8109(100M): 0x0
01-01 13:50:33.990 D/mv2112_update_link( 0): link 0x0
01-01 13:50:33.995 D/mv2112_read_status( 0): autoneg is disabled
09-16 01:26:59.260 W/NioEventLoop( 2063): Selector.select() returned prematurely 512 times in a row; rebuilding Selector io.netty.channel.nio.SelectedSelectionKeySetSelector@520d047.
09-16 01:26:59.261 I/NioEventLoop( 2063): Migrated 1 channel(s) to the new Selector.
09-16 01:26:59.266 W/NioEventLoop( 2063): Selector.select() returned prematurely 512 times in a row; rebuilding Selector io.netty.channel.nio.SelectedSelectionKeySetSelector@68a399d.
09-16 01:26:59.266 I/NioEventLoop( 2063): Migrated 1 channel(s) to the new Selector.
09-16 01:26:59.270 W/NioEventLoop( 2063): Selector.select() returned prematurely 512 times in a row; rebuilding Selector io.netty.channel.nio.SelectedSelectionKeySetSelector@89029e3.
09-16 01:26:59.271 I/NioEventLoop( 2063): Migrated 1 channel(s) to the new Selector.
09-16 01:26:59.372 W/HWComposer( 1065): Ignoring duplicate VSYNC event from HWC for display 4630946370410392961 (t=2244154925000)
09-16 01:26:59.388 W/HWComposer( 1065): Ignoring duplicate VSYNC event from HWC for display 4630946370410392961 (t=2244171632000)
09-16 01:26:59.405 W/HWComposer( 1065): Ignoring duplicate VSYNC event from HWC for display 4630946370410392961 (t=2244188330000)
09-16 01:26:59.422 W/HWComposer( 1065): Ignoring duplicate VSYNC event from HWC for display 4630946370410392961 (t=2244205035000)
09-16 01:26:59.439 W/HWComposer( 1065): Ignoring duplicate VSYNC event from HWC for display 4630946370410392961 (t=2244221738000)
09-16 01:26:59.456 W/HWComposer( 1065): Ignoring duplicate VSYNC event from HWC for display 4630946370410392961 (t=2244238438000)
09-16 01:26:59.817 I/input_interaction( 1128): Interaction with: 4675077 com.android.deskclock/android.service.dreams.DreamActivity (server), edge-swipe (server), swipe-up (server), PointerEventDispatcher0 (server),
09-16 01:26:59.833 I/wm_finish_activity( 1128): [0,16315803,170,com.android.deskclock/android.service.dreams.DreamActivity,finish-activity]
09-16 01:26:59.833 I/wm_task_moved( 1128): [1,1,5]
09-16 01:26:59.834 I/wm_task_moved( 1128): [145,1,2147483647]
09-16 01:26:59.834 I/wm_task_to_front( 1128): [0,145]
09-16 01:26:59.834 I/wm_focused_root_task( 1128): [0,0,1,170,finish-top adjustFocusToNextFocusableTask]
09-16 01:26:59.835 I/wm_set_resumed_activity( 1128): [0,com.android.launcher3/.uioverrides.QuickstepLauncher,finish-top adjustFocusToNextFocusableTask]
09-16 01:26:59.835 D/ActivityTrigger( 1128): ActivityTrigger activityPauseTrigger
09-16 01:26:59.836 I/wm_pause_activity( 1128): [0,16315803,com.android.deskclock/android.service.dreams.DreamActivity,userLeaving=false,finish]
09-16 01:26:59.851 I/sysui_multi_action( 1128): [757,803,799,window_time_0,802,2]
09-16 01:26:59.853 I/DreamManagerService( 1128): Gently waking up from dream.
09-16 01:26:59.853 I/DreamManagerService( 1128): Performing gentle wake from dream.
09-16 01:26:59.855 I/wm_on_top_resumed_lost_called( 2689): [16315803,android.service.dreams.DreamActivity,topStateChangedWhenResumed]
09-16 01:26:59.858 I/wm_on_paused_called( 2689): [16315803,android.service.dreams.DreamActivity,performPause]
09-16 01:26:59.858 I/wm_add_to_stopping( 1128): [0,16315803,com.android.deskclock/android.service.dreams.DreamActivity,completeFinishing]
09-16 01:26:59.864 I/wm_set_resumed_activity( 1128): [0,com.android.launcher3/.uioverrides.QuickstepLauncher,resumeTopActivityInnerLocked]
09-16 01:26:59.865 D/KeyguardViewMediator( 1910): setOccluded false
09-16 01:26:59.865 I/wm_resume_activity( 1128): [0,235585230,145,com.android.launcher3/.uioverrides.QuickstepLauncher]
09-16 01:26:59.867 D/StatusBar( 1910): disable disable2
09-16 01:26:59.868 D/KeyguardViewMediator( 1910): adjustStatusBarLocked: mShowing=false mOccluded=false isSecure=false force=false --> flags=0x0
09-16 01:26:59.878 I/wm_on_restart_called( 2439): [235585230,com.android.launcher3.uioverrides.QuickstepLauncher,performRestartActivity]
09-16 01:26:59.878 I/wm_on_start_called( 2439): [235585230,com.android.launcher3.uioverrides.QuickstepLauncher,handleStartActivity]
09-16 01:26:59.879 I/wm_on_resume_called( 2439): [235585230,com.android.launcher3.uioverrides.QuickstepLauncher,RESUME_ACTIVITY]
09-16 01:26:59.879 I/wm_on_top_resumed_gained_called( 2439): [235585230,com.android.launcher3.uioverrides.QuickstepLauncher,topWhenResuming]
09-16 01:26:59.880 I/input_focus( 1128): [Focus leaving 4675077 com.android.deskclock/android.service.dreams.DreamActivity (server),reason=NO_WINDOW]
09-16 01:26:59.881 I/view_enqueue_input_event( 2689): [Motion - Cancel,com.android.deskclock/android.service.dreams.DreamActivity]
09-16 01:26:59.886 I/sysui_multi_action( 1128): [757,803,799,window_time_0,802,0]
09-16 01:26:59.905 I/input_focus( 1128): [Focus request 7ccd273 com.android.launcher3/com.android.launcher3.uioverrides.QuickstepLauncher,reason=UpdateInputWindows]
09-16 01:26:59.925 I/PowerManagerService( 1128): Powering on display group fromDreaming (groupId=0, uid=1000, reason=WAKE_REASON_UNKNOWN, details=android.server.power:DREAM_FINISHED)...
09-16 01:26:59.925 I/PowerManagerService( 1128): Waking up from Dreaming (uid=1000, reason=WAKE_REASON_UNKNOWN, details=android.server.power:DREAM_FINISHED)...
09-16 01:26:59.927 I/input_focus( 1128): [Focus entering 7ccd273 com.android.launcher3/com.android.launcher3.uioverrides.QuickstepLauncher (server),reason=setFocusedWindow]
09-16 01:26:59.928 D/Sogou ( 2787): onUnbindInput finish
09-16 01:26:59.930 D/Sogou ( 2787): onFinishInput:
09-16 01:26:59.965 I/mpu_uart( 664): [MSG-P:RECV]:No message received in 1000 ms
09-16 01:26:59.974 I/OMX-VENC: venc_dev( 1344): stats: avg. fps 56.63, bitrate 184405
09-16 01:27:00.034 D/KeyguardUpdateMonitor( 1910): received broadcast android.intent.action.TIME_TICK
09-16 01:27:00.058 D/KeyguardUpdateMonitor( 1910): handleTimeUpdate
09-16 01:27:00.168 I/wm_destroy_activity( 1128): [0,16315803,170,com.android.deskclock/android.service.dreams.DreamActivity,finish-imm:idle]
09-16 01:27:00.204 I/wm_on_stop_called( 2689): [16315803,android.service.dreams.DreamActivity,LIFECYCLER_STOP_ACTIVITY]
09-16 01:27:00.205 I/wm_on_destroy_called( 2689): [16315803,android.service.dreams.DreamActivity,performDestroy]
09-16 01:27:00.207 V/Screensaver( 2689): Screensaver detached from window
09-16 01:27:00.209 I/DreamManagerService( 1128): Leaving dreamland.
09-16 01:27:00.210 I/DreamManagerService( 1128): Performing gentle wake from dream.
09-16 01:27:00.210 I/DreamController( 1128): Stopping dream: name=ComponentInfo{com.android.deskclock/com.android.deskclock.Screensaver}, isTest=false, canDoze=false, userId=0, reason='finished self'(from 'finished self')
09-16 01:27:00.210 I/sysui_multi_action( 1128): [757,222,758,2]
09-16 01:27:00.210 I/sysui_multi_action( 1128): [757,804,799,dreaming_minutes,801,0,802,1]
09-16 01:27:00.211 W/InputManager-JNI( 1128): Input channel object '4675077 com.android.deskclock/android.service.dreams.DreamActivity (client)' was disposed without first being removed with the input manager!
09-16 01:27:00.222 I/wm_task_removed( 1128): [170,removeChild:removeChild last r=ActivityRecord{f8f59b u0 com.android.deskclock/android.service.dreams.DreamActivity t-1 f}} in t=Task{ab81f14 #170 type=dream A=10074:android:com.android.deskclock/dream U=0 visible=false mode=fullscreen translucent=true sz=0}]
09-16 01:27:00.222 I/wm_task_removed( 1128): [170,removeChild]
09-16 01:27:00.233 W/ActivityTaskManager( 1128): Can't find TaskDisplayArea to determine support for multi window. Task id=170 attached=false
01-01 13:50:35.025 D/ ( 0): mv2112_read_status
01-01 13:50:35.030 D/mv2112_update_link( 0): 3.0x901(1G): 0x80
01-01 13:50:35.036 D/mv2112_update_link( 0): 3.0x8109(100M): 0x0
01-01 13:50:35.042 D/mv2112_update_link( 0): link 0x0
01-01 13:50:35.047 D/mv2112_read_status( 0): autoneg is disabled
09-16 01:27:00.311 W/Choreographer( 2439): Frame time is 0.110143 ms in the future! Check that graphics HAL is generating vsync timestamps using the correct timebase.
01-01 13:50:35.219 E/i2c_geni 980000.i2c( 0): i2c error :-107
01-01 13:50:35.225 E/ ( 0): [MAX975X:mcu_keep_wakeup_work_func] *ERROR* Failed to write dev:0x15 addr:0x22 value:0x80
01-01 13:50:35.236 E/i2c_geni 980000.i2c( 0): i2c error :-107
01-01 13:50:35.243 E/ ( 0): [MAX975X:mcu_keep_wakeup_work_func] *ERROR* Failed to write dev:0x15 addr:0x20 value:0x09
09-16 01:27:00.965 I/mpu_uart( 664): [MSG-P:RECV]:No message received in 1000 ms
09-16 01:27:01.082 I/OMX-VENC: venc_dev( 1344): stats: avg. fps 27.97, bitrate 969388
09-16 01:27:01.306 I/HttpClient( 2063): onFailed
09-16 01:27:01.307 I/MicroService( 2063): sendConnectStateBroadCast() state0
01-01 13:50:36.051 D/ ( 0): mv2112_read_status
01-01 13:50:36.059 D/mv2112_update_link( 0): 3.0x901(1G): 0x80
09-16 01:27:01.311 I/MicroService( 2063): onNettyConnectState0
09-16 01:27:01.311 I/MicroService( 2063): onNettyConnectState count = 0
01-01 13:50:36.067 D/mv2112_update_link( 0): 3.0x8109(100M): 0x0
01-01 13:50:36.072 D/mv2112_update_link( 0): link 0x0
01-01 13:50:36.076 D/mv2112_read_status( 0): autoneg is disabled
01-01 13:50:36.397 I/init ( 0): starting service 'qvrd_vndr'...
01-01 13:50:36.403 I/init ( 0): Created socket '/dev/socket/qvrservice_vndr', mode 660, user 1000, group 1000
01-01 13:50:36.413 I/init ( 0): Created socket '/dev/socket/qvrservice_vndr_camera', mode 660, user 1000, group 1000
01-01 13:50:36.435 I/init ( 0): starting service 'sxrd'...
01-01 13:50:36.451 I/init ( 0): starting service 'vendor.light-hal-2-0'...
09-16 01:27:01.721 F/linker ( 8218): CANNOT LINK EXECUTABLE "/vendor/bin/hw/sxrservice": library "vendor.qti.hardware.qxr-V1-ndk_platform.so" not found: needed by main executable
09-16 01:27:01.729 F/linker ( 8217): CANNOT LINK EXECUTABLE "/vendor/bin/hw/qvrservice": library "vendor.qti.hardware.qxr-V1-ndk_platform.so" not found: needed by /vendor/lib64/libqvrservice.so in namespace (default)
01-01 13:50:36.475 I/init ( 0): Service 'sxrd' (pid 8218) exited with status 1
01-01 13:50:36.481 I/init ( 0): Sending signal 9 to service 'sxrd' (pid 8218) process group...
01-01 13:50:36.489 I/libprocessgroup( 0): Successfully killed process cgroup uid 1000 pid 8218 in 0ms
01-01 13:50:36.499 I/init ( 0): Service 'qvrd_vndr' (pid 8217) exited with status 1
01-01 13:50:36.505 I/init ( 0): Sending signal 9 to service 'qvrd_vndr' (pid 8217) process group...
09-16 01:27:01.760 I/hwservicemanager( 516): getTransport: Cannot find entry android.hardware.light@2.0::ILight/default in either framework or device VINTF manifest.
09-16 01:27:01.763 E/light ( 8219): light_open lights keyboard failed: -22
09-16 01:27:01.763 E/light ( 8219): Light passthrough failed to load legacy HAL.
09-16 01:27:01.764 E/light ( 8219): light_open lights buttons failed: -22
09-16 01:27:01.764 E/light ( 8219): Light passthrough failed to load legacy HAL.
09-16 01:27:01.767 E/light ( 8219): light_open lights bluetooth failed: -22
09-16 01:27:01.767 E/light ( 8219): Light passthrough failed to load legacy HAL.
09-16 01:27:01.767 E/light ( 8219): light_open lights wifi failed: -22
09-16 01:27:01.767 E/light ( 8219): Light passthrough failed to load legacy HAL.
09-16 01:27:01.768 I/hwservicemanager( 516): getTransport: Cannot find entry android.hardware.light@2.0::ILight/default in either framework or device VINTF manifest.
09-16 01:27:01.768 E/HidlServiceManagement( 8219): Service android.hardware.light@2.0::ILight/default must be in VINTF manifest in order to register/get.
09-16 01:27:01.768 E/LegacySupport( 8219): Could not register service android.hardware.light@2.0::ILight/default (-2147483648).
09-16 01:27:01.845 I/mpu_uart( 664): [MSG-P:R]:recv sync frame timeout
09-16 01:27:01.966 I/mpu_uart( 664): [MSG-P:RECV]:No message received in 1000 ms
09-16 01:27:02.307 I/HWebSocketClient( 2063): WEBclient: onFailed
09-16 01:27:02.314 I/ResponseWebSocketHandler( 2063): ResponseWebSocketHandler start
09-16 01:27:02.314 I/HttpContext( 2063): getIResponseJson :com.thundercomm.microservice.MicroServiceProxy@12e89eb
09-16 01:27:02.315 I/ResponseWebSocketHandler( 2063): ResponseWebSocketHandler mResponseJson: com.thundercomm.microservice.MicroServiceProxy@12e89eb
09-16 01:27:02.316 I/HttpContext( 2063): getIResponseJson :com.thundercomm.microservice.MicroServiceProxy@12e89eb
09-16 01:27:02.316 I/ResponseHandler( 2063): ResponseHandler() :com.thundercomm.microservice.MicroServiceProxy@12e89eb
09-16 01:27:02.316 I/System.out( 2063): handler is: com.thundercomm.microservice.netty.client.handler.webSocket.ResponseWebSocketHandler@ca7ff55
01-01 13:50:37.075 E/i2c_geni 980000.i2c( 0): i2c error :-107
01-01 13:50:37.085 E/ ( 0): [MAX975X:mcu_keep_wakeup_work_func] *ERROR* Failed to write dev:0x15 addr:0x22 value:0x80
01-01 13:50:37.096 E/i2c_geni 980000.i2c( 0): i2c error :-107
01-01 13:50:37.101 E/ ( 0): [MAX975X:mcu_keep_wakeup_work_func] *ERROR* Failed to write dev:0x15 addr:0x20 value:0x09
01-01 13:50:37.109 D/ ( 0): mv2112_read_status
01-01 13:50:37.114 D/mv2112_update_link( 0): 3.0x901(1G): 0x80
01-01 13:50:37.119 D/mv2112_update_link( 0): 3.0x8109(100M): 0x0
01-01 13:50:37.126 D/mv2112_update_link( 0): link 0x0
01-01 13:50:37.130 D/mv2112_read_status( 0): autoneg is disabled
09-16 01:27:02.966 I/mpu_uart( 664): [MSG-P:RECV]:No message received in 1000 ms
01-01 13:50:38.162 D/ ( 0): mv2112_read_status
01-01 13:50:38.166 D/mv2112_update_link( 0): 3.0x901(1G): 0x80
01-01 13:50:38.171 D/mv2112_update_link( 0): 3.0x8109(100M): 0x0
01-01 13:50:38.177 D/mv2112_update_link( 0): link 0x0
01-01 13:50:38.182 D/mv2112_read_status( 0): autoneg is disabled
09-16 01:27:03.967 I/mpu_uart( 664): [MSG-P:RECV]:No message received in 1000 ms
01-01 13:50:38.931 E/i2c_geni 980000.i2c( 0): i2c error :-107
01-01 13:50:38.936 E/ ( 0): [MAX975X:mcu_keep_wakeup_work_func] *ERROR* Failed to write dev:0x15 addr:0x22 value:0x80
01-01 13:50:38.946 E/i2c_geni 980000.i2c( 0): i2c error :-107
01-01 13:50:38.951 E/ ( 0): [MAX975X:mcu_keep_wakeup_work_func] *ERROR* Failed to write dev:0x15 addr:0x20 value:0x09
09-16 01:27:04.377 I/HttpClient( 2063): onFailed
09-16 01:27:04.378 I/MicroService( 2063): sendConnectStateBroadCast() state0
09-16 01:27:04.383 I/MicroService( 2063): onNettyConnectState0
09-16 01:27:04.383 I/MicroService( 2063): onNettyConnectState count = 0
01-01 13:50:39.186 D/ ( 0): mv2112_read_status
01-01 13:50:39.190 D/mv2112_update_link( 0): 3.0x901(1G): 0x80
01-01 13:50:39.195 D/mv2112_update_link( 0): 3.0x8109(100M): 0x0
01-01 13:50:39.203 D/mv2112_update_link( 0): link 0x0
01-01 13:50:39.207 D/mv2112_read_status( 0): autoneg is disabled
09-16 01:27:04.848 I/mpu_uart( 664): [MSG-P:R]:recv sync frame timeout
09-16 01:27:04.968 I/mpu_uart( 664): [MSG-P:RECV]:No message received in 1000 ms
09-16 01:27:05.375 I/HWebSocketClient( 2063): WEBclient: onFailed
09-16 01:27:05.383 I/ResponseWebSocketHandler( 2063): ResponseWebSocketHandler start
09-16 01:27:05.384 I/HttpContext( 2063): getIResponseJson :com.thundercomm.microservice.MicroServiceProxy@12e89eb
09-16 01:27:05.384 I/ResponseWebSocketHandler( 2063): ResponseWebSocketHandler mResponseJson: com.thundercomm.microservice.MicroServiceProxy@12e89eb
09-16 01:27:05.385 I/System.out( 2063): handler is: com.thundercomm.microservice.netty.client.handler.webSocket.ResponseWebSocketHandler@cf75636
09-16 01:27:05.385 I/HttpContext( 2063): getIResponseJson :com.thundercomm.microservice.MicroServiceProxy@12e89eb
09-16 01:27:05.385 I/ResponseHandler( 2063): ResponseHandler() :com.thundercomm.microservice.MicroServiceProxy@12e89eb
09-16 01:27:05.396 W/NioEventLoop( 2063): Selector.select() returned prematurely 512 times in a row; rebuilding Selector io.netty.channel.nio.SelectedSelectionKeySetSelector@5585937.
09-16 01:27:05.398 I/NioEventLoop( 2063): Migrated 1 channel(s) to the new Selector.
01-01 13:50:40.241 D/ ( 0): mv2112_read_status
01-01 13:50:40.245 D/mv2112_update_link( 0): 3.0x901(1G): 0x80
01-01 13:50:40.250 D/mv2112_update_link( 0): 3.0x8109(100M): 0x0
01-01 13:50:40.255 D/mv2112_update_link( 0): link 0x0
01-01 13:50:40.260 D/mv2112_read_status( 0): autoneg is disabled
09-16 01:27:05.968 I/mpu_uart( 664): [MSG-P:RECV]:No message received in 1000 ms
01-01 13:50:40.787 E/i2c_geni 980000.i2c( 0): i2c error :-107
01-01 13:50:40.792 E/ ( 0): [MAX975X:mcu_keep_wakeup_work_func] *ERROR* Failed to write dev:0x15 addr:0x22 value:0x80
01-01 13:50:40.803 E/i2c_geni 980000.i2c( 0): i2c error :-107
01-01 13:50:40.809 E/ ( 0): [MAX975X:mcu_keep_wakeup_work_func] *ERROR* Failed to write dev:0x15 addr:0x20 value:0x09
01-01 13:50:41.266 D/ ( 0): mv2112_read_status
01-01 13:50:41.270 D/mv2112_update_link( 0): 3.0x901(1G): 0x80
01-01 13:50:41.275 D/mv2112_update_link( 0): 3.0x8109(100M): 0x0
01-01 13:50:41.282 D/mv2112_update_link( 0): link 0x0
01-01 13:50:41.286 D/mv2112_read_status( 0): autoneg is disabled
01-01 13:50:41.437 I/init ( 0): starting service 'qvrd_vndr'...
01-01 13:50:41.443 I/init ( 0): Created socket '/dev/socket/qvrservice_vndr', mode 660, user 1000, group 1000
01-01 13:50:41.454 I/init ( 0): Created socket '/dev/socket/qvrservice_vndr_camera', mode 660, user 1000, group 1000
01-01 13:50:41.482 I/init ( 0): starting service 'sxrd'...
01-01 13:50:41.499 I/init ( 0): starting service 'vendor.light-hal-2-0'...
09-16 01:27:06.782 F/linker ( 8223): CANNOT LINK EXECUTABLE "/vendor/bin/hw/sxrservice": library "vendor.qti.hardware.qxr-V1-ndk_platform.so" not found: needed by main executable
09-16 01:27:06.789 F/linker ( 8222): CANNOT LINK EXECUTABLE "/vendor/bin/hw/qvrservice": library "vendor.qti.hardware.qxr-V1-ndk_platform.so" not found: needed by /vendor/lib64/libqvrservice.so in namespace (default)
01-01 13:50:41.535 I/init ( 0): Service 'sxrd' (pid 8223) exited with status 1
01-01 13:50:41.542 I/init ( 0): Sending signal 9 to service 'sxrd' (pid 8223) process group...
01-01 13:50:41.550 I/libprocessgroup( 0): Successfully killed process cgroup uid 1000 pid 8223 in 0ms
09-16 01:27:06.823 I/hwservicemanager( 516): getTransport: Cannot find entry android.hardware.light@2.0::ILight/default in either framework or device VINTF manifest.
09-16 01:27:06.826 E/light ( 8224): light_open lights keyboard failed: -22
09-16 01:27:06.826 E/light ( 8224): Light passthrough failed to load legacy HAL.
09-16 01:27:06.827 E/light ( 8224): light_open lights buttons failed: -22
09-16 01:27:06.827 E/light ( 8224): Light passthrough failed to load legacy HAL.
01-01 13:50:41.565 I/init ( 0): Service 'qvrd_vndr' (pid 8222) exited with status 1
01-01 13:50:41.572 I/init ( 0): Sending signal 9 to service 'qvrd_vndr' (pid 8222) process group...
09-16 01:27:06.828 E/light ( 8224): light_open lights bluetooth failed: -22
09-16 01:27:06.829 E/light ( 8224): Light passthrough failed to load legacy HAL.
09-16 01:27:06.829 E/light ( 8224): light_open lights wifi failed: -22
09-16 01:27:06.829 E/light ( 8224): Light passthrough failed to load legacy HAL.
09-16 01:27:06.830 I/hwservicemanager( 516): getTransport: Cannot find entry android.hardware.light@2.0::ILight/default in either framework or device VINTF manifest.
09-16 01:27:06.831 E/HidlServiceManagement( 8224): Service android.hardware.light@2.0::ILight/default must be in VINTF manifest in order to register/get.
09-16 01:27:06.831 E/LegacySupport( 8224): Could not register service android.hardware.light@2.0::ILight/default (-2147483648).
09-16 01:27:06.969 I/mpu_uart( 664): [MSG-P:RECV]:No message received in 1000 ms
09-16 01:27:07.446 I/HttpClient( 2063): onFailed
09-16 01:27:07.447 I/MicroService( 2063): sendConnectStateBroadCast() state0
09-16 01:27:07.450 I/MicroService( 2063): onNettyConnectState0
09-16 01:27:07.451 I/MicroService( 2063): onNettyConnectState count = 0
01-01 13:50:42.291 D/ ( 0): mv2112_read_status
01-01 13:50:42.294 D/mv2112_update_link( 0): 3.0x901(1G): 0x80
01-01 13:50:42.299 D/mv2112_update_link( 0): 3.0x8109(100M): 0x0
01-01 13:50:42.305 D/mv2112_update_link( 0): link 0x0
01-01 13:50:42.310 D/mv2112_read_status( 0): autoneg is disabled
09-16 01:27:07.852 I/mpu_uart( 664): [MSG-P:R]:recv sync frame timeout
01-01 13:50:42.643 E/i2c_geni 980000.i2c( 0): i2c error :-107
01-01 13:50:42.648 E/ ( 0): [MAX975X:mcu_keep_wakeup_work_func] *ERROR* Failed to write dev:0x15 addr:0x22 value:0x80
01-01 13:50:42.658 E/i2c_geni 980000.i2c( 0): i2c error :-107
01-01 13:50:42.663 E/ ( 0): [MAX975X:mcu_keep_wakeup_work_func] *ERROR* Failed to write dev:0x15 addr:0x20 value:0x09
09-16 01:27:07.970 I/mpu_uart( 664): [MSG-P:RECV]:No message received in 1000 ms
09-16 01:27:08.326 E/TokenUnion_NetworkManager( 4752): appendCommonParams() 账号通参存在空,拼接后的 url = /luckycat/activity/settings/get_polling_settings/
09-16 01:27:08.329 I/KEVA.NATIVE( 4752): byte array do not exist
09-16 01:27:08.330 I/KEVA.NATIVE( 4752): byte array do not exist
09-16 01:27:08.344 E/LuckyDogLogger_LuckyDogPollingSettings( 4752): Exception when request setting com.bytedance.frameworks.baselib.network.http.exception.NetworkNotAvailabeException: network not available
09-16 01:27:08.349 I/KEVA.NATIVE( 4752): byte array do not exist
09-16 01:27:08.350 E/TokenUnion_NetworkManager( 4752): appendCommonParams() 账号通参存在空,拼接后的 url = /luckycat/activity/settings/get_polling_settings/
09-16 01:27:08.350 I/KEVA.NATIVE( 4752): byte array do not exist
09-16 01:27:08.351 I/KEVA.NATIVE( 4752): byte array do not exist
09-16 01:27:08.352 I/KEVA.NATIVE( 4752): byte array do not exist
09-16 01:27:08.354 I/KEVA.NATIVE( 4752): byte array do not exist
09-16 01:27:08.355 I/KEVA.NATIVE( 4752): byte array do not exist
09-16 01:27:08.356 I/KEVA.NATIVE( 4752): byte array do not exist
09-16 01:27:08.357 I/KEVA.NATIVE( 4752): byte array do not exist
09-16 01:27:08.363 E/LuckyDogLogger_LuckyDogPollingSettings( 4752): Exception when request setting com.bytedance.frameworks.baselib.network.http.exception.NetworkNotAvailabeException: network not available
09-16 01:27:08.406 W/droid.ugc.awem( 4752): Profile data size exceeds 500000 bytes. It has 694265 bytes.
09-16 01:27:08.446 I/HWebSocketClient( 2063): WEBclient: onFailed
09-16 01:27:08.451 I/ResponseWebSocketHandler( 2063): ResponseWebSocketHandler start
09-16 01:27:08.451 I/HttpContext( 2063): getIResponseJson :com.thundercomm.microservice.MicroServiceProxy@12e89eb
09-16 01:27:08.451 I/ResponseWebSocketHandler( 2063): ResponseWebSocketHandler mResponseJson: com.thundercomm.microservice.MicroServiceProxy@12e89eb
09-16 01:27:08.451 I/System.out( 2063): handler is: com.thundercomm.microservice.netty.client.handler.webSocket.ResponseWebSocketHandler@ecf51d3
09-16 01:27:08.453 I/HttpContext( 2063): getIResponseJson :com.thundercomm.microservice.MicroServiceProxy@12e89eb
09-16 01:27:08.453 I/ResponseHandler( 2063): ResponseHandler() :com.thundercomm.microservice.MicroServiceProxy@12e89eb
09-16 01:27:08.464 W/NioEventLoop( 2063): Selector.select() returned prematurely 512 times in a row; rebuilding Selector io.netty.channel.nio.SelectedSelectionKeySetSelector@3b6f60e.
09-16 01:27:08.465 I/NioEventLoop( 2063): Migrated 1 channel(s) to the new Selector.
01-01 13:50:43.313 D/ ( 0): mv2112_read_status
01-01 13:50:43.317 D/mv2112_update_link( 0): 3.0x901(1G): 0x80
01-01 13:50:43.324 D/mv2112_update_link( 0): 3.0x8109(100M): 0x0
01-01 13:50:43.331 D/mv2112_update_link( 0): link 0x0
01-01 13:50:43.335 D/mv2112_read_status( 0): autoneg is disabled
09-16 01:27:08.971 I/mpu_uart( 664): [MSG-P:RECV]:No message received in 1000 ms
01-01 13:50:44.370 D/ ( 0): mv2112_read_status
