09-16 01:12:32.152 I/wm_pause_activity( 1128): [0,88422748,com.android.deskclock/android.service.dreams.DreamActivity,userLeaving=false,finish]
09-16 01:12:32.164 I/wm_on_top_resumed_lost_called( 2689): [88422748,android.service.dreams.DreamActivity,topStateChangedWhenResumed]
09-16 01:12:32.166 I/wm_on_paused_called( 2689): [88422748,android.service.dreams.DreamActivity,performPause]
09-16 01:12:32.166 I/wm_add_to_stopping( 1128): [0,88422748,com.android.deskclock/android.service.dreams.DreamActivity,completeFinishing]
09-16 01:12:32.170 I/wm_set_resumed_activity( 1128): [0,com.android.launcher3/.uioverrides.QuickstepLauncher,resumeTopActivityInnerLocked]
09-16 01:12:32.173 I/wm_resume_activity( 1128): [0,235585230,145,com.android.launcher3/.uioverrides.QuickstepLauncher]
09-16 01:12:32.187 I/sysui_multi_action( 1128): [757,803,799,window_time_0,802,1]
09-16 01:12:32.192 I/wm_on_restart_called( 2439): [235585230,com.android.launcher3.uioverrides.QuickstepLauncher,performRestartActivity]
09-16 01:12:32.193 I/wm_on_start_called( 2439): [235585230,com.android.launcher3.uioverrides.QuickstepLauncher,handleStartActivity]
09-16 01:12:32.194 I/wm_on_resume_called( 2439): [235585230,com.android.launcher3.uioverrides.QuickstepLauncher,RESUME_ACTIVITY]
09-16 01:12:32.194 I/wm_on_top_resumed_gained_called( 2439): [235585230,com.android.launcher3.uioverrides.QuickstepLauncher,topWhenResuming]
09-16 01:12:32.198 I/input_focus( 1128): [Focus leaving 79a8f48 com.android.deskclock/android.service.dreams.DreamActivity (server),reason=NO_WINDOW]
09-16 01:12:32.200 I/sysui_multi_action( 1128): [757,803,799,window_time_0,802,0]
09-16 01:12:32.200 I/view_enqueue_input_event( 2689): [Motion - Cancel,com.android.deskclock/android.service.dreams.DreamActivity]
09-16 01:12:32.201 I/am_uid_running( 1128): 10068
09-16 01:12:32.214 I/input_focus( 1128): [Focus request 7ccd273 com.android.launcher3/com.android.launcher3.uioverrides.QuickstepLauncher,reason=UpdateInputWindows]
09-16 01:12:32.233 I/am_proc_start( 1128): [0,6981,10068,com.android.music,NULL,]
09-16 01:12:32.253 I/input_focus( 1128): [Focus entering 7ccd273 com.android.launcher3/com.android.launcher3.uioverrides.QuickstepLauncher (server),reason=setFocusedWindow]
09-16 01:12:32.293 I/am_proc_bound( 1128): [0,6981,com.android.music]
09-16 01:12:32.486 I/wm_destroy_activity( 1128): [0,88422748,158,com.android.deskclock/android.service.dreams.DreamActivity,finish-imm:idle]
09-16 01:12:32.544 I/wm_on_stop_called( 2689): [88422748,android.service.dreams.DreamActivity,LIFECYCLER_STOP_ACTIVITY]
09-16 01:12:32.544 I/wm_on_destroy_called( 2689): [88422748,android.service.dreams.DreamActivity,performDestroy]
09-16 01:12:32.550 I/sysui_multi_action( 1128): [757,222,758,2]
09-16 01:12:32.550 I/sysui_multi_action( 1128): [757,804,799,dreaming_minutes,801,0,802,1]
09-16 01:12:32.566 I/wm_task_removed( 1128): [158,removeChild:removeChild last r=ActivityRecord{545395c u0 com.android.deskclock/android.service.dreams.DreamActivity t-1 f}} in t=Task{52b4551 #158 type=dream A=10074:android:com.android.deskclock/dream U=0 visible=false mode=fullscreen translucent=true sz=0}]
09-16 01:12:32.566 I/wm_task_removed( 1128): [158,removeChild]
09-16 01:12:55.907 I/am_freeze( 1128): [5791,com.android.permissioncontroller]
09-16 01:12:55.917 I/am_kill ( 1128): [0,5791,com.android.permissioncontroller,945,Unable to freeze binder interface]
09-16 01:12:56.037 I/am_proc_died( 1128): [0,5791,com.android.permissioncontroller,945,19]
09-16 01:12:56.038 I/am_uid_stopped( 1128): 10098
09-16 01:12:56.061 I/am_pss ( 1128): [6981,10068,com.android.music,7652352,4583424,0,90869760,0,19,11]
09-16 01:13:00.010 I/dvm_lock_sample( 1128): [system_server,1,PowerManagerService,6,PowerManagerService.java,2969,void com.android.server.power.PowerManagerService.handleSandman(int),-,1426,void com.android.server.power.PowerManagerService.acquireWakeLockInternal(android.os.IBinder, int, int, java.lang.String, java.lang.String, android.os.WorkSource, java.lang.String, int, int),1]
09-16 01:13:20.747 I/input_interaction( 1128): Interaction with: 78ba0c1 StatusBar (server), edge-swipe (server), swipe-up (server), PointerEventDispatcher0 (server),
09-16 01:13:20.775 I/sysui_multi_action( 1910): [757,803,799,panel_open,802,1]
09-16 01:13:20.779 I/sysui_multi_action( 1910): [757,1328,758,4,1326,63,1327,1,1329,0]
09-16 01:13:20.909 I/sysui_multi_action( 1128): [757,127,758,1]
09-16 01:13:20.909 I/sysui_multi_action( 1128): [757,804,799,note_load,801,4,802,1]
09-16 01:13:20.910 I/notification_panel_revealed( 1128): 4
09-16 01:13:20.911 I/sysui_multi_action( 1910): [757,111,758,2]
09-16 01:13:20.913 I/sysui_multi_action( 1910): [757,111,758,2]
09-16 01:13:20.945 I/input_focus( 1128): [Focus request 59e8c99 NotificationShade,reason=UpdateInputWindows]
09-16 01:13:20.951 I/sysui_multi_action( 1910): [757,111,758,1]
09-16 01:13:20.952 I/sysui_multi_action( 1910): [757,126,758,1,759,126,927,0,928,0,1593,1]
09-16 01:13:20.952 I/sysui_multi_action( 1910): [757,113,758,1,759,113,927,1,928,1,1593,1]
09-16 01:13:20.952 I/sysui_multi_action( 1910): [757,0,758,1,759,0,927,2,928,0,1593,1]
09-16 01:13:20.952 I/sysui_multi_action( 1910): [757,0,758,1,759,0,927,3,928,0,1593,1]
09-16 01:13:20.952 I/sysui_multi_action( 1910): [757,1706,758,1,759,1706,927,4,928,0,1593,1]
09-16 01:13:20.953 I/sysui_multi_action( 1910): [757,491,758,1,759,491,927,5,928,0,1311,-1,1593,0]
09-16 01:13:20.953 I/sysui_multi_action( 1910): [757,0,758,1,759,0,927,6,1593,0]
09-16 01:13:20.953 I/sysui_multi_action( 1910): [757,114,758,1,759,114,927,7,928,0,1593,0]
09-16 01:13:20.953 I/sysui_multi_action( 1910): [757,268,758,1,759,268,806,com.ss.android.ugc.aweme,871,com.ss.android.ugc.aweme.tile.PublishTileService,927,8,1593,0]
09-16 01:13:20.953 I/sysui_multi_action( 1910): [757,111,758,1]
09-16 01:13:20.953 I/sysui_multi_action( 1910): [757,126,758,1,759,126,927,0,928,0,1593,1]
09-16 01:13:20.954 I/sysui_multi_action( 1910): [757,113,758,1,759,113,927,1,928,1,1593,1]
09-16 01:13:20.954 I/sysui_multi_action( 1910): [757,0,758,1,759,0,927,2,928,0,1593,1]
09-16 01:13:20.954 I/sysui_multi_action( 1910): [757,0,758,1,759,0,927,3,928,0,1593,1]
09-16 01:13:20.966 I/sysui_multi_action( 1910): [757,111,758,2]
09-16 01:13:20.966 I/sysui_multi_action( 1910): [757,111,758,2]
09-16 01:13:20.970 I/sysui_multi_action( 1910): [757,111,758,1]
09-16 01:13:20.970 I/sysui_multi_action( 1910): [757,126,758,1,759,126,927,0,928,0,1593,1]
09-16 01:13:20.970 I/sysui_multi_action( 1910): [757,113,758,1,759,113,927,1,928,1,1593,1]
09-16 01:13:20.970 I/sysui_multi_action( 1910): [757,0,758,1,759,0,927,2,928,0,1593,1]
09-16 01:13:20.970 I/sysui_multi_action( 1910): [757,0,758,1,759,0,927,3,928,0,1593,1]
09-16 01:13:20.971 I/sysui_multi_action( 1910): [757,1706,758,1,759,1706,927,4,928,0,1593,1]
09-16 01:13:20.971 I/sysui_multi_action( 1910): [757,491,758,1,759,491,927,5,928,0,1311,-1,1593,1]
09-16 01:13:20.971 I/sysui_multi_action( 1910): [757,0,758,1,759,0,927,6,1593,1]
09-16 01:13:20.971 I/sysui_multi_action( 1910): [757,114,758,1,759,114,927,7,928,0,1593,1]
09-16 01:13:20.971 I/sysui_multi_action( 1910): [757,268,758,1,759,268,806,com.ss.android.ugc.aweme,871,com.ss.android.ugc.aweme.tile.PublishTileService,927,8,1593,1]
09-16 01:13:20.971 I/sysui_multi_action( 1910): [757,111,758,1]
09-16 01:13:20.972 I/sysui_multi_action( 1910): [757,126,758,1,759,126,927,0,928,0,1593,1]
09-16 01:13:20.972 I/sysui_multi_action( 1910): [757,113,758,1,759,113,927,1,928,1,1593,1]
09-16 01:13:20.972 I/sysui_multi_action( 1910): [757,0,758,1,759,0,927,2,928,0,1593,1]
09-16 01:13:20.972 I/sysui_multi_action( 1910): [757,0,758,1,759,0,927,3,928,0,1593,1]
09-16 01:13:20.973 I/input_focus( 1128): [Focus leaving 7ccd273 com.android.launcher3/com.android.launcher3.uioverrides.QuickstepLauncher (server),reason=Waiting for window because NOT_VISIBLE]
09-16 01:13:21.002 I/input_focus( 1128): [Focus entering 59e8c99 NotificationShade (server),reason=Window became focusable. Previous reason: NOT_VISIBLE]
09-16 01:13:21.488 I/sysui_multi_action( 1128): [757,128,758,1,793,1370215,794,0,795,1370215,796,26,798,0,806,android,857,DEVELOPER_IMPORTANT,858,4,947,0,1395,4,1500,1369455,1688,1]
09-16 01:13:21.488 I/sysui_multi_action( 1128): [757,804,799,note_freshness,801,1370215,802,1]
09-16 01:13:21.488 I/notification_visibility( 1128): [-1|android|26|null|1000,1,1370215,1370215,0,0]
09-16 01:13:21.489 I/sysui_multi_action( 1128): [757,128,758,1,793,1173856,794,0,795,1173856,796,4273,798,1,806,com.android.systemui,857,screen_record,858,3,947,0,1395,4,1500,1173653,1688,1,1745,680407814]
09-16 01:13:21.489 I/sysui_multi_action( 1128): [757,804,799,note_freshness,801,1173856,802,1]
09-16 01:13:21.489 I/notification_visibility( 1128): [0|com.android.systemui|4273|null|10087,1,1173856,1173856,0,1]
09-16 01:13:21.489 I/sysui_multi_action( 1128): [757,128,758,1,793,1370087,794,0,795,1370087,796,55,798,2,806,android,857,DEVELOPER,858,2,947,0,1395,4,1500,1369454,1688,1]
09-16 01:13:21.489 I/sysui_multi_action( 1128): [757,804,799,note_freshness,801,1370087,802,1]
09-16 01:13:21.490 I/notification_visibility( 1128): [-1|android|55|null|1000,1,1370087,1370087,0,2]
09-16 01:13:21.490 I/sysui_multi_action( 1128): [757,128,758,1,793,1373520,794,0,795,1373520,796,32,798,3,806,android,857,USB,858,1,947,0,1395,4,1500,1373333,1688,1]
09-16 01:13:21.490 I/sysui_multi_action( 1128): [757,804,799,note_freshness,801,1373520,802,1]
09-16 01:13:21.490 I/notification_visibility( 1128): [-1|android|32|null|1000,1,1373520,1373520,0,3]
09-16 01:13:32.566 I/am_uid_idle( 1128): 10074
09-16 01:14:14.187 I/sysui_multi_action( 1128): [757,1696,758,6,759,2]
09-16 01:14:14.205 I/am_wtf ( 1128): [0,1128,system_server,-1,DisplayDeviceConfig,requesting nits when no mapping exists.]
09-16 01:14:14.219 I/am_wtf ( 1128): [0,1128,system_server,-1,DisplayDeviceConfig,requesting nits when no mapping exists.]
09-16 01:14:14.222 I/am_wtf ( 1128): [0,1128,system_server,-1,DisplayDeviceConfig,requesting nits when no mapping exists.]
09-16 01:14:14.227 I/am_wtf ( 1128): [0,1128,system_server,-1,DisplayDeviceConfig,requesting nits when no mapping exists.]
09-16 01:14:14.234 I/am_wtf ( 1128): [0,1128,system_server,-1,DisplayDeviceConfig,requesting nits when no mapping exists.]
09-16 01:14:14.237 I/am_wtf ( 1128): [0,1128,system_server,-1,DisplayDeviceConfig,requesting nits when no mapping exists.]
09-16 01:14:14.250 I/am_wtf ( 1128): [0,1128,system_server,-1,DisplayDeviceConfig,requesting nits when no mapping exists.]
09-16 01:14:14.252 I/am_wtf ( 1128): [0,1128,system_server,-1,DisplayDeviceConfig,requesting nits when no mapping exists.]
09-16 01:14:14.268 I/am_wtf ( 1128): [0,1128,system_server,-1,DisplayDeviceConfig,requesting nits when no mapping exists.]
09-16 01:14:14.269 I/am_wtf ( 1128): [0,1128,system_server,-1,DisplayDeviceConfig,requesting nits when no mapping exists.]
09-16 01:14:14.284 I/am_wtf ( 1128): [0,1128,system_server,-1,DisplayDeviceConfig,requesting nits when no mapping exists.]
09-16 01:14:14.285 I/am_wtf ( 1128): [0,1128,system_server,-1,DisplayDeviceConfig,requesting nits when no mapping exists.]
09-16 01:14:14.301 I/am_wtf ( 1128): [0,1128,system_server,-1,DisplayDeviceConfig,requesting nits when no mapping exists.]
09-16 01:14:14.302 I/am_wtf ( 1128): [0,1128,system_server,-1,DisplayDeviceConfig,requesting nits when no mapping exists.]
09-16 01:14:14.318 I/am_wtf ( 1128): [0,1128,system_server,-1,DisplayDeviceConfig,requesting nits when no mapping exists.]
09-16 01:14:14.319 I/am_wtf ( 1128): [0,1128,system_server,-1,DisplayDeviceConfig,requesting nits when no mapping exists.]
09-16 01:14:14.334 I/am_wtf ( 1128): [0,1128,system_server,-1,DisplayDeviceConfig,requesting nits when no mapping exists.]
09-16 01:14:14.336 I/am_wtf ( 1128): [0,1128,system_server,-1,DisplayDeviceConfig,requesting nits when no mapping exists.]
09-16 01:14:14.351 I/am_wtf ( 1128): [0,1128,system_server,-1,DisplayDeviceConfig,requesting nits when no mapping exists.]
09-16 01:14:14.352 I/am_wtf ( 1128): [0,1128,system_server,-1,DisplayDeviceConfig,requesting nits when no mapping exists.]
09-16 01:14:14.367 I/am_wtf ( 1128): [0,1128,system_server,-1,DisplayDeviceConfig,requesting nits when no mapping exists.]
09-16 01:14:14.369 I/am_wtf ( 1128): [0,1128,system_server,-1,DisplayDeviceConfig,requesting nits when no mapping exists.]
09-16 01:14:14.384 I/am_wtf ( 1128): [0,1128,system_server,-1,DisplayDeviceConfig,requesting nits when no mapping exists.]
09-16 01:14:14.385 I/am_wtf ( 1128): [0,1128,system_server,-1,DisplayDeviceConfig,requesting nits when no mapping exists.]
09-16 01:14:14.401 I/am_wtf ( 1128): [0,1128,system_server,-1,DisplayDeviceConfig,requesting nits when no mapping exists.]
09-16 01:14:14.402 I/am_wtf ( 1128): [0,1128,system_server,-1,DisplayDeviceConfig,requesting nits when no mapping exists.]
09-16 01:14:14.417 I/am_wtf ( 1128): [0,1128,system_server,-1,DisplayDeviceConfig,requesting nits when no mapping exists.]
09-16 01:14:14.419 I/am_wtf ( 1128): [0,1128,system_server,-1,DisplayDeviceConfig,requesting nits when no mapping exists.]
09-16 01:14:14.434 I/am_wtf ( 1128): [0,1128,system_server,-1,DisplayDeviceConfig,requesting nits when no mapping exists.]
09-16 01:14:14.435 I/am_wtf ( 1128): [0,1128,system_server,-1,DisplayDeviceConfig,requesting nits when no mapping exists.]
09-16 01:14:14.451 I/am_wtf ( 1128): [0,1128,system_server,-1,DisplayDeviceConfig,requesting nits when no mapping exists.]
09-16 01:14:14.452 I/am_wtf ( 1128): [0,1128,system_server,-1,DisplayDeviceConfig,requesting nits when no mapping exists.]
09-16 01:14:14.467 I/am_wtf ( 1128): [0,1128,system_server,-1,DisplayDeviceConfig,requesting nits when no mapping exists.]
09-16 01:14:14.468 I/am_wtf ( 1128): [0,1128,system_server,-1,DisplayDeviceConfig,requesting nits when no mapping exists.]
09-16 01:14:14.484 I/am_wtf ( 1128): [0,1128,system_server,-1,DisplayDeviceConfig,requesting nits when no mapping exists.]
09-16 01:14:14.485 I/service_manager_stats( 1128): [100,125,103930]
09-16 01:14:14.485 I/am_wtf ( 1128): [0,1128,system_server,-1,DisplayDeviceConfig,requesting nits when no mapping exists.]
09-16 01:14:14.501 I/am_wtf ( 1128): [0,1128,system_server,-1,DisplayDeviceConfig,requesting nits when no mapping exists.]
09-16 01:14:14.503 I/am_wtf ( 1128): [0,1128,system_server,-1,DisplayDeviceConfig,requesting nits when no mapping exists.]
09-16 01:14:14.518 I/am_wtf ( 1128): [0,1128,system_server,-1,DisplayDeviceConfig,requesting nits when no mapping exists.]
09-16 01:14:14.519 I/am_wtf ( 1128): [0,1128,system_server,-1,DisplayDeviceConfig,requesting nits when no mapping exists.]
09-16 01:14:14.534 I/am_wtf ( 1128): [0,1128,system_server,-1,DisplayDeviceConfig,requesting nits when no mapping exists.]
09-16 01:14:14.536 I/am_wtf ( 1128): [0,1128,system_server,-1,DisplayDeviceConfig,requesting nits when no mapping exists.]
09-16 01:14:14.551 I/am_wtf ( 1128): [0,1128,system_server,-1,DisplayDeviceConfig,requesting nits when no mapping exists.]
09-16 01:14:14.552 I/am_wtf ( 1128): [0,1128,system_server,-1,DisplayDeviceConfig,requesting nits when no mapping exists.]
09-16 01:14:14.568 I/am_wtf ( 1128): [0,1128,system_server,-1,DisplayDeviceConfig,requesting nits when no mapping exists.]
09-16 01:14:14.569 I/am_wtf ( 1128): [0,1128,system_server,-1,DisplayDeviceConfig,requesting nits when no mapping exists.]
09-16 01:14:14.584 I/am_wtf ( 1128): [0,1128,system_server,-1,DisplayDeviceConfig,requesting nits when no mapping exists.]
09-16 01:14:14.586 I/am_wtf ( 1128): [0,1128,system_server,-1,DisplayDeviceConfig,requesting nits when no mapping exists.]
09-16 01:14:14.601 I/am_wtf ( 1128): [0,1128,system_server,-1,DisplayDeviceConfig,requesting nits when no mapping exists.]
09-16 01:14:14.602 I/am_wtf ( 1128): [0,1128,system_server,-1,DisplayDeviceConfig,requesting nits when no mapping exists.]
09-16 01:14:14.618 I/am_wtf ( 1128): [0,1128,system_server,-1,DisplayDeviceConfig,requesting nits when no mapping exists.]
09-16 01:14:14.620 I/am_wtf ( 1128): [0,1128,system_server,-1,DisplayDeviceConfig,requesting nits when no mapping exists.]
09-16 01:14:14.634 I/am_wtf ( 1128): [0,1128,system_server,-1,DisplayDeviceConfig,requesting nits when no mapping exists.]
09-16 01:14:14.636 I/am_wtf ( 1128): [0,1128,system_server,-1,DisplayDeviceConfig,requesting nits when no mapping exists.]
09-16 01:14:14.651 I/am_wtf ( 1128): [0,1128,system_server,-1,DisplayDeviceConfig,requesting nits when no mapping exists.]
09-16 01:14:14.652 I/am_wtf ( 1128): [0,1128,system_server,-1,DisplayDeviceConfig,requesting nits when no mapping exists.]
09-16 01:14:14.668 I/am_wtf ( 1128): [0,1128,system_server,-1,DisplayDeviceConfig,requesting nits when no mapping exists.]
09-16 01:14:14.670 I/am_wtf ( 1128): [0,1128,system_server,-1,DisplayDeviceConfig,requesting nits when no mapping exists.]
09-16 01:14:14.685 I/am_wtf ( 1128): [0,1128,system_server,-1,DisplayDeviceConfig,requesting nits when no mapping exists.]
09-16 01:14:14.686 I/am_wtf ( 1128): [0,1128,system_server,-1,DisplayDeviceConfig,requesting nits when no mapping exists.]
09-16 01:14:14.701 I/am_wtf ( 1128): [0,1128,system_server,-1,DisplayDeviceConfig,requesting nits when no mapping exists.]
09-16 01:14:14.703 I/am_wtf ( 1128): [0,1128,system_server,-1,DisplayDeviceConfig,requesting nits when no mapping exists.]
09-16 01:14:14.718 I/am_wtf ( 1128): [0,1128,system_server,-1,DisplayDeviceConfig,requesting nits when no mapping exists.]
09-16 01:14:14.720 I/am_wtf ( 1128): [0,1128,system_server,-1,DisplayDeviceConfig,requesting nits when no mapping exists.]
09-16 01:14:14.735 I/am_wtf ( 1128): [0,1128,system_server,-1,DisplayDeviceConfig,requesting nits when no mapping exists.]
09-16 01:14:14.736 I/am_wtf ( 1128): [0,1128,system_server,-1,DisplayDeviceConfig,requesting nits when no mapping exists.]
09-16 01:14:14.752 I/am_wtf ( 1128): [0,1128,system_server,-1,DisplayDeviceConfig,requesting nits when no mapping exists.]
09-16 01:14:14.753 I/am_wtf ( 1128): [0,1128,system_server,-1,DisplayDeviceConfig,requesting nits when no mapping exists.]
09-16 01:14:14.768 I/am_wtf ( 1128): [0,1128,system_server,-1,DisplayDeviceConfig,requesting nits when no mapping exists.]
09-16 01:14:14.770 I/am_wtf ( 1128): [0,1128,system_server,-1,DisplayDeviceConfig,requesting nits when no mapping exists.]
09-16 01:14:14.785 I/am_wtf ( 1128): [0,1128,system_server,-1,DisplayDeviceConfig,requesting nits when no mapping exists.]
09-16 01:14:14.786 I/am_wtf ( 1128): [0,1128,system_server,-1,DisplayDeviceConfig,requesting nits when no mapping exists.]
09-16 01:14:14.802 I/am_wtf ( 1128): [0,1128,system_server,-1,DisplayDeviceConfig,requesting nits when no mapping exists.]
09-16 01:14:14.803 I/am_wtf ( 1128): [0,1128,system_server,-1,DisplayDeviceConfig,requesting nits when no mapping exists.]
09-16 01:14:14.819 I/am_wtf ( 1128): [0,1128,system_server,-1,DisplayDeviceConfig,requesting nits when no mapping exists.]
09-16 01:14:14.820 I/am_wtf ( 1128): [0,1128,system_server,-1,DisplayDeviceConfig,requesting nits when no mapping exists.]
09-16 01:14:14.835 I/am_wtf ( 1128): [0,1128,system_server,-1,DisplayDeviceConfig,requesting nits when no mapping exists.]
09-16 01:14:14.837 I/am_wtf ( 1128): [0,1128,system_server,-1,DisplayDeviceConfig,requesting nits when no mapping exists.]
09-16 01:14:14.852 I/am_wtf ( 1128): [0,1128,system_server,-1,DisplayDeviceConfig,requesting nits when no mapping exists.]
09-16 01:14:14.853 I/am_wtf ( 1128): [0,1128,system_server,-1,DisplayDeviceConfig,requesting nits when no mapping exists.]
09-16 01:14:14.868 I/am_wtf ( 1128): [0,1128,system_server,-1,DisplayDeviceConfig,requesting nits when no mapping exists.]
09-16 01:14:14.869 I/am_wtf ( 1128): [0,1128,system_server,-1,DisplayDeviceConfig,requesting nits when no mapping exists.]
09-16 01:14:14.885 I/am_wtf ( 1128): [0,1128,system_server,-1,DisplayDeviceConfig,requesting nits when no mapping exists.]
09-16 01:14:14.886 I/am_wtf ( 1128): [0,1128,system_server,-1,DisplayDeviceConfig,requesting nits when no mapping exists.]
09-16 01:14:14.902 I/am_wtf ( 1128): [0,1128,system_server,-1,DisplayDeviceConfig,requesting nits when no mapping exists.]
09-16 01:14:14.903 I/am_wtf ( 1128): [0,1128,system_server,-1,DisplayDeviceConfig,requesting nits when no mapping exists.]
09-16 01:14:14.919 I/am_wtf ( 1128): [0,1128,system_server,-1,DisplayDeviceConfig,requesting nits when no mapping exists.]
09-16 01:14:14.920 I/am_wtf ( 1128): [0,1128,system_server,-1,DisplayDeviceConfig,requesting nits when no mapping exists.]
09-16 01:14:14.935 I/am_wtf ( 1128): [0,1128,system_server,-1,DisplayDeviceConfig,requesting nits when no mapping exists.]
09-16 01:14:14.936 I/am_wtf ( 1128): [0,1128,system_server,-1,DisplayDeviceConfig,requesting nits when no mapping exists.]
09-16 01:14:21.187 I/sysui_multi_action( 1128): [757,222,758,1]
09-16 01:14:21.194 I/am_uid_active( 1128): 10074
09-16 01:14:21.205 I/dvm_lock_sample( 1128): [system_server,0,main,9,ActivityManagerService.java,8669,int com.android.server.am.ActivityManagerService.getMemoryTrimLevel(),-,12115,int com.android.server.am.ActivityManagerService.bindIsolatedService(android.app.IApplicationThread, android.os.IBinder, android.content.Intent, java.lang.String, android.app.IServiceConnection, int, java.lang.String, java.lang.String, int),1]
09-16 01:14:21.207 I/am_pss ( 1128): [6981,10068,com.android.music,7652352,4583424,0,90869760,0,19,14]
09-16 01:14:21.217 I/wm_task_created( 1128): [159,-1]
09-16 01:14:21.222 I/wm_task_moved( 1128): [159,1,6]
09-16 01:14:21.222 I/wm_task_to_front( 1128): [0,159]
09-16 01:14:21.223 I/wm_create_task( 1128): [0,159]
09-16 01:14:21.223 I/wm_create_activity( 1128): [0,189688973,159,com.android.deskclock/android.service.dreams.DreamActivity,NULL,NULL,NULL,276824064]
09-16 01:14:21.223 I/wm_task_moved( 1128): [159,1,6]
09-16 01:14:21.223 I/wm_on_top_resumed_lost_called( 2439): [235585230,com.android.launcher3.uioverrides.QuickstepLauncher,topStateChangedWhenResumed]
09-16 01:14:21.225 I/wm_pause_activity( 1128): [0,235585230,com.android.launcher3/.uioverrides.QuickstepLauncher,userLeaving=true,pauseBackTasks]
09-16 01:14:21.237 I/wm_on_paused_called( 2439): [235585230,com.android.launcher3.uioverrides.QuickstepLauncher,performPause]
09-16 01:14:21.248 I/wm_add_to_stopping( 1128): [0,235585230,com.android.launcher3/.uioverrides.QuickstepLauncher,makeInvisible]
09-16 01:14:21.249 I/wm_restart_activity( 1128): [0,189688973,159,com.android.deskclock/android.service.dreams.DreamActivity]
09-16 01:14:21.251 I/wm_set_resumed_activity( 1128): [0,com.android.deskclock/android.service.dreams.DreamActivity,minimalResumeActivityLocked]
09-16 01:14:21.268 I/input_focus( 1128): [Focus leaving 59e8c99 NotificationShade (server),reason=NOT_FOCUSABLE]
09-16 01:14:21.278 I/sysui_multi_action( 1128): [757,803,799,window_time_0,802,110]
09-16 01:14:21.279 I/wm_on_create_called( 2689): [189688973,android.service.dreams.DreamActivity,performCreate]
09-16 01:14:21.280 I/wm_on_start_called( 2689): [189688973,android.service.dreams.DreamActivity,handleStartActivity]
09-16 01:14:21.286 I/wm_on_resume_called( 2689): [189688973,android.service.dreams.DreamActivity,RESUME_ACTIVITY]
09-16 01:14:21.291 I/wm_on_top_resumed_gained_called( 2689): [189688973,android.service.dreams.DreamActivity,topStateChangedWhenResumed]
09-16 01:14:21.316 I/input_focus( 1128): [Focus request b81a045 com.android.deskclock/android.service.dreams.DreamActivity,reason=UpdateInputWindows]
09-16 01:14:21.328 I/sysui_multi_action( 1910): [757,111,758,2]
09-16 01:14:21.329 I/sysui_multi_action( 1910): [757,111,758,2]
09-16 01:14:21.334 I/sysui_multi_action( 1910): [757,111,758,1]
09-16 01:14:21.334 I/sysui_multi_action( 1910): [757,126,758,1,759,126,927,0,928,0,1593,0]
09-16 01:14:21.334 I/sysui_multi_action( 1910): [757,113,758,1,759,113,927,1,928,1,1593,0]
09-16 01:14:21.335 I/sysui_multi_action( 1910): [757,0,758,1,759,0,927,2,928,0,1593,0]
09-16 01:14:21.335 I/sysui_multi_action( 1910): [757,0,758,1,759,0,927,3,928,0,1593,0]
09-16 01:14:21.335 I/sysui_multi_action( 1910): [757,1706,758,1,759,1706,927,4,928,0,1593,0]
09-16 01:14:21.335 I/sysui_multi_action( 1910): [757,491,758,1,759,491,927,5,928,0,1311,-1,1593,0]
09-16 01:14:21.335 I/sysui_multi_action( 1910): [757,0,758,1,759,0,927,6,1593,0]
09-16 01:14:21.336 I/sysui_multi_action( 1910): [757,114,758,1,759,114,927,7,928,0,1593,0]
09-16 01:14:21.336 I/sysui_multi_action( 1910): [757,268,758,1,759,268,806,com.ss.android.ugc.aweme,871,com.ss.android.ugc.aweme.tile.PublishTileService,927,8,1593,1]
09-16 01:14:21.336 I/sysui_multi_action( 1910): [757,111,758,1]
09-16 01:14:21.336 I/sysui_multi_action( 1910): [757,126,758,1,759,126,927,0,928,0,1593,0]
09-16 01:14:21.336 I/sysui_multi_action( 1910): [757,113,758,1,759,113,927,1,928,1,1593,0]
09-16 01:14:21.336 I/sysui_multi_action( 1910): [757,0,758,1,759,0,927,2,928,0,1593,0]
09-16 01:14:21.336 I/sysui_multi_action( 1910): [757,0,758,1,759,0,927,3,928,0,1593,0]
09-16 01:14:21.337 I/sysui_multi_action( 1128): [757,1696,758,6,759,3]
09-16 01:14:21.338 I/am_wtf ( 1128): [0,1128,system_server,-1,DisplayDeviceConfig,requesting nits when no mapping exists.]
09-16 01:14:21.339 I/am_wtf ( 1128): [0,1128,system_server,-1,DisplayDeviceConfig,requesting nits when no mapping exists.]
09-16 01:14:21.348 I/sysui_multi_action( 1128): [319,115,322,115,325,1485,757,761,758,8,759,2,806,com.android.deskclock,871,android.service.dreams.DreamActivity,904,com.android.deskclock,905,0,1320,4,1321,1]
09-16 01:14:21.352 I/wm_activity_launch_time( 1128): [0,189688973,com.android.deskclock/android.service.dreams.DreamActivity,115]
09-16 01:14:21.386 I/input_focus( 1128): [Focus entering b81a045 com.android.deskclock/android.service.dreams.DreamActivity (server),reason=Window became focusable. Previous reason: NOT_VISIBLE]
09-16 01:14:21.389 I/am_wtf ( 1128): [0,1128,system_server,-1,DisplayDeviceConfig,requesting nits when no mapping exists.]
09-16 01:14:21.390 I/am_wtf ( 1128): [0,1128,system_server,-1,DisplayDeviceConfig,requesting nits when no mapping exists.]
09-16 01:14:21.435 I/am_wtf ( 1128): [0,1128,system_server,-1,DisplayDeviceConfig,requesting nits when no mapping exists.]
09-16 01:14:21.437 I/am_wtf ( 1128): [0,1128,system_server,-1,DisplayDeviceConfig,requesting nits when no mapping exists.]
09-16 01:14:21.469 I/am_wtf ( 1128): [0,1128,system_server,-1,DisplayDeviceConfig,requesting nits when no mapping exists.]
09-16 01:14:21.470 I/am_wtf ( 1128): [0,1128,system_server,-1,DisplayDeviceConfig,requesting nits when no mapping exists.]
09-16 01:14:21.485 I/sysui_multi_action( 1910): [757,111,758,2]
09-16 01:14:21.486 I/am_wtf ( 1128): [0,1128,system_server,-1,DisplayDeviceConfig,requesting nits when no mapping exists.]
09-16 01:14:21.486 I/sysui_multi_action( 1910): [757,111,758,2]
09-16 01:14:21.491 I/sysui_multi_action( 1910): [757,111,758,1]
09-16 01:14:21.491 I/sysui_multi_action( 1910): [757,126,758,1,759,126,927,0,928,0,1593,0]
09-16 01:14:21.491 I/sysui_multi_action( 1910): [757,113,758,1,759,113,927,1,928,1,1593,0]
09-16 01:14:21.492 I/sysui_multi_action( 1910): [757,0,758,1,759,0,927,2,928,0,1593,0]
09-16 01:14:21.492 I/sysui_multi_action( 1910): [757,0,758,1,759,0,927,3,928,0,1593,0]
09-16 01:14:21.492 I/sysui_multi_action( 1910): [757,1706,758,1,759,1706,927,4,928,0,1593,0]
09-16 01:14:21.493 I/sysui_multi_action( 1910): [757,491,758,1,759,491,927,5,928,0,1311,-1,1593,0]
09-16 01:14:21.493 I/sysui_multi_action( 1910): [757,0,758,1,759,0,927,6,1593,0]
09-16 01:14:21.493 I/sysui_multi_action( 1910): [757,114,758,1,759,114,927,7,928,0,1593,0]
09-16 01:14:21.493 I/sysui_multi_action( 1910): [757,268,758,1,759,268,806,com.ss.android.ugc.aweme,871,com.ss.android.ugc.aweme.tile.PublishTileService,927,8,1593,0]
09-16 01:14:21.493 I/sysui_multi_action( 1910): [757,111,758,1]
09-16 01:14:21.493 I/sysui_multi_action( 1910): [757,126,758,1,759,126,927,0,928,0,1593,0]
09-16 01:14:21.494 I/sysui_multi_action( 1910): [757,113,758,1,759,113,927,1,928,1,1593,0]
09-16 01:14:21.494 I/sysui_multi_action( 1910): [757,0,758,1,759,0,927,2,928,0,1593,0]
09-16 01:14:21.494 I/sysui_multi_action( 1910): [757,0,758,1,759,0,927,3,928,0,1593,0]
09-16 01:14:21.497 I/service_manager_slow( 1128): [10,dropbox]
09-16 01:14:21.497 I/am_wtf ( 1128): [0,1128,system_server,-1,DisplayDeviceConfig,requesting nits when no mapping exists.]
09-16 01:14:21.513 I/sysui_multi_action( 1910): [757,111,758,2]
09-16 01:14:21.513 I/sysui_multi_action( 1910): [757,111,758,2]
09-16 01:14:21.518 I/sysui_multi_action( 1910): [757,111,758,1]
09-16 01:14:21.519 I/sysui_multi_action( 1910): [757,126,758,1,759,126,927,0,928,0,1593,1]
09-16 01:14:21.519 I/sysui_multi_action( 1910): [757,113,758,1,759,113,927,1,928,1,1593,1]
09-16 01:14:21.519 I/sysui_multi_action( 1910): [757,0,758,1,759,0,927,2,928,0,1593,1]
09-16 01:14:21.519 I/am_wtf ( 1128): [0,1128,system_server,-1,DisplayDeviceConfig,requesting nits when no mapping exists.]
09-16 01:14:21.519 I/sysui_multi_action( 1910): [757,0,758,1,759,0,927,3,928,0,1593,1]
09-16 01:14:21.519 I/sysui_multi_action( 1910): [757,1706,758,1,759,1706,927,4,928,0,1593,1]
09-16 01:14:21.519 I/sysui_multi_action( 1910): [757,491,758,1,759,491,927,5,928,0,1311,-1,1593,1]
09-16 01:14:21.519 I/sysui_multi_action( 1910): [757,0,758,1,759,0,927,6,1593,1]
09-16 01:14:21.520 I/sysui_multi_action( 1910): [757,114,758,1,759,114,927,7,928,0,1593,1]
09-16 01:14:21.520 I/sysui_multi_action( 1910): [757,268,758,1,759,268,806,com.ss.android.ugc.aweme,871,com.ss.android.ugc.aweme.tile.PublishTileService,927,8,1593,1]
09-16 01:14:21.520 I/sysui_multi_action( 1910): [757,111,758,1]
09-16 01:14:21.520 I/sysui_multi_action( 1910): [757,126,758,1,759,126,927,0,928,0,1593,1]
09-16 01:14:21.520 I/sysui_multi_action( 1910): [757,113,758,1,759,113,927,1,928,1,1593,1]
09-16 01:14:21.520 I/sysui_multi_action( 1910): [757,0,758,1,759,0,927,2,928,0,1593,1]
09-16 01:14:21.520 I/sysui_multi_action( 1910): [757,0,758,1,759,0,927,3,928,0,1593,1]
09-16 01:14:21.525 I/am_wtf ( 1128): [0,1128,system_server,-1,DisplayDeviceConfig,requesting nits when no mapping exists.]
09-16 01:14:21.540 I/sysui_multi_action( 1910): [757,111,758,2]
09-16 01:14:21.540 I/sysui_multi_action( 1910): [757,111,758,2]
09-16 01:14:21.544 I/sysui_multi_action( 1910): [757,111,758,1]
09-16 01:14:21.544 I/sysui_multi_action( 1910): [757,126,758,1,759,126,927,0,928,0,1593,1]
09-16 01:14:21.544 I/sysui_multi_action( 1910): [757,113,758,1,759,113,927,1,928,1,1593,1]
09-16 01:14:21.544 I/sysui_multi_action( 1910): [757,0,758,1,759,0,927,2,928,0,1593,1]
09-16 01:14:21.545 I/sysui_multi_action( 1910): [757,0,758,1,759,0,927,3,928,0,1593,1]
09-16 01:14:21.545 I/sysui_multi_action( 1910): [757,1706,758,1,759,1706,927,4,928,0,1593,1]
09-16 01:14:21.545 I/sysui_multi_action( 1910): [757,491,758,1,759,491,927,5,928,0,1311,-1,1593,0]
09-16 01:14:21.545 I/sysui_multi_action( 1910): [757,0,758,1,759,0,927,6,1593,0]
09-16 01:14:21.545 I/sysui_multi_action( 1910): [757,114,758,1,759,114,927,7,928,0,1593,0]
09-16 01:14:21.545 I/sysui_multi_action( 1910): [757,268,758,1,759,268,806,com.ss.android.ugc.aweme,871,com.ss.android.ugc.aweme.tile.PublishTileService,927,8,1593,0]
09-16 01:14:21.545 I/sysui_multi_action( 1910): [757,111,758,1]
09-16 01:14:21.546 I/sysui_multi_action( 1910): [757,126,758,1,759,126,927,0,928,0,1593,1]
09-16 01:14:21.546 I/sysui_multi_action( 1910): [757,113,758,1,759,113,927,1,928,1,1593,1]
09-16 01:14:21.546 I/sysui_multi_action( 1910): [757,0,758,1,759,0,927,2,928,0,1593,1]
09-16 01:14:21.546 I/sysui_multi_action( 1910): [757,0,758,1,759,0,927,3,928,0,1593,1]
09-16 01:14:21.566 I/sysui_multi_action( 1910): [757,111,758,2]
09-16 01:14:21.566 I/sysui_multi_action( 1910): [757,111,758,2]
09-16 01:14:21.569 I/am_wtf ( 1128): [0,1128,system_server,-1,DisplayDeviceConfig,requesting nits when no mapping exists.]
09-16 01:14:21.569 I/sysui_multi_action( 1910): [757,111,758,1]
09-16 01:14:21.570 I/sysui_multi_action( 1910): [757,126,758,1,759,126,927,0,928,0,1593,1]
09-16 01:14:21.570 I/sysui_multi_action( 1910): [757,113,758,1,759,113,927,1,928,1,1593,1]
09-16 01:14:21.570 I/sysui_multi_action( 1910): [757,0,758,1,759,0,927,2,928,0,1593,1]
09-16 01:14:21.570 I/sysui_multi_action( 1910): [757,0,758,1,759,0,927,3,928,0,1593,1]
09-16 01:14:21.570 I/sysui_multi_action( 1910): [757,1706,758,1,759,1706,927,4,928,0,1593,1]
09-16 01:14:21.570 I/sysui_multi_action( 1910): [757,491,758,1,759,491,927,5,928,0,1311,-1,1593,0]
09-16 01:14:21.570 I/sysui_multi_action( 1910): [757,0,758,1,759,0,927,6,1593,0]
09-16 01:14:21.570 I/sysui_multi_action( 1910): [757,114,758,1,759,114,927,7,928,0,1593,0]
09-16 01:14:21.570 I/sysui_multi_action( 1910): [757,268,758,1,759,268,806,com.ss.android.ugc.aweme,871,com.ss.android.ugc.aweme.tile.PublishTileService,927,8,1593,0]
09-16 01:14:21.571 I/sysui_multi_action( 1910): [757,111,758,1]
09-16 01:14:21.571 I/sysui_multi_action( 1910): [757,126,758,1,759,126,927,0,928,0,1593,1]
09-16 01:14:21.571 I/sysui_multi_action( 1910): [757,113,758,1,759,113,927,1,928,1,1593,1]
09-16 01:14:21.571 I/sysui_multi_action( 1910): [757,0,758,1,759,0,927,2,928,0,1593,1]
09-16 01:14:21.571 I/sysui_multi_action( 1910): [757,0,758,1,759,0,927,3,928,0,1593,1]
09-16 01:14:21.575 I/am_wtf ( 1128): [0,1128,system_server,-1,DisplayDeviceConfig,requesting nits when no mapping exists.]
09-16 01:14:21.582 I/sysui_multi_action( 1910): [757,111,758,2]
09-16 01:14:21.582 I/sysui_multi_action( 1910): [757,111,758,2]
09-16 01:14:21.586 I/sysui_multi_action( 1910): [757,111,758,1]
09-16 01:14:21.586 I/sysui_multi_action( 1910): [757,126,758,1,759,126,927,0,928,0,1593,1]
09-16 01:14:21.586 I/sysui_multi_action( 1910): [757,113,758,1,759,113,927,1,928,1,1593,1]
09-16 01:14:21.586 I/sysui_multi_action( 1910): [757,0,758,1,759,0,927,2,928,0,1593,1]
09-16 01:14:21.587 I/sysui_multi_action( 1910): [757,0,758,1,759,0,927,3,928,0,1593,1]
09-16 01:14:21.587 I/sysui_multi_action( 1910): [757,1706,758,1,759,1706,927,4,928,0,1593,1]
09-16 01:14:21.587 I/sysui_multi_action( 1910): [757,491,758,1,759,491,927,5,928,0,1311,-1,1593,0]
09-16 01:14:21.587 I/sysui_multi_action( 1910): [757,0,758,1,759,0,927,6,1593,0]
09-16 01:14:21.587 I/sysui_multi_action( 1910): [757,114,758,1,759,114,927,7,928,0,1593,0]
09-16 01:14:21.587 I/sysui_multi_action( 1910): [757,268,758,1,759,268,806,com.ss.android.ugc.aweme,871,com.ss.android.ugc.aweme.tile.PublishTileService,927,8,1593,0]
09-16 01:14:21.587 I/sysui_multi_action( 1910): [757,111,758,1]
09-16 01:14:21.588 I/sysui_multi_action( 1910): [757,126,758,1,759,126,927,0,928,0,1593,1]
09-16 01:14:21.588 I/sysui_multi_action( 1910): [757,113,758,1,759,113,927,1,928,1,1593,1]
09-16 01:14:21.588 I/sysui_multi_action( 1910): [757,0,758,1,759,0,927,2,928,0,1593,1]
09-16 01:14:21.588 I/sysui_multi_action( 1910): [757,0,758,1,759,0,927,3,928,0,1593,1]
09-16 01:14:21.602 I/am_wtf ( 1128): [0,1128,system_server,-1,DisplayDeviceConfig,requesting nits when no mapping exists.]
09-16 01:14:21.603 I/am_wtf ( 1128): [0,1128,system_server,-1,DisplayDeviceConfig,requesting nits when no mapping exists.]
09-16 01:14:21.605 I/sysui_multi_action( 1910): [757,111,758,2]
09-16 01:14:21.605 I/sysui_multi_action( 1910): [757,111,758,2]
09-16 01:14:21.608 I/sysui_multi_action( 1910): [757,111,758,1]
09-16 01:14:21.608 I/sysui_multi_action( 1910): [757,126,758,1,759,126,927,0,928,0,1593,1]
09-16 01:14:21.609 I/sysui_multi_action( 1910): [757,113,758,1,759,113,927,1,928,1,1593,1]
09-16 01:14:21.609 I/sysui_multi_action( 1910): [757,0,758,1,759,0,927,2,928,0,1593,1]
09-16 01:14:21.609 I/sysui_multi_action( 1910): [757,0,758,1,759,0,927,3,928,0,1593,1]
09-16 01:14:21.609 I/sysui_multi_action( 1910): [757,1706,758,1,759,1706,927,4,928,0,1593,1]
09-16 01:14:21.609 I/sysui_multi_action( 1910): [757,491,758,1,759,491,927,5,928,0,1311,-1,1593,0]
09-16 01:14:21.609 I/sysui_multi_action( 1910): [757,0,758,1,759,0,927,6,1593,0]
09-16 01:14:21.610 I/sysui_multi_action( 1910): [757,114,758,1,759,114,927,7,928,0,1593,0]
09-16 01:14:21.610 I/sysui_multi_action( 1910): [757,268,758,1,759,268,806,com.ss.android.ugc.aweme,871,com.ss.android.ugc.aweme.tile.PublishTileService,927,8,1593,0]
09-16 01:14:21.610 I/sysui_multi_action( 1910): [757,111,758,1]
09-16 01:14:21.610 I/sysui_multi_action( 1910): [757,126,758,1,759,126,927,0,928,0,1593,1]
09-16 01:14:21.610 I/sysui_multi_action( 1910): [757,113,758,1,759,113,927,1,928,1,1593,1]
09-16 01:14:21.610 I/sysui_multi_action( 1910): [757,0,758,1,759,0,927,2,928,0,1593,1]
09-16 01:14:21.610 I/sysui_multi_action( 1910): [757,0,758,1,759,0,927,3,928,0,1593,1]
09-16 01:14:21.622 I/wm_stop_activity( 1128): [0,235585230,com.android.launcher3/.uioverrides.QuickstepLauncher]
09-16 01:14:21.633 I/sysui_multi_action( 1910): [757,111,758,2]
09-16 01:14:21.634 I/sysui_multi_action( 1910): [757,111,758,2]
09-16 01:14:21.635 I/am_wtf ( 1128): [0,1128,system_server,-1,DisplayDeviceConfig,requesting nits when no mapping exists.]
09-16 01:14:21.637 I/am_wtf ( 1128): [0,1128,system_server,-1,DisplayDeviceConfig,requesting nits when no mapping exists.]
09-16 01:14:21.637 I/sysui_multi_action( 1910): [757,111,758,1]
09-16 01:14:21.638 I/sysui_multi_action( 1910): [757,126,758,1,759,126,927,0,928,0,1593,0]
09-16 01:14:21.638 I/sysui_multi_action( 1910): [757,113,758,1,759,113,927,1,928,1,1593,0]
09-16 01:14:21.638 I/sysui_multi_action( 1910): [757,0,758,1,759,0,927,2,928,0,1593,0]
09-16 01:14:21.638 I/sysui_multi_action( 1910): [757,0,758,1,759,0,927,3,928,0,1593,1]
09-16 01:14:21.638 I/sysui_multi_action( 1910): [757,1706,758,1,759,1706,927,4,928,0,1593,1]
09-16 01:14:21.638 I/sysui_multi_action( 1910): [757,491,758,1,759,491,927,5,928,0,1311,-1,1593,0]
09-16 01:14:21.639 I/sysui_multi_action( 1910): [757,0,758,1,759,0,927,6,1593,0]
09-16 01:14:21.639 I/sysui_multi_action( 1910): [757,114,758,1,759,114,927,7,928,0,1593,0]
09-16 01:14:21.639 I/sysui_multi_action( 1910): [757,268,758,1,759,268,806,com.ss.android.ugc.aweme,871,com.ss.android.ugc.aweme.tile.PublishTileService,927,8,1593,0]
09-16 01:14:21.639 I/sysui_multi_action( 1910): [757,111,758,1]
09-16 01:14:21.639 I/sysui_multi_action( 1910): [757,126,758,1,759,126,927,0,928,0,1593,1]
09-16 01:14:21.639 I/sysui_multi_action( 1910): [757,113,758,1,759,113,927,1,928,1,1593,1]
09-16 01:14:21.639 I/sysui_multi_action( 1910): [757,0,758,1,759,0,927,2,928,0,1593,1]
09-16 01:14:21.639 I/sysui_multi_action( 1910): [757,0,758,1,759,0,927,3,928,0,1593,1]
09-16 01:14:21.653 I/am_wtf ( 1128): [0,1128,system_server,-1,DisplayDeviceConfig,requesting nits when no mapping exists.]
09-16 01:14:21.655 I/sysui_multi_action( 1910): [757,111,758,2]
09-16 01:14:21.655 I/am_wtf ( 1128): [0,1128,system_server,-1,DisplayDeviceConfig,requesting nits when no mapping exists.]
09-16 01:14:21.655 I/sysui_multi_action( 1910): [757,111,758,2]
09-16 01:14:21.655 I/wm_on_stop_called( 2439): [235585230,com.android.launcher3.uioverrides.QuickstepLauncher,STOP_ACTIVITY_ITEM]
09-16 01:14:21.660 I/sysui_multi_action( 1910): [757,111,758,1]
09-16 01:14:21.660 I/sysui_multi_action( 1910): [757,126,758,1,759,126,927,0,928,0,1593,1]
09-16 01:14:21.661 I/sysui_multi_action( 1910): [757,113,758,1,759,113,927,1,928,1,1593,1]
09-16 01:14:21.661 I/sysui_multi_action( 1910): [757,0,758,1,759,0,927,2,928,0,1593,1]
09-16 01:14:21.661 I/sysui_multi_action( 1910): [757,0,758,1,759,0,927,3,928,0,1593,1]
09-16 01:14:21.661 I/sysui_multi_action( 1910): [757,1706,758,1,759,1706,927,4,928,0,1593,1]
09-16 01:14:21.661 I/sysui_multi_action( 1910): [757,491,758,1,759,491,927,5,928,0,1311,-1,1593,0]
09-16 01:14:21.661 I/sysui_multi_action( 1910): [757,0,758,1,759,0,927,6,1593,0]
09-16 01:14:21.662 I/sysui_multi_action( 1910): [757,114,758,1,759,114,927,7,928,0,1593,0]
09-16 01:14:21.662 I/sysui_multi_action( 1910): [757,268,758,1,759,268,806,com.ss.android.ugc.aweme,871,com.ss.android.ugc.aweme.tile.PublishTileService,927,8,1593,0]
09-16 01:14:21.662 I/sysui_multi_action( 1910): [757,111,758,1]
09-16 01:14:21.662 I/sysui_multi_action( 1910): [757,126,758,1,759,126,927,0,928,0,1593,1]
09-16 01:14:21.662 I/sysui_multi_action( 1910): [757,113,758,1,759,113,927,1,928,1,1593,1]
09-16 01:14:21.662 I/sysui_multi_action( 1910): [757,0,758,1,759,0,927,2,928,0,1593,1]
09-16 01:14:21.662 I/sysui_multi_action( 1910): [757,0,758,1,759,0,927,3,928,0,1593,1]
09-16 01:14:21.685 I/am_wtf ( 1128): [0,1128,system_server,-1,DisplayDeviceConfig,requesting nits when no mapping exists.]
09-16 01:14:21.686 I/sysui_multi_action( 1910): [757,111,758,2]
09-16 01:14:21.686 I/sysui_multi_action( 1910): [757,111,758,2]
09-16 01:14:21.687 I/am_wtf ( 1128): [0,1128,system_server,-1,DisplayDeviceConfig,requesting nits when no mapping exists.]
09-16 01:14:21.690 I/sysui_multi_action( 1910): [757,111,758,1]
09-16 01:14:21.690 I/sysui_multi_action( 1910): [757,126,758,1,759,126,927,0,928,0,1593,1]
09-16 01:14:21.690 I/sysui_multi_action( 1910): [757,113,758,1,759,113,927,1,928,1,1593,1]
09-16 01:14:21.690 I/sysui_multi_action( 1910): [757,0,758,1,759,0,927,2,928,0,1593,1]
09-16 01:14:21.690 I/sysui_multi_action( 1910): [757,0,758,1,759,0,927,3,928,0,1593,1]
09-16 01:14:21.690 I/sysui_multi_action( 1910): [757,1706,758,1,759,1706,927,4,928,0,1593,1]
09-16 01:14:21.691 I/sysui_multi_action( 1910): [757,491,758,1,759,491,927,5,928,0,1311,-1,1593,0]
09-16 01:14:21.691 I/sysui_multi_action( 1910): [757,0,758,1,759,0,927,6,1593,0]
09-16 01:14:21.691 I/sysui_multi_action( 1910): [757,114,758,1,759,114,927,7,928,0,1593,0]
09-16 01:14:21.691 I/sysui_multi_action( 1910): [757,268,758,1,759,268,806,com.ss.android.ugc.aweme,871,com.ss.android.ugc.aweme.tile.PublishTileService,927,8,1593,0]
09-16 01:14:21.691 I/sysui_multi_action( 1910): [757,111,758,1]
09-16 01:14:21.691 I/sysui_multi_action( 1910): [757,126,758,1,759,126,927,0,928,0,1593,1]
09-16 01:14:21.691 I/sysui_multi_action( 1910): [757,113,758,1,759,113,927,1,928,1,1593,1]
09-16 01:14:21.691 I/sysui_multi_action( 1910): [757,0,758,1,759,0,927,2,928,0,1593,1]
09-16 01:14:21.692 I/sysui_multi_action( 1910): [757,0,758,1,759,0,927,3,928,0,1593,1]
09-16 01:14:21.707 I/sysui_multi_action( 1910): [757,111,758,2]
09-16 01:14:21.707 I/sysui_multi_action( 1910): [757,111,758,2]
09-16 01:14:21.710 I/sysui_multi_action( 1910): [757,111,758,1]
09-16 01:14:21.711 I/sysui_multi_action( 1910): [757,126,758,1,759,126,927,0,928,0,1593,1]
09-16 01:14:21.711 I/sysui_multi_action( 1910): [757,113,758,1,759,113,927,1,928,1,1593,1]
09-16 01:14:21.711 I/sysui_multi_action( 1910): [757,0,758,1,759,0,927,2,928,0,1593,1]
09-16 01:14:21.711 I/sysui_multi_action( 1910): [757,0,758,1,759,0,927,3,928,0,1593,1]
09-16 01:14:21.711 I/sysui_multi_action( 1910): [757,1706,758,1,759,1706,927,4,928,0,1593,1]
09-16 01:14:21.711 I/sysui_multi_action( 1910): [757,491,758,1,759,491,927,5,928,0,1311,-1,1593,0]
09-16 01:14:21.711 I/sysui_multi_action( 1910): [757,0,758,1,759,0,927,6,1593,0]
09-16 01:14:21.711 I/sysui_multi_action( 1910): [757,114,758,1,759,114,927,7,928,0,1593,0]
09-16 01:14:21.712 I/sysui_multi_action( 1910): [757,268,758,1,759,268,806,com.ss.android.ugc.aweme,871,com.ss.android.ugc.aweme.tile.PublishTileService,927,8,1593,0]
09-16 01:14:21.712 I/sysui_multi_action( 1910): [757,111,758,1]
09-16 01:14:21.712 I/sysui_multi_action( 1910): [757,126,758,1,759,126,927,0,928,0,1593,1]
09-16 01:14:21.712 I/sysui_multi_action( 1910): [757,113,758,1,759,113,927,1,928,1,1593,1]
09-16 01:14:21.712 I/sysui_multi_action( 1910): [757,0,758,1,759,0,927,2,928,0,1593,1]
09-16 01:14:21.712 I/sysui_multi_action( 1910): [757,0,758,1,759,0,927,3,928,0,1593,1]
09-16 01:14:21.720 I/am_wtf ( 1128): [0,1128,system_server,-1,DisplayDeviceConfig,requesting nits when no mapping exists.]
09-16 01:14:21.721 I/am_wtf ( 1128): [0,1128,system_server,-1,DisplayDeviceConfig,requesting nits when no mapping exists.]
09-16 01:14:21.723 I/sysui_multi_action( 1910): [757,111,758,2]
09-16 01:14:21.724 I/sysui_multi_action( 1910): [757,111,758,2]
09-16 01:14:21.727 I/sysui_multi_action( 1910): [757,111,758,1]
09-16 01:14:21.727 I/sysui_multi_action( 1910): [757,126,758,1,759,126,927,0,928,0,1593,0]
09-16 01:14:21.727 I/sysui_multi_action( 1910): [757,113,758,1,759,113,927,1,928,1,1593,0]
09-16 01:14:21.727 I/sysui_multi_action( 1910): [757,0,758,1,759,0,927,2,928,0,1593,0]
09-16 01:14:21.727 I/sysui_multi_action( 1910): [757,0,758,1,759,0,927,3,928,0,1593,0]
09-16 01:14:21.727 I/sysui_multi_action( 1910): [757,1706,758,1,759,1706,927,4,928,0,1593,1]
09-16 01:14:21.728 I/sysui_multi_action( 1910): [757,491,758,1,759,491,927,5,928,0,1311,-1,1593,0]
09-16 01:14:21.728 I/sysui_multi_action( 1910): [757,0,758,1,759,0,927,6,1593,0]
09-16 01:14:21.728 I/sysui_multi_action( 1910): [757,114,758,1,759,114,927,7,928,0,1593,0]
09-16 01:14:21.728 I/sysui_multi_action( 1910): [757,268,758,1,759,268,806,com.ss.android.ugc.aweme,871,com.ss.android.ugc.aweme.tile.PublishTileService,927,8,1593,0]
09-16 01:14:21.728 I/sysui_multi_action( 1910): [757,111,758,1]
09-16 01:14:21.729 I/sysui_multi_action( 1910): [757,126,758,1,759,126,927,0,928,0,1593,1]
09-16 01:14:21.729 I/sysui_multi_action( 1910): [757,113,758,1,759,113,927,1,928,1,1593,1]
09-16 01:14:21.729 I/sysui_multi_action( 1910): [757,0,758,1,759,0,927,2,928,0,1593,1]
09-16 01:14:21.729 I/sysui_multi_action( 1910): [757,0,758,1,759,0,927,3,928,0,1593,1]
09-16 01:14:21.736 I/am_wtf ( 1128): [0,1128,system_server,-1,DisplayDeviceConfig,requesting nits when no mapping exists.]
09-16 01:14:21.739 I/am_wtf ( 1128): [0,1128,system_server,-1,DisplayDeviceConfig,requesting nits when no mapping exists.]
09-16 01:14:21.744 I/sysui_multi_action( 1910): [757,111,758,2]
09-16 01:14:21.744 I/sysui_multi_action( 1910): [757,111,758,2]
09-16 01:14:21.752 I/am_wtf ( 1128): [0,1128,system_server,-1,DisplayDeviceConfig,requesting nits when no mapping exists.]
09-16 01:14:21.755 I/am_wtf ( 1128): [0,1128,system_server,-1,DisplayDeviceConfig,requesting nits when no mapping exists.]
09-16 01:14:21.758 I/sysui_multi_action( 1910): [757,111,758,1]
09-16 01:14:21.759 I/sysui_multi_action( 1910): [757,126,758,1,759,126,927,0,928,0,1593,1]
09-16 01:14:21.759 I/sysui_multi_action( 1910): [757,113,758,1,759,113,927,1,928,1,1593,1]
09-16 01:14:21.759 I/sysui_multi_action( 1910): [757,0,758,1,759,0,927,2,928,0,1593,1]
09-16 01:14:21.759 I/sysui_multi_action( 1910): [757,0,758,1,759,0,927,3,928,0,1593,1]
09-16 01:14:21.759 I/sysui_multi_action( 1910): [757,1706,758,1,759,1706,927,4,928,0,1593,1]
09-16 01:14:21.759 I/sysui_multi_action( 1910): [757,491,758,1,759,491,927,5,928,0,1311,-1,1593,0]
09-16 01:14:21.759 I/sysui_multi_action( 1910): [757,0,758,1,759,0,927,6,1593,0]
09-16 01:14:21.760 I/sysui_multi_action( 1910): [757,114,758,1,759,114,927,7,928,0,1593,0]
09-16 01:14:21.760 I/sysui_multi_action( 1910): [757,268,758,1,759,268,806,com.ss.android.ugc.aweme,871,com.ss.android.ugc.aweme.tile.PublishTileService,927,8,1593,0]
09-16 01:14:21.760 I/sysui_multi_action( 1910): [757,111,758,1]
09-16 01:14:21.760 I/sysui_multi_action( 1910): [757,126,758,1,759,126,927,0,928,0,1593,1]
09-16 01:14:21.760 I/sysui_multi_action( 1910): [757,113,758,1,759,113,927,1,928,1,1593,1]
09-16 01:14:21.760 I/sysui_multi_action( 1910): [757,0,758,1,759,0,927,2,928,0,1593,1]
09-16 01:14:21.760 I/sysui_multi_action( 1910): [757,0,758,1,759,0,927,3,928,0,1593,1]
09-16 01:14:21.769 I/am_wtf ( 1128): [0,1128,system_server,-1,DisplayDeviceConfig,requesting nits when no mapping exists.]
09-16 01:14:21.769 I/sysui_multi_action( 1910): [757,111,758,2]
09-16 01:14:21.769 I/sysui_multi_action( 1910): [757,111,758,2]
09-16 01:14:21.771 I/sysui_multi_action( 1128): [757,128,758,2,793,1430499,794,60284,795,1430499,796,26,798,0,806,android,857,DEVELOPER_IMPORTANT,858,4,947,0,1395,4,1500,1429739,1688,1]
09-16 01:14:21.771 I/notification_visibility( 1128): [-1|android|26|null|1000,0,1430499,1430499,0,0]
09-16 01:14:21.771 I/sysui_multi_action( 1128): [757,128,758,2,793,1234138,794,60282,795,1234138,796,4273,798,1,806,com.android.systemui,857,screen_record,858,3,947,0,1395,4,1500,1233935,1688,1,1745,680407814]
09-16 01:14:21.772 I/notification_visibility( 1128): [0|com.android.systemui|4273|null|10087,0,1234138,1234138,0,1]
09-16 01:14:21.772 I/sysui_multi_action( 1128): [757,128,758,2,793,1430370,794,60283,795,1430370,796,55,798,2,806,android,857,DEVELOPER,858,2,947,0,1395,4,1500,1429737,1688,1]
09-16 01:14:21.775 I/notification_visibility( 1128): [-1|android|55|null|1000,0,1430370,1430370,0,2]
09-16 01:14:21.775 I/sysui_multi_action( 1128): [757,128,758,2,793,1433805,794,60285,795,1433805,796,32,798,3,806,android,857,USB,858,1,947,0,1395,4,1500,1433618,1688,1]
09-16 01:14:21.775 I/notification_visibility( 1128): [-1|android|32|null|1000,0,1433805,1433805,0,3]
09-16 01:14:21.775 I/sysui_multi_action( 1128): [757,127,758,2]
09-16 01:14:21.775 I/notification_panel_hidden( 1128):
09-16 01:14:21.780 I/sysui_multi_action( 1910): [757,111,758,1]
09-16 01:14:21.780 I/sysui_multi_action( 1910): [757,126,758,1,759,126,927,0,928,0,1593,1]
09-16 01:14:21.780 I/sysui_multi_action( 1910): [757,113,758,1,759,113,927,1,928,1,1593,1]
09-16 01:14:21.780 I/sysui_multi_action( 1910): [757,0,758,1,759,0,927,2,928,0,1593,1]
09-16 01:14:21.781 I/sysui_multi_action( 1910): [757,0,758,1,759,0,927,3,928,0,1593,1]
09-16 01:14:21.781 I/sysui_multi_action( 1910): [757,1706,758,1,759,1706,927,4,928,0,1593,1]
09-16 01:14:21.781 I/sysui_multi_action( 1910): [757,491,758,1,759,491,927,5,928,0,1311,-1,1593,0]
09-16 01:14:21.781 I/sysui_multi_action( 1910): [757,0,758,1,759,0,927,6,1593,0]
09-16 01:14:21.781 I/sysui_multi_action( 1910): [757,114,758,1,759,114,927,7,928,0,1593,0]
09-16 01:14:21.781 I/sysui_multi_action( 1910): [757,268,758,1,759,268,806,com.ss.android.ugc.aweme,871,com.ss.android.ugc.aweme.tile.PublishTileService,927,8,1593,0]
09-16 01:14:21.781 I/sysui_multi_action( 1910): [757,111,758,1]
09-16 01:14:21.781 I/sysui_multi_action( 1910): [757,126,758,1,759,126,927,0,928,0,1593,1]
