01-01 13:43:58.219 I/init ( 0): Created socket '/dev/socket/qvrservice_vndr_camera', mode 660, user 1000, group 1000
01-01 13:43:58.243 I/init ( 0): starting service 'sxrd'...
01-01 13:43:58.260 I/init ( 0): starting service 'vendor.light-hal-2-0'...
09-16 01:20:23.543 F/linker ( 7800): CANNOT LINK EXECUTABLE "/vendor/bin/hw/qvrservice": library "vendor.qti.hardware.qxr-V1-ndk_platform.so" not found: needed by /vendor/lib64/libqvrservice.so in namespace (default)
09-16 01:20:23.544 F/linker ( 7801): CANNOT LINK EXECUTABLE "/vendor/bin/hw/sxrservice": library "vendor.qti.hardware.qxr-V1-ndk_platform.so" not found: needed by main executable
01-01 13:43:58.297 I/init ( 0): Service 'qvrd_vndr' (pid 7800) exited with status 1
01-01 13:43:58.304 I/init ( 0): Sending signal 9 to service 'qvrd_vndr' (pid 7800) process group...
01-01 13:43:58.312 I/libprocessgroup( 0): Successfully killed process cgroup uid 1000 pid 7800 in 0ms
01-01 13:43:58.322 I/init ( 0): Service 'sxrd' (pid 7801) exited with status 1
01-01 13:43:58.328 I/init ( 0): Sending signal 9 to service 'sxrd' (pid 7801) process group...
09-16 01:20:23.584 I/hwservicemanager( 516): getTransport: Cannot find entry android.hardware.light@2.0::ILight/default in either framework or device VINTF manifest.
09-16 01:20:23.587 E/light ( 7802): light_open lights keyboard failed: -22
09-16 01:20:23.587 E/light ( 7802): Light passthrough failed to load legacy HAL.
09-16 01:20:23.588 E/light ( 7802): light_open lights buttons failed: -22
09-16 01:20:23.588 E/light ( 7802): Light passthrough failed to load legacy HAL.
09-16 01:20:23.590 E/light ( 7802): light_open lights bluetooth failed: -22
09-16 01:20:23.590 E/light ( 7802): Light passthrough failed to load legacy HAL.
09-16 01:20:23.591 E/light ( 7802): light_open lights wifi failed: -22
09-16 01:20:23.591 E/light ( 7802): Light passthrough failed to load legacy HAL.
09-16 01:20:23.592 I/hwservicemanager( 516): getTransport: Cannot find entry android.hardware.light@2.0::ILight/default in either framework or device VINTF manifest.
09-16 01:20:23.593 E/HidlServiceManagement( 7802): Service android.hardware.light@2.0::ILight/default must be in VINTF manifest in order to register/get.
09-16 01:20:23.593 E/LegacySupport( 7802): Could not register service android.hardware.light@2.0::ILight/default (-2147483648).
09-16 01:20:23.669 I/mpu_uart( 664): [MSG-P:RECV]:No message received in 1000 ms
01-01 13:43:58.833 D/ ( 0): mv2112_read_status
01-01 13:43:58.837 D/mv2112_update_link( 0): 3.0x901(1G): 0x80
01-01 13:43:58.842 D/mv2112_update_link( 0): 3.0x8109(100M): 0x0
01-01 13:43:58.847 D/mv2112_update_link( 0): link 0x0
01-01 13:43:58.852 D/mv2112_read_status( 0): autoneg is disabled
09-16 01:20:24.670 I/mpu_uart( 664): [MSG-P:RECV]:No message received in 1000 ms
09-16 01:20:25.015 I/HttpClient( 2063): onFailed
09-16 01:20:25.015 I/MicroService( 2063): sendConnectStateBroadCast() state0
09-16 01:20:25.019 I/MicroService( 2063): onNettyConnectState0
09-16 01:20:25.019 I/MicroService( 2063): onNettyConnectState count = 0
01-01 13:43:59.857 D/ ( 0): mv2112_read_status
01-01 13:43:59.860 D/mv2112_update_link( 0): 3.0x901(1G): 0x80
01-01 13:43:59.866 D/mv2112_update_link( 0): 3.0x8109(100M): 0x0
01-01 13:43:59.871 D/mv2112_update_link( 0): link 0x0
01-01 13:43:59.875 D/mv2112_read_status( 0): autoneg is disabled
01-01 13:43:59.890 E/i2c_geni 980000.i2c( 0): i2c error :-107
01-01 13:43:59.895 E/ ( 0): [MAX975X:mcu_keep_wakeup_work_func] *ERROR* Failed to write dev:0x15 addr:0x22 value:0x80
01-01 13:43:59.906 E/i2c_geni 980000.i2c( 0): i2c error :-107
01-01 13:43:59.910 E/ ( 0): [MAX975X:mcu_keep_wakeup_work_func] *ERROR* Failed to write dev:0x15 addr:0x20 value:0x09
09-16 01:20:25.371 I/mpu_uart( 664): [MSG-P:R]:recv sync frame timeout
09-16 01:20:25.671 I/mpu_uart( 664): [MSG-P:RECV]:No message received in 1000 ms
09-16 01:20:26.015 I/HWebSocketClient( 2063): WEBclient: onFailed
09-16 01:20:26.022 I/ResponseWebSocketHandler( 2063): ResponseWebSocketHandler start
09-16 01:20:26.022 I/HttpContext( 2063): getIResponseJson :com.thundercomm.microservice.MicroServiceProxy@12e89eb
09-16 01:20:26.022 I/ResponseWebSocketHandler( 2063): ResponseWebSocketHandler mResponseJson: com.thundercomm.microservice.MicroServiceProxy@12e89eb
09-16 01:20:26.024 I/System.out( 2063): handler is: com.thundercomm.microservice.netty.client.handler.webSocket.ResponseWebSocketHandler@d577cac
09-16 01:20:26.024 I/HttpContext( 2063): getIResponseJson :com.thundercomm.microservice.MicroServiceProxy@12e89eb
09-16 01:20:26.024 I/ResponseHandler( 2063): ResponseHandler() :com.thundercomm.microservice.MicroServiceProxy@12e89eb
09-16 01:20:26.045 W/NioEventLoop( 2063): Selector.select() returned prematurely 512 times in a row; rebuilding Selector io.netty.channel.nio.SelectedSelectionKeySetSelector@f44ad75.
09-16 01:20:26.046 I/NioEventLoop( 2063): Migrated 1 channel(s) to the new Selector.
01-01 13:44:00.881 D/ ( 0): mv2112_read_status
01-01 13:44:00.885 D/mv2112_update_link( 0): 3.0x901(1G): 0x80
01-01 13:44:00.890 D/mv2112_update_link( 0): 3.0x8109(100M): 0x0
01-01 13:44:00.895 D/mv2112_update_link( 0): link 0x0
01-01 13:44:00.899 D/mv2112_read_status( 0): autoneg is disabled
09-16 01:20:26.671 I/mpu_uart( 664): [MSG-P:RECV]:No message received in 1000 ms
01-01 13:44:01.748 E/i2c_geni 980000.i2c( 0): i2c error :-107
01-01 13:44:01.753 E/ ( 0): [MAX975X:mcu_keep_wakeup_work_func] *ERROR* Failed to write dev:0x15 addr:0x22 value:0x80
01-01 13:44:01.766 E/i2c_geni 980000.i2c( 0): i2c error :-107
01-01 13:44:01.771 E/ ( 0): [MAX975X:mcu_keep_wakeup_work_func] *ERROR* Failed to write dev:0x15 addr:0x20 value:0x09
01-01 13:44:01.905 D/ ( 0): mv2112_read_status
01-01 13:44:01.909 D/mv2112_update_link( 0): 3.0x901(1G): 0x80
01-01 13:44:01.916 D/mv2112_update_link( 0): 3.0x8109(100M): 0x0
01-01 13:44:01.922 D/mv2112_update_link( 0): link 0x0
01-01 13:44:01.927 D/mv2112_read_status( 0): autoneg is disabled
09-16 01:20:27.672 I/mpu_uart( 664): [MSG-P:RECV]:No message received in 1000 ms
09-16 01:20:28.086 I/HttpClient( 2063): onFailed
09-16 01:20:28.086 I/MicroService( 2063): sendConnectStateBroadCast() state0
09-16 01:20:28.089 I/MicroService( 2063): onNettyConnectState0
09-16 01:20:28.089 I/MicroService( 2063): onNettyConnectState count = 0
01-01 13:44:02.929 D/ ( 0): mv2112_read_status
01-01 13:44:02.933 D/mv2112_update_link( 0): 3.0x901(1G): 0x80
01-01 13:44:02.938 D/mv2112_update_link( 0): 3.0x8109(100M): 0x0
01-01 13:44:02.944 D/mv2112_update_link( 0): link 0x0
01-01 13:44:02.949 D/mv2112_read_status( 0): autoneg is disabled
09-16 01:20:28.375 I/mpu_uart( 664): [MSG-P:R]:recv sync frame timeout
01-01 13:44:03.243 I/init ( 0): starting service 'qvrd_vndr'...
01-01 13:44:03.250 I/init ( 0): Created socket '/dev/socket/qvrservice_vndr', mode 660, user 1000, group 1000
01-01 13:44:03.261 I/init ( 0): Created socket '/dev/socket/qvrservice_vndr_camera', mode 660, user 1000, group 1000
01-01 13:44:03.286 I/init ( 0): starting service 'sxrd'...
01-01 13:44:03.303 I/init ( 0): starting service 'vendor.light-hal-2-0'...
09-16 01:20:28.581 F/linker ( 7805): CANNOT LINK EXECUTABLE "/vendor/bin/hw/sxrservice": library "vendor.qti.hardware.qxr-V1-ndk_platform.so" not found: needed by main executable
01-01 13:44:03.335 I/init ( 0): Service 'sxrd' (pid 7805) exited with status 1
01-01 13:44:03.341 I/init ( 0): Sending signal 9 to service 'sxrd' (pid 7805) process group...
09-16 01:20:28.589 F/linker ( 7804): CANNOT LINK EXECUTABLE "/vendor/bin/hw/qvrservice": library "vendor.qti.hardware.qxr-V1-ndk_platform.so" not found: needed by /vendor/lib64/libqvrservice.so in namespace (default)
01-01 13:44:03.349 I/libprocessgroup( 0): Successfully killed process cgroup uid 1000 pid 7805 in 0ms
01-01 13:44:03.359 I/init ( 0): Service 'qvrd_vndr' (pid 7804) exited with status 1
01-01 13:44:03.366 I/init ( 0): Sending signal 9 to service 'qvrd_vndr' (pid 7804) process group...
09-16 01:20:28.615 I/hwservicemanager( 516): getTransport: Cannot find entry android.hardware.light@2.0::ILight/default in either framework or device VINTF manifest.
09-16 01:20:28.618 E/light ( 7806): light_open lights keyboard failed: -22
09-16 01:20:28.618 E/light ( 7806): Light passthrough failed to load legacy HAL.
09-16 01:20:28.619 E/light ( 7806): light_open lights buttons failed: -22
09-16 01:20:28.619 E/light ( 7806): Light passthrough failed to load legacy HAL.
09-16 01:20:28.620 E/light ( 7806): light_open lights bluetooth failed: -22
09-16 01:20:28.621 E/light ( 7806): Light passthrough failed to load legacy HAL.
09-16 01:20:28.621 E/light ( 7806): light_open lights wifi failed: -22
09-16 01:20:28.621 E/light ( 7806): Light passthrough failed to load legacy HAL.
09-16 01:20:28.623 I/hwservicemanager( 516): getTransport: Cannot find entry android.hardware.light@2.0::ILight/default in either framework or device VINTF manifest.
09-16 01:20:28.623 E/HidlServiceManagement( 7806): Service android.hardware.light@2.0::ILight/default must be in VINTF manifest in order to register/get.
09-16 01:20:28.623 E/LegacySupport( 7806): Could not register service android.hardware.light@2.0::ILight/default (-2147483648).
09-16 01:20:28.672 I/mpu_uart( 664): [MSG-P:RECV]:No message received in 1000 ms
01-01 13:44:03.603 E/i2c_geni 980000.i2c( 0): i2c error :-107
01-01 13:44:03.608 E/ ( 0): [MAX975X:mcu_keep_wakeup_work_func] *ERROR* Failed to write dev:0x15 addr:0x22 value:0x80
01-01 13:44:03.619 E/i2c_geni 980000.i2c( 0): i2c error :-107
01-01 13:44:03.624 E/ ( 0): [MAX975X:mcu_keep_wakeup_work_func] *ERROR* Failed to write dev:0x15 addr:0x20 value:0x09
09-16 01:20:29.085 I/HWebSocketClient( 2063): WEBclient: onFailed
09-16 01:20:29.092 I/ResponseWebSocketHandler( 2063): ResponseWebSocketHandler start
09-16 01:20:29.094 I/HttpContext( 2063): getIResponseJson :com.thundercomm.microservice.MicroServiceProxy@12e89eb
09-16 01:20:29.094 I/ResponseWebSocketHandler( 2063): ResponseWebSocketHandler mResponseJson: com.thundercomm.microservice.MicroServiceProxy@12e89eb
09-16 01:20:29.095 I/HttpContext( 2063): getIResponseJson :com.thundercomm.microservice.MicroServiceProxy@12e89eb
09-16 01:20:29.095 I/ResponseHandler( 2063): ResponseHandler() :com.thundercomm.microservice.MicroServiceProxy@12e89eb
09-16 01:20:29.096 I/System.out( 2063): handler is: com.thundercomm.microservice.netty.client.handler.webSocket.ResponseWebSocketHandler@26a9657
09-16 01:20:29.122 W/NioEventLoop( 2063): Selector.select() returned prematurely 512 times in a row; rebuilding Selector io.netty.channel.nio.SelectedSelectionKeySetSelector@f7ab544.
09-16 01:20:29.123 I/NioEventLoop( 2063): Migrated 1 channel(s) to the new Selector.
01-01 13:44:03.953 D/ ( 0): mv2112_read_status
01-01 13:44:03.957 D/mv2112_update_link( 0): 3.0x901(1G): 0x80
01-01 13:44:03.963 D/mv2112_update_link( 0): 3.0x8109(100M): 0x0
01-01 13:44:03.968 D/mv2112_update_link( 0): link 0x0
01-01 13:44:03.972 D/mv2112_read_status( 0): autoneg is disabled
09-16 01:20:29.673 I/mpu_uart( 664): [MSG-P:RECV]:No message received in 1000 ms
09-16 01:20:29.931 D/vendor.qti.bluetooth@1.0-health-info( 838): ReportHealthInfo:statistics:
09-16 01:20:29.931 D/vendor.qti.bluetooth@1.0-health-info( 838): ts <17:20:29:931326> rx_vote:0, tx_vote:0, wake_lock holding:0, maximum rx sleep-wake-interval:475sec, maximum tx packet-interval:475secWake_Req sent out:5, Wake_Req received:6Sleep_Ind sent out:5, Sleep_Ind received:6
01-01 13:44:04.977 D/ ( 0): mv2112_read_status
01-01 13:44:04.981 D/mv2112_update_link( 0): 3.0x901(1G): 0x80
01-01 13:44:04.986 D/mv2112_update_link( 0): 3.0x8109(100M): 0x0
01-01 13:44:04.991 D/mv2112_update_link( 0): link 0x0
01-01 13:44:04.995 D/mv2112_read_status( 0): autoneg is disabled
09-16 01:20:30.674 I/mpu_uart( 664): [MSG-P:RECV]:No message received in 1000 ms
01-01 13:44:05.459 E/i2c_geni 980000.i2c( 0): i2c error :-107
01-01 13:44:05.464 E/ ( 0): [MAX975X:mcu_keep_wakeup_work_func] *ERROR* Failed to write dev:0x15 addr:0x22 value:0x80
01-01 13:44:05.475 E/i2c_geni 980000.i2c( 0): i2c error :-107
01-01 13:44:05.480 E/ ( 0): [MAX975X:mcu_keep_wakeup_work_func] *ERROR* Failed to write dev:0x15 addr:0x20 value:0x09
09-16 01:20:31.159 I/HttpClient( 2063): onFailed
09-16 01:20:31.159 I/MicroService( 2063): sendConnectStateBroadCast() state0
09-16 01:20:31.163 I/MicroService( 2063): onNettyConnectState0
09-16 01:20:31.164 I/MicroService( 2063): onNettyConnectState count = 0
01-01 13:44:06.001 D/ ( 0): mv2112_read_status
01-01 13:44:06.005 D/mv2112_update_link( 0): 3.0x901(1G): 0x80
01-01 13:44:06.010 D/mv2112_update_link( 0): 3.0x8109(100M): 0x0
01-01 13:44:06.016 D/mv2112_update_link( 0): link 0x0
01-01 13:44:06.020 D/mv2112_read_status( 0): autoneg is disabled
09-16 01:20:31.379 I/mpu_uart( 664): [MSG-P:R]:recv sync frame timeout
09-16 01:20:31.674 I/mpu_uart( 664): [MSG-P:RECV]:No message received in 1000 ms
09-16 01:20:32.158 I/HWebSocketClient( 2063): WEBclient: onFailed
09-16 01:20:32.163 I/ResponseWebSocketHandler( 2063): ResponseWebSocketHandler start
09-16 01:20:32.163 I/HttpContext( 2063): getIResponseJson :com.thundercomm.microservice.MicroServiceProxy@12e89eb
09-16 01:20:32.163 I/ResponseWebSocketHandler( 2063): ResponseWebSocketHandler mResponseJson: com.thundercomm.microservice.MicroServiceProxy@12e89eb
09-16 01:20:32.164 I/System.out( 2063): handler is: com.thundercomm.microservice.netty.client.handler.webSocket.ResponseWebSocketHandler@50fe1b0
09-16 01:20:32.166 I/HttpContext( 2063): getIResponseJson :com.thundercomm.microservice.MicroServiceProxy@12e89eb
09-16 01:20:32.166 I/ResponseHandler( 2063): ResponseHandler() :com.thundercomm.microservice.MicroServiceProxy@12e89eb
01-01 13:44:07.025 D/ ( 0): mv2112_read_status
01-01 13:44:07.029 D/mv2112_update_link( 0): 3.0x901(1G): 0x80
01-01 13:44:07.034 D/mv2112_update_link( 0): 3.0x8109(100M): 0x0
01-01 13:44:07.042 D/mv2112_update_link( 0): link 0x0
01-01 13:44:07.046 D/mv2112_read_status( 0): autoneg is disabled
01-01 13:44:07.315 E/i2c_geni 980000.i2c( 0): i2c error :-107
01-01 13:44:07.320 E/ ( 0): [MAX975X:mcu_keep_wakeup_work_func] *ERROR* Failed to write dev:0x15 addr:0x22 value:0x80
01-01 13:44:07.331 E/i2c_geni 980000.i2c( 0): i2c error :-107
01-01 13:44:07.336 E/ ( 0): [MAX975X:mcu_keep_wakeup_work_func] *ERROR* Failed to write dev:0x15 addr:0x20 value:0x09
09-16 01:20:32.675 I/mpu_uart( 664): [MSG-P:RECV]:No message received in 1000 ms
01-01 13:44:08.049 D/ ( 0): mv2112_read_status
01-01 13:44:08.053 D/mv2112_update_link( 0): 3.0x901(1G): 0x80
01-01 13:44:08.059 D/mv2112_update_link( 0): 3.0x8109(100M): 0x0
01-01 13:44:08.065 D/mv2112_update_link( 0): link 0x0
01-01 13:44:08.069 D/mv2112_read_status( 0): autoneg is disabled
01-01 13:44:08.285 I/init ( 0): starting service 'qvrd_vndr'...
01-01 13:44:08.292 I/init ( 0): Created socket '/dev/socket/qvrservice_vndr', mode 660, user 1000, group 1000
01-01 13:44:08.302 I/init ( 0): Created socket '/dev/socket/qvrservice_vndr_camera', mode 660, user 1000, group 1000
01-01 13:44:08.327 I/init ( 0): starting service 'sxrd'...
01-01 13:44:08.344 I/init ( 0): starting service 'vendor.light-hal-2-0'...
09-16 01:20:33.622 F/linker ( 7811): CANNOT LINK EXECUTABLE "/vendor/bin/hw/sxrservice": library "vendor.qti.hardware.qxr-V1-ndk_platform.so" not found: needed by main executable
09-16 01:20:33.629 F/linker ( 7810): CANNOT LINK EXECUTABLE "/vendor/bin/hw/qvrservice": library "vendor.qti.hardware.qxr-V1-ndk_platform.so" not found: needed by /vendor/lib64/libqvrservice.so in namespace (default)
01-01 13:44:08.375 I/init ( 0): Service 'sxrd' (pid 7811) exited with status 1
01-01 13:44:08.381 I/init ( 0): Sending signal 9 to service 'sxrd' (pid 7811) process group...
01-01 13:44:08.389 I/libprocessgroup( 0): Successfully killed process cgroup uid 1000 pid 7811 in 0ms
01-01 13:44:08.399 I/init ( 0): Service 'qvrd_vndr' (pid 7810) exited with status 1
09-16 01:20:33.656 I/hwservicemanager( 516): getTransport: Cannot find entry android.hardware.light@2.0::ILight/default in either framework or device VINTF manifest.
09-16 01:20:33.659 E/light ( 7812): light_open lights keyboard failed: -22
09-16 01:20:33.659 E/light ( 7812): Light passthrough failed to load legacy HAL.
09-16 01:20:33.659 E/light ( 7812): light_open lights buttons failed: -22
09-16 01:20:33.659 E/light ( 7812): Light passthrough failed to load legacy HAL.
09-16 01:20:33.661 E/light ( 7812): light_open lights bluetooth failed: -22
09-16 01:20:33.661 E/light ( 7812): Light passthrough failed to load legacy HAL.
09-16 01:20:33.662 E/light ( 7812): light_open lights wifi failed: -22
09-16 01:20:33.662 E/light ( 7812): Light passthrough failed to load legacy HAL.
09-16 01:20:33.663 I/hwservicemanager( 516): getTransport: Cannot find entry android.hardware.light@2.0::ILight/default in either framework or device VINTF manifest.
09-16 01:20:33.664 E/HidlServiceManagement( 7812): Service android.hardware.light@2.0::ILight/default must be in VINTF manifest in order to register/get.
09-16 01:20:33.664 E/LegacySupport( 7812): Could not register service android.hardware.light@2.0::ILight/default (-2147483648).
01-01 13:44:08.406 I/init ( 0): Sending signal 9 to service 'qvrd_vndr' (pid 7810) process group...
09-16 01:20:33.675 I/mpu_uart( 664): [MSG-P:RECV]:No message received in 1000 ms
09-16 01:20:34.230 I/HttpClient( 2063): onFailed
09-16 01:20:34.231 I/MicroService( 2063): sendConnectStateBroadCast() state0
09-16 01:20:34.234 I/MicroService( 2063): onNettyConnectState0
09-16 01:20:34.234 I/MicroService( 2063): onNettyConnectState count = 0
01-01 13:44:09.073 D/ ( 0): mv2112_read_status
01-01 13:44:09.077 D/mv2112_update_link( 0): 3.0x901(1G): 0x80
01-01 13:44:09.085 D/mv2112_update_link( 0): 3.0x8109(100M): 0x0
01-01 13:44:09.090 D/mv2112_update_link( 0): link 0x0
01-01 13:44:09.095 D/mv2112_read_status( 0): autoneg is disabled
09-16 01:20:34.383 I/mpu_uart( 664): [MSG-P:R]:recv sync frame timeout
01-01 13:44:09.171 E/i2c_geni 980000.i2c( 0): i2c error :-107
01-01 13:44:09.176 E/ ( 0): [MAX975X:mcu_keep_wakeup_work_func] *ERROR* Failed to write dev:0x15 addr:0x22 value:0x80
01-01 13:44:09.188 E/i2c_geni 980000.i2c( 0): i2c error :-107
01-01 13:44:09.193 E/ ( 0): [MAX975X:mcu_keep_wakeup_work_func] *ERROR* Failed to write dev:0x15 addr:0x20 value:0x09
09-16 01:20:34.676 I/mpu_uart( 664): [MSG-P:RECV]:No message received in 1000 ms
09-16 01:20:35.231 I/HWebSocketClient( 2063): WEBclient: onFailed
09-16 01:20:35.238 I/ResponseWebSocketHandler( 2063): ResponseWebSocketHandler start
09-16 01:20:35.239 I/HttpContext( 2063): getIResponseJson :com.thundercomm.microservice.MicroServiceProxy@12e89eb
09-16 01:20:35.239 I/HttpContext( 2063): getIResponseJson :com.thundercomm.microservice.MicroServiceProxy@12e89eb
09-16 01:20:35.239 I/ResponseHandler( 2063): ResponseHandler() :com.thundercomm.microservice.MicroServiceProxy@12e89eb
09-16 01:20:35.240 I/ResponseWebSocketHandler( 2063): ResponseWebSocketHandler mResponseJson: com.thundercomm.microservice.MicroServiceProxy@12e89eb
09-16 01:20:35.242 I/System.out( 2063): handler is: com.thundercomm.microservice.netty.client.handler.webSocket.ResponseWebSocketHandler@798db6b
01-01 13:44:10.097 D/ ( 0): mv2112_read_status
01-01 13:44:10.101 D/mv2112_update_link( 0): 3.0x901(1G): 0x80
01-01 13:44:10.106 D/mv2112_update_link( 0): 3.0x8109(100M): 0x0
01-01 13:44:10.111 D/mv2112_update_link( 0): link 0x0
01-01 13:44:10.115 D/mv2112_read_status( 0): autoneg is disabled
09-16 01:20:35.677 I/mpu_uart( 664): [MSG-P:RECV]:No message received in 1000 ms
01-01 13:44:11.027 E/i2c_geni 980000.i2c( 0): i2c error :-107
01-01 13:44:11.033 E/ ( 0): [MAX975X:mcu_keep_wakeup_work_func] *ERROR* Failed to write dev:0x15 addr:0x22 value:0x80
01-01 13:44:11.045 E/i2c_geni 980000.i2c( 0): i2c error :-107
01-01 13:44:11.050 E/ ( 0): [MAX975X:mcu_keep_wakeup_work_func] *ERROR* Failed to write dev:0x15 addr:0x20 value:0x09
01-01 13:44:11.121 D/ ( 0): mv2112_read_status
01-01 13:44:11.124 D/mv2112_update_link( 0): 3.0x901(1G): 0x80
01-01 13:44:11.131 D/mv2112_update_link( 0): 3.0x8109(100M): 0x0
01-01 13:44:11.136 D/mv2112_update_link( 0): link 0x0
01-01 13:44:11.141 D/mv2112_read_status( 0): autoneg is disabled
09-16 01:20:36.678 I/mpu_uart( 664): [MSG-P:RECV]:No message received in 1000 ms
09-16 01:20:37.303 I/HttpClient( 2063): onFailed
09-16 01:20:37.303 I/MicroService( 2063): sendConnectStateBroadCast() state0
09-16 01:20:37.307 I/MicroService( 2063): onNettyConnectState0
09-16 01:20:37.307 I/MicroService( 2063): onNettyConnectState count = 0
09-16 01:20:37.387 I/mpu_uart( 664): [MSG-P:R]:recv sync frame timeout
01-01 13:44:12.145 D/ ( 0): mv2112_read_status
01-01 13:44:12.149 D/mv2112_update_link( 0): 3.0x901(1G): 0x80
01-01 13:44:12.154 D/mv2112_update_link( 0): 3.0x8109(100M): 0x0
01-01 13:44:12.160 D/mv2112_update_link( 0): link 0x0
01-01 13:44:12.166 D/mv2112_read_status( 0): autoneg is disabled
09-16 01:20:37.678 I/mpu_uart( 664): [MSG-P:RECV]:No message received in 1000 ms
09-16 01:20:38.039 E/TokenUnion_NetworkManager( 4752): appendCommonParams() 账号通参存在空,拼接后的 url = /luckycat/activity/settings/get_polling_settings/
09-16 01:20:38.044 I/KEVA.NATIVE( 4752): byte array do not exist
09-16 01:20:38.045 I/KEVA.NATIVE( 4752): byte array do not exist
09-16 01:20:38.064 I/KEVA.NATIVE( 4752): byte array do not exist
09-16 01:20:38.064 I/KEVA.NATIVE( 4752): byte array do not exist
09-16 01:20:38.066 E/LuckyDogLogger_LuckyDogPollingSettings( 4752): Exception when request setting com.bytedance.frameworks.baselib.network.http.exception.NetworkNotAvailabeException: network not available
09-16 01:20:38.071 I/KEVA.NATIVE( 4752): byte array do not exist
09-16 01:20:38.071 I/KEVA.NATIVE( 4752): byte array do not exist
09-16 01:20:38.073 I/KEVA.NATIVE( 4752): byte array do not exist
09-16 01:20:38.073 I/KEVA.NATIVE( 4752): byte array do not exist
09-16 01:20:38.073 E/TokenUnion_NetworkManager( 4752): appendCommonParams() 账号通参存在空,拼接后的 url = /luckycat/activity/settings/get_polling_settings/
09-16 01:20:38.075 I/KEVA.NATIVE( 4752): byte array do not exist
09-16 01:20:38.076 I/KEVA.NATIVE( 4752): byte array do not exist
09-16 01:20:38.088 E/LuckyDogLogger_LuckyDogPollingSettings( 4752): Exception when request setting com.bytedance.frameworks.baselib.network.http.exception.NetworkNotAvailabeException: network not available
01-01 13:44:12.882 E/i2c_geni 980000.i2c( 0): i2c error :-107
01-01 13:44:12.887 E/ ( 0): [MAX975X:mcu_keep_wakeup_work_func] *ERROR* Failed to write dev:0x15 addr:0x22 value:0x80
01-01 13:44:12.898 E/i2c_geni 980000.i2c( 0): i2c error :-107
01-01 13:44:12.904 E/ ( 0): [MAX975X:mcu_keep_wakeup_work_func] *ERROR* Failed to write dev:0x15 addr:0x20 value:0x09
09-16 01:20:38.303 I/HWebSocketClient( 2063): WEBclient: onFailed
09-16 01:20:38.313 I/ResponseWebSocketHandler( 2063): ResponseWebSocketHandler start
09-16 01:20:38.313 I/HttpContext( 2063): getIResponseJson :com.thundercomm.microservice.MicroServiceProxy@12e89eb
09-16 01:20:38.313 I/ResponseHandler( 2063): ResponseHandler() :com.thundercomm.microservice.MicroServiceProxy@12e89eb
09-16 01:20:38.314 I/HttpContext( 2063): getIResponseJson :com.thundercomm.microservice.MicroServiceProxy@12e89eb
09-16 01:20:38.314 I/ResponseWebSocketHandler( 2063): ResponseWebSocketHandler mResponseJson: com.thundercomm.microservice.MicroServiceProxy@12e89eb
09-16 01:20:38.315 I/System.out( 2063): handler is: com.thundercomm.microservice.netty.client.handler.webSocket.ResponseWebSocketHandler@217f774
01-01 13:44:13.169 D/ ( 0): mv2112_read_status
01-01 13:44:13.173 D/mv2112_update_link( 0): 3.0x901(1G): 0x80
01-01 13:44:13.180 D/mv2112_update_link( 0): 3.0x8109(100M): 0x0
01-01 13:44:13.187 D/mv2112_update_link( 0): link 0x0
01-01 13:44:13.192 D/mv2112_read_status( 0): autoneg is disabled
01-01 13:44:13.327 I/init ( 0): starting service 'qvrd_vndr'...
01-01 13:44:13.334 I/init ( 0): Created socket '/dev/socket/qvrservice_vndr', mode 660, user 1000, group 1000
01-01 13:44:13.344 I/init ( 0): Created socket '/dev/socket/qvrservice_vndr_camera', mode 660, user 1000, group 1000
01-01 13:44:13.369 I/init ( 0): starting service 'sxrd'...
01-01 13:44:13.387 I/init ( 0): starting service 'vendor.light-hal-2-0'...
09-16 01:20:38.662 F/linker ( 7816): CANNOT LINK EXECUTABLE "/vendor/bin/hw/sxrservice": library "vendor.qti.hardware.qxr-V1-ndk_platform.so" not found: needed by main executable
09-16 01:20:38.671 F/linker ( 7815): CANNOT LINK EXECUTABLE "/vendor/bin/hw/qvrservice": library "vendor.qti.hardware.qxr-V1-ndk_platform.so" not found: needed by /vendor/lib64/libqvrservice.so in namespace (default)
01-01 13:44:13.415 I/init ( 0): Service 'sxrd' (pid 7816) exited with status 1
01-01 13:44:13.422 I/init ( 0): Sending signal 9 to service 'sxrd' (pid 7816) process group...
01-01 13:44:13.429 I/libprocessgroup( 0): Successfully killed process cgroup uid 1000 pid 7816 in 0ms
09-16 01:20:38.679 I/mpu_uart( 664): [MSG-P:RECV]:No message received in 1000 ms
01-01 13:44:13.440 I/init ( 0): Service 'qvrd_vndr' (pid 7815) exited with status 1
01-01 13:44:13.446 I/init ( 0): Sending signal 9 to service 'qvrd_vndr' (pid 7815) process group...
09-16 01:20:38.710 I/hwservicemanager( 516): getTransport: Cannot find entry android.hardware.light@2.0::ILight/default in either framework or device VINTF manifest.
09-16 01:20:38.713 E/light ( 7817): light_open lights keyboard failed: -22
09-16 01:20:38.714 E/light ( 7817): Light passthrough failed to load legacy HAL.
09-16 01:20:38.714 E/light ( 7817): light_open lights buttons failed: -22
09-16 01:20:38.714 E/light ( 7817): Light passthrough failed to load legacy HAL.
09-16 01:20:38.716 E/light ( 7817): light_open lights bluetooth failed: -22
09-16 01:20:38.716 E/light ( 7817): Light passthrough failed to load legacy HAL.
09-16 01:20:38.717 E/light ( 7817): light_open lights wifi failed: -22
09-16 01:20:38.717 E/light ( 7817): Light passthrough failed to load legacy HAL.
09-16 01:20:38.718 I/hwservicemanager( 516): getTransport: Cannot find entry android.hardware.light@2.0::ILight/default in either framework or device VINTF manifest.
09-16 01:20:38.718 E/HidlServiceManagement( 7817): Service android.hardware.light@2.0::ILight/default must be in VINTF manifest in order to register/get.
09-16 01:20:38.718 E/LegacySupport( 7817): Could not register service android.hardware.light@2.0::ILight/default (-2147483648).
01-01 13:44:14.225 D/ ( 0): mv2112_read_status
01-01 13:44:14.229 D/mv2112_update_link( 0): 3.0x901(1G): 0x80
01-01 13:44:14.235 D/mv2112_update_link( 0): 3.0x8109(100M): 0x0
01-01 13:44:14.240 D/mv2112_update_link( 0): link 0x0
01-01 13:44:14.244 D/mv2112_read_status( 0): autoneg is disabled
09-16 01:20:39.679 I/mpu_uart( 664): [MSG-P:RECV]:No message received in 1000 ms
01-01 13:44:14.739 E/i2c_geni 980000.i2c( 0): i2c error :-107
01-01 13:44:14.744 E/ ( 0): [MAX975X:mcu_keep_wakeup_work_func] *ERROR* Failed to write dev:0x15 addr:0x22 value:0x80
01-01 13:44:14.755 E/i2c_geni 980000.i2c( 0): i2c error :-107
01-01 13:44:14.760 E/ ( 0): [MAX975X:mcu_keep_wakeup_work_func] *ERROR* Failed to write dev:0x15 addr:0x20 value:0x09
09-16 01:20:40.375 I/HttpClient( 2063): onFailed
09-16 01:20:40.375 I/MicroService( 2063): sendConnectStateBroadCast() state0
09-16 01:20:40.380 I/MicroService( 2063): onNettyConnectState0
09-16 01:20:40.380 I/MicroService( 2063): onNettyConnectState count = 0
09-16 01:20:40.389 I/mpu_uart( 664): [MSG-P:R]:recv sync frame timeout
01-01 13:44:15.249 D/ ( 0): mv2112_read_status
01-01 13:44:15.253 D/mv2112_update_link( 0): 3.0x901(1G): 0x80
01-01 13:44:15.259 D/mv2112_update_link( 0): 3.0x8109(100M): 0x0
01-01 13:44:15.264 D/mv2112_update_link( 0): link 0x0
01-01 13:44:15.268 D/mv2112_read_status( 0): autoneg is disabled
09-16 01:20:40.680 I/mpu_uart( 664): [MSG-P:RECV]:No message received in 1000 ms
09-16 01:20:41.375 I/HWebSocketClient( 2063): WEBclient: onFailed
09-16 01:20:41.385 I/ResponseWebSocketHandler( 2063): ResponseWebSocketHandler start
09-16 01:20:41.385 I/HttpContext( 2063): getIResponseJson :com.thundercomm.microservice.MicroServiceProxy@12e89eb
09-16 01:20:41.385 I/HttpContext( 2063): getIResponseJson :com.thundercomm.microservice.MicroServiceProxy@12e89eb
09-16 01:20:41.385 I/ResponseHandler( 2063): ResponseHandler() :com.thundercomm.microservice.MicroServiceProxy@12e89eb
09-16 01:20:41.386 I/ResponseWebSocketHandler( 2063): ResponseWebSocketHandler mResponseJson: com.thundercomm.microservice.MicroServiceProxy@12e89eb
09-16 01:20:41.387 I/System.out( 2063): handler is: com.thundercomm.microservice.netty.client.handler.webSocket.ResponseWebSocketHandler@6ed2d99
01-01 13:44:16.273 D/ ( 0): mv2112_read_status
01-01 13:44:16.277 D/mv2112_update_link( 0): 3.0x901(1G): 0x80
01-01 13:44:16.282 D/mv2112_update_link( 0): 3.0x8109(100M): 0x0
01-01 13:44:16.290 D/mv2112_update_link( 0): link 0x0
01-01 13:44:16.294 D/mv2112_read_status( 0): autoneg is disabled
09-16 01:20:41.681 I/mpu_uart( 664): [MSG-P:RECV]:No message received in 1000 ms
01-01 13:44:16.595 E/i2c_geni 980000.i2c( 0): i2c error :-107
01-01 13:44:16.600 E/ ( 0): [MAX975X:mcu_keep_wakeup_work_func] *ERROR* Failed to write dev:0x15 addr:0x22 value:0x80
01-01 13:44:16.610 E/i2c_geni 980000.i2c( 0): i2c error :-107
01-01 13:44:16.616 E/ ( 0): [MAX975X:mcu_keep_wakeup_work_func] *ERROR* Failed to write dev:0x15 addr:0x20 value:0x09
01-01 13:44:17.297 D/ ( 0): mv2112_read_status
01-01 13:44:17.302 D/mv2112_update_link( 0): 3.0x901(1G): 0x80
01-01 13:44:17.308 D/mv2112_update_link( 0): 3.0x8109(100M): 0x0
01-01 13:44:17.314 D/mv2112_update_link( 0): link 0x0
01-01 13:44:17.318 D/mv2112_read_status( 0): autoneg is disabled
09-16 01:20:42.682 I/mpu_uart( 664): [MSG-P:RECV]:No message received in 1000 ms
09-16 01:20:43.393 I/mpu_uart( 664): [MSG-P:R]:recv sync frame timeout
09-16 01:20:43.447 I/HttpClient( 2063): onFailed
09-16 01:20:43.447 I/MicroService( 2063): sendConnectStateBroadCast() state0
09-16 01:20:43.454 I/MicroService( 2063): onNettyConnectState0
09-16 01:20:43.454 I/MicroService( 2063): onNettyConnectState count = 0
01-01 13:44:18.321 D/ ( 0): mv2112_read_status
01-01 13:44:18.325 D/mv2112_update_link( 0): 3.0x901(1G): 0x80
01-01 13:44:18.331 D/mv2112_update_link( 0): 3.0x8109(100M): 0x0
01-01 13:44:18.337 D/mv2112_update_link( 0): link 0x0
01-01 13:44:18.342 D/mv2112_read_status( 0): autoneg is disabled
01-01 13:44:18.367 I/init ( 0): starting service 'qvrd_vndr'...
01-01 13:44:18.373 I/init ( 0): Created socket '/dev/socket/qvrservice_vndr', mode 660, user 1000, group 1000
01-01 13:44:18.382 I/init ( 0): Created socket '/dev/socket/qvrservice_vndr_camera', mode 660, user 1000, group 1000
01-01 13:44:18.404 I/init ( 0): starting service 'sxrd'...
01-01 13:44:18.419 I/init ( 0): starting service 'vendor.light-hal-2-0'...
09-16 01:20:43.682 I/mpu_uart( 664): [MSG-P:RECV]:No message received in 1000 ms
09-16 01:20:43.700 F/linker ( 7820): CANNOT LINK EXECUTABLE "/vendor/bin/hw/sxrservice": library "vendor.qti.hardware.qxr-V1-ndk_platform.so" not found: needed by main executable
09-16 01:20:43.707 F/linker ( 7819): CANNOT LINK EXECUTABLE "/vendor/bin/hw/qvrservice": library "vendor.qti.hardware.qxr-V1-ndk_platform.so" not found: needed by /vendor/lib64/libqvrservice.so in namespace (default)
01-01 13:44:18.450 E/i2c_geni 980000.i2c( 0): i2c error :-107
01-01 13:44:18.454 I/init ( 0): Service 'sxrd' (pid 7820) exited with status 1
01-01 13:44:18.455 E/ ( 0): [MAX975X:mcu_keep_wakeup_work_func] *ERROR* Failed to write dev:0x15 addr:0x22 value:0x80
01-01 13:44:18.461 I/init ( 0): Sending signal 9 to service 'sxrd' (pid 7820) process group...
01-01 13:44:18.462 I/libprocessgroup( 0): Successfully killed process cgroup uid 1000 pid 7820 in 0ms
01-01 13:44:18.477 E/i2c_geni 980000.i2c( 0): i2c error :-107
01-01 13:44:18.480 I/init ( 0): Service 'qvrd_vndr' (pid 7819) exited with status 1
09-16 01:20:43.738 I/hwservicemanager( 516): getTransport: Cannot find entry android.hardware.light@2.0::ILight/default in either framework or device VINTF manifest.
09-16 01:20:43.741 E/light ( 7821): light_open lights keyboard failed: -22
09-16 01:20:43.741 E/light ( 7821): Light passthrough failed to load legacy HAL.
09-16 01:20:43.742 E/light ( 7821): light_open lights buttons failed: -22
09-16 01:20:43.742 E/light ( 7821): Light passthrough failed to load legacy HAL.
01-01 13:44:18.489 E/ ( 0): [MAX975X:mcu_keep_wakeup_work_func] *ERROR* Failed to write dev:0x15 addr:0x20 value:0x09
09-16 01:20:43.743 E/light ( 7821): light_open lights bluetooth failed: -22
01-01 13:44:18.492 I/init ( 0): Sending signal 9 to service 'qvrd_vndr' (pid 7819) process group...
09-16 01:20:43.744 E/light ( 7821): Light passthrough failed to load legacy HAL.
09-16 01:20:43.744 E/light ( 7821): light_open lights wifi failed: -22
09-16 01:20:43.744 E/light ( 7821): Light passthrough failed to load legacy HAL.
09-16 01:20:43.744 I/hwservicemanager( 516): getTransport: Cannot find entry android.hardware.light@2.0::ILight/default in either framework or device VINTF manifest.
09-16 01:20:43.746 E/HidlServiceManagement( 7821): Service android.hardware.light@2.0::ILight/default must be in VINTF manifest in order to register/get.
09-16 01:20:43.746 E/LegacySupport( 7821): Could not register service android.hardware.light@2.0::ILight/default (-2147483648).
09-16 01:20:44.447 I/HWebSocketClient( 2063): WEBclient: onFailed
09-16 01:20:44.453 I/ResponseWebSocketHandler( 2063): ResponseWebSocketHandler start
09-16 01:20:44.453 I/HttpContext( 2063): getIResponseJson :com.thundercomm.microservice.MicroServiceProxy@12e89eb
09-16 01:20:44.453 I/ResponseWebSocketHandler( 2063): ResponseWebSocketHandler mResponseJson: com.thundercomm.microservice.MicroServiceProxy@12e89eb
09-16 01:20:44.454 I/System.out( 2063): handler is: com.thundercomm.microservice.netty.client.handler.webSocket.ResponseWebSocketHandler@de6c10c
09-16 01:20:44.457 I/HttpContext( 2063): getIResponseJson :com.thundercomm.microservice.MicroServiceProxy@12e89eb
09-16 01:20:44.457 I/ResponseHandler( 2063): ResponseHandler() :com.thundercomm.microservice.MicroServiceProxy@12e89eb
09-16 01:20:44.471 W/NioEventLoop( 2063): Selector.select() returned prematurely 512 times in a row; rebuilding Selector io.netty.channel.nio.SelectedSelectionKeySetSelector@3cb755b.
09-16 01:20:44.472 I/NioEventLoop( 2063): Migrated 1 channel(s) to the new Selector.
01-01 13:44:19.345 D/ ( 0): mv2112_read_status
01-01 13:44:19.349 D/mv2112_update_link( 0): 3.0x901(1G): 0x80
01-01 13:44:19.355 D/mv2112_update_link( 0): 3.0x8109(100M): 0x0
01-01 13:44:19.360 D/mv2112_update_link( 0): link 0x0
01-01 13:44:19.365 D/mv2112_read_status( 0): autoneg is disabled
09-16 01:20:44.683 I/mpu_uart( 664): [MSG-P:RECV]:No message received in 1000 ms
01-01 13:44:20.308 E/i2c_geni 980000.i2c( 0): i2c error :-107
01-01 13:44:20.313 E/ ( 0): [MAX975X:mcu_keep_wakeup_work_func] *ERROR* Failed to write dev:0x15 addr:0x22 value:0x80
01-01 13:44:20.325 E/i2c_geni 980000.i2c( 0): i2c error :-107
01-01 13:44:20.331 E/ ( 0): [MAX975X:mcu_keep_wakeup_work_func] *ERROR* Failed to write dev:0x15 addr:0x20 value:0x09
01-01 13:44:20.369 D/ ( 0): mv2112_read_status
01-01 13:44:20.373 D/mv2112_update_link( 0): 3.0x901(1G): 0x80
01-01 13:44:20.379 D/mv2112_update_link( 0): 3.0x8109(100M): 0x0
01-01 13:44:20.384 D/mv2112_update_link( 0): link 0x0
01-01 13:44:20.389 D/mv2112_read_status( 0): autoneg is disabled
09-16 01:20:45.684 I/mpu_uart( 664): [MSG-P:RECV]:No message received in 1000 ms
09-16 01:20:46.397 I/mpu_uart( 664): [MSG-P:R]:recv sync frame timeout
09-16 01:20:46.518 I/HttpClient( 2063): onFailed
09-16 01:20:46.519 I/MicroService( 2063): sendConnectStateBroadCast() state0
09-16 01:20:46.523 I/MicroService( 2063): onNettyConnectState0
09-16 01:20:46.523 I/MicroService( 2063): onNettyConnectState count = 0
01-01 13:44:21.393 D/ ( 0): mv2112_read_status
01-01 13:44:21.397 D/mv2112_update_link( 0): 3.0x901(1G): 0x80
01-01 13:44:21.403 D/mv2112_update_link( 0): 3.0x8109(100M): 0x0
01-01 13:44:21.408 D/mv2112_update_link( 0): link 0x0
01-01 13:44:21.412 D/mv2112_read_status( 0): autoneg is disabled
09-16 01:20:46.685 I/mpu_uart( 664): [MSG-P:RECV]:No message received in 1000 ms
01-01 13:44:22.163 E/i2c_geni 980000.i2c( 0): i2c error :-107
01-01 13:44:22.168 E/ ( 0): [MAX975X:mcu_keep_wakeup_work_func] *ERROR* Failed to write dev:0x15 addr:0x22 value:0x80
01-01 13:44:22.178 E/i2c_geni 980000.i2c( 0): i2c error :-107
01-01 13:44:22.184 E/ ( 0): [MAX975X:mcu_keep_wakeup_work_func] *ERROR* Failed to write dev:0x15 addr:0x20 value:0x09
09-16 01:20:47.521 I/HWebSocketClient( 2063): WEBclient: onFailed
09-16 01:20:47.527 I/ResponseWebSocketHandler( 2063): ResponseWebSocketHandler start
09-16 01:20:47.527 I/HttpContext( 2063): getIResponseJson :com.thundercomm.microservice.MicroServiceProxy@12e89eb
09-16 01:20:47.527 I/ResponseWebSocketHandler( 2063): ResponseWebSocketHandler mResponseJson: com.thundercomm.microservice.MicroServiceProxy@12e89eb
09-16 01:20:47.528 I/HttpContext( 2063): getIResponseJson :com.thundercomm.microservice.MicroServiceProxy@12e89eb
09-16 01:20:47.529 I/ResponseHandler( 2063): ResponseHandler() :com.thundercomm.microservice.MicroServiceProxy@12e89eb
09-16 01:20:47.529 I/System.out( 2063): handler is: com.thundercomm.microservice.netty.client.handler.webSocket.ResponseWebSocketHandler@31a2f0d
09-16 01:20:47.551 W/NioEventLoop( 2063): Selector.select() returned prematurely 512 times in a row; rebuilding Selector io.netty.channel.nio.SelectedSelectionKeySetSelector@d8a2ec2.
09-16 01:20:47.553 I/NioEventLoop( 2063): Migrated 1 channel(s) to the new Selector.
01-01 13:44:22.417 D/ ( 0): mv2112_read_status
01-01 13:44:22.421 D/mv2112_update_link( 0): 3.0x901(1G): 0x80
01-01 13:44:22.427 D/mv2112_update_link( 0): 3.0x8109(100M): 0x0
01-01 13:44:22.433 D/mv2112_update_link( 0): link 0x0
09-16 01:20:47.685 I/mpu_uart( 664): [MSG-P:RECV]:No message received in 1000 ms
01-01 13:44:22.437 D/mv2112_read_status( 0): autoneg is disabled
01-01 13:44:23.405 I/init ( 0): starting service 'qvrd_vndr'...
01-01 13:44:23.411 I/init ( 0): Created socket '/dev/socket/qvrservice_vndr', mode 660, user 1000, group 1000
01-01 13:44:23.422 I/init ( 0): Created socket '/dev/socket/qvrservice_vndr_camera', mode 660, user 1000, group 1000
09-16 01:20:48.686 I/mpu_uart( 664): [MSG-P:RECV]:No message received in 1000 ms
01-01 13:44:23.441 D/ ( 0): mv2112_read_status
01-01 13:44:23.445 D/mv2112_update_link( 0): 3.0x901(1G): 0x80
01-01 13:44:23.446 I/init ( 0): starting service 'sxrd'...
01-01 13:44:23.450 D/mv2112_update_link( 0): 3.0x8109(100M): 0x0
01-01 13:44:23.460 D/mv2112_update_link( 0): link 0x0
01-01 13:44:23.464 D/mv2112_read_status( 0): autoneg is disabled
01-01 13:44:23.467 I/init ( 0): starting service 'vendor.light-hal-2-0'...
09-16 01:20:48.742 F/linker ( 7825): CANNOT LINK EXECUTABLE "/vendor/bin/hw/sxrservice": library "vendor.qti.hardware.qxr-V1-ndk_platform.so" not found: needed by main executable
09-16 01:20:48.743 F/linker ( 7824): CANNOT LINK EXECUTABLE "/vendor/bin/hw/qvrservice": library "vendor.qti.hardware.qxr-V1-ndk_platform.so" not found: needed by /vendor/lib64/libqvrservice.so in namespace (default)
01-01 13:44:23.495 I/init ( 0): Service 'sxrd' (pid 7825) exited with status 1
01-01 13:44:23.501 I/init ( 0): Sending signal 9 to service 'sxrd' (pid 7825) process group...
01-01 13:44:23.509 I/libprocessgroup( 0): Successfully killed process cgroup uid 1000 pid 7825 in 0ms
01-01 13:44:23.519 I/init ( 0): Service 'qvrd_vndr' (pid 7824) exited with status 1
01-01 13:44:23.526 I/init ( 0): Sending signal 9 to service 'qvrd_vndr' (pid 7824) process group...
09-16 01:20:48.787 I/hwservicemanager( 516): getTransport: Cannot find entry android.hardware.light@2.0::ILight/default in either framework or device VINTF manifest.
09-16 01:20:48.790 E/light ( 7826): light_open lights keyboard failed: -22
09-16 01:20:48.790 E/light ( 7826): Light passthrough failed to load legacy HAL.
09-16 01:20:48.791 E/light ( 7826): light_open lights buttons failed: -22
09-16 01:20:48.791 E/light ( 7826): Light passthrough failed to load legacy HAL.
09-16 01:20:48.794 E/light ( 7826): light_open lights bluetooth failed: -22
09-16 01:20:48.794 E/light ( 7826): Light passthrough failed to load legacy HAL.
09-16 01:20:48.794 E/light ( 7826): light_open lights wifi failed: -22
09-16 01:20:48.794 E/light ( 7826): Light passthrough failed to load legacy HAL.
09-16 01:20:48.795 I/hwservicemanager( 516): getTransport: Cannot find entry android.hardware.light@2.0::ILight/default in either framework or device VINTF manifest.
09-16 01:20:48.796 E/HidlServiceManagement( 7826): Service android.hardware.light@2.0::ILight/default must be in VINTF manifest in order to register/get.
09-16 01:20:48.796 E/LegacySupport( 7826): Could not register service android.hardware.light@2.0::ILight/default (-2147483648).
01-01 13:44:24.019 E/i2c_geni 980000.i2c( 0): i2c error :-107
01-01 13:44:24.024 E/ ( 0): [MAX975X:mcu_keep_wakeup_work_func] *ERROR* Failed to write dev:0x15 addr:0x22 value:0x80
01-01 13:44:24.036 E/i2c_geni 980000.i2c( 0): i2c error :-107
01-01 13:44:24.041 E/ ( 0): [MAX975X:mcu_keep_wakeup_work_func] *ERROR* Failed to write dev:0x15 addr:0x20 value:0x09
09-16 01:20:49.401 I/mpu_uart( 664): [MSG-P:R]:recv sync frame timeout
09-16 01:20:49.590 I/HttpClient( 2063): onFailed
09-16 01:20:49.590 I/MicroService( 2063): sendConnectStateBroadCast() state0
09-16 01:20:49.593 I/MicroService( 2063): onNettyConnectState0
09-16 01:20:49.593 I/MicroService( 2063): onNettyConnectState count = 0
09-16 01:20:49.686 I/mpu_uart( 664): [MSG-P:RECV]:No message received in 1000 ms
01-01 13:44:24.497 D/ ( 0): mv2112_read_status
01-01 13:44:24.501 D/mv2112_update_link( 0): 3.0x901(1G): 0x80
01-01 13:44:24.507 D/mv2112_update_link( 0): 3.0x8109(100M): 0x0
01-01 13:44:24.513 D/mv2112_update_link( 0): link 0x0
01-01 13:44:24.518 D/mv2112_read_status( 0): autoneg is disabled
09-16 01:20:50.591 I/HWebSocketClient( 2063): WEBclient: onFailed
09-16 01:20:50.597 I/HttpContext( 2063): getIResponseJson :com.thundercomm.microservice.MicroServiceProxy@12e89eb
09-16 01:20:50.598 I/ResponseHandler( 2063): ResponseHandler() :com.thundercomm.microservice.MicroServiceProxy@12e89eb
09-16 01:20:50.598 I/ResponseWebSocketHandler( 2063): ResponseWebSocketHandler start
09-16 01:20:50.598 I/HttpContext( 2063): getIResponseJson :com.thundercomm.microservice.MicroServiceProxy@12e89eb
09-16 01:20:50.599 I/ResponseWebSocketHandler( 2063): ResponseWebSocketHandler mResponseJson: com.thundercomm.microservice.MicroServiceProxy@12e89eb
09-16 01:20:50.601 I/System.out( 2063): handler is: com.thundercomm.microservice.netty.client.handler.webSocket.ResponseWebSocketHandler@822853c
09-16 01:20:50.624 W/NioEventLoop( 2063): Selector.select() returned prematurely 512 times in a row; rebuilding Selector io.netty.channel.nio.SelectedSelectionKeySetSelector@3b332c5.
09-16 01:20:50.625 I/NioEventLoop( 2063): Migrated 1 channel(s) to the new Selector.
09-16 01:20:50.687 I/mpu_uart( 664): [MSG-P:RECV]:No message received in 1000 ms
01-01 13:44:25.521 D/ ( 0): mv2112_read_status
01-01 13:44:25.525 D/mv2112_update_link( 0): 3.0x901(1G): 0x80
01-01 13:44:25.531 D/mv2112_update_link( 0): 3.0x8109(100M): 0x0
01-01 13:44:25.536 D/mv2112_update_link( 0): link 0x0
01-01 13:44:25.541 D/mv2112_read_status( 0): autoneg is disabled
01-01 13:44:25.875 E/i2c_geni 980000.i2c( 0): i2c error :-107
01-01 13:44:25.880 E/ ( 0): [MAX975X:mcu_keep_wakeup_work_func] *ERROR* Failed to write dev:0x15 addr:0x22 value:0x80
01-01 13:44:25.890 E/i2c_geni 980000.i2c( 0): i2c error :-107
01-01 13:44:25.895 E/ ( 0): [MAX975X:mcu_keep_wakeup_work_func] *ERROR* Failed to write dev:0x15 addr:0x20 value:0x09
09-16 01:20:51.688 I/mpu_uart( 664): [MSG-P:RECV]:No message received in 1000 ms
01-01 13:44:26.545 D/ ( 0): mv2112_read_status
01-01 13:44:26.549 D/mv2112_update_link( 0): 3.0x901(1G): 0x80
01-01 13:44:26.556 D/mv2112_update_link( 0): 3.0x8109(100M): 0x0
01-01 13:44:26.563 D/mv2112_update_link( 0): link 0x0
01-01 13:44:26.568 D/mv2112_read_status( 0): autoneg is disabled
09-16 01:20:52.403 I/mpu_uart( 664): [MSG-P:R]:recv sync frame timeout
09-16 01:20:52.662 I/HttpClient( 2063): onFailed
09-16 01:20:52.663 I/MicroService( 2063): sendConnectStateBroadCast() state0
09-16 01:20:52.667 I/MicroService( 2063): onNettyConnectState0
09-16 01:20:52.667 I/MicroService( 2063): onNettyConnectState count = 0
09-16 01:20:52.688 I/mpu_uart( 664): [MSG-P:RECV]:No message received in 1000 ms
01-01 13:44:27.601 D/ ( 0): mv2112_read_status
01-01 13:44:27.605 D/mv2112_update_link( 0): 3.0x901(1G): 0x80
01-01 13:44:27.610 D/mv2112_update_link( 0): 3.0x8109(100M): 0x0
09-16 01:20:52.864 I/KEVA.NATIVE( 4752): byte array do not exist
09-16 01:20:52.865 I/KEVA.NATIVE( 4752): byte array do not exist
01-01 13:44:27.618 D/mv2112_update_link( 0): link 0x0
01-01 13:44:27.622 D/mv2112_read_status( 0): autoneg is disabled
01-01 13:44:27.731 E/i2c_geni 980000.i2c( 0): i2c error :-107
01-01 13:44:27.737 E/ ( 0): [MAX975X:mcu_keep_wakeup_work_func] *ERROR* Failed to write dev:0x15 addr:0x22 value:0x80
01-01 13:44:27.748 E/i2c_geni 980000.i2c( 0): i2c error :-107
01-01 13:44:27.753 E/ ( 0): [MAX975X:mcu_keep_wakeup_work_func] *ERROR* Failed to write dev:0x15 addr:0x20 value:0x09
09-16 01:20:53.663 I/HWebSocketClient( 2063): WEBclient: onFailed
09-16 01:20:53.673 I/ResponseWebSocketHandler( 2063): ResponseWebSocketHandler start
09-16 01:20:53.674 I/HttpContext( 2063): getIResponseJson :com.thundercomm.microservice.MicroServiceProxy@12e89eb
09-16 01:20:53.674 I/ResponseWebSocketHandler( 2063): ResponseWebSocketHandler mResponseJson: com.thundercomm.microservice.MicroServiceProxy@12e89eb
09-16 01:20:53.674 I/HttpContext( 2063): getIResponseJson :com.thundercomm.microservice.MicroServiceProxy@12e89eb
09-16 01:20:53.674 I/ResponseHandler( 2063): ResponseHandler() :com.thundercomm.microservice.MicroServiceProxy@12e89eb
09-16 01:20:53.676 I/System.out( 2063): handler is: com.thundercomm.microservice.netty.client.handler.webSocket.ResponseWebSocketHandler@1f87127
09-16 01:20:53.689 I/mpu_uart( 664): [MSG-P:RECV]:No message received in 1000 ms
01-01 13:44:28.442 I/init ( 0): starting service 'qvrd_vndr'...
09-16 01:20:53.699 W/NioEventLoop( 2063): Selector.select() returned prematurely 512 times in a row; rebuilding Selector io.netty.channel.nio.SelectedSelectionKeySetSelector@46c3fd4.
09-16 01:20:53.700 I/NioEventLoop( 2063): Migrated 1 channel(s) to the new Selector.
01-01 13:44:28.449 I/init ( 0): Created socket '/dev/socket/qvrservice_vndr', mode 660, user 1000, group 1000
01-01 13:44:28.459 I/init ( 0): Created socket '/dev/socket/qvrservice_vndr_camera', mode 660, user 1000, group 1000
01-01 13:44:28.481 I/init ( 0): starting service 'sxrd'...
01-01 13:44:28.495 I/init ( 0): starting service 'vendor.light-hal-2-0'...
09-16 01:20:53.782 F/linker ( 7830): CANNOT LINK EXECUTABLE "/vendor/bin/hw/qvrservice": library "vendor.qti.hardware.qxr-V1-ndk_platform.so" not found: needed by /vendor/lib64/libqvrservice.so in namespace (default)
09-16 01:20:53.783 F/linker ( 7831): CANNOT LINK EXECUTABLE "/vendor/bin/hw/sxrservice": library "vendor.qti.hardware.qxr-V1-ndk_platform.so" not found: needed by main executable
01-01 13:44:28.536 I/init ( 0): Service 'qvrd_vndr' (pid 7830) exited with status 1
01-01 13:44:28.543 I/init ( 0): Sending signal 9 to service 'qvrd_vndr' (pid 7830) process group...
01-01 13:44:28.551 I/libprocessgroup( 0): Successfully killed process cgroup uid 1000 pid 7830 in 0ms
09-16 01:20:53.801 I/hwservicemanager( 516): getTransport: Cannot find entry android.hardware.light@2.0::ILight/default in either framework or device VINTF manifest.
09-16 01:20:53.804 E/light ( 7832): light_open lights keyboard failed: -22
09-16 01:20:53.804 E/light ( 7832): Light passthrough failed to load legacy HAL.
09-16 01:20:53.805 E/light ( 7832): light_open lights buttons failed: -22
09-16 01:20:53.805 E/light ( 7832): Light passthrough failed to load legacy HAL.
09-16 01:20:53.807 E/light ( 7832): light_open lights bluetooth failed: -22
09-16 01:20:53.807 E/light ( 7832): Light passthrough failed to load legacy HAL.
09-16 01:20:53.807 E/light ( 7832): light_open lights wifi failed: -22
09-16 01:20:53.807 E/light ( 7832): Light passthrough failed to load legacy HAL.
09-16 01:20:53.809 I/hwservicemanager( 516): getTransport: Cannot find entry android.hardware.light@2.0::ILight/default in either framework or device VINTF manifest.
09-16 01:20:53.809 E/HidlServiceManagement( 7832): Service android.hardware.light@2.0::ILight/default must be in VINTF manifest in order to register/get.
09-16 01:20:53.809 E/LegacySupport( 7832): Could not register service android.hardware.light@2.0::ILight/default (-2147483648).
01-01 13:44:28.562 I/init ( 0): Service 'sxrd' (pid 7831) exited with status 1
01-01 13:44:28.568 I/init ( 0): Sending signal 9 to service 'sxrd' (pid 7831) process group...
01-01 13:44:28.625 D/ ( 0): mv2112_read_status
01-01 13:44:28.630 D/mv2112_update_link( 0): 3.0x901(1G): 0x80
01-01 13:44:28.638 D/mv2112_update_link( 0): 3.0x8109(100M): 0x0
01-01 13:44:28.643 D/mv2112_update_link( 0): link 0x0
01-01 13:44:28.648 D/mv2112_read_status( 0): autoneg is disabled
09-16 01:20:54.690 I/mpu_uart( 664): [MSG-P:RECV]:No message received in 1000 ms
01-01 13:44:29.587 E/i2c_geni 980000.i2c( 0): i2c error :-107
01-01 13:44:29.593 E/ ( 0): [MAX975X:mcu_keep_wakeup_work_func] *ERROR* Failed to write dev:0x15 addr:0x22 value:0x80
01-01 13:44:29.605 E/i2c_geni 980000.i2c( 0): i2c error :-107
01-01 13:44:29.610 E/ ( 0): [MAX975X:mcu_keep_wakeup_work_func] *ERROR* Failed to write dev:0x15 addr:0x20 value:0x09
01-01 13:44:29.681 D/ ( 0): mv2112_read_status
01-01 13:44:29.685 D/mv2112_update_link( 0): 3.0x901(1G): 0x80
01-01 13:44:29.690 D/mv2112_update_link( 0): 3.0x8109(100M): 0x0
01-01 13:44:29.697 D/mv2112_update_link( 0): link 0x0
01-01 13:44:29.702 D/mv2112_read_status( 0): autoneg is disabled
