09-16 01:18:59.518 V/GraphicsEnvironment( 7672): ANGLE Developer option for 'com.android.settings' set to: 'default'
09-16 01:18:59.519 V/GraphicsEnvironment( 7672): ANGLE GameManagerService for com.android.settings: false
09-16 01:18:59.520 D/NetworkSecurityConfig( 7672): No Network Security Config specified, using platform default
09-16 01:18:59.520 D/NetworkSecurityConfig( 7672): No Network Security Config specified, using platform default
09-16 01:18:59.527 D/SettingsSliceProvider( 7672): init
09-16 01:18:59.528 D/SettingsSliceProvider( 7672): onCreateSliceProvider
09-16 01:18:59.532 D/StatusBar( 1910): disable disable2
09-16 01:18:59.570 D/SettingsActivity( 7672): Starting onCreate
09-16 01:18:59.583 D/QCCAuthMgr( 5755): SMQContentProvider query uri: content://com.qti.smq.Feedback.provider/smq_settings, selection: key=?, uri_matcher: 1
09-16 01:18:59.583 D/QCCAuthMgr( 5755): SMQContentProvider query tableName: smq_settings
09-16 01:18:59.586 D/SettingsActivity( 7672): Starting to set activity title
09-16 01:18:59.586 D/SettingsActivity( 7672): Done setting title
09-16 01:18:59.586 D/SettingsActivity( 7672): Switching to fragment com.android.settings.wifi.WifiSettings
09-16 01:18:59.612 I/mpu_uart( 664): [MSG-P:RECV]:No message received in 1000 ms
09-16 01:18:59.628 W/BestClock( 1128): java.time.DateTimeException: Missing NTP fix
09-16 01:18:59.631 I/netd ( 688): trafficSwapActiveStatsMap() <1.57ms>
09-16 01:18:59.636 W/HWComposer( 1065): Ignoring duplicate VSYNC event from HWC for display 4630946370410392961 (t=1764418400000)
09-16 01:18:59.644 I/netd ( 688): tetherGetStats() -> {[]} <9.60ms>
09-16 01:18:59.653 W/HWComposer( 1065): Ignoring duplicate VSYNC event from HWC for display 4630946370410392961 (t=1764435166000)
09-16 01:18:59.656 W/BestClock( 1128): java.time.DateTimeException: Missing NTP fix
09-16 01:18:59.657 I/netstats_mobile_sample( 1128): [0,0,0,0,0,0,0,0,0,0,0,0,1663262339656]
09-16 01:18:59.657 I/netstats_wifi_sample( 1128): [12996,41,70028,799,12996,41,70028,799,56560,171,53848,676,1663262339656]
09-16 01:18:59.669 W/HWComposer( 1065): Ignoring duplicate VSYNC event from HWC for display 4630946370410392961 (t=1764451821000)
09-16 01:18:59.670 W/BestClock( 1128): java.time.DateTimeException: Missing NTP fix
09-16 01:18:59.671 W/BestClock( 1128): java.time.DateTimeException: Missing NTP fix
09-16 01:18:59.673 I/netd ( 688): trafficSwapActiveStatsMap() <0.84ms>
09-16 01:18:59.674 W/BestClock( 1128): java.time.DateTimeException: Missing NTP fix
09-16 01:18:59.685 I/netd ( 688): tetherGetStats() -> {[]} <7.95ms>
09-16 01:18:59.686 W/HWComposer( 1065): Ignoring duplicate VSYNC event from HWC for display 4630946370410392961 (t=1764468561000)
09-16 01:18:59.693 W/BestClock( 1128): java.time.DateTimeException: Missing NTP fix
09-16 01:18:59.693 I/netstats_mobile_sample( 1128): [0,0,0,0,0,0,0,0,0,0,0,0,1663262339693]
09-16 01:18:59.693 I/netstats_wifi_sample( 1128): [12996,41,70028,799,12996,41,70028,799,56560,171,53848,676,1663262339693]
09-16 01:18:59.698 W/BestClock( 1128): java.time.DateTimeException: Missing NTP fix
09-16 01:18:59.700 D/SettingsActivity( 7672): Executed frag manager pendingTransactions
09-16 01:18:59.700 W/BestClock( 1128): java.time.DateTimeException: Missing NTP fix
09-16 01:18:59.700 I/wm_on_create_called( 7672): [259213874,com.android.settings.Settings$WifiSettingsActivity,performCreate]
09-16 01:18:59.702 W/HWComposer( 1065): Ignoring duplicate VSYNC event from HWC for display 4630946370410392961 (t=1764485219000)
09-16 01:18:59.717 D/CompatibilityChangeReporter( 7672): Compat change id reported: 171228096; UID 1000; state: ENABLED
09-16 01:18:59.719 W/HWComposer( 1065): Ignoring duplicate VSYNC event from HWC for display 4630946370410392961 (t=1764502004000)
09-16 01:18:59.729 D/AndroidRuntime( 7672): Shutting down VM
09-16 01:18:59.730 E/AndroidRuntime( 7672): FATAL EXCEPTION: main
09-16 01:18:59.730 E/AndroidRuntime( 7672): Process: com.android.settings, PID: 7672
09-16 01:18:59.730 E/AndroidRuntime( 7672): java.lang.ClassCastException: com.android.settings.Settings$WifiSettingsActivity cannot be cast to com.android.settings.homepage.SettingsHomepageActivity
09-16 01:18:59.730 E/AndroidRuntime( 7672): at com.android.settings.wifi.WifiSettings.onViewCreated(WifiSettings.java:229)
09-16 01:18:59.730 E/AndroidRuntime( 7672): at androidx.fragment.app.Fragment.performViewCreated(Fragment.java:2977)
09-16 01:18:59.730 E/AndroidRuntime( 7672): at androidx.fragment.app.FragmentStateManager.createView(FragmentStateManager.java:522)
09-16 01:18:59.730 E/AndroidRuntime( 7672): at androidx.fragment.app.FragmentStateManager.moveToExpectedState(FragmentStateManager.java:258)
09-16 01:18:59.730 E/AndroidRuntime( 7672): at androidx.fragment.app.FragmentStore.moveToExpectedState(FragmentStore.java:112)
09-16 01:18:59.730 E/AndroidRuntime( 7672): at androidx.fragment.app.FragmentManager.moveToState(FragmentManager.java:1667)
09-16 01:18:59.730 E/AndroidRuntime( 7672): at androidx.fragment.app.FragmentManager.dispatchStateChange(FragmentManager.java:3234)
09-16 01:18:59.730 E/AndroidRuntime( 7672): at androidx.fragment.app.FragmentManager.dispatchActivityCreated(FragmentManager.java:3178)
09-16 01:18:59.730 E/AndroidRuntime( 7672): at androidx.fragment.app.FragmentController.dispatchActivityCreated(FragmentController.java:251)
09-16 01:18:59.730 E/AndroidRuntime( 7672): at androidx.fragment.app.FragmentActivity.onStart(FragmentActivity.java:473)
09-16 01:18:59.730 E/AndroidRuntime( 7672): at android.app.Instrumentation.callActivityOnStart(Instrumentation.java:1456)
09-16 01:18:59.730 E/AndroidRuntime( 7672): at android.app.Activity.performStart(Activity.java:8095)
09-16 01:18:59.730 E/AndroidRuntime( 7672): at android.app.ActivityThread.handleStartActivity(ActivityThread.java:3661)
09-16 01:18:59.730 E/AndroidRuntime( 7672): at android.app.servertransaction.TransactionExecutor.performLifecycleSequence(TransactionExecutor.java:221)
09-16 01:18:59.730 E/AndroidRuntime( 7672): at android.app.servertransaction.TransactionExecutor.cycleToPath(TransactionExecutor.java:201)
09-16 01:18:59.730 E/AndroidRuntime( 7672): at android.app.servertransaction.TransactionExecutor.executeLifecycleState(TransactionExecutor.java:173)
09-16 01:18:59.730 E/AndroidRuntime( 7672): at android.app.servertransaction.TransactionExecutor.execute(TransactionExecutor.java:97)
09-16 01:18:59.730 E/AndroidRuntime( 7672): at android.app.ActivityThread$H.handleMessage(ActivityThread.java:2211)
09-16 01:18:59.730 E/AndroidRuntime( 7672): at android.os.Handler.dispatchMessage(Handler.java:106)
09-16 01:18:59.730 E/AndroidRuntime( 7672): at android.os.Looper.loopOnce(Looper.java:201)
09-16 01:18:59.730 E/AndroidRuntime( 7672): at android.os.Looper.loop(Looper.java:288)
09-16 01:18:59.730 E/AndroidRuntime( 7672): at android.app.ActivityThread.main(ActivityThread.java:7880)
09-16 01:18:59.730 E/AndroidRuntime( 7672): at java.lang.reflect.Method.invoke(Native Method)
09-16 01:18:59.730 E/AndroidRuntime( 7672): at com.android.internal.os.RuntimeInit$MethodAndArgsCaller.run(RuntimeInit.java:548)
09-16 01:18:59.730 E/AndroidRuntime( 7672): at com.android.internal.os.ZygoteInit.main(ZygoteInit.java:1009)
09-16 01:18:59.731 I/am_crash( 1128): [7672,0,com.android.settings,952745541,java.lang.ClassCastException,com.android.settings.Settings$WifiSettingsActivity cannot be cast to com.android.settings.homepage.SettingsHomepageActivity,WifiSettings.java,229]
09-16 01:18:59.734 W/ActivityTaskManager( 1128): Force finishing activity com.android.settings/.Settings$WifiSettingsActivity
09-16 01:18:59.734 I/wm_finish_activity( 1128): [0,259213874,168,com.android.settings/.Settings$WifiSettingsActivity,force-crash]
09-16 01:18:59.734 I/wm_task_moved( 1128): [1,1,6]
09-16 01:18:59.735 I/wm_task_moved( 1128): [145,1,2147483647]
09-16 01:18:59.735 I/wm_task_to_front( 1128): [0,145]
09-16 01:18:59.735 I/wm_focused_root_task( 1128): [0,0,1,168,finish-top adjustFocusToNextFocusableTask]
09-16 01:18:59.736 W/HWComposer( 1065): Ignoring duplicate VSYNC event from HWC for display 4630946370410392961 (t=1764518692000)
09-16 01:18:59.736 W/HWComposer( 1065): Ignoring duplicate VSYNC event from HWC for display 4630946370410392961 (t=1764518692000)
09-16 01:18:59.737 I/wm_set_resumed_activity( 1128): [0,com.android.launcher3/.uioverrides.QuickstepLauncher,finish-top adjustFocusToNextFocusableTask]
09-16 01:18:59.739 I/DropBoxManagerService( 1128): add tag=system_app_crash isTagEnabled=true flags=0x2
09-16 01:18:59.752 W/HWComposer( 1065): Ignoring duplicate VSYNC event from HWC for display 4630946370410392961 (t=1764535379000)
09-16 01:18:59.769 W/HWComposer( 1065): Ignoring duplicate VSYNC event from HWC for display 4630946370410392961 (t=1764552044000)
01-01 13:42:34.522 E/i2c_geni 980000.i2c( 0): i2c error :-107
01-01 13:42:34.527 E/ ( 0): [MAX975X:mcu_keep_wakeup_work_func] *ERROR* Failed to write dev:0x15 addr:0x22 value:0x80
09-16 01:18:59.786 W/HWComposer( 1065): Ignoring duplicate VSYNC event from HWC for display 4630946370410392961 (t=1764568782000)
09-16 01:18:59.795 D/ActivityTrigger( 1128): ActivityTrigger activityPauseTrigger
09-16 01:18:59.796 I/wm_pause_activity( 1128): [0,259213874,com.android.settings/.Settings$WifiSettingsActivity,userLeaving=false,finish]
01-01 13:42:34.538 E/i2c_geni 980000.i2c( 0): i2c error :-107
01-01 13:42:34.543 E/ ( 0): [MAX975X:mcu_keep_wakeup_work_func] *ERROR* Failed to write dev:0x15 addr:0x20 value:0x09
09-16 01:18:59.801 I/dvm_lock_sample( 1128): [system_server,1,android.anim,67,InputMonitor.java,144,void com.android.server.wm.InputMonitor$UpdateInputWindows.run(),TaskChangeNotificationController.java,342,void com.android.server.wm.TaskChangeNotificationController.forAllLocalListeners(com.android.server.wm.TaskChangeNotificationController$TaskStackConsumer, android.os.Message),13]
09-16 01:18:59.801 I/dvm_lock_sample( 1128): [system_server,1,android.display,68,RootWindowContainer.java,3809,void com.android.server.wm.RootWindowContainer$RankTaskLayersRunnable.run(),TaskChangeNotificationController.java,342,void com.android.server.wm.TaskChangeNotificationController.forAllLocalListeners(com.android.server.wm.TaskChangeNotificationController$TaskStackConsumer, android.os.Message),13]
09-16 01:18:59.802 W/HWComposer( 1065): Ignoring duplicate VSYNC event from HWC for display 4630946370410392961 (t=1764585466000)
09-16 01:18:59.803 I/sysui_multi_action( 1128): [757,316,758,4,759,-1]
09-16 01:18:59.804 I/Process ( 7672): Sending signal. PID: 7672 SIG: 9
09-16 01:18:59.805 I/sysui_multi_action( 1128): [757,1144,758,7,806,com.android.settings,871,com.android.settings.Settings$WifiSettingsActivity]
09-16 01:18:59.806 I/EventSequenceValidator( 1128): Transition from ACTIVITY_LAUNCHED to ACTIVITY_CANCELLED
09-16 01:18:59.822 W/HWComposer( 1065): Ignoring duplicate VSYNC event from HWC for display 4630946370410392961 (t=1764602218000)
09-16 01:18:59.836 W/HWComposer( 1065): Ignoring duplicate VSYNC event from HWC for display 4630946370410392961 (t=1764618880000)
09-16 01:18:59.836 W/HWComposer( 1065): Ignoring duplicate VSYNC event from HWC for display 4630946370410392961 (t=1764618880000)
09-16 01:18:59.853 W/HWComposer( 1065): Ignoring duplicate VSYNC event from HWC for display 4630946370410392961 (t=1764635647000)
09-16 01:18:59.865 I/ActivityManager( 1128): Process com.android.settings (pid 7672) has died: fg TOP
09-16 01:18:59.865 I/am_proc_died( 1128): [0,7672,com.android.settings,0,2]
09-16 01:18:59.865 I/libprocessgroup( 1128): Successfully killed process cgroup uid 1000 pid 7672 in 0ms
09-16 01:18:59.865 I/Zygote ( 689): Process 7672 exited due to signal 9 (Killed)
09-16 01:18:59.870 W/HWComposer( 1065): Ignoring duplicate VSYNC event from HWC for display 4630946370410392961 (t=1764652297000)
09-16 01:18:59.877 I/wm_set_resumed_activity( 1128): [0,com.android.launcher3/.uioverrides.QuickstepLauncher,resumeTopActivityInnerLocked]
09-16 01:18:59.878 I/wm_resume_activity( 1128): [0,235585230,145,com.android.launcher3/.uioverrides.QuickstepLauncher]
09-16 01:18:59.879 I/wm_on_resume_called( 2439): [235585230,com.android.launcher3.uioverrides.QuickstepLauncher,RESUME_ACTIVITY]
09-16 01:18:59.886 W/HWComposer( 1065): Ignoring duplicate VSYNC event from HWC for display 4630946370410392961 (t=1764669072000)
09-16 01:18:59.903 W/HWComposer( 1065): Ignoring duplicate VSYNC event from HWC for display 4630946370410392961 (t=1764685703000)
09-16 01:18:59.919 W/HWComposer( 1065): Ignoring duplicate VSYNC event from HWC for display 4630946370410392961 (t=1764702442000)
09-16 01:18:59.930 D/StartingSurfaceDrawer( 1910): Task start finish, remove starting surface for task 168
09-16 01:18:59.930 V/StartingSurfaceDrawer( 1910): Removing splash screen window for task: 168
09-16 01:18:59.931 D/ActivityLaunchAnimator( 1910): Animation ended
09-16 01:18:59.933 W/InputManager-JNI( 1128): Input channel object '807d77e Splash Screen com.android.settings (client)' was disposed without first being removed with the input manager!
09-16 01:18:59.936 W/HWComposer( 1065): Ignoring duplicate VSYNC event from HWC for display 4630946370410392961 (t=1764719123000)
09-16 01:18:59.936 W/HWComposer( 1065): Ignoring duplicate VSYNC event from HWC for display 4630946370410392961 (t=1764719123000)
09-16 01:18:59.939 I/sysui_multi_action( 1910): [757,111,758,2]
09-16 01:18:59.940 I/sysui_multi_action( 1910): [757,111,758,2]
09-16 01:18:59.943 I/wm_task_removed( 1128): [168,removeChild:removeChild last r=ActivityRecord{f734a32 u0 com.android.settings/.Settings$WifiSettingsActivity t-1 f}} in t=Task{f560bf5 #168 type=standard A=1000:com.android.settings U=0 visible=false mode=fullscreen translucent=true sz=0}]
09-16 01:18:59.943 I/wm_task_removed( 1128): [168,removeChild]
09-16 01:18:59.946 W/ActivityTaskManager( 1128): Can't find TaskDisplayArea to determine support for multi window. Task id=168 attached=false
09-16 01:18:59.946 W/ActivityTaskManager( 1128): Can't find TaskDisplayArea to determine support for multi window. Task id=168 attached=false
09-16 01:18:59.953 W/HWComposer( 1065): Ignoring duplicate VSYNC event from HWC for display 4630946370410392961 (t=1764735879000)
09-16 01:18:59.966 I/input_focus( 1128): [Focus request 7ccd273 com.android.launcher3/com.android.launcher3.uioverrides.QuickstepLauncher,reason=UpdateInputWindows]
09-16 01:18:59.970 W/HWComposer( 1065): Ignoring duplicate VSYNC event from HWC for display 4630946370410392961 (t=1764752529000)
09-16 01:18:59.971 I/sysui_multi_action( 1910): [757,111,758,1]
09-16 01:18:59.972 I/sysui_multi_action( 1910): [757,126,758,1,759,126,927,0,928,0,1593,1]
09-16 01:18:59.972 I/sysui_multi_action( 1910): [757,113,758,1,759,113,927,1,928,1,1593,1]
09-16 01:18:59.972 I/sysui_multi_action( 1910): [757,0,758,1,759,0,927,2,928,0,1593,1]
09-16 01:18:59.973 I/sysui_multi_action( 1910): [757,0,758,1,759,0,927,3,928,1,1593,1]
09-16 01:18:59.973 I/sysui_multi_action( 1910): [757,1706,758,1,759,1706,927,4,928,0,1593,1]
09-16 01:18:59.973 I/sysui_multi_action( 1910): [757,491,758,1,759,491,927,5,928,0,1311,-1,1593,0]
09-16 01:18:59.974 I/sysui_multi_action( 1910): [757,0,758,1,759,0,927,6,1593,0]
09-16 01:18:59.974 I/sysui_multi_action( 1910): [757,114,758,1,759,114,927,7,928,1,1593,0]
09-16 01:18:59.974 I/sysui_multi_action( 1910): [757,268,758,1,759,268,806,com.ss.android.ugc.aweme,871,com.ss.android.ugc.aweme.tile.PublishTileService,927,8,1593,0]
09-16 01:18:59.974 I/sysui_multi_action( 1910): [757,111,758,1]
09-16 01:18:59.974 I/sysui_multi_action( 1910): [757,126,758,1,759,126,927,0,928,0,1593,1]
09-16 01:18:59.975 I/sysui_multi_action( 1910): [757,113,758,1,759,113,927,1,928,1,1593,1]
09-16 01:18:59.975 I/sysui_multi_action( 1910): [757,0,758,1,759,0,927,2,928,0,1593,1]
09-16 01:18:59.975 I/sysui_multi_action( 1910): [757,0,758,1,759,0,927,3,928,1,1593,1]
09-16 01:18:59.978 W/View ( 1910): requestLayout() improperly called by com.android.systemui.statusbar.phone.StatusIconContainer{8bf0d53 V.E...... ......ID 0,0-77,72 #7f0b0586 app:id/statusIcons} during layout: running second layout pass
09-16 01:18:59.987 W/HWComposer( 1065): Ignoring duplicate VSYNC event from HWC for display 4630946370410392961 (t=1764769333000)
09-16 01:18:59.990 I/input_focus( 1128): [Focus leaving 59e8c99 NotificationShade (server),reason=NOT_FOCUSABLE]
09-16 01:18:59.990 I/input_focus( 1128): [Focus entering 7ccd273 com.android.launcher3/com.android.launcher3.uioverrides.QuickstepLauncher (server),reason=setFocusedWindow]
09-16 01:18:59.993 D/Sogou ( 2787): onFinishInput:
09-16 01:19:00.003 W/HWComposer( 1065): Ignoring duplicate VSYNC event from HWC for display 4630946370410392961 (t=1764786037000)
09-16 01:19:00.004 I/HWebSocketClient( 2063): WEBclient: onFailed
09-16 01:19:00.006 I/HttpContext( 2063): getIResponseJson :com.thundercomm.microservice.MicroServiceProxy@12e89eb
09-16 01:19:00.007 I/ResponseHandler( 2063): ResponseHandler() :com.thundercomm.microservice.MicroServiceProxy@12e89eb
09-16 01:19:00.016 I/ResponseWebSocketHandler( 2063): ResponseWebSocketHandler start
09-16 01:19:00.016 I/HttpContext( 2063): getIResponseJson :com.thundercomm.microservice.MicroServiceProxy@12e89eb
09-16 01:19:00.016 I/ResponseWebSocketHandler( 2063): ResponseWebSocketHandler mResponseJson: com.thundercomm.microservice.MicroServiceProxy@12e89eb
09-16 01:19:00.017 I/System.out( 2063): handler is: com.thundercomm.microservice.netty.client.handler.webSocket.ResponseWebSocketHandler@9ab0d2
09-16 01:19:00.018 W/QCC:PeriodicCI( 2324): [ERROR] Current time is wrong, status=3
09-16 01:19:00.020 W/HWComposer( 1065): Ignoring duplicate VSYNC event from HWC for display 4630946370410392961 (t=1764802650000)
09-16 01:19:00.061 W/FrameTracker( 1910): Missed SF frame:66
09-16 01:19:00.061 W/FrameTracker( 1910): Missing HWUI jank callback for vsyncId: 30157
09-16 01:19:00.061 W/FrameTracker( 1910): Missed SF frame:66
09-16 01:19:00.061 W/FrameTracker( 1910): Missed SF frame:66
09-16 01:19:00.061 W/FrameTracker( 1910): Missed SF frame:66
09-16 01:19:00.061 W/FrameTracker( 1910): Missed SF frame:66
09-16 01:19:00.062 W/FrameTracker( 1910): Missed SF frame:66
09-16 01:19:00.062 W/FrameTracker( 1910): Missed SF frame:66
09-16 01:19:00.062 W/FrameTracker( 1910): Missed SF frame:66
09-16 01:19:00.062 W/FrameTracker( 1910): Missed SF frame:66
09-16 01:19:00.062 W/FrameTracker( 1910): Missed SF frame:66
09-16 01:19:00.062 W/FrameTracker( 1910): Missed SF frame:66
09-16 01:19:00.062 W/FrameTracker( 1910): Missed SF frame:66
09-16 01:19:00.062 W/FrameTracker( 1910): Missed SF frame:66
09-16 01:19:00.062 W/FrameTracker( 1910): Missed SF frame:66
09-16 01:19:00.062 W/FrameTracker( 1910): Missed SF frame:66
09-16 01:19:00.062 W/FrameTracker( 1910): Missed SF frame:66
09-16 01:19:00.062 W/FrameTracker( 1910): Missed SF frame:66
09-16 01:19:00.062 W/FrameTracker( 1910): Missing SF jank callback for vsyncId: 30215
09-16 01:19:00.062 W/FrameTracker( 1910): Missed App frame:74
09-16 01:19:00.062 W/FrameTracker( 1910): Missed SF frame:74
09-16 01:19:00.062 V/PerfettoTrigger( 1910): Not triggering com.android.telemetry.interaction-jank-monitor-32 - not enough time since last trigger
09-16 01:19:00.113 I/sysui_multi_action( 1910): [757,111,758,2]
09-16 01:19:00.113 I/sysui_multi_action( 1910): [757,111,758,2]
09-16 01:19:00.116 I/sysui_multi_action( 1128): [757,128,758,2,793,1708843,794,2214,795,1708843,796,26,798,1,806,android,857,DEVELOPER_IMPORTANT,858,4,947,0,1395,5,1500,1708083,1688,1]
09-16 01:19:00.116 I/notification_visibility( 1128): [-1|android|26|null|1000,0,1708843,1708843,0,1]
09-16 01:19:00.116 I/sysui_multi_action( 1128): [757,128,758,2,793,1512483,794,2213,795,1512483,796,4273,798,2,806,com.android.systemui,857,screen_record,858,3,947,0,1395,5,1500,1512280,1688,1,1745,680407814]
09-16 01:19:00.118 D/StatusBar( 1910): disable disable2
09-16 01:19:00.116 I/notification_visibility( 1128): [0|com.android.systemui|4273|null|10087,0,1512483,1512483,0,2]
09-16 01:19:00.129 I/sysui_multi_action( 1128): [757,128,758,2,793,1708727,794,2225,795,1708727,796,55,798,3,806,android,857,DEVELOPER,858,2,947,0,1395,5,1500,1708094,1688,1]
09-16 01:19:00.129 I/notification_visibility( 1128): [-1|android|55|null|1000,0,1708727,1708727,0,3]
09-16 01:19:00.129 I/sysui_multi_action( 1128): [757,128,758,2,793,53189,794,2224,795,53189,796,4274,798,0,806,com.android.systemui,857,screen_record,858,3,947,0,1395,5,1500,52984,1688,1]
09-16 01:19:00.129 I/notification_visibility( 1128): [0|com.android.systemui|4274|null|10087,0,53189,53189,0,0]
09-16 01:19:00.129 I/sysui_multi_action( 1128): [757,128,758,2,793,1712159,794,2223,795,1712159,796,32,798,4,806,android,857,USB,858,1,947,0,1395,5,1500,1711972,1688,1]
09-16 01:19:00.129 I/notification_visibility( 1128): [-1|android|32|null|1000,0,1712159,1712159,0,4]
09-16 01:19:00.130 I/sysui_multi_action( 1128): [757,127,758,2]
09-16 01:19:00.130 I/notification_panel_hidden( 1128):
09-16 01:19:00.131 D/KeyguardUpdateMonitor( 1910): received broadcast android.intent.action.TIME_TICK
09-16 01:19:00.187 D/OpenGLRenderer( 1910): endAllActiveAnimators on 0xb400006f4d55b6a0 (RippleDrawable) with handle 0xb400006e5d2f8d10
09-16 01:19:00.229 W/WindowManager( 1128): Failed looking up window session=Session{a286551 1910:u0a10087} callers=com.android.server.wm.WindowManagerService.windowForClientLocked:5626 com.android.server.wm.WindowManagerService.relayoutWindow:2229 com.android.server.wm.Session.relayout:235
09-16 01:19:00.232 W/WindowManager( 1128): Failed looking up window session=Session{a286551 1910:u0a10087} callers=com.android.server.wm.WindowManagerService.windowForClientLocked:5626 com.android.server.wm.WindowManagerService.removeWindow:2033 com.android.server.wm.Session.remove:218
09-16 01:19:00.235 W/ActivityTaskManager( 1128): Activity top resumed state loss timeout for ActivityRecord{f734a32 u0 com.android.settings/.Settings$WifiSettingsActivity t-1 f}}
09-16 01:19:00.236 I/wm_on_top_resumed_gained_called( 2439): [235585230,com.android.launcher3.uioverrides.QuickstepLauncher,topStateChangedWhenResumed]
09-16 01:19:00.249 I/sysui_multi_action( 1910): [757,111,758,1]
09-16 01:19:00.250 I/sysui_multi_action( 1910): [757,126,758,1,759,126,927,0,928,0,1593,1]
09-16 01:19:00.250 I/sysui_multi_action( 1910): [757,113,758,1,759,113,927,1,928,1,1593,1]
09-16 01:19:00.251 I/sysui_multi_action( 1910): [757,0,758,1,759,0,927,2,928,0,1593,1]
09-16 01:19:00.251 I/sysui_multi_action( 1910): [757,0,758,1,759,0,927,3,928,1,1593,1]
09-16 01:19:00.251 I/sysui_multi_action( 1910): [757,1706,758,1,759,1706,927,4,928,0,1593,1]
09-16 01:19:00.252 I/sysui_multi_action( 1910): [757,491,758,1,759,491,927,5,928,0,1311,-1,1593,0]
09-16 01:19:00.253 I/sysui_multi_action( 1910): [757,0,758,1,759,0,927,6,1593,0]
09-16 01:19:00.253 I/sysui_multi_action( 1910): [757,114,758,1,759,114,927,7,928,1,1593,0]
09-16 01:19:00.253 I/sysui_multi_action( 1910): [757,268,758,1,759,268,806,com.ss.android.ugc.aweme,871,com.ss.android.ugc.aweme.tile.PublishTileService,927,8,1593,0]
09-16 01:19:00.254 I/sysui_multi_action( 1910): [757,111,758,1]
09-16 01:19:00.254 I/sysui_multi_action( 1910): [757,126,758,1,759,126,927,0,928,0,1593,1]
09-16 01:19:00.254 I/sysui_multi_action( 1910): [757,113,758,1,759,113,927,1,928,1,1593,1]
09-16 01:19:00.255 I/sysui_multi_action( 1910): [757,0,758,1,759,0,927,2,928,0,1593,1]
09-16 01:19:00.255 I/sysui_multi_action( 1910): [757,0,758,1,759,0,927,3,928,1,1593,1]
09-16 01:19:00.259 W/View ( 1910): requestLayout() improperly called by com.android.systemui.statusbar.phone.StatusIconContainer{8bf0d53 V.E...... ......ID 0,0-77,72 #7f0b0586 app:id/statusIcons} during layout: running second layout pass
09-16 01:19:00.268 D/KeyguardUpdateMonitor( 1910): handleTimeUpdate
09-16 01:19:00.414 I/OMX-VENC: venc_dev( 1344): stats: avg. fps 33.59, bitrate 1057031
09-16 01:19:00.431 I/OMX-VENC: venc_dev( 1344): stats: avg. fps 33.71, bitrate 2694429
01-01 13:42:35.217 D/ ( 0): mv2112_read_status
01-01 13:42:35.221 D/mv2112_update_link( 0): 3.0x901(1G): 0x80
01-01 13:42:35.227 D/mv2112_update_link( 0): 3.0x8109(100M): 0x0
01-01 13:42:35.232 D/mv2112_update_link( 0): link 0x0
01-01 13:42:35.236 D/mv2112_read_status( 0): autoneg is disabled
09-16 01:19:00.613 I/mpu_uart( 664): [MSG-P:RECV]:No message received in 1000 ms
09-16 01:19:01.161 I/input_interaction( 1128): Interaction with: 7ccd273 com.android.launcher3/com.android.launcher3.uioverrides.QuickstepLauncher (server), 3a0f8b6 com.android.systemui.ImageWallpaper (server), edge-swipe (server), swipe-up (server), PointerEventDispatcher0 (server),
09-16 01:19:01.275 I/mpu_uart( 664): [MSG-P:R]:recv sync frame timeout
09-16 01:19:01.436 I/OMX-VENC: venc_dev( 1344): stats: avg. fps 37.85, bitrate 2949163
09-16 01:19:01.450 I/OMX-VENC: venc_dev( 1344): stats: avg. fps 37.65, bitrate 1148715
01-01 13:42:36.241 D/ ( 0): mv2112_read_status
01-01 13:42:36.245 D/mv2112_update_link( 0): 3.0x901(1G): 0x80
01-01 13:42:36.252 D/mv2112_update_link( 0): 3.0x8109(100M): 0x0
01-01 13:42:36.258 D/mv2112_update_link( 0): link 0x0
01-01 13:42:36.263 D/mv2112_read_status( 0): autoneg is disabled
09-16 01:19:01.613 I/mpu_uart( 664): [MSG-P:RECV]:No message received in 1000 ms
09-16 01:19:01.623 W/HWComposer( 1065): Ignoring duplicate VSYNC event from HWC for display 4630946370410392961 (t=1766406489000)
01-01 13:42:36.371 E/i2c_geni 980000.i2c( 0): i2c error :-107
01-01 13:42:36.376 E/ ( 0): [MAX975X:mcu_keep_wakeup_work_func] *ERROR* Failed to write dev:0x15 addr:0x22 value:0x80
01-01 13:42:36.387 E/i2c_geni 980000.i2c( 0): i2c error :-107
01-01 13:42:36.392 E/ ( 0): [MAX975X:mcu_keep_wakeup_work_func] *ERROR* Failed to write dev:0x15 addr:0x20 value:0x09
09-16 01:19:01.641 W/HWComposer( 1065): Ignoring duplicate VSYNC event from HWC for display 4630946370410392961 (t=1766423190000)
09-16 01:19:01.657 W/HWComposer( 1065): Ignoring duplicate VSYNC event from HWC for display 4630946370410392961 (t=1766439886000)
09-16 01:19:01.673 W/HWComposer( 1065): Ignoring duplicate VSYNC event from HWC for display 4630946370410392961 (t=1766456596000)
09-16 01:19:01.692 W/HWComposer( 1065): Ignoring duplicate VSYNC event from HWC for display 4630946370410392961 (t=1766473401000)
09-16 01:19:01.708 W/HWComposer( 1065): Ignoring duplicate VSYNC event from HWC for display 4630946370410392961 (t=1766490038000)
09-16 01:19:02.069 I/HttpClient( 2063): onFailed
09-16 01:19:02.069 I/MicroService( 2063): sendConnectStateBroadCast() state0
09-16 01:19:02.072 I/MicroService( 2063): onNettyConnectState0
09-16 01:19:02.072 I/MicroService( 2063): onNettyConnectState count = 0
09-16 01:19:02.492 I/OMX-VENC: venc_dev( 1344): stats: avg. fps 12.48, bitrate 380250
09-16 01:19:02.507 I/input_interaction( 1128): Interaction with: 78ba0c1 StatusBar (server), edge-swipe (server), swipe-up (server), PointerEventDispatcher0 (server),
01-01 13:42:37.265 D/ ( 0): mv2112_read_status
01-01 13:42:37.269 D/mv2112_update_link( 0): 3.0x901(1G): 0x80
01-01 13:42:37.276 D/mv2112_update_link( 0): 3.0x8109(100M): 0x0
09-16 01:19:02.531 I/sysui_multi_action( 1910): [757,803,799,panel_open,802,1]
01-01 13:42:37.282 D/mv2112_update_link( 0): link 0x0
09-16 01:19:02.536 I/sysui_multi_action( 1910): [757,1328,758,4,1326,48,1327,0,1329,0]
01-01 13:42:37.287 D/mv2112_read_status( 0): autoneg is disabled
09-16 01:19:02.613 I/mpu_uart( 664): [MSG-P:RECV]:No message received in 1000 ms
09-16 01:19:02.703 D/StatusBar( 1910): disable disable2
09-16 01:19:02.703 I/sysui_multi_action( 1128): [757,127,758,1]
09-16 01:19:02.704 I/sysui_multi_action( 1128): [757,804,799,note_load,801,5,802,1]
09-16 01:19:02.705 I/sysui_multi_action( 1910): [757,111,758,2]
09-16 01:19:02.705 I/notification_panel_revealed( 1128): 5
09-16 01:19:02.706 I/sysui_multi_action( 1910): [757,111,758,2]
09-16 01:19:02.737 I/input_focus( 1128): [Focus request 59e8c99 NotificationShade,reason=UpdateInputWindows]
09-16 01:19:02.741 I/sysui_multi_action( 1910): [757,111,758,1]
09-16 01:19:02.742 I/sysui_multi_action( 1910): [757,126,758,1,759,126,927,0,928,0,1593,1]
09-16 01:19:02.742 I/sysui_multi_action( 1910): [757,113,758,1,759,113,927,1,928,1,1593,1]
09-16 01:19:02.742 I/sysui_multi_action( 1910): [757,0,758,1,759,0,927,2,928,0,1593,1]
09-16 01:19:02.742 I/sysui_multi_action( 1910): [757,0,758,1,759,0,927,3,928,1,1593,1]
09-16 01:19:02.743 I/sysui_multi_action( 1910): [757,1706,758,1,759,1706,927,4,928,0,1593,1]
09-16 01:19:02.743 I/sysui_multi_action( 1910): [757,491,758,1,759,491,927,5,928,0,1311,-1,1593,0]
09-16 01:19:02.743 I/sysui_multi_action( 1910): [757,0,758,1,759,0,927,6,1593,0]
09-16 01:19:02.744 I/sysui_multi_action( 1910): [757,114,758,1,759,114,927,7,928,1,1593,0]
09-16 01:19:02.744 I/sysui_multi_action( 1910): [757,268,758,1,759,268,806,com.ss.android.ugc.aweme,871,com.ss.android.ugc.aweme.tile.PublishTileService,927,8,1593,0]
09-16 01:19:02.744 I/sysui_multi_action( 1910): [757,111,758,1]
09-16 01:19:02.744 I/sysui_multi_action( 1910): [757,126,758,1,759,126,927,0,928,0,1593,1]
09-16 01:19:02.744 I/sysui_multi_action( 1910): [757,113,758,1,759,113,927,1,928,1,1593,1]
09-16 01:19:02.744 I/sysui_multi_action( 1910): [757,0,758,1,759,0,927,2,928,0,1593,1]
09-16 01:19:02.745 I/sysui_multi_action( 1910): [757,0,758,1,759,0,927,3,928,1,1593,1]
09-16 01:19:02.747 W/View ( 1910): requestLayout() improperly called by com.android.systemui.statusbar.phone.StatusIconContainer{8bf0d53 V.E...... ......ID 0,0-77,72 #7f0b0586 app:id/statusIcons} during layout: running second layout pass
09-16 01:19:02.757 I/sysui_multi_action( 1910): [757,111,758,2]
09-16 01:19:02.757 I/sysui_multi_action( 1910): [757,111,758,2]
09-16 01:19:02.762 I/OMX-VENC: venc_dev( 1344): stats: avg. fps 4.52, bitrate 214102
09-16 01:19:02.762 I/sysui_multi_action( 1910): [757,111,758,1]
09-16 01:19:02.762 I/sysui_multi_action( 1910): [757,126,758,1,759,126,927,0,928,0,1593,1]
09-16 01:19:02.762 I/sysui_multi_action( 1910): [757,113,758,1,759,113,927,1,928,1,1593,1]
09-16 01:19:02.763 I/sysui_multi_action( 1910): [757,0,758,1,759,0,927,2,928,0,1593,1]
09-16 01:19:02.763 I/sysui_multi_action( 1910): [757,0,758,1,759,0,927,3,928,1,1593,1]
09-16 01:19:02.763 I/sysui_multi_action( 1910): [757,1706,758,1,759,1706,927,4,928,0,1593,1]
09-16 01:19:02.763 I/input_focus( 1128): [Focus leaving 7ccd273 com.android.launcher3/com.android.launcher3.uioverrides.QuickstepLauncher (server),reason=setFocusedWindow]
09-16 01:19:02.763 I/sysui_multi_action( 1910): [757,491,758,1,759,491,927,5,928,0,1311,-1,1593,1]
09-16 01:19:02.763 I/input_focus( 1128): [Focus entering 59e8c99 NotificationShade (server),reason=setFocusedWindow]
09-16 01:19:02.764 I/sysui_multi_action( 1910): [757,0,758,1,759,0,927,6,1593,1]
09-16 01:19:02.764 I/sysui_multi_action( 1910): [757,114,758,1,759,114,927,7,928,1,1593,1]
09-16 01:19:02.764 I/sysui_multi_action( 1910): [757,268,758,1,759,268,806,com.ss.android.ugc.aweme,871,com.ss.android.ugc.aweme.tile.PublishTileService,927,8,1593,1]
09-16 01:19:02.764 I/sysui_multi_action( 1910): [757,111,758,1]
09-16 01:19:02.765 I/sysui_multi_action( 1910): [757,126,758,1,759,126,927,0,928,0,1593,1]
09-16 01:19:02.765 I/sysui_multi_action( 1910): [757,113,758,1,759,113,927,1,928,1,1593,1]
09-16 01:19:02.765 I/sysui_multi_action( 1910): [757,0,758,1,759,0,927,2,928,0,1593,1]
09-16 01:19:02.765 I/sysui_multi_action( 1910): [757,0,758,1,759,0,927,3,928,1,1593,1]
09-16 01:19:02.767 W/View ( 1910): requestLayout() improperly called by com.android.systemui.statusbar.phone.StatusIconContainer{8bf0d53 V.E...... ......I. 0,0-77,72 #7f0b0586 app:id/statusIcons} during layout: running second layout pass
01-01 13:42:37.514 I/init ( 0): starting service 'qvrd_vndr'...
01-01 13:42:37.519 I/init ( 0): Created socket '/dev/socket/qvrservice_vndr', mode 660, user 1000, group 1000
01-01 13:42:37.529 I/init ( 0): Created socket '/dev/socket/qvrservice_vndr_camera', mode 660, user 1000, group 1000
09-16 01:19:02.790 I/sysui_multi_action( 1910): [757,111,758,2]
09-16 01:19:02.790 I/sysui_multi_action( 1910): [757,111,758,2]
09-16 01:19:02.797 I/sysui_multi_action( 1910): [757,111,758,1]
09-16 01:19:02.797 I/sysui_multi_action( 1910): [757,126,758,1,759,126,927,0,928,0,1593,0]
09-16 01:19:02.797 I/sysui_multi_action( 1910): [757,113,758,1,759,113,927,1,928,1,1593,0]
09-16 01:19:02.797 I/sysui_multi_action( 1910): [757,0,758,1,759,0,927,2,928,0,1593,0]
09-16 01:19:02.798 I/sysui_multi_action( 1910): [757,0,758,1,759,0,927,3,928,1,1593,0]
09-16 01:19:02.798 I/sysui_multi_action( 1910): [757,1706,758,1,759,1706,927,4,928,0,1593,0]
09-16 01:19:02.798 I/sysui_multi_action( 1910): [757,491,758,1,759,491,927,5,928,0,1311,-1,1593,0]
09-16 01:19:02.798 I/sysui_multi_action( 1910): [757,0,758,1,759,0,927,6,1593,0]
09-16 01:19:02.798 I/sysui_multi_action( 1910): [757,114,758,1,759,114,927,7,928,1,1593,0]
09-16 01:19:02.798 I/sysui_multi_action( 1910): [757,268,758,1,759,268,806,com.ss.android.ugc.aweme,871,com.ss.android.ugc.aweme.tile.PublishTileService,927,8,1593,0]
09-16 01:19:02.798 I/sysui_multi_action( 1910): [757,111,758,1]
09-16 01:19:02.799 I/sysui_multi_action( 1910): [757,126,758,1,759,126,927,0,928,0,1593,0]
09-16 01:19:02.799 I/sysui_multi_action( 1910): [757,113,758,1,759,113,927,1,928,1,1593,0]
09-16 01:19:02.799 I/sysui_multi_action( 1910): [757,0,758,1,759,0,927,2,928,0,1593,0]
09-16 01:19:02.799 I/sysui_multi_action( 1910): [757,0,758,1,759,0,927,3,928,1,1593,0]
09-16 01:19:02.801 W/View ( 1910): requestLayout() improperly called by com.android.systemui.statusbar.phone.StatusIconContainer{8bf0d53 V.E...... ......I. 0,0-77,72 #7f0b0586 app:id/statusIcons} during layout: running second layout pass
01-01 13:42:37.551 I/init ( 0): starting service 'sxrd'...
01-01 13:42:37.566 I/init ( 0): starting service 'vendor.light-hal-2-0'...
09-16 01:19:02.823 F/linker ( 7700): CANNOT LINK EXECUTABLE "/vendor/bin/hw/qvrservice": library "vendor.qti.hardware.qxr-V1-ndk_platform.so" not found: needed by /vendor/lib64/libqvrservice.so in namespace (default)
09-16 01:19:02.828 F/linker ( 7701): CANNOT LINK EXECUTABLE "/vendor/bin/hw/sxrservice": library "vendor.qti.hardware.qxr-V1-ndk_platform.so" not found: needed by main executable
01-01 13:42:37.584 I/init ( 0): Service 'qvrd_vndr' (pid 7700) exited with status 1
01-01 13:42:37.590 I/init ( 0): Sending signal 9 to service 'qvrd_vndr' (pid 7700) process group...
01-01 13:42:37.602 I/libprocessgroup( 0): Successfully killed process cgroup uid 1000 pid 7700 in 0ms
01-01 13:42:37.612 I/init ( 0): Service 'sxrd' (pid 7701) exited with status 1
01-01 13:42:37.618 I/init ( 0): Sending signal 9 to service 'sxrd' (pid 7701) process group...
09-16 01:19:02.863 I/hwservicemanager( 516): getTransport: Cannot find entry android.hardware.light@2.0::ILight/default in either framework or device VINTF manifest.
09-16 01:19:02.868 E/light ( 7702): light_open lights keyboard failed: -22
09-16 01:19:02.868 E/light ( 7702): Light passthrough failed to load legacy HAL.
09-16 01:19:02.869 E/light ( 7702): light_open lights buttons failed: -22
09-16 01:19:02.869 E/light ( 7702): Light passthrough failed to load legacy HAL.
09-16 01:19:02.870 E/light ( 7702): light_open lights bluetooth failed: -22
09-16 01:19:02.870 E/light ( 7702): Light passthrough failed to load legacy HAL.
09-16 01:19:02.871 E/light ( 7702): light_open lights wifi failed: -22
09-16 01:19:02.871 E/light ( 7702): Light passthrough failed to load legacy HAL.
09-16 01:19:02.872 I/hwservicemanager( 516): getTransport: Cannot find entry android.hardware.light@2.0::ILight/default in either framework or device VINTF manifest.
09-16 01:19:02.872 E/HidlServiceManagement( 7702): Service android.hardware.light@2.0::ILight/default must be in VINTF manifest in order to register/get.
09-16 01:19:02.872 E/LegacySupport( 7702): Could not register service android.hardware.light@2.0::ILight/default (-2147483648).
09-16 01:19:03.071 I/HWebSocketClient( 2063): WEBclient: onFailed
09-16 01:19:03.074 I/ResponseWebSocketHandler( 2063): ResponseWebSocketHandler start
09-16 01:19:03.074 I/HttpContext( 2063): getIResponseJson :com.thundercomm.microservice.MicroServiceProxy@12e89eb
09-16 01:19:03.074 I/ResponseWebSocketHandler( 2063): ResponseWebSocketHandler mResponseJson: com.thundercomm.microservice.MicroServiceProxy@12e89eb
09-16 01:19:03.074 I/HttpContext( 2063): getIResponseJson :com.thundercomm.microservice.MicroServiceProxy@12e89eb
09-16 01:19:03.074 I/ResponseHandler( 2063): ResponseHandler() :com.thundercomm.microservice.MicroServiceProxy@12e89eb
09-16 01:19:03.074 I/System.out( 2063): handler is: com.thundercomm.microservice.netty.client.handler.webSocket.ResponseWebSocketHandler@e53c8ff
09-16 01:19:03.292 I/sysui_multi_action( 1128): [757,128,758,1,793,1712019,794,0,795,1712019,796,26,798,1,806,android,857,DEVELOPER_IMPORTANT,858,4,947,0,1395,5,1500,1711259,1688,1]
09-16 01:19:03.292 I/sysui_multi_action( 1128): [757,804,799,note_freshness,801,1712019,802,1]
09-16 01:19:03.292 I/notification_visibility( 1128): [-1|android|26|null|1000,1,1712019,1712019,0,1]
09-16 01:19:03.293 I/sysui_multi_action( 1128): [757,128,758,1,793,1515660,794,0,795,1515660,796,4273,798,2,806,com.android.systemui,857,screen_record,858,3,947,0,1395,5,1500,1515457,1688,1,1745,680407814]
09-16 01:19:03.293 I/sysui_multi_action( 1128): [757,804,799,note_freshness,801,1515660,802,1]
09-16 01:19:03.294 I/notification_visibility( 1128): [0|com.android.systemui|4273|null|10087,1,1515660,1515660,0,2]
09-16 01:19:03.294 I/sysui_multi_action( 1128): [757,128,758,1,793,1711892,794,0,795,1711892,796,55,798,3,806,android,857,DEVELOPER,858,2,947,0,1395,5,1500,1711259,1688,1]
09-16 01:19:03.295 I/sysui_multi_action( 1128): [757,804,799,note_freshness,801,1711892,802,1]
09-16 01:19:03.295 I/notification_visibility( 1128): [-1|android|55|null|1000,1,1711892,1711892,0,3]
09-16 01:19:03.295 I/sysui_multi_action( 1128): [757,128,758,1,793,56355,794,0,795,56355,796,4274,798,0,806,com.android.systemui,857,screen_record,858,3,947,0,1395,5,1500,56150,1688,1]
09-16 01:19:03.296 I/sysui_multi_action( 1128): [757,804,799,note_freshness,801,56355,802,1]
09-16 01:19:03.296 I/notification_visibility( 1128): [0|com.android.systemui|4274|null|10087,1,56355,56355,0,0]
09-16 01:19:03.299 I/sysui_multi_action( 1128): [757,128,758,1,793,1715326,794,0,795,1715326,796,32,798,4,806,android,857,USB,858,1,947,0,1395,5,1500,1715139,1688,1]
09-16 01:19:03.299 I/sysui_multi_action( 1128): [757,804,799,note_freshness,801,1715326,802,1]
09-16 01:19:03.300 I/notification_visibility( 1128): [-1|android|32|null|1000,1,1715326,1715326,0,4]
09-16 01:19:03.349 E/TaskPersister( 1128): File error accessing recents directory (directory doesn't exist?).
01-01 13:42:38.227 E/i2c_geni 980000.i2c( 0): i2c error :-107
01-01 13:42:38.232 E/ ( 0): [MAX975X:mcu_keep_wakeup_work_func] *ERROR* Failed to write dev:0x15 addr:0x22 value:0x80
01-01 13:42:38.243 E/i2c_geni 980000.i2c( 0): i2c error :-107
09-16 01:19:03.498 I/OMX-VENC: venc_dev( 1344): stats: avg. fps 33.80, bitrate 2289364
01-01 13:42:38.249 E/ ( 0): [MAX975X:mcu_keep_wakeup_work_func] *ERROR* Failed to write dev:0x15 addr:0x20 value:0x09
09-16 01:19:03.511 W/FrameTracker( 1910): Missed SF frame:66
09-16 01:19:03.511 W/FrameTracker( 1910): Missed App frame:72
09-16 01:19:03.511 W/FrameTracker( 1910): Missed SF frame:66
09-16 01:19:03.511 W/FrameTracker( 1910): Missed App frame:10
09-16 01:19:03.511 W/FrameTracker( 1910): Missed SF frame:10
09-16 01:19:03.511 W/FrameTracker( 1910): Missed SF frame:66
09-16 01:19:03.511 W/FrameTracker( 1910): Missed SF frame:66
09-16 01:19:03.511 W/FrameTracker( 1910): Missed SF frame:66
09-16 01:19:03.511 W/FrameTracker( 1910): Missed SF frame:66
09-16 01:19:03.511 W/FrameTracker( 1910): Missed SF frame:66
09-16 01:19:03.511 W/FrameTracker( 1910): Missed SF frame:66
09-16 01:19:03.511 W/FrameTracker( 1910): Missed SF frame:66
09-16 01:19:03.511 W/FrameTracker( 1910): Missed SF frame:66
09-16 01:19:03.512 V/PerfettoTrigger( 1910): Not triggering com.android.telemetry.interaction-jank-monitor-0 - not enough time since last trigger
01-01 13:42:38.321 D/ ( 0): mv2112_read_status
01-01 13:42:38.325 D/mv2112_update_link( 0): 3.0x901(1G): 0x80
01-01 13:42:38.332 D/mv2112_update_link( 0): 3.0x8109(100M): 0x0
01-01 13:42:38.337 D/mv2112_update_link( 0): link 0x0
01-01 13:42:38.344 D/mv2112_read_status( 0): autoneg is disabled
09-16 01:19:03.614 I/mpu_uart( 664): [MSG-P:RECV]:No message received in 1000 ms
09-16 01:19:03.930 I/OMX-VENC: venc_dev( 1344): stats: avg. fps 33.41, bitrate 4907297
09-16 01:19:04.278 I/mpu_uart( 664): [MSG-P:R]:recv sync frame timeout
09-16 01:19:04.353 I/perfetto( 1261): ng_service_impl.cc:1821 FlushAndDisableTracing(6) done, success=1
09-16 01:19:04.358 I/perfetto( 1259): probes_producer.cc:340 Producer stop (id=6)
09-16 01:19:04.364 I/perfetto( 1261): ng_service_impl.cc:2293 Tracing session 6 ended, total sessions:0
01-01 13:42:39.118 I/perfetto( 0): disabled ftrace
09-16 01:19:04.369 I/perfetto( 1259): ftrace_procfs.cc:213 disabled ftrace in /sys/kernel/tracing/
09-16 01:19:04.411 I/input_interaction( 1128): Interaction with: 59e8c99 NotificationShade (server), edge-swipe (server), swipe-up (server), PointerEventDispatcher0 (server),
09-16 01:19:04.416 I/service_manager_stats( 1128): [100,148,62685]
09-16 01:19:04.498 I/OMX-VENC: venc_dev( 1344): stats: avg. fps 17.00, bitrate 261850
09-16 01:19:04.543 I/sysui_multi_action( 1128): [757,129,758,4,759,0,793,57603,794,1248,795,57603,796,4274,798,0,806,com.android.systemui,857,screen_record,858,3,947,0,1395,5,1500,57398,1600,0,1601,0,1629,3,1688,1]
09-16 01:19:04.544 I/notification_action_clicked( 1128): [0|com.android.systemui|4274|null|10087,0,57603,57603,1248,0,5]
09-16 01:19:04.552 D/audio_hw_primary( 827): start_output_stream: enter: stream(0xf0404330)usecase(1: low-latency-playback) devices(0x2) is_haptic_usecase(0)
09-16 01:19:04.553 E/ANDR-PERF-TARGET( 983): Error: Invalid logical cluster id 0
09-16 01:19:04.554 E/ANDR-PERF-REQUEST( 983): invalid request
09-16 01:19:04.554 E/ANDR-PERF-MPCTL( 983): invalid request, no optimizations performed
09-16 01:19:04.554 E/audio_hw_extn( 827): audio_extn_perf_lock_acquire: Failed to acquire perf lock, err: -1
09-16 01:19:04.554 D/audio_hw_primary( 827): select_devices for use case (low-latency-playback)
09-16 01:19:04.554 I/msm8974_platform( 827): platform_check_and_set_codec_backend_cfg:becf: afe: bitwidth 16, samplerate 48000 channels 2, backend_idx 0 usecase = 1 device (speaker)
09-16 01:19:04.554 D/msm8974_platform( 827): platform_split_snd_device: snd_device(2) num devices(1) new_snd_devices(0)
09-16 01:19:04.554 I/msm8974_platform( 827): platform_check_and_set_codec_backend_cfg: new_snd_devices[0] is 2
09-16 01:19:04.554 I/msm8974_platform( 827): platform_check_codec_backend_cfg:becf: afe: bitwidth 16, samplerate 48000 channels 2, backend_idx 0 usecase = 1 device (speaker)
09-16 01:19:04.557 D/audio_hw_extn( 827): audio_extn_enable_hifi_filter: mixer_value set 0
09-16 01:19:04.557 D/msm8974_platform( 827): platform_check_codec_backend_cfg:becf: updated afe: bitwidth 16, samplerate 48000 channels 2,backend_idx 0 usecase = 1 device (speaker)
09-16 01:19:04.557 D/msm8974_platform( 827): platform_check_codec_backend_cfg:becf: afe: playback on codec device not supporting native playback set default Sample Rate(48k)
09-16 01:19:04.557 I/msm8974_platform( 827): platform_check_codec_backend_cfg:becf: afe: Codec selected backend: 0 updated bit width: 16 and sample rate: 48000
09-16 01:19:04.557 D/audio_hw_primary( 827): check_usecases_codec_backend:becf: force routing 0
09-16 01:19:04.557 E/msm8974_platform( 827): platform_check_backends_match: Invalid snd_device =
09-16 01:19:04.557 D/audio_hw_primary( 827): check_usecases_codec_backend:becf: (78) check_usecases curr device: speaker, usecase device: backends match 0
09-16 01:19:04.557 D/audio_hw_primary( 827): check_usecases_codec_backend:becf: check_usecases num.of Usecases to switch 0
09-16 01:19:04.557 D/hardware_info( 827): hw_info_append_hw_type : device_name = speaker
09-16 01:19:04.557 D/msm8974_platform( 827): platform_split_snd_device: snd_device(2) num devices(0) new_snd_devices(0)
09-16 01:19:04.557 D/audio_hw_primary( 827): enable_snd_device: snd_device(2: speaker)
09-16 01:19:04.557 D/msm8974_platform( 827): platform_get_island_cfg_on_device:island cfg status on snd_device = (speaker 0)
09-16 01:19:04.557 I/soundtrigger( 827): audio_extn_sound_trigger_update_device_status: device 0x2 of type 0 for Event 1, with Raise=0
09-16 01:19:04.557 D/audio_route( 827): Apply path: speaker
09-16 01:19:04.557 I/audio_hw_utils( 827): audio_extn_utils_update_stream_output_app_type_cfg Allowing 24 and above bits playback on speaker ONLY at default sampling rate
09-16 01:19:04.557 E/soundtrigger( 827): audio_extn_sound_trigger_update_stream_status: invalid input device 0x0, for event 3
09-16 01:19:04.558 D/soundtrigger( 827): audio_extn_sound_trigger_update_stream_status: uc_info->id 1 of type 0 for Event 3, with Raise=0
09-16 01:19:04.558 D/audio_hw_utils( 827): audio_extn_utils_send_app_type_cfg: usecase->out_snd_device speaker
09-16 01:19:04.558 D/msm8974_platform( 827): platform_split_snd_device: snd_device(2) num devices(0) new_snd_devices(0)
09-16 01:19:04.558 D/audio_hw_utils( 827): audio_extn_btsco_get_sample_rate:Not a BT SCO device, need not update sampling rate
09-16 01:19:04.558 I/audio_hw_utils( 827): send_app_type_cfg_for_device PLAYBACK app_type 69937, acdb_dev_id 15, sample_rate 48000, snd_device_be_idx 179
09-16 01:19:04.558 D/msm8974_platform( 827): platform_split_snd_device: snd_device(2) num devices(1) new_snd_devices(0)
09-16 01:19:04.558 D/audio_hw_utils( 827): audio_extn_btsco_get_sample_rate:Not a BT SCO device, need not update sampling rate
09-16 01:19:04.559 D/ACDB-LOADER( 827): ACDB -> send_audio_cal, acdb_id = 15, path = 0, app id = 0x11131, sample rate = 48000, afe_sample_rate = 48000
09-16 01:19:04.559 D/ACDB-LOADER( 827): ACDB -> send_asm_topology
09-16 01:19:04.559 D/ACDB-LOADER( 827): ACDB -> ACDB_CMD_GET_AUDPROC_STREAM_TOPOLOGY_ID
09-16 01:19:04.559 D/ACDB-LOADER( 827): ACDB -> send_adm_topology
09-16 01:19:04.559 D/ACDB-LOADER( 827): ACDB -> ACDB_CMD_GET_AUDPROC_COMMON_TOPOLOGY_ID
09-16 01:19:04.559 D/ACDB-LOADER( 827): ACDB -> send_audtable
09-16 01:19:04.559 D/ACDB-LOADER( 827): ACDB -> ACDB_CMD_GET_AUDPROC_INSTANCE_COMMON_TABLE_SIZE
09-16 01:19:04.559 D/ACDB-LOADER( 827): ACDB -> ACDB_CMD_GET_AUDPROC_INSTANCE_COMMON_TABLE
09-16 01:19:04.559 D/ACDB-LOADER( 827): ACDB -> AUDIO_SET_AUDPROC_CAL cal_type[11] acdb_id[15] app_type[69937]
09-16 01:19:04.559 D/ACDB-LOADER( 827): ACDB -> send_audvoltable
09-16 01:19:04.559 D/ACDB-LOADER( 827): ACDB -> ACDB_CMD_GET_AUDPROC_INSTANCE_GAIN_DEP_STEP_TABLE_SIZE
09-16 01:19:04.559 D/ACDB-LOADER( 827): ACDB -> ACDB_CMD_GET_AUDPROC_INSTANCE_GAIN_DEP_STEP_TABLE, vol index 0
09-16 01:19:04.559 D/ACDB-LOADER( 827): ACDB -> AUDIO_SET_VOL_CAL cal type = 12
09-16 01:19:04.560 D/ACDB-LOADER( 827): ACDB -> ACDB_CMD_GET_AUDPROC_INSTANCE_STREAM_TABLE_SIZE
09-16 01:19:04.560 D/ACDB-LOADER( 827): ACDB -> send_audstrmtable
09-16 01:19:04.560 D/ACDB-LOADER( 827): ACDB -> ACDB_CMD_GET_AUDPROC_INSTANCE_STREAM_TABLE
09-16 01:19:04.560 D/ACDB-LOADER( 827): ACDB -> audstrm_cal->cal_type.cal_data.cal_size = 20
09-16 01:19:04.560 D/ACDB-LOADER( 827): ACDB -> send_afe_topology
09-16 01:19:04.560 D/ACDB-LOADER( 827): ACDB -> ACDB_CMD_GET_AFE_TOPOLOGY_ID
09-16 01:19:04.560 D/ACDB-LOADER( 827): ACDB -> GET_AFE_TOPOLOGY_ID for adcd_id 15, Topology Id 112fc
09-16 01:19:04.560 D/ACDB-LOADER( 827): ACDB -> send_afe_cal
09-16 01:19:04.560 D/ACDB-LOADER( 827): ACDB -> ACDB_CMD_GET_AFE_INSTANCE_COMMON_TABLE_SIZE
09-16 01:19:04.560 D/RecordingService( 1910): onStartCommand com.android.systemui.screenrecord.STOP_FROM_NOTIF
09-16 01:19:04.560 D/android.hardware.audio.service( 827): Failed to fetch the lookup information of the device 0000000F
09-16 01:19:04.560 D/ACDB-LOADER( 827): Error: ACDB_CMD_GET_AFE_INSTANCE_COMMON_TABLE_SIZE Returned = -19
09-16 01:19:04.560 D/ACDB-LOADER( 827): ACDB -> ACDB_CMD_GET_AFE_INSTANCE_COMMON_TABLE
09-16 01:19:04.560 D/android.hardware.audio.service( 827): Failed to fetch the lookup information of the device 0000000F
09-16 01:19:04.560 D/ACDB-LOADER( 827): Error: ACDB AFE returned = -19
09-16 01:19:04.560 D/ACDB-LOADER( 827): ACDB -> AUDIO_SET_AFE_CAL cal_type[16] acdb_id[15]
09-16 01:19:04.561 D/ACDB-LOADER( 827): ACDB -> send_hw_delay : acdb_id = 15 path = 0
09-16 01:19:04.561 D/ACDB-LOADER( 827): ACDB -> ACDB_AVSYNC_INFO: ACDB_CMD_GET_DEVICE_PROPERTY
09-16 01:19:04.561 D/msm8974_platform( 827): platform_split_snd_device: snd_device(2) num devices(0) new_snd_devices(0)
09-16 01:19:04.561 I/msm8974_platform( 827): platform_get_custom_mtmx_params: no matching param with id 0 ip_ch 2 op_ch 2 uc_id 1 snd_dev 2
09-16 01:19:04.561 D/RecordingService( 1910): notifying for user 0
09-16 01:19:04.561 D/audio_hw_primary( 827): enable_audio_route: apply mixer and update path: low-latency-playback
09-16 01:19:04.561 D/audio_route( 827): Apply path: low-latency-playback
09-16 01:19:04.562 D/audio_hw_primary( 827): select_devices: done
09-16 01:19:04.568 W/MediaCodec( 1327): mapFormat: no mediaType information
09-16 01:19:04.577 W/MediaCodec( 1327): mapFormat: no mediaType information
09-16 01:19:04.578 D/MPEG4Writer( 1327): reset()
09-16 01:19:04.578 D/MPEG4Writer( 1327): Video track stopping. Stop source
09-16 01:19:04.578 D/MPEG4Writer( 1327): Video track source stopping
01-01 13:42:39.320 I/afe_find_cal_topo_id_by_port( 0): port id: 0x9000, dev_acdb_id: 0
01-01 13:42:39.327 I/afe_find_cal_topo_id_by_port( 0): top_id:112fc acdb_id:15 afe_port:0x9000
09-16 01:19:04.579 I/MediaCodecSource( 1327): encoder (video) stopping
01-01 13:42:39.335 I/afe_get_cal_topology_id( 0): port_id = 0x9000 acdb_id = 15 topology_id = 0x112fc cal_type_index=8 ret=0
