09-16 01:02:09.964 I/sysui_multi_action( 1910): [757,126,758,1,759,126,927,0,928,1,1593,0]
09-16 01:02:09.964 I/sysui_multi_action( 1910): [757,113,758,1,759,113,927,1,928,1,1593,0]
09-16 01:02:09.964 I/sysui_multi_action( 1910): [757,0,758,1,759,0,927,2,928,0,1593,0]
09-16 01:02:09.964 I/sysui_multi_action( 1910): [757,0,758,1,759,0,927,3,928,0,1593,0]
09-16 01:02:09.967 I/sysui_multi_action( 1128): [319,120,322,119,325,754,757,761,758,8,759,2,806,com.android.deskclock,871,android.service.dreams.DreamActivity,904,com.android.deskclock,905,0,1320,4,1321,1]
09-16 01:02:09.970 I/sysui_multi_action( 1128): [757,1696,758,6,759,3]
09-16 01:02:09.979 I/am_wtf ( 1128): [0,1128,system_server,-1,DisplayDeviceConfig,requesting nits when no mapping exists.]
09-16 01:02:09.979 I/wm_activity_launch_time( 1128): [0,217752467,com.android.deskclock/android.service.dreams.DreamActivity,119]
09-16 01:02:09.981 I/am_wtf ( 1128): [0,1128,system_server,-1,DisplayDeviceConfig,requesting nits when no mapping exists.]
09-16 01:02:09.993 I/am_wtf ( 1128): [0,1128,system_server,-1,DisplayDeviceConfig,requesting nits when no mapping exists.]
09-16 01:02:09.994 I/input_focus( 1128): [Focus entering d0f20b com.android.deskclock/android.service.dreams.DreamActivity (server),reason=Window became focusable. Previous reason: NOT_VISIBLE]
09-16 01:02:09.995 I/am_wtf ( 1128): [0,1128,system_server,-1,DisplayDeviceConfig,requesting nits when no mapping exists.]
09-16 01:02:10.030 I/am_wtf ( 1128): [0,1128,system_server,-1,DisplayDeviceConfig,requesting nits when no mapping exists.]
09-16 01:02:10.031 I/am_wtf ( 1128): [0,1128,system_server,-1,DisplayDeviceConfig,requesting nits when no mapping exists.]
09-16 01:02:10.062 I/am_wtf ( 1128): [0,1128,system_server,-1,DisplayDeviceConfig,requesting nits when no mapping exists.]
09-16 01:02:10.063 I/am_wtf ( 1128): [0,1128,system_server,-1,DisplayDeviceConfig,requesting nits when no mapping exists.]
09-16 01:02:10.094 I/am_wtf ( 1128): [0,1128,system_server,-1,DisplayDeviceConfig,requesting nits when no mapping exists.]
09-16 01:02:10.095 I/am_wtf ( 1128): [0,1128,system_server,-1,DisplayDeviceConfig,requesting nits when no mapping exists.]
09-16 01:02:10.117 I/sysui_multi_action( 1910): [757,111,758,2]
09-16 01:02:10.117 I/sysui_multi_action( 1910): [757,111,758,2]
09-16 01:02:10.121 I/sysui_multi_action( 1910): [757,111,758,1]
09-16 01:02:10.121 I/sysui_multi_action( 1910): [757,126,758,1,759,126,927,0,928,1,1593,0]
09-16 01:02:10.121 I/sysui_multi_action( 1910): [757,113,758,1,759,113,927,1,928,1,1593,0]
09-16 01:02:10.121 I/sysui_multi_action( 1910): [757,0,758,1,759,0,927,2,928,0,1593,0]
09-16 01:02:10.121 I/sysui_multi_action( 1910): [757,0,758,1,759,0,927,3,928,0,1593,0]
09-16 01:02:10.122 I/sysui_multi_action( 1910): [757,1706,758,1,759,1706,927,4,928,0,1593,0]
09-16 01:02:10.122 I/sysui_multi_action( 1910): [757,491,758,1,759,491,927,5,928,0,1311,-1,1593,0]
09-16 01:02:10.122 I/sysui_multi_action( 1910): [757,0,758,1,759,0,927,6,1593,0]
09-16 01:02:10.122 I/sysui_multi_action( 1910): [757,114,758,1,759,114,927,7,928,0,1593,0]
09-16 01:02:10.122 I/sysui_multi_action( 1910): [757,268,758,1,759,268,806,com.ss.android.ugc.aweme,871,com.ss.android.ugc.aweme.tile.PublishTileService,927,8,1593,0]
09-16 01:02:10.122 I/sysui_multi_action( 1910): [757,111,758,1]
09-16 01:02:10.123 I/sysui_multi_action( 1910): [757,126,758,1,759,126,927,0,928,1,1593,1]
09-16 01:02:10.123 I/sysui_multi_action( 1910): [757,113,758,1,759,113,927,1,928,1,1593,1]
09-16 01:02:10.123 I/sysui_multi_action( 1910): [757,0,758,1,759,0,927,2,928,0,1593,1]
09-16 01:02:10.123 I/sysui_multi_action( 1910): [757,0,758,1,759,0,927,3,928,0,1593,1]
09-16 01:02:10.144 I/am_wtf ( 1128): [0,1128,system_server,-1,DisplayDeviceConfig,requesting nits when no mapping exists.]
09-16 01:02:10.145 I/am_wtf ( 1128): [0,1128,system_server,-1,DisplayDeviceConfig,requesting nits when no mapping exists.]
09-16 01:02:10.148 I/sysui_multi_action( 1910): [757,111,758,2]
09-16 01:02:10.149 I/sysui_multi_action( 1910): [757,111,758,2]
09-16 01:02:10.153 I/sysui_multi_action( 1910): [757,111,758,1]
09-16 01:02:10.153 I/sysui_multi_action( 1910): [757,126,758,1,759,126,927,0,928,1,1593,1]
09-16 01:02:10.153 I/sysui_multi_action( 1910): [757,113,758,1,759,113,927,1,928,1,1593,1]
09-16 01:02:10.153 I/sysui_multi_action( 1910): [757,0,758,1,759,0,927,2,928,0,1593,1]
09-16 01:02:10.153 I/sysui_multi_action( 1910): [757,0,758,1,759,0,927,3,928,0,1593,1]
09-16 01:02:10.154 I/sysui_multi_action( 1910): [757,1706,758,1,759,1706,927,4,928,0,1593,1]
09-16 01:02:10.154 I/sysui_multi_action( 1910): [757,491,758,1,759,491,927,5,928,0,1311,-1,1593,0]
09-16 01:02:10.154 I/sysui_multi_action( 1910): [757,0,758,1,759,0,927,6,1593,0]
09-16 01:02:10.154 I/sysui_multi_action( 1910): [757,114,758,1,759,114,927,7,928,0,1593,0]
09-16 01:02:10.154 I/sysui_multi_action( 1910): [757,268,758,1,759,268,806,com.ss.android.ugc.aweme,871,com.ss.android.ugc.aweme.tile.PublishTileService,927,8,1593,0]
09-16 01:02:10.154 I/sysui_multi_action( 1910): [757,111,758,1]
09-16 01:02:10.155 I/sysui_multi_action( 1910): [757,126,758,1,759,126,927,0,928,1,1593,1]
09-16 01:02:10.155 I/sysui_multi_action( 1910): [757,113,758,1,759,113,927,1,928,1,1593,1]
09-16 01:02:10.155 I/sysui_multi_action( 1910): [757,0,758,1,759,0,927,2,928,0,1593,1]
09-16 01:02:10.155 I/sysui_multi_action( 1910): [757,0,758,1,759,0,927,3,928,0,1593,1]
09-16 01:02:10.172 I/sysui_multi_action( 1910): [757,111,758,2]
09-16 01:02:10.172 I/sysui_multi_action( 1910): [757,111,758,2]
09-16 01:02:10.176 I/sysui_multi_action( 1910): [757,111,758,1]
09-16 01:02:10.176 I/sysui_multi_action( 1910): [757,126,758,1,759,126,927,0,928,1,1593,1]
09-16 01:02:10.176 I/sysui_multi_action( 1910): [757,113,758,1,759,113,927,1,928,1,1593,1]
09-16 01:02:10.176 I/sysui_multi_action( 1910): [757,0,758,1,759,0,927,2,928,0,1593,1]
09-16 01:02:10.176 I/sysui_multi_action( 1910): [757,0,758,1,759,0,927,3,928,0,1593,1]
09-16 01:02:10.176 I/sysui_multi_action( 1910): [757,1706,758,1,759,1706,927,4,928,0,1593,1]
09-16 01:02:10.177 I/sysui_multi_action( 1910): [757,491,758,1,759,491,927,5,928,0,1311,-1,1593,0]
09-16 01:02:10.177 I/sysui_multi_action( 1910): [757,0,758,1,759,0,927,6,1593,0]
09-16 01:02:10.177 I/sysui_multi_action( 1910): [757,114,758,1,759,114,927,7,928,0,1593,0]
09-16 01:02:10.177 I/sysui_multi_action( 1910): [757,268,758,1,759,268,806,com.ss.android.ugc.aweme,871,com.ss.android.ugc.aweme.tile.PublishTileService,927,8,1593,0]
09-16 01:02:10.177 I/sysui_multi_action( 1910): [757,111,758,1]
09-16 01:02:10.177 I/sysui_multi_action( 1910): [757,126,758,1,759,126,927,0,928,1,1593,1]
09-16 01:02:10.177 I/sysui_multi_action( 1910): [757,113,758,1,759,113,927,1,928,1,1593,1]
09-16 01:02:10.177 I/sysui_multi_action( 1910): [757,0,758,1,759,0,927,2,928,0,1593,1]
09-16 01:02:10.177 I/sysui_multi_action( 1910): [757,0,758,1,759,0,927,3,928,0,1593,1]
09-16 01:02:10.190 I/sysui_multi_action( 1910): [757,111,758,2]
09-16 01:02:10.190 I/sysui_multi_action( 1910): [757,111,758,2]
09-16 01:02:10.194 I/sysui_multi_action( 1910): [757,111,758,1]
09-16 01:02:10.194 I/sysui_multi_action( 1910): [757,126,758,1,759,126,927,0,928,1,1593,0]
09-16 01:02:10.194 I/sysui_multi_action( 1910): [757,113,758,1,759,113,927,1,928,1,1593,0]
09-16 01:02:10.195 I/sysui_multi_action( 1910): [757,0,758,1,759,0,927,2,928,0,1593,1]
09-16 01:02:10.195 I/am_wtf ( 1128): [0,1128,system_server,-1,DisplayDeviceConfig,requesting nits when no mapping exists.]
09-16 01:02:10.195 I/sysui_multi_action( 1910): [757,0,758,1,759,0,927,3,928,0,1593,1]
09-16 01:02:10.195 I/sysui_multi_action( 1910): [757,1706,758,1,759,1706,927,4,928,0,1593,1]
09-16 01:02:10.195 I/sysui_multi_action( 1910): [757,491,758,1,759,491,927,5,928,0,1311,-1,1593,0]
09-16 01:02:10.195 I/sysui_multi_action( 1910): [757,0,758,1,759,0,927,6,1593,0]
09-16 01:02:10.195 I/sysui_multi_action( 1910): [757,114,758,1,759,114,927,7,928,0,1593,0]
09-16 01:02:10.195 I/sysui_multi_action( 1910): [757,268,758,1,759,268,806,com.ss.android.ugc.aweme,871,com.ss.android.ugc.aweme.tile.PublishTileService,927,8,1593,0]
09-16 01:02:10.196 I/sysui_multi_action( 1910): [757,111,758,1]
09-16 01:02:10.196 I/sysui_multi_action( 1910): [757,126,758,1,759,126,927,0,928,1,1593,1]
09-16 01:02:10.196 I/sysui_multi_action( 1910): [757,113,758,1,759,113,927,1,928,1,1593,1]
09-16 01:02:10.196 I/am_wtf ( 1128): [0,1128,system_server,-1,DisplayDeviceConfig,requesting nits when no mapping exists.]
09-16 01:02:10.196 I/sysui_multi_action( 1910): [757,0,758,1,759,0,927,2,928,0,1593,1]
09-16 01:02:10.196 I/sysui_multi_action( 1910): [757,0,758,1,759,0,927,3,928,0,1593,1]
09-16 01:02:10.210 I/sysui_multi_action( 1910): [757,111,758,2]
09-16 01:02:10.210 I/sysui_multi_action( 1910): [757,111,758,2]
09-16 01:02:10.211 I/am_wtf ( 1128): [0,1128,system_server,-1,DisplayDeviceConfig,requesting nits when no mapping exists.]
09-16 01:02:10.212 I/am_wtf ( 1128): [0,1128,system_server,-1,DisplayDeviceConfig,requesting nits when no mapping exists.]
09-16 01:02:10.214 I/sysui_multi_action( 1910): [757,111,758,1]
09-16 01:02:10.215 I/sysui_multi_action( 1910): [757,126,758,1,759,126,927,0,928,1,1593,1]
09-16 01:02:10.215 I/sysui_multi_action( 1910): [757,113,758,1,759,113,927,1,928,1,1593,1]
09-16 01:02:10.215 I/sysui_multi_action( 1910): [757,0,758,1,759,0,927,2,928,0,1593,1]
09-16 01:02:10.215 I/sysui_multi_action( 1910): [757,0,758,1,759,0,927,3,928,0,1593,1]
09-16 01:02:10.215 I/sysui_multi_action( 1910): [757,1706,758,1,759,1706,927,4,928,0,1593,1]
09-16 01:02:10.215 I/sysui_multi_action( 1910): [757,491,758,1,759,491,927,5,928,0,1311,-1,1593,0]
09-16 01:02:10.215 I/sysui_multi_action( 1910): [757,0,758,1,759,0,927,6,1593,0]
09-16 01:02:10.216 I/sysui_multi_action( 1910): [757,114,758,1,759,114,927,7,928,0,1593,0]
09-16 01:02:10.216 I/sysui_multi_action( 1910): [757,268,758,1,759,268,806,com.ss.android.ugc.aweme,871,com.ss.android.ugc.aweme.tile.PublishTileService,927,8,1593,0]
09-16 01:02:10.216 I/sysui_multi_action( 1910): [757,111,758,1]
09-16 01:02:10.216 I/sysui_multi_action( 1910): [757,126,758,1,759,126,927,0,928,1,1593,1]
09-16 01:02:10.216 I/sysui_multi_action( 1910): [757,113,758,1,759,113,927,1,928,1,1593,1]
09-16 01:02:10.216 I/sysui_multi_action( 1910): [757,0,758,1,759,0,927,2,928,0,1593,1]
09-16 01:02:10.216 I/sysui_multi_action( 1910): [757,0,758,1,759,0,927,3,928,0,1593,1]
09-16 01:02:10.239 I/sysui_multi_action( 1910): [757,111,758,2]
09-16 01:02:10.240 I/sysui_multi_action( 1910): [757,111,758,2]
09-16 01:02:10.244 I/am_wtf ( 1128): [0,1128,system_server,-1,DisplayDeviceConfig,requesting nits when no mapping exists.]
09-16 01:02:10.244 I/sysui_multi_action( 1910): [757,111,758,1]
09-16 01:02:10.244 I/sysui_multi_action( 1910): [757,126,758,1,759,126,927,0,928,1,1593,1]
09-16 01:02:10.244 I/sysui_multi_action( 1910): [757,113,758,1,759,113,927,1,928,1,1593,1]
09-16 01:02:10.244 I/sysui_multi_action( 1910): [757,0,758,1,759,0,927,2,928,0,1593,1]
09-16 01:02:10.244 I/sysui_multi_action( 1910): [757,0,758,1,759,0,927,3,928,0,1593,1]
09-16 01:02:10.244 I/sysui_multi_action( 1910): [757,1706,758,1,759,1706,927,4,928,0,1593,1]
09-16 01:02:10.245 I/sysui_multi_action( 1910): [757,491,758,1,759,491,927,5,928,0,1311,-1,1593,0]
09-16 01:02:10.245 I/sysui_multi_action( 1910): [757,0,758,1,759,0,927,6,1593,0]
09-16 01:02:10.245 I/sysui_multi_action( 1910): [757,114,758,1,759,114,927,7,928,0,1593,0]
09-16 01:02:10.245 I/sysui_multi_action( 1910): [757,268,758,1,759,268,806,com.ss.android.ugc.aweme,871,com.ss.android.ugc.aweme.tile.PublishTileService,927,8,1593,0]
09-16 01:02:10.245 I/sysui_multi_action( 1910): [757,111,758,1]
09-16 01:02:10.245 I/am_wtf ( 1128): [0,1128,system_server,-1,DisplayDeviceConfig,requesting nits when no mapping exists.]
09-16 01:02:10.245 I/sysui_multi_action( 1910): [757,126,758,1,759,126,927,0,928,1,1593,1]
09-16 01:02:10.245 I/sysui_multi_action( 1910): [757,113,758,1,759,113,927,1,928,1,1593,1]
09-16 01:02:10.246 I/sysui_multi_action( 1910): [757,0,758,1,759,0,927,2,928,0,1593,1]
09-16 01:02:10.246 I/sysui_multi_action( 1910): [757,0,758,1,759,0,927,3,928,0,1593,1]
09-16 01:02:10.258 I/sysui_multi_action( 1910): [757,111,758,2]
09-16 01:02:10.259 I/sysui_multi_action( 1910): [757,111,758,2]
09-16 01:02:10.263 I/sysui_multi_action( 1910): [757,111,758,1]
09-16 01:02:10.263 I/sysui_multi_action( 1910): [757,126,758,1,759,126,927,0,928,1,1593,1]
09-16 01:02:10.263 I/sysui_multi_action( 1910): [757,113,758,1,759,113,927,1,928,1,1593,1]
09-16 01:02:10.263 I/sysui_multi_action( 1910): [757,0,758,1,759,0,927,2,928,0,1593,1]
09-16 01:02:10.263 I/sysui_multi_action( 1910): [757,0,758,1,759,0,927,3,928,0,1593,1]
09-16 01:02:10.263 I/sysui_multi_action( 1910): [757,1706,758,1,759,1706,927,4,928,0,1593,1]
09-16 01:02:10.264 I/sysui_multi_action( 1910): [757,491,758,1,759,491,927,5,928,0,1311,-1,1593,0]
09-16 01:02:10.264 I/sysui_multi_action( 1910): [757,0,758,1,759,0,927,6,1593,0]
09-16 01:02:10.264 I/sysui_multi_action( 1910): [757,114,758,1,759,114,927,7,928,0,1593,0]
09-16 01:02:10.264 I/sysui_multi_action( 1910): [757,268,758,1,759,268,806,com.ss.android.ugc.aweme,871,com.ss.android.ugc.aweme.tile.PublishTileService,927,8,1593,0]
09-16 01:02:10.264 I/sysui_multi_action( 1910): [757,111,758,1]
09-16 01:02:10.264 I/sysui_multi_action( 1910): [757,126,758,1,759,126,927,0,928,1,1593,1]
09-16 01:02:10.264 I/sysui_multi_action( 1910): [757,113,758,1,759,113,927,1,928,1,1593,1]
09-16 01:02:10.264 I/sysui_multi_action( 1910): [757,0,758,1,759,0,927,2,928,0,1593,1]
09-16 01:02:10.265 I/sysui_multi_action( 1910): [757,0,758,1,759,0,927,3,928,0,1593,1]
09-16 01:02:10.265 I/wm_stop_activity( 1128): [0,235585230,com.android.launcher3/.uioverrides.QuickstepLauncher]
09-16 01:02:10.287 I/sysui_multi_action( 1910): [757,111,758,2]
09-16 01:02:10.287 I/sysui_multi_action( 1910): [757,111,758,2]
09-16 01:02:10.291 I/sysui_multi_action( 1910): [757,111,758,1]
09-16 01:02:10.291 I/sysui_multi_action( 1910): [757,126,758,1,759,126,927,0,928,1,1593,1]
09-16 01:02:10.291 I/sysui_multi_action( 1910): [757,113,758,1,759,113,927,1,928,1,1593,1]
09-16 01:02:10.291 I/sysui_multi_action( 1910): [757,0,758,1,759,0,927,2,928,0,1593,1]
09-16 01:02:10.291 I/sysui_multi_action( 1910): [757,0,758,1,759,0,927,3,928,0,1593,1]
09-16 01:02:10.291 I/sysui_multi_action( 1910): [757,1706,758,1,759,1706,927,4,928,0,1593,1]
09-16 01:02:10.292 I/sysui_multi_action( 1910): [757,491,758,1,759,491,927,5,928,0,1311,-1,1593,0]
09-16 01:02:10.292 I/sysui_multi_action( 1910): [757,0,758,1,759,0,927,6,1593,0]
09-16 01:02:10.292 I/sysui_multi_action( 1910): [757,114,758,1,759,114,927,7,928,0,1593,0]
09-16 01:02:10.292 I/sysui_multi_action( 1910): [757,268,758,1,759,268,806,com.ss.android.ugc.aweme,871,com.ss.android.ugc.aweme.tile.PublishTileService,927,8,1593,0]
09-16 01:02:10.292 I/sysui_multi_action( 1910): [757,111,758,1]
09-16 01:02:10.292 I/sysui_multi_action( 1910): [757,126,758,1,759,126,927,0,928,1,1593,1]
09-16 01:02:10.293 I/sysui_multi_action( 1910): [757,113,758,1,759,113,927,1,928,1,1593,1]
09-16 01:02:10.293 I/sysui_multi_action( 1910): [757,0,758,1,759,0,927,2,928,0,1593,1]
09-16 01:02:10.293 I/sysui_multi_action( 1910): [757,0,758,1,759,0,927,3,928,0,1593,1]
09-16 01:02:10.294 I/am_wtf ( 1128): [0,1128,system_server,-1,DisplayDeviceConfig,requesting nits when no mapping exists.]
09-16 01:02:10.296 I/am_wtf ( 1128): [0,1128,system_server,-1,DisplayDeviceConfig,requesting nits when no mapping exists.]
09-16 01:02:10.298 I/wm_on_stop_called( 2439): [235585230,com.android.launcher3.uioverrides.QuickstepLauncher,STOP_ACTIVITY_ITEM]
09-16 01:02:10.309 I/sysui_multi_action( 1910): [757,111,758,2]
09-16 01:02:10.310 I/sysui_multi_action( 1910): [757,111,758,2]
09-16 01:02:10.314 I/sysui_multi_action( 1910): [757,111,758,1]
09-16 01:02:10.314 I/sysui_multi_action( 1910): [757,126,758,1,759,126,927,0,928,1,1593,1]
09-16 01:02:10.314 I/sysui_multi_action( 1910): [757,113,758,1,759,113,927,1,928,1,1593,1]
09-16 01:02:10.314 I/sysui_multi_action( 1910): [757,0,758,1,759,0,927,2,928,0,1593,1]
09-16 01:02:10.314 I/sysui_multi_action( 1910): [757,0,758,1,759,0,927,3,928,0,1593,1]
09-16 01:02:10.314 I/sysui_multi_action( 1910): [757,1706,758,1,759,1706,927,4,928,0,1593,1]
09-16 01:02:10.315 I/sysui_multi_action( 1910): [757,491,758,1,759,491,927,5,928,0,1311,-1,1593,0]
09-16 01:02:10.315 I/sysui_multi_action( 1910): [757,0,758,1,759,0,927,6,1593,0]
09-16 01:02:10.315 I/sysui_multi_action( 1910): [757,114,758,1,759,114,927,7,928,0,1593,0]
09-16 01:02:10.315 I/sysui_multi_action( 1910): [757,268,758,1,759,268,806,com.ss.android.ugc.aweme,871,com.ss.android.ugc.aweme.tile.PublishTileService,927,8,1593,0]
09-16 01:02:10.315 I/sysui_multi_action( 1910): [757,111,758,1]
09-16 01:02:10.315 I/sysui_multi_action( 1910): [757,126,758,1,759,126,927,0,928,1,1593,1]
09-16 01:02:10.316 I/sysui_multi_action( 1910): [757,113,758,1,759,113,927,1,928,1,1593,1]
09-16 01:02:10.316 I/sysui_multi_action( 1910): [757,0,758,1,759,0,927,2,928,0,1593,1]
09-16 01:02:10.316 I/sysui_multi_action( 1910): [757,0,758,1,759,0,927,3,928,0,1593,1]
09-16 01:02:10.334 I/sysui_multi_action( 1910): [757,111,758,2]
09-16 01:02:10.335 I/am_wtf ( 1128): [0,1128,system_server,-1,DisplayDeviceConfig,requesting nits when no mapping exists.]
09-16 01:02:10.335 I/sysui_multi_action( 1910): [757,111,758,2]
09-16 01:02:10.336 I/am_wtf ( 1128): [0,1128,system_server,-1,DisplayDeviceConfig,requesting nits when no mapping exists.]
09-16 01:02:10.341 I/sysui_multi_action( 1910): [757,111,758,1]
09-16 01:02:10.341 I/sysui_multi_action( 1910): [757,126,758,1,759,126,927,0,928,1,1593,1]
09-16 01:02:10.342 I/sysui_multi_action( 1910): [757,113,758,1,759,113,927,1,928,1,1593,1]
09-16 01:02:10.342 I/sysui_multi_action( 1910): [757,0,758,1,759,0,927,2,928,0,1593,1]
09-16 01:02:10.342 I/sysui_multi_action( 1910): [757,0,758,1,759,0,927,3,928,0,1593,1]
09-16 01:02:10.342 I/sysui_multi_action( 1910): [757,1706,758,1,759,1706,927,4,928,0,1593,1]
09-16 01:02:10.345 I/sysui_multi_action( 1910): [757,491,758,1,759,491,927,5,928,0,1311,-1,1593,0]
09-16 01:02:10.345 I/sysui_multi_action( 1910): [757,0,758,1,759,0,927,6,1593,0]
09-16 01:02:10.345 I/sysui_multi_action( 1910): [757,114,758,1,759,114,927,7,928,0,1593,0]
09-16 01:02:10.345 I/sysui_multi_action( 1910): [757,268,758,1,759,268,806,com.ss.android.ugc.aweme,871,com.ss.android.ugc.aweme.tile.PublishTileService,927,8,1593,0]
09-16 01:02:10.345 I/sysui_multi_action( 1910): [757,111,758,1]
09-16 01:02:10.345 I/sysui_multi_action( 1910): [757,126,758,1,759,126,927,0,928,1,1593,1]
09-16 01:02:10.346 I/sysui_multi_action( 1910): [757,113,758,1,759,113,927,1,928,1,1593,1]
09-16 01:02:10.346 I/sysui_multi_action( 1910): [757,0,758,1,759,0,927,2,928,0,1593,1]
09-16 01:02:10.346 I/sysui_multi_action( 1910): [757,0,758,1,759,0,927,3,928,0,1593,1]
09-16 01:02:10.360 I/sysui_multi_action( 1910): [757,111,758,2]
09-16 01:02:10.360 I/sysui_multi_action( 1910): [757,111,758,2]
09-16 01:02:10.361 I/am_wtf ( 1128): [0,1128,system_server,-1,DisplayDeviceConfig,requesting nits when no mapping exists.]
09-16 01:02:10.363 I/am_wtf ( 1128): [0,1128,system_server,-1,DisplayDeviceConfig,requesting nits when no mapping exists.]
09-16 01:02:10.377 I/sysui_multi_action( 1910): [757,111,758,1]
09-16 01:02:10.378 I/sysui_multi_action( 1910): [757,126,758,1,759,126,927,0,928,1,1593,1]
09-16 01:02:10.378 I/sysui_multi_action( 1910): [757,113,758,1,759,113,927,1,928,1,1593,1]
09-16 01:02:10.378 I/sysui_multi_action( 1910): [757,0,758,1,759,0,927,2,928,0,1593,1]
09-16 01:02:10.378 I/sysui_multi_action( 1910): [757,0,758,1,759,0,927,3,928,0,1593,1]
09-16 01:02:10.378 I/sysui_multi_action( 1910): [757,1706,758,1,759,1706,927,4,928,0,1593,1]
09-16 01:02:10.378 I/sysui_multi_action( 1910): [757,491,758,1,759,491,927,5,928,0,1311,-1,1593,0]
09-16 01:02:10.378 I/sysui_multi_action( 1910): [757,0,758,1,759,0,927,6,1593,0]
09-16 01:02:10.378 I/sysui_multi_action( 1910): [757,114,758,1,759,114,927,7,928,0,1593,0]
09-16 01:02:10.379 I/sysui_multi_action( 1910): [757,268,758,1,759,268,806,com.ss.android.ugc.aweme,871,com.ss.android.ugc.aweme.tile.PublishTileService,927,8,1593,0]
09-16 01:02:10.379 I/am_wtf ( 1128): [0,1128,system_server,-1,DisplayDeviceConfig,requesting nits when no mapping exists.]
09-16 01:02:10.379 I/sysui_multi_action( 1910): [757,111,758,1]
09-16 01:02:10.379 I/sysui_multi_action( 1910): [757,126,758,1,759,126,927,0,928,1,1593,1]
09-16 01:02:10.379 I/sysui_multi_action( 1910): [757,113,758,1,759,113,927,1,928,1,1593,1]
09-16 01:02:10.379 I/sysui_multi_action( 1910): [757,0,758,1,759,0,927,2,928,0,1593,1]
09-16 01:02:10.379 I/sysui_multi_action( 1910): [757,0,758,1,759,0,927,3,928,0,1593,1]
09-16 01:02:10.381 I/am_wtf ( 1128): [0,1128,system_server,-1,DisplayDeviceConfig,requesting nits when no mapping exists.]
09-16 01:02:10.390 I/sysui_multi_action( 1910): [757,111,758,2]
09-16 01:02:10.390 I/sysui_multi_action( 1910): [757,111,758,2]
09-16 01:02:10.392 I/sysui_multi_action( 1128): [757,128,758,2,793,699120,794,87568,795,699120,796,26,798,0,806,android,857,DEVELOPER_IMPORTANT,858,4,947,0,1395,4,1500,698360,1688,1]
09-16 01:02:10.392 I/notification_visibility( 1128): [-1|android|26|null|1000,0,699120,699120,0,0]
09-16 01:02:10.393 I/sysui_multi_action( 1128): [757,128,758,2,793,502760,794,87567,795,502760,796,4273,798,1,806,com.android.systemui,857,screen_record,858,3,947,0,1395,4,1500,502557,1688,1,1745,680407814]
09-16 01:02:10.393 I/notification_visibility( 1128): [0|com.android.systemui|4273|null|10087,0,502760,502760,0,1]
09-16 01:02:10.395 I/am_wtf ( 1128): [0,1128,system_server,-1,DisplayDeviceConfig,requesting nits when no mapping exists.]
09-16 01:02:10.397 I/am_wtf ( 1128): [0,1128,system_server,-1,DisplayDeviceConfig,requesting nits when no mapping exists.]
09-16 01:02:10.400 I/sysui_multi_action( 1128): [757,128,758,2,793,698991,794,87566,795,698991,796,55,798,2,806,android,857,DEVELOPER,858,2,947,0,1395,4,1500,698358,1688,1]
09-16 01:02:10.400 I/notification_visibility( 1128): [-1|android|55|null|1000,0,698991,698991,0,2]
09-16 01:02:10.400 I/sysui_multi_action( 1128): [757,128,758,2,793,702430,794,87572,795,702430,796,32,798,3,806,android,857,USB,858,1,947,0,1395,4,1500,702243,1688,1]
09-16 01:02:10.401 I/notification_visibility( 1128): [-1|android|32|null|1000,0,702430,702430,0,3]
09-16 01:02:10.401 I/sysui_multi_action( 1128): [757,127,758,2]
09-16 01:02:10.401 I/notification_panel_hidden( 1128):
09-16 01:02:10.409 I/sysui_multi_action( 1910): [757,111,758,1]
09-16 01:02:10.409 I/sysui_multi_action( 1910): [757,126,758,1,759,126,927,0,928,1,1593,1]
09-16 01:02:10.409 I/sysui_multi_action( 1910): [757,113,758,1,759,113,927,1,928,1,1593,1]
09-16 01:02:10.409 I/sysui_multi_action( 1910): [757,0,758,1,759,0,927,2,928,0,1593,1]
09-16 01:02:10.409 I/sysui_multi_action( 1910): [757,0,758,1,759,0,927,3,928,0,1593,1]
09-16 01:02:10.409 I/sysui_multi_action( 1910): [757,1706,758,1,759,1706,927,4,928,0,1593,1]
09-16 01:02:10.410 I/sysui_multi_action( 1910): [757,491,758,1,759,491,927,5,928,0,1311,-1,1593,0]
09-16 01:02:10.410 I/sysui_multi_action( 1910): [757,0,758,1,759,0,927,6,1593,0]
09-16 01:02:10.410 I/sysui_multi_action( 1910): [757,114,758,1,759,114,927,7,928,0,1593,0]
09-16 01:02:10.410 I/sysui_multi_action( 1910): [757,268,758,1,759,268,806,com.ss.android.ugc.aweme,871,com.ss.android.ugc.aweme.tile.PublishTileService,927,8,1593,0]
09-16 01:02:10.410 I/sysui_multi_action( 1910): [757,111,758,1]
09-16 01:02:10.410 I/sysui_multi_action( 1910): [757,126,758,1,759,126,927,0,928,1,1593,1]
09-16 01:02:10.410 I/sysui_multi_action( 1910): [757,113,758,1,759,113,927,1,928,1,1593,1]
09-16 01:02:10.410 I/sysui_multi_action( 1910): [757,0,758,1,759,0,927,2,928,0,1593,1]
09-16 01:02:10.410 I/sysui_multi_action( 1910): [757,0,758,1,759,0,927,3,928,0,1593,1]
09-16 01:02:10.430 I/am_wtf ( 1128): [0,1128,system_server,-1,DisplayDeviceConfig,requesting nits when no mapping exists.]
09-16 01:02:10.431 I/am_wtf ( 1128): [0,1128,system_server,-1,DisplayDeviceConfig,requesting nits when no mapping exists.]
09-16 01:02:10.444 I/am_wtf ( 1128): [0,1128,system_server,-1,DisplayDeviceConfig,requesting nits when no mapping exists.]
09-16 01:02:10.446 I/am_wtf ( 1128): [0,1128,system_server,-1,DisplayDeviceConfig,requesting nits when no mapping exists.]
09-16 01:02:10.462 I/am_wtf ( 1128): [0,1128,system_server,-1,DisplayDeviceConfig,requesting nits when no mapping exists.]
09-16 01:02:10.464 I/am_wtf ( 1128): [0,1128,system_server,-1,DisplayDeviceConfig,requesting nits when no mapping exists.]
09-16 01:02:10.475 I/service_manager_slow( 1128): [10,dropbox]
09-16 01:02:10.497 I/am_wtf ( 1128): [0,1128,system_server,-1,DisplayDeviceConfig,requesting nits when no mapping exists.]
09-16 01:02:10.501 I/am_wtf ( 1128): [0,1128,system_server,-1,DisplayDeviceConfig,requesting nits when no mapping exists.]
09-16 01:02:10.528 I/am_wtf ( 1128): [0,1128,system_server,-1,DisplayDeviceConfig,requesting nits when no mapping exists.]
09-16 01:02:10.537 I/am_wtf ( 1128): [0,1128,system_server,-1,DisplayDeviceConfig,requesting nits when no mapping exists.]
09-16 01:02:10.561 I/am_wtf ( 1128): [0,1128,system_server,-1,DisplayDeviceConfig,requesting nits when no mapping exists.]
09-16 01:02:10.566 I/am_wtf ( 1128): [0,1128,system_server,-1,DisplayDeviceConfig,requesting nits when no mapping exists.]
09-16 01:02:10.579 I/am_wtf ( 1128): [0,1128,system_server,-1,DisplayDeviceConfig,requesting nits when no mapping exists.]
09-16 01:02:10.581 I/am_wtf ( 1128): [0,1128,system_server,-1,DisplayDeviceConfig,requesting nits when no mapping exists.]
09-16 01:02:10.611 I/am_wtf ( 1128): [0,1128,system_server,-1,DisplayDeviceConfig,requesting nits when no mapping exists.]
09-16 01:02:10.614 I/am_wtf ( 1128): [0,1128,system_server,-1,DisplayDeviceConfig,requesting nits when no mapping exists.]
09-16 01:02:10.628 I/am_wtf ( 1128): [0,1128,system_server,-1,DisplayDeviceConfig,requesting nits when no mapping exists.]
09-16 01:02:10.629 I/am_wtf ( 1128): [0,1128,system_server,-1,DisplayDeviceConfig,requesting nits when no mapping exists.]
09-16 01:02:10.646 I/am_wtf ( 1128): [0,1128,system_server,-1,DisplayDeviceConfig,requesting nits when no mapping exists.]
09-16 01:02:10.647 I/am_wtf ( 1128): [0,1128,system_server,-1,DisplayDeviceConfig,requesting nits when no mapping exists.]
09-16 01:02:10.663 I/am_wtf ( 1128): [0,1128,system_server,-1,DisplayDeviceConfig,requesting nits when no mapping exists.]
09-16 01:02:10.669 I/am_wtf ( 1128): [0,1128,system_server,-1,DisplayDeviceConfig,requesting nits when no mapping exists.]
09-16 01:02:10.695 I/am_wtf ( 1128): [0,1128,system_server,-1,DisplayDeviceConfig,requesting nits when no mapping exists.]
09-16 01:02:10.697 I/am_wtf ( 1128): [0,1128,system_server,-1,DisplayDeviceConfig,requesting nits when no mapping exists.]
09-16 01:02:10.713 I/am_wtf ( 1128): [0,1128,system_server,-1,DisplayDeviceConfig,requesting nits when no mapping exists.]
09-16 01:02:10.715 I/am_wtf ( 1128): [0,1128,system_server,-1,DisplayDeviceConfig,requesting nits when no mapping exists.]
09-16 01:02:10.731 I/am_wtf ( 1128): [0,1128,system_server,-1,DisplayDeviceConfig,requesting nits when no mapping exists.]
09-16 01:02:10.739 I/am_wtf ( 1128): [0,1128,system_server,-1,DisplayDeviceConfig,requesting nits when no mapping exists.]
09-16 01:02:14.725 I/service_manager_stats( 4752): [200,295,759508]
09-16 01:02:21.451 I/input_interaction( 1128): Interaction with: d0f20b com.android.deskclock/android.service.dreams.DreamActivity (server), edge-swipe (server), swipe-up (server), PointerEventDispatcher0 (server),
09-16 01:02:21.460 I/wm_finish_activity( 1128): [0,217752467,149,com.android.deskclock/android.service.dreams.DreamActivity,finish-activity]
09-16 01:02:21.461 I/wm_task_moved( 1128): [1,1,5]
09-16 01:02:21.462 I/wm_task_moved( 1128): [145,1,2147483647]
09-16 01:02:21.462 I/wm_task_to_front( 1128): [0,145]
09-16 01:02:21.463 I/wm_focused_root_task( 1128): [0,0,1,149,finish-top adjustFocusToNextFocusableTask]
09-16 01:02:21.464 I/wm_set_resumed_activity( 1128): [0,com.android.launcher3/.uioverrides.QuickstepLauncher,finish-top adjustFocusToNextFocusableTask]
09-16 01:02:21.468 I/wm_pause_activity( 1128): [0,217752467,com.android.deskclock/android.service.dreams.DreamActivity,userLeaving=false,finish]
09-16 01:02:21.479 I/wm_on_top_resumed_lost_called( 2689): [217752467,android.service.dreams.DreamActivity,topStateChangedWhenResumed]
09-16 01:02:21.480 I/wm_on_paused_called( 2689): [217752467,android.service.dreams.DreamActivity,performPause]
09-16 01:02:21.483 I/wm_add_to_stopping( 1128): [0,217752467,com.android.deskclock/android.service.dreams.DreamActivity,completeFinishing]
09-16 01:02:21.494 I/wm_set_resumed_activity( 1128): [0,com.android.launcher3/.uioverrides.QuickstepLauncher,resumeTopActivityInnerLocked]
09-16 01:02:21.496 I/wm_resume_activity( 1128): [0,235585230,145,com.android.launcher3/.uioverrides.QuickstepLauncher]
09-16 01:02:21.504 I/input_focus( 1128): [Focus leaving d0f20b com.android.deskclock/android.service.dreams.DreamActivity (server),reason=NO_WINDOW]
09-16 01:02:21.506 I/sysui_multi_action( 1128): [757,803,799,window_time_0,802,12]
09-16 01:02:21.506 I/view_enqueue_input_event( 2689): [Motion - Cancel,com.android.deskclock/android.service.dreams.DreamActivity]
09-16 01:02:21.511 I/wm_on_restart_called( 2439): [235585230,com.android.launcher3.uioverrides.QuickstepLauncher,performRestartActivity]
09-16 01:02:21.512 I/wm_on_start_called( 2439): [235585230,com.android.launcher3.uioverrides.QuickstepLauncher,handleStartActivity]
09-16 01:02:21.515 I/wm_on_resume_called( 2439): [235585230,com.android.launcher3.uioverrides.QuickstepLauncher,RESUME_ACTIVITY]
09-16 01:02:21.515 I/wm_on_top_resumed_gained_called( 2439): [235585230,com.android.launcher3.uioverrides.QuickstepLauncher,topWhenResuming]
09-16 01:02:21.518 I/sysui_multi_action( 1128): [757,803,799,window_time_0,802,0]
09-16 01:02:21.523 I/am_uid_running( 1128): 10068
09-16 01:02:21.533 I/input_focus( 1128): [Focus request 7ccd273 com.android.launcher3/com.android.launcher3.uioverrides.QuickstepLauncher,reason=UpdateInputWindows]
09-16 01:02:21.569 I/am_proc_start( 1128): [0,5656,1000,com.android.settings,NULL,]
09-16 01:02:21.574 I/input_focus( 1128): [Focus entering 7ccd273 com.android.launcher3/com.android.launcher3.uioverrides.QuickstepLauncher (server),reason=Window became focusable. Previous reason: NOT_VISIBLE]
09-16 01:02:21.597 I/am_proc_start( 1128): [0,5665,10068,com.android.music,NULL,]
09-16 01:02:21.623 I/am_proc_bound( 1128): [0,5656,com.android.settings]
09-16 01:02:21.644 I/am_proc_bound( 1128): [0,5665,com.android.music]
09-16 01:02:21.812 I/wm_destroy_activity( 1128): [0,217752467,149,com.android.deskclock/android.service.dreams.DreamActivity,finish-imm:idle]
09-16 01:02:21.835 I/wm_on_stop_called( 2689): [217752467,android.service.dreams.DreamActivity,LIFECYCLER_STOP_ACTIVITY]
09-16 01:02:21.837 I/wm_on_destroy_called( 2689): [217752467,android.service.dreams.DreamActivity,performDestroy]
09-16 01:02:21.844 I/sysui_multi_action( 1128): [757,222,758,2]
09-16 01:02:21.844 I/sysui_multi_action( 1128): [757,804,799,dreaming_minutes,801,0,802,1]
09-16 01:02:21.873 I/wm_task_removed( 1128): [149,removeChild:removeChild last r=ActivityRecord{cfaa393 u0 com.android.deskclock/android.service.dreams.DreamActivity t-1 f}} in t=Task{8ddd18a #149 type=dream A=10074:android:com.android.deskclock/dream U=0 visible=false mode=fullscreen translucent=true sz=0}]
09-16 01:02:21.873 I/wm_task_removed( 1128): [149,removeChild]
09-16 01:02:22.705 I/input_interaction( 1128): Interaction with: 78ba0c1 StatusBar (server), edge-swipe (server), swipe-up (server), PointerEventDispatcher0 (server),
09-16 01:02:22.724 I/sysui_multi_action( 1910): [757,803,799,panel_open,802,1]
09-16 01:02:22.728 I/sysui_multi_action( 1910): [757,1328,758,4,1326,52,1327,0,1329,0]
09-16 01:02:22.866 I/sysui_multi_action( 1128): [757,127,758,1]
09-16 01:02:22.866 I/sysui_multi_action( 1128): [757,804,799,note_load,801,4,802,1]
09-16 01:02:22.866 I/notification_panel_revealed( 1128): 4
09-16 01:02:22.869 I/sysui_multi_action( 1910): [757,111,758,2]
09-16 01:02:22.870 I/sysui_multi_action( 1910): [757,111,758,2]
09-16 01:02:22.904 I/input_focus( 1128): [Focus request 59e8c99 NotificationShade,reason=UpdateInputWindows]
09-16 01:02:22.912 I/sysui_multi_action( 1910): [757,111,758,1]
09-16 01:02:22.912 I/sysui_multi_action( 1910): [757,126,758,1,759,126,927,0,928,1,1593,0]
09-16 01:02:22.912 I/sysui_multi_action( 1910): [757,113,758,1,759,113,927,1,928,1,1593,0]
09-16 01:02:22.913 I/sysui_multi_action( 1910): [757,0,758,1,759,0,927,2,928,0,1593,0]
09-16 01:02:22.913 I/sysui_multi_action( 1910): [757,0,758,1,759,0,927,3,928,0,1593,0]
09-16 01:02:22.913 I/sysui_multi_action( 1910): [757,1706,758,1,759,1706,927,4,928,0,1593,0]
09-16 01:02:22.914 I/sysui_multi_action( 1910): [757,491,758,1,759,491,927,5,928,0,1311,-1,1593,0]
09-16 01:02:22.914 I/sysui_multi_action( 1910): [757,0,758,1,759,0,927,6,1593,0]
09-16 01:02:22.914 I/sysui_multi_action( 1910): [757,114,758,1,759,114,927,7,928,0,1593,0]
09-16 01:02:22.914 I/sysui_multi_action( 1910): [757,268,758,1,759,268,806,com.ss.android.ugc.aweme,871,com.ss.android.ugc.aweme.tile.PublishTileService,927,8,1593,0]
09-16 01:02:22.914 I/sysui_multi_action( 1910): [757,111,758,1]
09-16 01:02:22.915 I/sysui_multi_action( 1910): [757,126,758,1,759,126,927,0,928,1,1593,0]
09-16 01:02:22.915 I/sysui_multi_action( 1910): [757,113,758,1,759,113,927,1,928,1,1593,0]
09-16 01:02:22.915 I/sysui_multi_action( 1910): [757,0,758,1,759,0,927,2,928,0,1593,0]
09-16 01:02:22.915 I/sysui_multi_action( 1910): [757,0,758,1,759,0,927,3,928,0,1593,0]
09-16 01:02:22.929 I/sysui_multi_action( 1910): [757,111,758,2]
09-16 01:02:22.930 I/sysui_multi_action( 1910): [757,111,758,2]
09-16 01:02:22.936 I/sysui_multi_action( 1910): [757,111,758,1]
09-16 01:02:22.936 I/sysui_multi_action( 1910): [757,126,758,1,759,126,927,0,928,1,1593,0]
09-16 01:02:22.936 I/input_focus( 1128): [Focus leaving 7ccd273 com.android.launcher3/com.android.launcher3.uioverrides.QuickstepLauncher (server),reason=Waiting for window because NOT_VISIBLE]
09-16 01:02:22.936 I/sysui_multi_action( 1910): [757,113,758,1,759,113,927,1,928,1,1593,0]
09-16 01:02:22.936 I/sysui_multi_action( 1910): [757,0,758,1,759,0,927,2,928,0,1593,0]
09-16 01:02:22.936 I/sysui_multi_action( 1910): [757,0,758,1,759,0,927,3,928,0,1593,0]
09-16 01:02:22.937 I/sysui_multi_action( 1910): [757,1706,758,1,759,1706,927,4,928,0,1593,0]
09-16 01:02:22.937 I/sysui_multi_action( 1910): [757,491,758,1,759,491,927,5,928,0,1311,-1,1593,0]
09-16 01:02:22.937 I/sysui_multi_action( 1910): [757,0,758,1,759,0,927,6,1593,0]
09-16 01:02:22.937 I/sysui_multi_action( 1910): [757,114,758,1,759,114,927,7,928,0,1593,0]
09-16 01:02:22.937 I/sysui_multi_action( 1910): [757,268,758,1,759,268,806,com.ss.android.ugc.aweme,871,com.ss.android.ugc.aweme.tile.PublishTileService,927,8,1593,0]
09-16 01:02:22.938 I/sysui_multi_action( 1910): [757,111,758,1]
09-16 01:02:22.938 I/sysui_multi_action( 1910): [757,126,758,1,759,126,927,0,928,1,1593,0]
09-16 01:02:22.938 I/sysui_multi_action( 1910): [757,113,758,1,759,113,927,1,928,1,1593,0]
09-16 01:02:22.938 I/sysui_multi_action( 1910): [757,0,758,1,759,0,927,2,928,0,1593,0]
09-16 01:02:22.938 I/sysui_multi_action( 1910): [757,0,758,1,759,0,927,3,928,0,1593,0]
09-16 01:02:22.945 I/input_focus( 1128): [Focus entering 59e8c99 NotificationShade (server),reason=Window became focusable. Previous reason: NOT_VISIBLE]
09-16 01:02:22.958 I/sysui_multi_action( 1910): [757,111,758,2]
09-16 01:02:22.959 I/sysui_multi_action( 1910): [757,111,758,2]
09-16 01:02:22.966 I/sysui_multi_action( 1910): [757,111,758,1]
09-16 01:02:22.966 I/sysui_multi_action( 1910): [757,126,758,1,759,126,927,0,928,1,1593,0]
09-16 01:02:22.966 I/sysui_multi_action( 1910): [757,113,758,1,759,113,927,1,928,1,1593,0]
09-16 01:02:22.966 I/sysui_multi_action( 1910): [757,0,758,1,759,0,927,2,928,0,1593,0]
09-16 01:02:22.966 I/sysui_multi_action( 1910): [757,0,758,1,759,0,927,3,928,0,1593,0]
09-16 01:02:22.966 I/sysui_multi_action( 1910): [757,1706,758,1,759,1706,927,4,928,0,1593,0]
09-16 01:02:22.967 I/sysui_multi_action( 1910): [757,491,758,1,759,491,927,5,928,0,1311,-1,1593,0]
09-16 01:02:22.967 I/sysui_multi_action( 1910): [757,0,758,1,759,0,927,6,1593,0]
09-16 01:02:22.967 I/sysui_multi_action( 1910): [757,114,758,1,759,114,927,7,928,0,1593,0]
09-16 01:02:22.967 I/sysui_multi_action( 1910): [757,268,758,1,759,268,806,com.ss.android.ugc.aweme,871,com.ss.android.ugc.aweme.tile.PublishTileService,927,8,1593,0]
09-16 01:02:22.967 I/sysui_multi_action( 1910): [757,111,758,1]
09-16 01:02:22.967 I/sysui_multi_action( 1910): [757,126,758,1,759,126,927,0,928,1,1593,0]
09-16 01:02:22.968 I/sysui_multi_action( 1910): [757,113,758,1,759,113,927,1,928,1,1593,0]
09-16 01:02:22.968 I/sysui_multi_action( 1910): [757,0,758,1,759,0,927,2,928,0,1593,0]
09-16 01:02:22.968 I/sysui_multi_action( 1910): [757,0,758,1,759,0,927,3,928,0,1593,0]
09-16 01:02:23.442 I/sysui_multi_action( 1128): [757,128,758,1,793,712170,794,0,795,712170,796,26,798,0,806,android,857,DEVELOPER_IMPORTANT,858,4,947,0,1395,4,1500,711410,1688,1]
09-16 01:02:23.443 I/sysui_multi_action( 1128): [757,804,799,note_freshness,801,712170,802,1]
09-16 01:02:23.443 I/notification_visibility( 1128): [-1|android|26|null|1000,1,712170,712170,0,0]
09-16 01:02:23.444 I/sysui_multi_action( 1128): [757,128,758,1,793,515810,794,0,795,515810,796,4273,798,1,806,com.android.systemui,857,screen_record,858,3,947,0,1395,4,1500,515607,1688,1,1745,680407814]
09-16 01:02:23.444 I/sysui_multi_action( 1128): [757,804,799,note_freshness,801,515810,802,1]
09-16 01:02:23.444 I/notification_visibility( 1128): [0|com.android.systemui|4273|null|10087,1,515810,515810,0,1]
09-16 01:02:23.445 I/sysui_multi_action( 1128): [757,128,758,1,793,712043,794,0,795,712043,796,55,798,2,806,android,857,DEVELOPER,858,2,947,0,1395,4,1500,711410,1688,1]
09-16 01:02:23.445 I/sysui_multi_action( 1128): [757,804,799,note_freshness,801,712043,802,1]
09-16 01:02:23.446 I/notification_visibility( 1128): [-1|android|55|null|1000,1,712043,712043,0,2]
09-16 01:02:23.446 I/sysui_multi_action( 1128): [757,128,758,1,793,715476,794,0,795,715476,796,32,798,3,806,android,857,USB,858,1,947,0,1395,4,1500,715289,1688,1]
09-16 01:02:23.447 I/sysui_multi_action( 1128): [757,804,799,note_freshness,801,715476,802,1]
09-16 01:02:23.447 I/notification_visibility( 1128): [-1|android|32|null|1000,1,715476,715476,0,3]
09-16 01:02:27.325 I/input_interaction( 1128): Interaction with: 59e8c99 NotificationShade (server), edge-swipe (server), swipe-up (server), PointerEventDispatcher0 (server),
09-16 01:02:27.460 I/sysui_multi_action( 1910): [757,925,758,4,759,126,927,0,928,1,1592,0,1593,1]
09-16 01:02:27.552 D/TelephonyRegistry( 1128): listen oscl: mHasNotifySubscriptionInfoChangedOccurred==false no callback
09-16 01:02:27.555 W/CarrierConfigManager( 1910): Error getting config for subId -1 ICarrierConfigLoader is null
09-16 01:02:27.613 I/input_focus( 1128): [Focus request 6e10293 InternetDialog,reason=UpdateInputWindows]
09-16 01:02:27.626 I/input_focus( 1128): [Focus leaving 59e8c99 NotificationShade (server),reason=Waiting for window because NOT_VISIBLE]
09-16 01:02:27.645 I/input_focus( 1128): [Focus entering 6e10293 InternetDialog (server),reason=Window became focusable. Previous reason: NOT_VISIBLE]
09-16 01:02:32.668 I/input_interaction( 1128): Interaction with: 6e10293 InternetDialog (server), edge-swipe (server), swipe-up (server), PointerEventDispatcher0 (server),
09-16 01:02:32.802 I/input_focus( 1128): [Focus request 59e8c99 NotificationShade,reason=UpdateInputWindows]
09-16 01:02:32.821 I/input_focus( 1128): [Focus entering 59e8c99 NotificationShade (server),reason=setFocusedWindow]
09-16 01:02:32.830 I/wm_task_created( 1128): [150,-1]
09-16 01:02:32.833 I/service_manager_stats( 1128): [100,150,29471]
09-16 01:02:32.834 I/wm_task_moved( 1128): [150,1,6]
09-16 01:02:32.834 I/wm_task_to_front( 1128): [0,150]
09-16 01:02:32.834 I/wm_create_task( 1128): [0,150]
09-16 01:02:32.834 I/wm_create_activity( 1128): [0,264239082,150,com.android.settings/.Settings$NetworkProviderSettingsActivity,android.settings.NETWORK_PROVIDER_SETTINGS,NULL,NULL,335544320]
09-16 01:02:32.834 I/wm_task_moved( 1128): [150,1,6]
09-16 01:02:32.835 I/wm_on_top_resumed_lost_called( 2439): [235585230,com.android.launcher3.uioverrides.QuickstepLauncher,topStateChangedWhenResumed]
09-16 01:02:32.836 I/wm_pause_activity( 1128): [0,235585230,com.android.launcher3/.uioverrides.QuickstepLauncher,userLeaving=true,pauseBackTasks]
09-16 01:02:32.842 I/input_focus( 1128): [Focus request 7ccd273 com.android.launcher3/com.android.launcher3.uioverrides.QuickstepLauncher,reason=UpdateInputWindows]
09-16 01:02:32.843 I/wm_on_paused_called( 2439): [235585230,com.android.launcher3.uioverrides.QuickstepLauncher,performPause]
09-16 01:02:32.850 I/wm_add_to_stopping( 1128): [0,235585230,com.android.launcher3/.uioverrides.QuickstepLauncher,makeInvisible]
09-16 01:02:32.851 I/wm_restart_activity( 1128): [0,264239082,150,com.android.settings/.Settings$NetworkProviderSettingsActivity]
09-16 01:02:32.857 I/wm_set_resumed_activity( 1128): [0,com.android.settings/.Settings$NetworkProviderSettingsActivity,minimalResumeActivityLocked]
09-16 01:02:32.876 I/input_focus( 1128): [Focus leaving 59e8c99 NotificationShade (server),reason=NOT_FOCUSABLE]
09-16 01:02:32.876 I/input_focus( 1128): [Focus entering 7ccd273 com.android.launcher3/com.android.launcher3.uioverrides.QuickstepLauncher (server),reason=setFocusedWindow]
09-16 01:02:32.893 I/sysui_multi_action( 1128): [757,803,799,window_time_0,802,11]
09-16 01:02:32.899 I/input_focus( 1128): [Focus leaving 7ccd273 com.android.launcher3/com.android.launcher3.uioverrides.QuickstepLauncher (server),reason=NO_WINDOW]
09-16 01:02:32.938 I/am_uid_running( 1128): 10088
09-16 01:02:32.940 I/am_pss ( 1128): [4752,10105,com.ss.android.ugc.aweme,265864192,168005632,0,439013376,0,19,29]
09-16 01:02:32.966 I/am_pss ( 1128): [5184,10105,com.ss.android.ugc.aweme:push,129518592,37756928,0,286908416,0,19,20]
09-16 01:02:32.967 I/am_proc_start( 1128): [0,5755,10088,com.qualcomm.qti.qccauthmgr,content provider,{com.qualcomm.qti.qccauthmgr/com.qualcomm.qti.qccauthmgr.providers.SMQContentProvider}]
09-16 01:02:33.010 I/netstats_mobile_sample( 1128): [0,0,0,0,0,0,0,0,0,0,0,0,1663261353010]
09-16 01:02:33.010 I/netstats_wifi_sample( 1128): [7848,25,44761,525,7848,25,44761,525,33794,99,33889,422,1663261353010]
09-16 01:02:33.021 I/am_proc_bound( 1128): [0,5755,com.qualcomm.qti.qccauthmgr]
09-16 01:02:33.023 I/am_uid_active( 1128): 10088
09-16 01:02:33.043 I/netstats_mobile_sample( 1128): [0,0,0,0,0,0,0,0,0,0,0,0,1663261353043]
09-16 01:02:33.044 I/netstats_wifi_sample( 1128): [7848,25,44761,525,7848,25,44761,525,33794,99,33889,422,1663261353043]
09-16 01:02:33.060 W/CarrierConfigManager( 5656): Error getting config for subId -1 ICarrierConfigLoader is null
09-16 01:02:33.079 I/wm_on_create_called( 5656): [264239082,com.android.settings.Settings$NetworkProviderSettingsActivity,performCreate]
09-16 01:02:33.115 I/wm_on_start_called( 5656): [264239082,com.android.settings.Settings$NetworkProviderSettingsActivity,handleStartActivity]
09-16 01:02:33.117 I/snet_event_log( 5656): [120484087,-1,]
09-16 01:02:33.118 I/wm_on_resume_called( 5656): [264239082,com.android.settings.Settings$NetworkProviderSettingsActivity,RESUME_ACTIVITY]
09-16 01:02:33.121 I/sysui_multi_action( 5656): [757,103,758,1,833,0,1089,147]
09-16 01:02:33.133 D/TelephonyRegistry( 1128): listen oscl: mHasNotifySubscriptionInfoChangedOccurred==false no callback
09-16 01:02:33.180 I/wm_on_top_resumed_gained_called( 5656): [264239082,com.android.settings.Settings$NetworkProviderSettingsActivity,topStateChangedWhenResumed]
09-16 01:02:33.218 I/sysui_multi_action( 1910): [757,111,758,2]
09-16 01:02:33.218 I/sysui_multi_action( 1910): [757,111,758,2]
09-16 01:02:33.223 I/sysui_multi_action( 1910): [757,111,758,1]
09-16 01:02:33.223 I/sysui_multi_action( 1910): [757,126,758,1,759,126,927,0,928,1,1593,1]
09-16 01:02:33.224 I/sysui_multi_action( 1910): [757,113,758,1,759,113,927,1,928,1,1593,1]
09-16 01:02:33.224 I/sysui_multi_action( 1910): [757,0,758,1,759,0,927,2,928,0,1593,1]
09-16 01:02:33.224 I/sysui_multi_action( 1910): [757,0,758,1,759,0,927,3,928,0,1593,1]
09-16 01:02:33.224 I/sysui_multi_action( 1910): [757,1706,758,1,759,1706,927,4,928,0,1593,1]
09-16 01:02:33.226 I/sysui_multi_action( 1910): [757,491,758,1,759,491,927,5,928,0,1311,-1,1593,1]
09-16 01:02:33.226 I/sysui_multi_action( 1910): [757,0,758,1,759,0,927,6,1593,1]
09-16 01:02:33.226 I/sysui_multi_action( 1910): [757,114,758,1,759,114,927,7,928,0,1593,1]
09-16 01:02:33.226 I/sysui_multi_action( 1910): [757,268,758,1,759,268,806,com.ss.android.ugc.aweme,871,com.ss.android.ugc.aweme.tile.PublishTileService,927,8,1593,1]
09-16 01:02:33.227 I/sysui_multi_action( 1910): [757,111,758,1]
09-16 01:02:33.227 I/sysui_multi_action( 1910): [757,126,758,1,759,126,927,0,928,1,1593,0]
09-16 01:02:33.227 I/sysui_multi_action( 1910): [757,113,758,1,759,113,927,1,928,1,1593,0]
09-16 01:02:33.227 I/sysui_multi_action( 1910): [757,0,758,1,759,0,927,2,928,0,1593,0]
09-16 01:02:33.227 I/sysui_multi_action( 1910): [757,0,758,1,759,0,927,3,928,0,1593,0]
09-16 01:02:33.244 I/sysui_multi_action( 1910): [757,111,758,2]
09-16 01:02:33.245 I/sysui_multi_action( 1910): [757,111,758,2]
09-16 01:02:33.251 I/sysui_multi_action( 1910): [757,111,758,1]
09-16 01:02:33.251 I/sysui_multi_action( 1910): [757,126,758,1,759,126,927,0,928,1,1593,1]
09-16 01:02:33.251 I/sysui_multi_action( 1910): [757,113,758,1,759,113,927,1,928,1,1593,1]
09-16 01:02:33.251 I/sysui_multi_action( 1910): [757,0,758,1,759,0,927,2,928,0,1593,1]
09-16 01:02:33.252 I/sysui_multi_action( 1910): [757,0,758,1,759,0,927,3,928,0,1593,1]
09-16 01:02:33.252 I/sysui_multi_action( 1910): [757,1706,758,1,759,1706,927,4,928,0,1593,1]
09-16 01:02:33.252 I/sysui_multi_action( 1910): [757,491,758,1,759,491,927,5,928,0,1311,-1,1593,1]
09-16 01:02:33.252 I/sysui_multi_action( 1910): [757,0,758,1,759,0,927,6,1593,1]
09-16 01:02:33.252 I/sysui_multi_action( 1910): [757,114,758,1,759,114,927,7,928,0,1593,1]
09-16 01:02:33.253 I/sysui_multi_action( 1910): [757,268,758,1,759,268,806,com.ss.android.ugc.aweme,871,com.ss.android.ugc.aweme.tile.PublishTileService,927,8,1593,1]
09-16 01:02:33.253 I/sysui_multi_action( 1910): [757,111,758,1]
09-16 01:02:33.253 I/sysui_multi_action( 1910): [757,126,758,1,759,126,927,0,928,1,1593,1]
09-16 01:02:33.253 I/sysui_multi_action( 1910): [757,113,758,1,759,113,927,1,928,1,1593,1]
09-16 01:02:33.253 I/sysui_multi_action( 1910): [757,0,758,1,759,0,927,2,928,0,1593,1]
09-16 01:02:33.253 I/sysui_multi_action( 1910): [757,0,758,1,759,0,927,3,928,0,1593,1]
09-16 01:02:33.264 I/input_focus( 1128): [Focus request d1306b2 com.android.settings/com.android.settings.Settings$NetworkProviderSettingsActivity,reason=UpdateInputWindows]
09-16 01:02:33.268 I/sysui_multi_action( 1910): [757,111,758,2]
09-16 01:02:33.268 I/sysui_multi_action( 1910): [757,111,758,2]
09-16 01:02:33.274 I/sysui_multi_action( 1910): [757,111,758,1]
09-16 01:02:33.274 I/sysui_multi_action( 1910): [757,126,758,1,759,126,927,0,928,1,1593,1]
09-16 01:02:33.274 I/sysui_multi_action( 1910): [757,113,758,1,759,113,927,1,928,1,1593,1]
09-16 01:02:33.274 I/sysui_multi_action( 1910): [757,0,758,1,759,0,927,2,928,0,1593,1]
09-16 01:02:33.274 I/sysui_multi_action( 1910): [757,0,758,1,759,0,927,3,928,0,1593,1]
09-16 01:02:33.276 I/sysui_multi_action( 1910): [757,1706,758,1,759,1706,927,4,928,0,1593,1]
09-16 01:02:33.276 I/sysui_multi_action( 1910): [757,491,758,1,759,491,927,5,928,0,1311,-1,1593,1]
09-16 01:02:33.276 I/sysui_multi_action( 1910): [757,0,758,1,759,0,927,6,1593,1]
09-16 01:02:33.276 I/sysui_multi_action( 1910): [757,114,758,1,759,114,927,7,928,0,1593,1]
09-16 01:02:33.276 I/sysui_multi_action( 1910): [757,268,758,1,759,268,806,com.ss.android.ugc.aweme,871,com.ss.android.ugc.aweme.tile.PublishTileService,927,8,1593,1]
09-16 01:02:33.277 I/sysui_multi_action( 1910): [757,111,758,1]
09-16 01:02:33.277 I/sysui_multi_action( 1910): [757,126,758,1,759,126,927,0,928,1,1593,1]
09-16 01:02:33.277 I/sysui_multi_action( 1910): [757,113,758,1,759,113,927,1,928,1,1593,1]
09-16 01:02:33.277 I/sysui_multi_action( 1910): [757,0,758,1,759,0,927,2,928,0,1593,1]
09-16 01:02:33.277 I/sysui_multi_action( 1910): [757,0,758,1,759,0,927,3,928,0,1593,1]
09-16 01:02:33.295 I/sysui_multi_action( 1910): [757,111,758,2]
09-16 01:02:33.296 I/sysui_multi_action( 1910): [757,111,758,2]
09-16 01:02:33.302 I/sysui_multi_action( 1910): [757,111,758,1]
09-16 01:02:33.302 I/sysui_multi_action( 1910): [757,126,758,1,759,126,927,0,928,1,1593,1]
09-16 01:02:33.303 I/sysui_multi_action( 1910): [757,113,758,1,759,113,927,1,928,1,1593,1]
09-16 01:02:33.303 I/sysui_multi_action( 1910): [757,0,758,1,759,0,927,2,928,0,1593,1]
09-16 01:02:33.303 I/sysui_multi_action( 1910): [757,0,758,1,759,0,927,3,928,0,1593,1]
09-16 01:02:33.303 I/sysui_multi_action( 1910): [757,1706,758,1,759,1706,927,4,928,0,1593,1]
09-16 01:02:33.304 I/sysui_multi_action( 1910): [757,491,758,1,759,491,927,5,928,0,1311,-1,1593,1]
09-16 01:02:33.304 I/sysui_multi_action( 1910): [757,0,758,1,759,0,927,6,1593,1]
09-16 01:02:33.304 I/sysui_multi_action( 1910): [757,114,758,1,759,114,927,7,928,0,1593,1]
09-16 01:02:33.304 I/sysui_multi_action( 1910): [757,268,758,1,759,268,806,com.ss.android.ugc.aweme,871,com.ss.android.ugc.aweme.tile.PublishTileService,927,8,1593,1]
09-16 01:02:33.304 I/sysui_multi_action( 1910): [757,111,758,1]
09-16 01:02:33.304 I/sysui_multi_action( 1910): [757,126,758,1,759,126,927,0,928,1,1593,1]
09-16 01:02:33.304 I/sysui_multi_action( 1910): [757,113,758,1,759,113,927,1,928,1,1593,1]
