09-16 01:18:31.735 I/sysui_multi_action( 1910): [757,491,758,1,759,491,927,5,928,0,1311,-1,1593,0]
09-16 01:18:31.735 I/sysui_multi_action( 1910): [757,0,758,1,759,0,927,6,1593,0]
09-16 01:18:31.736 I/sysui_multi_action( 1910): [757,114,758,1,759,114,927,7,928,1,1593,0]
09-16 01:18:31.736 I/sysui_multi_action( 1910): [757,268,758,1,759,268,806,com.ss.android.ugc.aweme,871,com.ss.android.ugc.aweme.tile.PublishTileService,927,8,1593,0]
09-16 01:18:31.736 I/sysui_multi_action( 1910): [757,111,758,1]
09-16 01:18:31.736 I/sysui_multi_action( 1910): [757,126,758,1,759,126,927,0,928,0,1593,1]
09-16 01:18:31.736 I/sysui_multi_action( 1910): [757,113,758,1,759,113,927,1,928,1,1593,1]
09-16 01:18:31.736 I/sysui_multi_action( 1910): [757,0,758,1,759,0,927,2,928,0,1593,1]
09-16 01:18:31.736 I/sysui_multi_action( 1910): [757,0,758,1,759,0,927,3,928,1,1593,1]
09-16 01:18:32.173 I/sysui_multi_action( 1128): [757,128,758,1,793,1680901,794,0,795,1680901,796,26,798,1,806,android,857,DEVELOPER_IMPORTANT,858,4,947,0,1395,5,1500,1680141,1688,1]
09-16 01:18:32.173 I/sysui_multi_action( 1128): [757,804,799,note_freshness,801,1680901,802,1]
09-16 01:18:32.173 I/notification_visibility( 1128): [-1|android|26|null|1000,1,1680901,1680901,0,1]
09-16 01:18:32.174 I/sysui_multi_action( 1128): [757,128,758,1,793,1484541,794,0,795,1484541,796,4273,798,2,806,com.android.systemui,857,screen_record,858,3,947,0,1395,5,1500,1484338,1688,1,1745,680407814]
09-16 01:18:32.174 I/sysui_multi_action( 1128): [757,804,799,note_freshness,801,1484541,802,1]
09-16 01:18:32.175 I/notification_visibility( 1128): [0|com.android.systemui|4273|null|10087,1,1484541,1484541,0,2]
09-16 01:18:32.175 I/sysui_multi_action( 1128): [757,128,758,1,793,1680773,794,0,795,1680773,796,55,798,3,806,android,857,DEVELOPER,858,2,947,0,1395,5,1500,1680140,1688,1]
09-16 01:18:32.176 I/sysui_multi_action( 1128): [757,804,799,note_freshness,801,1680773,802,1]
09-16 01:18:32.176 I/notification_visibility( 1128): [-1|android|55|null|1000,1,1680773,1680773,0,3]
09-16 01:18:32.177 I/sysui_multi_action( 1128): [757,128,758,1,793,25237,794,0,795,25237,796,4274,798,0,806,com.android.systemui,857,screen_record,858,3,947,0,1395,5,1500,25032,1688,1]
09-16 01:18:32.177 I/sysui_multi_action( 1128): [757,804,799,note_freshness,801,25237,802,1]
09-16 01:18:32.177 I/notification_visibility( 1128): [0|com.android.systemui|4274|null|10087,1,25237,25237,0,0]
09-16 01:18:32.178 I/sysui_multi_action( 1128): [757,128,758,1,793,1684208,794,0,795,1684208,796,32,798,4,806,android,857,USB,858,1,947,0,1395,5,1500,1684021,1688,1]
09-16 01:18:32.178 I/sysui_multi_action( 1128): [757,804,799,note_freshness,801,1684208,802,1]
09-16 01:18:32.178 I/notification_visibility( 1128): [-1|android|32|null|1000,1,1684208,1684208,0,4]
09-16 01:18:33.550 I/input_interaction( 1128): Interaction with: 59e8c99 NotificationShade (server), edge-swipe (server), swipe-up (server), PointerEventDispatcher0 (server),
09-16 01:18:33.966 I/sysui_multi_action( 1910): [757,366,758,4,759,126,927,0,928,0,1592,0,1593,1]
09-16 01:18:33.990 I/wm_task_created( 1128): [167,-1]
09-16 01:18:33.998 I/wm_task_moved( 1128): [167,1,6]
09-16 01:18:33.999 I/wm_task_to_front( 1128): [0,167]
09-16 01:18:33.999 I/wm_create_task( 1128): [0,167]
09-16 01:18:33.999 I/wm_create_activity( 1128): [0,124629718,167,com.android.settings/.Settings$WifiSettingsActivity,android.settings.WIFI_SETTINGS,NULL,NULL,335544320]
09-16 01:18:33.999 I/wm_task_moved( 1128): [167,1,6]
09-16 01:18:34.000 I/wm_on_top_resumed_lost_called( 2439): [235585230,com.android.launcher3.uioverrides.QuickstepLauncher,topStateChangedWhenResumed]
09-16 01:18:34.005 I/wm_pause_activity( 1128): [0,235585230,com.android.launcher3/.uioverrides.QuickstepLauncher,userLeaving=true,pauseBackTasks]
09-16 01:18:34.016 I/wm_on_paused_called( 2439): [235585230,com.android.launcher3.uioverrides.QuickstepLauncher,performPause]
09-16 01:18:34.020 I/wm_add_to_stopping( 1128): [0,235585230,com.android.launcher3/.uioverrides.QuickstepLauncher,makeInvisible]
09-16 01:18:34.029 I/sysui_multi_action( 1128): [757,803,799,window_time_0,802,14]
09-16 01:18:34.055 I/am_proc_start( 1128): [0,7603,1000,com.android.settings,pre-top-activity,{com.android.settings/com.android.settings.Settings$WifiSettingsActivity}]
09-16 01:18:34.188 I/am_proc_bound( 1128): [0,7603,com.android.settings]
09-16 01:18:34.193 I/wm_restart_activity( 1128): [0,124629718,167,com.android.settings/.Settings$WifiSettingsActivity]
09-16 01:18:34.193 I/wm_set_resumed_activity( 1128): [0,com.android.settings/.Settings$WifiSettingsActivity,minimalResumeActivityLocked]
09-16 01:18:34.314 I/netstats_mobile_sample( 1128): [0,0,0,0,0,0,0,0,0,0,0,0,1663262314314]
09-16 01:18:34.314 I/netstats_wifi_sample( 1128): [12996,41,70028,799,12996,41,70028,799,56560,171,53848,676,1663262314314]
09-16 01:18:34.350 I/netstats_mobile_sample( 1128): [0,0,0,0,0,0,0,0,0,0,0,0,1663262314350]
09-16 01:18:34.350 I/netstats_wifi_sample( 1128): [12996,41,70028,799,12996,41,70028,799,56560,171,53848,676,1663262314350]
09-16 01:18:34.355 I/wm_on_create_called( 7603): [124629718,com.android.settings.Settings$WifiSettingsActivity,performCreate]
09-16 01:18:34.381 I/am_crash( 1128): [7603,0,com.android.settings,952745541,java.lang.ClassCastException,com.android.settings.Settings$WifiSettingsActivity cannot be cast to com.android.settings.homepage.SettingsHomepageActivity,WifiSettings.java,229]
09-16 01:18:34.384 I/wm_finish_activity( 1128): [0,124629718,167,com.android.settings/.Settings$WifiSettingsActivity,force-crash]
09-16 01:18:34.384 I/wm_task_moved( 1128): [1,1,6]
09-16 01:18:34.385 I/wm_task_moved( 1128): [145,1,2147483647]
09-16 01:18:34.385 I/wm_task_to_front( 1128): [0,145]
09-16 01:18:34.385 I/wm_focused_root_task( 1128): [0,0,1,167,finish-top adjustFocusToNextFocusableTask]
09-16 01:18:34.385 I/wm_set_resumed_activity( 1128): [0,com.android.launcher3/.uioverrides.QuickstepLauncher,finish-top adjustFocusToNextFocusableTask]
09-16 01:18:34.406 I/wm_pause_activity( 1128): [0,124629718,com.android.settings/.Settings$WifiSettingsActivity,userLeaving=false,finish]
09-16 01:18:34.411 I/sysui_multi_action( 1128): [757,316,758,4,759,-1]
09-16 01:18:34.418 I/sysui_multi_action( 1128): [757,1144,758,7,806,com.android.settings,871,com.android.settings.Settings$WifiSettingsActivity]
09-16 01:18:34.453 I/am_proc_died( 1128): [0,7603,com.android.settings,0,2]
09-16 01:18:34.464 I/wm_set_resumed_activity( 1128): [0,com.android.launcher3/.uioverrides.QuickstepLauncher,resumeTopActivityInnerLocked]
09-16 01:18:34.465 I/wm_resume_activity( 1128): [0,235585230,145,com.android.launcher3/.uioverrides.QuickstepLauncher]
09-16 01:18:34.469 I/wm_on_resume_called( 2439): [235585230,com.android.launcher3.uioverrides.QuickstepLauncher,RESUME_ACTIVITY]
09-16 01:18:34.714 I/sysui_multi_action( 1910): [757,111,758,2]
09-16 01:18:34.715 I/sysui_multi_action( 1910): [757,111,758,2]
09-16 01:18:34.715 I/wm_task_removed( 1128): [167,removeChild:removeChild last r=ActivityRecord{76db2d6 u0 com.android.settings/.Settings$WifiSettingsActivity t-1 f}} in t=Task{c634c4f #167 type=standard A=1000:com.android.settings U=0 visible=false mode=fullscreen translucent=true sz=0}]
09-16 01:18:34.716 I/wm_task_removed( 1128): [167,removeChild]
09-16 01:18:34.772 I/input_focus( 1128): [Focus request 7ccd273 com.android.launcher3/com.android.launcher3.uioverrides.QuickstepLauncher,reason=UpdateInputWindows]
09-16 01:18:34.779 I/sysui_multi_action( 1910): [757,111,758,1]
09-16 01:18:34.779 I/sysui_multi_action( 1910): [757,126,758,1,759,126,927,0,928,0,1593,0]
09-16 01:18:34.779 I/sysui_multi_action( 1910): [757,113,758,1,759,113,927,1,928,1,1593,1]
09-16 01:18:34.780 I/sysui_multi_action( 1910): [757,0,758,1,759,0,927,2,928,0,1593,1]
09-16 01:18:34.780 I/sysui_multi_action( 1910): [757,0,758,1,759,0,927,3,928,1,1593,0]
09-16 01:18:34.780 I/sysui_multi_action( 1910): [757,1706,758,1,759,1706,927,4,928,0,1593,0]
09-16 01:18:34.781 I/sysui_multi_action( 1910): [757,491,758,1,759,491,927,5,928,0,1311,-1,1593,0]
09-16 01:18:34.781 I/sysui_multi_action( 1910): [757,0,758,1,759,0,927,6,1593,0]
09-16 01:18:34.781 I/sysui_multi_action( 1910): [757,114,758,1,759,114,927,7,928,1,1593,0]
09-16 01:18:34.781 I/sysui_multi_action( 1910): [757,268,758,1,759,268,806,com.ss.android.ugc.aweme,871,com.ss.android.ugc.aweme.tile.PublishTileService,927,8,1593,0]
09-16 01:18:34.782 I/sysui_multi_action( 1910): [757,111,758,1]
09-16 01:18:34.782 I/sysui_multi_action( 1910): [757,126,758,1,759,126,927,0,928,0,1593,1]
09-16 01:18:34.782 I/sysui_multi_action( 1910): [757,113,758,1,759,113,927,1,928,1,1593,1]
09-16 01:18:34.783 I/sysui_multi_action( 1910): [757,0,758,1,759,0,927,2,928,0,1593,1]
09-16 01:18:34.783 I/sysui_multi_action( 1910): [757,0,758,1,759,0,927,3,928,1,1593,1]
09-16 01:18:34.806 I/input_focus( 1128): [Focus leaving 59e8c99 NotificationShade (server),reason=NOT_FOCUSABLE]
09-16 01:18:34.807 I/input_focus( 1128): [Focus entering 7ccd273 com.android.launcher3/com.android.launcher3.uioverrides.QuickstepLauncher (server),reason=setFocusedWindow]
09-16 01:18:34.835 I/sysui_multi_action( 1128): [757,128,758,2,793,1683563,794,2662,795,1683563,796,26,798,1,806,android,857,DEVELOPER_IMPORTANT,858,4,947,0,1395,5,1500,1682803,1688,1]
09-16 01:18:34.835 I/notification_visibility( 1128): [-1|android|26|null|1000,0,1683563,1683563,0,1]
09-16 01:18:34.835 I/sysui_multi_action( 1128): [757,128,758,2,793,1487202,794,2661,795,1487202,796,4273,798,2,806,com.android.systemui,857,screen_record,858,3,947,0,1395,5,1500,1486999,1688,1,1745,680407814]
09-16 01:18:34.836 I/notification_visibility( 1128): [0|com.android.systemui|4273|null|10087,0,1487202,1487202,0,2]
09-16 01:18:34.836 I/sysui_multi_action( 1128): [757,128,758,2,793,1683434,794,2661,795,1683434,796,55,798,3,806,android,857,DEVELOPER,858,2,947,0,1395,5,1500,1682801,1688,1]
09-16 01:18:34.836 I/notification_visibility( 1128): [-1|android|55|null|1000,0,1683434,1683434,0,3]
09-16 01:18:34.837 I/sysui_multi_action( 1910): [757,111,758,2]
09-16 01:18:34.837 I/sysui_multi_action( 1910): [757,111,758,2]
09-16 01:18:34.836 I/sysui_multi_action( 1128): [757,128,758,2,793,27896,794,2659,795,27896,796,4274,798,0,806,com.android.systemui,857,screen_record,858,3,947,0,1395,5,1500,27691,1688,1]
09-16 01:18:34.843 I/notification_visibility( 1128): [0|com.android.systemui|4274|null|10087,0,27896,27896,0,0]
09-16 01:18:34.844 I/sysui_multi_action( 1128): [757,128,758,2,793,1686874,794,2666,795,1686874,796,32,798,4,806,android,857,USB,858,1,947,0,1395,5,1500,1686687,1688,1]
09-16 01:18:34.844 I/notification_visibility( 1128): [-1|android|32|null|1000,0,1686874,1686874,0,4]
09-16 01:18:34.852 I/sysui_multi_action( 1128): [757,127,758,2]
09-16 01:18:34.852 I/notification_panel_hidden( 1128):
09-16 01:18:34.865 I/sysui_multi_action( 1910): [757,111,758,1]
09-16 01:18:34.865 I/sysui_multi_action( 1910): [757,126,758,1,759,126,927,0,928,0,1593,1]
09-16 01:18:34.865 I/sysui_multi_action( 1910): [757,113,758,1,759,113,927,1,928,1,1593,1]
09-16 01:18:34.865 I/sysui_multi_action( 1910): [757,0,758,1,759,0,927,2,928,0,1593,1]
09-16 01:18:34.865 I/sysui_multi_action( 1910): [757,0,758,1,759,0,927,3,928,1,1593,1]
09-16 01:18:34.865 I/sysui_multi_action( 1910): [757,1706,758,1,759,1706,927,4,928,0,1593,1]
09-16 01:18:34.866 I/sysui_multi_action( 1910): [757,491,758,1,759,491,927,5,928,0,1311,-1,1593,0]
09-16 01:18:34.866 I/sysui_multi_action( 1910): [757,0,758,1,759,0,927,6,1593,0]
09-16 01:18:34.866 I/sysui_multi_action( 1910): [757,114,758,1,759,114,927,7,928,1,1593,0]
09-16 01:18:34.866 I/sysui_multi_action( 1910): [757,268,758,1,759,268,806,com.ss.android.ugc.aweme,871,com.ss.android.ugc.aweme.tile.PublishTileService,927,8,1593,0]
09-16 01:18:34.866 I/sysui_multi_action( 1910): [757,111,758,1]
09-16 01:18:34.866 I/sysui_multi_action( 1910): [757,126,758,1,759,126,927,0,928,0,1593,1]
09-16 01:18:34.866 I/sysui_multi_action( 1910): [757,113,758,1,759,113,927,1,928,1,1593,1]
09-16 01:18:34.866 I/sysui_multi_action( 1910): [757,0,758,1,759,0,927,2,928,0,1593,1]
09-16 01:18:34.866 I/sysui_multi_action( 1910): [757,0,758,1,759,0,927,3,928,1,1593,1]
09-16 01:18:34.885 I/wm_on_top_resumed_gained_called( 2439): [235585230,com.android.launcher3.uioverrides.QuickstepLauncher,topStateChangedWhenResumed] --------- beginning of kernel
01-01 13:42:23.889 D/ ( 0): mv2112_read_status
01-01 13:42:23.893 D/mv2112_update_link( 0): 3.0x901(1G): 0x80
01-01 13:42:23.899 D/mv2112_update_link( 0): 3.0x8109(100M): 0x0
01-01 13:42:23.904 D/mv2112_update_link( 0): link 0x0
01-01 13:42:23.908 D/mv2112_read_status( 0): autoneg is disabled --------- beginning of main
09-16 01:18:49.255 I/mpu_uart( 664): [MSG-P:R]:recv sync frame timeout
09-16 01:18:49.604 I/mpu_uart( 664): [MSG-P:RECV]:No message received in 1000 ms
09-16 01:18:49.782 I/HttpClient( 2063): onFailed
09-16 01:18:49.783 I/MicroService( 2063): sendConnectStateBroadCast() state0
09-16 01:18:49.786 I/MicroService( 2063): onNettyConnectState0
09-16 01:18:49.786 I/MicroService( 2063): onNettyConnectState count = 0
01-01 13:42:24.913 D/ ( 0): mv2112_read_status
01-01 13:42:24.917 D/mv2112_update_link( 0): 3.0x901(1G): 0x80
01-01 13:42:24.923 D/mv2112_update_link( 0): 3.0x8109(100M): 0x0
01-01 13:42:24.929 D/mv2112_update_link( 0): link 0x0
01-01 13:42:24.933 D/mv2112_read_status( 0): autoneg is disabled
01-01 13:42:25.268 E/i2c_geni 980000.i2c( 0): i2c error :-107
01-01 13:42:25.273 E/ ( 0): [MAX975X:mcu_keep_wakeup_work_func] *ERROR* Failed to write dev:0x15 addr:0x22 value:0x80
01-01 13:42:25.283 E/i2c_geni 980000.i2c( 0): i2c error :-107
01-01 13:42:25.289 E/ ( 0): [MAX975X:mcu_keep_wakeup_work_func] *ERROR* Failed to write dev:0x15 addr:0x20 value:0x09
09-16 01:18:50.604 I/mpu_uart( 664): [MSG-P:RECV]:No message received in 1000 ms
09-16 01:18:50.784 I/HWebSocketClient( 2063): WEBclient: onFailed
09-16 01:18:50.789 I/ResponseWebSocketHandler( 2063): ResponseWebSocketHandler start
09-16 01:18:50.790 I/HttpContext( 2063): getIResponseJson :com.thundercomm.microservice.MicroServiceProxy@12e89eb
09-16 01:18:50.790 I/ResponseWebSocketHandler( 2063): ResponseWebSocketHandler mResponseJson: com.thundercomm.microservice.MicroServiceProxy@12e89eb
09-16 01:18:50.790 I/HttpContext( 2063): getIResponseJson :com.thundercomm.microservice.MicroServiceProxy@12e89eb
09-16 01:18:50.790 I/ResponseHandler( 2063): ResponseHandler() :com.thundercomm.microservice.MicroServiceProxy@12e89eb
09-16 01:18:50.791 I/System.out( 2063): handler is: com.thundercomm.microservice.netty.client.handler.webSocket.ResponseWebSocketHandler@7b630ed
09-16 01:18:50.817 W/NioEventLoop( 2063): Selector.select() returned prematurely 512 times in a row; rebuilding Selector io.netty.channel.nio.SelectedSelectionKeySetSelector@fc93b22.
09-16 01:18:50.818 I/NioEventLoop( 2063): Migrated 1 channel(s) to the new Selector.
01-01 13:42:25.937 D/ ( 0): mv2112_read_status
01-01 13:42:25.941 D/mv2112_update_link( 0): 3.0x901(1G): 0x80
01-01 13:42:25.946 D/mv2112_update_link( 0): 3.0x8109(100M): 0x0
01-01 13:42:25.952 D/mv2112_update_link( 0): link 0x0
01-01 13:42:25.956 D/mv2112_read_status( 0): autoneg is disabled
09-16 01:18:51.605 I/mpu_uart( 664): [MSG-P:RECV]:No message received in 1000 ms
01-01 13:42:26.961 D/ ( 0): mv2112_read_status
01-01 13:42:26.964 D/mv2112_update_link( 0): 3.0x901(1G): 0x80
01-01 13:42:26.971 D/mv2112_update_link( 0): 3.0x8109(100M): 0x0
01-01 13:42:26.976 D/mv2112_update_link( 0): link 0x0
01-01 13:42:26.982 D/mv2112_read_status( 0): autoneg is disabled
09-16 01:18:52.257 I/mpu_uart( 664): [MSG-P:R]:recv sync frame timeout
01-01 13:42:27.127 E/i2c_geni 980000.i2c( 0): i2c error :-107
01-01 13:42:27.132 E/ ( 0): [MAX975X:mcu_keep_wakeup_work_func] *ERROR* Failed to write dev:0x15 addr:0x22 value:0x80
01-01 13:42:27.143 E/i2c_geni 980000.i2c( 0): i2c error :-107
01-01 13:42:27.148 E/ ( 0): [MAX975X:mcu_keep_wakeup_work_func] *ERROR* Failed to write dev:0x15 addr:0x20 value:0x09
09-16 01:18:52.607 I/KEVA.NATIVE( 4752): byte array do not exist
09-16 01:18:52.608 I/KEVA.NATIVE( 4752): byte array do not exist
09-16 01:18:52.609 I/mpu_uart( 664): [MSG-P:RECV]:No message received in 1000 ms
01-01 13:42:27.437 I/init ( 0): starting service 'qvrd_vndr'...
01-01 13:42:27.443 I/init ( 0): Created socket '/dev/socket/qvrservice_vndr', mode 660, user 1000, group 1000
01-01 13:42:27.454 I/init ( 0): Created socket '/dev/socket/qvrservice_vndr_camera', mode 660, user 1000, group 1000
01-01 13:42:27.481 I/init ( 0): starting service 'sxrd'...
01-01 13:42:27.499 I/init ( 0): starting service 'vendor.light-hal-2-0'... --------- beginning of crash
09-16 01:18:52.781 F/linker ( 7647): CANNOT LINK EXECUTABLE "/vendor/bin/hw/qvrservice": library "vendor.qti.hardware.qxr-V1-ndk_platform.so" not found: needed by /vendor/lib64/libqvrservice.so in namespace (default)
09-16 01:18:52.791 F/linker ( 7648): CANNOT LINK EXECUTABLE "/vendor/bin/hw/sxrservice": library "vendor.qti.hardware.qxr-V1-ndk_platform.so" not found: needed by main executable
01-01 13:42:27.535 I/init ( 0): Service 'qvrd_vndr' (pid 7647) exited with status 1
01-01 13:42:27.541 I/init ( 0): Sending signal 9 to service 'qvrd_vndr' (pid 7647) process group...
01-01 13:42:27.550 I/libprocessgroup( 0): Successfully killed process cgroup uid 1000 pid 7647 in 0ms
09-16 01:18:52.815 I/hwservicemanager( 516): getTransport: Cannot find entry android.hardware.light@2.0::ILight/default in either framework or device VINTF manifest.
09-16 01:18:52.817 E/light ( 7649): light_open lights keyboard failed: -22
09-16 01:18:52.818 E/light ( 7649): Light passthrough failed to load legacy HAL.
09-16 01:18:52.818 E/light ( 7649): light_open lights buttons failed: -22
09-16 01:18:52.818 E/light ( 7649): Light passthrough failed to load legacy HAL.
09-16 01:18:52.820 E/light ( 7649): light_open lights bluetooth failed: -22
09-16 01:18:52.820 E/light ( 7649): Light passthrough failed to load legacy HAL.
09-16 01:18:52.821 E/light ( 7649): light_open lights wifi failed: -22
09-16 01:18:52.821 E/light ( 7649): Light passthrough failed to load legacy HAL.
09-16 01:18:52.821 I/hwservicemanager( 516): getTransport: Cannot find entry android.hardware.light@2.0::ILight/default in either framework or device VINTF manifest.
09-16 01:18:52.821 E/HidlServiceManagement( 7649): Service android.hardware.light@2.0::ILight/default must be in VINTF manifest in order to register/get.
09-16 01:18:52.821 E/LegacySupport( 7649): Could not register service android.hardware.light@2.0::ILight/default (-2147483648).
01-01 13:42:27.560 I/init ( 0): Service 'sxrd' (pid 7648) exited with status 1
01-01 13:42:27.567 I/init ( 0): Sending signal 9 to service 'sxrd' (pid 7648) process group...
09-16 01:18:52.852 I/HttpClient( 2063): onFailed
09-16 01:18:52.853 I/MicroService( 2063): sendConnectStateBroadCast() state0
09-16 01:18:52.855 I/MicroService( 2063): onNettyConnectState0
09-16 01:18:52.855 I/MicroService( 2063): onNettyConnectState count = 0
01-01 13:42:27.985 D/ ( 0): mv2112_read_status
01-01 13:42:27.988 D/mv2112_update_link( 0): 3.0x901(1G): 0x80
01-01 13:42:27.995 D/mv2112_update_link( 0): 3.0x8109(100M): 0x0
01-01 13:42:28.000 D/mv2112_update_link( 0): link 0x0
01-01 13:42:28.006 D/mv2112_read_status( 0): autoneg is disabled
09-16 01:18:53.610 I/mpu_uart( 664): [MSG-P:RECV]:No message received in 1000 ms
09-16 01:18:53.853 I/HWebSocketClient( 2063): WEBclient: onFailed
09-16 01:18:53.859 I/HttpContext( 2063): getIResponseJson :com.thundercomm.microservice.MicroServiceProxy@12e89eb
09-16 01:18:53.860 I/ResponseHandler( 2063): ResponseHandler() :com.thundercomm.microservice.MicroServiceProxy@12e89eb
09-16 01:18:53.877 I/ResponseWebSocketHandler( 2063): ResponseWebSocketHandler start
09-16 01:18:53.877 I/HttpContext( 2063): getIResponseJson :com.thundercomm.microservice.MicroServiceProxy@12e89eb
09-16 01:18:53.877 I/ResponseWebSocketHandler( 2063): ResponseWebSocketHandler mResponseJson: com.thundercomm.microservice.MicroServiceProxy@12e89eb
09-16 01:18:53.878 I/System.out( 2063): handler is: com.thundercomm.microservice.netty.client.handler.webSocket.ResponseWebSocketHandler@72a2e9c
01-01 13:42:28.980 E/i2c_geni 980000.i2c( 0): i2c error :-107
01-01 13:42:28.985 E/ ( 0): [MAX975X:mcu_keep_wakeup_work_func] *ERROR* Failed to write dev:0x15 addr:0x22 value:0x80
01-01 13:42:28.996 E/i2c_geni 980000.i2c( 0): i2c error :-107
01-01 13:42:29.001 E/ ( 0): [MAX975X:mcu_keep_wakeup_work_func] *ERROR* Failed to write dev:0x15 addr:0x20 value:0x09
01-01 13:42:29.009 D/ ( 0): mv2112_read_status
01-01 13:42:29.018 D/mv2112_update_link( 0): 3.0x901(1G): 0x80
01-01 13:42:29.023 D/mv2112_update_link( 0): 3.0x8109(100M): 0x0
01-01 13:42:29.029 D/mv2112_update_link( 0): link 0x0
01-01 13:42:29.033 D/mv2112_read_status( 0): autoneg is disabled
01-01 13:42:29.091 I/logd ( 0): logdr: UID=2000 GID=2000 PID=7651 b tail=0 logMask=bf pid=0 start=0ns deadline=0ns
09-16 01:18:54.610 I/mpu_uart( 664): [MSG-P:RECV]:No message received in 1000 ms
09-16 01:18:55.260 I/mpu_uart( 664): [MSG-P:R]:recv sync frame timeout
01-01 13:42:30.065 D/ ( 0): mv2112_read_status
01-01 13:42:30.069 D/mv2112_update_link( 0): 3.0x901(1G): 0x80
01-01 13:42:30.075 D/mv2112_update_link( 0): 3.0x8109(100M): 0x0
01-01 13:42:30.080 D/mv2112_update_link( 0): link 0x0
01-01 13:42:30.085 D/mv2112_read_status( 0): autoneg is disabled
09-16 01:18:55.611 I/mpu_uart( 664): [MSG-P:RECV]:No message received in 1000 ms
09-16 01:18:55.927 I/HttpClient( 2063): onFailed
09-16 01:18:55.927 I/MicroService( 2063): sendConnectStateBroadCast() state0
09-16 01:18:55.931 I/MicroService( 2063): onNettyConnectState0
09-16 01:18:55.931 I/MicroService( 2063): onNettyConnectState count = 0
01-01 13:42:30.835 E/i2c_geni 980000.i2c( 0): i2c error :-107
01-01 13:42:30.840 E/ ( 0): [MAX975X:mcu_keep_wakeup_work_func] *ERROR* Failed to write dev:0x15 addr:0x22 value:0x80
01-01 13:42:30.851 E/i2c_geni 980000.i2c( 0): i2c error :-107
01-01 13:42:30.856 E/ ( 0): [MAX975X:mcu_keep_wakeup_work_func] *ERROR* Failed to write dev:0x15 addr:0x20 value:0x09
01-01 13:42:31.089 D/ ( 0): mv2112_read_status
01-01 13:42:31.093 D/mv2112_update_link( 0): 3.0x901(1G): 0x80
01-01 13:42:31.098 D/mv2112_update_link( 0): 3.0x8109(100M): 0x0
01-01 13:42:31.104 D/mv2112_update_link( 0): link 0x0
01-01 13:42:31.108 D/mv2112_read_status( 0): autoneg is disabled
09-16 01:18:56.611 I/mpu_uart( 664): [MSG-P:RECV]:No message received in 1000 ms
09-16 01:18:56.927 I/HWebSocketClient( 2063): WEBclient: onFailed
09-16 01:18:56.934 I/ResponseWebSocketHandler( 2063): ResponseWebSocketHandler start
09-16 01:18:56.935 I/HttpContext( 2063): getIResponseJson :com.thundercomm.microservice.MicroServiceProxy@12e89eb
09-16 01:18:56.935 I/HttpContext( 2063): getIResponseJson :com.thundercomm.microservice.MicroServiceProxy@12e89eb
09-16 01:18:56.935 I/ResponseHandler( 2063): ResponseHandler() :com.thundercomm.microservice.MicroServiceProxy@12e89eb
09-16 01:18:56.935 I/ResponseWebSocketHandler( 2063): ResponseWebSocketHandler mResponseJson: com.thundercomm.microservice.MicroServiceProxy@12e89eb
09-16 01:18:56.937 I/System.out( 2063): handler is: com.thundercomm.microservice.netty.client.handler.webSocket.ResponseWebSocketHandler@3ef9221
09-16 01:18:57.150 I/input_interaction( 1128): Interaction with: 78ba0c1 StatusBar (server), edge-swipe (server), swipe-up (server), PointerEventDispatcher0 (server),
09-16 01:18:57.176 I/sysui_multi_action( 1910): [757,803,799,panel_open,802,1]
09-16 01:18:57.179 I/sysui_multi_action( 1910): [757,1328,758,4,1326,48,1327,0,1329,0]
09-16 01:18:57.323 D/StatusBar( 1910): disable disable2
09-16 01:18:57.324 I/sysui_multi_action( 1128): [757,127,758,1]
09-16 01:18:57.324 I/sysui_multi_action( 1128): [757,804,799,note_load,801,5,802,1]
09-16 01:18:57.324 I/notification_panel_revealed( 1128): 5
09-16 01:18:57.325 I/sysui_multi_action( 1910): [757,111,758,2]
09-16 01:18:57.326 I/sysui_multi_action( 1910): [757,111,758,2]
09-16 01:18:57.349 I/input_focus( 1128): [Focus request 59e8c99 NotificationShade,reason=UpdateInputWindows]
09-16 01:18:57.353 I/sysui_multi_action( 1910): [757,111,758,1]
09-16 01:18:57.353 I/sysui_multi_action( 1910): [757,126,758,1,759,126,927,0,928,0,1593,1]
09-16 01:18:57.353 I/sysui_multi_action( 1910): [757,113,758,1,759,113,927,1,928,1,1593,1]
09-16 01:18:57.353 I/sysui_multi_action( 1910): [757,0,758,1,759,0,927,2,928,0,1593,1]
09-16 01:18:57.353 I/sysui_multi_action( 1910): [757,0,758,1,759,0,927,3,928,1,1593,1]
09-16 01:18:57.354 I/sysui_multi_action( 1910): [757,1706,758,1,759,1706,927,4,928,0,1593,1]
09-16 01:18:57.354 I/sysui_multi_action( 1910): [757,491,758,1,759,491,927,5,928,0,1311,-1,1593,0]
09-16 01:18:57.354 I/sysui_multi_action( 1910): [757,0,758,1,759,0,927,6,1593,0]
09-16 01:18:57.354 I/sysui_multi_action( 1910): [757,114,758,1,759,114,927,7,928,1,1593,0]
09-16 01:18:57.354 I/sysui_multi_action( 1910): [757,268,758,1,759,268,806,com.ss.android.ugc.aweme,871,com.ss.android.ugc.aweme.tile.PublishTileService,927,8,1593,0]
09-16 01:18:57.354 I/sysui_multi_action( 1910): [757,111,758,1]
09-16 01:18:57.355 I/sysui_multi_action( 1910): [757,126,758,1,759,126,927,0,928,0,1593,1]
09-16 01:18:57.355 I/sysui_multi_action( 1910): [757,113,758,1,759,113,927,1,928,1,1593,1]
09-16 01:18:57.355 I/sysui_multi_action( 1910): [757,0,758,1,759,0,927,2,928,0,1593,1]
09-16 01:18:57.355 I/sysui_multi_action( 1910): [757,0,758,1,759,0,927,3,928,1,1593,1]
09-16 01:18:57.357 W/View ( 1910): requestLayout() improperly called by com.android.systemui.statusbar.phone.StatusIconContainer{8bf0d53 V.E...... ......ID 0,0-77,72 #7f0b0586 app:id/statusIcons} during layout: running second layout pass
01-01 13:42:32.113 D/ ( 0): mv2112_read_status
01-01 13:42:32.119 D/mv2112_update_link( 0): 3.0x901(1G): 0x80
09-16 01:18:57.368 I/sysui_multi_action( 1910): [757,111,758,2]
09-16 01:18:57.369 I/sysui_multi_action( 1910): [757,111,758,2]
09-16 01:18:57.373 I/sysui_multi_action( 1910): [757,111,758,1]
09-16 01:18:57.374 I/sysui_multi_action( 1910): [757,126,758,1,759,126,927,0,928,0,1593,1]
09-16 01:18:57.374 I/sysui_multi_action( 1910): [757,113,758,1,759,113,927,1,928,1,1593,1]
09-16 01:18:57.374 I/sysui_multi_action( 1910): [757,0,758,1,759,0,927,2,928,0,1593,1]
09-16 01:18:57.374 I/sysui_multi_action( 1910): [757,0,758,1,759,0,927,3,928,1,1593,1]
09-16 01:18:57.374 I/sysui_multi_action( 1910): [757,1706,758,1,759,1706,927,4,928,0,1593,1]
09-16 01:18:57.375 I/sysui_multi_action( 1910): [757,491,758,1,759,491,927,5,928,0,1311,-1,1593,1]
09-16 01:18:57.375 I/sysui_multi_action( 1910): [757,0,758,1,759,0,927,6,1593,1]
09-16 01:18:57.375 I/sysui_multi_action( 1910): [757,114,758,1,759,114,927,7,928,1,1593,1]
09-16 01:18:57.375 I/sysui_multi_action( 1910): [757,268,758,1,759,268,806,com.ss.android.ugc.aweme,871,com.ss.android.ugc.aweme.tile.PublishTileService,927,8,1593,1]
09-16 01:18:57.375 I/sysui_multi_action( 1910): [757,111,758,1]
09-16 01:18:57.375 I/sysui_multi_action( 1910): [757,126,758,1,759,126,927,0,928,0,1593,1]
09-16 01:18:57.375 I/sysui_multi_action( 1910): [757,113,758,1,759,113,927,1,928,1,1593,1]
09-16 01:18:57.375 I/sysui_multi_action( 1910): [757,0,758,1,759,0,927,2,928,0,1593,1]
09-16 01:18:57.375 I/sysui_multi_action( 1910): [757,0,758,1,759,0,927,3,928,1,1593,1]
09-16 01:18:57.376 I/input_focus( 1128): [Focus leaving 7ccd273 com.android.launcher3/com.android.launcher3.uioverrides.QuickstepLauncher (server),reason=setFocusedWindow]
09-16 01:18:57.376 I/input_focus( 1128): [Focus entering 59e8c99 NotificationShade (server),reason=setFocusedWindow]
09-16 01:18:57.377 W/View ( 1910): requestLayout() improperly called by com.android.systemui.statusbar.phone.StatusIconContainer{8bf0d53 V.E...... ......I. 0,0-77,72 #7f0b0586 app:id/statusIcons} during layout: running second layout pass
01-01 13:42:32.126 D/mv2112_update_link( 0): 3.0x8109(100M): 0x0
01-01 13:42:32.133 D/mv2112_update_link( 0): link 0x0
01-01 13:42:32.138 D/mv2112_read_status( 0): autoneg is disabled
09-16 01:18:57.391 I/sysui_multi_action( 1910): [757,111,758,2]
09-16 01:18:57.391 I/OMX-VENC: venc_dev( 1344): stats: avg. fps 0.09, bitrate 2777
09-16 01:18:57.391 I/sysui_multi_action( 1910): [757,111,758,2]
09-16 01:18:57.394 I/OMX-VENC: venc_dev( 1344): stats: avg. fps 0.31, bitrate 48609
09-16 01:18:57.399 I/sysui_multi_action( 1910): [757,111,758,1]
09-16 01:18:57.399 I/sysui_multi_action( 1910): [757,126,758,1,759,126,927,0,928,0,1593,1]
09-16 01:18:57.400 I/sysui_multi_action( 1910): [757,113,758,1,759,113,927,1,928,1,1593,1]
09-16 01:18:57.400 I/sysui_multi_action( 1910): [757,0,758,1,759,0,927,2,928,0,1593,1]
09-16 01:18:57.400 I/sysui_multi_action( 1910): [757,0,758,1,759,0,927,3,928,1,1593,1]
09-16 01:18:57.400 I/sysui_multi_action( 1910): [757,1706,758,1,759,1706,927,4,928,0,1593,1]
09-16 01:18:57.400 I/sysui_multi_action( 1910): [757,491,758,1,759,491,927,5,928,0,1311,-1,1593,1]
09-16 01:18:57.401 I/sysui_multi_action( 1910): [757,0,758,1,759,0,927,6,1593,1]
09-16 01:18:57.401 I/sysui_multi_action( 1910): [757,114,758,1,759,114,927,7,928,1,1593,1]
09-16 01:18:57.401 I/sysui_multi_action( 1910): [757,268,758,1,759,268,806,com.ss.android.ugc.aweme,871,com.ss.android.ugc.aweme.tile.PublishTileService,927,8,1593,1]
09-16 01:18:57.401 I/sysui_multi_action( 1910): [757,111,758,1]
09-16 01:18:57.401 I/sysui_multi_action( 1910): [757,126,758,1,759,126,927,0,928,0,1593,0]
09-16 01:18:57.401 I/sysui_multi_action( 1910): [757,113,758,1,759,113,927,1,928,1,1593,0]
09-16 01:18:57.401 I/sysui_multi_action( 1910): [757,0,758,1,759,0,927,2,928,0,1593,0]
09-16 01:18:57.401 I/sysui_multi_action( 1910): [757,0,758,1,759,0,927,3,928,1,1593,0]
09-16 01:18:57.403 W/View ( 1910): requestLayout() improperly called by com.android.systemui.statusbar.phone.StatusIconContainer{8bf0d53 V.E...... ......I. 0,0-77,72 #7f0b0586 app:id/statusIcons} during layout: running second layout pass
09-16 01:18:57.413 I/sysui_multi_action( 1910): [757,111,758,2]
09-16 01:18:57.413 I/sysui_multi_action( 1910): [757,111,758,2]
09-16 01:18:57.417 I/sysui_multi_action( 1910): [757,111,758,1]
09-16 01:18:57.417 I/sysui_multi_action( 1910): [757,126,758,1,759,126,927,0,928,0,1593,1]
09-16 01:18:57.417 I/sysui_multi_action( 1910): [757,113,758,1,759,113,927,1,928,1,1593,1]
09-16 01:18:57.417 I/sysui_multi_action( 1910): [757,0,758,1,759,0,927,2,928,0,1593,1]
09-16 01:18:57.418 I/sysui_multi_action( 1910): [757,0,758,1,759,0,927,3,928,1,1593,1]
09-16 01:18:57.418 I/sysui_multi_action( 1910): [757,1706,758,1,759,1706,927,4,928,0,1593,1]
09-16 01:18:57.418 I/sysui_multi_action( 1910): [757,491,758,1,759,491,927,5,928,0,1311,-1,1593,1]
09-16 01:18:57.418 I/sysui_multi_action( 1910): [757,0,758,1,759,0,927,6,1593,1]
09-16 01:18:57.418 I/sysui_multi_action( 1910): [757,114,758,1,759,114,927,7,928,1,1593,1]
09-16 01:18:57.418 I/sysui_multi_action( 1910): [757,268,758,1,759,268,806,com.ss.android.ugc.aweme,871,com.ss.android.ugc.aweme.tile.PublishTileService,927,8,1593,1]
09-16 01:18:57.419 I/sysui_multi_action( 1910): [757,111,758,1]
09-16 01:18:57.419 I/sysui_multi_action( 1910): [757,126,758,1,759,126,927,0,928,0,1593,0]
09-16 01:18:57.419 I/sysui_multi_action( 1910): [757,113,758,1,759,113,927,1,928,1,1593,0]
09-16 01:18:57.419 I/sysui_multi_action( 1910): [757,0,758,1,759,0,927,2,928,0,1593,0]
09-16 01:18:57.419 I/sysui_multi_action( 1910): [757,0,758,1,759,0,927,3,928,1,1593,0]
09-16 01:18:57.421 W/View ( 1910): requestLayout() improperly called by com.android.systemui.statusbar.phone.StatusIconContainer{8bf0d53 V.E...... ......I. 0,0-77,72 #7f0b0586 app:id/statusIcons} during layout: running second layout pass
09-16 01:18:57.444 I/sysui_multi_action( 1910): [757,111,758,2]
09-16 01:18:57.444 I/sysui_multi_action( 1910): [757,111,758,2]
09-16 01:18:57.447 W/HWComposer( 1065): Ignoring duplicate VSYNC event from HWC for display 4630946370410392961 (t=1762229835000)
09-16 01:18:57.448 I/sysui_multi_action( 1910): [757,111,758,1]
09-16 01:18:57.448 I/sysui_multi_action( 1910): [757,126,758,1,759,126,927,0,928,0,1593,1]
09-16 01:18:57.448 I/sysui_multi_action( 1910): [757,113,758,1,759,113,927,1,928,1,1593,1]
09-16 01:18:57.448 I/sysui_multi_action( 1910): [757,0,758,1,759,0,927,2,928,0,1593,1]
09-16 01:18:57.448 I/sysui_multi_action( 1910): [757,0,758,1,759,0,927,3,928,1,1593,1]
09-16 01:18:57.448 I/sysui_multi_action( 1910): [757,1706,758,1,759,1706,927,4,928,0,1593,1]
09-16 01:18:57.449 I/sysui_multi_action( 1910): [757,491,758,1,759,491,927,5,928,0,1311,-1,1593,1]
09-16 01:18:57.449 I/sysui_multi_action( 1910): [757,0,758,1,759,0,927,6,1593,1]
09-16 01:18:57.449 I/sysui_multi_action( 1910): [757,114,758,1,759,114,927,7,928,1,1593,1]
09-16 01:18:57.449 I/sysui_multi_action( 1910): [757,268,758,1,759,268,806,com.ss.android.ugc.aweme,871,com.ss.android.ugc.aweme.tile.PublishTileService,927,8,1593,1]
09-16 01:18:57.449 I/sysui_multi_action( 1910): [757,111,758,1]
09-16 01:18:57.449 I/sysui_multi_action( 1910): [757,126,758,1,759,126,927,0,928,0,1593,1]
09-16 01:18:57.450 I/sysui_multi_action( 1910): [757,113,758,1,759,113,927,1,928,1,1593,1]
09-16 01:18:57.450 I/sysui_multi_action( 1910): [757,0,758,1,759,0,927,2,928,0,1593,1]
09-16 01:18:57.450 I/sysui_multi_action( 1910): [757,0,758,1,759,0,927,3,928,1,1593,1]
09-16 01:18:57.451 W/View ( 1910): requestLayout() improperly called by com.android.systemui.statusbar.phone.StatusIconContainer{8bf0d53 V.E...... ......I. 0,0-77,72 #7f0b0586 app:id/statusIcons} during layout: running second layout pass
09-16 01:18:57.464 W/HWComposer( 1065): Ignoring duplicate VSYNC event from HWC for display 4630946370410392961 (t=1762246502000)
09-16 01:18:57.480 W/HWComposer( 1065): Ignoring duplicate VSYNC event from HWC for display 4630946370410392961 (t=1762263252000)
09-16 01:18:57.497 W/HWComposer( 1065): Ignoring duplicate VSYNC event from HWC for display 4630946370410392961 (t=1762279973000)
09-16 01:18:57.612 I/mpu_uart( 664): [MSG-P:RECV]:No message received in 1000 ms
01-01 13:42:32.478 I/init ( 0): starting service 'qvrd_vndr'...
01-01 13:42:32.484 I/init ( 0): Created socket '/dev/socket/qvrservice_vndr', mode 660, user 1000, group 1000
01-01 13:42:32.494 I/init ( 0): Created socket '/dev/socket/qvrservice_vndr_camera', mode 660, user 1000, group 1000
01-01 13:42:32.514 I/init ( 0): starting service 'sxrd'...
09-16 01:18:57.778 F/linker ( 7658): CANNOT LINK EXECUTABLE "/vendor/bin/hw/qvrservice": library "vendor.qti.hardware.qxr-V1-ndk_platform.so" not found: needed by /vendor/lib64/libqvrservice.so in namespace (default)
01-01 13:42:32.529 I/init ( 0): starting service 'vendor.light-hal-2-0'...
09-16 01:18:57.785 F/linker ( 7659): CANNOT LINK EXECUTABLE "/vendor/bin/hw/sxrservice": library "vendor.qti.hardware.qxr-V1-ndk_platform.so" not found: needed by main executable
01-01 13:42:32.547 I/init ( 0): Service 'qvrd_vndr' (pid 7658) exited with status 1
01-01 13:42:32.553 I/init ( 0): Sending signal 9 to service 'qvrd_vndr' (pid 7658) process group...
01-01 13:42:32.562 I/libprocessgroup( 0): Successfully killed process cgroup uid 1000 pid 7658 in 0ms
09-16 01:18:57.810 I/hwservicemanager( 516): getTransport: Cannot find entry android.hardware.light@2.0::ILight/default in either framework or device VINTF manifest.
09-16 01:18:57.812 E/light ( 7660): light_open lights keyboard failed: -22
01-01 13:42:32.571 I/init ( 0): Service 'sxrd' (pid 7659) exited with status 1
09-16 01:18:57.813 E/light ( 7660): Light passthrough failed to load legacy HAL.
09-16 01:18:57.813 E/light ( 7660): light_open lights buttons failed: -22
09-16 01:18:57.813 E/light ( 7660): Light passthrough failed to load legacy HAL.
09-16 01:18:57.815 E/light ( 7660): light_open lights bluetooth failed: -22
09-16 01:18:57.815 E/light ( 7660): Light passthrough failed to load legacy HAL.
09-16 01:18:57.816 E/light ( 7660): light_open lights wifi failed: -22
09-16 01:18:57.816 E/light ( 7660): Light passthrough failed to load legacy HAL.
09-16 01:18:57.816 I/hwservicemanager( 516): getTransport: Cannot find entry android.hardware.light@2.0::ILight/default in either framework or device VINTF manifest.
09-16 01:18:57.817 E/HidlServiceManagement( 7660): Service android.hardware.light@2.0::ILight/default must be in VINTF manifest in order to register/get.
09-16 01:18:57.817 E/LegacySupport( 7660): Could not register service android.hardware.light@2.0::ILight/default (-2147483648).
01-01 13:42:32.578 I/init ( 0): Sending signal 9 to service 'sxrd' (pid 7659) process group...
09-16 01:18:57.901 I/sysui_multi_action( 1128): [757,128,758,1,793,1706629,794,0,795,1706629,796,26,798,1,806,android,857,DEVELOPER_IMPORTANT,858,4,947,0,1395,5,1500,1705869,1688,1]
09-16 01:18:57.902 I/sysui_multi_action( 1128): [757,804,799,note_freshness,801,1706629,802,1]
09-16 01:18:57.902 I/notification_visibility( 1128): [-1|android|26|null|1000,1,1706629,1706629,0,1]
09-16 01:18:57.903 I/sysui_multi_action( 1128): [757,128,758,1,793,1510270,794,0,795,1510270,796,4273,798,2,806,com.android.systemui,857,screen_record,858,3,947,0,1395,5,1500,1510067,1688,1,1745,680407814]
09-16 01:18:57.903 I/sysui_multi_action( 1128): [757,804,799,note_freshness,801,1510270,802,1]
09-16 01:18:57.903 I/notification_visibility( 1128): [0|com.android.systemui|4273|null|10087,1,1510270,1510270,0,2]
09-16 01:18:57.904 I/sysui_multi_action( 1128): [757,128,758,1,793,1706502,794,0,795,1706502,796,55,798,3,806,android,857,DEVELOPER,858,2,947,0,1395,5,1500,1705869,1688,1]
09-16 01:18:57.904 I/sysui_multi_action( 1128): [757,804,799,note_freshness,801,1706502,802,1]
09-16 01:18:57.904 I/notification_visibility( 1128): [-1|android|55|null|1000,1,1706502,1706502,0,3]
09-16 01:18:57.905 I/sysui_multi_action( 1128): [757,128,758,1,793,50965,794,0,795,50965,796,4274,798,0,806,com.android.systemui,857,screen_record,858,3,947,0,1395,5,1500,50760,1688,1]
09-16 01:18:57.905 I/sysui_multi_action( 1128): [757,804,799,note_freshness,801,50965,802,1]
09-16 01:18:57.906 I/notification_visibility( 1128): [0|com.android.systemui|4274|null|10087,1,50965,50965,0,0]
09-16 01:18:57.906 I/sysui_multi_action( 1128): [757,128,758,1,793,1709936,794,0,795,1709936,796,32,798,4,806,android,857,USB,858,1,947,0,1395,5,1500,1709749,1688,1]
09-16 01:18:57.906 I/sysui_multi_action( 1128): [757,804,799,note_freshness,801,1709936,802,1]
09-16 01:18:57.907 I/notification_visibility( 1128): [-1|android|32|null|1000,1,1709936,1709936,0,4]
01-01 13:42:32.690 E/i2c_geni 980000.i2c( 0): i2c error :-107
01-01 13:42:32.695 E/ ( 0): [MAX975X:mcu_keep_wakeup_work_func] *ERROR* Failed to write dev:0x15 addr:0x22 value:0x80
01-01 13:42:32.706 E/i2c_geni 980000.i2c( 0): i2c error :-107
01-01 13:42:32.711 E/ ( 0): [MAX975X:mcu_keep_wakeup_work_func] *ERROR* Failed to write dev:0x15 addr:0x20 value:0x09
09-16 01:18:58.273 I/mpu_uart( 664): [MSG-P:R]:recv sync frame timeout
09-16 01:18:58.397 I/OMX-VENC: venc_dev( 1344): stats: avg. fps 44.74, bitrate 2925661
09-16 01:18:58.417 I/OMX-VENC: venc_dev( 1344): stats: avg. fps 44.95, bitrate 5533332
01-01 13:42:33.169 D/ ( 0): mv2112_read_status
01-01 13:42:33.172 D/mv2112_update_link( 0): 3.0x901(1G): 0x80
01-01 13:42:33.180 D/mv2112_update_link( 0): 3.0x8109(100M): 0x0
01-01 13:42:33.186 D/mv2112_update_link( 0): link 0x0
01-01 13:42:33.191 D/mv2112_read_status( 0): autoneg is disabled
09-16 01:18:58.612 I/mpu_uart( 664): [MSG-P:RECV]:No message received in 1000 ms
09-16 01:18:58.719 W/FrameTracker( 1910): Missed SF frame:66
09-16 01:18:58.720 W/FrameTracker( 1910): Missed SF frame:66
09-16 01:18:58.720 W/FrameTracker( 1910): Missed SF frame:66
09-16 01:18:58.720 W/FrameTracker( 1910): Missed SF frame:66
09-16 01:18:58.720 W/FrameTracker( 1910): Missed SF frame:66
09-16 01:18:58.725 W/FrameTracker( 1910): Missed SF frame:66
09-16 01:18:58.725 W/FrameTracker( 1910): Missed SF frame:66
09-16 01:18:58.725 W/FrameTracker( 1910): Missed SF frame:66
09-16 01:18:58.725 W/FrameTracker( 1910): Missed SF frame:66
09-16 01:18:58.726 W/FrameTracker( 1910): Missed SF frame:66
09-16 01:18:58.726 W/FrameTracker( 1910): Missed SF frame:66
09-16 01:18:58.726 W/FrameTracker( 1910): Missed SF frame:66
09-16 01:18:58.726 W/FrameTracker( 1910): Missed SF frame:66
09-16 01:18:58.726 W/FrameTracker( 1910): Missed SF frame:66
09-16 01:18:58.726 W/FrameTracker( 1910): Missed SF frame:66
09-16 01:18:58.726 W/FrameTracker( 1910): Missed SF frame:66
09-16 01:18:58.726 W/FrameTracker( 1910): Missed SF frame:66
09-16 01:18:58.726 W/FrameTracker( 1910): Missed SF frame:66
09-16 01:18:58.726 W/FrameTracker( 1910): Missed SF frame:66
09-16 01:18:58.726 W/FrameTracker( 1910): Missed SF frame:66
09-16 01:18:58.727 V/PerfettoTrigger( 1910): Triggering /system/bin/trigger_perfetto com.android.telemetry.interaction-jank-monitor-0
09-16 01:18:58.853 I/input_interaction( 1128): Interaction with: 59e8c99 NotificationShade (server), edge-swipe (server), swipe-up (server), PointerEventDispatcher0 (server),
09-16 01:18:58.999 I/HttpClient( 2063): onFailed
09-16 01:18:59.000 I/MicroService( 2063): sendConnectStateBroadCast() state0
09-16 01:18:59.002 I/MicroService( 2063): onNettyConnectState0
09-16 01:18:59.003 I/MicroService( 2063): onNettyConnectState count = 0
09-16 01:18:59.261 I/sysui_multi_action( 1910): [757,366,758,4,759,126,927,0,928,0,1592,0,1593,1]
09-16 01:18:59.267 D/vendor.qti.vibrator( 1005): Vibrator perform effect 5
09-16 01:18:59.269 D/ActivityLaunchAnimator( 1910): Starting intent with a launch animation
09-16 01:18:59.270 D/vendor.qti.vibrator( 1005): Vibrator on for timeoutMs: 1
09-16 01:18:59.271 D/vendor.qti.vibrator( 1005): Starting on on another thread
09-16 01:18:59.271 D/vendor.qti.vibrator( 1005): QTI Vibrator off
09-16 01:18:59.273 I/EventSequenceValidator( 1128): Transition from ACTIVITY_CANCELLED to INTENT_STARTED --------- beginning of system
09-16 01:18:59.275 I/ActivityTaskManager( 1128): START u0 {act=android.settings.WIFI_SETTINGS flg=0x14000000 cmp=com.android.settings/.Settings$WifiSettingsActivity} from uid 10087
09-16 01:18:59.276 D/vendor.qti.vibrator( 1005): Notifying on complete
09-16 01:18:59.282 E/ANDR-PERF-JNI( 1128): com_qualcomm_qtiperformance_native_perf_io_prefetch_start
09-16 01:18:59.285 I/wm_task_created( 1128): [168,-1]
09-16 01:18:59.285 W/ActivityTaskManager( 1128): Can't find TaskDisplayArea to determine support for multi window. Task id=168 attached=false
09-16 01:18:59.289 D/vendor.qti.vibrator( 1005): Vibrator on for timeoutMs: 21
09-16 01:18:59.291 D/vendor.qti.vibrator( 1005): Starting on on another thread
09-16 01:18:59.297 I/wm_task_moved( 1128): [168,1,6]
09-16 01:18:59.297 I/wm_task_to_front( 1128): [0,168]
09-16 01:18:59.297 I/wm_create_task( 1128): [0,168]
09-16 01:18:59.297 I/wm_create_activity( 1128): [0,259213874,168,com.android.settings/.Settings$WifiSettingsActivity,android.settings.WIFI_SETTINGS,NULL,NULL,335544320]
09-16 01:18:59.298 I/wm_task_moved( 1128): [168,1,6]
09-16 01:18:59.298 D/CompatibilityInfo( 1128): mCompatibilityFlags - 4
09-16 01:18:59.298 D/CompatibilityInfo( 1128): applicationDensity - 240
09-16 01:18:59.298 D/CompatibilityInfo( 1128): applicationScale - 1.0
09-16 01:18:59.299 D/ActivityTrigger( 1128): ActivityTrigger activityPauseTrigger
09-16 01:18:59.300 I/wm_pause_activity( 1128): [0,235585230,com.android.launcher3/.uioverrides.QuickstepLauncher,userLeaving=true,pauseBackTasks]
09-16 01:18:59.303 I/wm_on_top_resumed_lost_called( 2439): [235585230,com.android.launcher3.uioverrides.QuickstepLauncher,topStateChangedWhenResumed]
09-16 01:18:59.305 D/PhoneStartingWindowTypeAlgorithm( 1910): preferredStartingWindowType newTask:true taskSwitch:true processRunning:false allowTaskSnapshot:true activityCreated:false useEmptySplashScreen:true legacySplashScreen:false topIsHome:false
09-16 01:18:59.305 D/StartingSurfaceDrawer( 1910): addSplashScreen com.android.settings theme=7f13033c task=168 suggestType=3
09-16 01:18:59.306 D/StartingSurfaceDrawer( 1910): addSplashScreen: creating context based on task Configuration {1.0 ?mcc?mnc [zh_CN] ldltr sw680dp w1586dp h608dp 240dpi lrg long hdr land -touch -keyb/v/h -nav/h winConfig={ mBounds=Rect(0, 0 - 2380, 1020) mAppBounds=Rect(0, 0 - 2380, 948) mMaxBounds=Rect(0, 0 - 2380, 1020) mWindowingMode=fullscreen mDisplayWindowingMode=fullscreen mActivityType=standard mAlwaysOnTop=undefined mRotation=ROTATION_0} s.1 fontWeightAdjustment=0} for splash screen
09-16 01:18:59.307 D/StartingSurfaceDrawer( 1910): addSplashScreen: apply overrideConfig{1.0 ?mcc?mnc [zh_CN] ldltr sw680dp w1586dp h608dp 240dpi lrg long hdr land -touch -keyb/v/h -nav/h winConfig={ mBounds=Rect(0, 0 - 2380, 1020) mAppBounds=Rect(0, 0 - 2380, 948) mMaxBounds=Rect(0, 0 - 2380, 1020) mWindowingMode=fullscreen mDisplayWindowingMode=fullscreen mActivityType=standard mAlwaysOnTop=undefined mRotation=ROTATION_0} s.1 fontWeightAdjustment=0} to starting window resId=17170463
09-16 01:18:59.309 D/CompatibilityChangeReporter( 1128): Compat change id reported: 135634846; UID 1000; state: DISABLED
09-16 01:18:59.309 D/CompatibilityChangeReporter( 1128): Compat change id reported: 177438394; UID 1000; state: DISABLED
09-16 01:18:59.309 D/CompatibilityChangeReporter( 1128): Compat change id reported: 135772972; UID 1000; state: DISABLED
09-16 01:18:59.309 D/CompatibilityChangeReporter( 1128): Compat change id reported: 135754954; UID 1000; state: ENABLED
09-16 01:18:59.309 E/ANDR-IOP( 977): io prefetch is disabled
09-16 01:18:59.310 I/EventSequenceValidator( 1128): Transition from INTENT_STARTED to ACTIVITY_LAUNCHED
09-16 01:18:59.311 D/StartingSurfaceDrawer( 1910): window attributes color: 0 icon null duration 0 brandImage null
09-16 01:18:59.312 D/vendor.qti.vibrator( 1005): Notifying on complete
09-16 01:18:59.313 D/SplashScreenView( 1910): Build android.window.SplashScreenView{3411ce3 V.E...... ......ID 0,0-0,0}
09-16 01:18:59.313 D/SplashScreenView( 1910): Icon: view: null drawable: null size: 0
09-16 01:18:59.313 D/SplashScreenView( 1910): Branding: view: android.view.View{418a6e0 G.ED..... ......I. 0,0-0,0 #10204a8 android:id/splashscreen_branding_view} drawable: null size w: 0 h: 0
09-16 01:18:59.313 D/StartingSurfaceDrawer( 1910): fillViewWithIcon surfaceWindowView android.window.SplashScreenView{3411ce3 V.E...... ......ID 0,0-0,0}
09-16 01:18:59.313 D/vendor.qti.vibrator( 1005): QTI Vibrator off
09-16 01:18:59.308 I/wm_on_paused_called( 2439): [235585230,com.android.launcher3.uioverrides.QuickstepLauncher,performPause]
09-16 01:18:59.320 D/ActivityLaunchAnimator( 1910): launchResult=0 willAnimate=true isOnKeyguard=false
09-16 01:18:59.320 I/wm_add_to_stopping( 1128): [0,235585230,com.android.launcher3/.uioverrides.QuickstepLauncher,makeInvisible]
09-16 01:18:59.325 I/sysui_multi_action( 1128): [757,803,799,window_time_0,802,26]
09-16 01:18:59.335 I/perfetto( 1261): ing_service_impl.cc:912 Configured tracing session 6, #sources:1, duration:5000 ms, #buffers:1, total buffer size:4096 KB, total sessions:1, uid:1071 session name: ""
09-16 01:18:59.336 I/perfetto( 1259): probes_producer.cc:241 Ftrace setup (target_buf=6)
09-16 01:18:59.342 D/Zygote ( 689): Forked child process 7672
09-16 01:18:59.343 I/am_proc_start( 1128): [0,7672,1000,com.android.settings,pre-top-activity,{com.android.settings/com.android.settings.Settings$WifiSettingsActivity}]
09-16 01:18:59.343 I/ActivityManager( 1128): Start proc 7672:com.android.settings/1000 for pre-top-activity {com.android.settings/com.android.settings.Settings$WifiSettingsActivity}
09-16 01:18:59.344 W/ContextImpl( 1128): Calling a method in the system process without a qualified user: android.app.ContextImpl.sendBroadcast:1173 com.qualcomm.qti.Performance$SendGameLaunchBroadcast.run:217 java.lang.Thread.run:920
09-16 01:18:59.354 W/SQLiteLog( 2965): (28) double-quoted string literal: "com.android.settings"
09-16 01:18:59.402 I/OMX-VENC: venc_dev( 1344): stats: avg. fps 32.82, bitrate 592028
09-16 01:18:59.417 D/ActivityLaunchAnimator( 1910): Remote animation started
09-16 01:18:59.418 D/ActivityLaunchAnimator( 1910): Animation started
09-16 01:18:59.423 I/OMX-VENC: venc_dev( 1344): stats: avg. fps 30.82, bitrate 2036550
09-16 01:18:59.440 I/perfetto( 1259): ftrace_procfs.cc:206 enabled ftrace in /sys/kernel/tracing/
01-01 13:42:34.187 I/perfetto( 0): enabled ftrace
01-01 13:42:34.193 D/ ( 0): mv2112_read_status
01-01 13:42:34.196 D/mv2112_update_link( 0): 3.0x901(1G): 0x80
01-01 13:42:34.202 D/mv2112_update_link( 0): 3.0x8109(100M): 0x0
01-01 13:42:34.208 D/mv2112_update_link( 0): link 0x0
01-01 13:42:34.213 D/mv2112_read_status( 0): autoneg is disabled
09-16 01:18:59.474 I/adbd ( 2808): jdwp connection from 7672
09-16 01:18:59.482 D/ProcessState( 7672): Binder ioctl to enable oneway spam detection failed: Invalid argument
01-01 13:42:34.227 I/binder ( 0): 7672:7672 ioctl 40046210 7fc00287a4 returned -22
09-16 01:18:59.486 I/am_proc_bound( 1128): [0,7672,com.android.settings]
09-16 01:18:59.488 D/CompatibilityInfo( 1128): mCompatibilityFlags - 4
09-16 01:18:59.488 D/CompatibilityInfo( 1128): applicationDensity - 240
09-16 01:18:59.488 D/CompatibilityInfo( 1128): applicationScale - 1.0
09-16 01:18:59.490 I/wm_restart_activity( 1128): [0,259213874,168,com.android.settings/.Settings$WifiSettingsActivity]
09-16 01:18:59.490 D/CompatibilityInfo( 1128): mCompatibilityFlags - 4
09-16 01:18:59.490 D/CompatibilityInfo( 1128): applicationDensity - 240
09-16 01:18:59.490 D/CompatibilityInfo( 1128): applicationScale - 1.0
09-16 01:18:59.490 I/wm_set_resumed_activity( 1128): [0,com.android.settings/.Settings$WifiSettingsActivity,minimalResumeActivityLocked]
09-16 01:18:59.493 D/CompatibilityChangeReporter( 7672): Compat change id reported: 171979766; UID 1000; state: ENABLED
09-16 01:18:59.500 W/ndroid.setting( 7672): ClassLoaderContext shared library size mismatch. Expected=2, found=0 (PCL[]{PCL[/system/framework/org.apache.http.legacy.jar*2058259660]#PCL[/system_ext/framework/extphonelib.jar*2894378777]} | PCL[])
09-16 01:18:59.514 I/Perf ( 7672): Connecting to perf service.
