09-16 01:08:00.922 I/sysui_multi_action( 1910): [757,268,758,1,759,268,806,com.ss.android.ugc.aweme,871,com.ss.android.ugc.aweme.tile.PublishTileService,927,8,1593,1]
09-16 01:08:00.922 I/sysui_multi_action( 1910): [757,111,758,1]
09-16 01:08:00.922 I/sysui_multi_action( 1910): [757,126,758,1,759,126,927,0,928,0,1593,1]
09-16 01:08:00.922 I/sysui_multi_action( 1910): [757,113,758,1,759,113,927,1,928,1,1593,1]
09-16 01:08:00.922 I/sysui_multi_action( 1910): [757,0,758,1,759,0,927,2,928,0,1593,1]
09-16 01:08:00.923 I/sysui_multi_action( 1910): [757,0,758,1,759,0,927,3,928,0,1593,1]
09-16 01:08:00.936 I/sysui_multi_action( 1910): [757,111,758,2]
09-16 01:08:00.936 I/sysui_multi_action( 1910): [757,111,758,2]
09-16 01:08:00.940 I/sysui_multi_action( 1910): [757,111,758,1]
09-16 01:08:00.940 I/sysui_multi_action( 1910): [757,126,758,1,759,126,927,0,928,0,1593,1]
09-16 01:08:00.940 I/sysui_multi_action( 1910): [757,113,758,1,759,113,927,1,928,1,1593,1]
09-16 01:08:00.940 I/sysui_multi_action( 1910): [757,0,758,1,759,0,927,2,928,0,1593,1]
09-16 01:08:00.940 I/sysui_multi_action( 1910): [757,0,758,1,759,0,927,3,928,0,1593,1]
09-16 01:08:00.940 I/sysui_multi_action( 1910): [757,1706,758,1,759,1706,927,4,928,0,1593,1]
09-16 01:08:00.941 I/sysui_multi_action( 1910): [757,491,758,1,759,491,927,5,928,0,1311,-1,1593,1]
09-16 01:08:00.941 I/sysui_multi_action( 1910): [757,0,758,1,759,0,927,6,1593,1]
09-16 01:08:00.941 I/sysui_multi_action( 1910): [757,114,758,1,759,114,927,7,928,0,1593,1]
09-16 01:08:00.941 I/sysui_multi_action( 1910): [757,268,758,1,759,268,806,com.ss.android.ugc.aweme,871,com.ss.android.ugc.aweme.tile.PublishTileService,927,8,1593,1]
09-16 01:08:00.941 I/sysui_multi_action( 1910): [757,111,758,1]
09-16 01:08:00.941 I/sysui_multi_action( 1910): [757,126,758,1,759,126,927,0,928,0,1593,0]
09-16 01:08:00.941 I/sysui_multi_action( 1910): [757,113,758,1,759,113,927,1,928,1,1593,0]
09-16 01:08:00.941 I/sysui_multi_action( 1910): [757,0,758,1,759,0,927,2,928,0,1593,0]
09-16 01:08:00.942 I/sysui_multi_action( 1910): [757,0,758,1,759,0,927,3,928,0,1593,0]
09-16 01:08:00.967 I/sysui_multi_action( 1910): [757,111,758,2]
09-16 01:08:00.967 I/sysui_multi_action( 1910): [757,111,758,2]
09-16 01:08:00.971 I/sysui_multi_action( 1910): [757,111,758,1]
09-16 01:08:00.971 I/sysui_multi_action( 1910): [757,126,758,1,759,126,927,0,928,0,1593,1]
09-16 01:08:00.971 I/sysui_multi_action( 1910): [757,113,758,1,759,113,927,1,928,1,1593,1]
09-16 01:08:00.971 I/sysui_multi_action( 1910): [757,0,758,1,759,0,927,2,928,0,1593,1]
09-16 01:08:00.971 I/sysui_multi_action( 1910): [757,0,758,1,759,0,927,3,928,0,1593,1]
09-16 01:08:00.971 I/sysui_multi_action( 1910): [757,1706,758,1,759,1706,927,4,928,0,1593,1]
09-16 01:08:00.972 I/sysui_multi_action( 1910): [757,491,758,1,759,491,927,5,928,0,1311,-1,1593,1]
09-16 01:08:00.972 I/sysui_multi_action( 1910): [757,0,758,1,759,0,927,6,1593,1]
09-16 01:08:00.972 I/sysui_multi_action( 1910): [757,114,758,1,759,114,927,7,928,0,1593,1]
09-16 01:08:00.972 I/sysui_multi_action( 1910): [757,268,758,1,759,268,806,com.ss.android.ugc.aweme,871,com.ss.android.ugc.aweme.tile.PublishTileService,927,8,1593,1]
09-16 01:08:00.972 I/sysui_multi_action( 1910): [757,111,758,1]
09-16 01:08:00.972 I/sysui_multi_action( 1910): [757,126,758,1,759,126,927,0,928,0,1593,1]
09-16 01:08:00.972 I/sysui_multi_action( 1910): [757,113,758,1,759,113,927,1,928,1,1593,1]
09-16 01:08:00.972 I/sysui_multi_action( 1910): [757,0,758,1,759,0,927,2,928,0,1593,1]
09-16 01:08:00.973 I/sysui_multi_action( 1910): [757,0,758,1,759,0,927,3,928,0,1593,1]
09-16 01:08:00.982 I/sysui_multi_action( 1910): [757,111,758,2]
09-16 01:08:00.982 I/sysui_multi_action( 1910): [757,111,758,2]
09-16 01:08:00.986 I/sysui_multi_action( 1910): [757,111,758,1]
09-16 01:08:00.986 I/sysui_multi_action( 1910): [757,126,758,1,759,126,927,0,928,0,1593,1]
09-16 01:08:00.986 I/sysui_multi_action( 1910): [757,113,758,1,759,113,927,1,928,1,1593,1]
09-16 01:08:00.986 I/sysui_multi_action( 1910): [757,0,758,1,759,0,927,2,928,0,1593,1]
09-16 01:08:00.986 I/sysui_multi_action( 1910): [757,0,758,1,759,0,927,3,928,0,1593,1]
09-16 01:08:00.986 I/sysui_multi_action( 1910): [757,1706,758,1,759,1706,927,4,928,0,1593,1]
09-16 01:08:00.987 I/sysui_multi_action( 1910): [757,491,758,1,759,491,927,5,928,0,1311,-1,1593,1]
09-16 01:08:00.987 I/sysui_multi_action( 1910): [757,0,758,1,759,0,927,6,1593,1]
09-16 01:08:00.987 I/sysui_multi_action( 1910): [757,114,758,1,759,114,927,7,928,0,1593,1]
09-16 01:08:00.987 I/sysui_multi_action( 1910): [757,268,758,1,759,268,806,com.ss.android.ugc.aweme,871,com.ss.android.ugc.aweme.tile.PublishTileService,927,8,1593,1]
09-16 01:08:00.987 I/sysui_multi_action( 1910): [757,111,758,1]
09-16 01:08:00.987 I/sysui_multi_action( 1910): [757,126,758,1,759,126,927,0,928,0,1593,1]
09-16 01:08:00.987 I/sysui_multi_action( 1910): [757,113,758,1,759,113,927,1,928,1,1593,1]
09-16 01:08:00.987 I/sysui_multi_action( 1910): [757,0,758,1,759,0,927,2,928,0,1593,1]
09-16 01:08:00.988 I/sysui_multi_action( 1910): [757,0,758,1,759,0,927,3,928,0,1593,1]
09-16 01:08:01.007 I/sysui_multi_action( 1910): [757,111,758,2]
09-16 01:08:01.007 I/sysui_multi_action( 1910): [757,111,758,2]
09-16 01:08:01.011 I/sysui_multi_action( 1910): [757,111,758,1]
09-16 01:08:01.011 I/sysui_multi_action( 1910): [757,126,758,1,759,126,927,0,928,0,1593,0]
09-16 01:08:01.011 I/sysui_multi_action( 1910): [757,113,758,1,759,113,927,1,928,1,1593,0]
09-16 01:08:01.011 I/sysui_multi_action( 1910): [757,0,758,1,759,0,927,2,928,0,1593,0]
09-16 01:08:01.012 I/sysui_multi_action( 1910): [757,0,758,1,759,0,927,3,928,0,1593,0]
09-16 01:08:01.012 I/sysui_multi_action( 1910): [757,1706,758,1,759,1706,927,4,928,0,1593,0]
09-16 01:08:01.012 I/sysui_multi_action( 1910): [757,491,758,1,759,491,927,5,928,0,1311,-1,1593,0]
09-16 01:08:01.012 I/sysui_multi_action( 1910): [757,0,758,1,759,0,927,6,1593,0]
09-16 01:08:01.012 I/sysui_multi_action( 1910): [757,114,758,1,759,114,927,7,928,0,1593,0]
09-16 01:08:01.012 I/sysui_multi_action( 1910): [757,268,758,1,759,268,806,com.ss.android.ugc.aweme,871,com.ss.android.ugc.aweme.tile.PublishTileService,927,8,1593,0]
09-16 01:08:01.012 I/sysui_multi_action( 1910): [757,111,758,1]
09-16 01:08:01.013 I/sysui_multi_action( 1910): [757,126,758,1,759,126,927,0,928,0,1593,0]
09-16 01:08:01.013 I/sysui_multi_action( 1910): [757,113,758,1,759,113,927,1,928,1,1593,0]
09-16 01:08:01.013 I/sysui_multi_action( 1910): [757,0,758,1,759,0,927,2,928,0,1593,0]
09-16 01:08:01.013 I/sysui_multi_action( 1910): [757,0,758,1,759,0,927,3,928,0,1593,0]
09-16 01:08:01.036 I/sysui_multi_action( 1910): [757,111,758,2]
09-16 01:08:01.037 I/sysui_multi_action( 1910): [757,111,758,2]
09-16 01:08:01.040 I/sysui_multi_action( 1910): [757,111,758,1]
09-16 01:08:01.040 I/sysui_multi_action( 1910): [757,126,758,1,759,126,927,0,928,0,1593,1]
09-16 01:08:01.040 I/sysui_multi_action( 1910): [757,113,758,1,759,113,927,1,928,1,1593,1]
09-16 01:08:01.040 I/sysui_multi_action( 1910): [757,0,758,1,759,0,927,2,928,0,1593,1]
09-16 01:08:01.041 I/sysui_multi_action( 1910): [757,0,758,1,759,0,927,3,928,0,1593,1]
09-16 01:08:01.041 I/sysui_multi_action( 1910): [757,1706,758,1,759,1706,927,4,928,0,1593,1]
09-16 01:08:01.041 I/sysui_multi_action( 1910): [757,491,758,1,759,491,927,5,928,0,1311,-1,1593,0]
09-16 01:08:01.041 I/sysui_multi_action( 1910): [757,0,758,1,759,0,927,6,1593,0]
09-16 01:08:01.041 I/sysui_multi_action( 1910): [757,114,758,1,759,114,927,7,928,0,1593,0]
09-16 01:08:01.041 I/sysui_multi_action( 1910): [757,268,758,1,759,268,806,com.ss.android.ugc.aweme,871,com.ss.android.ugc.aweme.tile.PublishTileService,927,8,1593,0]
09-16 01:08:01.041 I/sysui_multi_action( 1910): [757,111,758,1]
09-16 01:08:01.042 I/sysui_multi_action( 1910): [757,126,758,1,759,126,927,0,928,0,1593,1]
09-16 01:08:01.042 I/sysui_multi_action( 1910): [757,113,758,1,759,113,927,1,928,1,1593,1]
09-16 01:08:01.042 I/sysui_multi_action( 1910): [757,0,758,1,759,0,927,2,928,0,1593,1]
09-16 01:08:01.042 I/sysui_multi_action( 1910): [757,0,758,1,759,0,927,3,928,0,1593,1]
09-16 01:08:01.065 I/sysui_multi_action( 1910): [757,111,758,2]
09-16 01:08:01.066 I/sysui_multi_action( 1910): [757,111,758,2]
09-16 01:08:01.070 I/sysui_multi_action( 1910): [757,111,758,1]
09-16 01:08:01.070 I/sysui_multi_action( 1910): [757,126,758,1,759,126,927,0,928,0,1593,1]
09-16 01:08:01.070 I/sysui_multi_action( 1910): [757,113,758,1,759,113,927,1,928,1,1593,1]
09-16 01:08:01.070 I/sysui_multi_action( 1910): [757,0,758,1,759,0,927,2,928,0,1593,1]
09-16 01:08:01.070 I/sysui_multi_action( 1910): [757,0,758,1,759,0,927,3,928,0,1593,1]
09-16 01:08:01.070 I/sysui_multi_action( 1910): [757,1706,758,1,759,1706,927,4,928,0,1593,1]
09-16 01:08:01.071 I/sysui_multi_action( 1910): [757,491,758,1,759,491,927,5,928,0,1311,-1,1593,0]
09-16 01:08:01.071 I/sysui_multi_action( 1910): [757,0,758,1,759,0,927,6,1593,0]
09-16 01:08:01.071 I/sysui_multi_action( 1910): [757,114,758,1,759,114,927,7,928,0,1593,0]
09-16 01:08:01.071 I/sysui_multi_action( 1910): [757,268,758,1,759,268,806,com.ss.android.ugc.aweme,871,com.ss.android.ugc.aweme.tile.PublishTileService,927,8,1593,0]
09-16 01:08:01.071 I/sysui_multi_action( 1910): [757,111,758,1]
09-16 01:08:01.071 I/sysui_multi_action( 1910): [757,126,758,1,759,126,927,0,928,0,1593,1]
09-16 01:08:01.071 I/sysui_multi_action( 1910): [757,113,758,1,759,113,927,1,928,1,1593,1]
09-16 01:08:01.072 I/sysui_multi_action( 1910): [757,0,758,1,759,0,927,2,928,0,1593,1]
09-16 01:08:01.072 I/sysui_multi_action( 1910): [757,0,758,1,759,0,927,3,928,0,1593,1]
09-16 01:08:01.080 I/sysui_multi_action( 1910): [757,111,758,2]
09-16 01:08:01.080 I/sysui_multi_action( 1910): [757,111,758,2]
09-16 01:08:01.102 I/sysui_multi_action( 1910): [757,111,758,1]
09-16 01:08:01.102 I/sysui_multi_action( 1910): [757,126,758,1,759,126,927,0,928,0,1593,1]
09-16 01:08:01.102 I/sysui_multi_action( 1910): [757,113,758,1,759,113,927,1,928,1,1593,1]
09-16 01:08:01.103 I/sysui_multi_action( 1910): [757,0,758,1,759,0,927,2,928,0,1593,1]
09-16 01:08:01.103 I/sysui_multi_action( 1910): [757,0,758,1,759,0,927,3,928,0,1593,1]
09-16 01:08:01.103 I/sysui_multi_action( 1910): [757,1706,758,1,759,1706,927,4,928,0,1593,1]
09-16 01:08:01.103 I/sysui_multi_action( 1910): [757,491,758,1,759,491,927,5,928,0,1311,-1,1593,0]
09-16 01:08:01.103 I/sysui_multi_action( 1910): [757,0,758,1,759,0,927,6,1593,0]
09-16 01:08:01.103 I/sysui_multi_action( 1910): [757,114,758,1,759,114,927,7,928,0,1593,0]
09-16 01:08:01.103 I/sysui_multi_action( 1910): [757,268,758,1,759,268,806,com.ss.android.ugc.aweme,871,com.ss.android.ugc.aweme.tile.PublishTileService,927,8,1593,0]
09-16 01:08:01.104 I/sysui_multi_action( 1910): [757,111,758,1]
09-16 01:08:01.104 I/sysui_multi_action( 1910): [757,126,758,1,759,126,927,0,928,0,1593,1]
09-16 01:08:01.104 I/sysui_multi_action( 1910): [757,113,758,1,759,113,927,1,928,1,1593,1]
09-16 01:08:01.104 I/sysui_multi_action( 1910): [757,0,758,1,759,0,927,2,928,0,1593,1]
09-16 01:08:01.104 I/sysui_multi_action( 1910): [757,0,758,1,759,0,927,3,928,0,1593,1]
09-16 01:08:01.119 I/sysui_multi_action( 1910): [757,111,758,2]
09-16 01:08:01.120 I/sysui_multi_action( 1910): [757,111,758,2]
09-16 01:08:01.152 I/sysui_multi_action( 1910): [757,111,758,1]
09-16 01:08:01.152 I/sysui_multi_action( 1910): [757,126,758,1,759,126,927,0,928,0,1593,0]
09-16 01:08:01.153 I/sysui_multi_action( 1910): [757,113,758,1,759,113,927,1,928,1,1593,0]
09-16 01:08:01.153 I/sysui_multi_action( 1910): [757,0,758,1,759,0,927,2,928,0,1593,0]
09-16 01:08:01.153 I/sysui_multi_action( 1910): [757,0,758,1,759,0,927,3,928,0,1593,0]
09-16 01:08:01.153 I/sysui_multi_action( 1910): [757,1706,758,1,759,1706,927,4,928,0,1593,0]
09-16 01:08:01.154 I/sysui_multi_action( 1910): [757,491,758,1,759,491,927,5,928,0,1311,-1,1593,0]
09-16 01:08:01.154 I/sysui_multi_action( 1910): [757,0,758,1,759,0,927,6,1593,0]
09-16 01:08:01.154 I/sysui_multi_action( 1910): [757,114,758,1,759,114,927,7,928,0,1593,0]
09-16 01:08:01.154 I/sysui_multi_action( 1910): [757,268,758,1,759,268,806,com.ss.android.ugc.aweme,871,com.ss.android.ugc.aweme.tile.PublishTileService,927,8,1593,0]
09-16 01:08:01.154 I/sysui_multi_action( 1910): [757,111,758,1]
09-16 01:08:01.154 I/sysui_multi_action( 1910): [757,126,758,1,759,126,927,0,928,0,1593,0]
09-16 01:08:01.154 I/sysui_multi_action( 1910): [757,113,758,1,759,113,927,1,928,1,1593,0]
09-16 01:08:01.155 I/sysui_multi_action( 1910): [757,0,758,1,759,0,927,2,928,0,1593,0]
09-16 01:08:01.155 I/sysui_multi_action( 1910): [757,0,758,1,759,0,927,3,928,0,1593,0]
09-16 01:08:02.669 I/input_interaction( 1128): Interaction with: 78ba0c1 StatusBar (server), edge-swipe (server), swipe-up (server), PointerEventDispatcher0 (server),
09-16 01:08:02.689 I/sysui_multi_action( 1910): [757,803,799,panel_open,802,1]
09-16 01:08:02.691 I/sysui_multi_action( 1910): [757,1328,758,4,1326,47,1327,0,1329,0]
09-16 01:08:02.884 I/sysui_multi_action( 1128): [757,127,758,1]
09-16 01:08:02.885 I/sysui_multi_action( 1128): [757,804,799,note_load,801,4,802,1]
09-16 01:08:02.886 I/notification_panel_revealed( 1128): 4
09-16 01:08:02.888 I/sysui_multi_action( 1910): [757,111,758,2]
09-16 01:08:02.889 I/sysui_multi_action( 1910): [757,111,758,2]
09-16 01:08:02.916 I/input_focus( 1128): [Focus request 59e8c99 NotificationShade,reason=UpdateInputWindows]
09-16 01:08:02.920 I/sysui_multi_action( 1910): [757,111,758,1]
09-16 01:08:02.920 I/sysui_multi_action( 1910): [757,126,758,1,759,126,927,0,928,0,1593,0]
09-16 01:08:02.920 I/sysui_multi_action( 1910): [757,113,758,1,759,113,927,1,928,1,1593,0]
09-16 01:08:02.921 I/sysui_multi_action( 1910): [757,0,758,1,759,0,927,2,928,0,1593,0]
09-16 01:08:02.921 I/sysui_multi_action( 1910): [757,0,758,1,759,0,927,3,928,0,1593,0]
09-16 01:08:02.921 I/sysui_multi_action( 1910): [757,1706,758,1,759,1706,927,4,928,0,1593,0]
09-16 01:08:02.922 I/sysui_multi_action( 1910): [757,491,758,1,759,491,927,5,928,0,1311,-1,1593,0]
09-16 01:08:02.922 I/sysui_multi_action( 1910): [757,0,758,1,759,0,927,6,1593,0]
09-16 01:08:02.922 I/sysui_multi_action( 1910): [757,114,758,1,759,114,927,7,928,0,1593,0]
09-16 01:08:02.922 I/sysui_multi_action( 1910): [757,268,758,1,759,268,806,com.ss.android.ugc.aweme,871,com.ss.android.ugc.aweme.tile.PublishTileService,927,8,1593,0]
09-16 01:08:02.923 I/sysui_multi_action( 1910): [757,111,758,1]
09-16 01:08:02.923 I/sysui_multi_action( 1910): [757,126,758,1,759,126,927,0,928,0,1593,0]
09-16 01:08:02.923 I/sysui_multi_action( 1910): [757,113,758,1,759,113,927,1,928,1,1593,0]
09-16 01:08:02.923 I/sysui_multi_action( 1910): [757,0,758,1,759,0,927,2,928,0,1593,0]
09-16 01:08:02.923 I/sysui_multi_action( 1910): [757,0,758,1,759,0,927,3,928,0,1593,0]
09-16 01:08:02.937 I/sysui_multi_action( 1910): [757,111,758,2]
09-16 01:08:02.937 I/sysui_multi_action( 1910): [757,111,758,2]
09-16 01:08:02.942 I/input_focus( 1128): [Focus leaving 7ccd273 com.android.launcher3/com.android.launcher3.uioverrides.QuickstepLauncher (server),reason=setFocusedWindow]
09-16 01:08:02.942 I/input_focus( 1128): [Focus entering 59e8c99 NotificationShade (server),reason=setFocusedWindow]
09-16 01:08:02.949 I/sysui_multi_action( 1910): [757,111,758,1]
09-16 01:08:02.950 I/sysui_multi_action( 1910): [757,126,758,1,759,126,927,0,928,0,1593,0]
09-16 01:08:02.950 I/sysui_multi_action( 1910): [757,113,758,1,759,113,927,1,928,1,1593,0]
09-16 01:08:02.950 I/sysui_multi_action( 1910): [757,0,758,1,759,0,927,2,928,0,1593,0]
09-16 01:08:02.951 I/sysui_multi_action( 1910): [757,0,758,1,759,0,927,3,928,0,1593,0]
09-16 01:08:02.951 I/sysui_multi_action( 1910): [757,1706,758,1,759,1706,927,4,928,0,1593,0]
09-16 01:08:02.951 I/sysui_multi_action( 1910): [757,491,758,1,759,491,927,5,928,0,1311,-1,1593,0]
09-16 01:08:02.951 I/sysui_multi_action( 1910): [757,0,758,1,759,0,927,6,1593,0]
09-16 01:08:02.952 I/sysui_multi_action( 1910): [757,114,758,1,759,114,927,7,928,0,1593,0]
09-16 01:08:02.952 I/sysui_multi_action( 1910): [757,268,758,1,759,268,806,com.ss.android.ugc.aweme,871,com.ss.android.ugc.aweme.tile.PublishTileService,927,8,1593,0]
09-16 01:08:02.952 I/sysui_multi_action( 1910): [757,111,758,1]
09-16 01:08:02.952 I/sysui_multi_action( 1910): [757,126,758,1,759,126,927,0,928,0,1593,0]
09-16 01:08:02.952 I/sysui_multi_action( 1910): [757,113,758,1,759,113,927,1,928,1,1593,0]
09-16 01:08:02.952 I/sysui_multi_action( 1910): [757,0,758,1,759,0,927,2,928,0,1593,0]
09-16 01:08:02.953 I/sysui_multi_action( 1910): [757,0,758,1,759,0,927,3,928,0,1593,0]
09-16 01:08:02.973 I/sysui_multi_action( 1910): [757,111,758,2]
09-16 01:08:02.973 I/sysui_multi_action( 1910): [757,111,758,2]
09-16 01:08:02.981 I/sysui_multi_action( 1910): [757,111,758,1]
09-16 01:08:02.981 I/sysui_multi_action( 1910): [757,126,758,1,759,126,927,0,928,0,1593,0]
09-16 01:08:02.981 I/sysui_multi_action( 1910): [757,113,758,1,759,113,927,1,928,1,1593,0]
09-16 01:08:02.981 I/sysui_multi_action( 1910): [757,0,758,1,759,0,927,2,928,0,1593,0]
09-16 01:08:02.982 I/sysui_multi_action( 1910): [757,0,758,1,759,0,927,3,928,0,1593,0]
09-16 01:08:02.982 I/sysui_multi_action( 1910): [757,1706,758,1,759,1706,927,4,928,0,1593,0]
09-16 01:08:02.982 I/sysui_multi_action( 1910): [757,491,758,1,759,491,927,5,928,0,1311,-1,1593,0]
09-16 01:08:02.982 I/sysui_multi_action( 1910): [757,0,758,1,759,0,927,6,1593,0]
09-16 01:08:02.982 I/sysui_multi_action( 1910): [757,114,758,1,759,114,927,7,928,0,1593,0]
09-16 01:08:02.982 I/sysui_multi_action( 1910): [757,268,758,1,759,268,806,com.ss.android.ugc.aweme,871,com.ss.android.ugc.aweme.tile.PublishTileService,927,8,1593,0]
09-16 01:08:02.983 I/sysui_multi_action( 1910): [757,111,758,1]
09-16 01:08:02.983 I/sysui_multi_action( 1910): [757,126,758,1,759,126,927,0,928,0,1593,0]
09-16 01:08:02.983 I/sysui_multi_action( 1910): [757,113,758,1,759,113,927,1,928,1,1593,0]
09-16 01:08:02.983 I/sysui_multi_action( 1910): [757,0,758,1,759,0,927,2,928,0,1593,0]
09-16 01:08:02.983 I/sysui_multi_action( 1910): [757,0,758,1,759,0,927,3,928,0,1593,0]
09-16 01:08:03.443 I/sysui_multi_action( 1128): [757,128,758,1,793,1052171,794,0,795,1052171,796,26,798,0,806,android,857,DEVELOPER_IMPORTANT,858,4,947,0,1395,4,1500,1051411,1688,1]
09-16 01:08:03.443 I/sysui_multi_action( 1128): [757,804,799,note_freshness,801,1052171,802,1]
09-16 01:08:03.443 I/notification_visibility( 1128): [-1|android|26|null|1000,1,1052171,1052171,0,0]
09-16 01:08:03.444 I/sysui_multi_action( 1128): [757,128,758,1,793,855811,794,0,795,855811,796,4273,798,1,806,com.android.systemui,857,screen_record,858,3,947,0,1395,4,1500,855608,1688,1,1745,680407814]
09-16 01:08:03.445 I/sysui_multi_action( 1128): [757,804,799,note_freshness,801,855811,802,1]
09-16 01:08:03.445 I/notification_visibility( 1128): [0|com.android.systemui|4273|null|10087,1,855811,855811,0,1]
09-16 01:08:03.445 I/sysui_multi_action( 1128): [757,128,758,1,793,1052043,794,0,795,1052043,796,55,798,2,806,android,857,DEVELOPER,858,2,947,0,1395,4,1500,1051410,1688,1]
09-16 01:08:03.446 I/sysui_multi_action( 1128): [757,804,799,note_freshness,801,1052043,802,1]
09-16 01:08:03.446 I/notification_visibility( 1128): [-1|android|55|null|1000,1,1052043,1052043,0,2]
09-16 01:08:03.446 I/sysui_multi_action( 1128): [757,128,758,1,793,1055476,794,0,795,1055476,796,32,798,3,806,android,857,USB,858,1,947,0,1395,4,1500,1055289,1688,1]
09-16 01:08:03.447 I/sysui_multi_action( 1128): [757,804,799,note_freshness,801,1055476,802,1]
09-16 01:08:03.447 I/notification_visibility( 1128): [-1|android|32|null|1000,1,1055476,1055476,0,3]
09-16 01:08:07.359 I/input_interaction( 1128): Interaction with: 59e8c99 NotificationShade (server), edge-swipe (server), swipe-up (server), PointerEventDispatcher0 (server),
09-16 01:08:07.570 I/input_interaction( 1128): Interaction with: edge-swipe (server), swipe-up (server), PointerEventDispatcher0 (server),
09-16 01:08:07.571 I/view_enqueue_input_event( 1910): [Motion - Cancel,NotificationShade]
09-16 01:08:07.818 I/wm_new_intent( 1128): [0,235585230,145,com.android.launcher3/.uioverrides.QuickstepLauncher,android.intent.action.MAIN,NULL,NULL,268435712]
09-16 01:08:07.819 I/wm_task_moved( 1128): [1,1,5]
09-16 01:08:07.820 I/wm_set_resumed_activity( 1128): [0,com.android.launcher3/.uioverrides.QuickstepLauncher,positionChildAt]
09-16 01:08:07.826 I/wm_on_top_resumed_lost_called( 2439): [235585230,com.android.launcher3.uioverrides.QuickstepLauncher,pausing]
09-16 01:08:07.826 I/wm_on_paused_called( 2439): [235585230,com.android.launcher3.uioverrides.QuickstepLauncher,performPause]
09-16 01:08:07.827 I/wm_on_resume_called( 2439): [235585230,com.android.launcher3.uioverrides.QuickstepLauncher,LIFECYCLER_RESUME_ACTIVITY]
09-16 01:08:07.828 I/wm_on_top_resumed_gained_called( 2439): [235585230,com.android.launcher3.uioverrides.QuickstepLauncher,topWhenResuming]
09-16 01:08:07.858 I/input_focus( 1128): [Focus request 7ccd273 com.android.launcher3/com.android.launcher3.uioverrides.QuickstepLauncher,reason=UpdateInputWindows]
09-16 01:08:07.862 I/am_pss ( 1128): [3510,1000,com.qti.diagservices,7023616,4046848,0,95133696,0,10,15]
09-16 01:08:07.874 I/input_focus( 1128): [Focus leaving 59e8c99 NotificationShade (server),reason=NOT_FOCUSABLE]
09-16 01:08:07.874 I/input_focus( 1128): [Focus entering 7ccd273 com.android.launcher3/com.android.launcher3.uioverrides.QuickstepLauncher (server),reason=setFocusedWindow]
09-16 01:08:08.102 I/sysui_multi_action( 1910): [757,111,758,2]
09-16 01:08:08.102 I/sysui_multi_action( 1910): [757,111,758,2]
09-16 01:08:08.107 I/sysui_multi_action( 1910): [757,111,758,1]
09-16 01:08:08.108 I/sysui_multi_action( 1910): [757,126,758,1,759,126,927,0,928,0,1593,0]
09-16 01:08:08.108 I/sysui_multi_action( 1910): [757,113,758,1,759,113,927,1,928,1,1593,0]
09-16 01:08:08.108 I/sysui_multi_action( 1910): [757,0,758,1,759,0,927,2,928,0,1593,0]
09-16 01:08:08.108 I/sysui_multi_action( 1910): [757,0,758,1,759,0,927,3,928,0,1593,0]
09-16 01:08:08.108 I/sysui_multi_action( 1910): [757,1706,758,1,759,1706,927,4,928,0,1593,0]
09-16 01:08:08.109 I/sysui_multi_action( 1910): [757,491,758,1,759,491,927,5,928,0,1311,-1,1593,1]
09-16 01:08:08.109 I/sysui_multi_action( 1910): [757,0,758,1,759,0,927,6,1593,1]
09-16 01:08:08.110 I/sysui_multi_action( 1910): [757,114,758,1,759,114,927,7,928,0,1593,1]
09-16 01:08:08.110 I/sysui_multi_action( 1910): [757,268,758,1,759,268,806,com.ss.android.ugc.aweme,871,com.ss.android.ugc.aweme.tile.PublishTileService,927,8,1593,1]
09-16 01:08:08.111 I/sysui_multi_action( 1910): [757,111,758,1]
09-16 01:08:08.111 I/sysui_multi_action( 1910): [757,126,758,1,759,126,927,0,928,0,1593,0]
09-16 01:08:08.111 I/sysui_multi_action( 1910): [757,113,758,1,759,113,927,1,928,1,1593,0]
09-16 01:08:08.111 I/sysui_multi_action( 1910): [757,0,758,1,759,0,927,2,928,0,1593,0]
09-16 01:08:08.111 I/sysui_multi_action( 1910): [757,0,758,1,759,0,927,3,928,0,1593,0]
09-16 01:08:08.126 I/sysui_multi_action( 1910): [757,111,758,2]
09-16 01:08:08.126 I/sysui_multi_action( 1910): [757,111,758,2]
09-16 01:08:08.132 I/sysui_multi_action( 1910): [757,111,758,1]
09-16 01:08:08.133 I/sysui_multi_action( 1910): [757,126,758,1,759,126,927,0,928,0,1593,1]
09-16 01:08:08.133 I/sysui_multi_action( 1910): [757,113,758,1,759,113,927,1,928,1,1593,1]
09-16 01:08:08.133 I/sysui_multi_action( 1910): [757,0,758,1,759,0,927,2,928,0,1593,1]
09-16 01:08:08.133 I/sysui_multi_action( 1910): [757,0,758,1,759,0,927,3,928,0,1593,1]
09-16 01:08:08.133 I/sysui_multi_action( 1910): [757,1706,758,1,759,1706,927,4,928,0,1593,1]
09-16 01:08:08.134 I/sysui_multi_action( 1910): [757,491,758,1,759,491,927,5,928,0,1311,-1,1593,1]
09-16 01:08:08.134 I/sysui_multi_action( 1910): [757,0,758,1,759,0,927,6,1593,1]
09-16 01:08:08.134 I/sysui_multi_action( 1910): [757,114,758,1,759,114,927,7,928,0,1593,1]
09-16 01:08:08.134 I/sysui_multi_action( 1910): [757,268,758,1,759,268,806,com.ss.android.ugc.aweme,871,com.ss.android.ugc.aweme.tile.PublishTileService,927,8,1593,1]
09-16 01:08:08.134 I/sysui_multi_action( 1910): [757,111,758,1]
09-16 01:08:08.135 I/sysui_multi_action( 1910): [757,126,758,1,759,126,927,0,928,0,1593,1]
09-16 01:08:08.135 I/sysui_multi_action( 1910): [757,113,758,1,759,113,927,1,928,1,1593,1]
09-16 01:08:08.135 I/sysui_multi_action( 1910): [757,0,758,1,759,0,927,2,928,0,1593,1]
09-16 01:08:08.135 I/sysui_multi_action( 1910): [757,0,758,1,759,0,927,3,928,0,1593,1]
09-16 01:08:08.157 I/sysui_multi_action( 1910): [757,111,758,2]
09-16 01:08:08.158 I/sysui_multi_action( 1910): [757,111,758,2]
09-16 01:08:08.168 I/sysui_multi_action( 1910): [757,111,758,1]
09-16 01:08:08.168 I/sysui_multi_action( 1910): [757,126,758,1,759,126,927,0,928,0,1593,0]
09-16 01:08:08.168 I/sysui_multi_action( 1910): [757,113,758,1,759,113,927,1,928,1,1593,0]
09-16 01:08:08.168 I/sysui_multi_action( 1910): [757,0,758,1,759,0,927,2,928,0,1593,0]
09-16 01:08:08.168 I/sysui_multi_action( 1910): [757,0,758,1,759,0,927,3,928,0,1593,0]
09-16 01:08:08.168 I/sysui_multi_action( 1910): [757,1706,758,1,759,1706,927,4,928,0,1593,0]
09-16 01:08:08.169 I/sysui_multi_action( 1910): [757,491,758,1,759,491,927,5,928,0,1311,-1,1593,0]
09-16 01:08:08.169 I/sysui_multi_action( 1910): [757,0,758,1,759,0,927,6,1593,0]
09-16 01:08:08.169 I/sysui_multi_action( 1910): [757,114,758,1,759,114,927,7,928,0,1593,0]
09-16 01:08:08.169 I/sysui_multi_action( 1910): [757,268,758,1,759,268,806,com.ss.android.ugc.aweme,871,com.ss.android.ugc.aweme.tile.PublishTileService,927,8,1593,0]
09-16 01:08:08.169 I/sysui_multi_action( 1910): [757,111,758,1]
09-16 01:08:08.170 I/sysui_multi_action( 1910): [757,126,758,1,759,126,927,0,928,0,1593,1]
09-16 01:08:08.170 I/sysui_multi_action( 1910): [757,113,758,1,759,113,927,1,928,1,1593,1]
09-16 01:08:08.170 I/sysui_multi_action( 1910): [757,0,758,1,759,0,927,2,928,0,1593,1]
09-16 01:08:08.170 I/sysui_multi_action( 1910): [757,0,758,1,759,0,927,3,928,0,1593,1]
09-16 01:08:08.184 I/sysui_multi_action( 1910): [757,111,758,2]
09-16 01:08:08.184 I/sysui_multi_action( 1910): [757,111,758,2]
09-16 01:08:08.189 I/sysui_multi_action( 1910): [757,111,758,1]
09-16 01:08:08.189 I/sysui_multi_action( 1910): [757,126,758,1,759,126,927,0,928,0,1593,0]
09-16 01:08:08.190 I/sysui_multi_action( 1910): [757,113,758,1,759,113,927,1,928,1,1593,0]
09-16 01:08:08.190 I/sysui_multi_action( 1910): [757,0,758,1,759,0,927,2,928,0,1593,0]
09-16 01:08:08.190 I/sysui_multi_action( 1910): [757,0,758,1,759,0,927,3,928,0,1593,0]
09-16 01:08:08.190 I/sysui_multi_action( 1910): [757,1706,758,1,759,1706,927,4,928,0,1593,0]
09-16 01:08:08.190 I/sysui_multi_action( 1910): [757,491,758,1,759,491,927,5,928,0,1311,-1,1593,0]
09-16 01:08:08.191 I/sysui_multi_action( 1910): [757,0,758,1,759,0,927,6,1593,0]
09-16 01:08:08.191 I/sysui_multi_action( 1910): [757,114,758,1,759,114,927,7,928,0,1593,0]
09-16 01:08:08.191 I/sysui_multi_action( 1910): [757,268,758,1,759,268,806,com.ss.android.ugc.aweme,871,com.ss.android.ugc.aweme.tile.PublishTileService,927,8,1593,0]
09-16 01:08:08.191 I/sysui_multi_action( 1910): [757,111,758,1]
09-16 01:08:08.191 I/sysui_multi_action( 1910): [757,126,758,1,759,126,927,0,928,0,1593,1]
09-16 01:08:08.191 I/sysui_multi_action( 1910): [757,113,758,1,759,113,927,1,928,1,1593,1]
09-16 01:08:08.191 I/sysui_multi_action( 1910): [757,0,758,1,759,0,927,2,928,0,1593,1]
09-16 01:08:08.191 I/sysui_multi_action( 1910): [757,0,758,1,759,0,927,3,928,0,1593,1]
09-16 01:08:08.200 I/sysui_multi_action( 1910): [757,111,758,2]
09-16 01:08:08.200 I/sysui_multi_action( 1910): [757,111,758,2]
09-16 01:08:08.204 I/sysui_multi_action( 1910): [757,111,758,1]
09-16 01:08:08.204 I/sysui_multi_action( 1910): [757,126,758,1,759,126,927,0,928,0,1593,0]
09-16 01:08:08.204 I/sysui_multi_action( 1910): [757,113,758,1,759,113,927,1,928,1,1593,0]
09-16 01:08:08.204 I/sysui_multi_action( 1910): [757,0,758,1,759,0,927,2,928,0,1593,0]
09-16 01:08:08.204 I/sysui_multi_action( 1910): [757,0,758,1,759,0,927,3,928,0,1593,0]
09-16 01:08:08.204 I/sysui_multi_action( 1910): [757,1706,758,1,759,1706,927,4,928,0,1593,0]
09-16 01:08:08.205 I/sysui_multi_action( 1910): [757,491,758,1,759,491,927,5,928,0,1311,-1,1593,0]
09-16 01:08:08.205 I/sysui_multi_action( 1910): [757,0,758,1,759,0,927,6,1593,0]
09-16 01:08:08.205 I/sysui_multi_action( 1910): [757,114,758,1,759,114,927,7,928,0,1593,0]
09-16 01:08:08.205 I/sysui_multi_action( 1910): [757,268,758,1,759,268,806,com.ss.android.ugc.aweme,871,com.ss.android.ugc.aweme.tile.PublishTileService,927,8,1593,0]
09-16 01:08:08.205 I/sysui_multi_action( 1910): [757,111,758,1]
09-16 01:08:08.205 I/sysui_multi_action( 1910): [757,126,758,1,759,126,927,0,928,0,1593,0]
09-16 01:08:08.205 I/sysui_multi_action( 1910): [757,113,758,1,759,113,927,1,928,1,1593,0]
09-16 01:08:08.205 I/sysui_multi_action( 1910): [757,0,758,1,759,0,927,2,928,0,1593,0]
09-16 01:08:08.206 I/sysui_multi_action( 1910): [757,0,758,1,759,0,927,3,928,0,1593,0]
09-16 01:08:08.214 I/sysui_multi_action( 1910): [757,111,758,2]
09-16 01:08:08.215 I/sysui_multi_action( 1910): [757,111,758,2]
09-16 01:08:08.218 I/sysui_multi_action( 1910): [757,111,758,1]
09-16 01:08:08.219 I/sysui_multi_action( 1910): [757,126,758,1,759,126,927,0,928,0,1593,1]
09-16 01:08:08.219 I/sysui_multi_action( 1910): [757,113,758,1,759,113,927,1,928,1,1593,1]
09-16 01:08:08.219 I/sysui_multi_action( 1910): [757,0,758,1,759,0,927,2,928,0,1593,1]
09-16 01:08:08.219 I/sysui_multi_action( 1910): [757,0,758,1,759,0,927,3,928,0,1593,1]
09-16 01:08:08.219 I/sysui_multi_action( 1910): [757,1706,758,1,759,1706,927,4,928,0,1593,1]
09-16 01:08:08.219 I/sysui_multi_action( 1910): [757,491,758,1,759,491,927,5,928,0,1311,-1,1593,1]
09-16 01:08:08.220 I/sysui_multi_action( 1910): [757,0,758,1,759,0,927,6,1593,1]
09-16 01:08:08.220 I/sysui_multi_action( 1910): [757,114,758,1,759,114,927,7,928,0,1593,1]
09-16 01:08:08.220 I/sysui_multi_action( 1910): [757,268,758,1,759,268,806,com.ss.android.ugc.aweme,871,com.ss.android.ugc.aweme.tile.PublishTileService,927,8,1593,1]
09-16 01:08:08.220 I/sysui_multi_action( 1910): [757,111,758,1]
09-16 01:08:08.220 I/sysui_multi_action( 1910): [757,126,758,1,759,126,927,0,928,0,1593,1]
09-16 01:08:08.220 I/sysui_multi_action( 1910): [757,113,758,1,759,113,927,1,928,1,1593,1]
09-16 01:08:08.220 I/sysui_multi_action( 1910): [757,0,758,1,759,0,927,2,928,0,1593,1]
09-16 01:08:08.220 I/sysui_multi_action( 1910): [757,0,758,1,759,0,927,3,928,0,1593,1]
09-16 01:08:08.233 I/sysui_multi_action( 1910): [757,111,758,2]
09-16 01:08:08.233 I/sysui_multi_action( 1910): [757,111,758,2]
09-16 01:08:08.237 I/sysui_multi_action( 1910): [757,111,758,1]
09-16 01:08:08.237 I/sysui_multi_action( 1910): [757,126,758,1,759,126,927,0,928,0,1593,1]
09-16 01:08:08.237 I/sysui_multi_action( 1910): [757,113,758,1,759,113,927,1,928,1,1593,1]
09-16 01:08:08.237 I/sysui_multi_action( 1910): [757,0,758,1,759,0,927,2,928,0,1593,1]
09-16 01:08:08.237 I/sysui_multi_action( 1910): [757,0,758,1,759,0,927,3,928,0,1593,1]
09-16 01:08:08.237 I/sysui_multi_action( 1910): [757,1706,758,1,759,1706,927,4,928,0,1593,1]
09-16 01:08:08.237 I/sysui_multi_action( 1910): [757,491,758,1,759,491,927,5,928,0,1311,-1,1593,1]
09-16 01:08:08.238 I/sysui_multi_action( 1910): [757,0,758,1,759,0,927,6,1593,1]
09-16 01:08:08.238 I/sysui_multi_action( 1910): [757,114,758,1,759,114,927,7,928,0,1593,1]
09-16 01:08:08.238 I/sysui_multi_action( 1910): [757,268,758,1,759,268,806,com.ss.android.ugc.aweme,871,com.ss.android.ugc.aweme.tile.PublishTileService,927,8,1593,1]
09-16 01:08:08.238 I/sysui_multi_action( 1910): [757,111,758,1]
09-16 01:08:08.238 I/sysui_multi_action( 1910): [757,126,758,1,759,126,927,0,928,0,1593,1]
09-16 01:08:08.238 I/sysui_multi_action( 1910): [757,113,758,1,759,113,927,1,928,1,1593,1]
09-16 01:08:08.238 I/sysui_multi_action( 1910): [757,0,758,1,759,0,927,2,928,0,1593,1]
09-16 01:08:08.238 I/sysui_multi_action( 1910): [757,0,758,1,759,0,927,3,928,0,1593,1]
09-16 01:08:08.257 I/sysui_multi_action( 1910): [757,111,758,2]
09-16 01:08:08.257 I/sysui_multi_action( 1910): [757,111,758,2]
09-16 01:08:08.261 I/sysui_multi_action( 1910): [757,111,758,1]
09-16 01:08:08.261 I/sysui_multi_action( 1910): [757,126,758,1,759,126,927,0,928,0,1593,1]
09-16 01:08:08.261 I/sysui_multi_action( 1910): [757,113,758,1,759,113,927,1,928,1,1593,1]
09-16 01:08:08.261 I/sysui_multi_action( 1910): [757,0,758,1,759,0,927,2,928,0,1593,1]
09-16 01:08:08.261 I/sysui_multi_action( 1910): [757,0,758,1,759,0,927,3,928,0,1593,1]
09-16 01:08:08.261 I/sysui_multi_action( 1910): [757,1706,758,1,759,1706,927,4,928,0,1593,1]
09-16 01:08:08.262 I/sysui_multi_action( 1910): [757,491,758,1,759,491,927,5,928,0,1311,-1,1593,0]
09-16 01:08:08.262 I/sysui_multi_action( 1910): [757,0,758,1,759,0,927,6,1593,0]
09-16 01:08:08.262 I/sysui_multi_action( 1910): [757,114,758,1,759,114,927,7,928,0,1593,0]
09-16 01:08:08.262 I/sysui_multi_action( 1910): [757,268,758,1,759,268,806,com.ss.android.ugc.aweme,871,com.ss.android.ugc.aweme.tile.PublishTileService,927,8,1593,0]
09-16 01:08:08.262 I/sysui_multi_action( 1910): [757,111,758,1]
09-16 01:08:08.262 I/sysui_multi_action( 1910): [757,126,758,1,759,126,927,0,928,0,1593,1]
09-16 01:08:08.263 I/sysui_multi_action( 1910): [757,113,758,1,759,113,927,1,928,1,1593,1]
09-16 01:08:08.263 I/sysui_multi_action( 1910): [757,0,758,1,759,0,927,2,928,0,1593,1]
09-16 01:08:08.263 I/sysui_multi_action( 1910): [757,0,758,1,759,0,927,3,928,0,1593,1]
09-16 01:08:08.284 I/sysui_multi_action( 1910): [757,111,758,2]
09-16 01:08:08.284 I/sysui_multi_action( 1910): [757,111,758,2]
09-16 01:08:08.288 I/sysui_multi_action( 1910): [757,111,758,1]
09-16 01:08:08.288 I/sysui_multi_action( 1910): [757,126,758,1,759,126,927,0,928,0,1593,1]
09-16 01:08:08.288 I/sysui_multi_action( 1910): [757,113,758,1,759,113,927,1,928,1,1593,1]
09-16 01:08:08.288 I/sysui_multi_action( 1910): [757,0,758,1,759,0,927,2,928,0,1593,1]
09-16 01:08:08.288 I/sysui_multi_action( 1910): [757,0,758,1,759,0,927,3,928,0,1593,1]
09-16 01:08:08.288 I/sysui_multi_action( 1910): [757,1706,758,1,759,1706,927,4,928,0,1593,1]
09-16 01:08:08.289 I/sysui_multi_action( 1910): [757,491,758,1,759,491,927,5,928,0,1311,-1,1593,0]
09-16 01:08:08.289 I/sysui_multi_action( 1910): [757,0,758,1,759,0,927,6,1593,0]
09-16 01:08:08.289 I/sysui_multi_action( 1910): [757,114,758,1,759,114,927,7,928,0,1593,0]
09-16 01:08:08.289 I/sysui_multi_action( 1910): [757,268,758,1,759,268,806,com.ss.android.ugc.aweme,871,com.ss.android.ugc.aweme.tile.PublishTileService,927,8,1593,0]
09-16 01:08:08.289 I/sysui_multi_action( 1910): [757,111,758,1]
09-16 01:08:08.289 I/sysui_multi_action( 1910): [757,126,758,1,759,126,927,0,928,0,1593,1]
09-16 01:08:08.290 I/sysui_multi_action( 1910): [757,113,758,1,759,113,927,1,928,1,1593,1]
09-16 01:08:08.290 I/sysui_multi_action( 1910): [757,0,758,1,759,0,927,2,928,0,1593,1]
09-16 01:08:08.290 I/sysui_multi_action( 1910): [757,0,758,1,759,0,927,3,928,0,1593,1]
09-16 01:08:08.297 I/sysui_multi_action( 1910): [757,111,758,2]
09-16 01:08:08.297 I/sysui_multi_action( 1910): [757,111,758,2]
09-16 01:08:08.301 I/sysui_multi_action( 1910): [757,111,758,1]
09-16 01:08:08.301 I/sysui_multi_action( 1910): [757,126,758,1,759,126,927,0,928,0,1593,0]
09-16 01:08:08.301 I/sysui_multi_action( 1910): [757,113,758,1,759,113,927,1,928,1,1593,0]
09-16 01:08:08.301 I/sysui_multi_action( 1910): [757,0,758,1,759,0,927,2,928,0,1593,0]
09-16 01:08:08.302 I/sysui_multi_action( 1910): [757,0,758,1,759,0,927,3,928,0,1593,0]
09-16 01:08:08.302 I/sysui_multi_action( 1910): [757,1706,758,1,759,1706,927,4,928,0,1593,0]
09-16 01:08:08.302 I/sysui_multi_action( 1910): [757,491,758,1,759,491,927,5,928,0,1311,-1,1593,0]
09-16 01:08:08.302 I/sysui_multi_action( 1910): [757,0,758,1,759,0,927,6,1593,0]
09-16 01:08:08.302 I/sysui_multi_action( 1910): [757,114,758,1,759,114,927,7,928,0,1593,0]
09-16 01:08:08.302 I/sysui_multi_action( 1910): [757,268,758,1,759,268,806,com.ss.android.ugc.aweme,871,com.ss.android.ugc.aweme.tile.PublishTileService,927,8,1593,0]
09-16 01:08:08.302 I/sysui_multi_action( 1910): [757,111,758,1]
09-16 01:08:08.303 I/sysui_multi_action( 1910): [757,126,758,1,759,126,927,0,928,0,1593,0]
09-16 01:08:08.303 I/sysui_multi_action( 1910): [757,113,758,1,759,113,927,1,928,1,1593,0]
09-16 01:08:08.303 I/sysui_multi_action( 1910): [757,0,758,1,759,0,927,2,928,0,1593,0]
09-16 01:08:08.303 I/sysui_multi_action( 1910): [757,0,758,1,759,0,927,3,928,0,1593,0]
09-16 01:08:08.317 I/sysui_multi_action( 1910): [757,111,758,2]
09-16 01:08:08.317 I/sysui_multi_action( 1910): [757,111,758,2]
09-16 01:08:08.321 I/sysui_multi_action( 1910): [757,111,758,1]
09-16 01:08:08.321 I/sysui_multi_action( 1910): [757,126,758,1,759,126,927,0,928,0,1593,1]
09-16 01:08:08.321 I/sysui_multi_action( 1910): [757,113,758,1,759,113,927,1,928,1,1593,1]
09-16 01:08:08.321 I/sysui_multi_action( 1910): [757,0,758,1,759,0,927,2,928,0,1593,1]
09-16 01:08:08.322 I/sysui_multi_action( 1910): [757,0,758,1,759,0,927,3,928,0,1593,1]
09-16 01:08:08.322 I/sysui_multi_action( 1910): [757,1706,758,1,759,1706,927,4,928,0,1593,1]
09-16 01:08:08.322 I/sysui_multi_action( 1910): [757,491,758,1,759,491,927,5,928,0,1311,-1,1593,0]
09-16 01:08:08.322 I/sysui_multi_action( 1910): [757,0,758,1,759,0,927,6,1593,0]
09-16 01:08:08.322 I/sysui_multi_action( 1910): [757,114,758,1,759,114,927,7,928,0,1593,0]
09-16 01:08:08.322 I/sysui_multi_action( 1910): [757,268,758,1,759,268,806,com.ss.android.ugc.aweme,871,com.ss.android.ugc.aweme.tile.PublishTileService,927,8,1593,0]
09-16 01:08:08.322 I/sysui_multi_action( 1910): [757,111,758,1]
09-16 01:08:08.323 I/sysui_multi_action( 1910): [757,126,758,1,759,126,927,0,928,0,1593,1]
09-16 01:08:08.323 I/sysui_multi_action( 1910): [757,113,758,1,759,113,927,1,928,1,1593,1]
09-16 01:08:08.323 I/sysui_multi_action( 1910): [757,0,758,1,759,0,927,2,928,0,1593,1]
09-16 01:08:08.323 I/sysui_multi_action( 1910): [757,0,758,1,759,0,927,3,928,0,1593,1]
09-16 01:08:08.335 I/sysui_multi_action( 1910): [757,111,758,2]
09-16 01:08:08.336 I/sysui_multi_action( 1910): [757,111,758,2]
09-16 01:08:08.339 I/sysui_multi_action( 1910): [757,111,758,1]
09-16 01:08:08.339 I/sysui_multi_action( 1910): [757,126,758,1,759,126,927,0,928,0,1593,1]
09-16 01:08:08.339 I/sysui_multi_action( 1910): [757,113,758,1,759,113,927,1,928,1,1593,1]
09-16 01:08:08.340 I/sysui_multi_action( 1910): [757,0,758,1,759,0,927,2,928,0,1593,1]
09-16 01:08:08.340 I/sysui_multi_action( 1910): [757,0,758,1,759,0,927,3,928,0,1593,1]
09-16 01:08:08.340 I/sysui_multi_action( 1910): [757,1706,758,1,759,1706,927,4,928,0,1593,1]
09-16 01:08:08.340 I/sysui_multi_action( 1910): [757,491,758,1,759,491,927,5,928,0,1311,-1,1593,0]
09-16 01:08:08.340 I/sysui_multi_action( 1910): [757,0,758,1,759,0,927,6,1593,0]
09-16 01:08:08.340 I/sysui_multi_action( 1910): [757,114,758,1,759,114,927,7,928,0,1593,0]
09-16 01:08:08.341 I/sysui_multi_action( 1910): [757,268,758,1,759,268,806,com.ss.android.ugc.aweme,871,com.ss.android.ugc.aweme.tile.PublishTileService,927,8,1593,0]
09-16 01:08:08.341 I/sysui_multi_action( 1910): [757,111,758,1]
09-16 01:08:08.341 I/sysui_multi_action( 1910): [757,126,758,1,759,126,927,0,928,0,1593,1]
09-16 01:08:08.341 I/sysui_multi_action( 1910): [757,113,758,1,759,113,927,1,928,1,1593,1]
09-16 01:08:08.341 I/sysui_multi_action( 1910): [757,0,758,1,759,0,927,2,928,0,1593,1]
09-16 01:08:08.341 I/sysui_multi_action( 1910): [757,0,758,1,759,0,927,3,928,0,1593,1]
09-16 01:08:08.377 I/sysui_multi_action( 1910): [757,111,758,2]
09-16 01:08:08.378 I/sysui_multi_action( 1910): [757,111,758,2]
09-16 01:08:08.397 I/sysui_multi_action( 1910): [757,111,758,1]
09-16 01:08:08.397 I/sysui_multi_action( 1910): [757,126,758,1,759,126,927,0,928,0,1593,1]
09-16 01:08:08.398 I/sysui_multi_action( 1910): [757,113,758,1,759,113,927,1,928,1,1593,1]
09-16 01:08:08.398 I/sysui_multi_action( 1910): [757,0,758,1,759,0,927,2,928,0,1593,1]
09-16 01:08:08.398 I/sysui_multi_action( 1910): [757,0,758,1,759,0,927,3,928,0,1593,1]
09-16 01:08:08.398 I/sysui_multi_action( 1910): [757,1706,758,1,759,1706,927,4,928,0,1593,1]
09-16 01:08:08.399 I/sysui_multi_action( 1910): [757,491,758,1,759,491,927,5,928,0,1311,-1,1593,0]
09-16 01:08:08.399 I/sysui_multi_action( 1910): [757,0,758,1,759,0,927,6,1593,0]
09-16 01:08:08.399 I/sysui_multi_action( 1910): [757,114,758,1,759,114,927,7,928,0,1593,0]
09-16 01:08:08.399 I/sysui_multi_action( 1910): [757,268,758,1,759,268,806,com.ss.android.ugc.aweme,871,com.ss.android.ugc.aweme.tile.PublishTileService,927,8,1593,0]
09-16 01:08:08.399 I/sysui_multi_action( 1910): [757,111,758,1]
09-16 01:08:08.400 I/sysui_multi_action( 1910): [757,126,758,1,759,126,927,0,928,0,1593,1]
09-16 01:08:08.400 I/sysui_multi_action( 1910): [757,113,758,1,759,113,927,1,928,1,1593,1]
09-16 01:08:08.400 I/sysui_multi_action( 1910): [757,0,758,1,759,0,927,2,928,0,1593,1]
09-16 01:08:08.400 I/sysui_multi_action( 1910): [757,0,758,1,759,0,927,3,928,0,1593,1]
09-16 01:08:08.413 I/sysui_multi_action( 1910): [757,111,758,2]
09-16 01:08:08.413 I/sysui_multi_action( 1910): [757,111,758,2]
09-16 01:08:08.416 I/sysui_multi_action( 1128): [757,128,758,2,793,1057144,794,4973,795,1057144,796,26,798,0,806,android,857,DEVELOPER_IMPORTANT,858,4,947,0,1395,4,1500,1056384,1688,1]
09-16 01:08:08.416 I/notification_visibility( 1128): [-1|android|26|null|1000,0,1057144,1057144,0,0]
09-16 01:08:08.416 I/sysui_multi_action( 1128): [757,128,758,2,793,860783,794,4972,795,860783,796,4273,798,1,806,com.android.systemui,857,screen_record,858,3,947,0,1395,4,1500,860580,1688,1,1745,680407814]
09-16 01:08:08.416 I/notification_visibility( 1128): [0|com.android.systemui|4273|null|10087,0,860783,860783,0,1]
09-16 01:08:08.424 I/sysui_multi_action( 1128): [757,128,758,2,793,1057022,794,4979,795,1057022,796,55,798,2,806,android,857,DEVELOPER,858,2,947,0,1395,4,1500,1056389,1688,1]
09-16 01:08:08.424 I/notification_visibility( 1128): [-1|android|55|null|1000,0,1057022,1057022,0,2]
09-16 01:08:08.425 I/sysui_multi_action( 1128): [757,128,758,2,793,1060455,794,4979,795,1060455,796,32,798,3,806,android,857,USB,858,1,947,0,1395,4,1500,1060268,1688,1]
09-16 01:08:08.425 I/notification_visibility( 1128): [-1|android|32|null|1000,0,1060455,1060455,0,3]
09-16 01:08:08.425 I/sysui_multi_action( 1128): [757,127,758,2]
09-16 01:08:08.425 I/notification_panel_hidden( 1128):
09-16 01:08:08.443 I/sysui_multi_action( 1910): [757,111,758,1]
09-16 01:08:08.443 I/sysui_multi_action( 1910): [757,126,758,1,759,126,927,0,928,0,1593,0]
09-16 01:08:08.443 I/sysui_multi_action( 1910): [757,113,758,1,759,113,927,1,928,1,1593,0]
09-16 01:08:08.443 I/sysui_multi_action( 1910): [757,0,758,1,759,0,927,2,928,0,1593,0]
09-16 01:08:08.444 I/sysui_multi_action( 1910): [757,0,758,1,759,0,927,3,928,0,1593,0]
09-16 01:08:08.444 I/sysui_multi_action( 1910): [757,1706,758,1,759,1706,927,4,928,0,1593,0]
09-16 01:08:08.444 I/sysui_multi_action( 1910): [757,491,758,1,759,491,927,5,928,0,1311,-1,1593,0]
09-16 01:08:08.445 I/sysui_multi_action( 1910): [757,0,758,1,759,0,927,6,1593,0]
09-16 01:08:08.445 I/sysui_multi_action( 1910): [757,114,758,1,759,114,927,7,928,0,1593,0]
09-16 01:08:08.445 I/sysui_multi_action( 1910): [757,268,758,1,759,268,806,com.ss.android.ugc.aweme,871,com.ss.android.ugc.aweme.tile.PublishTileService,927,8,1593,0]
09-16 01:08:08.445 I/sysui_multi_action( 1910): [757,111,758,1]
09-16 01:08:08.445 I/sysui_multi_action( 1910): [757,126,758,1,759,126,927,0,928,0,1593,0]
09-16 01:08:08.445 I/sysui_multi_action( 1910): [757,113,758,1,759,113,927,1,928,1,1593,0]
09-16 01:08:08.445 I/sysui_multi_action( 1910): [757,0,758,1,759,0,927,2,928,0,1593,0]
09-16 01:08:08.445 I/sysui_multi_action( 1910): [757,0,758,1,759,0,927,3,928,0,1593,0]
09-16 01:08:08.744 I/input_interaction( 1128): Interaction with: 7ccd273 com.android.launcher3/com.android.launcher3.uioverrides.QuickstepLauncher (server), 3a0f8b6 com.android.systemui.ImageWallpaper (server), edge-swipe (server), swipe-up (server), PointerEventDispatcher0 (server),
09-16 01:08:45.397 I/am_uid_idle( 1128): 10074
09-16 01:09:00.378 I/am_uid_idle( 1128): 10088
09-16 01:09:01.863 I/sysui_multi_action( 1128): [757,1696,758,6,759,2]
09-16 01:09:01.879 I/am_wtf ( 1128): [0,1128,system_server,-1,DisplayDeviceConfig,requesting nits when no mapping exists.]
09-16 01:09:01.892 I/am_wtf ( 1128): [0,1128,system_server,-1,DisplayDeviceConfig,requesting nits when no mapping exists.]
09-16 01:09:01.900 I/am_wtf ( 1128): [0,1128,system_server,-1,DisplayDeviceConfig,requesting nits when no mapping exists.]
09-16 01:09:01.904 I/am_wtf ( 1128): [0,1128,system_server,-1,DisplayDeviceConfig,requesting nits when no mapping exists.]
09-16 01:09:01.916 I/am_wtf ( 1128): [0,1128,system_server,-1,DisplayDeviceConfig,requesting nits when no mapping exists.]
09-16 01:09:01.920 I/am_wtf ( 1128): [0,1128,system_server,-1,DisplayDeviceConfig,requesting nits when no mapping exists.]
09-16 01:09:01.933 I/am_wtf ( 1128): [0,1128,system_server,-1,DisplayDeviceConfig,requesting nits when no mapping exists.]
09-16 01:09:01.934 I/am_wtf ( 1128): [0,1128,system_server,-1,DisplayDeviceConfig,requesting nits when no mapping exists.]
09-16 01:09:01.950 I/am_wtf ( 1128): [0,1128,system_server,-1,DisplayDeviceConfig,requesting nits when no mapping exists.]
09-16 01:09:01.951 I/am_wtf ( 1128): [0,1128,system_server,-1,DisplayDeviceConfig,requesting nits when no mapping exists.]
09-16 01:09:01.967 I/am_wtf ( 1128): [0,1128,system_server,-1,DisplayDeviceConfig,requesting nits when no mapping exists.]
09-16 01:09:01.968 I/am_wtf ( 1128): [0,1128,system_server,-1,DisplayDeviceConfig,requesting nits when no mapping exists.]
09-16 01:09:01.983 I/am_wtf ( 1128): [0,1128,system_server,-1,DisplayDeviceConfig,requesting nits when no mapping exists.]
09-16 01:09:01.984 I/am_wtf ( 1128): [0,1128,system_server,-1,DisplayDeviceConfig,requesting nits when no mapping exists.]
09-16 01:09:02.000 I/am_wtf ( 1128): [0,1128,system_server,-1,DisplayDeviceConfig,requesting nits when no mapping exists.]
09-16 01:09:02.001 I/am_wtf ( 1128): [0,1128,system_server,-1,DisplayDeviceConfig,requesting nits when no mapping exists.]
09-16 01:09:02.017 I/am_wtf ( 1128): [0,1128,system_server,-1,DisplayDeviceConfig,requesting nits when no mapping exists.]
09-16 01:09:02.018 I/am_wtf ( 1128): [0,1128,system_server,-1,DisplayDeviceConfig,requesting nits when no mapping exists.]
09-16 01:09:02.034 I/am_wtf ( 1128): [0,1128,system_server,-1,DisplayDeviceConfig,requesting nits when no mapping exists.]
09-16 01:09:02.035 I/am_wtf ( 1128): [0,1128,system_server,-1,DisplayDeviceConfig,requesting nits when no mapping exists.]
09-16 01:09:02.050 I/am_wtf ( 1128): [0,1128,system_server,-1,DisplayDeviceConfig,requesting nits when no mapping exists.]
09-16 01:09:02.051 I/am_wtf ( 1128): [0,1128,system_server,-1,DisplayDeviceConfig,requesting nits when no mapping exists.]
09-16 01:09:02.066 I/am_wtf ( 1128): [0,1128,system_server,-1,DisplayDeviceConfig,requesting nits when no mapping exists.]
09-16 01:09:02.067 I/am_wtf ( 1128): [0,1128,system_server,-1,DisplayDeviceConfig,requesting nits when no mapping exists.]
09-16 01:09:02.083 I/am_wtf ( 1128): [0,1128,system_server,-1,DisplayDeviceConfig,requesting nits when no mapping exists.]
09-16 01:09:02.085 I/am_wtf ( 1128): [0,1128,system_server,-1,DisplayDeviceConfig,requesting nits when no mapping exists.]
09-16 01:09:02.101 I/am_wtf ( 1128): [0,1128,system_server,-1,DisplayDeviceConfig,requesting nits when no mapping exists.]
09-16 01:09:02.103 I/am_wtf ( 1128): [0,1128,system_server,-1,DisplayDeviceConfig,requesting nits when no mapping exists.]
09-16 01:09:02.117 I/am_wtf ( 1128): [0,1128,system_server,-1,DisplayDeviceConfig,requesting nits when no mapping exists.]
09-16 01:09:02.119 I/am_wtf ( 1128): [0,1128,system_server,-1,DisplayDeviceConfig,requesting nits when no mapping exists.]
09-16 01:09:02.133 I/am_wtf ( 1128): [0,1128,system_server,-1,DisplayDeviceConfig,requesting nits when no mapping exists.]
09-16 01:09:02.135 I/am_wtf ( 1128): [0,1128,system_server,-1,DisplayDeviceConfig,requesting nits when no mapping exists.]
09-16 01:09:02.150 I/am_wtf ( 1128): [0,1128,system_server,-1,DisplayDeviceConfig,requesting nits when no mapping exists.]
09-16 01:09:02.151 I/am_wtf ( 1128): [0,1128,system_server,-1,DisplayDeviceConfig,requesting nits when no mapping exists.]
09-16 01:09:02.168 I/am_wtf ( 1128): [0,1128,system_server,-1,DisplayDeviceConfig,requesting nits when no mapping exists.]
09-16 01:09:02.169 I/am_wtf ( 1128): [0,1128,system_server,-1,DisplayDeviceConfig,requesting nits when no mapping exists.]
09-16 01:09:02.184 I/am_wtf ( 1128): [0,1128,system_server,-1,DisplayDeviceConfig,requesting nits when no mapping exists.]
09-16 01:09:02.185 I/am_wtf ( 1128): [0,1128,system_server,-1,DisplayDeviceConfig,requesting nits when no mapping exists.]
09-16 01:09:02.200 I/am_wtf ( 1128): [0,1128,system_server,-1,DisplayDeviceConfig,requesting nits when no mapping exists.]
09-16 01:09:02.201 I/am_wtf ( 1128): [0,1128,system_server,-1,DisplayDeviceConfig,requesting nits when no mapping exists.]
09-16 01:09:02.217 I/am_wtf ( 1128): [0,1128,system_server,-1,DisplayDeviceConfig,requesting nits when no mapping exists.]
09-16 01:09:02.219 I/am_wtf ( 1128): [0,1128,system_server,-1,DisplayDeviceConfig,requesting nits when no mapping exists.]
09-16 01:09:02.234 I/am_wtf ( 1128): [0,1128,system_server,-1,DisplayDeviceConfig,requesting nits when no mapping exists.]
09-16 01:09:02.235 I/am_wtf ( 1128): [0,1128,system_server,-1,DisplayDeviceConfig,requesting nits when no mapping exists.]
09-16 01:09:02.250 I/am_wtf ( 1128): [0,1128,system_server,-1,DisplayDeviceConfig,requesting nits when no mapping exists.]
09-16 01:09:02.252 I/am_wtf ( 1128): [0,1128,system_server,-1,DisplayDeviceConfig,requesting nits when no mapping exists.]
09-16 01:09:02.267 I/am_wtf ( 1128): [0,1128,system_server,-1,DisplayDeviceConfig,requesting nits when no mapping exists.]
09-16 01:09:02.268 I/am_wtf ( 1128): [0,1128,system_server,-1,DisplayDeviceConfig,requesting nits when no mapping exists.]
