09-16 01:26:06.302 E/light ( 8161): Light passthrough failed to load legacy HAL.
09-16 01:26:06.304 I/hwservicemanager( 516): getTransport: Cannot find entry android.hardware.light@2.0::ILight/default in either framework or device VINTF manifest.
09-16 01:26:06.305 E/HidlServiceManagement( 8161): Service android.hardware.light@2.0::ILight/default must be in VINTF manifest in order to register/get.
09-16 01:26:06.305 E/LegacySupport( 8161): Could not register service android.hardware.light@2.0::ILight/default (-2147483648).
01-01 13:49:41.068 I/init ( 0): Service 'qvrd_vndr' (pid 8159) exited with status 1
01-01 13:49:41.075 I/init ( 0): Sending signal 9 to service 'qvrd_vndr' (pid 8159) process group...
01-01 13:49:41.393 D/ ( 0): mv2112_read_status
01-01 13:49:41.397 E/i2c_geni 980000.i2c( 0): i2c error :-107
01-01 13:49:41.397 D/mv2112_update_link( 0): 3.0x901(1G): 0x80
01-01 13:49:41.403 E/ ( 0): [MAX975X:mcu_keep_wakeup_work_func] *ERROR* Failed to write dev:0x15 addr:0x22 value:0x80
01-01 13:49:41.407 D/mv2112_update_link( 0): 3.0x8109(100M): 0x0
01-01 13:49:41.422 D/mv2112_update_link( 0): link 0x0
01-01 13:49:41.426 D/mv2112_read_status( 0): autoneg is disabled
01-01 13:49:41.427 E/i2c_geni 980000.i2c( 0): i2c error :-107
01-01 13:49:41.436 E/ ( 0): [MAX975X:mcu_keep_wakeup_work_func] *ERROR* Failed to write dev:0x15 addr:0x20 value:0x09
09-16 01:26:06.921 I/mpu_uart( 664): [MSG-P:RECV]:No message received in 1000 ms
09-16 01:26:07.007 I/HWebSocketClient( 2063): WEBclient: onFailed
09-16 01:26:07.015 I/ResponseWebSocketHandler( 2063): ResponseWebSocketHandler start
09-16 01:26:07.016 I/HttpContext( 2063): getIResponseJson :com.thundercomm.microservice.MicroServiceProxy@12e89eb
09-16 01:26:07.016 I/ResponseWebSocketHandler( 2063): ResponseWebSocketHandler mResponseJson: com.thundercomm.microservice.MicroServiceProxy@12e89eb
09-16 01:26:07.017 I/HttpContext( 2063): getIResponseJson :com.thundercomm.microservice.MicroServiceProxy@12e89eb
09-16 01:26:07.018 I/ResponseHandler( 2063): ResponseHandler() :com.thundercomm.microservice.MicroServiceProxy@12e89eb
09-16 01:26:07.018 I/System.out( 2063): handler is: com.thundercomm.microservice.netty.client.handler.webSocket.ResponseWebSocketHandler@9241889
01-01 13:49:42.449 D/ ( 0): mv2112_read_status
01-01 13:49:42.453 D/mv2112_update_link( 0): 3.0x901(1G): 0x80
01-01 13:49:42.459 D/mv2112_update_link( 0): 3.0x8109(100M): 0x0
01-01 13:49:42.466 D/mv2112_update_link( 0): link 0x0
01-01 13:49:42.471 D/mv2112_read_status( 0): autoneg is disabled
09-16 01:26:07.777 I/mpu_uart( 664): [MSG-P:R]:recv sync frame timeout
09-16 01:26:07.921 I/mpu_uart( 664): [MSG-P:RECV]:No message received in 1000 ms
09-16 01:26:08.272 E/TokenUnion_NetworkManager( 4752): appendCommonParams() 账号通参存在空,拼接后的 url = /luckycat/activity/settings/get_polling_settings/
09-16 01:26:08.277 I/KEVA.NATIVE( 4752): byte array do not exist
09-16 01:26:08.277 I/KEVA.NATIVE( 4752): byte array do not exist
09-16 01:26:08.296 E/LuckyDogLogger_LuckyDogPollingSettings( 4752): Exception when request setting com.bytedance.frameworks.baselib.network.http.exception.NetworkNotAvailabeException: network not available
09-16 01:26:08.301 I/KEVA.NATIVE( 4752): byte array do not exist
09-16 01:26:08.301 I/KEVA.NATIVE( 4752): byte array do not exist
09-16 01:26:08.302 E/TokenUnion_NetworkManager( 4752): appendCommonParams() 账号通参存在空,拼接后的 url = /luckycat/activity/settings/get_polling_settings/
09-16 01:26:08.304 I/KEVA.NATIVE( 4752): byte array do not exist
09-16 01:26:08.304 I/KEVA.NATIVE( 4752): byte array do not exist
09-16 01:26:08.306 I/KEVA.NATIVE( 4752): byte array do not exist
09-16 01:26:08.306 I/KEVA.NATIVE( 4752): byte array do not exist
09-16 01:26:08.308 I/KEVA.NATIVE( 4752): byte array do not exist
09-16 01:26:08.309 I/KEVA.NATIVE( 4752): byte array do not exist
09-16 01:26:08.317 E/LuckyDogLogger_LuckyDogPollingSettings( 4752): Exception when request setting com.bytedance.frameworks.baselib.network.http.exception.NetworkNotAvailabeException: network not available
01-01 13:49:43.252 E/i2c_geni 980000.i2c( 0): i2c error :-107
01-01 13:49:43.257 E/ ( 0): [MAX975X:mcu_keep_wakeup_work_func] *ERROR* Failed to write dev:0x15 addr:0x22 value:0x80
01-01 13:49:43.270 E/i2c_geni 980000.i2c( 0): i2c error :-107
01-01 13:49:43.275 E/ ( 0): [MAX975X:mcu_keep_wakeup_work_func] *ERROR* Failed to write dev:0x15 addr:0x20 value:0x09
01-01 13:49:43.473 D/ ( 0): mv2112_read_status
01-01 13:49:43.476 D/mv2112_update_link( 0): 3.0x901(1G): 0x80
01-01 13:49:43.484 D/mv2112_update_link( 0): 3.0x8109(100M): 0x0
01-01 13:49:43.492 D/mv2112_update_link( 0): link 0x0
01-01 13:49:43.496 D/mv2112_read_status( 0): autoneg is disabled
09-16 01:26:08.922 I/mpu_uart( 664): [MSG-P:RECV]:No message received in 1000 ms
09-16 01:26:09.079 I/HttpClient( 2063): onFailed
09-16 01:26:09.080 I/MicroService( 2063): sendConnectStateBroadCast() state0
09-16 01:26:09.086 I/MicroService( 2063): onNettyConnectState0
09-16 01:26:09.086 I/MicroService( 2063): onNettyConnectState count = 0
09-16 01:26:09.107 I/auditd ( 4752): type=1400 audit(0.0:289): avc: granted { nlmsg_readpriv } for comm="ChromiumNet0" scontext=u:r:untrusted_app_29:s0:c105,c256,c512,c768 tcontext=u:r:untrusted_app_29:s0:c105,c256,c512,c768 tclass=netlink_route_socket app=com.ss.android.ugc.aweme
09-16 01:26:09.107 W/ChromiumNet0( 4752): type=1400 audit(0.0:289): avc: granted { nlmsg_readpriv } for scontext=u:r:untrusted_app_29:s0:c105,c256,c512,c768 tcontext=u:r:untrusted_app_29:s0:c105,c256,c512,c768 tclass=netlink_route_socket app=com.ss.android.ugc.aweme
01-01 13:49:44.529 D/ ( 0): mv2112_read_status
01-01 13:49:44.533 D/mv2112_update_link( 0): 3.0x901(1G): 0x80
01-01 13:49:44.538 D/mv2112_update_link( 0): 3.0x8109(100M): 0x0
01-01 13:49:44.544 D/mv2112_update_link( 0): link 0x0
01-01 13:49:44.548 D/mv2112_read_status( 0): autoneg is disabled
09-16 01:26:09.923 I/mpu_uart( 664): [MSG-P:RECV]:No message received in 1000 ms
09-16 01:26:10.078 I/HWebSocketClient( 2063): WEBclient: onFailed
09-16 01:26:10.083 I/ResponseWebSocketHandler( 2063): ResponseWebSocketHandler start
09-16 01:26:10.083 I/HttpContext( 2063): getIResponseJson :com.thundercomm.microservice.MicroServiceProxy@12e89eb
09-16 01:26:10.083 I/ResponseWebSocketHandler( 2063): ResponseWebSocketHandler mResponseJson: com.thundercomm.microservice.MicroServiceProxy@12e89eb
09-16 01:26:10.084 I/System.out( 2063): handler is: com.thundercomm.microservice.netty.client.handler.webSocket.ResponseWebSocketHandler@a731cbc
09-16 01:26:10.088 I/HttpContext( 2063): getIResponseJson :com.thundercomm.microservice.MicroServiceProxy@12e89eb
09-16 01:26:10.088 I/ResponseHandler( 2063): ResponseHandler() :com.thundercomm.microservice.MicroServiceProxy@12e89eb
09-16 01:26:10.100 W/NioEventLoop( 2063): Selector.select() returned prematurely 512 times in a row; rebuilding Selector io.netty.channel.nio.SelectedSelectionKeySetSelector@b4d88cb.
09-16 01:26:10.102 I/NioEventLoop( 2063): Migrated 1 channel(s) to the new Selector.
01-01 13:49:45.107 E/i2c_geni 980000.i2c( 0): i2c error :-107
01-01 13:49:45.112 E/ ( 0): [MAX975X:mcu_keep_wakeup_work_func] *ERROR* Failed to write dev:0x15 addr:0x22 value:0x80
01-01 13:49:45.122 E/i2c_geni 980000.i2c( 0): i2c error :-107
01-01 13:49:45.127 E/ ( 0): [MAX975X:mcu_keep_wakeup_work_func] *ERROR* Failed to write dev:0x15 addr:0x20 value:0x09
09-16 01:26:10.781 I/mpu_uart( 664): [MSG-P:R]:recv sync frame timeout
01-01 13:49:45.553 D/ ( 0): mv2112_read_status
01-01 13:49:45.556 D/mv2112_update_link( 0): 3.0x901(1G): 0x80
01-01 13:49:45.562 D/mv2112_update_link( 0): 3.0x8109(100M): 0x0
01-01 13:49:45.568 D/mv2112_update_link( 0): link 0x0
01-01 13:49:45.573 D/mv2112_read_status( 0): autoneg is disabled
09-16 01:26:10.924 I/mpu_uart( 664): [MSG-P:RECV]:No message received in 1000 ms
01-01 13:49:45.979 I/init ( 0): starting service 'qvrd_vndr'...
01-01 13:49:45.986 I/init ( 0): Created socket '/dev/socket/qvrservice_vndr', mode 660, user 1000, group 1000
01-01 13:49:45.996 I/init ( 0): Created socket '/dev/socket/qvrservice_vndr_camera', mode 660, user 1000, group 1000
01-01 13:49:46.023 I/init ( 0): starting service 'sxrd'...
01-01 13:49:46.041 I/init ( 0): starting service 'vendor.light-hal-2-0'...
09-16 01:26:11.321 F/linker ( 8165): CANNOT LINK EXECUTABLE "/vendor/bin/hw/sxrservice": library "vendor.qti.hardware.qxr-V1-ndk_platform.so" not found: needed by main executable
09-16 01:26:11.333 F/linker ( 8164): CANNOT LINK EXECUTABLE "/vendor/bin/hw/qvrservice": library "vendor.qti.hardware.qxr-V1-ndk_platform.so" not found: needed by /vendor/lib64/libqvrservice.so in namespace (default)
01-01 13:49:46.074 I/init ( 0): Service 'sxrd' (pid 8165) exited with status 1
01-01 13:49:46.081 I/init ( 0): Sending signal 9 to service 'sxrd' (pid 8165) process group...
01-01 13:49:46.088 I/libprocessgroup( 0): Successfully killed process cgroup uid 1000 pid 8165 in 0ms
09-16 01:26:11.356 I/hwservicemanager( 516): getTransport: Cannot find entry android.hardware.light@2.0::ILight/default in either framework or device VINTF manifest.
09-16 01:26:11.359 E/light ( 8166): light_open lights keyboard failed: -22
09-16 01:26:11.360 E/light ( 8166): Light passthrough failed to load legacy HAL.
09-16 01:26:11.360 E/light ( 8166): light_open lights buttons failed: -22
09-16 01:26:11.360 E/light ( 8166): Light passthrough failed to load legacy HAL.
09-16 01:26:11.362 E/light ( 8166): light_open lights bluetooth failed: -22
09-16 01:26:11.362 E/light ( 8166): Light passthrough failed to load legacy HAL.
09-16 01:26:11.363 E/light ( 8166): light_open lights wifi failed: -22
09-16 01:26:11.363 E/light ( 8166): Light passthrough failed to load legacy HAL.
09-16 01:26:11.364 I/hwservicemanager( 516): getTransport: Cannot find entry android.hardware.light@2.0::ILight/default in either framework or device VINTF manifest.
09-16 01:26:11.364 E/HidlServiceManagement( 8166): Service android.hardware.light@2.0::ILight/default must be in VINTF manifest in order to register/get.
09-16 01:26:11.364 E/LegacySupport( 8166): Could not register service android.hardware.light@2.0::ILight/default (-2147483648).
01-01 13:49:46.105 I/init ( 0): Sending signal 9 to service 'qvrd_vndr' (pid 8164) process group...
01-01 13:49:46.577 D/ ( 0): mv2112_read_status
01-01 13:49:46.581 D/mv2112_update_link( 0): 3.0x901(1G): 0x80
01-01 13:49:46.587 D/mv2112_update_link( 0): 3.0x8109(100M): 0x0
01-01 13:49:46.593 D/mv2112_update_link( 0): link 0x0
01-01 13:49:46.597 D/mv2112_read_status( 0): autoneg is disabled
09-16 01:26:11.924 I/mpu_uart( 664): [MSG-P:RECV]:No message received in 1000 ms
09-16 01:26:12.150 I/HttpClient( 2063): onFailed
09-16 01:26:12.151 I/MicroService( 2063): sendConnectStateBroadCast() state0
09-16 01:26:12.153 I/MicroService( 2063): onNettyConnectState0
09-16 01:26:12.153 I/MicroService( 2063): onNettyConnectState count = 0
01-01 13:49:46.963 E/i2c_geni 980000.i2c( 0): i2c error :-107
01-01 13:49:46.968 E/ ( 0): [MAX975X:mcu_keep_wakeup_work_func] *ERROR* Failed to write dev:0x15 addr:0x22 value:0x80
01-01 13:49:46.980 E/i2c_geni 980000.i2c( 0): i2c error :-107
01-01 13:49:46.985 E/ ( 0): [MAX975X:mcu_keep_wakeup_work_func] *ERROR* Failed to write dev:0x15 addr:0x20 value:0x09
01-01 13:49:47.601 D/ ( 0): mv2112_read_status
01-01 13:49:47.604 D/mv2112_update_link( 0): 3.0x901(1G): 0x80
01-01 13:49:47.611 D/mv2112_update_link( 0): 3.0x8109(100M): 0x0
01-01 13:49:47.619 D/mv2112_update_link( 0): link 0x0
01-01 13:49:47.623 D/mv2112_read_status( 0): autoneg is disabled
09-16 01:26:12.925 I/mpu_uart( 664): [MSG-P:RECV]:No message received in 1000 ms
09-16 01:26:13.151 I/HWebSocketClient( 2063): WEBclient: onFailed
09-16 01:26:13.157 I/HttpContext( 2063): getIResponseJson :com.thundercomm.microservice.MicroServiceProxy@12e89eb
09-16 01:26:13.157 I/ResponseWebSocketHandler( 2063): ResponseWebSocketHandler start
09-16 01:26:13.157 I/ResponseHandler( 2063): ResponseHandler() :com.thundercomm.microservice.MicroServiceProxy@12e89eb
09-16 01:26:13.158 I/HttpContext( 2063): getIResponseJson :com.thundercomm.microservice.MicroServiceProxy@12e89eb
09-16 01:26:13.158 I/ResponseWebSocketHandler( 2063): ResponseWebSocketHandler mResponseJson: com.thundercomm.microservice.MicroServiceProxy@12e89eb
09-16 01:26:13.159 I/System.out( 2063): handler is: com.thundercomm.microservice.netty.client.handler.webSocket.ResponseWebSocketHandler@97a26fd
09-16 01:26:13.785 I/mpu_uart( 664): [MSG-P:R]:recv sync frame timeout
01-01 13:49:48.657 D/ ( 0): mv2112_read_status
01-01 13:49:48.661 D/mv2112_update_link( 0): 3.0x901(1G): 0x80
01-01 13:49:48.666 D/mv2112_update_link( 0): 3.0x8109(100M): 0x0
01-01 13:49:48.672 D/mv2112_update_link( 0): link 0x0
01-01 13:49:48.676 D/mv2112_read_status( 0): autoneg is disabled
09-16 01:26:13.926 I/mpu_uart( 664): [MSG-P:RECV]:No message received in 1000 ms
01-01 13:49:48.819 E/i2c_geni 980000.i2c( 0): i2c error :-107
01-01 13:49:48.824 E/ ( 0): [MAX975X:mcu_keep_wakeup_work_func] *ERROR* Failed to write dev:0x15 addr:0x22 value:0x80
01-01 13:49:48.835 E/i2c_geni 980000.i2c( 0): i2c error :-107
01-01 13:49:48.840 E/ ( 0): [MAX975X:mcu_keep_wakeup_work_func] *ERROR* Failed to write dev:0x15 addr:0x20 value:0x09
09-16 01:26:14.926 I/mpu_uart( 664): [MSG-P:RECV]:No message received in 1000 ms
01-01 13:49:49.681 D/ ( 0): mv2112_read_status
01-01 13:49:49.685 D/mv2112_update_link( 0): 3.0x901(1G): 0x80
01-01 13:49:49.690 D/mv2112_update_link( 0): 3.0x8109(100M): 0x0
01-01 13:49:49.695 D/mv2112_update_link( 0): link 0x0
01-01 13:49:49.700 D/mv2112_read_status( 0): autoneg is disabled
09-16 01:26:15.223 I/HttpClient( 2063): onFailed
09-16 01:26:15.223 I/MicroService( 2063): sendConnectStateBroadCast() state0
09-16 01:26:15.227 I/MicroService( 2063): onNettyConnectState0
09-16 01:26:15.227 I/MicroService( 2063): onNettyConnectState count = 0
01-01 13:49:50.675 E/i2c_geni 980000.i2c( 0): i2c error :-107
01-01 13:49:50.680 E/ ( 0): [MAX975X:mcu_keep_wakeup_work_func] *ERROR* Failed to write dev:0x15 addr:0x22 value:0x80
09-16 01:26:15.928 I/mpu_uart( 664): [MSG-P:RECV]:No message received in 1000 ms
01-01 13:49:50.693 E/i2c_geni 980000.i2c( 0): i2c error :-107
01-01 13:49:50.698 E/ ( 0): [MAX975X:mcu_keep_wakeup_work_func] *ERROR* Failed to write dev:0x15 addr:0x20 value:0x09
01-01 13:49:50.705 D/ ( 0): mv2112_read_status
01-01 13:49:50.713 D/mv2112_update_link( 0): 3.0x901(1G): 0x80
01-01 13:49:50.719 D/mv2112_update_link( 0): 3.0x8109(100M): 0x0
01-01 13:49:50.725 D/mv2112_update_link( 0): link 0x0
01-01 13:49:50.730 D/mv2112_read_status( 0): autoneg is disabled
09-16 01:26:16.223 I/HWebSocketClient( 2063): WEBclient: onFailed
09-16 01:26:16.229 I/ResponseWebSocketHandler( 2063): ResponseWebSocketHandler start
09-16 01:26:16.229 I/HttpContext( 2063): getIResponseJson :com.thundercomm.microservice.MicroServiceProxy@12e89eb
09-16 01:26:16.229 I/ResponseWebSocketHandler( 2063): ResponseWebSocketHandler mResponseJson: com.thundercomm.microservice.MicroServiceProxy@12e89eb
09-16 01:26:16.231 I/System.out( 2063): handler is: com.thundercomm.microservice.netty.client.handler.webSocket.ResponseWebSocketHandler@eda093e
09-16 01:26:16.232 I/HttpContext( 2063): getIResponseJson :com.thundercomm.microservice.MicroServiceProxy@12e89eb
09-16 01:26:16.232 I/ResponseHandler( 2063): ResponseHandler() :com.thundercomm.microservice.MicroServiceProxy@12e89eb
09-16 01:26:16.254 W/NioEventLoop( 2063): Selector.select() returned prematurely 512 times in a row; rebuilding Selector io.netty.channel.nio.SelectedSelectionKeySetSelector@59b039f.
09-16 01:26:16.255 I/NioEventLoop( 2063): Migrated 1 channel(s) to the new Selector.
01-01 13:49:51.022 I/init ( 0): starting service 'qvrd_vndr'...
01-01 13:49:51.028 I/init ( 0): Created socket '/dev/socket/qvrservice_vndr', mode 660, user 1000, group 1000
01-01 13:49:51.038 I/init ( 0): Created socket '/dev/socket/qvrservice_vndr_camera', mode 660, user 1000, group 1000
01-01 13:49:51.061 I/init ( 0): starting service 'sxrd'...
01-01 13:49:51.078 I/init ( 0): starting service 'vendor.light-hal-2-0'...
09-16 01:26:16.365 F/linker ( 8170): CANNOT LINK EXECUTABLE "/vendor/bin/hw/qvrservice": library "vendor.qti.hardware.qxr-V1-ndk_platform.so" not found: needed by /vendor/lib64/libqvrservice.so in namespace (default)
09-16 01:26:16.367 F/linker ( 8171): CANNOT LINK EXECUTABLE "/vendor/bin/hw/sxrservice": library "vendor.qti.hardware.qxr-V1-ndk_platform.so" not found: needed by main executable
01-01 13:49:51.119 I/init ( 0): Service 'qvrd_vndr' (pid 8170) exited with status 1
01-01 13:49:51.126 I/init ( 0): Sending signal 9 to service 'qvrd_vndr' (pid 8170) process group...
09-16 01:26:16.380 I/hwservicemanager( 516): getTransport: Cannot find entry android.hardware.light@2.0::ILight/default in either framework or device VINTF manifest.
09-16 01:26:16.383 E/light ( 8172): light_open lights keyboard failed: -22
09-16 01:26:16.383 E/light ( 8172): Light passthrough failed to load legacy HAL.
09-16 01:26:16.384 E/light ( 8172): light_open lights buttons failed: -22
09-16 01:26:16.384 E/light ( 8172): Light passthrough failed to load legacy HAL.
09-16 01:26:16.386 E/light ( 8172): light_open lights bluetooth failed: -22
09-16 01:26:16.386 E/light ( 8172): Light passthrough failed to load legacy HAL.
09-16 01:26:16.386 E/light ( 8172): light_open lights wifi failed: -22
09-16 01:26:16.386 E/light ( 8172): Light passthrough failed to load legacy HAL.
09-16 01:26:16.387 I/hwservicemanager( 516): getTransport: Cannot find entry android.hardware.light@2.0::ILight/default in either framework or device VINTF manifest.
09-16 01:26:16.388 E/HidlServiceManagement( 8172): Service android.hardware.light@2.0::ILight/default must be in VINTF manifest in order to register/get.
09-16 01:26:16.388 E/LegacySupport( 8172): Could not register service android.hardware.light@2.0::ILight/default (-2147483648).
01-01 13:49:51.134 I/libprocessgroup( 0): Successfully killed process cgroup uid 1000 pid 8170 in 0ms
01-01 13:49:51.144 I/init ( 0): Service 'sxrd' (pid 8171) exited with status 1
01-01 13:49:51.150 I/init ( 0): Sending signal 9 to service 'sxrd' (pid 8171) process group...
09-16 01:26:16.789 I/mpu_uart( 664): [MSG-P:R]:recv sync frame timeout
09-16 01:26:16.928 I/mpu_uart( 664): [MSG-P:RECV]:No message received in 1000 ms
01-01 13:49:51.761 D/ ( 0): mv2112_read_status
01-01 13:49:51.765 D/mv2112_update_link( 0): 3.0x901(1G): 0x80
01-01 13:49:51.770 D/mv2112_update_link( 0): 3.0x8109(100M): 0x0
01-01 13:49:51.776 D/mv2112_update_link( 0): link 0x0
01-01 13:49:51.780 D/mv2112_read_status( 0): autoneg is disabled
01-01 13:49:52.531 E/i2c_geni 980000.i2c( 0): i2c error :-107
01-01 13:49:52.537 E/ ( 0): [MAX975X:mcu_keep_wakeup_work_func] *ERROR* Failed to write dev:0x15 addr:0x22 value:0x80
01-01 13:49:52.548 E/i2c_geni 980000.i2c( 0): i2c error :-107
01-01 13:49:52.554 E/ ( 0): [MAX975X:mcu_keep_wakeup_work_func] *ERROR* Failed to write dev:0x15 addr:0x20 value:0x09
09-16 01:26:17.929 I/mpu_uart( 664): [MSG-P:RECV]:No message received in 1000 ms
01-01 13:49:52.785 D/ ( 0): mv2112_read_status
01-01 13:49:52.789 D/mv2112_update_link( 0): 3.0x901(1G): 0x80
01-01 13:49:52.795 D/mv2112_update_link( 0): 3.0x8109(100M): 0x0
01-01 13:49:52.802 D/mv2112_update_link( 0): link 0x0
01-01 13:49:52.806 D/mv2112_read_status( 0): autoneg is disabled
09-16 01:26:18.295 I/HttpClient( 2063): onFailed
09-16 01:26:18.295 I/MicroService( 2063): sendConnectStateBroadCast() state0
09-16 01:26:18.298 I/MicroService( 2063): onNettyConnectState0
09-16 01:26:18.298 I/MicroService( 2063): onNettyConnectState count = 0
09-16 01:26:18.930 I/mpu_uart( 664): [MSG-P:RECV]:No message received in 1000 ms
01-01 13:49:53.809 D/ ( 0): mv2112_read_status
01-01 13:49:53.813 D/mv2112_update_link( 0): 3.0x901(1G): 0x80
01-01 13:49:53.818 D/mv2112_update_link( 0): 3.0x8109(100M): 0x0
01-01 13:49:53.823 D/mv2112_update_link( 0): link 0x0
01-01 13:49:53.827 D/mv2112_read_status( 0): autoneg is disabled
09-16 01:26:19.295 I/HWebSocketClient( 2063): WEBclient: onFailed
09-16 01:26:19.302 I/ResponseWebSocketHandler( 2063): ResponseWebSocketHandler start
09-16 01:26:19.303 I/HttpContext( 2063): getIResponseJson :com.thundercomm.microservice.MicroServiceProxy@12e89eb
09-16 01:26:19.303 I/ResponseWebSocketHandler( 2063): ResponseWebSocketHandler mResponseJson: com.thundercomm.microservice.MicroServiceProxy@12e89eb
09-16 01:26:19.303 I/HttpContext( 2063): getIResponseJson :com.thundercomm.microservice.MicroServiceProxy@12e89eb
09-16 01:26:19.303 I/ResponseHandler( 2063): ResponseHandler() :com.thundercomm.microservice.MicroServiceProxy@12e89eb
09-16 01:26:19.305 I/System.out( 2063): handler is: com.thundercomm.microservice.netty.client.handler.webSocket.ResponseWebSocketHandler@dc4ab31
09-16 01:26:19.325 W/NioEventLoop( 2063): Selector.select() returned prematurely 512 times in a row; rebuilding Selector io.netty.channel.nio.SelectedSelectionKeySetSelector@1cc0216.
09-16 01:26:19.326 I/NioEventLoop( 2063): Migrated 1 channel(s) to the new Selector.
01-01 13:49:54.387 E/i2c_geni 980000.i2c( 0): i2c error :-107
01-01 13:49:54.392 E/ ( 0): [MAX975X:mcu_keep_wakeup_work_func] *ERROR* Failed to write dev:0x15 addr:0x22 value:0x80
01-01 13:49:54.406 E/i2c_geni 980000.i2c( 0): i2c error :-107
01-01 13:49:54.411 E/ ( 0): [MAX975X:mcu_keep_wakeup_work_func] *ERROR* Failed to write dev:0x15 addr:0x20 value:0x09
09-16 01:26:19.793 I/mpu_uart( 664): [MSG-P:R]:recv sync frame timeout
09-16 01:26:19.930 I/mpu_uart( 664): [MSG-P:RECV]:No message received in 1000 ms
01-01 13:49:54.833 D/ ( 0): mv2112_read_status
01-01 13:49:54.837 D/mv2112_update_link( 0): 3.0x901(1G): 0x80
01-01 13:49:54.842 D/mv2112_update_link( 0): 3.0x8109(100M): 0x0
01-01 13:49:54.848 D/mv2112_update_link( 0): link 0x0
01-01 13:49:54.853 D/mv2112_read_status( 0): autoneg is disabled
09-16 01:26:20.931 I/mpu_uart( 664): [MSG-P:RECV]:No message received in 1000 ms
01-01 13:49:55.857 D/ ( 0): mv2112_read_status
01-01 13:49:55.861 D/mv2112_update_link( 0): 3.0x901(1G): 0x80
01-01 13:49:55.867 D/mv2112_update_link( 0): 3.0x8109(100M): 0x0
01-01 13:49:55.872 D/mv2112_update_link( 0): link 0x0
01-01 13:49:55.877 D/mv2112_read_status( 0): autoneg is disabled
01-01 13:49:56.061 I/init ( 0): starting service 'qvrd_vndr'...
01-01 13:49:56.067 I/init ( 0): Created socket '/dev/socket/qvrservice_vndr', mode 660, user 1000, group 1000
01-01 13:49:56.077 I/init ( 0): Created socket '/dev/socket/qvrservice_vndr_camera', mode 660, user 1000, group 1000
01-01 13:49:56.103 I/init ( 0): starting service 'sxrd'...
09-16 01:26:21.366 I/HttpClient( 2063): onFailed
09-16 01:26:21.366 I/MicroService( 2063): sendConnectStateBroadCast() state0
09-16 01:26:21.369 I/MicroService( 2063): onNettyConnectState0
09-16 01:26:21.370 I/MicroService( 2063): onNettyConnectState count = 0
01-01 13:49:56.119 I/init ( 0): starting service 'vendor.light-hal-2-0'...
09-16 01:26:21.402 F/linker ( 8174): CANNOT LINK EXECUTABLE "/vendor/bin/hw/qvrservice": library "vendor.qti.hardware.qxr-V1-ndk_platform.so" not found: needed by /vendor/lib64/libqvrservice.so in namespace (default)
09-16 01:26:21.407 F/linker ( 8175): CANNOT LINK EXECUTABLE "/vendor/bin/hw/sxrservice": library "vendor.qti.hardware.qxr-V1-ndk_platform.so" not found: needed by main executable
01-01 13:49:56.156 I/init ( 0): Service 'qvrd_vndr' (pid 8174) exited with status 1
01-01 13:49:56.162 I/init ( 0): Sending signal 9 to service 'qvrd_vndr' (pid 8174) process group...
01-01 13:49:56.171 I/libprocessgroup( 0): Successfully killed process cgroup uid 1000 pid 8174 in 0ms
09-16 01:26:21.428 I/hwservicemanager( 516): getTransport: Cannot find entry android.hardware.light@2.0::ILight/default in either framework or device VINTF manifest.
09-16 01:26:21.431 E/light ( 8176): light_open lights keyboard failed: -22
09-16 01:26:21.431 E/light ( 8176): Light passthrough failed to load legacy HAL.
09-16 01:26:21.431 E/light ( 8176): light_open lights buttons failed: -22
09-16 01:26:21.431 E/light ( 8176): Light passthrough failed to load legacy HAL.
09-16 01:26:21.433 E/light ( 8176): light_open lights bluetooth failed: -22
09-16 01:26:21.433 E/light ( 8176): Light passthrough failed to load legacy HAL.
09-16 01:26:21.434 E/light ( 8176): light_open lights wifi failed: -22
09-16 01:26:21.434 E/light ( 8176): Light passthrough failed to load legacy HAL.
01-01 13:49:56.181 I/init ( 0): Service 'sxrd' (pid 8175) exited with status 1
09-16 01:26:21.435 I/hwservicemanager( 516): getTransport: Cannot find entry android.hardware.light@2.0::ILight/default in either framework or device VINTF manifest.
01-01 13:49:56.187 I/init ( 0): Sending signal 9 to service 'sxrd' (pid 8175) process group...
09-16 01:26:21.435 E/HidlServiceManagement( 8176): Service android.hardware.light@2.0::ILight/default must be in VINTF manifest in order to register/get.
09-16 01:26:21.435 E/LegacySupport( 8176): Could not register service android.hardware.light@2.0::ILight/default (-2147483648).
01-01 13:49:56.242 E/i2c_geni 980000.i2c( 0): i2c error :-107
01-01 13:49:56.247 E/ ( 0): [MAX975X:mcu_keep_wakeup_work_func] *ERROR* Failed to write dev:0x15 addr:0x22 value:0x80
01-01 13:49:56.258 E/i2c_geni 980000.i2c( 0): i2c error :-107
01-01 13:49:56.263 E/ ( 0): [MAX975X:mcu_keep_wakeup_work_func] *ERROR* Failed to write dev:0x15 addr:0x20 value:0x09
09-16 01:26:21.932 I/mpu_uart( 664): [MSG-P:RECV]:No message received in 1000 ms
01-01 13:49:56.881 D/ ( 0): mv2112_read_status
01-01 13:49:56.884 D/mv2112_update_link( 0): 3.0x901(1G): 0x80
01-01 13:49:56.890 D/mv2112_update_link( 0): 3.0x8109(100M): 0x0
01-01 13:49:56.895 D/mv2112_update_link( 0): link 0x0
01-01 13:49:56.900 D/mv2112_read_status( 0): autoneg is disabled
09-16 01:26:22.366 I/HWebSocketClient( 2063): WEBclient: onFailed
09-16 01:26:22.373 I/ResponseWebSocketHandler( 2063): ResponseWebSocketHandler start
09-16 01:26:22.374 I/HttpContext( 2063): getIResponseJson :com.thundercomm.microservice.MicroServiceProxy@12e89eb
09-16 01:26:22.374 I/ResponseWebSocketHandler( 2063): ResponseWebSocketHandler mResponseJson: com.thundercomm.microservice.MicroServiceProxy@12e89eb
09-16 01:26:22.374 I/HttpContext( 2063): getIResponseJson :com.thundercomm.microservice.MicroServiceProxy@12e89eb
09-16 01:26:22.374 I/ResponseHandler( 2063): ResponseHandler() :com.thundercomm.microservice.MicroServiceProxy@12e89eb
09-16 01:26:22.376 I/System.out( 2063): handler is: com.thundercomm.microservice.netty.client.handler.webSocket.ResponseWebSocketHandler@32a9df0
09-16 01:26:22.402 W/NioEventLoop( 2063): Selector.select() returned prematurely 512 times in a row; rebuilding Selector io.netty.channel.nio.SelectedSelectionKeySetSelector@ce48f69.
09-16 01:26:22.403 I/NioEventLoop( 2063): Migrated 1 channel(s) to the new Selector.
09-16 01:26:22.797 I/mpu_uart( 664): [MSG-P:R]:recv sync frame timeout
09-16 01:26:22.932 I/mpu_uart( 664): [MSG-P:RECV]:No message received in 1000 ms
01-01 13:49:57.905 D/ ( 0): mv2112_read_status
01-01 13:49:57.909 D/mv2112_update_link( 0): 3.0x901(1G): 0x80
01-01 13:49:57.914 D/mv2112_update_link( 0): 3.0x8109(100M): 0x0
01-01 13:49:57.919 D/mv2112_update_link( 0): link 0x0
01-01 13:49:57.925 D/mv2112_read_status( 0): autoneg is disabled
09-16 01:26:23.345 I/KEVA.NATIVE( 4752): byte array do not exist
09-16 01:26:23.346 I/KEVA.NATIVE( 4752): byte array do not exist
01-01 13:49:58.101 E/i2c_geni 980000.i2c( 0): i2c error :-107
01-01 13:49:58.106 E/ ( 0): [MAX975X:mcu_keep_wakeup_work_func] *ERROR* Failed to write dev:0x15 addr:0x22 value:0x80
01-01 13:49:58.116 E/i2c_geni 980000.i2c( 0): i2c error :-107
01-01 13:49:58.121 E/ ( 0): [MAX975X:mcu_keep_wakeup_work_func] *ERROR* Failed to write dev:0x15 addr:0x20 value:0x09
09-16 01:26:23.933 I/mpu_uart( 664): [MSG-P:RECV]:No message received in 1000 ms
01-01 13:49:58.929 D/ ( 0): mv2112_read_status
01-01 13:49:58.933 D/mv2112_update_link( 0): 3.0x901(1G): 0x80
01-01 13:49:58.939 D/mv2112_update_link( 0): 3.0x8109(100M): 0x0
01-01 13:49:58.946 D/mv2112_update_link( 0): link 0x0
01-01 13:49:58.951 D/mv2112_read_status( 0): autoneg is disabled
09-16 01:26:24.438 I/HttpClient( 2063): onFailed
09-16 01:26:24.439 I/MicroService( 2063): sendConnectStateBroadCast() state0
09-16 01:26:24.443 I/MicroService( 2063): onNettyConnectState0
09-16 01:26:24.444 I/MicroService( 2063): onNettyConnectState count = 0
09-16 01:26:24.934 I/mpu_uart( 664): [MSG-P:RECV]:No message received in 1000 ms
01-01 13:49:59.953 D/ ( 0): mv2112_read_status
01-01 13:49:59.958 D/mv2112_update_link( 0): 3.0x901(1G): 0x80
01-01 13:49:59.958 E/i2c_geni 980000.i2c( 0): i2c error :-107
01-01 13:49:59.969 D/mv2112_update_link( 0): 3.0x8109(100M): 0x0
01-01 13:49:59.974 D/mv2112_update_link( 0): link 0x0
01-01 13:49:59.977 E/ ( 0): [MAX975X:mcu_keep_wakeup_work_func] *ERROR* Failed to write dev:0x15 addr:0x22 value:0x80
01-01 13:49:59.978 D/mv2112_read_status( 0): autoneg is disabled
01-01 13:49:59.993 E/i2c_geni 980000.i2c( 0): i2c error :-107
01-01 13:49:59.998 E/ ( 0): [MAX975X:mcu_keep_wakeup_work_func] *ERROR* Failed to write dev:0x15 addr:0x20 value:0x09
09-16 01:26:25.439 I/HWebSocketClient( 2063): WEBclient: onFailed
09-16 01:26:25.446 I/ResponseWebSocketHandler( 2063): ResponseWebSocketHandler start
09-16 01:26:25.447 I/HttpContext( 2063): getIResponseJson :com.thundercomm.microservice.MicroServiceProxy@12e89eb
09-16 01:26:25.447 I/HttpContext( 2063): getIResponseJson :com.thundercomm.microservice.MicroServiceProxy@12e89eb
09-16 01:26:25.447 I/ResponseHandler( 2063): ResponseHandler() :com.thundercomm.microservice.MicroServiceProxy@12e89eb
09-16 01:26:25.447 I/ResponseWebSocketHandler( 2063): ResponseWebSocketHandler mResponseJson: com.thundercomm.microservice.MicroServiceProxy@12e89eb
09-16 01:26:25.449 I/System.out( 2063): handler is: com.thundercomm.microservice.netty.client.handler.webSocket.ResponseWebSocketHandler@26748ab
09-16 01:26:25.801 I/mpu_uart( 664): [MSG-P:R]:recv sync frame timeout
09-16 01:26:25.935 I/mpu_uart( 664): [MSG-P:RECV]:No message received in 1000 ms
01-01 13:50:01.009 D/ ( 0): mv2112_read_status
01-01 13:50:01.013 D/mv2112_update_link( 0): 3.0x901(1G): 0x80
01-01 13:50:01.018 D/mv2112_update_link( 0): 3.0x8109(100M): 0x0
01-01 13:50:01.023 D/mv2112_update_link( 0): link 0x0
01-01 13:50:01.031 D/mv2112_read_status( 0): autoneg is disabled
01-01 13:50:01.102 I/init ( 0): starting service 'qvrd_vndr'...
01-01 13:50:01.107 I/init ( 0): Created socket '/dev/socket/qvrservice_vndr', mode 660, user 1000, group 1000
01-01 13:50:01.117 I/init ( 0): Created socket '/dev/socket/qvrservice_vndr_camera', mode 660, user 1000, group 1000
01-01 13:50:01.141 I/init ( 0): starting service 'sxrd'...
01-01 13:50:01.159 I/init ( 0): starting service 'vendor.light-hal-2-0'...
09-16 01:26:26.442 F/linker ( 8179): CANNOT LINK EXECUTABLE "/vendor/bin/hw/qvrservice": library "vendor.qti.hardware.qxr-V1-ndk_platform.so" not found: needed by /vendor/lib64/libqvrservice.so in namespace (default)
09-16 01:26:26.451 F/linker ( 8180): CANNOT LINK EXECUTABLE "/vendor/bin/hw/sxrservice": library "vendor.qti.hardware.qxr-V1-ndk_platform.so" not found: needed by main executable
01-01 13:50:01.196 I/init ( 0): Service 'qvrd_vndr' (pid 8179) exited with status 1
01-01 13:50:01.202 I/init ( 0): Sending signal 9 to service 'qvrd_vndr' (pid 8179) process group...
01-01 13:50:01.211 I/libprocessgroup( 0): Successfully killed process cgroup uid 1000 pid 8179 in 0ms
09-16 01:26:26.470 I/hwservicemanager( 516): getTransport: Cannot find entry android.hardware.light@2.0::ILight/default in either framework or device VINTF manifest.
09-16 01:26:26.478 E/light ( 8181): light_open lights keyboard failed: -22
09-16 01:26:26.479 E/light ( 8181): Light passthrough failed to load legacy HAL.
09-16 01:26:26.481 E/light ( 8181): light_open lights buttons failed: -22
09-16 01:26:26.481 E/light ( 8181): Light passthrough failed to load legacy HAL.
01-01 13:50:01.221 I/init ( 0): Service 'sxrd' (pid 8180) exited with status 1
01-01 13:50:01.228 I/init ( 0): Sending signal 9 to service 'sxrd' (pid 8180) process group...
09-16 01:26:26.485 E/light ( 8181): light_open lights bluetooth failed: -22
09-16 01:26:26.485 E/light ( 8181): Light passthrough failed to load legacy HAL.
09-16 01:26:26.486 E/light ( 8181): light_open lights wifi failed: -22
09-16 01:26:26.486 E/light ( 8181): Light passthrough failed to load legacy HAL.
09-16 01:26:26.488 I/hwservicemanager( 516): getTransport: Cannot find entry android.hardware.light@2.0::ILight/default in either framework or device VINTF manifest.
09-16 01:26:26.488 E/HidlServiceManagement( 8181): Service android.hardware.light@2.0::ILight/default must be in VINTF manifest in order to register/get.
09-16 01:26:26.488 E/LegacySupport( 8181): Could not register service android.hardware.light@2.0::ILight/default (-2147483648).
09-16 01:26:26.936 I/mpu_uart( 664): [MSG-P:RECV]:No message received in 1000 ms
01-01 13:50:01.813 E/i2c_geni 980000.i2c( 0): i2c error :-107
01-01 13:50:01.818 E/ ( 0): [MAX975X:mcu_keep_wakeup_work_func] *ERROR* Failed to write dev:0x15 addr:0x22 value:0x80
01-01 13:50:01.828 E/i2c_geni 980000.i2c( 0): i2c error :-107
01-01 13:50:01.834 E/ ( 0): [MAX975X:mcu_keep_wakeup_work_func] *ERROR* Failed to write dev:0x15 addr:0x20 value:0x09
01-01 13:50:02.033 D/ ( 0): mv2112_read_status
01-01 13:50:02.037 D/mv2112_update_link( 0): 3.0x901(1G): 0x80
01-01 13:50:02.043 D/mv2112_update_link( 0): 3.0x8109(100M): 0x0
01-01 13:50:02.050 D/mv2112_update_link( 0): link 0x0
01-01 13:50:02.054 D/mv2112_read_status( 0): autoneg is disabled
09-16 01:26:27.510 I/HttpClient( 2063): onFailed
09-16 01:26:27.511 I/MicroService( 2063): sendConnectStateBroadCast() state0
09-16 01:26:27.514 I/MicroService( 2063): onNettyConnectState0
09-16 01:26:27.514 I/MicroService( 2063): onNettyConnectState count = 0
09-16 01:26:27.937 I/mpu_uart( 664): [MSG-P:RECV]:No message received in 1000 ms
01-01 13:50:03.057 D/ ( 0): mv2112_read_status
01-01 13:50:03.061 D/mv2112_update_link( 0): 3.0x901(1G): 0x80
01-01 13:50:03.067 D/mv2112_update_link( 0): 3.0x8109(100M): 0x0
01-01 13:50:03.074 D/mv2112_update_link( 0): link 0x0
01-01 13:50:03.078 D/mv2112_read_status( 0): autoneg is disabled
09-16 01:26:28.514 I/HWebSocketClient( 2063): WEBclient: onFailed
09-16 01:26:28.519 I/HttpContext( 2063): getIResponseJson :com.thundercomm.microservice.MicroServiceProxy@12e89eb
09-16 01:26:28.519 I/ResponseHandler( 2063): ResponseHandler() :com.thundercomm.microservice.MicroServiceProxy@12e89eb
09-16 01:26:28.520 I/ResponseWebSocketHandler( 2063): ResponseWebSocketHandler start
09-16 01:26:28.520 I/HttpContext( 2063): getIResponseJson :com.thundercomm.microservice.MicroServiceProxy@12e89eb
09-16 01:26:28.520 I/ResponseWebSocketHandler( 2063): ResponseWebSocketHandler mResponseJson: com.thundercomm.microservice.MicroServiceProxy@12e89eb
09-16 01:26:28.523 I/System.out( 2063): handler is: com.thundercomm.microservice.netty.client.handler.webSocket.ResponseWebSocketHandler@941ffb4
09-16 01:26:28.544 W/NioEventLoop( 2063): Selector.select() returned prematurely 512 times in a row; rebuilding Selector io.netty.channel.nio.SelectedSelectionKeySetSelector@63ae7dd.
09-16 01:26:28.545 I/NioEventLoop( 2063): Migrated 1 channel(s) to the new Selector.
09-16 01:26:28.805 I/mpu_uart( 664): [MSG-P:R]:recv sync frame timeout
01-01 13:50:03.667 E/i2c_geni 980000.i2c( 0): i2c error :-107
01-01 13:50:03.672 E/ ( 0): [MAX975X:mcu_keep_wakeup_work_func] *ERROR* Failed to write dev:0x15 addr:0x22 value:0x80
01-01 13:50:03.683 E/i2c_geni 980000.i2c( 0): i2c error :-107
01-01 13:50:03.688 E/ ( 0): [MAX975X:mcu_keep_wakeup_work_func] *ERROR* Failed to write dev:0x15 addr:0x20 value:0x09
09-16 01:26:28.945 I/mpu_uart( 664): [MSG-P:RECV]:No message received in 1000 ms
01-01 13:50:04.081 D/ ( 0): mv2112_read_status
01-01 13:50:04.085 D/mv2112_update_link( 0): 3.0x901(1G): 0x80
01-01 13:50:04.090 D/mv2112_update_link( 0): 3.0x8109(100M): 0x0
01-01 13:50:04.095 D/mv2112_update_link( 0): link 0x0
01-01 13:50:04.100 D/mv2112_read_status( 0): autoneg is disabled
09-16 01:26:29.945 I/mpu_uart( 664): [MSG-P:RECV]:No message received in 1000 ms
01-01 13:50:05.105 D/ ( 0): mv2112_read_status
01-01 13:50:05.109 D/mv2112_update_link( 0): 3.0x901(1G): 0x80
01-01 13:50:05.114 D/mv2112_update_link( 0): 3.0x8109(100M): 0x0
01-01 13:50:05.120 D/mv2112_update_link( 0): link 0x0
01-01 13:50:05.124 D/mv2112_read_status( 0): autoneg is disabled
09-16 01:26:30.583 I/HttpClient( 2063): onFailed
09-16 01:26:30.583 I/MicroService( 2063): sendConnectStateBroadCast() state0
09-16 01:26:30.586 I/MicroService( 2063): onNettyConnectState0
09-16 01:26:30.586 I/MicroService( 2063): onNettyConnectState count = 0
01-01 13:50:05.523 E/i2c_geni 980000.i2c( 0): i2c error :-107
01-01 13:50:05.528 E/ ( 0): [MAX975X:mcu_keep_wakeup_work_func] *ERROR* Failed to write dev:0x15 addr:0x22 value:0x80
01-01 13:50:05.540 E/i2c_geni 980000.i2c( 0): i2c error :-107
01-01 13:50:05.545 E/ ( 0): [MAX975X:mcu_keep_wakeup_work_func] *ERROR* Failed to write dev:0x15 addr:0x20 value:0x09
09-16 01:26:30.946 I/mpu_uart( 664): [MSG-P:RECV]:No message received in 1000 ms
01-01 13:50:06.129 D/ ( 0): mv2112_read_status
01-01 13:50:06.133 D/mv2112_update_link( 0): 3.0x901(1G): 0x80
01-01 13:50:06.138 D/mv2112_update_link( 0): 3.0x8109(100M): 0x0
01-01 13:50:06.140 I/init ( 0): starting service 'qvrd_vndr'...
01-01 13:50:06.150 I/init ( 0): Created socket '/dev/socket/qvrservice_vndr', mode 660, user 1000, group 1000
01-01 13:50:06.150 D/mv2112_update_link( 0): link 0x0
01-01 13:50:06.160 I/init ( 0): Created socket '/dev/socket/qvrservice_vndr_camera', mode 660, user 1000, group 1000
01-01 13:50:06.164 D/mv2112_read_status( 0): autoneg is disabled
01-01 13:50:06.186 I/init ( 0): starting service 'sxrd'...
01-01 13:50:06.201 I/init ( 0): starting service 'vendor.light-hal-2-0'...
09-16 01:26:31.479 F/linker ( 8184): CANNOT LINK EXECUTABLE "/vendor/bin/hw/sxrservice": library "vendor.qti.hardware.qxr-V1-ndk_platform.so" not found: needed by main executable
01-01 13:50:06.232 I/init ( 0): Service 'sxrd' (pid 8184) exited with status 1
01-01 13:50:06.239 I/init ( 0): Sending signal 9 to service 'sxrd' (pid 8184) process group...
09-16 01:26:31.492 F/linker ( 8183): CANNOT LINK EXECUTABLE "/vendor/bin/hw/qvrservice": library "vendor.qti.hardware.qxr-V1-ndk_platform.so" not found: needed by /vendor/lib64/libqvrservice.so in namespace (default)
01-01 13:50:06.247 I/libprocessgroup( 0): Successfully killed process cgroup uid 1000 pid 8184 in 0ms
09-16 01:26:31.508 I/hwservicemanager( 516): getTransport: Cannot find entry android.hardware.light@2.0::ILight/default in either framework or device VINTF manifest.
09-16 01:26:31.511 E/light ( 8185): light_open lights keyboard failed: -22
09-16 01:26:31.511 E/light ( 8185): Light passthrough failed to load legacy HAL.
09-16 01:26:31.512 E/light ( 8185): light_open lights buttons failed: -22
09-16 01:26:31.512 E/light ( 8185): Light passthrough failed to load legacy HAL.
09-16 01:26:31.514 E/light ( 8185): light_open lights bluetooth failed: -22
09-16 01:26:31.514 E/light ( 8185): Light passthrough failed to load legacy HAL.
09-16 01:26:31.514 E/light ( 8185): light_open lights wifi failed: -22
09-16 01:26:31.514 E/light ( 8185): Light passthrough failed to load legacy HAL.
09-16 01:26:31.515 I/hwservicemanager( 516): getTransport: Cannot find entry android.hardware.light@2.0::ILight/default in either framework or device VINTF manifest.
09-16 01:26:31.516 E/HidlServiceManagement( 8185): Service android.hardware.light@2.0::ILight/default must be in VINTF manifest in order to register/get.
09-16 01:26:31.516 E/LegacySupport( 8185): Could not register service android.hardware.light@2.0::ILight/default (-2147483648).
01-01 13:50:06.256 I/init ( 0): Service 'qvrd_vndr' (pid 8183) exited with status 1
01-01 13:50:06.263 I/init ( 0): Sending signal 9 to service 'qvrd_vndr' (pid 8183) process group...
09-16 01:26:31.583 I/HWebSocketClient( 2063): WEBclient: onFailed
09-16 01:26:31.590 I/HttpContext( 2063): getIResponseJson :com.thundercomm.microservice.MicroServiceProxy@12e89eb
09-16 01:26:31.590 I/ResponseHandler( 2063): ResponseHandler() :com.thundercomm.microservice.MicroServiceProxy@12e89eb
09-16 01:26:31.591 I/ResponseWebSocketHandler( 2063): ResponseWebSocketHandler start
09-16 01:26:31.592 I/HttpContext( 2063): getIResponseJson :com.thundercomm.microservice.MicroServiceProxy@12e89eb
09-16 01:26:31.592 I/ResponseWebSocketHandler( 2063): ResponseWebSocketHandler mResponseJson: com.thundercomm.microservice.MicroServiceProxy@12e89eb
09-16 01:26:31.593 I/System.out( 2063): handler is: com.thundercomm.microservice.netty.client.handler.webSocket.ResponseWebSocketHandler@f22bd7f
09-16 01:26:31.613 W/NioEventLoop( 2063): Selector.select() returned prematurely 512 times in a row; rebuilding Selector io.netty.channel.nio.SelectedSelectionKeySetSelector@6c1914c.
09-16 01:26:31.613 I/NioEventLoop( 2063): Migrated 1 channel(s) to the new Selector.
09-16 01:26:31.809 I/mpu_uart( 664): [MSG-P:R]:recv sync frame timeout
09-16 01:26:31.947 I/mpu_uart( 664): [MSG-P:RECV]:No message received in 1000 ms
01-01 13:50:07.185 D/ ( 0): mv2112_read_status
01-01 13:50:07.189 D/mv2112_update_link( 0): 3.0x901(1G): 0x80
01-01 13:50:07.196 D/mv2112_update_link( 0): 3.0x8109(100M): 0x0
01-01 13:50:07.209 D/mv2112_update_link( 0): link 0x0
01-01 13:50:07.213 D/mv2112_read_status( 0): autoneg is disabled
01-01 13:50:07.378 E/i2c_geni 980000.i2c( 0): i2c error :-107
01-01 13:50:07.384 E/ ( 0): [MAX975X:mcu_keep_wakeup_work_func] *ERROR* Failed to write dev:0x15 addr:0x22 value:0x80
01-01 13:50:07.394 E/i2c_geni 980000.i2c( 0): i2c error :-107
01-01 13:50:07.399 E/ ( 0): [MAX975X:mcu_keep_wakeup_work_func] *ERROR* Failed to write dev:0x15 addr:0x20 value:0x09
09-16 01:26:32.948 I/mpu_uart( 664): [MSG-P:RECV]:No message received in 1000 ms
01-01 13:50:08.241 D/ ( 0): mv2112_read_status
01-01 13:50:08.245 D/mv2112_update_link( 0): 3.0x901(1G): 0x80
01-01 13:50:08.250 D/mv2112_update_link( 0): 3.0x8109(100M): 0x0
01-01 13:50:08.265 D/mv2112_update_link( 0): link 0x0
01-01 13:50:08.269 D/mv2112_read_status( 0): autoneg is disabled
09-16 01:26:33.654 I/HttpClient( 2063): onFailed
09-16 01:26:33.655 I/MicroService( 2063): sendConnectStateBroadCast() state0
09-16 01:26:33.659 I/MicroService( 2063): onNettyConnectState0
09-16 01:26:33.659 I/MicroService( 2063): onNettyConnectState count = 0
09-16 01:26:33.949 I/mpu_uart( 664): [MSG-P:RECV]:No message received in 1000 ms
01-01 13:50:09.236 E/i2c_geni 980000.i2c( 0): i2c error :-107
01-01 13:50:09.241 E/ ( 0): [MAX975X:mcu_keep_wakeup_work_func] *ERROR* Failed to write dev:0x15 addr:0x22 value:0x80
01-01 13:50:09.251 E/i2c_geni 980000.i2c( 0): i2c error :-107
01-01 13:50:09.259 E/ ( 0): [MAX975X:mcu_keep_wakeup_work_func] *ERROR* Failed to write dev:0x15 addr:0x20 value:0x09
01-01 13:50:09.297 D/ ( 0): mv2112_read_status
01-01 13:50:09.300 D/mv2112_update_link( 0): 3.0x901(1G): 0x80
01-01 13:50:09.313 D/mv2112_update_link( 0): 3.0x8109(100M): 0x0
01-01 13:50:09.318 D/mv2112_update_link( 0): link 0x0
01-01 13:50:09.323 D/mv2112_read_status( 0): autoneg is disabled
09-16 01:26:34.655 I/HWebSocketClient( 2063): WEBclient: onFailed
09-16 01:26:34.662 I/ResponseWebSocketHandler( 2063): ResponseWebSocketHandler start
09-16 01:26:34.662 I/HttpContext( 2063): getIResponseJson :com.thundercomm.microservice.MicroServiceProxy@12e89eb
09-16 01:26:34.663 I/ResponseWebSocketHandler( 2063): ResponseWebSocketHandler mResponseJson: com.thundercomm.microservice.MicroServiceProxy@12e89eb
09-16 01:26:34.663 I/HttpContext( 2063): getIResponseJson :com.thundercomm.microservice.MicroServiceProxy@12e89eb
09-16 01:26:34.663 I/ResponseHandler( 2063): ResponseHandler() :com.thundercomm.microservice.MicroServiceProxy@12e89eb
09-16 01:26:34.664 I/System.out( 2063): handler is: com.thundercomm.microservice.netty.client.handler.webSocket.ResponseWebSocketHandler@e164376
09-16 01:26:34.812 I/mpu_uart( 664): [MSG-P:R]:recv sync frame timeout
09-16 01:26:34.950 I/mpu_uart( 664): [MSG-P:RECV]:No message received in 1000 ms
01-01 13:50:10.353 D/ ( 0): mv2112_read_status
01-01 13:50:10.356 D/mv2112_update_link( 0): 3.0x901(1G): 0x80
01-01 13:50:10.362 D/mv2112_update_link( 0): 3.0x8109(100M): 0x0
01-01 13:50:10.368 D/mv2112_update_link( 0): link 0x0
01-01 13:50:10.373 D/mv2112_read_status( 0): autoneg is disabled
09-16 01:26:35.951 I/mpu_uart( 664): [MSG-P:RECV]:No message received in 1000 ms
01-01 13:50:11.091 E/i2c_geni 980000.i2c( 0): i2c error :-107
01-01 13:50:11.096 E/ ( 0): [MAX975X:mcu_keep_wakeup_work_func] *ERROR* Failed to write dev:0x15 addr:0x22 value:0x80
01-01 13:50:11.108 E/i2c_geni 980000.i2c( 0): i2c error :-107
01-01 13:50:11.112 E/ ( 0): [MAX975X:mcu_keep_wakeup_work_func] *ERROR* Failed to write dev:0x15 addr:0x20 value:0x09
01-01 13:50:11.186 I/init ( 0): starting service 'qvrd_vndr'...
01-01 13:50:11.192 I/init ( 0): Created socket '/dev/socket/qvrservice_vndr', mode 660, user 1000, group 1000
01-01 13:50:11.201 I/init ( 0): Created socket '/dev/socket/qvrservice_vndr_camera', mode 660, user 1000, group 1000
01-01 13:50:11.223 I/init ( 0): starting service 'sxrd'...
01-01 13:50:11.239 I/init ( 0): starting service 'vendor.light-hal-2-0'...
09-16 01:26:36.521 F/linker ( 8189): CANNOT LINK EXECUTABLE "/vendor/bin/hw/sxrservice": library "vendor.qti.hardware.qxr-V1-ndk_platform.so" not found: needed by main executable
01-01 13:50:11.275 I/init ( 0): Service 'sxrd' (pid 8189) exited with status 1
01-01 13:50:11.281 I/init ( 0): Sending signal 9 to service 'sxrd' (pid 8189) process group...
09-16 01:26:36.529 F/linker ( 8188): CANNOT LINK EXECUTABLE "/vendor/bin/hw/qvrservice": library "vendor.qti.hardware.qxr-V1-ndk_platform.so" not found: needed by /vendor/lib64/libqvrservice.so in namespace (default)
01-01 13:50:11.289 I/libprocessgroup( 0): Successfully killed process cgroup uid 1000 pid 8189 in 0ms
09-16 01:26:36.548 I/hwservicemanager( 516): getTransport: Cannot find entry android.hardware.light@2.0::ILight/default in either framework or device VINTF manifest.
09-16 01:26:36.551 E/light ( 8190): light_open lights keyboard failed: -22
09-16 01:26:36.551 E/light ( 8190): Light passthrough failed to load legacy HAL.
09-16 01:26:36.551 E/light ( 8190): light_open lights buttons failed: -22
09-16 01:26:36.551 E/light ( 8190): Light passthrough failed to load legacy HAL.
09-16 01:26:36.553 E/light ( 8190): light_open lights bluetooth failed: -22
09-16 01:26:36.553 E/light ( 8190): Light passthrough failed to load legacy HAL.
09-16 01:26:36.554 E/light ( 8190): light_open lights wifi failed: -22
09-16 01:26:36.554 E/light ( 8190): Light passthrough failed to load legacy HAL.
09-16 01:26:36.554 I/hwservicemanager( 516): getTransport: Cannot find entry android.hardware.light@2.0::ILight/default in either framework or device VINTF manifest.
09-16 01:26:36.555 E/HidlServiceManagement( 8190): Service android.hardware.light@2.0::ILight/default must be in VINTF manifest in order to register/get.
09-16 01:26:36.555 E/LegacySupport( 8190): Could not register service android.hardware.light@2.0::ILight/default (-2147483648).
01-01 13:50:11.299 I/init ( 0): Service 'qvrd_vndr' (pid 8188) exited with status 1
01-01 13:50:11.305 I/init ( 0): Sending signal 9 to service 'qvrd_vndr' (pid 8188) process group...
01-01 13:50:11.377 D/ ( 0): mv2112_read_status
01-01 13:50:11.381 D/mv2112_update_link( 0): 3.0x901(1G): 0x80
01-01 13:50:11.386 D/mv2112_update_link( 0): 3.0x8109(100M): 0x0
01-01 13:50:11.392 D/mv2112_update_link( 0): link 0x0
01-01 13:50:11.396 D/mv2112_read_status( 0): autoneg is disabled
09-16 01:26:36.726 I/HttpClient( 2063): onFailed
09-16 01:26:36.726 I/MicroService( 2063): sendConnectStateBroadCast() state0
09-16 01:26:36.730 I/MicroService( 2063): onNettyConnectState0
09-16 01:26:36.730 I/MicroService( 2063): onNettyConnectState count = 0
09-16 01:26:36.951 I/mpu_uart( 664): [MSG-P:RECV]:No message received in 1000 ms
01-01 13:50:12.401 D/ ( 0): mv2112_read_status
01-01 13:50:12.405 D/mv2112_update_link( 0): 3.0x901(1G): 0x80
01-01 13:50:12.410 D/mv2112_update_link( 0): 3.0x8109(100M): 0x0
01-01 13:50:12.416 D/mv2112_update_link( 0): link 0x0
01-01 13:50:12.420 D/mv2112_read_status( 0): autoneg is disabled
09-16 01:26:37.726 I/HWebSocketClient( 2063): WEBclient: onFailed
09-16 01:26:37.732 I/HttpContext( 2063): getIResponseJson :com.thundercomm.microservice.MicroServiceProxy@12e89eb
09-16 01:26:37.732 I/ResponseHandler( 2063): ResponseHandler() :com.thundercomm.microservice.MicroServiceProxy@12e89eb
09-16 01:26:37.736 I/ResponseWebSocketHandler( 2063): ResponseWebSocketHandler start
09-16 01:26:37.737 I/HttpContext( 2063): getIResponseJson :com.thundercomm.microservice.MicroServiceProxy@12e89eb
09-16 01:26:37.737 I/ResponseWebSocketHandler( 2063): ResponseWebSocketHandler mResponseJson: com.thundercomm.microservice.MicroServiceProxy@12e89eb
09-16 01:26:37.738 I/System.out( 2063): handler is: com.thundercomm.microservice.netty.client.handler.webSocket.ResponseWebSocketHandler@b27da13
09-16 01:26:37.816 I/mpu_uart( 664): [MSG-P:R]:recv sync frame timeout
09-16 01:26:37.952 I/mpu_uart( 664): [MSG-P:RECV]:No message received in 1000 ms
01-01 13:50:12.948 E/i2c_geni 980000.i2c( 0): i2c error :-107
01-01 13:50:12.954 E/ ( 0): [MAX975X:mcu_keep_wakeup_work_func] *ERROR* Failed to write dev:0x15 addr:0x22 value:0x80
01-01 13:50:12.966 E/i2c_geni 980000.i2c( 0): i2c error :-107
01-01 13:50:12.972 E/ ( 0): [MAX975X:mcu_keep_wakeup_work_func] *ERROR* Failed to write dev:0x15 addr:0x20 value:0x09
09-16 01:26:38.301 E/TokenUnion_NetworkManager( 4752): appendCommonParams() 账号通参存在空,拼接后的 url = /luckycat/activity/settings/get_polling_settings/
09-16 01:26:38.305 I/KEVA.NATIVE( 4752): byte array do not exist
09-16 01:26:38.306 I/KEVA.NATIVE( 4752): byte array do not exist
09-16 01:26:38.326 I/KEVA.NATIVE( 4752): byte array do not exist
