09-16 01:26:38.326 I/KEVA.NATIVE( 4752): byte array do not exist
09-16 01:26:38.327 E/LuckyDogLogger_LuckyDogPollingSettings( 4752): Exception when request setting com.bytedance.frameworks.baselib.network.http.exception.NetworkNotAvailabeException: network not available
09-16 01:26:38.331 I/KEVA.NATIVE( 4752): byte array do not exist
09-16 01:26:38.331 I/KEVA.NATIVE( 4752): byte array do not exist
09-16 01:26:38.333 E/TokenUnion_NetworkManager( 4752): appendCommonParams() 账号通参存在空,拼接后的 url = /luckycat/activity/settings/get_polling_settings/
09-16 01:26:38.334 I/KEVA.NATIVE( 4752): byte array do not exist
09-16 01:26:38.335 I/KEVA.NATIVE( 4752): byte array do not exist
09-16 01:26:38.336 I/KEVA.NATIVE( 4752): byte array do not exist
09-16 01:26:38.337 I/KEVA.NATIVE( 4752): byte array do not exist
09-16 01:26:38.347 E/LuckyDogLogger_LuckyDogPollingSettings( 4752): Exception when request setting com.bytedance.frameworks.baselib.network.http.exception.NetworkNotAvailabeException: network not available
01-01 13:50:13.425 D/ ( 0): mv2112_read_status
01-01 13:50:13.429 D/mv2112_update_link( 0): 3.0x901(1G): 0x80
01-01 13:50:13.434 D/mv2112_update_link( 0): 3.0x8109(100M): 0x0
01-01 13:50:13.440 D/mv2112_update_link( 0): link 0x0
01-01 13:50:13.445 D/mv2112_read_status( 0): autoneg is disabled
09-16 01:26:38.953 I/mpu_uart( 664): [MSG-P:RECV]:No message received in 1000 ms
01-01 13:50:14.449 D/ ( 0): mv2112_read_status
01-01 13:50:14.453 D/mv2112_update_link( 0): 3.0x901(1G): 0x80
01-01 13:50:14.458 D/mv2112_update_link( 0): 3.0x8109(100M): 0x0
01-01 13:50:14.464 D/mv2112_update_link( 0): link 0x0
01-01 13:50:14.468 D/mv2112_read_status( 0): autoneg is disabled
09-16 01:26:39.798 I/HttpClient( 2063): onFailed
09-16 01:26:39.799 I/MicroService( 2063): sendConnectStateBroadCast() state0
09-16 01:26:39.805 I/MicroService( 2063): onNettyConnectState0
09-16 01:26:39.805 I/MicroService( 2063): onNettyConnectState count = 0
09-16 01:26:39.954 I/mpu_uart( 664): [MSG-P:RECV]:No message received in 1000 ms
01-01 13:50:14.803 E/i2c_geni 980000.i2c( 0): i2c error :-107
01-01 13:50:14.808 E/ ( 0): [MAX975X:mcu_keep_wakeup_work_func] *ERROR* Failed to write dev:0x15 addr:0x22 value:0x80
01-01 13:50:14.819 E/i2c_geni 980000.i2c( 0): i2c error :-107
01-01 13:50:14.825 E/ ( 0): [MAX975X:mcu_keep_wakeup_work_func] *ERROR* Failed to write dev:0x15 addr:0x20 value:0x09
01-01 13:50:15.473 D/ ( 0): mv2112_read_status
01-01 13:50:15.477 D/mv2112_update_link( 0): 3.0x901(1G): 0x80
01-01 13:50:15.484 D/mv2112_update_link( 0): 3.0x8109(100M): 0x0
01-01 13:50:15.490 D/mv2112_update_link( 0): link 0x0
01-01 13:50:15.494 D/mv2112_read_status( 0): autoneg is disabled
09-16 01:26:40.803 I/HWebSocketClient( 2063): WEBclient: onFailed
09-16 01:26:40.809 I/ResponseWebSocketHandler( 2063): ResponseWebSocketHandler start
09-16 01:26:40.809 I/HttpContext( 2063): getIResponseJson :com.thundercomm.microservice.MicroServiceProxy@12e89eb
09-16 01:26:40.809 I/ResponseHandler( 2063): ResponseHandler() :com.thundercomm.microservice.MicroServiceProxy@12e89eb
09-16 01:26:40.810 I/HttpContext( 2063): getIResponseJson :com.thundercomm.microservice.MicroServiceProxy@12e89eb
09-16 01:26:40.810 I/ResponseWebSocketHandler( 2063): ResponseWebSocketHandler mResponseJson: com.thundercomm.microservice.MicroServiceProxy@12e89eb
09-16 01:26:40.811 I/System.out( 2063): handler is: com.thundercomm.microservice.netty.client.handler.webSocket.ResponseWebSocketHandler@271e57c
09-16 01:26:40.818 I/mpu_uart( 664): [MSG-P:R]:recv sync frame timeout
09-16 01:26:40.954 I/mpu_uart( 664): [MSG-P:RECV]:No message received in 1000 ms
01-01 13:50:16.223 I/init ( 0): starting service 'qvrd_vndr'...
01-01 13:50:16.230 I/init ( 0): Created socket '/dev/socket/qvrservice_vndr', mode 660, user 1000, group 1000
01-01 13:50:16.240 I/init ( 0): Created socket '/dev/socket/qvrservice_vndr_camera', mode 660, user 1000, group 1000
01-01 13:50:16.263 I/init ( 0): starting service 'sxrd'...
01-01 13:50:16.279 I/init ( 0): starting service 'vendor.light-hal-2-0'...
09-16 01:26:41.561 F/linker ( 8194): CANNOT LINK EXECUTABLE "/vendor/bin/hw/sxrservice": library "vendor.qti.hardware.qxr-V1-ndk_platform.so" not found: needed by main executable
09-16 01:26:41.568 F/linker ( 8193): CANNOT LINK EXECUTABLE "/vendor/bin/hw/qvrservice": library "vendor.qti.hardware.qxr-V1-ndk_platform.so" not found: needed by /vendor/lib64/libqvrservice.so in namespace (default)
01-01 13:50:16.314 I/init ( 0): Service 'sxrd' (pid 8194) exited with status 1
01-01 13:50:16.321 I/init ( 0): Sending signal 9 to service 'sxrd' (pid 8194) process group...
01-01 13:50:16.329 I/libprocessgroup( 0): Successfully killed process cgroup uid 1000 pid 8194 in 0ms
01-01 13:50:16.339 I/init ( 0): Service 'qvrd_vndr' (pid 8193) exited with status 1
01-01 13:50:16.346 I/init ( 0): Sending signal 9 to service 'qvrd_vndr' (pid 8193) process group...
09-16 01:26:41.594 I/hwservicemanager( 516): getTransport: Cannot find entry android.hardware.light@2.0::ILight/default in either framework or device VINTF manifest.
09-16 01:26:41.597 E/light ( 8195): light_open lights keyboard failed: -22
09-16 01:26:41.597 E/light ( 8195): Light passthrough failed to load legacy HAL.
09-16 01:26:41.598 E/light ( 8195): light_open lights buttons failed: -22
09-16 01:26:41.598 E/light ( 8195): Light passthrough failed to load legacy HAL.
09-16 01:26:41.600 E/light ( 8195): light_open lights bluetooth failed: -22
09-16 01:26:41.600 E/light ( 8195): Light passthrough failed to load legacy HAL.
09-16 01:26:41.600 E/light ( 8195): light_open lights wifi failed: -22
09-16 01:26:41.600 E/light ( 8195): Light passthrough failed to load legacy HAL.
09-16 01:26:41.601 I/hwservicemanager( 516): getTransport: Cannot find entry android.hardware.light@2.0::ILight/default in either framework or device VINTF manifest.
09-16 01:26:41.602 E/HidlServiceManagement( 8195): Service android.hardware.light@2.0::ILight/default must be in VINTF manifest in order to register/get.
09-16 01:26:41.602 E/LegacySupport( 8195): Could not register service android.hardware.light@2.0::ILight/default (-2147483648).
01-01 13:50:16.497 D/ ( 0): mv2112_read_status
01-01 13:50:16.501 D/mv2112_update_link( 0): 3.0x901(1G): 0x80
01-01 13:50:16.506 D/mv2112_update_link( 0): 3.0x8109(100M): 0x0
01-01 13:50:16.512 D/mv2112_update_link( 0): link 0x0
01-01 13:50:16.516 D/mv2112_read_status( 0): autoneg is disabled
01-01 13:50:16.659 E/i2c_geni 980000.i2c( 0): i2c error :-107
01-01 13:50:16.664 E/ ( 0): [MAX975X:mcu_keep_wakeup_work_func] *ERROR* Failed to write dev:0x15 addr:0x22 value:0x80
01-01 13:50:16.674 E/i2c_geni 980000.i2c( 0): i2c error :-107
01-01 13:50:16.680 E/ ( 0): [MAX975X:mcu_keep_wakeup_work_func] *ERROR* Failed to write dev:0x15 addr:0x20 value:0x09
09-16 01:26:41.955 I/mpu_uart( 664): [MSG-P:RECV]:No message received in 1000 ms
01-01 13:50:17.521 D/ ( 0): mv2112_read_status
01-01 13:50:17.525 D/mv2112_update_link( 0): 3.0x901(1G): 0x80
01-01 13:50:17.530 D/mv2112_update_link( 0): 3.0x8109(100M): 0x0
01-01 13:50:17.536 D/mv2112_update_link( 0): link 0x0
01-01 13:50:17.540 D/mv2112_read_status( 0): autoneg is disabled
09-16 01:26:42.872 I/HttpClient( 2063): onFailed
09-16 01:26:42.873 I/MicroService( 2063): sendConnectStateBroadCast() state0
09-16 01:26:42.878 I/MicroService( 2063): onNettyConnectState0
09-16 01:26:42.878 I/MicroService( 2063): onNettyConnectState count = 0
09-16 01:26:42.955 I/mpu_uart( 664): [MSG-P:RECV]:No message received in 1000 ms
01-01 13:50:18.516 E/i2c_geni 980000.i2c( 0): i2c error :-107
01-01 13:50:18.523 E/ ( 0): [MAX975X:mcu_keep_wakeup_work_func] *ERROR* Failed to write dev:0x15 addr:0x22 value:0x80
01-01 13:50:18.534 E/i2c_geni 980000.i2c( 0): i2c error :-107
01-01 13:50:18.539 E/ ( 0): [MAX975X:mcu_keep_wakeup_work_func] *ERROR* Failed to write dev:0x15 addr:0x20 value:0x09
01-01 13:50:18.549 D/ ( 0): mv2112_read_status
01-01 13:50:18.553 D/mv2112_update_link( 0): 3.0x901(1G): 0x80
01-01 13:50:18.559 D/mv2112_update_link( 0): 3.0x8109(100M): 0x0
01-01 13:50:18.564 D/mv2112_update_link( 0): link 0x0
01-01 13:50:18.569 D/mv2112_read_status( 0): autoneg is disabled
09-16 01:26:43.821 I/mpu_uart( 664): [MSG-P:R]:recv sync frame timeout
09-16 01:26:43.870 I/HWebSocketClient( 2063): WEBclient: onFailed
09-16 01:26:43.877 I/ResponseWebSocketHandler( 2063): ResponseWebSocketHandler start
09-16 01:26:43.877 I/HttpContext( 2063): getIResponseJson :com.thundercomm.microservice.MicroServiceProxy@12e89eb
09-16 01:26:43.877 I/ResponseWebSocketHandler( 2063): ResponseWebSocketHandler mResponseJson: com.thundercomm.microservice.MicroServiceProxy@12e89eb
09-16 01:26:43.879 I/System.out( 2063): handler is: com.thundercomm.microservice.netty.client.handler.webSocket.ResponseWebSocketHandler@39e788b
09-16 01:26:43.881 I/HttpContext( 2063): getIResponseJson :com.thundercomm.microservice.MicroServiceProxy@12e89eb
09-16 01:26:43.882 I/ResponseHandler( 2063): ResponseHandler() :com.thundercomm.microservice.MicroServiceProxy@12e89eb
09-16 01:26:43.901 W/NioEventLoop( 2063): Selector.select() returned prematurely 512 times in a row; rebuilding Selector io.netty.channel.nio.SelectedSelectionKeySetSelector@2747626.
09-16 01:26:43.902 I/NioEventLoop( 2063): Migrated 1 channel(s) to the new Selector.
09-16 01:26:43.956 I/mpu_uart( 664): [MSG-P:RECV]:No message received in 1000 ms
01-01 13:50:19.601 D/ ( 0): mv2112_read_status
01-01 13:50:19.605 D/mv2112_update_link( 0): 3.0x901(1G): 0x80
01-01 13:50:19.610 D/mv2112_update_link( 0): 3.0x8109(100M): 0x0
01-01 13:50:19.615 D/mv2112_update_link( 0): link 0x0
01-01 13:50:19.619 D/mv2112_read_status( 0): autoneg is disabled
09-16 01:26:44.957 I/mpu_uart( 664): [MSG-P:RECV]:No message received in 1000 ms
01-01 13:50:20.372 E/i2c_geni 980000.i2c( 0): i2c error :-107
01-01 13:50:20.377 E/ ( 0): [MAX975X:mcu_keep_wakeup_work_func] *ERROR* Failed to write dev:0x15 addr:0x22 value:0x80
01-01 13:50:20.390 E/i2c_geni 980000.i2c( 0): i2c error :-107
01-01 13:50:20.395 E/ ( 0): [MAX975X:mcu_keep_wakeup_work_func] *ERROR* Failed to write dev:0x15 addr:0x20 value:0x09
01-01 13:50:20.625 D/ ( 0): mv2112_read_status
01-01 13:50:20.628 D/mv2112_update_link( 0): 3.0x901(1G): 0x80
01-01 13:50:20.634 D/mv2112_update_link( 0): 3.0x8109(100M): 0x0
01-01 13:50:20.639 D/mv2112_update_link( 0): link 0x0
01-01 13:50:20.643 D/mv2112_read_status( 0): autoneg is disabled
09-16 01:26:45.944 I/HttpClient( 2063): onFailed
09-16 01:26:45.944 I/MicroService( 2063): sendConnectStateBroadCast() state0
09-16 01:26:45.947 I/MicroService( 2063): onNettyConnectState0
09-16 01:26:45.947 I/MicroService( 2063): onNettyConnectState count = 0
09-16 01:26:45.957 I/mpu_uart( 664): [MSG-P:RECV]:No message received in 1000 ms
01-01 13:50:21.263 I/init ( 0): starting service 'qvrd_vndr'...
01-01 13:50:21.270 I/init ( 0): Created socket '/dev/socket/qvrservice_vndr', mode 660, user 1000, group 1000
01-01 13:50:21.280 I/init ( 0): Created socket '/dev/socket/qvrservice_vndr_camera', mode 660, user 1000, group 1000
01-01 13:50:21.306 I/init ( 0): starting service 'sxrd'...
01-01 13:50:21.322 I/init ( 0): starting service 'vendor.light-hal-2-0'...
09-16 01:26:46.601 F/linker ( 8198): CANNOT LINK EXECUTABLE "/vendor/bin/hw/sxrservice": library "vendor.qti.hardware.qxr-V1-ndk_platform.so" not found: needed by main executable
09-16 01:26:46.609 F/linker ( 8197): CANNOT LINK EXECUTABLE "/vendor/bin/hw/qvrservice": library "vendor.qti.hardware.qxr-V1-ndk_platform.so" not found: needed by /vendor/lib64/libqvrservice.so in namespace (default)
01-01 13:50:21.354 I/init ( 0): Service 'sxrd' (pid 8198) exited with status 1
01-01 13:50:21.361 I/init ( 0): Sending signal 9 to service 'sxrd' (pid 8198) process group...
01-01 13:50:21.368 I/libprocessgroup( 0): Successfully killed process cgroup uid 1000 pid 8198 in 0ms
01-01 13:50:21.380 I/init ( 0): Service 'qvrd_vndr' (pid 8197) exited with status 1
01-01 13:50:21.387 I/init ( 0): Sending signal 9 to service 'qvrd_vndr' (pid 8197) process group...
09-16 01:26:46.635 I/hwservicemanager( 516): getTransport: Cannot find entry android.hardware.light@2.0::ILight/default in either framework or device VINTF manifest.
09-16 01:26:46.637 E/light ( 8199): light_open lights keyboard failed: -22
09-16 01:26:46.638 E/light ( 8199): Light passthrough failed to load legacy HAL.
09-16 01:26:46.638 E/light ( 8199): light_open lights buttons failed: -22
09-16 01:26:46.638 E/light ( 8199): Light passthrough failed to load legacy HAL.
09-16 01:26:46.640 E/light ( 8199): light_open lights bluetooth failed: -22
09-16 01:26:46.640 E/light ( 8199): Light passthrough failed to load legacy HAL.
09-16 01:26:46.640 E/light ( 8199): light_open lights wifi failed: -22
09-16 01:26:46.641 E/light ( 8199): Light passthrough failed to load legacy HAL.
09-16 01:26:46.641 I/hwservicemanager( 516): getTransport: Cannot find entry android.hardware.light@2.0::ILight/default in either framework or device VINTF manifest.
09-16 01:26:46.641 E/HidlServiceManagement( 8199): Service android.hardware.light@2.0::ILight/default must be in VINTF manifest in order to register/get.
09-16 01:26:46.641 E/LegacySupport( 8199): Could not register service android.hardware.light@2.0::ILight/default (-2147483648).
09-16 01:26:46.825 I/mpu_uart( 664): [MSG-P:R]:recv sync frame timeout
01-01 13:50:21.649 D/ ( 0): mv2112_read_status
01-01 13:50:21.653 D/mv2112_update_link( 0): 3.0x901(1G): 0x80
01-01 13:50:21.658 D/mv2112_update_link( 0): 3.0x8109(100M): 0x0
01-01 13:50:21.667 D/mv2112_update_link( 0): link 0x0
01-01 13:50:21.671 D/mv2112_read_status( 0): autoneg is disabled
09-16 01:26:46.942 I/HWebSocketClient( 2063): WEBclient: onFailed
09-16 01:26:46.949 I/ResponseWebSocketHandler( 2063): ResponseWebSocketHandler start
09-16 01:26:46.949 I/HttpContext( 2063): getIResponseJson :com.thundercomm.microservice.MicroServiceProxy@12e89eb
09-16 01:26:46.949 I/ResponseWebSocketHandler( 2063): ResponseWebSocketHandler mResponseJson: com.thundercomm.microservice.MicroServiceProxy@12e89eb
09-16 01:26:46.950 I/HttpContext( 2063): getIResponseJson :com.thundercomm.microservice.MicroServiceProxy@12e89eb
09-16 01:26:46.951 I/ResponseHandler( 2063): ResponseHandler() :com.thundercomm.microservice.MicroServiceProxy@12e89eb
09-16 01:26:46.951 I/System.out( 2063): handler is: com.thundercomm.microservice.netty.client.handler.webSocket.ResponseWebSocketHandler@434f180
09-16 01:26:46.958 I/mpu_uart( 664): [MSG-P:RECV]:No message received in 1000 ms
01-01 13:50:22.227 E/i2c_geni 980000.i2c( 0): i2c error :-107
01-01 13:50:22.232 E/ ( 0): [MAX975X:mcu_keep_wakeup_work_func] *ERROR* Failed to write dev:0x15 addr:0x22 value:0x80
01-01 13:50:22.243 E/i2c_geni 980000.i2c( 0): i2c error :-107
01-01 13:50:22.248 E/ ( 0): [MAX975X:mcu_keep_wakeup_work_func] *ERROR* Failed to write dev:0x15 addr:0x20 value:0x09
01-01 13:50:22.673 D/ ( 0): mv2112_read_status
01-01 13:50:22.677 D/mv2112_update_link( 0): 3.0x901(1G): 0x80
01-01 13:50:22.682 D/mv2112_update_link( 0): 3.0x8109(100M): 0x0
01-01 13:50:22.688 D/mv2112_update_link( 0): link 0x0
01-01 13:50:22.693 D/mv2112_read_status( 0): autoneg is disabled
09-16 01:26:47.958 I/mpu_uart( 664): [MSG-P:RECV]:No message received in 1000 ms
01-01 13:50:23.697 D/ ( 0): mv2112_read_status
01-01 13:50:23.700 D/mv2112_update_link( 0): 3.0x901(1G): 0x80
01-01 13:50:23.706 D/mv2112_update_link( 0): 3.0x8109(100M): 0x0
09-16 01:26:48.959 I/mpu_uart( 664): [MSG-P:RECV]:No message received in 1000 ms
01-01 13:50:23.712 D/mv2112_update_link( 0): link 0x0
01-01 13:50:23.716 D/mv2112_read_status( 0): autoneg is disabled
09-16 01:26:49.015 I/HttpClient( 2063): onFailed
09-16 01:26:49.016 I/MicroService( 2063): sendConnectStateBroadCast() state0
09-16 01:26:49.019 I/MicroService( 2063): onNettyConnectState0
09-16 01:26:49.019 I/MicroService( 2063): onNettyConnectState count = 0
01-01 13:50:24.085 E/i2c_geni 980000.i2c( 0): i2c error :-107
01-01 13:50:24.091 E/ ( 0): [MAX975X:mcu_keep_wakeup_work_func] *ERROR* Failed to write dev:0x15 addr:0x22 value:0x80
01-01 13:50:24.103 E/i2c_geni 980000.i2c( 0): i2c error :-107
01-01 13:50:24.108 E/ ( 0): [MAX975X:mcu_keep_wakeup_work_func] *ERROR* Failed to write dev:0x15 addr:0x20 value:0x09
09-16 01:26:49.829 I/mpu_uart( 664): [MSG-P:R]:recv sync frame timeout
09-16 01:26:49.959 I/mpu_uart( 664): [MSG-P:RECV]:No message received in 1000 ms
01-01 13:50:24.721 D/ ( 0): mv2112_read_status
01-01 13:50:24.725 D/mv2112_update_link( 0): 3.0x901(1G): 0x80
01-01 13:50:24.730 D/mv2112_update_link( 0): 3.0x8109(100M): 0x0
01-01 13:50:24.736 D/mv2112_update_link( 0): link 0x0
01-01 13:50:24.741 D/mv2112_read_status( 0): autoneg is disabled
09-16 01:26:50.015 I/HWebSocketClient( 2063): WEBclient: onFailed
09-16 01:26:50.022 I/ResponseWebSocketHandler( 2063): ResponseWebSocketHandler start
09-16 01:26:50.022 I/HttpContext( 2063): getIResponseJson :com.thundercomm.microservice.MicroServiceProxy@12e89eb
09-16 01:26:50.022 I/ResponseWebSocketHandler( 2063): ResponseWebSocketHandler mResponseJson: com.thundercomm.microservice.MicroServiceProxy@12e89eb
09-16 01:26:50.023 I/HttpContext( 2063): getIResponseJson :com.thundercomm.microservice.MicroServiceProxy@12e89eb
09-16 01:26:50.023 I/ResponseHandler( 2063): ResponseHandler() :com.thundercomm.microservice.MicroServiceProxy@12e89eb
09-16 01:26:50.024 I/System.out( 2063): handler is: com.thundercomm.microservice.netty.client.handler.webSocket.ResponseWebSocketHandler@3b42275
09-16 01:26:50.042 W/NioEventLoop( 2063): Selector.select() returned prematurely 512 times in a row; rebuilding Selector io.netty.channel.nio.SelectedSelectionKeySetSelector@1b0820a.
09-16 01:26:50.043 I/NioEventLoop( 2063): Migrated 1 channel(s) to the new Selector.
09-16 01:26:50.146 I/am_uid_idle( 1128): 10074
09-16 01:26:50.858 V/DisplayPowerController[0]( 1128): Brightness [0.05] reason changing to: 'manual [ dim ]', previous reason: 'manual'.
09-16 01:26:50.858 I/sysui_multi_action( 1128): [757,1696,758,6,759,2]
09-16 01:26:50.860 W/PowerManagerService( 1128): Screen on took 61050 ms
09-16 01:26:50.861 E/DisplayDeviceConfig( 1128): requesting nits when no mapping exists.
09-16 01:26:50.862 E/DisplayDeviceConfig( 1128): requesting nits when no mapping exists.
09-16 01:26:50.862 I/am_wtf ( 1128): [0,1128,system_server,-1,DisplayDeviceConfig,requesting nits when no mapping exists.]
09-16 01:26:50.869 I/DropBoxManagerService( 1128): add tag=system_server_wtf isTagEnabled=true flags=0x2
09-16 01:26:50.873 E/DisplayDeviceConfig( 1128): requesting nits when no mapping exists.
09-16 01:26:50.873 E/DisplayDeviceConfig( 1128): requesting nits when no mapping exists.
09-16 01:26:50.874 I/am_wtf ( 1128): [0,1128,system_server,-1,DisplayDeviceConfig,requesting nits when no mapping exists.]
09-16 01:26:50.875 I/DropBoxManagerService( 1128): add tag=system_server_wtf isTagEnabled=true flags=0x2
09-16 01:26:50.879 I/am_wtf ( 1128): [0,1128,system_server,-1,DisplayDeviceConfig,requesting nits when no mapping exists.]
09-16 01:26:50.881 I/DropBoxManagerService( 1128): add tag=system_server_wtf isTagEnabled=true flags=0x2
09-16 01:26:50.883 I/am_wtf ( 1128): [0,1128,system_server,-1,DisplayDeviceConfig,requesting nits when no mapping exists.]
09-16 01:26:50.885 I/DropBoxManagerService( 1128): add tag=system_server_wtf isTagEnabled=true flags=0x2
09-16 01:26:50.889 E/DisplayDeviceConfig( 1128): requesting nits when no mapping exists.
09-16 01:26:50.890 E/DisplayDeviceConfig( 1128): requesting nits when no mapping exists.
09-16 01:26:50.890 I/am_wtf ( 1128): [0,1128,system_server,-1,DisplayDeviceConfig,requesting nits when no mapping exists.]
09-16 01:26:50.892 I/DropBoxManagerService( 1128): add tag=system_server_wtf isTagEnabled=true flags=0x2
09-16 01:26:50.894 I/am_wtf ( 1128): [0,1128,system_server,-1,DisplayDeviceConfig,requesting nits when no mapping exists.]
09-16 01:26:50.902 E/DisplayDeviceConfig( 1128): requesting nits when no mapping exists.
09-16 01:26:50.902 E/DisplayDeviceConfig( 1128): requesting nits when no mapping exists.
09-16 01:26:50.902 I/am_wtf ( 1128): [0,1128,system_server,-1,DisplayDeviceConfig,requesting nits when no mapping exists.]
09-16 01:26:50.904 I/am_wtf ( 1128): [0,1128,system_server,-1,DisplayDeviceConfig,requesting nits when no mapping exists.]
09-16 01:26:50.919 E/DisplayDeviceConfig( 1128): requesting nits when no mapping exists.
09-16 01:26:50.919 E/DisplayDeviceConfig( 1128): requesting nits when no mapping exists.
09-16 01:26:50.919 I/am_wtf ( 1128): [0,1128,system_server,-1,DisplayDeviceConfig,requesting nits when no mapping exists.]
09-16 01:26:50.921 I/service_manager_stats( 1128): [100,152,407696]
09-16 01:26:50.921 I/am_wtf ( 1128): [0,1128,system_server,-1,DisplayDeviceConfig,requesting nits when no mapping exists.]
09-16 01:26:50.936 E/DisplayDeviceConfig( 1128): requesting nits when no mapping exists.
09-16 01:26:50.936 E/DisplayDeviceConfig( 1128): requesting nits when no mapping exists.
09-16 01:26:50.936 I/am_wtf ( 1128): [0,1128,system_server,-1,DisplayDeviceConfig,requesting nits when no mapping exists.]
09-16 01:26:50.938 I/am_wtf ( 1128): [0,1128,system_server,-1,DisplayDeviceConfig,requesting nits when no mapping exists.]
09-16 01:26:50.952 E/DisplayDeviceConfig( 1128): requesting nits when no mapping exists.
09-16 01:26:50.953 E/DisplayDeviceConfig( 1128): requesting nits when no mapping exists.
09-16 01:26:50.953 I/am_wtf ( 1128): [0,1128,system_server,-1,DisplayDeviceConfig,requesting nits when no mapping exists.]
09-16 01:26:50.954 I/am_wtf ( 1128): [0,1128,system_server,-1,DisplayDeviceConfig,requesting nits when no mapping exists.]
09-16 01:26:50.960 I/mpu_uart( 664): [MSG-P:RECV]:No message received in 1000 ms
09-16 01:26:50.969 E/DisplayDeviceConfig( 1128): requesting nits when no mapping exists.
09-16 01:26:50.969 E/DisplayDeviceConfig( 1128): requesting nits when no mapping exists.
09-16 01:26:50.969 I/am_wtf ( 1128): [0,1128,system_server,-1,DisplayDeviceConfig,requesting nits when no mapping exists.]
09-16 01:26:50.971 I/am_wtf ( 1128): [0,1128,system_server,-1,DisplayDeviceConfig,requesting nits when no mapping exists.]
09-16 01:26:50.986 E/DisplayDeviceConfig( 1128): requesting nits when no mapping exists.
09-16 01:26:50.986 E/DisplayDeviceConfig( 1128): requesting nits when no mapping exists.
09-16 01:26:50.986 I/am_wtf ( 1128): [0,1128,system_server,-1,DisplayDeviceConfig,requesting nits when no mapping exists.]
09-16 01:26:50.987 I/am_wtf ( 1128): [0,1128,system_server,-1,DisplayDeviceConfig,requesting nits when no mapping exists.]
01-01 13:50:25.745 D/ ( 0): mv2112_read_status
01-01 13:50:25.748 D/mv2112_update_link( 0): 3.0x901(1G): 0x80
09-16 01:26:51.002 E/DisplayDeviceConfig( 1128): requesting nits when no mapping exists.
09-16 01:26:51.003 E/DisplayDeviceConfig( 1128): requesting nits when no mapping exists.
09-16 01:26:51.003 I/am_wtf ( 1128): [0,1128,system_server,-1,DisplayDeviceConfig,requesting nits when no mapping exists.]
09-16 01:26:51.004 I/am_wtf ( 1128): [0,1128,system_server,-1,DisplayDeviceConfig,requesting nits when no mapping exists.]
01-01 13:50:25.754 D/mv2112_update_link( 0): 3.0x8109(100M): 0x0
01-01 13:50:25.760 D/mv2112_update_link( 0): link 0x0
01-01 13:50:25.764 D/mv2112_read_status( 0): autoneg is disabled
09-16 01:26:51.019 E/DisplayDeviceConfig( 1128): requesting nits when no mapping exists.
09-16 01:26:51.019 E/DisplayDeviceConfig( 1128): requesting nits when no mapping exists.
09-16 01:26:51.019 I/am_wtf ( 1128): [0,1128,system_server,-1,DisplayDeviceConfig,requesting nits when no mapping exists.]
09-16 01:26:51.020 I/am_wtf ( 1128): [0,1128,system_server,-1,DisplayDeviceConfig,requesting nits when no mapping exists.]
09-16 01:26:51.036 E/DisplayDeviceConfig( 1128): requesting nits when no mapping exists.
09-16 01:26:51.036 E/DisplayDeviceConfig( 1128): requesting nits when no mapping exists.
09-16 01:26:51.036 I/am_wtf ( 1128): [0,1128,system_server,-1,DisplayDeviceConfig,requesting nits when no mapping exists.]
09-16 01:26:51.037 I/am_wtf ( 1128): [0,1128,system_server,-1,DisplayDeviceConfig,requesting nits when no mapping exists.]
09-16 01:26:51.052 E/DisplayDeviceConfig( 1128): requesting nits when no mapping exists.
09-16 01:26:51.053 E/DisplayDeviceConfig( 1128): requesting nits when no mapping exists.
09-16 01:26:51.053 I/am_wtf ( 1128): [0,1128,system_server,-1,DisplayDeviceConfig,requesting nits when no mapping exists.]
09-16 01:26:51.054 I/am_wtf ( 1128): [0,1128,system_server,-1,DisplayDeviceConfig,requesting nits when no mapping exists.]
09-16 01:26:51.069 E/DisplayDeviceConfig( 1128): requesting nits when no mapping exists.
09-16 01:26:51.070 E/DisplayDeviceConfig( 1128): requesting nits when no mapping exists.
09-16 01:26:51.070 I/am_wtf ( 1128): [0,1128,system_server,-1,DisplayDeviceConfig,requesting nits when no mapping exists.]
09-16 01:26:51.071 I/am_wtf ( 1128): [0,1128,system_server,-1,DisplayDeviceConfig,requesting nits when no mapping exists.]
09-16 01:26:51.086 E/DisplayDeviceConfig( 1128): requesting nits when no mapping exists.
09-16 01:26:51.086 E/DisplayDeviceConfig( 1128): requesting nits when no mapping exists.
09-16 01:26:51.086 I/am_wtf ( 1128): [0,1128,system_server,-1,DisplayDeviceConfig,requesting nits when no mapping exists.]
09-16 01:26:51.087 I/am_wtf ( 1128): [0,1128,system_server,-1,DisplayDeviceConfig,requesting nits when no mapping exists.]
09-16 01:26:51.103 E/DisplayDeviceConfig( 1128): requesting nits when no mapping exists.
09-16 01:26:51.103 E/DisplayDeviceConfig( 1128): requesting nits when no mapping exists.
09-16 01:26:51.103 I/am_wtf ( 1128): [0,1128,system_server,-1,DisplayDeviceConfig,requesting nits when no mapping exists.]
09-16 01:26:51.104 I/am_wtf ( 1128): [0,1128,system_server,-1,DisplayDeviceConfig,requesting nits when no mapping exists.]
09-16 01:26:51.119 E/DisplayDeviceConfig( 1128): requesting nits when no mapping exists.
09-16 01:26:51.120 E/DisplayDeviceConfig( 1128): requesting nits when no mapping exists.
09-16 01:26:51.120 I/am_wtf ( 1128): [0,1128,system_server,-1,DisplayDeviceConfig,requesting nits when no mapping exists.]
09-16 01:26:51.122 I/am_wtf ( 1128): [0,1128,system_server,-1,DisplayDeviceConfig,requesting nits when no mapping exists.]
09-16 01:26:51.136 E/DisplayDeviceConfig( 1128): requesting nits when no mapping exists.
09-16 01:26:51.137 E/DisplayDeviceConfig( 1128): requesting nits when no mapping exists.
09-16 01:26:51.138 I/am_wtf ( 1128): [0,1128,system_server,-1,DisplayDeviceConfig,requesting nits when no mapping exists.]
09-16 01:26:51.139 I/am_wtf ( 1128): [0,1128,system_server,-1,DisplayDeviceConfig,requesting nits when no mapping exists.]
09-16 01:26:51.153 E/DisplayDeviceConfig( 1128): requesting nits when no mapping exists.
09-16 01:26:51.153 E/DisplayDeviceConfig( 1128): requesting nits when no mapping exists.
09-16 01:26:51.153 I/am_wtf ( 1128): [0,1128,system_server,-1,DisplayDeviceConfig,requesting nits when no mapping exists.]
09-16 01:26:51.154 I/am_wtf ( 1128): [0,1128,system_server,-1,DisplayDeviceConfig,requesting nits when no mapping exists.]
09-16 01:26:51.169 E/DisplayDeviceConfig( 1128): requesting nits when no mapping exists.
09-16 01:26:51.170 E/DisplayDeviceConfig( 1128): requesting nits when no mapping exists.
09-16 01:26:51.170 I/am_wtf ( 1128): [0,1128,system_server,-1,DisplayDeviceConfig,requesting nits when no mapping exists.]
09-16 01:26:51.170 I/am_wtf ( 1128): [0,1128,system_server,-1,DisplayDeviceConfig,requesting nits when no mapping exists.]
09-16 01:26:51.186 E/DisplayDeviceConfig( 1128): requesting nits when no mapping exists.
09-16 01:26:51.186 E/DisplayDeviceConfig( 1128): requesting nits when no mapping exists.
09-16 01:26:51.186 I/am_wtf ( 1128): [0,1128,system_server,-1,DisplayDeviceConfig,requesting nits when no mapping exists.]
09-16 01:26:51.187 I/am_wtf ( 1128): [0,1128,system_server,-1,DisplayDeviceConfig,requesting nits when no mapping exists.]
01-01 13:50:25.938 E/i2c_geni 980000.i2c( 0): i2c error :-107
01-01 13:50:25.943 E/ ( 0): [MAX975X:mcu_keep_wakeup_work_func] *ERROR* Failed to write dev:0x15 addr:0x22 value:0x80
01-01 13:50:25.953 E/i2c_geni 980000.i2c( 0): i2c error :-107
01-01 13:50:25.958 E/ ( 0): [MAX975X:mcu_keep_wakeup_work_func] *ERROR* Failed to write dev:0x15 addr:0x20 value:0x09
09-16 01:26:51.207 E/DisplayDeviceConfig( 1128): requesting nits when no mapping exists.
09-16 01:26:51.207 E/DisplayDeviceConfig( 1128): requesting nits when no mapping exists.
09-16 01:26:51.208 I/am_wtf ( 1128): [0,1128,system_server,-1,DisplayDeviceConfig,requesting nits when no mapping exists.]
09-16 01:26:51.210 I/am_wtf ( 1128): [0,1128,system_server,-1,DisplayDeviceConfig,requesting nits when no mapping exists.]
09-16 01:26:51.219 E/DisplayDeviceConfig( 1128): requesting nits when no mapping exists.
09-16 01:26:51.220 E/DisplayDeviceConfig( 1128): requesting nits when no mapping exists.
09-16 01:26:51.220 I/am_wtf ( 1128): [0,1128,system_server,-1,DisplayDeviceConfig,requesting nits when no mapping exists.]
09-16 01:26:51.221 I/am_wtf ( 1128): [0,1128,system_server,-1,DisplayDeviceConfig,requesting nits when no mapping exists.]
09-16 01:26:51.236 E/DisplayDeviceConfig( 1128): requesting nits when no mapping exists.
09-16 01:26:51.236 I/am_wtf ( 1128): [0,1128,system_server,-1,DisplayDeviceConfig,requesting nits when no mapping exists.]
09-16 01:26:51.236 E/DisplayDeviceConfig( 1128): requesting nits when no mapping exists.
09-16 01:26:51.238 I/am_wtf ( 1128): [0,1128,system_server,-1,DisplayDeviceConfig,requesting nits when no mapping exists.]
09-16 01:26:51.253 E/DisplayDeviceConfig( 1128): requesting nits when no mapping exists.
09-16 01:26:51.254 E/DisplayDeviceConfig( 1128): requesting nits when no mapping exists.
09-16 01:26:51.254 I/am_wtf ( 1128): [0,1128,system_server,-1,DisplayDeviceConfig,requesting nits when no mapping exists.]
09-16 01:26:51.255 I/am_wtf ( 1128): [0,1128,system_server,-1,DisplayDeviceConfig,requesting nits when no mapping exists.]
09-16 01:26:51.270 E/DisplayDeviceConfig( 1128): requesting nits when no mapping exists.
09-16 01:26:51.270 E/DisplayDeviceConfig( 1128): requesting nits when no mapping exists.
09-16 01:26:51.270 I/am_wtf ( 1128): [0,1128,system_server,-1,DisplayDeviceConfig,requesting nits when no mapping exists.]
09-16 01:26:51.271 I/am_wtf ( 1128): [0,1128,system_server,-1,DisplayDeviceConfig,requesting nits when no mapping exists.]
09-16 01:26:51.286 E/DisplayDeviceConfig( 1128): requesting nits when no mapping exists.
09-16 01:26:51.286 E/DisplayDeviceConfig( 1128): requesting nits when no mapping exists.
09-16 01:26:51.287 I/am_wtf ( 1128): [0,1128,system_server,-1,DisplayDeviceConfig,requesting nits when no mapping exists.]
09-16 01:26:51.288 I/am_wtf ( 1128): [0,1128,system_server,-1,DisplayDeviceConfig,requesting nits when no mapping exists.]
09-16 01:26:51.303 E/DisplayDeviceConfig( 1128): requesting nits when no mapping exists.
09-16 01:26:51.303 E/DisplayDeviceConfig( 1128): requesting nits when no mapping exists.
09-16 01:26:51.303 I/am_wtf ( 1128): [0,1128,system_server,-1,DisplayDeviceConfig,requesting nits when no mapping exists.]
09-16 01:26:51.304 I/am_wtf ( 1128): [0,1128,system_server,-1,DisplayDeviceConfig,requesting nits when no mapping exists.]
09-16 01:26:51.320 E/DisplayDeviceConfig( 1128): requesting nits when no mapping exists.
09-16 01:26:51.320 E/DisplayDeviceConfig( 1128): requesting nits when no mapping exists.
09-16 01:26:51.320 I/am_wtf ( 1128): [0,1128,system_server,-1,DisplayDeviceConfig,requesting nits when no mapping exists.]
09-16 01:26:51.322 I/am_wtf ( 1128): [0,1128,system_server,-1,DisplayDeviceConfig,requesting nits when no mapping exists.]
09-16 01:26:51.337 E/DisplayDeviceConfig( 1128): requesting nits when no mapping exists.
09-16 01:26:51.337 E/DisplayDeviceConfig( 1128): requesting nits when no mapping exists.
09-16 01:26:51.337 I/am_wtf ( 1128): [0,1128,system_server,-1,DisplayDeviceConfig,requesting nits when no mapping exists.]
09-16 01:26:51.339 I/am_wtf ( 1128): [0,1128,system_server,-1,DisplayDeviceConfig,requesting nits when no mapping exists.]
09-16 01:26:51.353 E/DisplayDeviceConfig( 1128): requesting nits when no mapping exists.
09-16 01:26:51.354 E/DisplayDeviceConfig( 1128): requesting nits when no mapping exists.
09-16 01:26:51.354 I/am_wtf ( 1128): [0,1128,system_server,-1,DisplayDeviceConfig,requesting nits when no mapping exists.]
09-16 01:26:51.356 I/am_wtf ( 1128): [0,1128,system_server,-1,DisplayDeviceConfig,requesting nits when no mapping exists.]
09-16 01:26:51.370 E/DisplayDeviceConfig( 1128): requesting nits when no mapping exists.
09-16 01:26:51.370 E/DisplayDeviceConfig( 1128): requesting nits when no mapping exists.
09-16 01:26:51.370 I/am_wtf ( 1128): [0,1128,system_server,-1,DisplayDeviceConfig,requesting nits when no mapping exists.]
09-16 01:26:51.371 I/am_wtf ( 1128): [0,1128,system_server,-1,DisplayDeviceConfig,requesting nits when no mapping exists.]
09-16 01:26:51.386 E/DisplayDeviceConfig( 1128): requesting nits when no mapping exists.
09-16 01:26:51.387 E/DisplayDeviceConfig( 1128): requesting nits when no mapping exists.
09-16 01:26:51.387 I/am_wtf ( 1128): [0,1128,system_server,-1,DisplayDeviceConfig,requesting nits when no mapping exists.]
09-16 01:26:51.388 I/am_wtf ( 1128): [0,1128,system_server,-1,DisplayDeviceConfig,requesting nits when no mapping exists.]
09-16 01:26:51.403 E/DisplayDeviceConfig( 1128): requesting nits when no mapping exists.
09-16 01:26:51.404 E/DisplayDeviceConfig( 1128): requesting nits when no mapping exists.
09-16 01:26:51.404 I/am_wtf ( 1128): [0,1128,system_server,-1,DisplayDeviceConfig,requesting nits when no mapping exists.]
09-16 01:26:51.405 I/am_wtf ( 1128): [0,1128,system_server,-1,DisplayDeviceConfig,requesting nits when no mapping exists.]
09-16 01:26:51.420 E/DisplayDeviceConfig( 1128): requesting nits when no mapping exists.
09-16 01:26:51.421 E/DisplayDeviceConfig( 1128): requesting nits when no mapping exists.
09-16 01:26:51.421 I/am_wtf ( 1128): [0,1128,system_server,-1,DisplayDeviceConfig,requesting nits when no mapping exists.]
09-16 01:26:51.422 I/am_wtf ( 1128): [0,1128,system_server,-1,DisplayDeviceConfig,requesting nits when no mapping exists.]
09-16 01:26:51.437 E/DisplayDeviceConfig( 1128): requesting nits when no mapping exists.
09-16 01:26:51.437 E/DisplayDeviceConfig( 1128): requesting nits when no mapping exists.
09-16 01:26:51.437 I/am_wtf ( 1128): [0,1128,system_server,-1,DisplayDeviceConfig,requesting nits when no mapping exists.]
09-16 01:26:51.438 I/am_wtf ( 1128): [0,1128,system_server,-1,DisplayDeviceConfig,requesting nits when no mapping exists.]
09-16 01:26:51.453 E/DisplayDeviceConfig( 1128): requesting nits when no mapping exists.
09-16 01:26:51.454 E/DisplayDeviceConfig( 1128): requesting nits when no mapping exists.
09-16 01:26:51.454 I/am_wtf ( 1128): [0,1128,system_server,-1,DisplayDeviceConfig,requesting nits when no mapping exists.]
09-16 01:26:51.455 I/am_wtf ( 1128): [0,1128,system_server,-1,DisplayDeviceConfig,requesting nits when no mapping exists.]
09-16 01:26:51.470 E/DisplayDeviceConfig( 1128): requesting nits when no mapping exists.
09-16 01:26:51.470 E/DisplayDeviceConfig( 1128): requesting nits when no mapping exists.
09-16 01:26:51.470 I/am_wtf ( 1128): [0,1128,system_server,-1,DisplayDeviceConfig,requesting nits when no mapping exists.]
09-16 01:26:51.472 I/am_wtf ( 1128): [0,1128,system_server,-1,DisplayDeviceConfig,requesting nits when no mapping exists.]
09-16 01:26:51.487 E/DisplayDeviceConfig( 1128): requesting nits when no mapping exists.
09-16 01:26:51.487 E/DisplayDeviceConfig( 1128): requesting nits when no mapping exists.
09-16 01:26:51.487 I/am_wtf ( 1128): [0,1128,system_server,-1,DisplayDeviceConfig,requesting nits when no mapping exists.]
09-16 01:26:51.489 I/am_wtf ( 1128): [0,1128,system_server,-1,DisplayDeviceConfig,requesting nits when no mapping exists.]
09-16 01:26:51.503 E/DisplayDeviceConfig( 1128): requesting nits when no mapping exists.
09-16 01:26:51.504 E/DisplayDeviceConfig( 1128): requesting nits when no mapping exists.
09-16 01:26:51.504 I/am_wtf ( 1128): [0,1128,system_server,-1,DisplayDeviceConfig,requesting nits when no mapping exists.]
09-16 01:26:51.506 I/am_wtf ( 1128): [0,1128,system_server,-1,DisplayDeviceConfig,requesting nits when no mapping exists.]
09-16 01:26:51.520 E/DisplayDeviceConfig( 1128): requesting nits when no mapping exists.
09-16 01:26:51.521 E/DisplayDeviceConfig( 1128): requesting nits when no mapping exists.
09-16 01:26:51.521 I/am_wtf ( 1128): [0,1128,system_server,-1,DisplayDeviceConfig,requesting nits when no mapping exists.]
09-16 01:26:51.522 I/am_wtf ( 1128): [0,1128,system_server,-1,DisplayDeviceConfig,requesting nits when no mapping exists.]
09-16 01:26:51.537 E/DisplayDeviceConfig( 1128): requesting nits when no mapping exists.
09-16 01:26:51.537 E/DisplayDeviceConfig( 1128): requesting nits when no mapping exists.
09-16 01:26:51.537 I/am_wtf ( 1128): [0,1128,system_server,-1,DisplayDeviceConfig,requesting nits when no mapping exists.]
09-16 01:26:51.539 I/am_wtf ( 1128): [0,1128,system_server,-1,DisplayDeviceConfig,requesting nits when no mapping exists.]
01-01 13:50:26.301 I/init ( 0): starting service 'qvrd_vndr'...
09-16 01:26:51.554 E/DisplayDeviceConfig( 1128): requesting nits when no mapping exists.
09-16 01:26:51.555 E/DisplayDeviceConfig( 1128): requesting nits when no mapping exists.
09-16 01:26:51.555 I/am_wtf ( 1128): [0,1128,system_server,-1,DisplayDeviceConfig,requesting nits when no mapping exists.]
09-16 01:26:51.556 I/am_wtf ( 1128): [0,1128,system_server,-1,DisplayDeviceConfig,requesting nits when no mapping exists.]
01-01 13:50:26.308 I/init ( 0): Created socket '/dev/socket/qvrservice_vndr', mode 660, user 1000, group 1000
01-01 13:50:26.320 I/init ( 0): Created socket '/dev/socket/qvrservice_vndr_camera', mode 660, user 1000, group 1000
09-16 01:26:51.579 E/DisplayDeviceConfig( 1128): requesting nits when no mapping exists.
09-16 01:26:51.579 E/DisplayDeviceConfig( 1128): requesting nits when no mapping exists.
09-16 01:26:51.580 I/am_wtf ( 1128): [0,1128,system_server,-1,DisplayDeviceConfig,requesting nits when no mapping exists.]
09-16 01:26:51.581 I/am_wtf ( 1128): [0,1128,system_server,-1,DisplayDeviceConfig,requesting nits when no mapping exists.]
09-16 01:26:51.587 E/DisplayDeviceConfig( 1128): requesting nits when no mapping exists.
09-16 01:26:51.587 E/DisplayDeviceConfig( 1128): requesting nits when no mapping exists.
09-16 01:26:51.587 I/am_wtf ( 1128): [0,1128,system_server,-1,DisplayDeviceConfig,requesting nits when no mapping exists.]
09-16 01:26:51.588 I/am_wtf ( 1128): [0,1128,system_server,-1,DisplayDeviceConfig,requesting nits when no mapping exists.]
09-16 01:26:51.604 E/DisplayDeviceConfig( 1128): requesting nits when no mapping exists.
09-16 01:26:51.604 E/DisplayDeviceConfig( 1128): requesting nits when no mapping exists.
09-16 01:26:51.604 I/am_wtf ( 1128): [0,1128,system_server,-1,DisplayDeviceConfig,requesting nits when no mapping exists.]
09-16 01:26:51.605 I/am_wtf ( 1128): [0,1128,system_server,-1,DisplayDeviceConfig,requesting nits when no mapping exists.]
01-01 13:50:26.355 I/init ( 0): starting service 'sxrd'...
01-01 13:50:26.370 I/init ( 0): starting service 'vendor.light-hal-2-0'...
09-16 01:26:51.628 F/linker ( 8202): CANNOT LINK EXECUTABLE "/vendor/bin/hw/qvrservice": library "vendor.qti.hardware.qxr-V1-ndk_platform.so" not found: needed by /vendor/lib64/libqvrservice.so in namespace (default)
09-16 01:26:51.642 F/linker ( 8203): CANNOT LINK EXECUTABLE "/vendor/bin/hw/sxrservice": library "vendor.qti.hardware.qxr-V1-ndk_platform.so" not found: needed by main executable
01-01 13:50:26.386 I/init ( 0): Service 'qvrd_vndr' (pid 8202) exited with status 1
01-01 13:50:26.395 I/init ( 0): Sending signal 9 to service 'qvrd_vndr' (pid 8202) process group...
01-01 13:50:26.403 I/libprocessgroup( 0): Successfully killed process cgroup uid 1000 pid 8202 in 0ms
09-16 01:26:51.659 I/hwservicemanager( 516): getTransport: Cannot find entry android.hardware.light@2.0::ILight/default in either framework or device VINTF manifest.
09-16 01:26:51.662 E/light ( 8204): light_open lights keyboard failed: -22
09-16 01:26:51.662 E/light ( 8204): Light passthrough failed to load legacy HAL.
09-16 01:26:51.663 E/light ( 8204): light_open lights buttons failed: -22
09-16 01:26:51.663 E/light ( 8204): Light passthrough failed to load legacy HAL.
09-16 01:26:51.665 E/light ( 8204): light_open lights bluetooth failed: -22
09-16 01:26:51.665 E/light ( 8204): Light passthrough failed to load legacy HAL.
09-16 01:26:51.666 E/light ( 8204): light_open lights wifi failed: -22
09-16 01:26:51.666 E/light ( 8204): Light passthrough failed to load legacy HAL.
09-16 01:26:51.667 I/hwservicemanager( 516): getTransport: Cannot find entry android.hardware.light@2.0::ILight/default in either framework or device VINTF manifest.
09-16 01:26:51.667 E/HidlServiceManagement( 8204): Service android.hardware.light@2.0::ILight/default must be in VINTF manifest in order to register/get.
09-16 01:26:51.667 E/LegacySupport( 8204): Could not register service android.hardware.light@2.0::ILight/default (-2147483648).
01-01 13:50:26.414 I/init ( 0): Service 'sxrd' (pid 8203) exited with status 1
01-01 13:50:26.420 I/init ( 0): Sending signal 9 to service 'sxrd' (pid 8203) process group...
09-16 01:26:51.960 I/mpu_uart( 664): [MSG-P:RECV]:No message received in 1000 ms
01-01 13:50:26.769 D/ ( 0): mv2112_read_status
01-01 13:50:26.772 D/mv2112_update_link( 0): 3.0x901(1G): 0x80
01-01 13:50:26.779 D/mv2112_update_link( 0): 3.0x8109(100M): 0x0
01-01 13:50:26.785 D/mv2112_update_link( 0): link 0x0
01-01 13:50:26.789 D/mv2112_read_status( 0): autoneg is disabled
09-16 01:26:52.085 I/HttpClient( 2063): onFailed
09-16 01:26:52.086 I/MicroService( 2063): sendConnectStateBroadCast() state0
09-16 01:26:52.089 I/MicroService( 2063): onNettyConnectState0
09-16 01:26:52.089 I/MicroService( 2063): onNettyConnectState count = 0
09-16 01:26:52.833 I/mpu_uart( 664): [MSG-P:R]:recv sync frame timeout
09-16 01:26:52.961 I/mpu_uart( 664): [MSG-P:RECV]:No message received in 1000 ms
01-01 13:50:27.793 D/ ( 0): mv2112_read_status
01-01 13:50:27.797 D/mv2112_update_link( 0): 3.0x901(1G): 0x80
01-01 13:50:27.797 E/i2c_geni 980000.i2c( 0): i2c error :-107
01-01 13:50:27.808 D/mv2112_update_link( 0): 3.0x8109(100M): 0x0
01-01 13:50:27.808 E/ ( 0): [MAX975X:mcu_keep_wakeup_work_func] *ERROR* Failed to write dev:0x15 addr:0x22 value:0x80
01-01 13:50:27.814 D/mv2112_update_link( 0): link 0x0
01-01 13:50:27.827 E/i2c_geni 980000.i2c( 0): i2c error :-107
01-01 13:50:27.827 D/mv2112_read_status( 0): autoneg is disabled
09-16 01:26:53.085 I/HWebSocketClient( 2063): WEBclient: onFailed
01-01 13:50:27.833 E/ ( 0): [MAX975X:mcu_keep_wakeup_work_func] *ERROR* Failed to write dev:0x15 addr:0x20 value:0x09
09-16 01:26:53.088 I/ResponseWebSocketHandler( 2063): ResponseWebSocketHandler start
09-16 01:26:53.088 I/HttpContext( 2063): getIResponseJson :com.thundercomm.microservice.MicroServiceProxy@12e89eb
09-16 01:26:53.089 I/ResponseWebSocketHandler( 2063): ResponseWebSocketHandler mResponseJson: com.thundercomm.microservice.MicroServiceProxy@12e89eb
09-16 01:26:53.089 I/System.out( 2063): handler is: com.thundercomm.microservice.netty.client.handler.webSocket.ResponseWebSocketHandler@bdcb4d6
09-16 01:26:53.090 I/HttpContext( 2063): getIResponseJson :com.thundercomm.microservice.MicroServiceProxy@12e89eb
09-16 01:26:53.091 I/ResponseHandler( 2063): ResponseHandler() :com.thundercomm.microservice.MicroServiceProxy@12e89eb
09-16 01:26:53.417 I/KEVA.NATIVE( 4752): byte array do not exist
09-16 01:26:53.417 I/KEVA.NATIVE( 4752): byte array do not exist
09-16 01:26:53.962 I/mpu_uart( 664): [MSG-P:RECV]:No message received in 1000 ms
01-01 13:50:28.849 D/ ( 0): mv2112_read_status
01-01 13:50:28.853 D/mv2112_update_link( 0): 3.0x901(1G): 0x80
01-01 13:50:28.858 D/mv2112_update_link( 0): 3.0x8109(100M): 0x0
01-01 13:50:28.865 D/mv2112_update_link( 0): link 0x0
01-01 13:50:28.870 D/mv2112_read_status( 0): autoneg is disabled
01-01 13:50:29.651 E/i2c_geni 980000.i2c( 0): i2c error :-107
01-01 13:50:29.656 E/ ( 0): [MAX975X:mcu_keep_wakeup_work_func] *ERROR* Failed to write dev:0x15 addr:0x22 value:0x80
01-01 13:50:29.666 E/i2c_geni 980000.i2c( 0): i2c error :-107
01-01 13:50:29.671 E/ ( 0): [MAX975X:mcu_keep_wakeup_work_func] *ERROR* Failed to write dev:0x15 addr:0x20 value:0x09
09-16 01:26:54.962 I/mpu_uart( 664): [MSG-P:RECV]:No message received in 1000 ms
01-01 13:50:29.873 D/ ( 0): mv2112_read_status
01-01 13:50:29.877 D/mv2112_update_link( 0): 3.0x901(1G): 0x80
01-01 13:50:29.884 D/mv2112_update_link( 0): 3.0x8109(100M): 0x0
01-01 13:50:29.890 D/mv2112_update_link( 0): link 0x0
01-01 13:50:29.895 D/mv2112_read_status( 0): autoneg is disabled
09-16 01:26:55.157 I/HttpClient( 2063): onFailed
09-16 01:26:55.157 I/MicroService( 2063): sendConnectStateBroadCast() state0
09-16 01:26:55.160 I/MicroService( 2063): onNettyConnectState0
09-16 01:26:55.160 I/MicroService( 2063): onNettyConnectState count = 0
09-16 01:26:55.837 I/mpu_uart( 664): [MSG-P:R]:recv sync frame timeout
09-16 01:26:55.963 I/mpu_uart( 664): [MSG-P:RECV]:No message received in 1000 ms
01-01 13:50:30.897 D/ ( 0): mv2112_read_status
01-01 13:50:30.900 D/mv2112_update_link( 0): 3.0x901(1G): 0x80
01-01 13:50:30.907 D/mv2112_update_link( 0): 3.0x8109(100M): 0x0
01-01 13:50:30.912 D/mv2112_update_link( 0): link 0x0
09-16 01:26:56.157 I/HWebSocketClient( 2063): WEBclient: onFailed
01-01 13:50:30.917 D/mv2112_read_status( 0): autoneg is disabled
09-16 01:26:56.164 I/HttpContext( 2063): getIResponseJson :com.thundercomm.microservice.MicroServiceProxy@12e89eb
09-16 01:26:56.164 I/ResponseHandler( 2063): ResponseHandler() :com.thundercomm.microservice.MicroServiceProxy@12e89eb
09-16 01:26:56.167 I/ResponseWebSocketHandler( 2063): ResponseWebSocketHandler start
09-16 01:26:56.167 I/HttpContext( 2063): getIResponseJson :com.thundercomm.microservice.MicroServiceProxy@12e89eb
09-16 01:26:56.167 I/ResponseWebSocketHandler( 2063): ResponseWebSocketHandler mResponseJson: com.thundercomm.microservice.MicroServiceProxy@12e89eb
09-16 01:26:56.169 I/System.out( 2063): handler is: com.thundercomm.microservice.netty.client.handler.webSocket.ResponseWebSocketHandler@aec4d29
01-01 13:50:31.357 I/init ( 0): starting service 'qvrd_vndr'...
01-01 13:50:31.364 I/init ( 0): Created socket '/dev/socket/qvrservice_vndr', mode 660, user 1000, group 1000
01-01 13:50:31.374 I/init ( 0): Created socket '/dev/socket/qvrservice_vndr_camera', mode 660, user 1000, group 1000
01-01 13:50:31.399 I/init ( 0): starting service 'sxrd'...
01-01 13:50:31.416 I/init ( 0): starting service 'vendor.light-hal-2-0'...
09-16 01:26:56.701 F/linker ( 8208): CANNOT LINK EXECUTABLE "/vendor/bin/hw/sxrservice": library "vendor.qti.hardware.qxr-V1-ndk_platform.so" not found: needed by main executable
09-16 01:26:56.714 F/linker ( 8207): CANNOT LINK EXECUTABLE "/vendor/bin/hw/qvrservice": library "vendor.qti.hardware.qxr-V1-ndk_platform.so" not found: needed by /vendor/lib64/libqvrservice.so in namespace (default)
09-16 01:26:56.717 I/hwservicemanager( 516): getTransport: Cannot find entry android.hardware.light@2.0::ILight/default in either framework or device VINTF manifest.
09-16 01:26:56.720 E/light ( 8209): light_open lights keyboard failed: -22
09-16 01:26:56.720 E/light ( 8209): Light passthrough failed to load legacy HAL.
09-16 01:26:56.721 E/light ( 8209): light_open lights buttons failed: -22
09-16 01:26:56.721 E/light ( 8209): Light passthrough failed to load legacy HAL.
09-16 01:26:56.723 E/light ( 8209): light_open lights bluetooth failed: -22
09-16 01:26:56.723 E/light ( 8209): Light passthrough failed to load legacy HAL.
09-16 01:26:56.724 E/light ( 8209): light_open lights wifi failed: -22
09-16 01:26:56.724 E/light ( 8209): Light passthrough failed to load legacy HAL.
01-01 13:50:31.454 I/init ( 0): Service 'sxrd' (pid 8208) exited with status 1
01-01 13:50:31.469 I/init ( 0): Sending signal 9 to service 'sxrd' (pid 8208) process group...
01-01 13:50:31.477 I/libprocessgroup( 0): Successfully killed process cgroup uid 1000 pid 8208 in 0ms
09-16 01:26:56.725 I/hwservicemanager( 516): getTransport: Cannot find entry android.hardware.light@2.0::ILight/default in either framework or device VINTF manifest.
09-16 01:26:56.725 E/HidlServiceManagement( 8209): Service android.hardware.light@2.0::ILight/default must be in VINTF manifest in order to register/get.
09-16 01:26:56.725 E/LegacySupport( 8209): Could not register service android.hardware.light@2.0::ILight/default (-2147483648).
01-01 13:50:31.487 I/init ( 0): Service 'qvrd_vndr' (pid 8207) exited with status 1
01-01 13:50:31.493 I/init ( 0): Sending signal 9 to service 'qvrd_vndr' (pid 8207) process group...
01-01 13:50:31.506 E/i2c_geni 980000.i2c( 0): i2c error :-107
01-01 13:50:31.511 E/ ( 0): [MAX975X:mcu_keep_wakeup_work_func] *ERROR* Failed to write dev:0x15 addr:0x22 value:0x80
01-01 13:50:31.521 E/i2c_geni 980000.i2c( 0): i2c error :-107
01-01 13:50:31.525 E/ ( 0): [MAX975X:mcu_keep_wakeup_work_func] *ERROR* Failed to write dev:0x15 addr:0x20 value:0x09
09-16 01:26:56.963 I/mpu_uart( 664): [MSG-P:RECV]:No message received in 1000 ms
01-01 13:50:31.921 D/ ( 0): mv2112_read_status
01-01 13:50:31.925 D/mv2112_update_link( 0): 3.0x901(1G): 0x80
01-01 13:50:31.930 D/mv2112_update_link( 0): 3.0x8109(100M): 0x0
01-01 13:50:31.936 D/mv2112_update_link( 0): link 0x0
01-01 13:50:31.941 D/mv2112_read_status( 0): autoneg is disabled
09-16 01:26:57.856 I/PowerManagerService( 1128): Napping display group (groupId=0, uid=1000)...
09-16 01:26:57.856 I/PowerManagerService( 1128): Nap time (uid 1000)...
09-16 01:26:57.862 I/DreamManagerService( 1128): Entering dreamland.
09-16 01:26:57.867 I/PowerManagerService( 1128): Dreaming...
