01-01 13:48:10.534 D/mv2112_read_status( 0): autoneg is disabled
09-16 01:24:35.859 I/mpu_uart( 664): [MSG-P:RECV]:No message received in 1000 ms
01-01 13:48:11.537 D/ ( 0): mv2112_read_status
01-01 13:48:11.540 D/mv2112_update_link( 0): 3.0x901(1G): 0x80
01-01 13:48:11.547 D/mv2112_update_link( 0): 3.0x8109(100M): 0x0
01-01 13:48:11.552 D/mv2112_update_link( 0): link 0x0
01-01 13:48:11.557 D/mv2112_read_status( 0): autoneg is disabled
09-16 01:24:36.859 I/mpu_uart( 664): [MSG-P:RECV]:No message received in 1000 ms
09-16 01:24:36.921 I/HttpClient( 2063): onFailed
09-16 01:24:36.921 I/MicroService( 2063): sendConnectStateBroadCast() state0
09-16 01:24:36.925 I/MicroService( 2063): onNettyConnectState0
09-16 01:24:36.925 I/MicroService( 2063): onNettyConnectState count = 0
01-01 13:48:12.307 E/i2c_geni 980000.i2c( 0): i2c error :-107
01-01 13:48:12.314 E/ ( 0): [MAX975X:mcu_keep_wakeup_work_func] *ERROR* Failed to write dev:0x15 addr:0x22 value:0x80
01-01 13:48:12.325 E/i2c_geni 980000.i2c( 0): i2c error :-107
01-01 13:48:12.330 E/ ( 0): [MAX975X:mcu_keep_wakeup_work_func] *ERROR* Failed to write dev:0x15 addr:0x20 value:0x09
09-16 01:24:37.669 I/mpu_uart( 664): [MSG-P:R]:recv sync frame timeout
01-01 13:48:12.561 D/ ( 0): mv2112_read_status
01-01 13:48:12.565 D/mv2112_update_link( 0): 3.0x901(1G): 0x80
01-01 13:48:12.570 D/mv2112_update_link( 0): 3.0x8109(100M): 0x0
01-01 13:48:12.579 D/mv2112_update_link( 0): link 0x0
01-01 13:48:12.583 D/mv2112_read_status( 0): autoneg is disabled
09-16 01:24:37.860 I/mpu_uart( 664): [MSG-P:RECV]:No message received in 1000 ms
09-16 01:24:37.918 I/HWebSocketClient( 2063): WEBclient: onFailed
09-16 01:24:37.925 I/ResponseWebSocketHandler( 2063): ResponseWebSocketHandler start
09-16 01:24:37.925 I/HttpContext( 2063): getIResponseJson :com.thundercomm.microservice.MicroServiceProxy@12e89eb
09-16 01:24:37.925 I/ResponseWebSocketHandler( 2063): ResponseWebSocketHandler mResponseJson: com.thundercomm.microservice.MicroServiceProxy@12e89eb
09-16 01:24:37.927 I/System.out( 2063): handler is: com.thundercomm.microservice.netty.client.handler.webSocket.ResponseWebSocketHandler@c2e38fe
09-16 01:24:37.929 I/HttpContext( 2063): getIResponseJson :com.thundercomm.microservice.MicroServiceProxy@12e89eb
09-16 01:24:37.929 I/ResponseHandler( 2063): ResponseHandler() :com.thundercomm.microservice.MicroServiceProxy@12e89eb
09-16 01:24:37.951 W/NioEventLoop( 2063): Selector.select() returned prematurely 512 times in a row; rebuilding Selector io.netty.channel.nio.SelectedSelectionKeySetSelector@992fb75.
09-16 01:24:37.952 I/NioEventLoop( 2063): Migrated 1 channel(s) to the new Selector.
09-16 01:24:38.197 E/TokenUnion_NetworkManager( 4752): appendCommonParams() 账号通参存在空,拼接后的 url = /luckycat/activity/settings/get_polling_settings/
09-16 01:24:38.200 I/KEVA.NATIVE( 4752): byte array do not exist
09-16 01:24:38.201 I/KEVA.NATIVE( 4752): byte array do not exist
09-16 01:24:38.216 I/KEVA.NATIVE( 4752): byte array do not exist
09-16 01:24:38.216 I/KEVA.NATIVE( 4752): byte array do not exist
09-16 01:24:38.220 I/KEVA.NATIVE( 4752): byte array do not exist
09-16 01:24:38.220 I/KEVA.NATIVE( 4752): byte array do not exist
09-16 01:24:38.222 E/LuckyDogLogger_LuckyDogPollingSettings( 4752): Exception when request setting com.bytedance.frameworks.baselib.network.http.exception.NetworkNotAvailabeException: network not available
09-16 01:24:38.223 I/KEVA.NATIVE( 4752): byte array do not exist
09-16 01:24:38.223 I/KEVA.NATIVE( 4752): byte array do not exist
09-16 01:24:38.226 E/TokenUnion_NetworkManager( 4752): appendCommonParams() 账号通参存在空,拼接后的 url = /luckycat/activity/settings/get_polling_settings/
09-16 01:24:38.228 I/KEVA.NATIVE( 4752): byte array do not exist
09-16 01:24:38.229 I/KEVA.NATIVE( 4752): byte array do not exist
09-16 01:24:38.241 E/LuckyDogLogger_LuckyDogPollingSettings( 4752): Exception when request setting com.bytedance.frameworks.baselib.network.http.exception.NetworkNotAvailabeException: network not available
09-16 01:24:38.247 W/droid.ugc.awem( 4752): Profile data size exceeds 500000 bytes. It has 694265 bytes.
09-16 01:24:38.861 I/mpu_uart( 664): [MSG-P:RECV]:No message received in 1000 ms
01-01 13:48:13.617 D/ ( 0): mv2112_read_status
01-01 13:48:13.621 D/mv2112_update_link( 0): 3.0x901(1G): 0x80
01-01 13:48:13.627 D/mv2112_update_link( 0): 3.0x8109(100M): 0x0
01-01 13:48:13.633 D/mv2112_update_link( 0): link 0x0
01-01 13:48:13.637 D/mv2112_read_status( 0): autoneg is disabled
01-01 13:48:14.164 E/i2c_geni 980000.i2c( 0): i2c error :-107
01-01 13:48:14.169 E/ ( 0): [MAX975X:mcu_keep_wakeup_work_func] *ERROR* Failed to write dev:0x15 addr:0x22 value:0x80
01-01 13:48:14.180 E/i2c_geni 980000.i2c( 0): i2c error :-107
01-01 13:48:14.186 E/ ( 0): [MAX975X:mcu_keep_wakeup_work_func] *ERROR* Failed to write dev:0x15 addr:0x20 value:0x09
09-16 01:24:39.861 I/mpu_uart( 664): [MSG-P:RECV]:No message received in 1000 ms
01-01 13:48:14.641 D/ ( 0): mv2112_read_status
01-01 13:48:14.645 D/mv2112_update_link( 0): 3.0x901(1G): 0x80
01-01 13:48:14.652 D/mv2112_update_link( 0): 3.0x8109(100M): 0x0
01-01 13:48:14.657 D/mv2112_update_link( 0): link 0x0
01-01 13:48:14.662 D/mv2112_read_status( 0): autoneg is disabled
09-16 01:24:39.990 I/HttpClient( 2063): onFailed
09-16 01:24:39.991 I/MicroService( 2063): sendConnectStateBroadCast() state0
09-16 01:24:39.993 I/MicroService( 2063): onNettyConnectState0
09-16 01:24:39.993 I/MicroService( 2063): onNettyConnectState count = 0
01-01 13:48:15.263 I/init ( 0): starting service 'qvrd_vndr'...
01-01 13:48:15.269 I/init ( 0): Created socket '/dev/socket/qvrservice_vndr', mode 660, user 1000, group 1000
01-01 13:48:15.279 I/init ( 0): Created socket '/dev/socket/qvrservice_vndr_camera', mode 660, user 1000, group 1000
01-01 13:48:15.303 I/init ( 0): starting service 'sxrd'...
01-01 13:48:15.319 I/init ( 0): starting service 'vendor.light-hal-2-0'...
09-16 01:24:40.601 F/linker ( 8056): CANNOT LINK EXECUTABLE "/vendor/bin/hw/sxrservice": library "vendor.qti.hardware.qxr-V1-ndk_platform.so" not found: needed by main executable
09-16 01:24:40.602 F/linker ( 8055): CANNOT LINK EXECUTABLE "/vendor/bin/hw/qvrservice": library "vendor.qti.hardware.qxr-V1-ndk_platform.so" not found: needed by /vendor/lib64/libqvrservice.so in namespace (default)
01-01 13:48:15.354 I/init ( 0): Service 'sxrd' (pid 8056) exited with status 1
01-01 13:48:15.361 I/init ( 0): Sending signal 9 to service 'sxrd' (pid 8056) process group...
01-01 13:48:15.368 I/libprocessgroup( 0): Successfully killed process cgroup uid 1000 pid 8056 in 0ms
01-01 13:48:15.379 I/init ( 0): Service 'qvrd_vndr' (pid 8055) exited with status 1
01-01 13:48:15.386 I/init ( 0): Sending signal 9 to service 'qvrd_vndr' (pid 8055) process group...
09-16 01:24:40.634 I/hwservicemanager( 516): getTransport: Cannot find entry android.hardware.light@2.0::ILight/default in either framework or device VINTF manifest.
09-16 01:24:40.637 E/light ( 8057): light_open lights keyboard failed: -22
09-16 01:24:40.637 E/light ( 8057): Light passthrough failed to load legacy HAL.
09-16 01:24:40.638 E/light ( 8057): light_open lights buttons failed: -22
09-16 01:24:40.638 E/light ( 8057): Light passthrough failed to load legacy HAL.
09-16 01:24:40.639 E/light ( 8057): light_open lights bluetooth failed: -22
09-16 01:24:40.639 E/light ( 8057): Light passthrough failed to load legacy HAL.
09-16 01:24:40.640 E/light ( 8057): light_open lights wifi failed: -22
09-16 01:24:40.640 E/light ( 8057): Light passthrough failed to load legacy HAL.
09-16 01:24:40.641 I/hwservicemanager( 516): getTransport: Cannot find entry android.hardware.light@2.0::ILight/default in either framework or device VINTF manifest.
09-16 01:24:40.641 E/HidlServiceManagement( 8057): Service android.hardware.light@2.0::ILight/default must be in VINTF manifest in order to register/get.
09-16 01:24:40.641 E/LegacySupport( 8057): Could not register service android.hardware.light@2.0::ILight/default (-2147483648).
09-16 01:24:40.672 I/mpu_uart( 664): [MSG-P:R]:recv sync frame timeout
09-16 01:24:40.862 I/mpu_uart( 664): [MSG-P:RECV]:No message received in 1000 ms
01-01 13:48:15.665 D/ ( 0): mv2112_read_status
01-01 13:48:15.669 D/mv2112_update_link( 0): 3.0x901(1G): 0x80
01-01 13:48:15.676 D/mv2112_update_link( 0): 3.0x8109(100M): 0x0
01-01 13:48:15.682 D/mv2112_update_link( 0): link 0x0
01-01 13:48:15.688 D/mv2112_read_status( 0): autoneg is disabled
09-16 01:24:40.991 I/HWebSocketClient( 2063): WEBclient: onFailed
09-16 01:24:40.997 I/HttpContext( 2063): getIResponseJson :com.thundercomm.microservice.MicroServiceProxy@12e89eb
09-16 01:24:40.998 I/ResponseHandler( 2063): ResponseHandler() :com.thundercomm.microservice.MicroServiceProxy@12e89eb
09-16 01:24:40.998 I/ResponseWebSocketHandler( 2063): ResponseWebSocketHandler start
09-16 01:24:40.998 I/HttpContext( 2063): getIResponseJson :com.thundercomm.microservice.MicroServiceProxy@12e89eb
09-16 01:24:40.998 I/ResponseWebSocketHandler( 2063): ResponseWebSocketHandler mResponseJson: com.thundercomm.microservice.MicroServiceProxy@12e89eb
09-16 01:24:41.000 I/System.out( 2063): handler is: com.thundercomm.microservice.netty.client.handler.webSocket.ResponseWebSocketHandler@d167457
01-01 13:48:16.019 E/i2c_geni 980000.i2c( 0): i2c error :-107
01-01 13:48:16.024 E/ ( 0): [MAX975X:mcu_keep_wakeup_work_func] *ERROR* Failed to write dev:0x15 addr:0x22 value:0x80
01-01 13:48:16.034 E/i2c_geni 980000.i2c( 0): i2c error :-107
01-01 13:48:16.039 E/ ( 0): [MAX975X:mcu_keep_wakeup_work_func] *ERROR* Failed to write dev:0x15 addr:0x20 value:0x09
09-16 01:24:41.863 I/mpu_uart( 664): [MSG-P:RECV]:No message received in 1000 ms
01-01 13:48:16.729 D/ ( 0): mv2112_read_status
01-01 13:48:16.745 D/mv2112_update_link( 0): 3.0x901(1G): 0x80
01-01 13:48:16.761 D/mv2112_update_link( 0): 3.0x8109(100M): 0x0
01-01 13:48:16.771 D/mv2112_update_link( 0): link 0x0
01-01 13:48:16.775 D/mv2112_read_status( 0): autoneg is disabled
09-16 01:24:42.863 I/mpu_uart( 664): [MSG-P:RECV]:No message received in 1000 ms
01-01 13:48:17.777 D/ ( 0): mv2112_read_status
01-01 13:48:17.781 D/mv2112_update_link( 0): 3.0x901(1G): 0x80
01-01 13:48:17.786 D/mv2112_update_link( 0): 3.0x8109(100M): 0x0
01-01 13:48:17.791 D/mv2112_update_link( 0): link 0x0
01-01 13:48:17.796 D/mv2112_read_status( 0): autoneg is disabled
09-16 01:24:43.063 I/HttpClient( 2063): onFailed
09-16 01:24:43.063 I/MicroService( 2063): sendConnectStateBroadCast() state0
09-16 01:24:43.066 I/MicroService( 2063): onNettyConnectState0
09-16 01:24:43.066 I/MicroService( 2063): onNettyConnectState count = 0
01-01 13:48:17.875 E/i2c_geni 980000.i2c( 0): i2c error :-107
01-01 13:48:17.881 E/ ( 0): [MAX975X:mcu_keep_wakeup_work_func] *ERROR* Failed to write dev:0x15 addr:0x22 value:0x80
01-01 13:48:17.891 E/i2c_geni 980000.i2c( 0): i2c error :-107
01-01 13:48:17.896 E/ ( 0): [MAX975X:mcu_keep_wakeup_work_func] *ERROR* Failed to write dev:0x15 addr:0x20 value:0x09
09-16 01:24:43.676 I/mpu_uart( 664): [MSG-P:R]:recv sync frame timeout
09-16 01:24:43.864 I/mpu_uart( 664): [MSG-P:RECV]:No message received in 1000 ms
01-01 13:48:18.801 D/ ( 0): mv2112_read_status
01-01 13:48:18.805 D/mv2112_update_link( 0): 3.0x901(1G): 0x80
01-01 13:48:18.810 D/mv2112_update_link( 0): 3.0x8109(100M): 0x0
09-16 01:24:44.062 I/HWebSocketClient( 2063): WEBclient: onFailed
01-01 13:48:18.815 D/mv2112_update_link( 0): link 0x0
01-01 13:48:18.819 D/mv2112_read_status( 0): autoneg is disabled
09-16 01:24:44.069 I/HttpContext( 2063): getIResponseJson :com.thundercomm.microservice.MicroServiceProxy@12e89eb
09-16 01:24:44.070 I/ResponseHandler( 2063): ResponseHandler() :com.thundercomm.microservice.MicroServiceProxy@12e89eb
09-16 01:24:44.083 I/ResponseWebSocketHandler( 2063): ResponseWebSocketHandler start
09-16 01:24:44.083 I/HttpContext( 2063): getIResponseJson :com.thundercomm.microservice.MicroServiceProxy@12e89eb
09-16 01:24:44.083 I/ResponseWebSocketHandler( 2063): ResponseWebSocketHandler mResponseJson: com.thundercomm.microservice.MicroServiceProxy@12e89eb
09-16 01:24:44.084 I/System.out( 2063): handler is: com.thundercomm.microservice.netty.client.handler.webSocket.ResponseWebSocketHandler@473c7b0
09-16 01:24:44.097 W/NioEventLoop( 2063): Selector.select() returned prematurely 512 times in a row; rebuilding Selector io.netty.channel.nio.SelectedSelectionKeySetSelector@e43d629.
09-16 01:24:44.098 I/NioEventLoop( 2063): Migrated 1 channel(s) to the new Selector.
09-16 01:24:44.865 I/mpu_uart( 664): [MSG-P:RECV]:No message received in 1000 ms
01-01 13:48:19.731 E/i2c_geni 980000.i2c( 0): i2c error :-107
01-01 13:48:19.736 E/ ( 0): [MAX975X:mcu_keep_wakeup_work_func] *ERROR* Failed to write dev:0x15 addr:0x22 value:0x80
01-01 13:48:19.749 E/i2c_geni 980000.i2c( 0): i2c error :-107
01-01 13:48:19.754 E/ ( 0): [MAX975X:mcu_keep_wakeup_work_func] *ERROR* Failed to write dev:0x15 addr:0x20 value:0x09
01-01 13:48:19.825 D/ ( 0): mv2112_read_status
01-01 13:48:19.829 D/mv2112_update_link( 0): 3.0x901(1G): 0x80
01-01 13:48:19.834 D/mv2112_update_link( 0): 3.0x8109(100M): 0x0
01-01 13:48:19.841 D/mv2112_update_link( 0): link 0x0
01-01 13:48:19.846 D/mv2112_read_status( 0): autoneg is disabled
01-01 13:48:20.302 I/init ( 0): starting service 'qvrd_vndr'...
01-01 13:48:20.308 I/init ( 0): Created socket '/dev/socket/qvrservice_vndr', mode 660, user 1000, group 1000
01-01 13:48:20.319 I/init ( 0): Created socket '/dev/socket/qvrservice_vndr_camera', mode 660, user 1000, group 1000
01-01 13:48:20.344 I/init ( 0): starting service 'sxrd'...
01-01 13:48:20.362 I/init ( 0): starting service 'vendor.light-hal-2-0'...
09-16 01:24:45.641 F/linker ( 8061): CANNOT LINK EXECUTABLE "/vendor/bin/hw/sxrservice": library "vendor.qti.hardware.qxr-V1-ndk_platform.so" not found: needed by main executable
09-16 01:24:45.644 F/linker ( 8060): CANNOT LINK EXECUTABLE "/vendor/bin/hw/qvrservice": library "vendor.qti.hardware.qxr-V1-ndk_platform.so" not found: needed by /vendor/lib64/libqvrservice.so in namespace (default)
01-01 13:48:20.394 I/init ( 0): Service 'sxrd' (pid 8061) exited with status 1
01-01 13:48:20.409 I/init ( 0): Sending signal 9 to service 'sxrd' (pid 8061) process group...
01-01 13:48:20.417 I/libprocessgroup( 0): Successfully killed process cgroup uid 1000 pid 8061 in 0ms
09-16 01:24:45.676 I/hwservicemanager( 516): getTransport: Cannot find entry android.hardware.light@2.0::ILight/default in either framework or device VINTF manifest.
09-16 01:24:45.678 E/light ( 8062): light_open lights keyboard failed: -22
09-16 01:24:45.678 E/light ( 8062): Light passthrough failed to load legacy HAL.
09-16 01:24:45.679 E/light ( 8062): light_open lights buttons failed: -22
09-16 01:24:45.679 E/light ( 8062): Light passthrough failed to load legacy HAL.
09-16 01:24:45.681 E/light ( 8062): light_open lights bluetooth failed: -22
09-16 01:24:45.681 E/light ( 8062): Light passthrough failed to load legacy HAL.
09-16 01:24:45.681 E/light ( 8062): light_open lights wifi failed: -22
09-16 01:24:45.681 E/light ( 8062): Light passthrough failed to load legacy HAL.
09-16 01:24:45.683 I/hwservicemanager( 516): getTransport: Cannot find entry android.hardware.light@2.0::ILight/default in either framework or device VINTF manifest.
09-16 01:24:45.683 E/HidlServiceManagement( 8062): Service android.hardware.light@2.0::ILight/default must be in VINTF manifest in order to register/get.
09-16 01:24:45.683 E/LegacySupport( 8062): Could not register service android.hardware.light@2.0::ILight/default (-2147483648).
01-01 13:48:20.427 I/init ( 0): Service 'qvrd_vndr' (pid 8060) exited with status 1
01-01 13:48:20.434 I/init ( 0): Sending signal 9 to service 'qvrd_vndr' (pid 8060) process group...
09-16 01:24:45.866 I/mpu_uart( 664): [MSG-P:RECV]:No message received in 1000 ms
01-01 13:48:20.849 D/ ( 0): mv2112_read_status
01-01 13:48:20.853 D/mv2112_update_link( 0): 3.0x901(1G): 0x80
01-01 13:48:20.860 D/mv2112_update_link( 0): 3.0x8109(100M): 0x0
01-01 13:48:20.867 D/mv2112_update_link( 0): link 0x0
01-01 13:48:20.871 D/mv2112_read_status( 0): autoneg is disabled
09-16 01:24:46.133 I/HttpClient( 2063): onFailed
09-16 01:24:46.133 I/MicroService( 2063): sendConnectStateBroadCast() state0
09-16 01:24:46.135 I/MicroService( 2063): onNettyConnectState0
09-16 01:24:46.136 I/MicroService( 2063): onNettyConnectState count = 0
09-16 01:24:46.680 I/mpu_uart( 664): [MSG-P:R]:recv sync frame timeout
01-01 13:48:21.587 E/i2c_geni 980000.i2c( 0): i2c error :-107
01-01 13:48:21.592 E/ ( 0): [MAX975X:mcu_keep_wakeup_work_func] *ERROR* Failed to write dev:0x15 addr:0x22 value:0x80
01-01 13:48:21.603 E/i2c_geni 980000.i2c( 0): i2c error :-107
01-01 13:48:21.608 E/ ( 0): [MAX975X:mcu_keep_wakeup_work_func] *ERROR* Failed to write dev:0x15 addr:0x20 value:0x09
09-16 01:24:46.866 I/mpu_uart( 664): [MSG-P:RECV]:No message received in 1000 ms
01-01 13:48:21.873 D/ ( 0): mv2112_read_status
01-01 13:48:21.877 D/mv2112_update_link( 0): 3.0x901(1G): 0x80
01-01 13:48:21.882 D/mv2112_update_link( 0): 3.0x8109(100M): 0x0
09-16 01:24:47.133 I/HWebSocketClient( 2063): WEBclient: onFailed
09-16 01:24:47.139 I/HttpContext( 2063): getIResponseJson :com.thundercomm.microservice.MicroServiceProxy@12e89eb
09-16 01:24:47.140 I/ResponseHandler( 2063): ResponseHandler() :com.thundercomm.microservice.MicroServiceProxy@12e89eb
09-16 01:24:47.141 I/ResponseWebSocketHandler( 2063): ResponseWebSocketHandler start
09-16 01:24:47.141 I/HttpContext( 2063): getIResponseJson :com.thundercomm.microservice.MicroServiceProxy@12e89eb
09-16 01:24:47.141 I/ResponseWebSocketHandler( 2063): ResponseWebSocketHandler mResponseJson: com.thundercomm.microservice.MicroServiceProxy@12e89eb
09-16 01:24:47.143 I/System.out( 2063): handler is: com.thundercomm.microservice.netty.client.handler.webSocket.ResponseWebSocketHandler@61e596b
01-01 13:48:21.887 D/mv2112_update_link( 0): link 0x0
01-01 13:48:21.892 D/mv2112_read_status( 0): autoneg is disabled
09-16 01:24:47.163 W/NioEventLoop( 2063): Selector.select() returned prematurely 512 times in a row; rebuilding Selector io.netty.channel.nio.SelectedSelectionKeySetSelector@decdcc8.
09-16 01:24:47.164 I/NioEventLoop( 2063): Migrated 1 channel(s) to the new Selector.
09-16 01:24:47.867 I/mpu_uart( 664): [MSG-P:RECV]:No message received in 1000 ms
01-01 13:48:22.897 D/ ( 0): mv2112_read_status
01-01 13:48:22.901 D/mv2112_update_link( 0): 3.0x901(1G): 0x80
01-01 13:48:22.906 D/mv2112_update_link( 0): 3.0x8109(100M): 0x0
01-01 13:48:22.911 D/mv2112_update_link( 0): link 0x0
01-01 13:48:22.916 D/mv2112_read_status( 0): autoneg is disabled
01-01 13:48:23.446 E/i2c_geni 980000.i2c( 0): i2c error :-107
01-01 13:48:23.452 E/ ( 0): [MAX975X:mcu_keep_wakeup_work_func] *ERROR* Failed to write dev:0x15 addr:0x22 value:0x80
01-01 13:48:23.465 E/i2c_geni 980000.i2c( 0): i2c error :-107
01-01 13:48:23.470 E/ ( 0): [MAX975X:mcu_keep_wakeup_work_func] *ERROR* Failed to write dev:0x15 addr:0x20 value:0x09
09-16 01:24:48.868 I/mpu_uart( 664): [MSG-P:RECV]:No message received in 1000 ms
01-01 13:48:23.921 D/ ( 0): mv2112_read_status
01-01 13:48:23.925 D/mv2112_update_link( 0): 3.0x901(1G): 0x80
01-01 13:48:23.930 D/mv2112_update_link( 0): 3.0x8109(100M): 0x0
01-01 13:48:23.935 D/mv2112_update_link( 0): link 0x0
01-01 13:48:23.939 D/mv2112_read_status( 0): autoneg is disabled
09-16 01:24:49.205 I/HttpClient( 2063): onFailed
09-16 01:24:49.205 I/MicroService( 2063): sendConnectStateBroadCast() state0
09-16 01:24:49.207 I/MicroService( 2063): onNettyConnectState0
09-16 01:24:49.208 I/MicroService( 2063): onNettyConnectState count = 0
09-16 01:24:49.684 I/mpu_uart( 664): [MSG-P:R]:recv sync frame timeout
09-16 01:24:49.869 I/mpu_uart( 664): [MSG-P:RECV]:No message received in 1000 ms
01-01 13:48:24.945 D/ ( 0): mv2112_read_status
01-01 13:48:24.949 D/mv2112_update_link( 0): 3.0x901(1G): 0x80
09-16 01:24:50.205 I/HWebSocketClient( 2063): WEBclient: onFailed
09-16 01:24:50.211 I/ResponseWebSocketHandler( 2063): ResponseWebSocketHandler start
09-16 01:24:50.211 I/HttpContext( 2063): getIResponseJson :com.thundercomm.microservice.MicroServiceProxy@12e89eb
09-16 01:24:50.211 I/ResponseWebSocketHandler( 2063): ResponseWebSocketHandler mResponseJson: com.thundercomm.microservice.MicroServiceProxy@12e89eb
09-16 01:24:50.213 I/HttpContext( 2063): getIResponseJson :com.thundercomm.microservice.MicroServiceProxy@12e89eb
09-16 01:24:50.213 I/ResponseHandler( 2063): ResponseHandler() :com.thundercomm.microservice.MicroServiceProxy@12e89eb
01-01 13:48:24.956 D/mv2112_update_link( 0): 3.0x8109(100M): 0x0
09-16 01:24:50.216 I/System.out( 2063): handler is: com.thundercomm.microservice.netty.client.handler.webSocket.ResponseWebSocketHandler@69d312
01-01 13:48:24.980 D/mv2112_update_link( 0): link 0x0
01-01 13:48:24.985 D/mv2112_read_status( 0): autoneg is disabled
01-01 13:48:25.299 E/i2c_geni 980000.i2c( 0): i2c error :-107
01-01 13:48:25.304 E/ ( 0): [MAX975X:mcu_keep_wakeup_work_func] *ERROR* Failed to write dev:0x15 addr:0x22 value:0x80
01-01 13:48:25.315 E/i2c_geni 980000.i2c( 0): i2c error :-107
01-01 13:48:25.320 E/ ( 0): [MAX975X:mcu_keep_wakeup_work_func] *ERROR* Failed to write dev:0x15 addr:0x20 value:0x09
01-01 13:48:25.342 I/init ( 0): starting service 'qvrd_vndr'...
01-01 13:48:25.347 I/init ( 0): Created socket '/dev/socket/qvrservice_vndr', mode 660, user 1000, group 1000
01-01 13:48:25.357 I/init ( 0): Created socket '/dev/socket/qvrservice_vndr_camera', mode 660, user 1000, group 1000
01-01 13:48:25.379 I/init ( 0): starting service 'sxrd'...
01-01 13:48:25.395 I/init ( 0): starting service 'vendor.light-hal-2-0'...
09-16 01:24:50.684 F/linker ( 8066): CANNOT LINK EXECUTABLE "/vendor/bin/hw/sxrservice": library "vendor.qti.hardware.qxr-V1-ndk_platform.so" not found: needed by main executable
09-16 01:24:50.686 F/linker ( 8065): CANNOT LINK EXECUTABLE "/vendor/bin/hw/qvrservice": library "vendor.qti.hardware.qxr-V1-ndk_platform.so" not found: needed by /vendor/lib64/libqvrservice.so in namespace (default)
01-01 13:48:25.438 I/init ( 0): Service 'sxrd' (pid 8066) exited with status 1
01-01 13:48:25.444 I/init ( 0): Sending signal 9 to service 'sxrd' (pid 8066) process group...
01-01 13:48:25.452 I/libprocessgroup( 0): Successfully killed process cgroup uid 1000 pid 8066 in 0ms
09-16 01:24:50.700 I/hwservicemanager( 516): getTransport: Cannot find entry android.hardware.light@2.0::ILight/default in either framework or device VINTF manifest.
09-16 01:24:50.704 E/light ( 8067): light_open lights keyboard failed: -22
09-16 01:24:50.704 E/light ( 8067): Light passthrough failed to load legacy HAL.
09-16 01:24:50.705 E/light ( 8067): light_open lights buttons failed: -22
09-16 01:24:50.705 E/light ( 8067): Light passthrough failed to load legacy HAL.
09-16 01:24:50.707 E/light ( 8067): light_open lights bluetooth failed: -22
09-16 01:24:50.707 E/light ( 8067): Light passthrough failed to load legacy HAL.
09-16 01:24:50.708 E/light ( 8067): light_open lights wifi failed: -22
09-16 01:24:50.708 E/light ( 8067): Light passthrough failed to load legacy HAL.
09-16 01:24:50.711 I/hwservicemanager( 516): getTransport: Cannot find entry android.hardware.light@2.0::ILight/default in either framework or device VINTF manifest.
09-16 01:24:50.712 E/HidlServiceManagement( 8067): Service android.hardware.light@2.0::ILight/default must be in VINTF manifest in order to register/get.
09-16 01:24:50.712 E/LegacySupport( 8067): Could not register service android.hardware.light@2.0::ILight/default (-2147483648).
01-01 13:48:25.463 I/init ( 0): Service 'qvrd_vndr' (pid 8065) exited with status 1
01-01 13:48:25.470 I/init ( 0): Sending signal 9 to service 'qvrd_vndr' (pid 8065) process group...
09-16 01:24:50.869 I/mpu_uart( 664): [MSG-P:RECV]:No message received in 1000 ms
01-01 13:48:26.001 D/ ( 0): mv2112_read_status
01-01 13:48:26.005 D/mv2112_update_link( 0): 3.0x901(1G): 0x80
01-01 13:48:26.014 D/mv2112_update_link( 0): 3.0x8109(100M): 0x0
01-01 13:48:26.019 D/mv2112_update_link( 0): link 0x0
01-01 13:48:26.025 D/mv2112_read_status( 0): autoneg is disabled
09-16 01:24:51.870 I/mpu_uart( 664): [MSG-P:RECV]:No message received in 1000 ms
09-16 01:24:52.279 I/HttpClient( 2063): onFailed
09-16 01:24:52.280 I/MicroService( 2063): sendConnectStateBroadCast() state0
09-16 01:24:52.284 I/MicroService( 2063): onNettyConnectState0
09-16 01:24:52.284 I/MicroService( 2063): onNettyConnectState count = 0
01-01 13:48:27.058 D/ ( 0): mv2112_read_status
01-01 13:48:27.061 D/mv2112_update_link( 0): 3.0x901(1G): 0x80
01-01 13:48:27.066 D/mv2112_update_link( 0): 3.0x8109(100M): 0x0
01-01 13:48:27.072 D/mv2112_update_link( 0): link 0x0
01-01 13:48:27.076 D/mv2112_read_status( 0): autoneg is disabled
01-01 13:48:27.154 E/i2c_geni 980000.i2c( 0): i2c error :-107
01-01 13:48:27.160 E/ ( 0): [MAX975X:mcu_keep_wakeup_work_func] *ERROR* Failed to write dev:0x15 addr:0x22 value:0x80
01-01 13:48:27.170 E/i2c_geni 980000.i2c( 0): i2c error :-107
01-01 13:48:27.175 E/ ( 0): [MAX975X:mcu_keep_wakeup_work_func] *ERROR* Failed to write dev:0x15 addr:0x20 value:0x09
09-16 01:24:52.688 I/mpu_uart( 664): [MSG-P:R]:recv sync frame timeout
09-16 01:24:52.871 I/mpu_uart( 664): [MSG-P:RECV]:No message received in 1000 ms
09-16 01:24:53.203 I/KEVA.NATIVE( 4752): byte array do not exist
09-16 01:24:53.204 I/KEVA.NATIVE( 4752): byte array do not exist
09-16 01:24:53.278 I/HWebSocketClient( 2063): WEBclient: onFailed
09-16 01:24:53.288 I/HttpContext( 2063): getIResponseJson :com.thundercomm.microservice.MicroServiceProxy@12e89eb
09-16 01:24:53.288 I/ResponseHandler( 2063): ResponseHandler() :com.thundercomm.microservice.MicroServiceProxy@12e89eb
09-16 01:24:53.298 I/ResponseWebSocketHandler( 2063): ResponseWebSocketHandler start
09-16 01:24:53.298 I/HttpContext( 2063): getIResponseJson :com.thundercomm.microservice.MicroServiceProxy@12e89eb
09-16 01:24:53.298 I/ResponseWebSocketHandler( 2063): ResponseWebSocketHandler mResponseJson: com.thundercomm.microservice.MicroServiceProxy@12e89eb
09-16 01:24:53.299 I/System.out( 2063): handler is: com.thundercomm.microservice.netty.client.handler.webSocket.ResponseWebSocketHandler@e90f23f
09-16 01:24:53.311 W/NioEventLoop( 2063): Selector.select() returned prematurely 512 times in a row; rebuilding Selector io.netty.channel.nio.SelectedSelectionKeySetSelector@940870c.
09-16 01:24:53.311 I/NioEventLoop( 2063): Migrated 1 channel(s) to the new Selector.
01-01 13:48:28.081 D/ ( 0): mv2112_read_status
01-01 13:48:28.084 D/mv2112_update_link( 0): 3.0x901(1G): 0x80
01-01 13:48:28.090 D/mv2112_update_link( 0): 3.0x8109(100M): 0x0
01-01 13:48:28.095 D/mv2112_update_link( 0): link 0x0
01-01 13:48:28.099 D/mv2112_read_status( 0): autoneg is disabled
09-16 01:24:53.872 I/mpu_uart( 664): [MSG-P:RECV]:No message received in 1000 ms
01-01 13:48:29.011 E/i2c_geni 980000.i2c( 0): i2c error :-107
01-01 13:48:29.016 E/ ( 0): [MAX975X:mcu_keep_wakeup_work_func] *ERROR* Failed to write dev:0x15 addr:0x22 value:0x80
01-01 13:48:29.028 E/i2c_geni 980000.i2c( 0): i2c error :-107
01-01 13:48:29.033 E/ ( 0): [MAX975X:mcu_keep_wakeup_work_func] *ERROR* Failed to write dev:0x15 addr:0x20 value:0x09
01-01 13:48:29.105 D/ ( 0): mv2112_read_status
01-01 13:48:29.109 D/mv2112_update_link( 0): 3.0x901(1G): 0x80
01-01 13:48:29.114 D/mv2112_update_link( 0): 3.0x8109(100M): 0x0
01-01 13:48:29.119 D/mv2112_update_link( 0): link 0x0
01-01 13:48:29.124 D/mv2112_read_status( 0): autoneg is disabled
09-16 01:24:54.872 I/mpu_uart( 664): [MSG-P:RECV]:No message received in 1000 ms
09-16 01:24:55.353 I/HttpClient( 2063): onFailed
09-16 01:24:55.353 I/MicroService( 2063): sendConnectStateBroadCast() state0
09-16 01:24:55.357 I/MicroService( 2063): onNettyConnectState0
09-16 01:24:55.357 I/MicroService( 2063): onNettyConnectState count = 0
01-01 13:48:30.129 D/ ( 0): mv2112_read_status
01-01 13:48:30.133 D/mv2112_update_link( 0): 3.0x901(1G): 0x80
01-01 13:48:30.138 D/mv2112_update_link( 0): 3.0x8109(100M): 0x0
01-01 13:48:30.143 D/mv2112_update_link( 0): link 0x0
01-01 13:48:30.148 D/mv2112_read_status( 0): autoneg is disabled
01-01 13:48:30.380 I/init ( 0): starting service 'qvrd_vndr'...
01-01 13:48:30.386 I/init ( 0): Created socket '/dev/socket/qvrservice_vndr', mode 660, user 1000, group 1000
01-01 13:48:30.396 I/init ( 0): Created socket '/dev/socket/qvrservice_vndr_camera', mode 660, user 1000, group 1000
01-01 13:48:30.423 I/init ( 0): starting service 'sxrd'...
09-16 01:24:55.691 I/mpu_uart( 664): [MSG-P:R]:recv sync frame timeout
01-01 13:48:30.441 I/init ( 0): starting service 'vendor.light-hal-2-0'...
09-16 01:24:55.721 F/linker ( 8070): CANNOT LINK EXECUTABLE "/vendor/bin/hw/sxrservice": library "vendor.qti.hardware.qxr-V1-ndk_platform.so" not found: needed by main executable
01-01 13:48:30.474 I/init ( 0): Service 'sxrd' (pid 8070) exited with status 1
01-01 13:48:30.480 I/init ( 0): Sending signal 9 to service 'sxrd' (pid 8070) process group...
01-01 13:48:30.488 I/libprocessgroup( 0): Successfully killed process cgroup uid 1000 pid 8070 in 0ms
09-16 01:24:55.729 F/linker ( 8069): CANNOT LINK EXECUTABLE "/vendor/bin/hw/qvrservice": library "vendor.qti.hardware.qxr-V1-ndk_platform.so" not found: needed by /vendor/lib64/libqvrservice.so in namespace (default)
09-16 01:24:55.762 I/hwservicemanager( 516): getTransport: Cannot find entry android.hardware.light@2.0::ILight/default in either framework or device VINTF manifest.
01-01 13:48:30.505 I/init ( 0): Service 'qvrd_vndr' (pid 8069) exited with status 1
01-01 13:48:30.512 I/init ( 0): Sending signal 9 to service 'qvrd_vndr' (pid 8069) process group...
09-16 01:24:55.769 E/light ( 8071): light_open lights keyboard failed: -22
09-16 01:24:55.769 E/light ( 8071): Light passthrough failed to load legacy HAL.
09-16 01:24:55.770 E/light ( 8071): light_open lights buttons failed: -22
09-16 01:24:55.770 E/light ( 8071): Light passthrough failed to load legacy HAL.
09-16 01:24:55.772 E/light ( 8071): light_open lights bluetooth failed: -22
09-16 01:24:55.772 E/light ( 8071): Light passthrough failed to load legacy HAL.
09-16 01:24:55.772 E/light ( 8071): light_open lights wifi failed: -22
09-16 01:24:55.772 E/light ( 8071): Light passthrough failed to load legacy HAL.
09-16 01:24:55.774 I/hwservicemanager( 516): getTransport: Cannot find entry android.hardware.light@2.0::ILight/default in either framework or device VINTF manifest.
09-16 01:24:55.774 E/HidlServiceManagement( 8071): Service android.hardware.light@2.0::ILight/default must be in VINTF manifest in order to register/get.
09-16 01:24:55.774 E/LegacySupport( 8071): Could not register service android.hardware.light@2.0::ILight/default (-2147483648).
09-16 01:24:55.873 I/mpu_uart( 664): [MSG-P:RECV]:No message received in 1000 ms
01-01 13:48:30.867 E/i2c_geni 980000.i2c( 0): i2c error :-107
01-01 13:48:30.872 E/ ( 0): [MAX975X:mcu_keep_wakeup_work_func] *ERROR* Failed to write dev:0x15 addr:0x22 value:0x80
01-01 13:48:30.883 E/i2c_geni 980000.i2c( 0): i2c error :-107
01-01 13:48:30.888 E/ ( 0): [MAX975X:mcu_keep_wakeup_work_func] *ERROR* Failed to write dev:0x15 addr:0x20 value:0x09
09-16 01:24:56.351 I/HWebSocketClient( 2063): WEBclient: onFailed
09-16 01:24:56.359 I/ResponseWebSocketHandler( 2063): ResponseWebSocketHandler start
09-16 01:24:56.360 I/HttpContext( 2063): getIResponseJson :com.thundercomm.microservice.MicroServiceProxy@12e89eb
09-16 01:24:56.360 I/HttpContext( 2063): getIResponseJson :com.thundercomm.microservice.MicroServiceProxy@12e89eb
09-16 01:24:56.360 I/ResponseWebSocketHandler( 2063): ResponseWebSocketHandler mResponseJson: com.thundercomm.microservice.MicroServiceProxy@12e89eb
09-16 01:24:56.360 I/ResponseHandler( 2063): ResponseHandler() :com.thundercomm.microservice.MicroServiceProxy@12e89eb
09-16 01:24:56.362 I/System.out( 2063): handler is: com.thundercomm.microservice.netty.client.handler.webSocket.ResponseWebSocketHandler@2178b36
01-01 13:48:31.153 D/ ( 0): mv2112_read_status
01-01 13:48:31.157 D/mv2112_update_link( 0): 3.0x901(1G): 0x80
01-01 13:48:31.164 D/mv2112_update_link( 0): 3.0x8109(100M): 0x0
01-01 13:48:31.169 D/mv2112_update_link( 0): link 0x0
01-01 13:48:31.174 D/mv2112_read_status( 0): autoneg is disabled
09-16 01:24:56.873 I/mpu_uart( 664): [MSG-P:RECV]:No message received in 1000 ms
09-16 01:24:57.051 I/Periodic( 2689): Executing periodic callback for MINUTE because the period ended
09-16 01:24:57.152 I/OMX-VENC: venc_dev( 1344): stats: avg. fps 0.19, bitrate 517
01-01 13:48:32.177 D/ ( 0): mv2112_read_status
01-01 13:48:32.180 D/mv2112_update_link( 0): 3.0x901(1G): 0x80
01-01 13:48:32.191 D/mv2112_update_link( 0): 3.0x8109(100M): 0x0
01-01 13:48:32.198 D/mv2112_update_link( 0): link 0x0
01-01 13:48:32.203 D/mv2112_read_status( 0): autoneg is disabled
09-16 01:24:57.874 I/mpu_uart( 664): [MSG-P:RECV]:No message received in 1000 ms
09-16 01:24:57.913 W/HWComposer( 1065): Ignoring duplicate VSYNC event from HWC for display 4630946370410392961 (t=2122696300000)
09-16 01:24:57.930 W/HWComposer( 1065): Ignoring duplicate VSYNC event from HWC for display 4630946370410392961 (t=2122713030000)
09-16 01:24:57.947 W/HWComposer( 1065): Ignoring duplicate VSYNC event from HWC for display 4630946370410392961 (t=2122729709000)
09-16 01:24:57.963 W/HWComposer( 1065): Ignoring duplicate VSYNC event from HWC for display 4630946370410392961 (t=2122746406000)
09-16 01:24:57.980 W/HWComposer( 1065): Ignoring duplicate VSYNC event from HWC for display 4630946370410392961 (t=2122763121000)
01-01 13:48:32.722 E/i2c_geni 980000.i2c( 0): i2c error :-107
01-01 13:48:32.727 E/ ( 0): [MAX975X:mcu_keep_wakeup_work_func] *ERROR* Failed to write dev:0x15 addr:0x22 value:0x80
01-01 13:48:32.737 E/i2c_geni 980000.i2c( 0): i2c error :-107
01-01 13:48:32.742 E/ ( 0): [MAX975X:mcu_keep_wakeup_work_func] *ERROR* Failed to write dev:0x15 addr:0x20 value:0x09
09-16 01:24:58.000 W/HWComposer( 1065): Ignoring duplicate VSYNC event from HWC for display 4630946370410392961 (t=2122779820000)
09-16 01:24:58.013 W/HWComposer( 1065): Ignoring duplicate VSYNC event from HWC for display 4630946370410392961 (t=2122796526000)
09-16 01:24:58.032 W/HWComposer( 1065): Ignoring duplicate VSYNC event from HWC for display 4630946370410392961 (t=2122813244000)
09-16 01:24:58.032 W/HWComposer( 1065): Ignoring duplicate VSYNC event from HWC for display 4630946370410392961 (t=2122813244000)
09-16 01:24:58.047 W/HWComposer( 1065): Ignoring duplicate VSYNC event from HWC for display 4630946370410392961 (t=2122829942000)
09-16 01:24:58.063 W/HWComposer( 1065): Ignoring duplicate VSYNC event from HWC for display 4630946370410392961 (t=2122846656000)
09-16 01:24:58.080 W/HWComposer( 1065): Ignoring duplicate VSYNC event from HWC for display 4630946370410392961 (t=2122863345000)
09-16 01:24:58.098 W/HWComposer( 1065): Ignoring duplicate VSYNC event from HWC for display 4630946370410392961 (t=2122880183000)
09-16 01:24:58.158 I/OMX-VENC: venc_dev( 1344): stats: avg. fps 57.63, bitrate 209603
09-16 01:24:58.421 I/HttpClient( 2063): onFailed
09-16 01:24:58.421 I/MicroService( 2063): sendConnectStateBroadCast() state0
09-16 01:24:58.424 I/MicroService( 2063): onNettyConnectState0
09-16 01:24:58.424 I/MicroService( 2063): onNettyConnectState count = 0
01-01 13:48:33.235 D/ ( 0): mv2112_read_status
01-01 13:48:33.238 D/mv2112_update_link( 0): 3.0x901(1G): 0x80
01-01 13:48:33.245 D/mv2112_update_link( 0): 3.0x8109(100M): 0x0
01-01 13:48:33.250 D/mv2112_update_link( 0): link 0x0
01-01 13:48:33.255 D/mv2112_read_status( 0): autoneg is disabled
09-16 01:24:58.692 I/mpu_uart( 664): [MSG-P:R]:recv sync frame timeout
09-16 01:24:58.874 I/mpu_uart( 664): [MSG-P:RECV]:No message received in 1000 ms
09-16 01:24:59.187 I/OMX-VENC: venc_dev( 1344): stats: avg. fps 58.31, bitrate 218819
09-16 01:24:59.422 I/HWebSocketClient( 2063): WEBclient: onFailed
09-16 01:24:59.425 I/ResponseWebSocketHandler( 2063): ResponseWebSocketHandler start
09-16 01:24:59.426 I/HttpContext( 2063): getIResponseJson :com.thundercomm.microservice.MicroServiceProxy@12e89eb
09-16 01:24:59.426 I/ResponseWebSocketHandler( 2063): ResponseWebSocketHandler mResponseJson: com.thundercomm.microservice.MicroServiceProxy@12e89eb
09-16 01:24:59.426 I/HttpContext( 2063): getIResponseJson :com.thundercomm.microservice.MicroServiceProxy@12e89eb
09-16 01:24:59.426 I/ResponseHandler( 2063): ResponseHandler() :com.thundercomm.microservice.MicroServiceProxy@12e89eb
09-16 01:24:59.426 I/System.out( 2063): handler is: com.thundercomm.microservice.netty.client.handler.webSocket.ResponseWebSocketHandler@b63f2d3
09-16 01:24:59.441 W/NioEventLoop( 2063): Selector.select() returned prematurely 512 times in a row; rebuilding Selector io.netty.channel.nio.SelectedSelectionKeySetSelector@fbcde10.
09-16 01:24:59.442 I/NioEventLoop( 2063): Migrated 1 channel(s) to the new Selector.
01-01 13:48:34.289 D/ ( 0): mv2112_read_status
01-01 13:48:34.293 D/mv2112_update_link( 0): 3.0x901(1G): 0x80
01-01 13:48:34.300 D/mv2112_update_link( 0): 3.0x8109(100M): 0x0
01-01 13:48:34.310 D/mv2112_update_link( 0): link 0x0
01-01 13:48:34.315 D/mv2112_read_status( 0): autoneg is disabled
01-01 13:48:34.579 E/i2c_geni 980000.i2c( 0): i2c error :-107
01-01 13:48:34.584 E/ ( 0): [MAX975X:mcu_keep_wakeup_work_func] *ERROR* Failed to write dev:0x15 addr:0x22 value:0x80
01-01 13:48:34.596 E/i2c_geni 980000.i2c( 0): i2c error :-107
01-01 13:48:34.601 E/ ( 0): [MAX975X:mcu_keep_wakeup_work_func] *ERROR* Failed to write dev:0x15 addr:0x20 value:0x09
09-16 01:24:59.874 I/mpu_uart( 664): [MSG-P:RECV]:No message received in 1000 ms
09-16 01:25:00.003 D/KeyguardUpdateMonitor( 1910): received broadcast android.intent.action.TIME_TICK
09-16 01:25:00.004 D/KeyguardUpdateMonitor( 1910): handleTimeUpdate
09-16 01:25:00.007 I/QCC:PeriodicCI( 2324): All-In-One session will start in 6d 08h 52m 14s, 2022-09-22T10:17:14+08:00
09-16 01:25:00.015 D/CompatibilityChangeReporter( 1128): Compat change id reported: 171306433; UID 1000; state: ENABLED
09-16 01:25:00.085 W/HWComposer( 1065): Ignoring duplicate VSYNC event from HWC for display 4630946370410392961 (t=2124868180000)
09-16 01:25:00.102 W/HWComposer( 1065): Ignoring duplicate VSYNC event from HWC for display 4630946370410392961 (t=2124884890000)
09-16 01:25:00.118 W/HWComposer( 1065): Ignoring duplicate VSYNC event from HWC for display 4630946370410392961 (t=2124901628000)
09-16 01:25:00.135 W/HWComposer( 1065): Ignoring duplicate VSYNC event from HWC for display 4630946370410392961 (t=2124918306000)
09-16 01:25:00.152 W/HWComposer( 1065): Ignoring duplicate VSYNC event from HWC for display 4630946370410392961 (t=2124935021000)
09-16 01:25:00.169 W/HWComposer( 1065): Ignoring duplicate VSYNC event from HWC for display 4630946370410392961 (t=2124951708000)
09-16 01:25:00.195 I/OMX-VENC: venc_dev( 1344): stats: avg. fps 55.57, bitrate 202987
01-01 13:48:35.349 D/ ( 0): mv2112_read_status
01-01 13:48:35.354 D/mv2112_update_link( 0): 3.0x901(1G): 0x80
01-01 13:48:35.365 D/mv2112_update_link( 0): 3.0x8109(100M): 0x0
01-01 13:48:35.370 D/mv2112_update_link( 0): link 0x0
01-01 13:48:35.374 D/mv2112_read_status( 0): autoneg is disabled
01-01 13:48:35.421 I/init ( 0): starting service 'qvrd_vndr'...
01-01 13:48:35.427 I/init ( 0): Created socket '/dev/socket/qvrservice_vndr', mode 660, user 1000, group 1000
01-01 13:48:35.436 I/init ( 0): Created socket '/dev/socket/qvrservice_vndr_camera', mode 660, user 1000, group 1000
01-01 13:48:35.456 I/init ( 0): starting service 'sxrd'...
01-01 13:48:35.470 I/init ( 0): starting service 'vendor.light-hal-2-0'...
09-16 01:25:00.739 F/linker ( 8077): CANNOT LINK EXECUTABLE "/vendor/bin/hw/sxrservice": library "vendor.qti.hardware.qxr-V1-ndk_platform.so" not found: needed by main executable
01-01 13:48:35.492 I/init ( 0): Service 'sxrd' (pid 8077) exited with status 1
01-01 13:48:35.498 I/init ( 0): Sending signal 9 to service 'sxrd' (pid 8077) process group...
01-01 13:48:35.506 I/libprocessgroup( 0): Successfully killed process cgroup uid 1000 pid 8077 in 0ms
09-16 01:25:00.743 F/linker ( 8076): CANNOT LINK EXECUTABLE "/vendor/bin/hw/qvrservice": library "vendor.qti.hardware.qxr-V1-ndk_platform.so" not found: needed by /vendor/lib64/libqvrservice.so in namespace (default)
01-01 13:48:35.516 I/init ( 0): Service 'qvrd_vndr' (pid 8076) exited with status 1
01-01 13:48:35.523 I/init ( 0): Sending signal 9 to service 'qvrd_vndr' (pid 8076) process group...
09-16 01:25:00.774 I/hwservicemanager( 516): getTransport: Cannot find entry android.hardware.light@2.0::ILight/default in either framework or device VINTF manifest.
09-16 01:25:00.777 E/light ( 8078): light_open lights keyboard failed: -22
09-16 01:25:00.777 E/light ( 8078): Light passthrough failed to load legacy HAL.
09-16 01:25:00.778 E/light ( 8078): light_open lights buttons failed: -22
09-16 01:25:00.778 E/light ( 8078): Light passthrough failed to load legacy HAL.
09-16 01:25:00.780 E/light ( 8078): light_open lights bluetooth failed: -22
09-16 01:25:00.780 E/light ( 8078): Light passthrough failed to load legacy HAL.
09-16 01:25:00.780 E/light ( 8078): light_open lights wifi failed: -22
09-16 01:25:00.780 E/light ( 8078): Light passthrough failed to load legacy HAL.
09-16 01:25:00.782 I/hwservicemanager( 516): getTransport: Cannot find entry android.hardware.light@2.0::ILight/default in either framework or device VINTF manifest.
09-16 01:25:00.782 E/HidlServiceManagement( 8078): Service android.hardware.light@2.0::ILight/default must be in VINTF manifest in order to register/get.
09-16 01:25:00.782 E/LegacySupport( 8078): Could not register service android.hardware.light@2.0::ILight/default (-2147483648).
09-16 01:25:00.876 I/mpu_uart( 664): [MSG-P:RECV]:No message received in 1000 ms
09-16 01:25:01.198 I/OMX-VENC: venc_dev( 1344): stats: avg. fps 56.80, bitrate 228062
09-16 01:25:01.494 I/HttpClient( 2063): onFailed
09-16 01:25:01.494 I/MicroService( 2063): sendConnectStateBroadCast() state0
09-16 01:25:01.498 I/MicroService( 2063): onNettyConnectState0
09-16 01:25:01.498 I/MicroService( 2063): onNettyConnectState count = 0
01-01 13:48:36.401 D/ ( 0): mv2112_read_status
01-01 13:48:36.404 D/mv2112_update_link( 0): 3.0x901(1G): 0x80
01-01 13:48:36.413 D/mv2112_update_link( 0): 3.0x8109(100M): 0x0
01-01 13:48:36.419 D/mv2112_update_link( 0): link 0x0
01-01 13:48:36.427 D/mv2112_read_status( 0): autoneg is disabled
01-01 13:48:36.434 E/i2c_geni 980000.i2c( 0): i2c error :-107
01-01 13:48:36.439 E/ ( 0): [MAX975X:mcu_keep_wakeup_work_func] *ERROR* Failed to write dev:0x15 addr:0x22 value:0x80
09-16 01:25:01.696 I/mpu_uart( 664): [MSG-P:R]:recv sync frame timeout
01-01 13:48:36.450 E/i2c_geni 980000.i2c( 0): i2c error :-107
01-01 13:48:36.455 E/ ( 0): [MAX975X:mcu_keep_wakeup_work_func] *ERROR* Failed to write dev:0x15 addr:0x20 value:0x09
09-16 01:25:01.878 I/mpu_uart( 664): [MSG-P:RECV]:No message received in 1000 ms
09-16 01:25:02.199 I/OMX-VENC: venc_dev( 1344): stats: avg. fps 51.98, bitrate 185258
09-16 01:25:02.494 I/HWebSocketClient( 2063): WEBclient: onFailed
09-16 01:25:02.500 I/ResponseWebSocketHandler( 2063): ResponseWebSocketHandler start
09-16 01:25:02.500 I/HttpContext( 2063): getIResponseJson :com.thundercomm.microservice.MicroServiceProxy@12e89eb
09-16 01:25:02.501 I/ResponseWebSocketHandler( 2063): ResponseWebSocketHandler mResponseJson: com.thundercomm.microservice.MicroServiceProxy@12e89eb
09-16 01:25:02.502 I/System.out( 2063): handler is: com.thundercomm.microservice.netty.client.handler.webSocket.ResponseWebSocketHandler@60a8a1a
09-16 01:25:02.502 I/HttpContext( 2063): getIResponseJson :com.thundercomm.microservice.MicroServiceProxy@12e89eb
09-16 01:25:02.502 I/ResponseHandler( 2063): ResponseHandler() :com.thundercomm.microservice.MicroServiceProxy@12e89eb
09-16 01:25:02.516 W/NioEventLoop( 2063): Selector.select() returned prematurely 512 times in a row; rebuilding Selector io.netty.channel.nio.SelectedSelectionKeySetSelector@2ace94b.
09-16 01:25:02.517 I/NioEventLoop( 2063): Migrated 1 channel(s) to the new Selector.
01-01 13:48:37.461 D/ ( 0): mv2112_read_status
01-01 13:48:37.465 D/mv2112_update_link( 0): 3.0x901(1G): 0x80
01-01 13:48:37.472 D/mv2112_update_link( 0): 3.0x8109(100M): 0x0
01-01 13:48:37.478 D/mv2112_update_link( 0): link 0x0
01-01 13:48:37.484 D/mv2112_read_status( 0): autoneg is disabled
09-16 01:25:02.878 I/mpu_uart( 664): [MSG-P:RECV]:No message received in 1000 ms
09-16 01:25:03.263 I/OMX-VENC: venc_dev( 1344): stats: avg. fps 46.97, bitrate 147168
01-01 13:48:38.292 E/i2c_geni 980000.i2c( 0): i2c error :-107
01-01 13:48:38.297 E/ ( 0): [MAX975X:mcu_keep_wakeup_work_func] *ERROR* Failed to write dev:0x15 addr:0x22 value:0x80
01-01 13:48:38.308 E/i2c_geni 980000.i2c( 0): i2c error :-107
01-01 13:48:38.315 E/ ( 0): [MAX975X:mcu_keep_wakeup_work_func] *ERROR* Failed to write dev:0x15 addr:0x20 value:0x09
01-01 13:48:38.513 D/ ( 0): mv2112_read_status
01-01 13:48:38.516 D/mv2112_update_link( 0): 3.0x901(1G): 0x80
01-01 13:48:38.524 D/mv2112_update_link( 0): 3.0x8109(100M): 0x0
01-01 13:48:38.530 D/mv2112_update_link( 0): link 0x0
01-01 13:48:38.534 D/mv2112_read_status( 0): autoneg is disabled
09-16 01:25:03.879 I/mpu_uart( 664): [MSG-P:RECV]:No message received in 1000 ms
09-16 01:25:04.567 I/HttpClient( 2063): onFailed
09-16 01:25:04.568 I/MicroService( 2063): sendConnectStateBroadCast() state0
09-16 01:25:04.571 I/MicroService( 2063): onNettyConnectState0
09-16 01:25:04.571 I/MicroService( 2063): onNettyConnectState count = 0
09-16 01:25:04.700 I/mpu_uart( 664): [MSG-P:R]:recv sync frame timeout
01-01 13:48:39.537 D/ ( 0): mv2112_read_status
01-01 13:48:39.541 D/mv2112_update_link( 0): 3.0x901(1G): 0x80
01-01 13:48:39.546 D/mv2112_update_link( 0): 3.0x8109(100M): 0x0
01-01 13:48:39.552 D/mv2112_update_link( 0): link 0x0
01-01 13:48:39.556 D/mv2112_read_status( 0): autoneg is disabled
09-16 01:25:04.880 I/mpu_uart( 664): [MSG-P:RECV]:No message received in 1000 ms
01-01 13:48:40.147 E/i2c_geni 980000.i2c( 0): i2c error :-107
01-01 13:48:40.152 E/ ( 0): [MAX975X:mcu_keep_wakeup_work_func] *ERROR* Failed to write dev:0x15 addr:0x22 value:0x80
01-01 13:48:40.163 E/i2c_geni 980000.i2c( 0): i2c error :-107
01-01 13:48:40.168 E/ ( 0): [MAX975X:mcu_keep_wakeup_work_func] *ERROR* Failed to write dev:0x15 addr:0x20 value:0x09
09-16 01:25:05.567 I/HWebSocketClient( 2063): WEBclient: onFailed
09-16 01:25:05.573 I/ResponseWebSocketHandler( 2063): ResponseWebSocketHandler start
09-16 01:25:05.574 I/HttpContext( 2063): getIResponseJson :com.thundercomm.microservice.MicroServiceProxy@12e89eb
09-16 01:25:05.574 I/ResponseWebSocketHandler( 2063): ResponseWebSocketHandler mResponseJson: com.thundercomm.microservice.MicroServiceProxy@12e89eb
09-16 01:25:05.575 I/HttpContext( 2063): getIResponseJson :com.thundercomm.microservice.MicroServiceProxy@12e89eb
09-16 01:25:05.576 I/ResponseHandler( 2063): ResponseHandler() :com.thundercomm.microservice.MicroServiceProxy@12e89eb
09-16 01:25:05.576 I/System.out( 2063): handler is: com.thundercomm.microservice.netty.client.handler.webSocket.ResponseWebSocketHandler@d0a837d
01-01 13:48:40.459 I/init ( 0): starting service 'qvrd_vndr'...
01-01 13:48:40.465 I/init ( 0): Created socket '/dev/socket/qvrservice_vndr', mode 660, user 1000, group 1000
01-01 13:48:40.476 I/init ( 0): Created socket '/dev/socket/qvrservice_vndr_camera', mode 660, user 1000, group 1000
01-01 13:48:40.502 I/init ( 0): starting service 'sxrd'...
01-01 13:48:40.520 I/init ( 0): starting service 'vendor.light-hal-2-0'...
09-16 01:25:05.801 F/linker ( 8082): CANNOT LINK EXECUTABLE "/vendor/bin/hw/sxrservice": library "vendor.qti.hardware.qxr-V1-ndk_platform.so" not found: needed by main executable
09-16 01:25:05.803 F/linker ( 8081): CANNOT LINK EXECUTABLE "/vendor/bin/hw/qvrservice": library "vendor.qti.hardware.qxr-V1-ndk_platform.so" not found: needed by /vendor/lib64/libqvrservice.so in namespace (default)
01-01 13:48:40.555 I/init ( 0): Service 'sxrd' (pid 8082) exited with status 1
01-01 13:48:40.561 I/init ( 0): Sending signal 9 to service 'sxrd' (pid 8082) process group...
01-01 13:48:40.565 D/ ( 0): mv2112_read_status
01-01 13:48:40.569 I/libprocessgroup( 0): Successfully killed process cgroup uid 1000 pid 8082 in 0ms
01-01 13:48:40.574 D/mv2112_update_link( 0): 3.0x901(1G): 0x80
09-16 01:25:05.836 I/hwservicemanager( 516): getTransport: Cannot find entry android.hardware.light@2.0::ILight/default in either framework or device VINTF manifest.
01-01 13:48:40.582 I/init ( 0): Service 'qvrd_vndr' (pid 8081) exited with status 1
01-01 13:48:40.587 D/mv2112_update_link( 0): 3.0x8109(100M): 0x0
09-16 01:25:05.840 E/light ( 8083): light_open lights keyboard failed: -22
09-16 01:25:05.840 E/light ( 8083): Light passthrough failed to load legacy HAL.
09-16 01:25:05.840 E/light ( 8083): light_open lights buttons failed: -22
09-16 01:25:05.840 E/light ( 8083): Light passthrough failed to load legacy HAL.
09-16 01:25:05.842 E/light ( 8083): light_open lights bluetooth failed: -22
09-16 01:25:05.842 E/light ( 8083): Light passthrough failed to load legacy HAL.
09-16 01:25:05.842 E/light ( 8083): light_open lights wifi failed: -22
09-16 01:25:05.842 E/light ( 8083): Light passthrough failed to load legacy HAL.
09-16 01:25:05.845 I/hwservicemanager( 516): getTransport: Cannot find entry android.hardware.light@2.0::ILight/default in either framework or device VINTF manifest.
09-16 01:25:05.846 E/HidlServiceManagement( 8083): Service android.hardware.light@2.0::ILight/default must be in VINTF manifest in order to register/get.
09-16 01:25:05.846 E/LegacySupport( 8083): Could not register service android.hardware.light@2.0::ILight/default (-2147483648).
01-01 13:48:40.595 I/init ( 0): Sending signal 9 to service 'qvrd_vndr' (pid 8081) process group...
01-01 13:48:40.597 D/mv2112_update_link( 0): link 0x0
01-01 13:48:40.609 D/mv2112_read_status( 0): autoneg is disabled
09-16 01:25:05.880 I/mpu_uart( 664): [MSG-P:RECV]:No message received in 1000 ms
