01-01 13:42:57.725 I/init ( 0): starting service 'vendor.light-hal-2-0'...
09-16 01:19:23.001 F/linker ( 7739): CANNOT LINK EXECUTABLE "/vendor/bin/hw/sxrservice": library "vendor.qti.hardware.qxr-V1-ndk_platform.so" not found: needed by main executable
09-16 01:19:23.003 F/linker ( 7738): CANNOT LINK EXECUTABLE "/vendor/bin/hw/qvrservice": library "vendor.qti.hardware.qxr-V1-ndk_platform.so" not found: needed by /vendor/lib64/libqvrservice.so in namespace (default)
01-01 13:42:57.755 I/init ( 0): Service 'sxrd' (pid 7739) exited with status 1
01-01 13:42:57.761 I/init ( 0): Sending signal 9 to service 'sxrd' (pid 7739) process group...
01-01 13:42:57.769 I/libprocessgroup( 0): Successfully killed process cgroup uid 1000 pid 7739 in 0ms
01-01 13:42:57.779 I/init ( 0): Service 'qvrd_vndr' (pid 7738) exited with status 1
01-01 13:42:57.785 I/init ( 0): Sending signal 9 to service 'qvrd_vndr' (pid 7738) process group...
09-16 01:19:23.048 I/hwservicemanager( 516): getTransport: Cannot find entry android.hardware.light@2.0::ILight/default in either framework or device VINTF manifest.
09-16 01:19:23.052 E/light ( 7740): light_open lights keyboard failed: -22
09-16 01:19:23.052 E/light ( 7740): Light passthrough failed to load legacy HAL.
09-16 01:19:23.052 E/light ( 7740): light_open lights buttons failed: -22
09-16 01:19:23.052 E/light ( 7740): Light passthrough failed to load legacy HAL.
09-16 01:19:23.054 E/light ( 7740): light_open lights bluetooth failed: -22
09-16 01:19:23.054 E/light ( 7740): Light passthrough failed to load legacy HAL.
09-16 01:19:23.055 E/light ( 7740): light_open lights wifi failed: -22
09-16 01:19:23.055 E/light ( 7740): Light passthrough failed to load legacy HAL.
09-16 01:19:23.055 I/hwservicemanager( 516): getTransport: Cannot find entry android.hardware.light@2.0::ILight/default in either framework or device VINTF manifest.
09-16 01:19:23.056 E/HidlServiceManagement( 7740): Service android.hardware.light@2.0::ILight/default must be in VINTF manifest in order to register/get.
09-16 01:19:23.056 E/LegacySupport( 7740): Could not register service android.hardware.light@2.0::ILight/default (-2147483648).
01-01 13:42:58.033 D/ ( 0): mv2112_read_status
01-01 13:42:58.037 D/mv2112_update_link( 0): 3.0x901(1G): 0x80
01-01 13:42:58.043 D/mv2112_update_link( 0): 3.0x8109(100M): 0x0
01-01 13:42:58.048 D/mv2112_update_link( 0): link 0x0
01-01 13:42:58.053 D/mv2112_read_status( 0): autoneg is disabled
09-16 01:19:23.574 I/HttpClient( 2063): onFailed
09-16 01:19:23.574 I/MicroService( 2063): sendConnectStateBroadCast() state0
09-16 01:19:23.577 I/MicroService( 2063): onNettyConnectState0
09-16 01:19:23.578 I/MicroService( 2063): onNettyConnectState count = 0
09-16 01:19:23.624 I/mpu_uart( 664): [MSG-P:RECV]:No message received in 1000 ms
01-01 13:42:58.644 E/i2c_geni 980000.i2c( 0): i2c error :-107
01-01 13:42:58.649 E/ ( 0): [MAX975X:mcu_keep_wakeup_work_func] *ERROR* Failed to write dev:0x15 addr:0x22 value:0x80
01-01 13:42:58.660 E/i2c_geni 980000.i2c( 0): i2c error :-107
01-01 13:42:58.665 E/ ( 0): [MAX975X:mcu_keep_wakeup_work_func] *ERROR* Failed to write dev:0x15 addr:0x20 value:0x09
01-01 13:42:59.057 D/ ( 0): mv2112_read_status
01-01 13:42:59.061 D/mv2112_update_link( 0): 3.0x901(1G): 0x80
01-01 13:42:59.066 D/mv2112_update_link( 0): 3.0x8109(100M): 0x0
01-01 13:42:59.072 D/mv2112_update_link( 0): link 0x0
01-01 13:42:59.077 D/mv2112_read_status( 0): autoneg is disabled
09-16 01:19:24.574 I/HWebSocketClient( 2063): WEBclient: onFailed
09-16 01:19:24.582 I/HttpContext( 2063): getIResponseJson :com.thundercomm.microservice.MicroServiceProxy@12e89eb
09-16 01:19:24.583 I/ResponseWebSocketHandler( 2063): ResponseWebSocketHandler start
09-16 01:19:24.583 I/ResponseHandler( 2063): ResponseHandler() :com.thundercomm.microservice.MicroServiceProxy@12e89eb
09-16 01:19:24.583 I/HttpContext( 2063): getIResponseJson :com.thundercomm.microservice.MicroServiceProxy@12e89eb
09-16 01:19:24.583 I/ResponseWebSocketHandler( 2063): ResponseWebSocketHandler mResponseJson: com.thundercomm.microservice.MicroServiceProxy@12e89eb
09-16 01:19:24.585 I/System.out( 2063): handler is: com.thundercomm.microservice.netty.client.handler.webSocket.ResponseWebSocketHandler@d79d3c4
09-16 01:19:24.624 I/mpu_uart( 664): [MSG-P:RECV]:No message received in 1000 ms
09-16 01:19:25.304 I/mpu_uart( 664): [MSG-P:R]:recv sync frame timeout
01-01 13:43:00.081 D/ ( 0): mv2112_read_status
01-01 13:43:00.084 D/mv2112_update_link( 0): 3.0x901(1G): 0x80
01-01 13:43:00.090 D/mv2112_update_link( 0): 3.0x8109(100M): 0x0
01-01 13:43:00.095 D/mv2112_update_link( 0): link 0x0
01-01 13:43:00.099 D/mv2112_read_status( 0): autoneg is disabled
09-16 01:19:25.625 I/mpu_uart( 664): [MSG-P:RECV]:No message received in 1000 ms
01-01 13:43:00.499 E/i2c_geni 980000.i2c( 0): i2c error :-107
01-01 13:43:00.504 E/ ( 0): [MAX975X:mcu_keep_wakeup_work_func] *ERROR* Failed to write dev:0x15 addr:0x22 value:0x80
01-01 13:43:00.515 E/i2c_geni 980000.i2c( 0): i2c error :-107
01-01 13:43:00.522 E/ ( 0): [MAX975X:mcu_keep_wakeup_work_func] *ERROR* Failed to write dev:0x15 addr:0x20 value:0x09
09-16 01:19:25.907 W/.ugc.aweme:pus( 5184): Reducing the number of considered missed Gc histogram windows from 108 to 100
01-01 13:43:01.105 D/ ( 0): mv2112_read_status
01-01 13:43:01.109 D/mv2112_update_link( 0): 3.0x901(1G): 0x80
01-01 13:43:01.114 D/mv2112_update_link( 0): 3.0x8109(100M): 0x0
01-01 13:43:01.120 D/mv2112_update_link( 0): link 0x0
01-01 13:43:01.124 D/mv2112_read_status( 0): autoneg is disabled
09-16 01:19:26.625 I/mpu_uart( 664): [MSG-P:RECV]:No message received in 1000 ms
09-16 01:19:26.647 I/HttpClient( 2063): onFailed
09-16 01:19:26.647 I/MicroService( 2063): sendConnectStateBroadCast() state0
09-16 01:19:26.651 I/MicroService( 2063): onNettyConnectState0
09-16 01:19:26.652 I/MicroService( 2063): onNettyConnectState count = 0
01-01 13:43:02.130 D/ ( 0): mv2112_read_status
01-01 13:43:02.133 D/mv2112_update_link( 0): 3.0x901(1G): 0x80
01-01 13:43:02.139 D/mv2112_update_link( 0): 3.0x8109(100M): 0x0
01-01 13:43:02.144 D/mv2112_update_link( 0): link 0x0
01-01 13:43:02.148 D/mv2112_read_status( 0): autoneg is disabled
01-01 13:43:02.355 E/i2c_geni 980000.i2c( 0): i2c error :-107
01-01 13:43:02.360 E/ ( 0): [MAX975X:mcu_keep_wakeup_work_func] *ERROR* Failed to write dev:0x15 addr:0x22 value:0x80
01-01 13:43:02.371 E/i2c_geni 980000.i2c( 0): i2c error :-107
01-01 13:43:02.376 E/ ( 0): [MAX975X:mcu_keep_wakeup_work_func] *ERROR* Failed to write dev:0x15 addr:0x20 value:0x09
09-16 01:19:27.626 I/mpu_uart( 664): [MSG-P:RECV]:No message received in 1000 ms
09-16 01:19:27.646 I/HWebSocketClient( 2063): WEBclient: onFailed
09-16 01:19:27.652 I/ResponseWebSocketHandler( 2063): ResponseWebSocketHandler start
09-16 01:19:27.652 I/HttpContext( 2063): getIResponseJson :com.thundercomm.microservice.MicroServiceProxy@12e89eb
09-16 01:19:27.652 I/ResponseWebSocketHandler( 2063): ResponseWebSocketHandler mResponseJson: com.thundercomm.microservice.MicroServiceProxy@12e89eb
09-16 01:19:27.653 I/System.out( 2063): handler is: com.thundercomm.microservice.netty.client.handler.webSocket.ResponseWebSocketHandler@c5ed173
09-16 01:19:27.654 I/HttpContext( 2063): getIResponseJson :com.thundercomm.microservice.MicroServiceProxy@12e89eb
09-16 01:19:27.654 I/ResponseHandler( 2063): ResponseHandler() :com.thundercomm.microservice.MicroServiceProxy@12e89eb
01-01 13:43:02.709 I/init ( 0): starting service 'qvrd_vndr'...
01-01 13:43:02.715 I/init ( 0): Created socket '/dev/socket/qvrservice_vndr', mode 660, user 1000, group 1000
01-01 13:43:02.726 I/init ( 0): Created socket '/dev/socket/qvrservice_vndr_camera', mode 660, user 1000, group 1000
01-01 13:43:02.751 I/init ( 0): starting service 'sxrd'...
01-01 13:43:02.769 I/init ( 0): starting service 'vendor.light-hal-2-0'...
09-16 01:19:28.042 F/linker ( 7745): CANNOT LINK EXECUTABLE "/vendor/bin/hw/sxrservice": library "vendor.qti.hardware.qxr-V1-ndk_platform.so" not found: needed by main executable
09-16 01:19:28.049 F/linker ( 7744): CANNOT LINK EXECUTABLE "/vendor/bin/hw/qvrservice": library "vendor.qti.hardware.qxr-V1-ndk_platform.so" not found: needed by /vendor/lib64/libqvrservice.so in namespace (default)
01-01 13:43:02.795 I/init ( 0): Service 'sxrd' (pid 7745) exited with status 1
01-01 13:43:02.801 I/init ( 0): Sending signal 9 to service 'sxrd' (pid 7745) process group...
01-01 13:43:02.809 I/libprocessgroup( 0): Successfully killed process cgroup uid 1000 pid 7745 in 0ms
01-01 13:43:02.819 I/init ( 0): Service 'qvrd_vndr' (pid 7744) exited with status 1
01-01 13:43:02.826 I/init ( 0): Sending signal 9 to service 'qvrd_vndr' (pid 7744) process group...
09-16 01:19:28.090 I/hwservicemanager( 516): getTransport: Cannot find entry android.hardware.light@2.0::ILight/default in either framework or device VINTF manifest.
09-16 01:19:28.093 E/light ( 7746): light_open lights keyboard failed: -22
09-16 01:19:28.093 E/light ( 7746): Light passthrough failed to load legacy HAL.
09-16 01:19:28.093 E/light ( 7746): light_open lights buttons failed: -22
09-16 01:19:28.093 E/light ( 7746): Light passthrough failed to load legacy HAL.
09-16 01:19:28.095 E/light ( 7746): light_open lights bluetooth failed: -22
09-16 01:19:28.095 E/light ( 7746): Light passthrough failed to load legacy HAL.
09-16 01:19:28.095 E/light ( 7746): light_open lights wifi failed: -22
09-16 01:19:28.096 E/light ( 7746): Light passthrough failed to load legacy HAL.
09-16 01:19:28.097 I/hwservicemanager( 516): getTransport: Cannot find entry android.hardware.light@2.0::ILight/default in either framework or device VINTF manifest.
09-16 01:19:28.097 E/HidlServiceManagement( 7746): Service android.hardware.light@2.0::ILight/default must be in VINTF manifest in order to register/get.
09-16 01:19:28.097 E/LegacySupport( 7746): Could not register service android.hardware.light@2.0::ILight/default (-2147483648).
09-16 01:19:28.308 I/mpu_uart( 664): [MSG-P:R]:recv sync frame timeout
01-01 13:43:03.153 D/ ( 0): mv2112_read_status
01-01 13:43:03.157 D/mv2112_update_link( 0): 3.0x901(1G): 0x80
01-01 13:43:03.162 D/mv2112_update_link( 0): 3.0x8109(100M): 0x0
01-01 13:43:03.169 D/mv2112_update_link( 0): link 0x0
01-01 13:43:03.174 D/mv2112_read_status( 0): autoneg is disabled
09-16 01:19:28.626 I/mpu_uart( 664): [MSG-P:RECV]:No message received in 1000 ms
01-01 13:43:04.177 D/ ( 0): mv2112_read_status
01-01 13:43:04.181 D/mv2112_update_link( 0): 3.0x901(1G): 0x80
01-01 13:43:04.186 D/mv2112_update_link( 0): 3.0x8109(100M): 0x0
01-01 13:43:04.192 D/mv2112_update_link( 0): link 0x0
01-01 13:43:04.196 D/mv2112_read_status( 0): autoneg is disabled
01-01 13:43:04.211 E/i2c_geni 980000.i2c( 0): i2c error :-107
01-01 13:43:04.216 E/ ( 0): [MAX975X:mcu_keep_wakeup_work_func] *ERROR* Failed to write dev:0x15 addr:0x22 value:0x80
01-01 13:43:04.228 E/i2c_geni 980000.i2c( 0): i2c error :-107
01-01 13:43:04.233 E/ ( 0): [MAX975X:mcu_keep_wakeup_work_func] *ERROR* Failed to write dev:0x15 addr:0x20 value:0x09
09-16 01:19:29.627 I/mpu_uart( 664): [MSG-P:RECV]:No message received in 1000 ms
09-16 01:19:29.718 I/HttpClient( 2063): onFailed
09-16 01:19:29.719 I/MicroService( 2063): sendConnectStateBroadCast() state0
09-16 01:19:29.723 I/MicroService( 2063): onNettyConnectState0
09-16 01:19:29.723 I/MicroService( 2063): onNettyConnectState count = 0
01-01 13:43:05.201 D/ ( 0): mv2112_read_status
01-01 13:43:05.205 D/mv2112_update_link( 0): 3.0x901(1G): 0x80
01-01 13:43:05.215 D/mv2112_update_link( 0): 3.0x8109(100M): 0x0
01-01 13:43:05.220 D/mv2112_update_link( 0): link 0x0
01-01 13:43:05.224 D/mv2112_read_status( 0): autoneg is disabled
09-16 01:19:30.627 I/mpu_uart( 664): [MSG-P:RECV]:No message received in 1000 ms
09-16 01:19:30.719 I/HWebSocketClient( 2063): WEBclient: onFailed
09-16 01:19:30.725 I/ResponseWebSocketHandler( 2063): ResponseWebSocketHandler start
09-16 01:19:30.725 I/HttpContext( 2063): getIResponseJson :com.thundercomm.microservice.MicroServiceProxy@12e89eb
09-16 01:19:30.725 I/ResponseWebSocketHandler( 2063): ResponseWebSocketHandler mResponseJson: com.thundercomm.microservice.MicroServiceProxy@12e89eb
09-16 01:19:30.727 I/System.out( 2063): handler is: com.thundercomm.microservice.netty.client.handler.webSocket.ResponseWebSocketHandler@83ec33a
09-16 01:19:30.727 I/HttpContext( 2063): getIResponseJson :com.thundercomm.microservice.MicroServiceProxy@12e89eb
09-16 01:19:30.727 I/ResponseHandler( 2063): ResponseHandler() :com.thundercomm.microservice.MicroServiceProxy@12e89eb
09-16 01:19:30.751 W/NioEventLoop( 2063): Selector.select() returned prematurely 512 times in a row; rebuilding Selector io.netty.channel.nio.SelectedSelectionKeySetSelector@b10fbeb.
09-16 01:19:30.752 I/NioEventLoop( 2063): Migrated 1 channel(s) to the new Selector.
09-16 01:19:31.311 I/mpu_uart( 664): [MSG-P:R]:recv sync frame timeout
01-01 13:43:06.068 E/i2c_geni 980000.i2c( 0): i2c error :-107
01-01 13:43:06.073 E/ ( 0): [MAX975X:mcu_keep_wakeup_work_func] *ERROR* Failed to write dev:0x15 addr:0x22 value:0x80
01-01 13:43:06.084 E/i2c_geni 980000.i2c( 0): i2c error :-107
01-01 13:43:06.088 E/ ( 0): [MAX975X:mcu_keep_wakeup_work_func] *ERROR* Failed to write dev:0x15 addr:0x20 value:0x09
01-01 13:43:06.257 D/ ( 0): mv2112_read_status
01-01 13:43:06.260 D/mv2112_update_link( 0): 3.0x901(1G): 0x80
01-01 13:43:06.267 D/mv2112_update_link( 0): 3.0x8109(100M): 0x0
01-01 13:43:06.273 D/mv2112_update_link( 0): link 0x0
01-01 13:43:06.277 D/mv2112_read_status( 0): autoneg is disabled
09-16 01:19:31.628 I/mpu_uart( 664): [MSG-P:RECV]:No message received in 1000 ms
01-01 13:43:07.281 D/ ( 0): mv2112_read_status
01-01 13:43:07.285 D/mv2112_update_link( 0): 3.0x901(1G): 0x80
01-01 13:43:07.291 D/mv2112_update_link( 0): 3.0x8109(100M): 0x0
01-01 13:43:07.296 D/mv2112_update_link( 0): link 0x0
01-01 13:43:07.302 D/mv2112_read_status( 0): autoneg is disabled
09-16 01:19:32.629 I/mpu_uart( 664): [MSG-P:RECV]:No message received in 1000 ms
09-16 01:19:32.791 I/HttpClient( 2063): onFailed
09-16 01:19:32.792 I/MicroService( 2063): sendConnectStateBroadCast() state0
09-16 01:19:32.796 I/MicroService( 2063): onNettyConnectState0
09-16 01:19:32.796 I/MicroService( 2063): onNettyConnectState count = 0
01-01 13:43:07.751 I/init ( 0): starting service 'qvrd_vndr'...
01-01 13:43:07.758 I/init ( 0): Created socket '/dev/socket/qvrservice_vndr', mode 660, user 1000, group 1000
01-01 13:43:07.767 I/init ( 0): Created socket '/dev/socket/qvrservice_vndr_camera', mode 660, user 1000, group 1000
01-01 13:43:07.793 I/init ( 0): starting service 'sxrd'...
01-01 13:43:07.810 I/init ( 0): starting service 'vendor.light-hal-2-0'...
09-16 01:19:33.084 F/linker ( 7748): CANNOT LINK EXECUTABLE "/vendor/bin/hw/qvrservice": library "vendor.qti.hardware.qxr-V1-ndk_platform.so" not found: needed by /vendor/lib64/libqvrservice.so in namespace (default)
09-16 01:19:33.084 F/linker ( 7749): CANNOT LINK EXECUTABLE "/vendor/bin/hw/sxrservice": library "vendor.qti.hardware.qxr-V1-ndk_platform.so" not found: needed by main executable
01-01 13:43:07.837 I/init ( 0): Service 'qvrd_vndr' (pid 7748) exited with status 1
01-01 13:43:07.844 I/init ( 0): Sending signal 9 to service 'qvrd_vndr' (pid 7748) process group...
01-01 13:43:07.852 I/libprocessgroup( 0): Successfully killed process cgroup uid 1000 pid 7748 in 0ms
01-01 13:43:07.862 I/init ( 0): Service 'sxrd' (pid 7749) exited with status 1
01-01 13:43:07.869 I/init ( 0): Sending signal 9 to service 'sxrd' (pid 7749) process group...
09-16 01:19:33.131 I/hwservicemanager( 516): getTransport: Cannot find entry android.hardware.light@2.0::ILight/default in either framework or device VINTF manifest.
09-16 01:19:33.135 E/light ( 7750): light_open lights keyboard failed: -22
09-16 01:19:33.135 E/light ( 7750): Light passthrough failed to load legacy HAL.
09-16 01:19:33.135 E/light ( 7750): light_open lights buttons failed: -22
09-16 01:19:33.135 E/light ( 7750): Light passthrough failed to load legacy HAL.
09-16 01:19:33.138 E/light ( 7750): light_open lights bluetooth failed: -22
09-16 01:19:33.138 E/light ( 7750): Light passthrough failed to load legacy HAL.
09-16 01:19:33.138 E/light ( 7750): light_open lights wifi failed: -22
09-16 01:19:33.138 E/light ( 7750): Light passthrough failed to load legacy HAL.
09-16 01:19:33.139 I/hwservicemanager( 516): getTransport: Cannot find entry android.hardware.light@2.0::ILight/default in either framework or device VINTF manifest.
09-16 01:19:33.139 E/HidlServiceManagement( 7750): Service android.hardware.light@2.0::ILight/default must be in VINTF manifest in order to register/get.
09-16 01:19:33.139 E/LegacySupport( 7750): Could not register service android.hardware.light@2.0::ILight/default (-2147483648).
01-01 13:43:07.922 E/i2c_geni 980000.i2c( 0): i2c error :-107
01-01 13:43:07.927 E/ ( 0): [MAX975X:mcu_keep_wakeup_work_func] *ERROR* Failed to write dev:0x15 addr:0x22 value:0x80
01-01 13:43:07.938 E/i2c_geni 980000.i2c( 0): i2c error :-107
01-01 13:43:07.943 E/ ( 0): [MAX975X:mcu_keep_wakeup_work_func] *ERROR* Failed to write dev:0x15 addr:0x20 value:0x09
01-01 13:43:08.305 D/ ( 0): mv2112_read_status
01-01 13:43:08.309 D/mv2112_update_link( 0): 3.0x901(1G): 0x80
01-01 13:43:08.315 D/mv2112_update_link( 0): 3.0x8109(100M): 0x0
01-01 13:43:08.320 D/mv2112_update_link( 0): link 0x0
01-01 13:43:08.325 D/mv2112_read_status( 0): autoneg is disabled
09-16 01:19:33.629 I/mpu_uart( 664): [MSG-P:RECV]:No message received in 1000 ms
09-16 01:19:33.790 I/HWebSocketClient( 2063): WEBclient: onFailed
09-16 01:19:33.799 I/ResponseWebSocketHandler( 2063): ResponseWebSocketHandler start
09-16 01:19:33.799 I/HttpContext( 2063): getIResponseJson :com.thundercomm.microservice.MicroServiceProxy@12e89eb
09-16 01:19:33.799 I/HttpContext( 2063): getIResponseJson :com.thundercomm.microservice.MicroServiceProxy@12e89eb
09-16 01:19:33.799 I/ResponseHandler( 2063): ResponseHandler() :com.thundercomm.microservice.MicroServiceProxy@12e89eb
09-16 01:19:33.800 I/ResponseWebSocketHandler( 2063): ResponseWebSocketHandler mResponseJson: com.thundercomm.microservice.MicroServiceProxy@12e89eb
09-16 01:19:33.801 I/System.out( 2063): handler is: com.thundercomm.microservice.netty.client.handler.webSocket.ResponseWebSocketHandler@a35011d
09-16 01:19:34.315 I/mpu_uart( 664): [MSG-P:R]:recv sync frame timeout
01-01 13:43:09.329 D/ ( 0): mv2112_read_status
01-01 13:43:09.333 D/mv2112_update_link( 0): 3.0x901(1G): 0x80
01-01 13:43:09.338 D/mv2112_update_link( 0): 3.0x8109(100M): 0x0
01-01 13:43:09.345 D/mv2112_update_link( 0): link 0x0
01-01 13:43:09.349 D/mv2112_read_status( 0): autoneg is disabled
09-16 01:19:34.622 I/am_pss ( 1128): [3510,1000,com.qti.diagservices,7098368,4046848,0,95133696,0,10,14]
09-16 01:19:34.630 I/mpu_uart( 664): [MSG-P:RECV]:No message received in 1000 ms
01-01 13:43:09.780 E/i2c_geni 980000.i2c( 0): i2c error :-107
01-01 13:43:09.785 E/ ( 0): [MAX975X:mcu_keep_wakeup_work_func] *ERROR* Failed to write dev:0x15 addr:0x22 value:0x80
01-01 13:43:09.798 E/i2c_geni 980000.i2c( 0): i2c error :-107
01-01 13:43:09.804 E/ ( 0): [MAX975X:mcu_keep_wakeup_work_func] *ERROR* Failed to write dev:0x15 addr:0x20 value:0x09
09-16 01:19:35.291 W/BatteryExternalStatsWorker( 1128): error reading modem stats:ERROR_PHONE_NOT_AVAILABLE
09-16 01:19:35.295 D/vendor.qti.bluetooth@1.0-ibs_handler( 838): SerialClockVote: vote for UART CLK ON
09-16 01:19:35.297 D/vendor.qti.bluetooth@1.0-wake_lock( 838): Acquire wakelock is acquired
09-16 01:19:35.297 I/vendor.qti.bluetooth@1.0-ibs_handler( 838): DeviceWakeUp: Writing IBS_WAKE_IND
09-16 01:19:35.303 I/vendor.qti.bluetooth@1.0-ibs_handler( 838): ProcessIbsCmd: Received IBS_WAKE_ACK: 0xFC
09-16 01:19:35.303 I/vendor.qti.bluetooth@1.0-ibs_handler( 838): ProcessIbsCmd: Signal wack_cond_
09-16 01:19:35.304 D/vendor.qti.bluetooth@1.0-ibs_handler( 838): DeviceWakeUp: Unblocked from waiting for FC, pthread_cond_timedwait ret = 0
09-16 01:19:35.305 I/vendor.qti.bluetooth@1.0-ibs_handler( 838): ProcessIbsCmd: Received IBS_WAKE_IND: 0xFD
09-16 01:19:35.305 I/vendor.qti.bluetooth@1.0-ibs_handler( 838): ProcessIbsCmd: Writing IBS_WAKE_ACK
09-16 01:19:35.364 E/KernelCpuSpeedReader( 1128): Failed to read cpu-freq: /sys/devices/system/cpu/cpu4/cpufreq/stats/time_in_state: open failed: ENOENT (No such file or directory)
09-16 01:19:35.364 E/KernelCpuSpeedReader( 1128): Failed to read cpu-freq: /sys/devices/system/cpu/cpu0/cpufreq/stats/time_in_state: open failed: ENOENT (No such file or directory)
09-16 01:19:35.366 E/android.system.suspend@1.0-service( 586): Error opening kernel wakelock stats for: wakeup58: Permission denied
09-16 01:19:35.368 E/android.system.suspend@1.0-service( 586): Error opening kernel wakelock stats for: wakeup4: Permission denied
09-16 01:19:35.368 E/android.system.suspend@1.0-service( 586): Error opening kernel wakelock stats for: wakeup76: Permission denied
09-16 01:19:35.368 E/android.system.suspend@1.0-service( 586): Error opening kernel wakelock stats for: wakeup38: Permission denied
09-16 01:19:35.369 E/android.system.suspend@1.0-service( 586): Error opening kernel wakelock stats for: wakeup28: Permission denied
09-16 01:19:35.370 E/android.system.suspend@1.0-service( 586): Error opening kernel wakelock stats for: wakeup56: Permission denied
09-16 01:19:35.370 E/android.system.suspend@1.0-service( 586): Error opening kernel wakelock stats for: wakeup18: Permission denied
09-16 01:19:35.370 E/android.system.suspend@1.0-service( 586): Error opening kernel wakelock stats for: wakeup2: Permission denied
09-16 01:19:35.372 E/android.system.suspend@1.0-service( 586): Error opening kernel wakelock stats for: wakeup64: Permission denied
09-16 01:19:35.386 I/vendor.qti.bluetooth@1.0-ibs_handler( 838): ProcessIbsCmd: Received IBS_SLEEP_IND: 0xFE
09-16 01:19:35.363 I/auditd ( 586): type=1400 audit(0.0:239): avc: denied { read } for comm="Binder:586_2" name="wakeup58" dev="sysfs" ino=89644 scontext=u:r:system_suspend:s0 tcontext=u:object_r:sysfs:s0 tclass=dir permissive=0
09-16 01:19:35.363 W/Binder:586_2( 586): type=1400 audit(0.0:239): avc: denied { read } for name="wakeup58" dev="sysfs" ino=89644 scontext=u:r:system_suspend:s0 tcontext=u:object_r:sysfs:s0 tclass=dir permissive=0
01-01 13:43:10.126 W/audit ( 0): audit_lost=108 audit_rate_limit=5 audit_backlog_limit=64
09-16 01:19:35.394 E/android.system.suspend@1.0-service( 586): Error opening kernel wakelock stats for: wakeup26: Permission denied
01-01 13:43:10.147 E/audit ( 0): rate limit exceeded
09-16 01:19:35.395 E/android.system.suspend@1.0-service( 586): Error opening kernel wakelock stats for: wakeup54: Permission denied
09-16 01:19:35.396 E/android.system.suspend@1.0-service( 586): Error opening kernel wakelock stats for: wakeup16: Permission denied
09-16 01:19:35.396 E/android.system.suspend@1.0-service( 586): Error opening kernel wakelock stats for: wakeup44: Permission denied
09-16 01:19:35.396 E/android.system.suspend@1.0-service( 586): Error opening kernel wakelock stats for: wakeup0: Permission denied
09-16 01:19:35.397 E/android.system.suspend@1.0-service( 586): Error opening kernel wakelock stats for: wakeup34: Permission denied
09-16 01:19:35.397 E/android.system.suspend@1.0-service( 586): Error opening kernel wakelock stats for: wakeup62: Permission denied
09-16 01:19:35.398 E/android.system.suspend@1.0-service( 586): Error opening kernel wakelock stats for: wakeup24: Permission denied
09-16 01:19:35.398 E/android.system.suspend@1.0-service( 586): Error opening kernel wakelock stats for: wakeup52: Permission denied
09-16 01:19:35.398 E/android.system.suspend@1.0-service( 586): Error opening kernel wakelock stats for: wakeup9: Permission denied
09-16 01:19:35.399 E/android.system.suspend@1.0-service( 586): Error opening kernel wakelock stats for: wakeup14: Permission denied
09-16 01:19:35.399 E/android.system.suspend@1.0-service( 586): Error opening kernel wakelock stats for: wakeup42: Permission denied
09-16 01:19:35.401 E/android.system.suspend@1.0-service( 586): Error opening kernel wakelock stats for: wakeup32: Permission denied
09-16 01:19:35.401 E/android.system.suspend@1.0-service( 586): Error opening kernel wakelock stats for: wakeup60: Permission denied
09-16 01:19:35.402 E/android.system.suspend@1.0-service( 586): Error opening kernel wakelock stats for: wakeup22: Permission denied
09-16 01:19:35.402 E/android.system.suspend@1.0-service( 586): Error opening kernel wakelock stats for: wakeup7: Permission denied
09-16 01:19:35.403 E/android.system.suspend@1.0-service( 586): Error opening kernel wakelock stats for: wakeup12: Permission denied
09-16 01:19:35.403 E/android.system.suspend@1.0-service( 586): Error opening kernel wakelock stats for: wakeup40: Permission denied
09-16 01:19:35.405 E/android.system.suspend@1.0-service( 586): Error opening kernel wakelock stats for: wakeup30: Permission denied
09-16 01:19:35.405 E/android.system.suspend@1.0-service( 586): Error opening kernel wakelock stats for: wakeup59: Permission denied
09-16 01:19:35.406 E/android.system.suspend@1.0-service( 586): Error opening kernel wakelock stats for: wakeup20: Permission denied
09-16 01:19:35.406 E/android.system.suspend@1.0-service( 586): Error opening kernel wakelock stats for: wakeup49: Permission denied
09-16 01:19:35.406 E/android.system.suspend@1.0-service( 586): Error opening kernel wakelock stats for: wakeup5: Permission denied
09-16 01:19:35.406 E/android.system.suspend@1.0-service( 586): Error opening kernel wakelock stats for: wakeup77: Permission denied
09-16 01:19:35.406 E/android.system.suspend@1.0-service( 586): Error opening kernel wakelock stats for: wakeup10: Permission denied
09-16 01:19:35.408 E/android.system.suspend@1.0-service( 586): Error opening kernel wakelock stats for: wakeup29: Permission denied
09-16 01:19:35.408 E/android.system.suspend@1.0-service( 586): Error opening kernel wakelock stats for: wakeup57: Permission denied
09-16 01:19:35.411 E/android.system.suspend@1.0-service( 586): Error opening kernel wakelock stats for: wakeup37: Permission denied
09-16 01:19:35.412 E/android.system.suspend@1.0-service( 586): Error opening kernel wakelock stats for: wakeup55: Permission denied
09-16 01:19:35.413 E/android.system.suspend@1.0-service( 586): Error opening kernel wakelock stats for: wakeup45: Permission denied
09-16 01:19:35.413 E/android.system.suspend@1.0-service( 586): Error opening kernel wakelock stats for: wakeup1: Permission denied
09-16 01:19:35.415 E/android.system.suspend@1.0-service( 586): Error opening kernel wakelock stats for: wakeup63: Permission denied
09-16 01:19:35.416 E/android.system.suspend@1.0-service( 586): Error opening kernel wakelock stats for: wakeup53: Permission denied
09-16 01:19:35.418 E/android.system.suspend@1.0-service( 586): Error opening kernel wakelock stats for: wakeup33: Permission denied
09-16 01:19:35.418 E/android.system.suspend@1.0-service( 586): Error opening kernel wakelock stats for: wakeup61: Permission denied
09-16 01:19:35.363 I/auditd ( 586): type=1400 audit(0.0:240): avc: denied { read } for comm="Binder:586_2" name="wakeup4" dev="sysfs" ino=52927 scontext=u:r:system_suspend:s0 tcontext=u:object_r:sysfs:s0 tclass=dir permissive=0
09-16 01:19:35.363 W/Binder:586_2( 586): type=1400 audit(0.0:240): avc: denied { read } for name="wakeup4" dev="sysfs" ino=52927 scontext=u:r:system_suspend:s0 tcontext=u:object_r:sysfs:s0 tclass=dir permissive=0
09-16 01:19:35.418 E/android.system.suspend@1.0-service( 586): Error opening kernel wakelock stats for: wakeup51: Permission denied
09-16 01:19:35.418 E/android.system.suspend@1.0-service( 586): Error opening kernel wakelock stats for: wakeup8: Permission denied
09-16 01:19:35.418 E/android.system.suspend@1.0-service( 586): Error opening kernel wakelock stats for: wakeup41: Permission denied
09-16 01:19:35.419 E/android.system.suspend@1.0-service( 586): Error opening kernel wakelock stats for: wakeup31: Permission denied
09-16 01:19:35.420 E/android.system.suspend@1.0-service( 586): Error opening kernel wakelock stats for: wakeup6: Permission denied
09-16 01:19:35.420 E/android.system.suspend@1.0-service( 586): Error opening kernel wakelock stats for: wakeup78: Permission denied
09-16 01:19:35.433 I/commit_sys_config_file( 1128): [batterystats,9]
09-16 01:19:35.437 I/commit_sys_config_file( 1128): [batterystats,4]
09-16 01:19:35.363 I/auditd ( 586): type=1400 audit(0.0:241): avc: denied { read } for comm="Binder:586_2" name="wakeup76" dev="sysfs" ino=94457 scontext=u:r:system_suspend:s0 tcontext=u:object_r:sysfs:s0 tclass=dir permissive=0
09-16 01:19:35.363 W/Binder:586_2( 586): type=1400 audit(0.0:241): avc: denied { read } for name="wakeup76" dev="sysfs" ino=94457 scontext=u:r:system_suspend:s0 tcontext=u:object_r:sysfs:s0 tclass=dir permissive=0
09-16 01:19:35.363 I/auditd ( 586): type=1400 audit(0.0:242): avc: denied { read } for comm="Binder:586_2" name="wakeup38" dev="sysfs" ino=72929 scontext=u:r:system_suspend:s0 tcontext=u:object_r:sysfs:s0 tclass=dir permissive=0
09-16 01:19:35.363 W/Binder:586_2( 586): type=1400 audit(0.0:242): avc: denied { read } for name="wakeup38" dev="sysfs" ino=72929 scontext=u:r:system_suspend:s0 tcontext=u:object_r:sysfs:s0 tclass=dir permissive=0
09-16 01:19:35.367 I/auditd ( 586): type=1400 audit(0.0:243): avc: denied { read } for comm="Binder:586_2" name="wakeup28" dev="sysfs" ino=62538 scontext=u:r:system_suspend:s0 tcontext=u:object_r:sysfs:s0 tclass=dir permissive=0
09-16 01:19:35.367 W/Binder:586_2( 586): type=1400 audit(0.0:243): avc: denied { read } for name="wakeup28" dev="sysfs" ino=62538 scontext=u:r:system_suspend:s0 tcontext=u:object_r:sysfs:s0 tclass=dir permissive=0
09-16 01:19:35.367 I/auditd ( 586): type=1400 audit(0.0:244): avc: denied { read } for comm="Binder:586_2" name="wakeup56" dev="sysfs" ino=89572 scontext=u:r:system_suspend:s0 tcontext=u:object_r:sysfs:s0 tclass=dir permissive=0
09-16 01:19:35.367 W/Binder:586_2( 586): type=1400 audit(0.0:244): avc: denied { read } for name="wakeup56" dev="sysfs" ino=89572 scontext=u:r:system_suspend:s0 tcontext=u:object_r:sysfs:s0 tclass=dir permissive=0
09-16 01:19:35.367 I/auditd ( 586): type=1400 audit(0.0:245): avc: denied { read } for comm="Binder:586_2" name="wakeup18" dev="sysfs" ino=61905 scontext=u:r:system_suspend:s0 tcontext=u:object_r:sysfs:s0 tclass=dir permissive=0
09-16 01:19:35.367 W/Binder:586_2( 586): type=1400 audit(0.0:245): avc: denied { read } for name="wakeup18" dev="sysfs" ino=61905 scontext=u:r:system_suspend:s0 tcontext=u:object_r:sysfs:s0 tclass=dir permissive=0
09-16 01:19:35.367 I/auditd ( 586): type=1400 audit(0.0:246): avc: denied { read } for comm="Binder:586_2" name="wakeup2" dev="sysfs" ino=52451 scontext=u:r:system_suspend:s0 tcontext=u:object_r:sysfs:s0 tclass=dir permissive=0
09-16 01:19:35.367 W/Binder:586_2( 586): type=1400 audit(0.0:246): avc: denied { read } for name="wakeup2" dev="sysfs" ino=52451 scontext=u:r:system_suspend:s0 tcontext=u:object_r:sysfs:s0 tclass=dir permissive=0
09-16 01:19:35.371 I/auditd ( 586): type=1400 audit(0.0:247): avc: denied { read } for comm="Binder:586_2" name="wakeup64" dev="sysfs" ino=89872 scontext=u:r:system_suspend:s0 tcontext=u:object_r:sysfs:s0 tclass=dir permissive=0
09-16 01:19:35.371 W/Binder:586_2( 586): type=1400 audit(0.0:247): avc: denied { read } for name="wakeup64" dev="sysfs" ino=89872 scontext=u:r:system_suspend:s0 tcontext=u:object_r:sysfs:s0 tclass=dir permissive=0
09-16 01:19:35.630 I/mpu_uart( 664): [MSG-P:RECV]:No message received in 1000 ms
01-01 13:43:10.385 D/ ( 0): mv2112_read_status
01-01 13:43:10.389 D/mv2112_update_link( 0): 3.0x901(1G): 0x80
01-01 13:43:10.394 D/mv2112_update_link( 0): 3.0x8109(100M): 0x0
01-01 13:43:10.401 D/mv2112_update_link( 0): link 0x0
01-01 13:43:10.405 D/mv2112_read_status( 0): autoneg is disabled
09-16 01:19:35.863 I/HttpClient( 2063): onFailed
09-16 01:19:35.863 I/MicroService( 2063): sendConnectStateBroadCast() state0
09-16 01:19:35.866 I/MicroService( 2063): onNettyConnectState0
09-16 01:19:35.866 I/MicroService( 2063): onNettyConnectState count = 0
09-16 01:19:36.305 I/vendor.qti.bluetooth@1.0-ibs_handler( 838): DeviceSleep: TX Awake, Sending SLEEP_IND
09-16 01:19:36.305 D/vendor.qti.bluetooth@1.0-ibs_handler( 838): SerialClockVote: vote for UART CLK OFF
09-16 01:19:36.456 D/vendor.qti.bluetooth@1.0-wake_lock( 838): Release wakelock is released
09-16 01:19:36.631 I/mpu_uart( 664): [MSG-P:RECV]:No message received in 1000 ms
01-01 13:43:11.409 D/ ( 0): mv2112_read_status
01-01 13:43:11.413 D/mv2112_update_link( 0): 3.0x901(1G): 0x80
01-01 13:43:11.419 D/mv2112_update_link( 0): 3.0x8109(100M): 0x0
01-01 13:43:11.426 D/mv2112_update_link( 0): link 0x0
01-01 13:43:11.430 D/mv2112_read_status( 0): autoneg is disabled
09-16 01:19:36.862 I/HWebSocketClient( 2063): WEBclient: onFailed
09-16 01:19:36.872 I/HttpContext( 2063): getIResponseJson :com.thundercomm.microservice.MicroServiceProxy@12e89eb
09-16 01:19:36.872 I/ResponseHandler( 2063): ResponseHandler() :com.thundercomm.microservice.MicroServiceProxy@12e89eb
09-16 01:19:36.882 I/ResponseWebSocketHandler( 2063): ResponseWebSocketHandler start
09-16 01:19:36.882 I/HttpContext( 2063): getIResponseJson :com.thundercomm.microservice.MicroServiceProxy@12e89eb
09-16 01:19:36.882 I/ResponseWebSocketHandler( 2063): ResponseWebSocketHandler mResponseJson: com.thundercomm.microservice.MicroServiceProxy@12e89eb
09-16 01:19:36.883 I/System.out( 2063): handler is: com.thundercomm.microservice.netty.client.handler.webSocket.ResponseWebSocketHandler@6d902de
01-01 13:43:11.641 E/i2c_geni 980000.i2c( 0): i2c error :-107
01-01 13:43:11.646 E/ ( 0): [MAX975X:mcu_keep_wakeup_work_func] *ERROR* Failed to write dev:0x15 addr:0x22 value:0x80
01-01 13:43:11.656 E/i2c_geni 980000.i2c( 0): i2c error :-107
01-01 13:43:11.661 E/ ( 0): [MAX975X:mcu_keep_wakeup_work_func] *ERROR* Failed to write dev:0x15 addr:0x20 value:0x09
09-16 01:19:37.318 I/mpu_uart( 664): [MSG-P:R]:recv sync frame timeout
09-16 01:19:37.631 I/mpu_uart( 664): [MSG-P:RECV]:No message received in 1000 ms
01-01 13:43:12.435 D/ ( 0): mv2112_read_status
01-01 13:43:12.439 D/mv2112_update_link( 0): 3.0x901(1G): 0x80
01-01 13:43:12.444 D/mv2112_update_link( 0): 3.0x8109(100M): 0x0
01-01 13:43:12.449 D/mv2112_update_link( 0): link 0x0
01-01 13:43:12.454 D/mv2112_read_status( 0): autoneg is disabled
09-16 01:19:37.960 E/TokenUnion_NetworkManager( 4752): appendCommonParams() 账号通参存在空,拼接后的 url = /luckycat/activity/settings/get_polling_settings/
09-16 01:19:37.966 I/KEVA.NATIVE( 4752): byte array do not exist
09-16 01:19:37.967 I/KEVA.NATIVE( 4752): byte array do not exist
09-16 01:19:37.984 I/KEVA.NATIVE( 4752): byte array do not exist
09-16 01:19:37.985 I/KEVA.NATIVE( 4752): byte array do not exist
09-16 01:19:37.988 E/LuckyDogLogger_LuckyDogPollingSettings( 4752): Exception when request setting com.bytedance.frameworks.baselib.network.http.exception.NetworkNotAvailabeException: network not available
09-16 01:19:37.989 I/KEVA.NATIVE( 4752): byte array do not exist
09-16 01:19:37.989 I/KEVA.NATIVE( 4752): byte array do not exist
09-16 01:19:37.990 I/KEVA.NATIVE( 4752): byte array do not exist
09-16 01:19:37.991 I/KEVA.NATIVE( 4752): byte array do not exist
09-16 01:19:37.993 E/TokenUnion_NetworkManager( 4752): appendCommonParams() 账号通参存在空,拼接后的 url = /luckycat/activity/settings/get_polling_settings/
09-16 01:19:37.995 I/KEVA.NATIVE( 4752): byte array do not exist
09-16 01:19:37.995 I/KEVA.NATIVE( 4752): byte array do not exist
09-16 01:19:38.006 E/LuckyDogLogger_LuckyDogPollingSettings( 4752): Exception when request setting com.bytedance.frameworks.baselib.network.http.exception.NetworkNotAvailabeException: network not available
01-01 13:43:12.790 I/init ( 0): starting service 'qvrd_vndr'...
01-01 13:43:12.796 I/init ( 0): Created socket '/dev/socket/qvrservice_vndr', mode 660, user 1000, group 1000
01-01 13:43:12.805 I/init ( 0): Created socket '/dev/socket/qvrservice_vndr_camera', mode 660, user 1000, group 1000
01-01 13:43:12.827 I/init ( 0): starting service 'sxrd'...
01-01 13:43:12.843 I/init ( 0): starting service 'vendor.light-hal-2-0'...
09-16 01:19:38.121 F/linker ( 7754): CANNOT LINK EXECUTABLE "/vendor/bin/hw/sxrservice": library "vendor.qti.hardware.qxr-V1-ndk_platform.so" not found: needed by main executable
09-16 01:19:38.124 F/linker ( 7753): CANNOT LINK EXECUTABLE "/vendor/bin/hw/qvrservice": library "vendor.qti.hardware.qxr-V1-ndk_platform.so" not found: needed by /vendor/lib64/libqvrservice.so in namespace (default)
01-01 13:43:12.874 I/init ( 0): Service 'sxrd' (pid 7754) exited with status 1
01-01 13:43:12.880 I/init ( 0): Sending signal 9 to service 'sxrd' (pid 7754) process group...
01-01 13:43:12.888 I/libprocessgroup( 0): Successfully killed process cgroup uid 1000 pid 7754 in 0ms
09-16 01:19:38.149 I/hwservicemanager( 516): getTransport: Cannot find entry android.hardware.light@2.0::ILight/default in either framework or device VINTF manifest.
09-16 01:19:38.152 E/light ( 7755): light_open lights keyboard failed: -22
09-16 01:19:38.152 E/light ( 7755): Light passthrough failed to load legacy HAL.
09-16 01:19:38.153 E/light ( 7755): light_open lights buttons failed: -22
09-16 01:19:38.153 E/light ( 7755): Light passthrough failed to load legacy HAL.
09-16 01:19:38.155 E/light ( 7755): light_open lights bluetooth failed: -22
09-16 01:19:38.155 E/light ( 7755): Light passthrough failed to load legacy HAL.
09-16 01:19:38.155 E/light ( 7755): light_open lights wifi failed: -22
09-16 01:19:38.155 E/light ( 7755): Light passthrough failed to load legacy HAL.
09-16 01:19:38.156 I/hwservicemanager( 516): getTransport: Cannot find entry android.hardware.light@2.0::ILight/default in either framework or device VINTF manifest.
09-16 01:19:38.156 E/HidlServiceManagement( 7755): Service android.hardware.light@2.0::ILight/default must be in VINTF manifest in order to register/get.
09-16 01:19:38.156 E/LegacySupport( 7755): Could not register service android.hardware.light@2.0::ILight/default (-2147483648).
01-01 13:43:12.898 I/init ( 0): Service 'qvrd_vndr' (pid 7753) exited with status 1
01-01 13:43:12.905 I/init ( 0): Sending signal 9 to service 'qvrd_vndr' (pid 7753) process group...
09-16 01:19:38.632 I/mpu_uart( 664): [MSG-P:RECV]:No message received in 1000 ms
01-01 13:43:13.457 D/ ( 0): mv2112_read_status
01-01 13:43:13.461 D/mv2112_update_link( 0): 3.0x901(1G): 0x80
01-01 13:43:13.467 D/mv2112_update_link( 0): 3.0x8109(100M): 0x0
01-01 13:43:13.473 D/mv2112_update_link( 0): link 0x0
01-01 13:43:13.478 D/mv2112_read_status( 0): autoneg is disabled
01-01 13:43:13.491 E/i2c_geni 980000.i2c( 0): i2c error :-107
01-01 13:43:13.496 E/ ( 0): [MAX975X:mcu_keep_wakeup_work_func] *ERROR* Failed to write dev:0x15 addr:0x22 value:0x80
01-01 13:43:13.507 E/i2c_geni 980000.i2c( 0): i2c error :-107
01-01 13:43:13.512 E/ ( 0): [MAX975X:mcu_keep_wakeup_work_func] *ERROR* Failed to write dev:0x15 addr:0x20 value:0x09
09-16 01:19:38.936 I/HttpClient( 2063): onFailed
09-16 01:19:38.936 I/MicroService( 2063): sendConnectStateBroadCast() state0
09-16 01:19:38.943 I/MicroService( 2063): onNettyConnectState0
09-16 01:19:38.944 I/MicroService( 2063): onNettyConnectState count = 0
09-16 01:19:39.632 I/mpu_uart( 664): [MSG-P:RECV]:No message received in 1000 ms
01-01 13:43:14.482 D/ ( 0): mv2112_read_status
01-01 13:43:14.485 D/mv2112_update_link( 0): 3.0x901(1G): 0x80
01-01 13:43:14.491 D/mv2112_update_link( 0): 3.0x8109(100M): 0x0
01-01 13:43:14.497 D/mv2112_update_link( 0): link 0x0
01-01 13:43:14.502 D/mv2112_read_status( 0): autoneg is disabled
09-16 01:19:39.936 I/HWebSocketClient( 2063): WEBclient: onFailed
09-16 01:19:39.943 I/ResponseWebSocketHandler( 2063): ResponseWebSocketHandler start
09-16 01:19:39.944 I/HttpContext( 2063): getIResponseJson :com.thundercomm.microservice.MicroServiceProxy@12e89eb
09-16 01:19:39.944 I/ResponseWebSocketHandler( 2063): ResponseWebSocketHandler mResponseJson: com.thundercomm.microservice.MicroServiceProxy@12e89eb
09-16 01:19:39.946 I/System.out( 2063): handler is: com.thundercomm.microservice.netty.client.handler.webSocket.ResponseWebSocketHandler@2f436d5
09-16 01:19:39.947 I/HttpContext( 2063): getIResponseJson :com.thundercomm.microservice.MicroServiceProxy@12e89eb
09-16 01:19:39.947 I/ResponseHandler( 2063): ResponseHandler() :com.thundercomm.microservice.MicroServiceProxy@12e89eb
09-16 01:19:40.321 I/mpu_uart( 664): [MSG-P:R]:recv sync frame timeout
01-01 13:43:15.349 E/i2c_geni 980000.i2c( 0): i2c error :-107
01-01 13:43:15.354 E/ ( 0): [MAX975X:mcu_keep_wakeup_work_func] *ERROR* Failed to write dev:0x15 addr:0x22 value:0x80
01-01 13:43:15.365 E/i2c_geni 980000.i2c( 0): i2c error :-107
01-01 13:43:15.370 E/ ( 0): [MAX975X:mcu_keep_wakeup_work_func] *ERROR* Failed to write dev:0x15 addr:0x20 value:0x09
09-16 01:19:40.633 I/mpu_uart( 664): [MSG-P:RECV]:No message received in 1000 ms
01-01 13:43:15.505 D/ ( 0): mv2112_read_status
01-01 13:43:15.509 D/mv2112_update_link( 0): 3.0x901(1G): 0x80
01-01 13:43:15.517 D/mv2112_update_link( 0): 3.0x8109(100M): 0x0
01-01 13:43:15.522 D/mv2112_update_link( 0): link 0x0
01-01 13:43:15.528 D/mv2112_read_status( 0): autoneg is disabled
09-16 01:19:41.633 I/mpu_uart( 664): [MSG-P:RECV]:No message received in 1000 ms
01-01 13:43:16.561 D/ ( 0): mv2112_read_status
01-01 13:43:16.564 D/mv2112_update_link( 0): 3.0x901(1G): 0x80
01-01 13:43:16.570 D/mv2112_update_link( 0): 3.0x8109(100M): 0x0
01-01 13:43:16.575 D/mv2112_update_link( 0): link 0x0
01-01 13:43:16.580 D/mv2112_read_status( 0): autoneg is disabled
09-16 01:19:42.006 I/HttpClient( 2063): onFailed
09-16 01:19:42.006 I/MicroService( 2063): sendConnectStateBroadCast() state0
09-16 01:19:42.009 I/MicroService( 2063): onNettyConnectState0
09-16 01:19:42.009 I/MicroService( 2063): onNettyConnectState count = 0
01-01 13:43:17.205 E/i2c_geni 980000.i2c( 0): i2c error :-107
01-01 13:43:17.212 E/ ( 0): [MAX975X:mcu_keep_wakeup_work_func] *ERROR* Failed to write dev:0x15 addr:0x22 value:0x80
01-01 13:43:17.223 E/i2c_geni 980000.i2c( 0): i2c error :-107
01-01 13:43:17.228 E/ ( 0): [MAX975X:mcu_keep_wakeup_work_func] *ERROR* Failed to write dev:0x15 addr:0x20 value:0x09
09-16 01:19:42.634 I/mpu_uart( 664): [MSG-P:RECV]:No message received in 1000 ms
01-01 13:43:17.585 D/ ( 0): mv2112_read_status
01-01 13:43:17.589 D/mv2112_update_link( 0): 3.0x901(1G): 0x80
01-01 13:43:17.595 D/mv2112_update_link( 0): 3.0x8109(100M): 0x0
01-01 13:43:17.602 D/mv2112_update_link( 0): link 0x0
01-01 13:43:17.606 D/mv2112_read_status( 0): autoneg is disabled
09-16 01:19:43.008 I/HWebSocketClient( 2063): WEBclient: onFailed
09-16 01:19:43.014 I/ResponseWebSocketHandler( 2063): ResponseWebSocketHandler start
09-16 01:19:43.014 I/HttpContext( 2063): getIResponseJson :com.thundercomm.microservice.MicroServiceProxy@12e89eb
09-16 01:19:43.015 I/ResponseHandler( 2063): ResponseHandler() :com.thundercomm.microservice.MicroServiceProxy@12e89eb
09-16 01:19:43.015 I/HttpContext( 2063): getIResponseJson :com.thundercomm.microservice.MicroServiceProxy@12e89eb
09-16 01:19:43.015 I/ResponseWebSocketHandler( 2063): ResponseWebSocketHandler mResponseJson: com.thundercomm.microservice.MicroServiceProxy@12e89eb
09-16 01:19:43.017 I/System.out( 2063): handler is: com.thundercomm.microservice.netty.client.handler.webSocket.ResponseWebSocketHandler@c528424
09-16 01:19:43.037 W/NioEventLoop( 2063): Selector.select() returned prematurely 512 times in a row; rebuilding Selector io.netty.channel.nio.SelectedSelectionKeySetSelector@b3d6b8d.
09-16 01:19:43.038 I/NioEventLoop( 2063): Migrated 1 channel(s) to the new Selector.
01-01 13:43:17.827 I/init ( 0): starting service 'qvrd_vndr'...
01-01 13:43:17.832 I/init ( 0): Created socket '/dev/socket/qvrservice_vndr', mode 660, user 1000, group 1000
01-01 13:43:17.842 I/init ( 0): Created socket '/dev/socket/qvrservice_vndr_camera', mode 660, user 1000, group 1000
01-01 13:43:17.864 I/init ( 0): starting service 'sxrd'...
01-01 13:43:17.880 I/init ( 0): starting service 'vendor.light-hal-2-0'...
09-16 01:19:43.160 F/linker ( 7759): CANNOT LINK EXECUTABLE "/vendor/bin/hw/sxrservice": library "vendor.qti.hardware.qxr-V1-ndk_platform.so" not found: needed by main executable
09-16 01:19:43.161 I/hwservicemanager( 516): getTransport: Cannot find entry android.hardware.light@2.0::ILight/default in either framework or device VINTF manifest.
09-16 01:19:43.162 F/linker ( 7758): CANNOT LINK EXECUTABLE "/vendor/bin/hw/qvrservice": library "vendor.qti.hardware.qxr-V1-ndk_platform.so" not found: needed by /vendor/lib64/libqvrservice.so in namespace (default)
01-01 13:43:17.913 I/init ( 0): Service 'sxrd' (pid 7759) exited with status 1
01-01 13:43:17.920 I/init ( 0): Sending signal 9 to service 'sxrd' (pid 7759) process group...
09-16 01:19:43.165 E/light ( 7760): light_open lights keyboard failed: -22
09-16 01:19:43.165 E/light ( 7760): Light passthrough failed to load legacy HAL.
09-16 01:19:43.166 E/light ( 7760): light_open lights buttons failed: -22
09-16 01:19:43.166 E/light ( 7760): Light passthrough failed to load legacy HAL.
09-16 01:19:43.168 E/light ( 7760): light_open lights bluetooth failed: -22
09-16 01:19:43.168 E/light ( 7760): Light passthrough failed to load legacy HAL.
09-16 01:19:43.169 E/light ( 7760): light_open lights wifi failed: -22
09-16 01:19:43.169 E/light ( 7760): Light passthrough failed to load legacy HAL.
09-16 01:19:43.170 I/hwservicemanager( 516): getTransport: Cannot find entry android.hardware.light@2.0::ILight/default in either framework or device VINTF manifest.
09-16 01:19:43.171 E/HidlServiceManagement( 7760): Service android.hardware.light@2.0::ILight/default must be in VINTF manifest in order to register/get.
01-01 13:43:17.928 I/libprocessgroup( 0): Successfully killed process cgroup uid 1000 pid 7759 in 0ms
09-16 01:19:43.171 E/LegacySupport( 7760): Could not register service android.hardware.light@2.0::ILight/default (-2147483648).
01-01 13:43:17.938 I/init ( 0): Service 'qvrd_vndr' (pid 7758) exited with status 1
01-01 13:43:17.945 I/init ( 0): Sending signal 9 to service 'qvrd_vndr' (pid 7758) process group...
09-16 01:19:43.324 I/mpu_uart( 664): [MSG-P:R]:recv sync frame timeout
09-16 01:19:43.634 I/mpu_uart( 664): [MSG-P:RECV]:No message received in 1000 ms
01-01 13:43:18.609 D/ ( 0): mv2112_read_status
01-01 13:43:18.613 D/mv2112_update_link( 0): 3.0x901(1G): 0x80
01-01 13:43:18.618 D/mv2112_update_link( 0): 3.0x8109(100M): 0x0
01-01 13:43:18.624 D/mv2112_update_link( 0): link 0x0
01-01 13:43:18.630 D/mv2112_read_status( 0): autoneg is disabled
01-01 13:43:19.060 E/i2c_geni 980000.i2c( 0): i2c error :-107
01-01 13:43:19.065 E/ ( 0): [MAX975X:mcu_keep_wakeup_work_func] *ERROR* Failed to write dev:0x15 addr:0x22 value:0x80
01-01 13:43:19.075 E/i2c_geni 980000.i2c( 0): i2c error :-107
01-01 13:43:19.080 E/ ( 0): [MAX975X:mcu_keep_wakeup_work_func] *ERROR* Failed to write dev:0x15 addr:0x20 value:0x09
09-16 01:19:44.635 I/mpu_uart( 664): [MSG-P:RECV]:No message received in 1000 ms
01-01 13:43:19.633 D/ ( 0): mv2112_read_status
01-01 13:43:19.637 D/mv2112_update_link( 0): 3.0x901(1G): 0x80
01-01 13:43:19.642 D/mv2112_update_link( 0): 3.0x8109(100M): 0x0
01-01 13:43:19.647 D/mv2112_update_link( 0): link 0x0
01-01 13:43:19.651 D/mv2112_read_status( 0): autoneg is disabled
09-16 01:19:45.078 I/HttpClient( 2063): onFailed
09-16 01:19:45.079 I/MicroService( 2063): sendConnectStateBroadCast() state0
09-16 01:19:45.083 I/MicroService( 2063): onNettyConnectState0
09-16 01:19:45.083 I/MicroService( 2063): onNettyConnectState count = 0
09-16 01:19:45.635 I/mpu_uart( 664): [MSG-P:RECV]:No message received in 1000 ms
01-01 13:43:20.657 D/ ( 0): mv2112_read_status
01-01 13:43:20.661 D/mv2112_update_link( 0): 3.0x901(1G): 0x80
01-01 13:43:20.667 D/mv2112_update_link( 0): 3.0x8109(100M): 0x0
01-01 13:43:20.675 D/mv2112_update_link( 0): link 0x0
01-01 13:43:20.680 D/mv2112_read_status( 0): autoneg is disabled
09-16 01:19:46.079 I/HWebSocketClient( 2063): WEBclient: onFailed
09-16 01:19:46.085 I/ResponseWebSocketHandler( 2063): ResponseWebSocketHandler start
09-16 01:19:46.086 I/HttpContext( 2063): getIResponseJson :com.thundercomm.microservice.MicroServiceProxy@12e89eb
09-16 01:19:46.086 I/ResponseWebSocketHandler( 2063): ResponseWebSocketHandler mResponseJson: com.thundercomm.microservice.MicroServiceProxy@12e89eb
09-16 01:19:46.087 I/HttpContext( 2063): getIResponseJson :com.thundercomm.microservice.MicroServiceProxy@12e89eb
09-16 01:19:46.087 I/ResponseHandler( 2063): ResponseHandler() :com.thundercomm.microservice.MicroServiceProxy@12e89eb
09-16 01:19:46.088 I/System.out( 2063): handler is: com.thundercomm.microservice.netty.client.handler.webSocket.ResponseWebSocketHandler@495a3af
01-01 13:43:20.915 E/i2c_geni 980000.i2c( 0): i2c error :-107
01-01 13:43:20.920 E/ ( 0): [MAX975X:mcu_keep_wakeup_work_func] *ERROR* Failed to write dev:0x15 addr:0x22 value:0x80
01-01 13:43:20.930 E/i2c_geni 980000.i2c( 0): i2c error :-107
01-01 13:43:20.935 E/ ( 0): [MAX975X:mcu_keep_wakeup_work_func] *ERROR* Failed to write dev:0x15 addr:0x20 value:0x09
09-16 01:19:46.328 I/mpu_uart( 664): [MSG-P:R]:recv sync frame timeout
09-16 01:19:46.636 I/mpu_uart( 664): [MSG-P:RECV]:No message received in 1000 ms
01-01 13:43:21.713 D/ ( 0): mv2112_read_status
01-01 13:43:21.717 D/mv2112_update_link( 0): 3.0x901(1G): 0x80
01-01 13:43:21.723 D/mv2112_update_link( 0): 3.0x8109(100M): 0x0
01-01 13:43:21.728 D/mv2112_update_link( 0): link 0x0
01-01 13:43:21.733 D/mv2112_read_status( 0): autoneg is disabled
09-16 01:19:47.637 I/mpu_uart( 664): [MSG-P:RECV]:No message received in 1000 ms
01-01 13:43:22.737 D/ ( 0): mv2112_read_status
01-01 13:43:22.741 D/mv2112_update_link( 0): 3.0x901(1G): 0x80
01-01 13:43:22.746 D/mv2112_update_link( 0): 3.0x8109(100M): 0x0
01-01 13:43:22.752 D/mv2112_update_link( 0): link 0x0
01-01 13:43:22.756 D/mv2112_read_status( 0): autoneg is disabled
