09-16 01:18:10.398 I/sysui_multi_action( 1910): [757,268,758,1,759,268,806,com.ss.android.ugc.aweme,871,com.ss.android.ugc.aweme.tile.PublishTileService,927,8,1593,0]
09-16 01:18:10.398 I/sysui_multi_action( 1910): [757,111,758,1]
09-16 01:18:10.398 I/sysui_multi_action( 1910): [757,126,758,1,759,126,927,0,928,0,1593,0]
09-16 01:18:10.398 I/sysui_multi_action( 1910): [757,113,758,1,759,113,927,1,928,1,1593,0]
09-16 01:18:10.398 I/sysui_multi_action( 1910): [757,0,758,1,759,0,927,2,928,0,1593,0]
09-16 01:18:10.398 I/sysui_multi_action( 1910): [757,0,758,1,759,0,927,3,928,1,1593,0]
09-16 01:18:10.400 I/input_focus( 1128): [Focus leaving 7ccd273 com.android.launcher3/com.android.launcher3.uioverrides.QuickstepLauncher (server),reason=setFocusedWindow]
09-16 01:18:10.400 I/input_focus( 1128): [Focus entering 59e8c99 NotificationShade (server),reason=setFocusedWindow]
09-16 01:18:10.418 I/sysui_multi_action( 1910): [757,111,758,2]
09-16 01:18:10.419 I/sysui_multi_action( 1910): [757,111,758,2]
09-16 01:18:10.425 I/sysui_multi_action( 1910): [757,111,758,1]
09-16 01:18:10.426 I/sysui_multi_action( 1910): [757,126,758,1,759,126,927,0,928,0,1593,0]
09-16 01:18:10.426 I/sysui_multi_action( 1910): [757,113,758,1,759,113,927,1,928,1,1593,0]
09-16 01:18:10.426 I/sysui_multi_action( 1910): [757,0,758,1,759,0,927,2,928,0,1593,0]
09-16 01:18:10.426 I/sysui_multi_action( 1910): [757,0,758,1,759,0,927,3,928,1,1593,0]
09-16 01:18:10.426 I/sysui_multi_action( 1910): [757,1706,758,1,759,1706,927,4,928,0,1593,0]
09-16 01:18:10.427 I/sysui_multi_action( 1910): [757,491,758,1,759,491,927,5,928,0,1311,-1,1593,0]
09-16 01:18:10.427 I/sysui_multi_action( 1910): [757,0,758,1,759,0,927,6,1593,0]
09-16 01:18:10.427 I/sysui_multi_action( 1910): [757,114,758,1,759,114,927,7,928,0,1593,0]
09-16 01:18:10.427 I/sysui_multi_action( 1910): [757,268,758,1,759,268,806,com.ss.android.ugc.aweme,871,com.ss.android.ugc.aweme.tile.PublishTileService,927,8,1593,0]
09-16 01:18:10.428 I/sysui_multi_action( 1910): [757,111,758,1]
09-16 01:18:10.428 I/sysui_multi_action( 1910): [757,126,758,1,759,126,927,0,928,0,1593,0]
09-16 01:18:10.428 I/sysui_multi_action( 1910): [757,113,758,1,759,113,927,1,928,1,1593,0]
09-16 01:18:10.428 I/sysui_multi_action( 1910): [757,0,758,1,759,0,927,2,928,0,1593,0]
09-16 01:18:10.428 I/sysui_multi_action( 1910): [757,0,758,1,759,0,927,3,928,1,1593,0]
09-16 01:18:10.441 I/sysui_multi_action( 1910): [757,111,758,2]
09-16 01:18:10.441 I/sysui_multi_action( 1910): [757,111,758,2]
09-16 01:18:10.445 I/sysui_multi_action( 1910): [757,111,758,1]
09-16 01:18:10.446 I/sysui_multi_action( 1910): [757,126,758,1,759,126,927,0,928,0,1593,0]
09-16 01:18:10.446 I/sysui_multi_action( 1910): [757,113,758,1,759,113,927,1,928,1,1593,0]
09-16 01:18:10.446 I/sysui_multi_action( 1910): [757,0,758,1,759,0,927,2,928,0,1593,0]
09-16 01:18:10.446 I/sysui_multi_action( 1910): [757,0,758,1,759,0,927,3,928,1,1593,0]
09-16 01:18:10.446 I/sysui_multi_action( 1910): [757,1706,758,1,759,1706,927,4,928,0,1593,0]
09-16 01:18:10.446 I/sysui_multi_action( 1910): [757,491,758,1,759,491,927,5,928,0,1311,-1,1593,0]
09-16 01:18:10.447 I/sysui_multi_action( 1910): [757,0,758,1,759,0,927,6,1593,0]
09-16 01:18:10.447 I/sysui_multi_action( 1910): [757,114,758,1,759,114,927,7,928,0,1593,0]
09-16 01:18:10.447 I/sysui_multi_action( 1910): [757,268,758,1,759,268,806,com.ss.android.ugc.aweme,871,com.ss.android.ugc.aweme.tile.PublishTileService,927,8,1593,0]
09-16 01:18:10.447 I/sysui_multi_action( 1910): [757,111,758,1]
09-16 01:18:10.447 I/sysui_multi_action( 1910): [757,126,758,1,759,126,927,0,928,0,1593,0]
09-16 01:18:10.447 I/sysui_multi_action( 1910): [757,113,758,1,759,113,927,1,928,1,1593,0]
09-16 01:18:10.447 I/sysui_multi_action( 1910): [757,0,758,1,759,0,927,2,928,0,1593,0]
09-16 01:18:10.447 I/sysui_multi_action( 1910): [757,0,758,1,759,0,927,3,928,1,1593,0]
09-16 01:18:10.456 I/sysui_multi_action( 1910): [757,111,758,2]
09-16 01:18:10.457 I/sysui_multi_action( 1910): [757,111,758,2]
09-16 01:18:10.461 I/sysui_multi_action( 1910): [757,111,758,1]
09-16 01:18:10.461 I/sysui_multi_action( 1910): [757,126,758,1,759,126,927,0,928,0,1593,0]
09-16 01:18:10.461 I/sysui_multi_action( 1910): [757,113,758,1,759,113,927,1,928,1,1593,0]
09-16 01:18:10.461 I/sysui_multi_action( 1910): [757,0,758,1,759,0,927,2,928,0,1593,0]
09-16 01:18:10.461 I/sysui_multi_action( 1910): [757,0,758,1,759,0,927,3,928,1,1593,0]
09-16 01:18:10.461 I/sysui_multi_action( 1910): [757,1706,758,1,759,1706,927,4,928,0,1593,0]
09-16 01:18:10.462 I/sysui_multi_action( 1910): [757,491,758,1,759,491,927,5,928,0,1311,-1,1593,0]
09-16 01:18:10.462 I/sysui_multi_action( 1910): [757,0,758,1,759,0,927,6,1593,0]
09-16 01:18:10.462 I/sysui_multi_action( 1910): [757,114,758,1,759,114,927,7,928,0,1593,0]
09-16 01:18:10.462 I/sysui_multi_action( 1910): [757,268,758,1,759,268,806,com.ss.android.ugc.aweme,871,com.ss.android.ugc.aweme.tile.PublishTileService,927,8,1593,0]
09-16 01:18:10.462 I/sysui_multi_action( 1910): [757,111,758,1]
09-16 01:18:10.462 I/sysui_multi_action( 1910): [757,126,758,1,759,126,927,0,928,0,1593,0]
09-16 01:18:10.462 I/sysui_multi_action( 1910): [757,113,758,1,759,113,927,1,928,1,1593,0]
09-16 01:18:10.462 I/sysui_multi_action( 1910): [757,0,758,1,759,0,927,2,928,0,1593,0]
09-16 01:18:10.462 I/sysui_multi_action( 1910): [757,0,758,1,759,0,927,3,928,1,1593,0]
09-16 01:18:10.483 I/sysui_multi_action( 1910): [757,111,758,2]
09-16 01:18:10.483 I/sysui_multi_action( 1910): [757,111,758,2]
09-16 01:18:10.488 I/sysui_multi_action( 1910): [757,111,758,1]
09-16 01:18:10.488 I/sysui_multi_action( 1910): [757,126,758,1,759,126,927,0,928,0,1593,0]
09-16 01:18:10.488 I/sysui_multi_action( 1910): [757,113,758,1,759,113,927,1,928,1,1593,0]
09-16 01:18:10.489 I/sysui_multi_action( 1910): [757,0,758,1,759,0,927,2,928,0,1593,0]
09-16 01:18:10.489 I/sysui_multi_action( 1910): [757,0,758,1,759,0,927,3,928,1,1593,0]
09-16 01:18:10.489 I/sysui_multi_action( 1910): [757,1706,758,1,759,1706,927,4,928,0,1593,0]
09-16 01:18:10.489 I/sysui_multi_action( 1910): [757,491,758,1,759,491,927,5,928,0,1311,-1,1593,0]
09-16 01:18:10.490 I/sysui_multi_action( 1910): [757,0,758,1,759,0,927,6,1593,0]
09-16 01:18:10.490 I/sysui_multi_action( 1910): [757,114,758,1,759,114,927,7,928,0,1593,0]
09-16 01:18:10.490 I/sysui_multi_action( 1910): [757,268,758,1,759,268,806,com.ss.android.ugc.aweme,871,com.ss.android.ugc.aweme.tile.PublishTileService,927,8,1593,0]
09-16 01:18:10.490 I/sysui_multi_action( 1910): [757,111,758,1]
09-16 01:18:10.490 I/sysui_multi_action( 1910): [757,126,758,1,759,126,927,0,928,0,1593,0]
09-16 01:18:10.490 I/sysui_multi_action( 1910): [757,113,758,1,759,113,927,1,928,1,1593,0]
09-16 01:18:10.490 I/sysui_multi_action( 1910): [757,0,758,1,759,0,927,2,928,0,1593,0]
09-16 01:18:10.491 I/sysui_multi_action( 1910): [757,0,758,1,759,0,927,3,928,1,1593,0]
09-16 01:18:10.506 I/sysui_multi_action( 1910): [757,111,758,2]
09-16 01:18:10.507 I/sysui_multi_action( 1910): [757,111,758,2]
09-16 01:18:10.511 I/sysui_multi_action( 1910): [757,111,758,1]
09-16 01:18:10.511 I/sysui_multi_action( 1910): [757,126,758,1,759,126,927,0,928,0,1593,0]
09-16 01:18:10.511 I/sysui_multi_action( 1910): [757,113,758,1,759,113,927,1,928,1,1593,0]
09-16 01:18:10.511 I/sysui_multi_action( 1910): [757,0,758,1,759,0,927,2,928,0,1593,0]
09-16 01:18:10.511 I/sysui_multi_action( 1910): [757,0,758,1,759,0,927,3,928,1,1593,0]
09-16 01:18:10.511 I/sysui_multi_action( 1910): [757,1706,758,1,759,1706,927,4,928,0,1593,0]
09-16 01:18:10.512 I/sysui_multi_action( 1910): [757,491,758,1,759,491,927,5,928,0,1311,-1,1593,0]
09-16 01:18:10.512 I/sysui_multi_action( 1910): [757,0,758,1,759,0,927,6,1593,0]
09-16 01:18:10.512 I/sysui_multi_action( 1910): [757,114,758,1,759,114,927,7,928,0,1593,0]
09-16 01:18:10.512 I/sysui_multi_action( 1910): [757,268,758,1,759,268,806,com.ss.android.ugc.aweme,871,com.ss.android.ugc.aweme.tile.PublishTileService,927,8,1593,0]
09-16 01:18:10.512 I/sysui_multi_action( 1910): [757,111,758,1]
09-16 01:18:10.512 I/sysui_multi_action( 1910): [757,126,758,1,759,126,927,0,928,0,1593,0]
09-16 01:18:10.513 I/sysui_multi_action( 1910): [757,113,758,1,759,113,927,1,928,1,1593,0]
09-16 01:18:10.513 I/sysui_multi_action( 1910): [757,0,758,1,759,0,927,2,928,0,1593,0]
09-16 01:18:10.513 I/sysui_multi_action( 1910): [757,0,758,1,759,0,927,3,928,1,1593,0]
09-16 01:18:10.918 I/sysui_multi_action( 1128): [757,128,758,1,793,1659646,794,0,795,1659646,796,26,798,1,806,android,857,DEVELOPER_IMPORTANT,858,4,947,0,1395,5,1500,1658886,1688,1]
09-16 01:18:10.918 I/sysui_multi_action( 1128): [757,804,799,note_freshness,801,1659646,802,1]
09-16 01:18:10.919 I/notification_visibility( 1128): [-1|android|26|null|1000,1,1659646,1659646,0,1]
09-16 01:18:10.919 I/sysui_multi_action( 1128): [757,128,758,1,793,1463286,794,0,795,1463286,796,4273,798,2,806,com.android.systemui,857,screen_record,858,3,947,0,1395,5,1500,1463083,1688,1,1745,680407814]
09-16 01:18:10.920 I/sysui_multi_action( 1128): [757,804,799,note_freshness,801,1463286,802,1]
09-16 01:18:10.920 I/notification_visibility( 1128): [0|com.android.systemui|4273|null|10087,1,1463286,1463286,0,2]
09-16 01:18:10.921 I/sysui_multi_action( 1128): [757,128,758,1,793,1659518,794,0,795,1659518,796,55,798,3,806,android,857,DEVELOPER,858,2,947,0,1395,5,1500,1658885,1688,1]
09-16 01:18:10.921 I/sysui_multi_action( 1128): [757,804,799,note_freshness,801,1659518,802,1]
09-16 01:18:10.921 I/notification_visibility( 1128): [-1|android|55|null|1000,1,1659518,1659518,0,3]
09-16 01:18:10.922 I/sysui_multi_action( 1128): [757,128,758,1,793,3981,794,0,795,3981,796,4274,798,0,806,com.android.systemui,857,screen_record,858,3,947,0,1395,5,1500,3776,1688,1]
09-16 01:18:10.922 I/sysui_multi_action( 1128): [757,804,799,note_freshness,801,3981,802,1]
09-16 01:18:10.922 I/notification_visibility( 1128): [0|com.android.systemui|4274|null|10087,1,3981,3981,0,0]
09-16 01:18:10.923 I/sysui_multi_action( 1128): [757,128,758,1,793,1662953,794,0,795,1662953,796,32,798,4,806,android,857,USB,858,1,947,0,1395,5,1500,1662766,1688,1]
09-16 01:18:10.923 I/sysui_multi_action( 1128): [757,804,799,note_freshness,801,1662953,802,1]
09-16 01:18:10.923 I/notification_visibility( 1128): [-1|android|32|null|1000,1,1662953,1662953,0,4]
09-16 01:18:12.501 I/input_interaction( 1128): Interaction with: 59e8c99 NotificationShade (server), edge-swipe (server), swipe-up (server), PointerEventDispatcher0 (server),
09-16 01:18:12.912 I/sysui_multi_action( 1910): [757,366,758,4,759,126,927,0,928,0,1592,0,1593,1]
09-16 01:18:12.946 I/wm_task_created( 1128): [165,-1]
09-16 01:18:12.951 I/wm_task_moved( 1128): [165,1,6]
09-16 01:18:12.952 I/wm_task_to_front( 1128): [0,165]
09-16 01:18:12.952 I/wm_create_task( 1128): [0,165]
09-16 01:18:12.952 I/wm_create_activity( 1128): [0,31592857,165,com.android.settings/.Settings$WifiSettingsActivity,android.settings.WIFI_SETTINGS,NULL,NULL,335544320]
09-16 01:18:12.952 I/wm_task_moved( 1128): [165,1,6]
09-16 01:18:12.953 I/wm_on_top_resumed_lost_called( 2439): [235585230,com.android.launcher3.uioverrides.QuickstepLauncher,topStateChangedWhenResumed]
09-16 01:18:12.958 I/wm_pause_activity( 1128): [0,235585230,com.android.launcher3/.uioverrides.QuickstepLauncher,userLeaving=true,pauseBackTasks]
09-16 01:18:12.968 I/wm_on_paused_called( 2439): [235585230,com.android.launcher3.uioverrides.QuickstepLauncher,performPause]
09-16 01:18:12.977 I/wm_add_to_stopping( 1128): [0,235585230,com.android.launcher3/.uioverrides.QuickstepLauncher,makeInvisible]
09-16 01:18:12.982 I/sysui_multi_action( 1128): [757,803,799,window_time_0,802,9]
09-16 01:18:13.004 I/am_proc_start( 1128): [0,7509,1000,com.android.settings,pre-top-activity,{com.android.settings/com.android.settings.Settings$WifiSettingsActivity}]
09-16 01:18:13.132 I/am_proc_bound( 1128): [0,7509,com.android.settings]
09-16 01:18:13.137 I/wm_restart_activity( 1128): [0,31592857,165,com.android.settings/.Settings$WifiSettingsActivity]
09-16 01:18:13.138 I/wm_set_resumed_activity( 1128): [0,com.android.settings/.Settings$WifiSettingsActivity,minimalResumeActivityLocked]
09-16 01:18:13.210 I/am_uid_active( 1128): 10088
09-16 01:18:13.277 I/netstats_mobile_sample( 1128): [0,0,0,0,0,0,0,0,0,0,0,0,1663262293276]
09-16 01:18:13.277 I/netstats_wifi_sample( 1128): [12996,41,70028,799,12996,41,70028,799,56560,171,53848,676,1663262293276]
09-16 01:18:13.291 I/service_manager_slow( 1128): [10,alarm]
09-16 01:18:13.305 I/netstats_mobile_sample( 1128): [0,0,0,0,0,0,0,0,0,0,0,0,1663262293304]
09-16 01:18:13.305 I/netstats_wifi_sample( 1128): [12996,41,70028,799,12996,41,70028,799,56560,171,53848,676,1663262293304]
09-16 01:18:13.310 I/wm_on_create_called( 7509): [31592857,com.android.settings.Settings$WifiSettingsActivity,performCreate]
09-16 01:18:13.339 I/am_crash( 1128): [7509,0,com.android.settings,952745541,java.lang.ClassCastException,com.android.settings.Settings$WifiSettingsActivity cannot be cast to com.android.settings.homepage.SettingsHomepageActivity,WifiSettings.java,229]
09-16 01:18:13.342 I/wm_finish_activity( 1128): [0,31592857,165,com.android.settings/.Settings$WifiSettingsActivity,force-crash]
09-16 01:18:13.342 I/wm_task_moved( 1128): [1,1,6]
09-16 01:18:13.343 I/wm_task_moved( 1128): [145,1,2147483647]
09-16 01:18:13.343 I/wm_task_to_front( 1128): [0,145]
09-16 01:18:13.343 I/wm_focused_root_task( 1128): [0,0,1,165,finish-top adjustFocusToNextFocusableTask]
09-16 01:18:13.344 I/wm_set_resumed_activity( 1128): [0,com.android.launcher3/.uioverrides.QuickstepLauncher,finish-top adjustFocusToNextFocusableTask]
09-16 01:18:13.389 I/wm_pause_activity( 1128): [0,31592857,com.android.settings/.Settings$WifiSettingsActivity,userLeaving=false,finish]
09-16 01:18:13.396 I/sysui_multi_action( 1128): [757,316,758,4,759,-1]
09-16 01:18:13.396 I/dvm_lock_sample( 1128): [system_server,1,android.display,53,RootWindowContainer.java,3809,void com.android.server.wm.RootWindowContainer$RankTaskLayersRunnable.run(),,0,null,10]
09-16 01:18:13.398 I/dvm_lock_sample( 1128): [system_server,0,android.fg,54,ActivityManagerService.java,13701,int com.android.server.am.ActivityManagerService.broadcastIntentWithFeature(android.app.IApplicationThread, java.lang.String, android.content.Intent, java.lang.String, android.content.IIntentReceiver, int, java.lang.String, android.os.Bundle, java.lang.String[], java.lang.String[], int, android.os.Bundle, boolean, boolean, int),AppErrors.java,636,void com.android.server.am.AppErrors.crashApplicationInner(com.android.server.am.ProcessRecord, android.app.ApplicationErrorReport$CrashInfo, int, int),10]
09-16 01:18:13.403 I/sysui_multi_action( 1128): [757,1144,758,7,806,com.android.settings,871,com.android.settings.Settings$WifiSettingsActivity]
09-16 01:18:13.540 I/am_proc_died( 1128): [0,7509,com.android.settings,0,2]
09-16 01:18:13.551 I/wm_set_resumed_activity( 1128): [0,com.android.launcher3/.uioverrides.QuickstepLauncher,resumeTopActivityInnerLocked]
09-16 01:18:13.552 I/wm_resume_activity( 1128): [0,235585230,145,com.android.launcher3/.uioverrides.QuickstepLauncher]
09-16 01:18:13.557 I/wm_on_resume_called( 2439): [235585230,com.android.launcher3.uioverrides.QuickstepLauncher,RESUME_ACTIVITY]
09-16 01:18:13.707 I/sysui_multi_action( 1910): [757,111,758,2]
09-16 01:18:13.708 I/sysui_multi_action( 1910): [757,111,758,2]
09-16 01:18:13.710 I/wm_task_removed( 1128): [165,removeChild:removeChild last r=ActivityRecord{1e21199 u0 com.android.settings/.Settings$WifiSettingsActivity t-1 f}} in t=Task{b7955f8 #165 type=standard A=1000:com.android.settings U=0 visible=false mode=fullscreen translucent=true sz=0}]
09-16 01:18:13.710 I/wm_task_removed( 1128): [165,removeChild]
09-16 01:18:13.757 I/input_focus( 1128): [Focus request 7ccd273 com.android.launcher3/com.android.launcher3.uioverrides.QuickstepLauncher,reason=UpdateInputWindows]
09-16 01:18:13.762 I/sysui_multi_action( 1910): [757,111,758,1]
09-16 01:18:13.763 I/sysui_multi_action( 1910): [757,126,758,1,759,126,927,0,928,0,1593,0]
09-16 01:18:13.763 I/sysui_multi_action( 1910): [757,113,758,1,759,113,927,1,928,1,1593,1]
09-16 01:18:13.763 I/sysui_multi_action( 1910): [757,0,758,1,759,0,927,2,928,0,1593,1]
09-16 01:18:13.763 I/sysui_multi_action( 1910): [757,0,758,1,759,0,927,3,928,1,1593,1]
09-16 01:18:13.763 I/sysui_multi_action( 1910): [757,1706,758,1,759,1706,927,4,928,0,1593,1]
09-16 01:18:13.764 I/sysui_multi_action( 1910): [757,491,758,1,759,491,927,5,928,0,1311,-1,1593,0]
09-16 01:18:13.764 I/sysui_multi_action( 1910): [757,0,758,1,759,0,927,6,1593,0]
09-16 01:18:13.764 I/sysui_multi_action( 1910): [757,114,758,1,759,114,927,7,928,1,1593,0]
09-16 01:18:13.764 I/sysui_multi_action( 1910): [757,268,758,1,759,268,806,com.ss.android.ugc.aweme,871,com.ss.android.ugc.aweme.tile.PublishTileService,927,8,1593,0]
09-16 01:18:13.764 I/sysui_multi_action( 1910): [757,111,758,1]
09-16 01:18:13.765 I/sysui_multi_action( 1910): [757,126,758,1,759,126,927,0,928,0,1593,1]
09-16 01:18:13.765 I/sysui_multi_action( 1910): [757,113,758,1,759,113,927,1,928,1,1593,1]
09-16 01:18:13.765 I/sysui_multi_action( 1910): [757,0,758,1,759,0,927,2,928,0,1593,1]
09-16 01:18:13.765 I/sysui_multi_action( 1910): [757,0,758,1,759,0,927,3,928,1,1593,1]
09-16 01:18:13.781 I/input_focus( 1128): [Focus leaving 59e8c99 NotificationShade (server),reason=NOT_FOCUSABLE]
09-16 01:18:13.781 I/input_focus( 1128): [Focus entering 7ccd273 com.android.launcher3/com.android.launcher3.uioverrides.QuickstepLauncher (server),reason=setFocusedWindow]
09-16 01:18:13.843 I/wm_on_top_resumed_gained_called( 2439): [235585230,com.android.launcher3.uioverrides.QuickstepLauncher,topStateChangedWhenResumed]
09-16 01:18:13.924 I/sysui_multi_action( 1910): [757,111,758,2]
09-16 01:18:13.925 I/sysui_multi_action( 1910): [757,111,758,2]
09-16 01:18:13.929 I/sysui_multi_action( 1128): [757,128,758,2,793,1662657,794,3011,795,1662657,796,26,798,1,806,android,857,DEVELOPER_IMPORTANT,858,4,947,0,1395,5,1500,1661897,1688,1]
09-16 01:18:13.930 I/notification_visibility( 1128): [-1|android|26|null|1000,0,1662657,1662657,0,1]
09-16 01:18:13.930 I/sysui_multi_action( 1128): [757,128,758,2,793,1466297,794,3011,795,1466297,796,4273,798,2,806,com.android.systemui,857,screen_record,858,3,947,0,1395,5,1500,1466094,1688,1,1745,680407814]
09-16 01:18:13.930 I/notification_visibility( 1128): [0|com.android.systemui|4273|null|10087,0,1466297,1466297,0,2]
09-16 01:18:13.932 I/sysui_multi_action( 1128): [757,128,758,2,793,1662530,794,3012,795,1662530,796,55,798,3,806,android,857,DEVELOPER,858,2,947,0,1395,5,1500,1661897,1688,1]
09-16 01:18:13.932 I/notification_visibility( 1128): [-1|android|55|null|1000,0,1662530,1662530,0,3]
09-16 01:18:13.932 I/sysui_multi_action( 1128): [757,128,758,2,793,6992,794,3011,795,6992,796,4274,798,0,806,com.android.systemui,857,screen_record,858,3,947,0,1395,5,1500,6787,1688,1]
09-16 01:18:13.934 I/notification_visibility( 1128): [0|com.android.systemui|4274|null|10087,0,6992,6992,0,0]
09-16 01:18:13.935 I/sysui_multi_action( 1128): [757,128,758,2,793,1665964,794,3011,795,1665964,796,32,798,4,806,android,857,USB,858,1,947,0,1395,5,1500,1665777,1688,1]
09-16 01:18:13.935 I/notification_visibility( 1128): [-1|android|32|null|1000,0,1665964,1665964,0,4]
09-16 01:18:13.936 I/sysui_multi_action( 1128): [757,127,758,2]
09-16 01:18:13.936 I/notification_panel_hidden( 1128):
09-16 01:18:13.965 I/sysui_multi_action( 1910): [757,111,758,1]
09-16 01:18:13.965 I/sysui_multi_action( 1910): [757,126,758,1,759,126,927,0,928,0,1593,1]
09-16 01:18:13.965 I/sysui_multi_action( 1910): [757,113,758,1,759,113,927,1,928,1,1593,1]
09-16 01:18:13.965 I/sysui_multi_action( 1910): [757,0,758,1,759,0,927,2,928,0,1593,1]
09-16 01:18:13.966 I/sysui_multi_action( 1910): [757,0,758,1,759,0,927,3,928,1,1593,1]
09-16 01:18:13.966 I/sysui_multi_action( 1910): [757,1706,758,1,759,1706,927,4,928,0,1593,1]
09-16 01:18:13.966 I/sysui_multi_action( 1910): [757,491,758,1,759,491,927,5,928,0,1311,-1,1593,0]
09-16 01:18:13.966 I/sysui_multi_action( 1910): [757,0,758,1,759,0,927,6,1593,0]
09-16 01:18:13.966 I/sysui_multi_action( 1910): [757,114,758,1,759,114,927,7,928,1,1593,0]
09-16 01:18:13.966 I/sysui_multi_action( 1910): [757,268,758,1,759,268,806,com.ss.android.ugc.aweme,871,com.ss.android.ugc.aweme.tile.PublishTileService,927,8,1593,0]
09-16 01:18:13.967 I/sysui_multi_action( 1910): [757,111,758,1]
09-16 01:18:13.967 I/sysui_multi_action( 1910): [757,126,758,1,759,126,927,0,928,0,1593,1]
09-16 01:18:13.967 I/sysui_multi_action( 1910): [757,113,758,1,759,113,927,1,928,1,1593,1]
09-16 01:18:13.967 I/sysui_multi_action( 1910): [757,0,758,1,759,0,927,2,928,0,1593,1]
09-16 01:18:13.967 I/sysui_multi_action( 1910): [757,0,758,1,759,0,927,3,928,1,1593,1]
09-16 01:18:16.795 I/input_interaction( 1128): Interaction with: 78ba0c1 StatusBar (server), edge-swipe (server), swipe-up (server), PointerEventDispatcher0 (server),
09-16 01:18:16.814 I/sysui_multi_action( 1910): [757,803,799,panel_open,802,1]
09-16 01:18:16.817 I/sysui_multi_action( 1910): [757,1328,758,4,1326,50,1327,0,1329,0]
09-16 01:18:17.029 I/sysui_multi_action( 1128): [757,127,758,1]
09-16 01:18:17.029 I/sysui_multi_action( 1128): [757,804,799,note_load,801,5,802,1]
09-16 01:18:17.029 I/notification_panel_revealed( 1128): 5
09-16 01:18:17.031 I/sysui_multi_action( 1910): [757,111,758,2]
09-16 01:18:17.032 I/sysui_multi_action( 1910): [757,111,758,2]
09-16 01:18:17.055 I/input_focus( 1128): [Focus request 59e8c99 NotificationShade,reason=UpdateInputWindows]
09-16 01:18:17.059 I/sysui_multi_action( 1910): [757,111,758,1]
09-16 01:18:17.059 I/sysui_multi_action( 1910): [757,126,758,1,759,126,927,0,928,0,1593,1]
09-16 01:18:17.059 I/sysui_multi_action( 1910): [757,113,758,1,759,113,927,1,928,1,1593,1]
09-16 01:18:17.059 I/sysui_multi_action( 1910): [757,0,758,1,759,0,927,2,928,0,1593,1]
09-16 01:18:17.059 I/sysui_multi_action( 1910): [757,0,758,1,759,0,927,3,928,1,1593,1]
09-16 01:18:17.059 I/sysui_multi_action( 1910): [757,1706,758,1,759,1706,927,4,928,0,1593,1]
09-16 01:18:17.060 I/sysui_multi_action( 1910): [757,491,758,1,759,491,927,5,928,0,1311,-1,1593,0]
09-16 01:18:17.060 I/sysui_multi_action( 1910): [757,0,758,1,759,0,927,6,1593,0]
09-16 01:18:17.060 I/sysui_multi_action( 1910): [757,114,758,1,759,114,927,7,928,1,1593,0]
09-16 01:18:17.060 I/sysui_multi_action( 1910): [757,268,758,1,759,268,806,com.ss.android.ugc.aweme,871,com.ss.android.ugc.aweme.tile.PublishTileService,927,8,1593,0]
09-16 01:18:17.060 I/sysui_multi_action( 1910): [757,111,758,1]
09-16 01:18:17.060 I/sysui_multi_action( 1910): [757,126,758,1,759,126,927,0,928,0,1593,1]
09-16 01:18:17.060 I/sysui_multi_action( 1910): [757,113,758,1,759,113,927,1,928,1,1593,1]
09-16 01:18:17.060 I/sysui_multi_action( 1910): [757,0,758,1,759,0,927,2,928,0,1593,1]
09-16 01:18:17.060 I/sysui_multi_action( 1910): [757,0,758,1,759,0,927,3,928,1,1593,1]
09-16 01:18:17.073 I/sysui_multi_action( 1910): [757,111,758,2]
09-16 01:18:17.074 I/sysui_multi_action( 1910): [757,111,758,2]
09-16 01:18:17.078 I/sysui_multi_action( 1910): [757,111,758,1]
09-16 01:18:17.078 I/sysui_multi_action( 1910): [757,126,758,1,759,126,927,0,928,0,1593,1]
09-16 01:18:17.078 I/sysui_multi_action( 1910): [757,113,758,1,759,113,927,1,928,1,1593,1]
09-16 01:18:17.078 I/sysui_multi_action( 1910): [757,0,758,1,759,0,927,2,928,0,1593,1]
09-16 01:18:17.079 I/sysui_multi_action( 1910): [757,0,758,1,759,0,927,3,928,1,1593,1]
09-16 01:18:17.079 I/sysui_multi_action( 1910): [757,1706,758,1,759,1706,927,4,928,0,1593,1]
09-16 01:18:17.079 I/sysui_multi_action( 1910): [757,491,758,1,759,491,927,5,928,0,1311,-1,1593,1]
09-16 01:18:17.079 I/sysui_multi_action( 1910): [757,0,758,1,759,0,927,6,1593,1]
09-16 01:18:17.079 I/sysui_multi_action( 1910): [757,114,758,1,759,114,927,7,928,1,1593,1]
09-16 01:18:17.079 I/sysui_multi_action( 1910): [757,268,758,1,759,268,806,com.ss.android.ugc.aweme,871,com.ss.android.ugc.aweme.tile.PublishTileService,927,8,1593,1]
09-16 01:18:17.079 I/sysui_multi_action( 1910): [757,111,758,1]
09-16 01:18:17.080 I/sysui_multi_action( 1910): [757,126,758,1,759,126,927,0,928,0,1593,1]
09-16 01:18:17.080 I/sysui_multi_action( 1910): [757,113,758,1,759,113,927,1,928,1,1593,1]
09-16 01:18:17.080 I/sysui_multi_action( 1910): [757,0,758,1,759,0,927,2,928,0,1593,1]
09-16 01:18:17.080 I/sysui_multi_action( 1910): [757,0,758,1,759,0,927,3,928,1,1593,1]
09-16 01:18:17.093 I/input_focus( 1128): [Focus leaving 7ccd273 com.android.launcher3/com.android.launcher3.uioverrides.QuickstepLauncher (server),reason=setFocusedWindow]
09-16 01:18:17.094 I/input_focus( 1128): [Focus entering 59e8c99 NotificationShade (server),reason=setFocusedWindow]
09-16 01:18:17.095 I/sysui_multi_action( 1910): [757,111,758,2]
09-16 01:18:17.096 I/sysui_multi_action( 1910): [757,111,758,2]
09-16 01:18:17.101 I/sysui_multi_action( 1910): [757,111,758,1]
09-16 01:18:17.102 I/sysui_multi_action( 1910): [757,126,758,1,759,126,927,0,928,0,1593,1]
09-16 01:18:17.102 I/sysui_multi_action( 1910): [757,113,758,1,759,113,927,1,928,1,1593,1]
09-16 01:18:17.102 I/sysui_multi_action( 1910): [757,0,758,1,759,0,927,2,928,0,1593,1]
09-16 01:18:17.102 I/sysui_multi_action( 1910): [757,0,758,1,759,0,927,3,928,1,1593,1]
09-16 01:18:17.102 I/sysui_multi_action( 1910): [757,1706,758,1,759,1706,927,4,928,0,1593,1]
09-16 01:18:17.102 I/sysui_multi_action( 1910): [757,491,758,1,759,491,927,5,928,0,1311,-1,1593,1]
09-16 01:18:17.103 I/sysui_multi_action( 1910): [757,0,758,1,759,0,927,6,1593,1]
09-16 01:18:17.103 I/sysui_multi_action( 1910): [757,114,758,1,759,114,927,7,928,1,1593,1]
09-16 01:18:17.103 I/sysui_multi_action( 1910): [757,268,758,1,759,268,806,com.ss.android.ugc.aweme,871,com.ss.android.ugc.aweme.tile.PublishTileService,927,8,1593,1]
09-16 01:18:17.103 I/sysui_multi_action( 1910): [757,111,758,1]
09-16 01:18:17.103 I/sysui_multi_action( 1910): [757,126,758,1,759,126,927,0,928,0,1593,1]
09-16 01:18:17.103 I/sysui_multi_action( 1910): [757,113,758,1,759,113,927,1,928,1,1593,1]
09-16 01:18:17.103 I/sysui_multi_action( 1910): [757,0,758,1,759,0,927,2,928,0,1593,1]
09-16 01:18:17.103 I/sysui_multi_action( 1910): [757,0,758,1,759,0,927,3,928,1,1593,1]
09-16 01:18:17.114 I/sysui_multi_action( 1910): [757,111,758,2]
09-16 01:18:17.115 I/sysui_multi_action( 1910): [757,111,758,2]
09-16 01:18:17.119 I/sysui_multi_action( 1910): [757,111,758,1]
09-16 01:18:17.119 I/sysui_multi_action( 1910): [757,126,758,1,759,126,927,0,928,0,1593,1]
09-16 01:18:17.119 I/sysui_multi_action( 1910): [757,113,758,1,759,113,927,1,928,1,1593,1]
09-16 01:18:17.119 I/sysui_multi_action( 1910): [757,0,758,1,759,0,927,2,928,0,1593,1]
09-16 01:18:17.119 I/sysui_multi_action( 1910): [757,0,758,1,759,0,927,3,928,1,1593,1]
09-16 01:18:17.119 I/sysui_multi_action( 1910): [757,1706,758,1,759,1706,927,4,928,0,1593,1]
09-16 01:18:17.120 I/sysui_multi_action( 1910): [757,491,758,1,759,491,927,5,928,0,1311,-1,1593,1]
09-16 01:18:17.120 I/sysui_multi_action( 1910): [757,0,758,1,759,0,927,6,1593,1]
09-16 01:18:17.120 I/sysui_multi_action( 1910): [757,114,758,1,759,114,927,7,928,1,1593,1]
09-16 01:18:17.120 I/sysui_multi_action( 1910): [757,268,758,1,759,268,806,com.ss.android.ugc.aweme,871,com.ss.android.ugc.aweme.tile.PublishTileService,927,8,1593,1]
09-16 01:18:17.120 I/sysui_multi_action( 1910): [757,111,758,1]
09-16 01:18:17.120 I/sysui_multi_action( 1910): [757,126,758,1,759,126,927,0,928,0,1593,1]
09-16 01:18:17.120 I/sysui_multi_action( 1910): [757,113,758,1,759,113,927,1,928,1,1593,1]
09-16 01:18:17.120 I/sysui_multi_action( 1910): [757,0,758,1,759,0,927,2,928,0,1593,1]
09-16 01:18:17.120 I/sysui_multi_action( 1910): [757,0,758,1,759,0,927,3,928,1,1593,1]
09-16 01:18:17.139 I/sysui_multi_action( 1910): [757,111,758,2]
09-16 01:18:17.140 I/sysui_multi_action( 1910): [757,111,758,2]
09-16 01:18:17.144 I/sysui_multi_action( 1910): [757,111,758,1]
09-16 01:18:17.144 I/sysui_multi_action( 1910): [757,126,758,1,759,126,927,0,928,0,1593,1]
09-16 01:18:17.144 I/sysui_multi_action( 1910): [757,113,758,1,759,113,927,1,928,1,1593,1]
09-16 01:18:17.144 I/sysui_multi_action( 1910): [757,0,758,1,759,0,927,2,928,0,1593,1]
09-16 01:18:17.144 I/sysui_multi_action( 1910): [757,0,758,1,759,0,927,3,928,1,1593,1]
09-16 01:18:17.144 I/sysui_multi_action( 1910): [757,1706,758,1,759,1706,927,4,928,0,1593,1]
09-16 01:18:17.145 I/sysui_multi_action( 1910): [757,491,758,1,759,491,927,5,928,0,1311,-1,1593,1]
09-16 01:18:17.145 I/sysui_multi_action( 1910): [757,0,758,1,759,0,927,6,1593,1]
09-16 01:18:17.145 I/sysui_multi_action( 1910): [757,114,758,1,759,114,927,7,928,1,1593,1]
09-16 01:18:17.145 I/sysui_multi_action( 1910): [757,268,758,1,759,268,806,com.ss.android.ugc.aweme,871,com.ss.android.ugc.aweme.tile.PublishTileService,927,8,1593,1]
09-16 01:18:17.145 I/sysui_multi_action( 1910): [757,111,758,1]
09-16 01:18:17.145 I/sysui_multi_action( 1910): [757,126,758,1,759,126,927,0,928,0,1593,0]
09-16 01:18:17.145 I/sysui_multi_action( 1910): [757,113,758,1,759,113,927,1,928,1,1593,0]
09-16 01:18:17.146 I/sysui_multi_action( 1910): [757,0,758,1,759,0,927,2,928,0,1593,0]
09-16 01:18:17.146 I/sysui_multi_action( 1910): [757,0,758,1,759,0,927,3,928,1,1593,0]
09-16 01:18:17.574 I/sysui_multi_action( 1128): [757,128,758,1,793,1666302,794,0,795,1666302,796,26,798,1,806,android,857,DEVELOPER_IMPORTANT,858,4,947,0,1395,5,1500,1665542,1688,1]
09-16 01:18:17.574 I/sysui_multi_action( 1128): [757,804,799,note_freshness,801,1666302,802,1]
09-16 01:18:17.574 I/notification_visibility( 1128): [-1|android|26|null|1000,1,1666302,1666302,0,1]
09-16 01:18:17.575 I/sysui_multi_action( 1128): [757,128,758,1,793,1469942,794,0,795,1469942,796,4273,798,2,806,com.android.systemui,857,screen_record,858,3,947,0,1395,5,1500,1469739,1688,1,1745,680407814]
09-16 01:18:17.576 I/sysui_multi_action( 1128): [757,804,799,note_freshness,801,1469942,802,1]
09-16 01:18:17.576 I/notification_visibility( 1128): [0|com.android.systemui|4273|null|10087,1,1469942,1469942,0,2]
09-16 01:18:17.576 I/sysui_multi_action( 1128): [757,128,758,1,793,1666174,794,0,795,1666174,796,55,798,3,806,android,857,DEVELOPER,858,2,947,0,1395,5,1500,1665541,1688,1]
09-16 01:18:17.577 I/sysui_multi_action( 1128): [757,804,799,note_freshness,801,1666174,802,1]
09-16 01:18:17.577 I/notification_visibility( 1128): [-1|android|55|null|1000,1,1666174,1666174,0,3]
09-16 01:18:17.578 I/sysui_multi_action( 1128): [757,128,758,1,793,10637,794,0,795,10637,796,4274,798,0,806,com.android.systemui,857,screen_record,858,3,947,0,1395,5,1500,10432,1688,1]
09-16 01:18:17.578 I/sysui_multi_action( 1128): [757,804,799,note_freshness,801,10637,802,1]
09-16 01:18:17.578 I/notification_visibility( 1128): [0|com.android.systemui|4274|null|10087,1,10637,10637,0,0]
09-16 01:18:17.579 I/sysui_multi_action( 1128): [757,128,758,1,793,1669609,794,0,795,1669609,796,32,798,4,806,android,857,USB,858,1,947,0,1395,5,1500,1669422,1688,1]
09-16 01:18:17.579 I/sysui_multi_action( 1128): [757,804,799,note_freshness,801,1669609,802,1]
09-16 01:18:17.579 I/notification_visibility( 1128): [-1|android|32|null|1000,1,1669609,1669609,0,4]
09-16 01:18:18.878 I/input_interaction( 1128): Interaction with: 59e8c99 NotificationShade (server), edge-swipe (server), swipe-up (server), PointerEventDispatcher0 (server),
09-16 01:18:19.293 I/sysui_multi_action( 1910): [757,366,758,4,759,126,927,0,928,0,1592,0,1593,1]
09-16 01:18:19.319 I/wm_task_created( 1128): [166,-1]
09-16 01:18:19.324 I/wm_task_moved( 1128): [166,1,6]
09-16 01:18:19.325 I/wm_task_to_front( 1128): [0,166]
09-16 01:18:19.325 I/wm_create_task( 1128): [0,166]
09-16 01:18:19.325 I/wm_create_activity( 1128): [0,11297999,166,com.android.settings/.Settings$WifiSettingsActivity,android.settings.WIFI_SETTINGS,NULL,NULL,335544320]
09-16 01:18:19.325 I/wm_task_moved( 1128): [166,1,6]
09-16 01:18:19.326 I/wm_on_top_resumed_lost_called( 2439): [235585230,com.android.launcher3.uioverrides.QuickstepLauncher,topStateChangedWhenResumed]
09-16 01:18:19.328 I/wm_pause_activity( 1128): [0,235585230,com.android.launcher3/.uioverrides.QuickstepLauncher,userLeaving=true,pauseBackTasks]
09-16 01:18:19.337 I/wm_on_paused_called( 2439): [235585230,com.android.launcher3.uioverrides.QuickstepLauncher,performPause]
09-16 01:18:19.341 I/wm_add_to_stopping( 1128): [0,235585230,com.android.launcher3/.uioverrides.QuickstepLauncher,makeInvisible]
09-16 01:18:19.352 I/sysui_multi_action( 1128): [757,803,799,window_time_0,802,7]
09-16 01:18:19.380 I/am_proc_start( 1128): [0,7551,1000,com.android.settings,pre-top-activity,{com.android.settings/com.android.settings.Settings$WifiSettingsActivity}]
09-16 01:18:19.424 I/am_proc_bound( 1128): [0,7551,com.android.settings]
09-16 01:18:19.427 I/wm_restart_activity( 1128): [0,11297999,166,com.android.settings/.Settings$WifiSettingsActivity]
09-16 01:18:19.428 I/wm_set_resumed_activity( 1128): [0,com.android.settings/.Settings$WifiSettingsActivity,minimalResumeActivityLocked]
09-16 01:18:19.563 I/netstats_mobile_sample( 1128): [0,0,0,0,0,0,0,0,0,0,0,0,1663262299563]
09-16 01:18:19.563 I/netstats_wifi_sample( 1128): [12996,41,70028,799,12996,41,70028,799,56560,171,53848,676,1663262299563]
09-16 01:18:19.589 I/netstats_mobile_sample( 1128): [0,0,0,0,0,0,0,0,0,0,0,0,1663262299589]
09-16 01:18:19.590 I/netstats_wifi_sample( 1128): [12996,41,70028,799,12996,41,70028,799,56560,171,53848,676,1663262299589]
09-16 01:18:19.594 I/wm_on_create_called( 7551): [11297999,com.android.settings.Settings$WifiSettingsActivity,performCreate]
09-16 01:18:19.621 I/am_crash( 1128): [7551,0,com.android.settings,952745541,java.lang.ClassCastException,com.android.settings.Settings$WifiSettingsActivity cannot be cast to com.android.settings.homepage.SettingsHomepageActivity,WifiSettings.java,229]
09-16 01:18:19.624 I/wm_finish_activity( 1128): [0,11297999,166,com.android.settings/.Settings$WifiSettingsActivity,force-crash]
09-16 01:18:19.624 I/wm_task_moved( 1128): [1,1,6]
09-16 01:18:19.625 I/wm_task_moved( 1128): [145,1,2147483647]
09-16 01:18:19.625 I/wm_task_to_front( 1128): [0,145]
09-16 01:18:19.625 I/wm_focused_root_task( 1128): [0,0,1,166,finish-top adjustFocusToNextFocusableTask]
09-16 01:18:19.625 I/wm_set_resumed_activity( 1128): [0,com.android.launcher3/.uioverrides.QuickstepLauncher,finish-top adjustFocusToNextFocusableTask]
09-16 01:18:19.656 I/wm_pause_activity( 1128): [0,11297999,com.android.settings/.Settings$WifiSettingsActivity,userLeaving=false,finish]
09-16 01:18:19.661 I/sysui_multi_action( 1128): [757,316,758,4,759,-1]
09-16 01:18:19.664 I/sysui_multi_action( 1128): [757,1144,758,7,806,com.android.settings,871,com.android.settings.Settings$WifiSettingsActivity]
09-16 01:18:19.703 I/am_proc_died( 1128): [0,7551,com.android.settings,0,2]
09-16 01:18:19.717 I/wm_set_resumed_activity( 1128): [0,com.android.launcher3/.uioverrides.QuickstepLauncher,resumeTopActivityInnerLocked]
09-16 01:18:19.719 I/wm_resume_activity( 1128): [0,235585230,145,com.android.launcher3/.uioverrides.QuickstepLauncher]
09-16 01:18:19.720 I/wm_on_resume_called( 2439): [235585230,com.android.launcher3.uioverrides.QuickstepLauncher,RESUME_ACTIVITY]
09-16 01:18:20.078 I/sysui_multi_action( 1910): [757,111,758,2]
09-16 01:18:20.079 I/sysui_multi_action( 1910): [757,111,758,2]
09-16 01:18:20.079 I/wm_task_removed( 1128): [166,removeChild:removeChild last r=ActivityRecord{ac64cf u0 com.android.settings/.Settings$WifiSettingsActivity t-1 f}} in t=Task{51d81de #166 type=standard A=1000:com.android.settings U=0 visible=false mode=fullscreen translucent=true sz=0}]
09-16 01:18:20.079 I/wm_task_removed( 1128): [166,removeChild]
09-16 01:18:20.123 I/input_focus( 1128): [Focus request 7ccd273 com.android.launcher3/com.android.launcher3.uioverrides.QuickstepLauncher,reason=UpdateInputWindows]
09-16 01:18:20.127 I/wm_on_top_resumed_gained_called( 2439): [235585230,com.android.launcher3.uioverrides.QuickstepLauncher,topStateChangedWhenResumed]
09-16 01:18:20.131 I/sysui_multi_action( 1910): [757,111,758,1]
09-16 01:18:20.132 I/sysui_multi_action( 1910): [757,126,758,1,759,126,927,0,928,0,1593,1]
09-16 01:18:20.133 I/sysui_multi_action( 1910): [757,113,758,1,759,113,927,1,928,1,1593,1]
09-16 01:18:20.133 I/sysui_multi_action( 1910): [757,0,758,1,759,0,927,2,928,0,1593,1]
09-16 01:18:20.133 I/sysui_multi_action( 1910): [757,0,758,1,759,0,927,3,928,1,1593,1]
09-16 01:18:20.134 I/sysui_multi_action( 1910): [757,1706,758,1,759,1706,927,4,928,0,1593,1]
09-16 01:18:20.134 I/sysui_multi_action( 1910): [757,491,758,1,759,491,927,5,928,0,1311,-1,1593,0]
09-16 01:18:20.135 I/sysui_multi_action( 1910): [757,0,758,1,759,0,927,6,1593,0]
09-16 01:18:20.135 I/sysui_multi_action( 1910): [757,114,758,1,759,114,927,7,928,1,1593,0]
09-16 01:18:20.135 I/sysui_multi_action( 1910): [757,268,758,1,759,268,806,com.ss.android.ugc.aweme,871,com.ss.android.ugc.aweme.tile.PublishTileService,927,8,1593,0]
09-16 01:18:20.135 I/sysui_multi_action( 1910): [757,111,758,1]
09-16 01:18:20.135 I/sysui_multi_action( 1910): [757,126,758,1,759,126,927,0,928,0,1593,1]
09-16 01:18:20.136 I/sysui_multi_action( 1910): [757,113,758,1,759,113,927,1,928,1,1593,1]
09-16 01:18:20.136 I/sysui_multi_action( 1910): [757,0,758,1,759,0,927,2,928,0,1593,1]
09-16 01:18:20.136 I/sysui_multi_action( 1910): [757,0,758,1,759,0,927,3,928,1,1593,1]
09-16 01:18:20.147 I/sysui_multi_action( 1128): [757,128,758,2,793,1668875,794,2573,795,1668875,796,26,798,1,806,android,857,DEVELOPER_IMPORTANT,858,4,947,0,1395,5,1500,1668115,1688,1]
09-16 01:18:20.148 I/notification_visibility( 1128): [-1|android|26|null|1000,0,1668875,1668875,0,1]
09-16 01:18:20.148 I/sysui_multi_action( 1128): [757,128,758,2,793,1472515,794,2573,795,1472515,796,4273,798,2,806,com.android.systemui,857,screen_record,858,3,947,0,1395,5,1500,1472312,1688,1,1745,680407814]
09-16 01:18:20.148 I/notification_visibility( 1128): [0|com.android.systemui|4273|null|10087,0,1472515,1472515,0,2]
09-16 01:18:20.149 I/sysui_multi_action( 1910): [757,111,758,2]
09-16 01:18:20.149 I/sysui_multi_action( 1128): [757,128,758,2,793,1668746,794,2572,795,1668746,796,55,798,3,806,android,857,DEVELOPER,858,2,947,0,1395,5,1500,1668113,1688,1]
09-16 01:18:20.149 I/sysui_multi_action( 1910): [757,111,758,2]
09-16 01:18:20.149 I/notification_visibility( 1128): [-1|android|55|null|1000,0,1668746,1668746,0,3]
09-16 01:18:20.150 I/sysui_multi_action( 1128): [757,128,758,2,793,13209,794,2572,795,13209,796,4274,798,0,806,com.android.systemui,857,screen_record,858,3,947,0,1395,5,1500,13004,1688,1]
09-16 01:18:20.150 I/notification_visibility( 1128): [0|com.android.systemui|4274|null|10087,0,13209,13209,0,0]
09-16 01:18:20.150 I/sysui_multi_action( 1128): [757,128,758,2,793,1672180,794,2571,795,1672180,796,32,798,4,806,android,857,USB,858,1,947,0,1395,5,1500,1671993,1688,1]
09-16 01:18:20.150 I/notification_visibility( 1128): [-1|android|32|null|1000,0,1672180,1672180,0,4]
09-16 01:18:20.151 I/sysui_multi_action( 1128): [757,127,758,2]
09-16 01:18:20.152 I/notification_panel_hidden( 1128):
09-16 01:18:20.152 I/input_focus( 1128): [Focus leaving 59e8c99 NotificationShade (server),reason=NOT_FOCUSABLE]
09-16 01:18:20.152 I/input_focus( 1128): [Focus entering 7ccd273 com.android.launcher3/com.android.launcher3.uioverrides.QuickstepLauncher (server),reason=setFocusedWindow]
09-16 01:18:20.175 I/sysui_multi_action( 1910): [757,111,758,1]
09-16 01:18:20.175 I/sysui_multi_action( 1910): [757,126,758,1,759,126,927,0,928,0,1593,1]
09-16 01:18:20.175 I/sysui_multi_action( 1910): [757,113,758,1,759,113,927,1,928,1,1593,1]
09-16 01:18:20.175 I/sysui_multi_action( 1910): [757,0,758,1,759,0,927,2,928,0,1593,1]
09-16 01:18:20.175 I/sysui_multi_action( 1910): [757,0,758,1,759,0,927,3,928,1,1593,1]
09-16 01:18:20.176 I/sysui_multi_action( 1910): [757,1706,758,1,759,1706,927,4,928,0,1593,1]
09-16 01:18:20.176 I/sysui_multi_action( 1910): [757,491,758,1,759,491,927,5,928,0,1311,-1,1593,0]
09-16 01:18:20.176 I/sysui_multi_action( 1910): [757,0,758,1,759,0,927,6,1593,0]
09-16 01:18:20.176 I/sysui_multi_action( 1910): [757,114,758,1,759,114,927,7,928,1,1593,0]
09-16 01:18:20.176 I/sysui_multi_action( 1910): [757,268,758,1,759,268,806,com.ss.android.ugc.aweme,871,com.ss.android.ugc.aweme.tile.PublishTileService,927,8,1593,0]
09-16 01:18:20.176 I/sysui_multi_action( 1910): [757,111,758,1]
09-16 01:18:20.177 I/sysui_multi_action( 1910): [757,126,758,1,759,126,927,0,928,0,1593,1]
09-16 01:18:20.177 I/sysui_multi_action( 1910): [757,113,758,1,759,113,927,1,928,1,1593,1]
09-16 01:18:20.177 I/sysui_multi_action( 1910): [757,0,758,1,759,0,927,2,928,0,1593,1]
09-16 01:18:20.178 I/sysui_multi_action( 1910): [757,0,758,1,759,0,927,3,928,1,1593,1]
09-16 01:18:20.186 I/view_enqueue_input_event( 1910): [Motion - Cancel,NotificationShade]
09-16 01:18:30.423 I/am_uid_idle( 1128): 10074
09-16 01:18:31.362 I/input_interaction( 1128): Interaction with: 78ba0c1 StatusBar (server), edge-swipe (server), swipe-up (server), PointerEventDispatcher0 (server),
09-16 01:18:31.384 I/sysui_multi_action( 1910): [757,803,799,panel_open,802,1]
09-16 01:18:31.388 I/sysui_multi_action( 1910): [757,1328,758,4,1326,52,1327,0,1329,0]
09-16 01:18:31.588 I/sysui_multi_action( 1128): [757,127,758,1]
09-16 01:18:31.589 I/sysui_multi_action( 1128): [757,804,799,note_load,801,5,802,1]
09-16 01:18:31.590 I/notification_panel_revealed( 1128): 5
09-16 01:18:31.591 I/sysui_multi_action( 1910): [757,111,758,2]
09-16 01:18:31.592 I/sysui_multi_action( 1910): [757,111,758,2]
09-16 01:18:31.614 I/input_focus( 1128): [Focus request 59e8c99 NotificationShade,reason=UpdateInputWindows]
09-16 01:18:31.618 I/sysui_multi_action( 1910): [757,111,758,1]
09-16 01:18:31.618 I/sysui_multi_action( 1910): [757,126,758,1,759,126,927,0,928,0,1593,0]
09-16 01:18:31.618 I/sysui_multi_action( 1910): [757,113,758,1,759,113,927,1,928,1,1593,0]
09-16 01:18:31.618 I/sysui_multi_action( 1910): [757,0,758,1,759,0,927,2,928,0,1593,0]
09-16 01:18:31.618 I/sysui_multi_action( 1910): [757,0,758,1,759,0,927,3,928,1,1593,0]
09-16 01:18:31.618 I/sysui_multi_action( 1910): [757,1706,758,1,759,1706,927,4,928,0,1593,0]
09-16 01:18:31.619 I/sysui_multi_action( 1910): [757,491,758,1,759,491,927,5,928,0,1311,-1,1593,0]
09-16 01:18:31.619 I/sysui_multi_action( 1910): [757,0,758,1,759,0,927,6,1593,0]
09-16 01:18:31.619 I/sysui_multi_action( 1910): [757,114,758,1,759,114,927,7,928,1,1593,0]
09-16 01:18:31.619 I/sysui_multi_action( 1910): [757,268,758,1,759,268,806,com.ss.android.ugc.aweme,871,com.ss.android.ugc.aweme.tile.PublishTileService,927,8,1593,0]
09-16 01:18:31.619 I/sysui_multi_action( 1910): [757,111,758,1]
09-16 01:18:31.619 I/sysui_multi_action( 1910): [757,126,758,1,759,126,927,0,928,0,1593,1]
09-16 01:18:31.619 I/sysui_multi_action( 1910): [757,113,758,1,759,113,927,1,928,1,1593,1]
09-16 01:18:31.620 I/sysui_multi_action( 1910): [757,0,758,1,759,0,927,2,928,0,1593,1]
09-16 01:18:31.620 I/sysui_multi_action( 1910): [757,0,758,1,759,0,927,3,928,1,1593,1]
09-16 01:18:31.643 I/sysui_multi_action( 1910): [757,111,758,2]
09-16 01:18:31.643 I/sysui_multi_action( 1910): [757,111,758,2]
09-16 01:18:31.647 I/sysui_multi_action( 1910): [757,111,758,1]
09-16 01:18:31.647 I/sysui_multi_action( 1910): [757,126,758,1,759,126,927,0,928,0,1593,1]
09-16 01:18:31.647 I/sysui_multi_action( 1910): [757,113,758,1,759,113,927,1,928,1,1593,1]
09-16 01:18:31.647 I/sysui_multi_action( 1910): [757,0,758,1,759,0,927,2,928,0,1593,1]
09-16 01:18:31.648 I/sysui_multi_action( 1910): [757,0,758,1,759,0,927,3,928,1,1593,1]
09-16 01:18:31.648 I/sysui_multi_action( 1910): [757,1706,758,1,759,1706,927,4,928,0,1593,1]
09-16 01:18:31.648 I/sysui_multi_action( 1910): [757,491,758,1,759,491,927,5,928,0,1311,-1,1593,1]
09-16 01:18:31.648 I/sysui_multi_action( 1910): [757,0,758,1,759,0,927,6,1593,1]
09-16 01:18:31.648 I/sysui_multi_action( 1910): [757,114,758,1,759,114,927,7,928,1,1593,1]
09-16 01:18:31.648 I/sysui_multi_action( 1910): [757,268,758,1,759,268,806,com.ss.android.ugc.aweme,871,com.ss.android.ugc.aweme.tile.PublishTileService,927,8,1593,1]
09-16 01:18:31.648 I/sysui_multi_action( 1910): [757,111,758,1]
09-16 01:18:31.649 I/sysui_multi_action( 1910): [757,126,758,1,759,126,927,0,928,0,1593,1]
09-16 01:18:31.649 I/sysui_multi_action( 1910): [757,113,758,1,759,113,927,1,928,1,1593,1]
09-16 01:18:31.649 I/sysui_multi_action( 1910): [757,0,758,1,759,0,927,2,928,0,1593,1]
09-16 01:18:31.649 I/sysui_multi_action( 1910): [757,0,758,1,759,0,927,3,928,1,1593,1]
09-16 01:18:31.657 I/input_focus( 1128): [Focus leaving 7ccd273 com.android.launcher3/com.android.launcher3.uioverrides.QuickstepLauncher (server),reason=Waiting for window because NOT_VISIBLE]
09-16 01:18:31.666 I/sysui_multi_action( 1910): [757,111,758,2]
09-16 01:18:31.666 I/sysui_multi_action( 1910): [757,111,758,2]
09-16 01:18:31.673 I/sysui_multi_action( 1910): [757,111,758,1]
09-16 01:18:31.673 I/sysui_multi_action( 1910): [757,126,758,1,759,126,927,0,928,0,1593,1]
09-16 01:18:31.673 I/sysui_multi_action( 1910): [757,113,758,1,759,113,927,1,928,1,1593,1]
09-16 01:18:31.673 I/sysui_multi_action( 1910): [757,0,758,1,759,0,927,2,928,0,1593,1]
09-16 01:18:31.673 I/input_focus( 1128): [Focus entering 59e8c99 NotificationShade (server),reason=Window became focusable. Previous reason: NOT_VISIBLE]
09-16 01:18:31.673 I/sysui_multi_action( 1910): [757,0,758,1,759,0,927,3,928,1,1593,1]
09-16 01:18:31.674 I/sysui_multi_action( 1910): [757,1706,758,1,759,1706,927,4,928,0,1593,1]
09-16 01:18:31.674 I/sysui_multi_action( 1910): [757,491,758,1,759,491,927,5,928,0,1311,-1,1593,1]
09-16 01:18:31.674 I/sysui_multi_action( 1910): [757,0,758,1,759,0,927,6,1593,1]
09-16 01:18:31.674 I/sysui_multi_action( 1910): [757,114,758,1,759,114,927,7,928,1,1593,1]
09-16 01:18:31.674 I/sysui_multi_action( 1910): [757,268,758,1,759,268,806,com.ss.android.ugc.aweme,871,com.ss.android.ugc.aweme.tile.PublishTileService,927,8,1593,1]
09-16 01:18:31.674 I/sysui_multi_action( 1910): [757,111,758,1]
09-16 01:18:31.674 I/sysui_multi_action( 1910): [757,126,758,1,759,126,927,0,928,0,1593,1]
09-16 01:18:31.675 I/sysui_multi_action( 1910): [757,113,758,1,759,113,927,1,928,1,1593,1]
09-16 01:18:31.675 I/sysui_multi_action( 1910): [757,0,758,1,759,0,927,2,928,0,1593,1]
09-16 01:18:31.675 I/sysui_multi_action( 1910): [757,0,758,1,759,0,927,3,928,1,1593,1]
09-16 01:18:31.684 I/sysui_multi_action( 1910): [757,111,758,2]
09-16 01:18:31.684 I/sysui_multi_action( 1910): [757,111,758,2]
09-16 01:18:31.688 I/sysui_multi_action( 1910): [757,111,758,1]
09-16 01:18:31.688 I/sysui_multi_action( 1910): [757,126,758,1,759,126,927,0,928,0,1593,1]
09-16 01:18:31.688 I/sysui_multi_action( 1910): [757,113,758,1,759,113,927,1,928,1,1593,1]
09-16 01:18:31.688 I/sysui_multi_action( 1910): [757,0,758,1,759,0,927,2,928,0,1593,1]
09-16 01:18:31.689 I/sysui_multi_action( 1910): [757,0,758,1,759,0,927,3,928,1,1593,1]
09-16 01:18:31.689 I/sysui_multi_action( 1910): [757,1706,758,1,759,1706,927,4,928,0,1593,1]
09-16 01:18:31.689 I/sysui_multi_action( 1910): [757,491,758,1,759,491,927,5,928,0,1311,-1,1593,1]
09-16 01:18:31.689 I/sysui_multi_action( 1910): [757,0,758,1,759,0,927,6,1593,1]
09-16 01:18:31.689 I/sysui_multi_action( 1910): [757,114,758,1,759,114,927,7,928,1,1593,1]
09-16 01:18:31.689 I/sysui_multi_action( 1910): [757,268,758,1,759,268,806,com.ss.android.ugc.aweme,871,com.ss.android.ugc.aweme.tile.PublishTileService,927,8,1593,1]
09-16 01:18:31.689 I/sysui_multi_action( 1910): [757,111,758,1]
09-16 01:18:31.690 I/sysui_multi_action( 1910): [757,126,758,1,759,126,927,0,928,0,1593,1]
09-16 01:18:31.690 I/sysui_multi_action( 1910): [757,113,758,1,759,113,927,1,928,1,1593,1]
09-16 01:18:31.690 I/sysui_multi_action( 1910): [757,0,758,1,759,0,927,2,928,0,1593,1]
09-16 01:18:31.690 I/sysui_multi_action( 1910): [757,0,758,1,759,0,927,3,928,1,1593,1]
09-16 01:18:31.706 I/sysui_multi_action( 1910): [757,111,758,2]
09-16 01:18:31.707 I/sysui_multi_action( 1910): [757,111,758,2]
09-16 01:18:31.710 I/sysui_multi_action( 1910): [757,111,758,1]
09-16 01:18:31.711 I/sysui_multi_action( 1910): [757,126,758,1,759,126,927,0,928,0,1593,1]
09-16 01:18:31.711 I/sysui_multi_action( 1910): [757,113,758,1,759,113,927,1,928,1,1593,1]
09-16 01:18:31.711 I/sysui_multi_action( 1910): [757,0,758,1,759,0,927,2,928,0,1593,1]
09-16 01:18:31.711 I/sysui_multi_action( 1910): [757,0,758,1,759,0,927,3,928,1,1593,1]
09-16 01:18:31.711 I/sysui_multi_action( 1910): [757,1706,758,1,759,1706,927,4,928,0,1593,1]
09-16 01:18:31.711 I/sysui_multi_action( 1910): [757,491,758,1,759,491,927,5,928,0,1311,-1,1593,1]
09-16 01:18:31.711 I/sysui_multi_action( 1910): [757,0,758,1,759,0,927,6,1593,1]
09-16 01:18:31.712 I/sysui_multi_action( 1910): [757,114,758,1,759,114,927,7,928,1,1593,1]
09-16 01:18:31.712 I/sysui_multi_action( 1910): [757,268,758,1,759,268,806,com.ss.android.ugc.aweme,871,com.ss.android.ugc.aweme.tile.PublishTileService,927,8,1593,1]
09-16 01:18:31.712 I/sysui_multi_action( 1910): [757,111,758,1]
09-16 01:18:31.712 I/sysui_multi_action( 1910): [757,126,758,1,759,126,927,0,928,0,1593,1]
09-16 01:18:31.712 I/sysui_multi_action( 1910): [757,113,758,1,759,113,927,1,928,1,1593,1]
09-16 01:18:31.712 I/sysui_multi_action( 1910): [757,0,758,1,759,0,927,2,928,0,1593,1]
09-16 01:18:31.712 I/sysui_multi_action( 1910): [757,0,758,1,759,0,927,3,928,1,1593,1]
09-16 01:18:31.730 I/sysui_multi_action( 1910): [757,111,758,2]
09-16 01:18:31.730 I/sysui_multi_action( 1910): [757,111,758,2]
09-16 01:18:31.734 I/sysui_multi_action( 1910): [757,111,758,1]
09-16 01:18:31.735 I/sysui_multi_action( 1910): [757,126,758,1,759,126,927,0,928,0,1593,0]
09-16 01:18:31.735 I/sysui_multi_action( 1910): [757,113,758,1,759,113,927,1,928,1,1593,0]
09-16 01:18:31.735 I/sysui_multi_action( 1910): [757,0,758,1,759,0,927,2,928,0,1593,0]
09-16 01:18:31.735 I/sysui_multi_action( 1910): [757,0,758,1,759,0,927,3,928,1,1593,0]
09-16 01:18:31.735 I/sysui_multi_action( 1910): [757,1706,758,1,759,1706,927,4,928,0,1593,0]
