09-16 01:21:59.132 I/OMX-VENC: venc_dev( 1344): stats: avg. fps 58.35, bitrate 209646
01-01 13:45:33.967 I/init ( 0): starting service 'qvrd_vndr'...
01-01 13:45:33.974 I/init ( 0): Created socket '/dev/socket/qvrservice_vndr', mode 660, user 1000, group 1000
01-01 13:45:33.984 I/init ( 0): Created socket '/dev/socket/qvrservice_vndr_camera', mode 660, user 1000, group 1000
01-01 13:45:34.008 I/init ( 0): starting service 'sxrd'...
09-16 01:21:59.289 F/linker ( 7903): CANNOT LINK EXECUTABLE "/vendor/bin/hw/sxrservice": library "vendor.qti.hardware.qxr-V1-ndk_platform.so" not found: needed by main executable
01-01 13:45:34.030 I/init ( 0): starting service 'vendor.light-hal-2-0'...
09-16 01:21:59.309 F/linker ( 7902): CANNOT LINK EXECUTABLE "/vendor/bin/hw/qvrservice": library "vendor.qti.hardware.qxr-V1-ndk_platform.so" not found: needed by /vendor/lib64/libqvrservice.so in namespace (default)
01-01 13:45:34.053 I/init ( 0): Service 'sxrd' (pid 7903) exited with status 1
01-01 13:45:34.059 I/init ( 0): Sending signal 9 to service 'sxrd' (pid 7903) process group...
01-01 13:45:34.067 I/libprocessgroup( 0): Successfully killed process cgroup uid 1000 pid 7903 in 0ms
01-01 13:45:34.076 I/init ( 0): Service 'qvrd_vndr' (pid 7902) exited with status 1
01-01 13:45:34.083 I/init ( 0): Sending signal 9 to service 'qvrd_vndr' (pid 7902) process group...
09-16 01:21:59.336 I/hwservicemanager( 516): getTransport: Cannot find entry android.hardware.light@2.0::ILight/default in either framework or device VINTF manifest.
09-16 01:21:59.339 E/light ( 7904): light_open lights keyboard failed: -22
09-16 01:21:59.340 E/light ( 7904): Light passthrough failed to load legacy HAL.
09-16 01:21:59.340 E/light ( 7904): light_open lights buttons failed: -22
09-16 01:21:59.340 E/light ( 7904): Light passthrough failed to load legacy HAL.
09-16 01:21:59.342 E/light ( 7904): light_open lights bluetooth failed: -22
09-16 01:21:59.342 E/light ( 7904): Light passthrough failed to load legacy HAL.
09-16 01:21:59.343 E/light ( 7904): light_open lights wifi failed: -22
09-16 01:21:59.343 E/light ( 7904): Light passthrough failed to load legacy HAL.
09-16 01:21:59.344 I/hwservicemanager( 516): getTransport: Cannot find entry android.hardware.light@2.0::ILight/default in either framework or device VINTF manifest.
09-16 01:21:59.344 E/HidlServiceManagement( 7904): Service android.hardware.light@2.0::ILight/default must be in VINTF manifest in order to register/get.
09-16 01:21:59.344 E/LegacySupport( 7904): Could not register service android.hardware.light@2.0::ILight/default (-2147483648).
01-01 13:45:34.189 I/IRQ 5 ( 0): no longer affine to CPU6
09-16 01:21:59.740 I/mpu_uart( 664): [MSG-P:RECV]:No message received in 1000 ms
01-01 13:45:34.546 E/i2c_geni 980000.i2c( 0): i2c error :-107
01-01 13:45:34.551 E/ ( 0): [MAX975X:mcu_keep_wakeup_work_func] *ERROR* Failed to write dev:0x15 addr:0x22 value:0x80
01-01 13:45:34.565 E/i2c_geni 980000.i2c( 0): i2c error :-107
01-01 13:45:34.570 E/ ( 0): [MAX975X:mcu_keep_wakeup_work_func] *ERROR* Failed to write dev:0x15 addr:0x20 value:0x09
01-01 13:45:34.705 D/ ( 0): mv2112_read_status
01-01 13:45:34.708 D/mv2112_update_link( 0): 3.0x901(1G): 0x80
01-01 13:45:34.714 D/mv2112_update_link( 0): 3.0x8109(100M): 0x0
01-01 13:45:34.720 D/mv2112_update_link( 0): link 0x0
01-01 13:45:34.725 D/mv2112_read_status( 0): autoneg is disabled
09-16 01:22:00.003 W/QCC:PeriodicCI( 2324): [ERROR] Current time is wrong, status=3
09-16 01:22:00.008 D/KeyguardUpdateMonitor( 1910): received broadcast android.intent.action.TIME_TICK
09-16 01:22:00.008 D/KeyguardUpdateMonitor( 1910): handleTimeUpdate
09-16 01:22:00.137 I/OMX-VENC: venc_dev( 1344): stats: avg. fps 58.68, bitrate 215794
09-16 01:22:00.252 I/HttpClient( 2063): onFailed
09-16 01:22:00.252 I/MicroService( 2063): sendConnectStateBroadCast() state0
09-16 01:22:00.256 I/MicroService( 2063): onNettyConnectState0
09-16 01:22:00.256 I/MicroService( 2063): onNettyConnectState count = 0
09-16 01:22:00.741 I/mpu_uart( 664): [MSG-P:RECV]:No message received in 1000 ms
01-01 13:45:35.736 D/ ( 0): mv2112_read_status
01-01 13:45:35.740 D/mv2112_update_link( 0): 3.0x901(1G): 0x80
01-01 13:45:35.746 D/mv2112_update_link( 0): 3.0x8109(100M): 0x0
01-01 13:45:35.751 D/mv2112_update_link( 0): link 0x0
01-01 13:45:35.755 D/mv2112_read_status( 0): autoneg is disabled
09-16 01:22:01.146 I/OMX-VENC: venc_dev( 1344): stats: avg. fps 60.47, bitrate 231190
09-16 01:22:01.245 I/HWebSocketClient( 2063): WEBclient: onFailed
09-16 01:22:01.251 I/ResponseWebSocketHandler( 2063): ResponseWebSocketHandler start
09-16 01:22:01.251 I/HttpContext( 2063): getIResponseJson :com.thundercomm.microservice.MicroServiceProxy@12e89eb
09-16 01:22:01.252 I/ResponseWebSocketHandler( 2063): ResponseWebSocketHandler mResponseJson: com.thundercomm.microservice.MicroServiceProxy@12e89eb
09-16 01:22:01.253 I/System.out( 2063): handler is: com.thundercomm.microservice.netty.client.handler.webSocket.ResponseWebSocketHandler@da23cbb
09-16 01:22:01.257 I/HttpContext( 2063): getIResponseJson :com.thundercomm.microservice.MicroServiceProxy@12e89eb
09-16 01:22:01.258 I/ResponseHandler( 2063): ResponseHandler() :com.thundercomm.microservice.MicroServiceProxy@12e89eb
09-16 01:22:01.264 W/NioEventLoop( 2063): Selector.select() returned prematurely 512 times in a row; rebuilding Selector io.netty.channel.nio.SelectedSelectionKeySetSelector@6a16c16.
09-16 01:22:01.265 I/NioEventLoop( 2063): Migrated 1 channel(s) to the new Selector.
09-16 01:22:01.276 W/NioEventLoop( 2063): Selector.select() returned prematurely 512 times in a row; rebuilding Selector io.netty.channel.nio.SelectedSelectionKeySetSelector@902a784.
09-16 01:22:01.277 I/NioEventLoop( 2063): Migrated 1 channel(s) to the new Selector.
09-16 01:22:01.480 I/mpu_uart( 664): [MSG-P:R]:recv sync frame timeout
01-01 13:45:36.402 E/i2c_geni 980000.i2c( 0): i2c error :-107
01-01 13:45:36.407 E/ ( 0): [MAX975X:mcu_keep_wakeup_work_func] *ERROR* Failed to write dev:0x15 addr:0x22 value:0x80
01-01 13:45:36.418 E/i2c_geni 980000.i2c( 0): i2c error :-107
01-01 13:45:36.423 E/ ( 0): [MAX975X:mcu_keep_wakeup_work_func] *ERROR* Failed to write dev:0x15 addr:0x20 value:0x09
09-16 01:22:01.741 I/mpu_uart( 664): [MSG-P:RECV]:No message received in 1000 ms
01-01 13:45:36.787 D/ ( 0): mv2112_read_status
01-01 13:45:36.790 D/mv2112_update_link( 0): 3.0x901(1G): 0x80
01-01 13:45:36.797 D/mv2112_update_link( 0): 3.0x8109(100M): 0x0
01-01 13:45:36.802 D/mv2112_update_link( 0): link 0x0
01-01 13:45:36.806 D/mv2112_read_status( 0): autoneg is disabled
09-16 01:22:02.151 I/OMX-VENC: venc_dev( 1344): stats: avg. fps 57.70, bitrate 204998
09-16 01:22:02.742 I/mpu_uart( 664): [MSG-P:RECV]:No message received in 1000 ms
01-01 13:45:37.809 D/ ( 0): mv2112_read_status
01-01 13:45:37.813 D/mv2112_update_link( 0): 3.0x901(1G): 0x80
01-01 13:45:37.820 D/mv2112_update_link( 0): 3.0x8109(100M): 0x0
01-01 13:45:37.828 D/mv2112_update_link( 0): link 0x0
01-01 13:45:37.832 D/mv2112_read_status( 0): autoneg is disabled
09-16 01:22:03.246 I/OMX-VENC: venc_dev( 1344): stats: avg. fps 53.90, bitrate 172483
09-16 01:22:03.319 I/HttpClient( 2063): onFailed
09-16 01:22:03.319 I/MicroService( 2063): sendConnectStateBroadCast() state0
09-16 01:22:03.323 I/MicroService( 2063): onNettyConnectState0
09-16 01:22:03.323 I/MicroService( 2063): onNettyConnectState count = 0
01-01 13:45:38.259 E/i2c_geni 980000.i2c( 0): i2c error :-107
01-01 13:45:38.264 E/ ( 0): [MAX975X:mcu_keep_wakeup_work_func] *ERROR* Failed to write dev:0x15 addr:0x22 value:0x80
01-01 13:45:38.275 E/i2c_geni 980000.i2c( 0): i2c error :-107
01-01 13:45:38.280 E/ ( 0): [MAX975X:mcu_keep_wakeup_work_func] *ERROR* Failed to write dev:0x15 addr:0x20 value:0x09
09-16 01:22:03.743 I/mpu_uart( 664): [MSG-P:RECV]:No message received in 1000 ms
01-01 13:45:38.865 D/ ( 0): mv2112_read_status
01-01 13:45:38.868 D/mv2112_update_link( 0): 3.0x901(1G): 0x80
01-01 13:45:38.875 D/mv2112_update_link( 0): 3.0x8109(100M): 0x0
01-01 13:45:38.880 D/mv2112_update_link( 0): link 0x0
01-01 13:45:38.885 D/mv2112_read_status( 0): autoneg is disabled
01-01 13:45:39.010 I/init ( 0): starting service 'qvrd_vndr'...
01-01 13:45:39.016 I/init ( 0): Created socket '/dev/socket/qvrservice_vndr', mode 660, user 1000, group 1000
01-01 13:45:39.027 I/init ( 0): Created socket '/dev/socket/qvrservice_vndr_camera', mode 660, user 1000, group 1000
01-01 13:45:39.052 I/init ( 0): starting service 'sxrd'...
09-16 01:22:04.318 I/HWebSocketClient( 2063): WEBclient: onFailed
01-01 13:45:39.070 I/init ( 0): starting service 'vendor.light-hal-2-0'...
09-16 01:22:04.322 I/ResponseWebSocketHandler( 2063): ResponseWebSocketHandler start
09-16 01:22:04.322 I/HttpContext( 2063): getIResponseJson :com.thundercomm.microservice.MicroServiceProxy@12e89eb
09-16 01:22:04.322 I/ResponseWebSocketHandler( 2063): ResponseWebSocketHandler mResponseJson: com.thundercomm.microservice.MicroServiceProxy@12e89eb
09-16 01:22:04.322 I/System.out( 2063): handler is: com.thundercomm.microservice.netty.client.handler.webSocket.ResponseWebSocketHandler@5c4b7f0
09-16 01:22:04.330 I/HttpContext( 2063): getIResponseJson :com.thundercomm.microservice.MicroServiceProxy@12e89eb
09-16 01:22:04.330 I/ResponseHandler( 2063): ResponseHandler() :com.thundercomm.microservice.MicroServiceProxy@12e89eb
09-16 01:22:04.344 F/linker ( 7906): CANNOT LINK EXECUTABLE "/vendor/bin/hw/qvrservice": library "vendor.qti.hardware.qxr-V1-ndk_platform.so" not found: needed by /vendor/lib64/libqvrservice.so in namespace (default)
01-01 13:45:39.098 I/init ( 0): Service 'qvrd_vndr' (pid 7906) exited with status 1
01-01 13:45:39.105 I/init ( 0): Sending signal 9 to service 'qvrd_vndr' (pid 7906) process group...
09-16 01:22:04.355 F/linker ( 7907): CANNOT LINK EXECUTABLE "/vendor/bin/hw/sxrservice": library "vendor.qti.hardware.qxr-V1-ndk_platform.so" not found: needed by main executable
01-01 13:45:39.113 I/libprocessgroup( 0): Successfully killed process cgroup uid 1000 pid 7906 in 0ms
09-16 01:22:04.373 I/hwservicemanager( 516): getTransport: Cannot find entry android.hardware.light@2.0::ILight/default in either framework or device VINTF manifest.
09-16 01:22:04.376 E/light ( 7909): light_open lights keyboard failed: -22
09-16 01:22:04.376 E/light ( 7909): Light passthrough failed to load legacy HAL.
09-16 01:22:04.376 E/light ( 7909): light_open lights buttons failed: -22
09-16 01:22:04.376 E/light ( 7909): Light passthrough failed to load legacy HAL.
09-16 01:22:04.378 E/light ( 7909): light_open lights bluetooth failed: -22
09-16 01:22:04.378 E/light ( 7909): Light passthrough failed to load legacy HAL.
09-16 01:22:04.379 E/light ( 7909): light_open lights wifi failed: -22
09-16 01:22:04.379 E/light ( 7909): Light passthrough failed to load legacy HAL.
09-16 01:22:04.380 I/hwservicemanager( 516): getTransport: Cannot find entry android.hardware.light@2.0::ILight/default in either framework or device VINTF manifest.
09-16 01:22:04.380 E/HidlServiceManagement( 7909): Service android.hardware.light@2.0::ILight/default must be in VINTF manifest in order to register/get.
09-16 01:22:04.380 E/LegacySupport( 7909): Could not register service android.hardware.light@2.0::ILight/default (-2147483648).
01-01 13:45:39.123 I/init ( 0): Service 'sxrd' (pid 7907) exited with status 1
01-01 13:45:39.129 I/init ( 0): Sending signal 9 to service 'sxrd' (pid 7907) process group...
09-16 01:22:04.484 I/mpu_uart( 664): [MSG-P:R]:recv sync frame timeout
09-16 01:22:04.743 I/mpu_uart( 664): [MSG-P:RECV]:No message received in 1000 ms
01-01 13:45:39.889 D/ ( 0): mv2112_read_status
01-01 13:45:39.893 D/mv2112_update_link( 0): 3.0x901(1G): 0x80
01-01 13:45:39.898 D/mv2112_update_link( 0): 3.0x8109(100M): 0x0
01-01 13:45:39.905 D/mv2112_update_link( 0): link 0x0
01-01 13:45:39.909 D/mv2112_read_status( 0): autoneg is disabled
01-01 13:45:40.114 E/i2c_geni 980000.i2c( 0): i2c error :-107
01-01 13:45:40.119 E/ ( 0): [MAX975X:mcu_keep_wakeup_work_func] *ERROR* Failed to write dev:0x15 addr:0x22 value:0x80
01-01 13:45:40.130 E/i2c_geni 980000.i2c( 0): i2c error :-107
01-01 13:45:40.135 E/ ( 0): [MAX975X:mcu_keep_wakeup_work_func] *ERROR* Failed to write dev:0x15 addr:0x20 value:0x09
09-16 01:22:05.744 I/mpu_uart( 664): [MSG-P:RECV]:No message received in 1000 ms
01-01 13:45:40.913 D/ ( 0): mv2112_read_status
01-01 13:45:40.917 D/mv2112_update_link( 0): 3.0x901(1G): 0x80
01-01 13:45:40.923 D/mv2112_update_link( 0): 3.0x8109(100M): 0x0
01-01 13:45:40.928 D/mv2112_update_link( 0): link 0x0
01-01 13:45:40.932 D/mv2112_read_status( 0): autoneg is disabled
09-16 01:22:06.391 I/HttpClient( 2063): onFailed
09-16 01:22:06.391 I/MicroService( 2063): sendConnectStateBroadCast() state0
09-16 01:22:06.395 I/MicroService( 2063): onNettyConnectState0
09-16 01:22:06.395 I/MicroService( 2063): onNettyConnectState count = 0
09-16 01:22:06.745 I/mpu_uart( 664): [MSG-P:RECV]:No message received in 1000 ms
01-01 13:45:41.938 D/ ( 0): mv2112_read_status
01-01 13:45:41.942 D/mv2112_update_link( 0): 3.0x901(1G): 0x80
01-01 13:45:41.948 D/mv2112_update_link( 0): 3.0x8109(100M): 0x0
01-01 13:45:41.954 D/mv2112_update_link( 0): link 0x0
01-01 13:45:41.959 D/mv2112_read_status( 0): autoneg is disabled
01-01 13:45:41.970 E/i2c_geni 980000.i2c( 0): i2c error :-107
01-01 13:45:41.975 E/ ( 0): [MAX975X:mcu_keep_wakeup_work_func] *ERROR* Failed to write dev:0x15 addr:0x22 value:0x80
01-01 13:45:41.986 E/i2c_geni 980000.i2c( 0): i2c error :-107
01-01 13:45:41.991 E/ ( 0): [MAX975X:mcu_keep_wakeup_work_func] *ERROR* Failed to write dev:0x15 addr:0x20 value:0x09
09-16 01:22:07.391 I/HWebSocketClient( 2063): WEBclient: onFailed
09-16 01:22:07.398 I/ResponseWebSocketHandler( 2063): ResponseWebSocketHandler start
09-16 01:22:07.398 I/HttpContext( 2063): getIResponseJson :com.thundercomm.microservice.MicroServiceProxy@12e89eb
09-16 01:22:07.399 I/ResponseWebSocketHandler( 2063): ResponseWebSocketHandler mResponseJson: com.thundercomm.microservice.MicroServiceProxy@12e89eb
09-16 01:22:07.399 I/HttpContext( 2063): getIResponseJson :com.thundercomm.microservice.MicroServiceProxy@12e89eb
09-16 01:22:07.399 I/ResponseHandler( 2063): ResponseHandler() :com.thundercomm.microservice.MicroServiceProxy@12e89eb
09-16 01:22:07.400 I/System.out( 2063): handler is: com.thundercomm.microservice.netty.client.handler.webSocket.ResponseWebSocketHandler@7d7caab
09-16 01:22:07.423 W/NioEventLoop( 2063): Selector.select() returned prematurely 512 times in a row; rebuilding Selector io.netty.channel.nio.SelectedSelectionKeySetSelector@1e39508.
09-16 01:22:07.425 I/NioEventLoop( 2063): Migrated 1 channel(s) to the new Selector.
09-16 01:22:07.487 I/mpu_uart( 664): [MSG-P:R]:recv sync frame timeout
09-16 01:22:07.746 I/mpu_uart( 664): [MSG-P:RECV]:No message received in 1000 ms
09-16 01:22:08.118 E/TokenUnion_NetworkManager( 4752): appendCommonParams() 账号通参存在空,拼接后的 url = /luckycat/activity/settings/get_polling_settings/
09-16 01:22:08.122 I/KEVA.NATIVE( 4752): byte array do not exist
09-16 01:22:08.123 I/KEVA.NATIVE( 4752): byte array do not exist
09-16 01:22:08.148 E/LuckyDogLogger_LuckyDogPollingSettings( 4752): Exception when request setting com.bytedance.frameworks.baselib.network.http.exception.NetworkNotAvailabeException: network not available
09-16 01:22:08.148 I/KEVA.NATIVE( 4752): byte array do not exist
09-16 01:22:08.148 I/KEVA.NATIVE( 4752): byte array do not exist
09-16 01:22:08.153 I/KEVA.NATIVE( 4752): byte array do not exist
09-16 01:22:08.154 I/KEVA.NATIVE( 4752): byte array do not exist
09-16 01:22:08.154 E/TokenUnion_NetworkManager( 4752): appendCommonParams() 账号通参存在空,拼接后的 url = /luckycat/activity/settings/get_polling_settings/
09-16 01:22:08.155 I/KEVA.NATIVE( 4752): byte array do not exist
09-16 01:22:08.155 I/KEVA.NATIVE( 4752): byte array do not exist
09-16 01:22:08.157 I/KEVA.NATIVE( 4752): byte array do not exist
09-16 01:22:08.157 I/KEVA.NATIVE( 4752): byte array do not exist
09-16 01:22:08.171 E/LuckyDogLogger_LuckyDogPollingSettings( 4752): Exception when request setting com.bytedance.frameworks.baselib.network.http.exception.NetworkNotAvailabeException: network not available
01-01 13:45:42.961 D/ ( 0): mv2112_read_status
01-01 13:45:42.965 D/mv2112_update_link( 0): 3.0x901(1G): 0x80
01-01 13:45:42.971 D/mv2112_update_link( 0): 3.0x8109(100M): 0x0
01-01 13:45:42.976 D/mv2112_update_link( 0): link 0x0
01-01 13:45:42.981 D/mv2112_read_status( 0): autoneg is disabled
09-16 01:22:08.747 I/mpu_uart( 664): [MSG-P:RECV]:No message received in 1000 ms
01-01 13:45:43.828 E/i2c_geni 980000.i2c( 0): i2c error :-107
01-01 13:45:43.834 E/ ( 0): [MAX975X:mcu_keep_wakeup_work_func] *ERROR* Failed to write dev:0x15 addr:0x22 value:0x80
01-01 13:45:43.845 E/i2c_geni 980000.i2c( 0): i2c error :-107
01-01 13:45:43.850 E/ ( 0): [MAX975X:mcu_keep_wakeup_work_func] *ERROR* Failed to write dev:0x15 addr:0x20 value:0x09
01-01 13:45:43.985 D/ ( 0): mv2112_read_status
01-01 13:45:43.989 D/mv2112_update_link( 0): 3.0x901(1G): 0x80
01-01 13:45:43.995 D/mv2112_update_link( 0): 3.0x8109(100M): 0x0
01-01 13:45:44.000 D/mv2112_update_link( 0): link 0x0
01-01 13:45:44.005 D/mv2112_read_status( 0): autoneg is disabled
01-01 13:45:44.051 I/init ( 0): starting service 'qvrd_vndr'...
01-01 13:45:44.057 I/init ( 0): Created socket '/dev/socket/qvrservice_vndr', mode 660, user 1000, group 1000
01-01 13:45:44.066 I/init ( 0): Created socket '/dev/socket/qvrservice_vndr_camera', mode 660, user 1000, group 1000
01-01 13:45:44.091 I/init ( 0): starting service 'sxrd'...
01-01 13:45:44.108 I/init ( 0): starting service 'vendor.light-hal-2-0'...
09-16 01:22:09.382 F/linker ( 7912): CANNOT LINK EXECUTABLE "/vendor/bin/hw/sxrservice": library "vendor.qti.hardware.qxr-V1-ndk_platform.so" not found: needed by main executable
09-16 01:22:09.390 F/linker ( 7911): CANNOT LINK EXECUTABLE "/vendor/bin/hw/qvrservice": library "vendor.qti.hardware.qxr-V1-ndk_platform.so" not found: needed by /vendor/lib64/libqvrservice.so in namespace (default)
01-01 13:45:44.135 I/init ( 0): Service 'sxrd' (pid 7912) exited with status 1
01-01 13:45:44.141 I/init ( 0): Sending signal 9 to service 'sxrd' (pid 7912) process group...
01-01 13:45:44.149 I/libprocessgroup( 0): Successfully killed process cgroup uid 1000 pid 7912 in 0ms
01-01 13:45:44.159 I/init ( 0): Service 'qvrd_vndr' (pid 7911) exited with status 1
01-01 13:45:44.166 I/init ( 0): Sending signal 9 to service 'qvrd_vndr' (pid 7911) process group...
09-16 01:22:09.432 I/hwservicemanager( 516): getTransport: Cannot find entry android.hardware.light@2.0::ILight/default in either framework or device VINTF manifest.
09-16 01:22:09.435 E/light ( 7913): light_open lights keyboard failed: -22
09-16 01:22:09.435 E/light ( 7913): Light passthrough failed to load legacy HAL.
09-16 01:22:09.436 E/light ( 7913): light_open lights buttons failed: -22
09-16 01:22:09.436 E/light ( 7913): Light passthrough failed to load legacy HAL.
09-16 01:22:09.438 E/light ( 7913): light_open lights bluetooth failed: -22
09-16 01:22:09.438 E/light ( 7913): Light passthrough failed to load legacy HAL.
09-16 01:22:09.438 E/light ( 7913): light_open lights wifi failed: -22
09-16 01:22:09.438 E/light ( 7913): Light passthrough failed to load legacy HAL.
09-16 01:22:09.440 I/hwservicemanager( 516): getTransport: Cannot find entry android.hardware.light@2.0::ILight/default in either framework or device VINTF manifest.
09-16 01:22:09.440 E/HidlServiceManagement( 7913): Service android.hardware.light@2.0::ILight/default must be in VINTF manifest in order to register/get.
09-16 01:22:09.440 E/LegacySupport( 7913): Could not register service android.hardware.light@2.0::ILight/default (-2147483648).
09-16 01:22:09.461 I/HttpClient( 2063): onFailed
09-16 01:22:09.462 I/MicroService( 2063): sendConnectStateBroadCast() state0
09-16 01:22:09.464 I/MicroService( 2063): onNettyConnectState0
09-16 01:22:09.465 I/MicroService( 2063): onNettyConnectState count = 0
09-16 01:22:09.747 I/mpu_uart( 664): [MSG-P:RECV]:No message received in 1000 ms
01-01 13:45:45.009 D/ ( 0): mv2112_read_status
01-01 13:45:45.013 D/mv2112_update_link( 0): 3.0x901(1G): 0x80
01-01 13:45:45.018 D/mv2112_update_link( 0): 3.0x8109(100M): 0x0
01-01 13:45:45.026 D/mv2112_update_link( 0): link 0x0
01-01 13:45:45.031 D/mv2112_read_status( 0): autoneg is disabled
09-16 01:22:10.462 I/HWebSocketClient( 2063): WEBclient: onFailed
09-16 01:22:10.469 I/HttpContext( 2063): getIResponseJson :com.thundercomm.microservice.MicroServiceProxy@12e89eb
09-16 01:22:10.469 I/ResponseHandler( 2063): ResponseHandler() :com.thundercomm.microservice.MicroServiceProxy@12e89eb
09-16 01:22:10.470 I/ResponseWebSocketHandler( 2063): ResponseWebSocketHandler start
09-16 01:22:10.470 I/HttpContext( 2063): getIResponseJson :com.thundercomm.microservice.MicroServiceProxy@12e89eb
09-16 01:22:10.470 I/ResponseWebSocketHandler( 2063): ResponseWebSocketHandler mResponseJson: com.thundercomm.microservice.MicroServiceProxy@12e89eb
09-16 01:22:10.472 I/System.out( 2063): handler is: com.thundercomm.microservice.netty.client.handler.webSocket.ResponseWebSocketHandler@b00c952
09-16 01:22:10.490 I/mpu_uart( 664): [MSG-P:R]:recv sync frame timeout
09-16 01:22:10.498 W/NioEventLoop( 2063): Selector.select() returned prematurely 512 times in a row; rebuilding Selector io.netty.channel.nio.SelectedSelectionKeySetSelector@418e423.
09-16 01:22:10.499 I/NioEventLoop( 2063): Migrated 1 channel(s) to the new Selector.
09-16 01:22:10.748 I/mpu_uart( 664): [MSG-P:RECV]:No message received in 1000 ms
01-01 13:45:45.683 E/i2c_geni 980000.i2c( 0): i2c error :-107
01-01 13:45:45.688 E/ ( 0): [MAX975X:mcu_keep_wakeup_work_func] *ERROR* Failed to write dev:0x15 addr:0x22 value:0x80
01-01 13:45:45.703 E/i2c_geni 980000.i2c( 0): i2c error :-107
01-01 13:45:45.709 E/ ( 0): [MAX975X:mcu_keep_wakeup_work_func] *ERROR* Failed to write dev:0x15 addr:0x20 value:0x09
01-01 13:45:46.033 D/ ( 0): mv2112_read_status
01-01 13:45:46.037 D/mv2112_update_link( 0): 3.0x901(1G): 0x80
01-01 13:45:46.044 D/mv2112_update_link( 0): 3.0x8109(100M): 0x0
01-01 13:45:46.049 D/mv2112_update_link( 0): link 0x0
01-01 13:45:46.055 D/mv2112_read_status( 0): autoneg is disabled
09-16 01:22:11.749 I/mpu_uart( 664): [MSG-P:RECV]:No message received in 1000 ms
01-01 13:45:47.090 D/ ( 0): mv2112_read_status
01-01 13:45:47.094 D/mv2112_update_link( 0): 3.0x901(1G): 0x80
01-01 13:45:47.099 D/mv2112_update_link( 0): 3.0x8109(100M): 0x0
01-01 13:45:47.105 D/mv2112_update_link( 0): link 0x0
01-01 13:45:47.109 D/mv2112_read_status( 0): autoneg is disabled
09-16 01:22:12.534 I/HttpClient( 2063): onFailed
09-16 01:22:12.534 I/MicroService( 2063): sendConnectStateBroadCast() state0
09-16 01:22:12.538 I/MicroService( 2063): onNettyConnectState0
09-16 01:22:12.538 I/MicroService( 2063): onNettyConnectState count = 0
09-16 01:22:12.750 I/mpu_uart( 664): [MSG-P:RECV]:No message received in 1000 ms
01-01 13:45:47.539 E/i2c_geni 980000.i2c( 0): i2c error :-107
01-01 13:45:47.544 E/ ( 0): [MAX975X:mcu_keep_wakeup_work_func] *ERROR* Failed to write dev:0x15 addr:0x22 value:0x80
01-01 13:45:47.555 E/i2c_geni 980000.i2c( 0): i2c error :-107
01-01 13:45:47.560 E/ ( 0): [MAX975X:mcu_keep_wakeup_work_func] *ERROR* Failed to write dev:0x15 addr:0x20 value:0x09
01-01 13:45:48.113 D/ ( 0): mv2112_read_status
01-01 13:45:48.117 D/mv2112_update_link( 0): 3.0x901(1G): 0x80
01-01 13:45:48.125 D/mv2112_update_link( 0): 3.0x8109(100M): 0x0
01-01 13:45:48.132 D/mv2112_update_link( 0): link 0x0
01-01 13:45:48.136 D/mv2112_read_status( 0): autoneg is disabled
09-16 01:22:13.493 I/mpu_uart( 664): [MSG-P:R]:recv sync frame timeout
09-16 01:22:13.534 I/HWebSocketClient( 2063): WEBclient: onFailed
09-16 01:22:13.542 I/ResponseWebSocketHandler( 2063): ResponseWebSocketHandler start
09-16 01:22:13.543 I/HttpContext( 2063): getIResponseJson :com.thundercomm.microservice.MicroServiceProxy@12e89eb
09-16 01:22:13.543 I/ResponseWebSocketHandler( 2063): ResponseWebSocketHandler mResponseJson: com.thundercomm.microservice.MicroServiceProxy@12e89eb
09-16 01:22:13.544 I/HttpContext( 2063): getIResponseJson :com.thundercomm.microservice.MicroServiceProxy@12e89eb
09-16 01:22:13.544 I/ResponseHandler( 2063): ResponseHandler() :com.thundercomm.microservice.MicroServiceProxy@12e89eb
09-16 01:22:13.545 I/System.out( 2063): handler is: com.thundercomm.microservice.netty.client.handler.webSocket.ResponseWebSocketHandler@af0e795
09-16 01:22:13.565 W/NioEventLoop( 2063): Selector.select() returned prematurely 512 times in a row; rebuilding Selector io.netty.channel.nio.SelectedSelectionKeySetSelector@16030aa.
09-16 01:22:13.566 I/NioEventLoop( 2063): Migrated 1 channel(s) to the new Selector.
09-16 01:22:13.751 I/mpu_uart( 664): [MSG-P:RECV]:No message received in 1000 ms
01-01 13:45:49.089 I/init ( 0): starting service 'qvrd_vndr'...
01-01 13:45:49.096 I/init ( 0): Created socket '/dev/socket/qvrservice_vndr', mode 660, user 1000, group 1000
01-01 13:45:49.107 I/init ( 0): Created socket '/dev/socket/qvrservice_vndr_camera', mode 660, user 1000, group 1000
01-01 13:45:49.133 I/init ( 0): starting service 'sxrd'...
01-01 13:45:49.148 I/init ( 0): starting service 'vendor.light-hal-2-0'...
09-16 01:22:14.421 F/linker ( 7917): CANNOT LINK EXECUTABLE "/vendor/bin/hw/sxrservice": library "vendor.qti.hardware.qxr-V1-ndk_platform.so" not found: needed by main executable
09-16 01:22:14.425 F/linker ( 7916): CANNOT LINK EXECUTABLE "/vendor/bin/hw/qvrservice": library "vendor.qti.hardware.qxr-V1-ndk_platform.so" not found: needed by /vendor/lib64/libqvrservice.so in namespace (default)
01-01 13:45:49.173 D/ ( 0): mv2112_read_status
01-01 13:45:49.174 I/init ( 0): Service 'sxrd' (pid 7917) exited with status 1
01-01 13:45:49.177 D/mv2112_update_link( 0): 3.0x901(1G): 0x80
01-01 13:45:49.182 I/init ( 0): Sending signal 9 to service 'sxrd' (pid 7917) process group...
01-01 13:45:49.189 D/mv2112_update_link( 0): 3.0x8109(100M): 0x0
01-01 13:45:49.195 I/libprocessgroup( 0): Successfully killed process cgroup uid 1000 pid 7917 in 0ms
01-01 13:45:49.200 D/mv2112_update_link( 0): link 0x0
01-01 13:45:49.210 I/init ( 0): Service 'qvrd_vndr' (pid 7916) exited with status 1
01-01 13:45:49.213 D/mv2112_read_status( 0): autoneg is disabled
01-01 13:45:49.219 I/init ( 0): Sending signal 9 to service 'qvrd_vndr' (pid 7916) process group...
09-16 01:22:14.469 I/hwservicemanager( 516): getTransport: Cannot find entry android.hardware.light@2.0::ILight/default in either framework or device VINTF manifest.
09-16 01:22:14.472 E/light ( 7918): light_open lights keyboard failed: -22
09-16 01:22:14.472 E/light ( 7918): Light passthrough failed to load legacy HAL.
09-16 01:22:14.473 E/light ( 7918): light_open lights buttons failed: -22
09-16 01:22:14.473 E/light ( 7918): Light passthrough failed to load legacy HAL.
09-16 01:22:14.475 E/light ( 7918): light_open lights bluetooth failed: -22
09-16 01:22:14.475 E/light ( 7918): Light passthrough failed to load legacy HAL.
09-16 01:22:14.475 E/light ( 7918): light_open lights wifi failed: -22
09-16 01:22:14.475 E/light ( 7918): Light passthrough failed to load legacy HAL.
09-16 01:22:14.476 I/hwservicemanager( 516): getTransport: Cannot find entry android.hardware.light@2.0::ILight/default in either framework or device VINTF manifest.
09-16 01:22:14.476 E/HidlServiceManagement( 7918): Service android.hardware.light@2.0::ILight/default must be in VINTF manifest in order to register/get.
09-16 01:22:14.477 E/LegacySupport( 7918): Could not register service android.hardware.light@2.0::ILight/default (-2147483648).
01-01 13:45:49.395 E/i2c_geni 980000.i2c( 0): i2c error :-107
01-01 13:45:49.400 E/ ( 0): [MAX975X:mcu_keep_wakeup_work_func] *ERROR* Failed to write dev:0x15 addr:0x22 value:0x80
01-01 13:45:49.410 E/i2c_geni 980000.i2c( 0): i2c error :-107
01-01 13:45:49.415 E/ ( 0): [MAX975X:mcu_keep_wakeup_work_func] *ERROR* Failed to write dev:0x15 addr:0x20 value:0x09
09-16 01:22:14.751 I/mpu_uart( 664): [MSG-P:RECV]:No message received in 1000 ms
01-01 13:45:50.257 D/ ( 0): mv2112_read_status
01-01 13:45:50.261 D/mv2112_update_link( 0): 3.0x901(1G): 0x80
01-01 13:45:50.273 D/mv2112_update_link( 0): 3.0x8109(100M): 0x0
01-01 13:45:50.284 D/mv2112_update_link( 0): link 0x0
01-01 13:45:50.296 D/mv2112_read_status( 0): autoneg is disabled
09-16 01:22:15.606 I/HttpClient( 2063): onFailed
09-16 01:22:15.607 I/MicroService( 2063): sendConnectStateBroadCast() state0
09-16 01:22:15.609 I/MicroService( 2063): onNettyConnectState0
09-16 01:22:15.609 I/MicroService( 2063): onNettyConnectState count = 0
09-16 01:22:15.753 I/mpu_uart( 664): [MSG-P:RECV]:No message received in 1000 ms
09-16 01:22:16.497 I/mpu_uart( 664): [MSG-P:R]:recv sync frame timeout
01-01 13:45:51.253 E/i2c_geni 980000.i2c( 0): i2c error :-107
01-01 13:45:51.259 E/ ( 0): [MAX975X:mcu_keep_wakeup_work_func] *ERROR* Failed to write dev:0x15 addr:0x22 value:0x80
01-01 13:45:51.270 E/i2c_geni 980000.i2c( 0): i2c error :-107
01-01 13:45:51.275 E/ ( 0): [MAX975X:mcu_keep_wakeup_work_func] *ERROR* Failed to write dev:0x15 addr:0x20 value:0x09
01-01 13:45:51.313 D/ ( 0): mv2112_read_status
01-01 13:45:51.317 D/mv2112_update_link( 0): 3.0x901(1G): 0x80
01-01 13:45:51.322 D/mv2112_update_link( 0): 3.0x8109(100M): 0x0
01-01 13:45:51.328 D/mv2112_update_link( 0): link 0x0
01-01 13:45:51.333 D/mv2112_read_status( 0): autoneg is disabled
09-16 01:22:16.607 I/HWebSocketClient( 2063): WEBclient: onFailed
09-16 01:22:16.613 I/ResponseWebSocketHandler( 2063): ResponseWebSocketHandler start
09-16 01:22:16.613 I/HttpContext( 2063): getIResponseJson :com.thundercomm.microservice.MicroServiceProxy@12e89eb
09-16 01:22:16.613 I/HttpContext( 2063): getIResponseJson :com.thundercomm.microservice.MicroServiceProxy@12e89eb
09-16 01:22:16.614 I/ResponseHandler( 2063): ResponseHandler() :com.thundercomm.microservice.MicroServiceProxy@12e89eb
09-16 01:22:16.614 I/ResponseWebSocketHandler( 2063): ResponseWebSocketHandler mResponseJson: com.thundercomm.microservice.MicroServiceProxy@12e89eb
09-16 01:22:16.616 I/System.out( 2063): handler is: com.thundercomm.microservice.netty.client.handler.webSocket.ResponseWebSocketHandler@95037e4
09-16 01:22:16.640 W/NioEventLoop( 2063): Selector.select() returned prematurely 512 times in a row; rebuilding Selector io.netty.channel.nio.SelectedSelectionKeySetSelector@687744d.
09-16 01:22:16.641 I/NioEventLoop( 2063): Migrated 1 channel(s) to the new Selector.
09-16 01:22:16.753 I/mpu_uart( 664): [MSG-P:RECV]:No message received in 1000 ms
01-01 13:45:52.337 D/ ( 0): mv2112_read_status
01-01 13:45:52.341 D/mv2112_update_link( 0): 3.0x901(1G): 0x80
01-01 13:45:52.346 D/mv2112_update_link( 0): 3.0x8109(100M): 0x0
01-01 13:45:52.353 D/mv2112_update_link( 0): link 0x0
01-01 13:45:52.357 D/mv2112_read_status( 0): autoneg is disabled
09-16 01:22:17.754 I/mpu_uart( 664): [MSG-P:RECV]:No message received in 1000 ms
01-01 13:45:53.109 E/i2c_geni 980000.i2c( 0): i2c error :-107
01-01 13:45:53.115 E/ ( 0): [MAX975X:mcu_keep_wakeup_work_func] *ERROR* Failed to write dev:0x15 addr:0x22 value:0x80
01-01 13:45:53.127 E/i2c_geni 980000.i2c( 0): i2c error :-107
01-01 13:45:53.132 E/ ( 0): [MAX975X:mcu_keep_wakeup_work_func] *ERROR* Failed to write dev:0x15 addr:0x20 value:0x09
01-01 13:45:53.361 D/ ( 0): mv2112_read_status
01-01 13:45:53.365 D/mv2112_update_link( 0): 3.0x901(1G): 0x80
01-01 13:45:53.370 D/mv2112_update_link( 0): 3.0x8109(100M): 0x0
01-01 13:45:53.375 D/mv2112_update_link( 0): link 0x0
01-01 13:45:53.379 D/mv2112_read_status( 0): autoneg is disabled
09-16 01:22:18.678 I/HttpClient( 2063): onFailed
09-16 01:22:18.678 I/MicroService( 2063): sendConnectStateBroadCast() state0
09-16 01:22:18.681 I/MicroService( 2063): onNettyConnectState0
09-16 01:22:18.681 I/MicroService( 2063): onNettyConnectState count = 0
09-16 01:22:18.755 I/mpu_uart( 664): [MSG-P:RECV]:No message received in 1000 ms
01-01 13:45:54.132 I/init ( 0): starting service 'qvrd_vndr'...
01-01 13:45:54.139 I/init ( 0): Created socket '/dev/socket/qvrservice_vndr', mode 660, user 1000, group 1000
01-01 13:45:54.148 I/init ( 0): Created socket '/dev/socket/qvrservice_vndr_camera', mode 660, user 1000, group 1000
01-01 13:45:54.174 I/init ( 0): starting service 'sxrd'...
01-01 13:45:54.190 I/init ( 0): starting service 'vendor.light-hal-2-0'...
09-16 01:22:19.461 F/linker ( 7921): CANNOT LINK EXECUTABLE "/vendor/bin/hw/sxrservice": library "vendor.qti.hardware.qxr-V1-ndk_platform.so" not found: needed by main executable
01-01 13:45:54.215 I/init ( 0): Service 'sxrd' (pid 7921) exited with status 1
01-01 13:45:54.221 I/init ( 0): Sending signal 9 to service 'sxrd' (pid 7921) process group...
09-16 01:22:19.469 F/linker ( 7920): CANNOT LINK EXECUTABLE "/vendor/bin/hw/qvrservice": library "vendor.qti.hardware.qxr-V1-ndk_platform.so" not found: needed by /vendor/lib64/libqvrservice.so in namespace (default)
01-01 13:45:54.229 I/libprocessgroup( 0): Successfully killed process cgroup uid 1000 pid 7921 in 0ms
09-16 01:22:19.500 I/mpu_uart( 664): [MSG-P:R]:recv sync frame timeout
01-01 13:45:54.239 I/init ( 0): Service 'qvrd_vndr' (pid 7920) exited with status 1
01-01 13:45:54.245 I/init ( 0): Sending signal 9 to service 'qvrd_vndr' (pid 7920) process group...
09-16 01:22:19.512 I/hwservicemanager( 516): getTransport: Cannot find entry android.hardware.light@2.0::ILight/default in either framework or device VINTF manifest.
09-16 01:22:19.514 E/light ( 7922): light_open lights keyboard failed: -22
09-16 01:22:19.515 E/light ( 7922): Light passthrough failed to load legacy HAL.
09-16 01:22:19.515 E/light ( 7922): light_open lights buttons failed: -22
09-16 01:22:19.515 E/light ( 7922): Light passthrough failed to load legacy HAL.
09-16 01:22:19.517 E/light ( 7922): light_open lights bluetooth failed: -22
09-16 01:22:19.517 E/light ( 7922): Light passthrough failed to load legacy HAL.
09-16 01:22:19.518 E/light ( 7922): light_open lights wifi failed: -22
09-16 01:22:19.518 E/light ( 7922): Light passthrough failed to load legacy HAL.
09-16 01:22:19.518 I/hwservicemanager( 516): getTransport: Cannot find entry android.hardware.light@2.0::ILight/default in either framework or device VINTF manifest.
09-16 01:22:19.519 E/HidlServiceManagement( 7922): Service android.hardware.light@2.0::ILight/default must be in VINTF manifest in order to register/get.
09-16 01:22:19.519 E/LegacySupport( 7922): Could not register service android.hardware.light@2.0::ILight/default (-2147483648).
01-01 13:45:54.385 D/ ( 0): mv2112_read_status
01-01 13:45:54.389 D/mv2112_update_link( 0): 3.0x901(1G): 0x80
01-01 13:45:54.395 D/mv2112_update_link( 0): 3.0x8109(100M): 0x0
01-01 13:45:54.401 D/mv2112_update_link( 0): link 0x0
01-01 13:45:54.406 D/mv2112_read_status( 0): autoneg is disabled
09-16 01:22:19.679 I/HWebSocketClient( 2063): WEBclient: onFailed
09-16 01:22:19.685 I/HttpContext( 2063): getIResponseJson :com.thundercomm.microservice.MicroServiceProxy@12e89eb
09-16 01:22:19.686 I/ResponseHandler( 2063): ResponseHandler() :com.thundercomm.microservice.MicroServiceProxy@12e89eb
09-16 01:22:19.687 I/ResponseWebSocketHandler( 2063): ResponseWebSocketHandler start
09-16 01:22:19.687 I/HttpContext( 2063): getIResponseJson :com.thundercomm.microservice.MicroServiceProxy@12e89eb
09-16 01:22:19.687 I/ResponseWebSocketHandler( 2063): ResponseWebSocketHandler mResponseJson: com.thundercomm.microservice.MicroServiceProxy@12e89eb
09-16 01:22:19.689 I/System.out( 2063): handler is: com.thundercomm.microservice.netty.client.handler.webSocket.ResponseWebSocketHandler@d91666f
09-16 01:22:19.705 W/NioEventLoop( 2063): Selector.select() returned prematurely 512 times in a row; rebuilding Selector io.netty.channel.nio.SelectedSelectionKeySetSelector@cf89f7c.
09-16 01:22:19.706 I/NioEventLoop( 2063): Migrated 1 channel(s) to the new Selector.
09-16 01:22:19.755 I/mpu_uart( 664): [MSG-P:RECV]:No message received in 1000 ms
01-01 13:45:54.965 E/i2c_geni 980000.i2c( 0): i2c error :-107
01-01 13:45:54.971 E/ ( 0): [MAX975X:mcu_keep_wakeup_work_func] *ERROR* Failed to write dev:0x15 addr:0x22 value:0x80
01-01 13:45:54.984 E/i2c_geni 980000.i2c( 0): i2c error :-107
01-01 13:45:54.989 E/ ( 0): [MAX975X:mcu_keep_wakeup_work_func] *ERROR* Failed to write dev:0x15 addr:0x20 value:0x09
01-01 13:45:55.409 D/ ( 0): mv2112_read_status
01-01 13:45:55.413 D/mv2112_update_link( 0): 3.0x901(1G): 0x80
01-01 13:45:55.420 D/mv2112_update_link( 0): 3.0x8109(100M): 0x0
01-01 13:45:55.425 D/mv2112_update_link( 0): link 0x0
01-01 13:45:55.430 D/mv2112_read_status( 0): autoneg is disabled
09-16 01:22:20.756 I/mpu_uart( 664): [MSG-P:RECV]:No message received in 1000 ms
01-01 13:45:56.433 D/ ( 0): mv2112_read_status
01-01 13:45:56.437 D/mv2112_update_link( 0): 3.0x901(1G): 0x80
01-01 13:45:56.442 D/mv2112_update_link( 0): 3.0x8109(100M): 0x0
01-01 13:45:56.447 D/mv2112_update_link( 0): link 0x0
01-01 13:45:56.452 D/mv2112_read_status( 0): autoneg is disabled
09-16 01:22:21.750 I/HttpClient( 2063): onFailed
09-16 01:22:21.751 I/MicroService( 2063): sendConnectStateBroadCast() state0
09-16 01:22:21.755 I/MicroService( 2063): onNettyConnectState0
09-16 01:22:21.755 I/MicroService( 2063): onNettyConnectState count = 0
09-16 01:22:21.756 I/mpu_uart( 664): [MSG-P:RECV]:No message received in 1000 ms
01-01 13:45:56.819 E/i2c_geni 980000.i2c( 0): i2c error :-107
01-01 13:45:56.824 E/ ( 0): [MAX975X:mcu_keep_wakeup_work_func] *ERROR* Failed to write dev:0x15 addr:0x22 value:0x80
01-01 13:45:56.835 E/i2c_geni 980000.i2c( 0): i2c error :-107
01-01 13:45:56.840 E/ ( 0): [MAX975X:mcu_keep_wakeup_work_func] *ERROR* Failed to write dev:0x15 addr:0x20 value:0x09
09-16 01:22:22.504 I/mpu_uart( 664): [MSG-P:R]:recv sync frame timeout
01-01 13:45:57.457 D/ ( 0): mv2112_read_status
01-01 13:45:57.461 D/mv2112_update_link( 0): 3.0x901(1G): 0x80
01-01 13:45:57.467 D/mv2112_update_link( 0): 3.0x8109(100M): 0x0
01-01 13:45:57.472 D/mv2112_update_link( 0): link 0x0
01-01 13:45:57.476 D/mv2112_read_status( 0): autoneg is disabled
09-16 01:22:22.753 I/HWebSocketClient( 2063): WEBclient: onFailed
09-16 01:22:22.757 I/mpu_uart( 664): [MSG-P:RECV]:No message received in 1000 ms
09-16 01:22:22.759 I/HttpContext( 2063): getIResponseJson :com.thundercomm.microservice.MicroServiceProxy@12e89eb
09-16 01:22:22.759 I/ResponseHandler( 2063): ResponseHandler() :com.thundercomm.microservice.MicroServiceProxy@12e89eb
09-16 01:22:22.762 I/ResponseWebSocketHandler( 2063): ResponseWebSocketHandler start
09-16 01:22:22.763 I/HttpContext( 2063): getIResponseJson :com.thundercomm.microservice.MicroServiceProxy@12e89eb
09-16 01:22:22.763 I/ResponseWebSocketHandler( 2063): ResponseWebSocketHandler mResponseJson: com.thundercomm.microservice.MicroServiceProxy@12e89eb
09-16 01:22:22.763 I/System.out( 2063): handler is: com.thundercomm.microservice.netty.client.handler.webSocket.ResponseWebSocketHandler@b56026
09-16 01:22:22.776 W/NioEventLoop( 2063): Selector.select() returned prematurely 512 times in a row; rebuilding Selector io.netty.channel.nio.SelectedSelectionKeySetSelector@3e9b467.
09-16 01:22:22.777 I/NioEventLoop( 2063): Migrated 1 channel(s) to the new Selector.
09-16 01:22:22.998 I/KEVA.NATIVE( 4752): byte array do not exist
09-16 01:22:22.998 I/KEVA.NATIVE( 4752): byte array do not exist
01-01 13:45:58.481 D/ ( 0): mv2112_read_status
01-01 13:45:58.485 D/mv2112_update_link( 0): 3.0x901(1G): 0x80
01-01 13:45:58.491 D/mv2112_update_link( 0): 3.0x8109(100M): 0x0
01-01 13:45:58.497 D/mv2112_update_link( 0): link 0x0
01-01 13:45:58.501 D/mv2112_read_status( 0): autoneg is disabled
09-16 01:22:23.757 I/mpu_uart( 664): [MSG-P:RECV]:No message received in 1000 ms
01-01 13:45:58.675 E/i2c_geni 980000.i2c( 0): i2c error :-107
01-01 13:45:58.680 E/ ( 0): [MAX975X:mcu_keep_wakeup_work_func] *ERROR* Failed to write dev:0x15 addr:0x22 value:0x80
01-01 13:45:58.690 E/i2c_geni 980000.i2c( 0): i2c error :-107
01-01 13:45:58.695 E/ ( 0): [MAX975X:mcu_keep_wakeup_work_func] *ERROR* Failed to write dev:0x15 addr:0x20 value:0x09
01-01 13:45:59.173 I/init ( 0): starting service 'qvrd_vndr'...
01-01 13:45:59.180 I/init ( 0): Created socket '/dev/socket/qvrservice_vndr', mode 660, user 1000, group 1000
01-01 13:45:59.190 I/init ( 0): Created socket '/dev/socket/qvrservice_vndr_camera', mode 660, user 1000, group 1000
01-01 13:45:59.219 I/init ( 0): starting service 'sxrd'...
01-01 13:45:59.237 I/init ( 0): starting service 'vendor.light-hal-2-0'...
09-16 01:22:24.520 F/linker ( 7926): CANNOT LINK EXECUTABLE "/vendor/bin/hw/sxrservice": library "vendor.qti.hardware.qxr-V1-ndk_platform.so" not found: needed by main executable
09-16 01:22:24.529 F/linker ( 7925): CANNOT LINK EXECUTABLE "/vendor/bin/hw/qvrservice": library "vendor.qti.hardware.qxr-V1-ndk_platform.so" not found: needed by /vendor/lib64/libqvrservice.so in namespace (default)
01-01 13:45:59.274 I/init ( 0): Service 'sxrd' (pid 7926) exited with status 1
01-01 13:45:59.280 I/init ( 0): Sending signal 9 to service 'sxrd' (pid 7926) process group...
01-01 13:45:59.288 I/libprocessgroup( 0): Successfully killed process cgroup uid 1000 pid 7926 in 0ms
09-16 01:22:24.548 I/hwservicemanager( 516): getTransport: Cannot find entry android.hardware.light@2.0::ILight/default in either framework or device VINTF manifest.
09-16 01:22:24.551 E/light ( 7927): light_open lights keyboard failed: -22
09-16 01:22:24.552 E/light ( 7927): Light passthrough failed to load legacy HAL.
09-16 01:22:24.553 E/light ( 7927): light_open lights buttons failed: -22
09-16 01:22:24.553 E/light ( 7927): Light passthrough failed to load legacy HAL.
09-16 01:22:24.555 E/light ( 7927): light_open lights bluetooth failed: -22
09-16 01:22:24.555 E/light ( 7927): Light passthrough failed to load legacy HAL.
09-16 01:22:24.556 E/light ( 7927): light_open lights wifi failed: -22
09-16 01:22:24.556 E/light ( 7927): Light passthrough failed to load legacy HAL.
09-16 01:22:24.557 I/hwservicemanager( 516): getTransport: Cannot find entry android.hardware.light@2.0::ILight/default in either framework or device VINTF manifest.
09-16 01:22:24.558 E/HidlServiceManagement( 7927): Service android.hardware.light@2.0::ILight/default must be in VINTF manifest in order to register/get.
09-16 01:22:24.558 E/LegacySupport( 7927): Could not register service android.hardware.light@2.0::ILight/default (-2147483648).
01-01 13:45:59.298 I/init ( 0): Service 'qvrd_vndr' (pid 7925) exited with status 1
01-01 13:45:59.305 I/init ( 0): Sending signal 9 to service 'qvrd_vndr' (pid 7925) process group...
09-16 01:22:24.758 I/mpu_uart( 664): [MSG-P:RECV]:No message received in 1000 ms
01-01 13:45:59.505 D/ ( 0): mv2112_read_status
01-01 13:45:59.508 D/mv2112_update_link( 0): 3.0x901(1G): 0x80
01-01 13:45:59.516 D/mv2112_update_link( 0): 3.0x8109(100M): 0x0
01-01 13:45:59.522 D/mv2112_update_link( 0): link 0x0
01-01 13:45:59.528 D/mv2112_read_status( 0): autoneg is disabled
09-16 01:22:24.822 I/HttpClient( 2063): onFailed
09-16 01:22:24.823 I/MicroService( 2063): sendConnectStateBroadCast() state0
09-16 01:22:24.826 I/MicroService( 2063): onNettyConnectState0
09-16 01:22:24.826 I/MicroService( 2063): onNettyConnectState count = 0
09-16 01:22:25.505 I/mpu_uart( 664): [MSG-P:R]:recv sync frame timeout
09-16 01:22:25.759 I/mpu_uart( 664): [MSG-P:RECV]:No message received in 1000 ms
01-01 13:46:00.531 E/i2c_geni 980000.i2c( 0): i2c error :-107
01-01 13:46:00.536 E/ ( 0): [MAX975X:mcu_keep_wakeup_work_func] *ERROR* Failed to write dev:0x15 addr:0x22 value:0x80
01-01 13:46:00.549 E/i2c_geni 980000.i2c( 0): i2c error :-107
01-01 13:46:00.554 E/ ( 0): [MAX975X:mcu_keep_wakeup_work_func] *ERROR* Failed to write dev:0x15 addr:0x20 value:0x09
01-01 13:46:00.561 D/ ( 0): mv2112_read_status
01-01 13:46:00.567 D/mv2112_update_link( 0): 3.0x901(1G): 0x80
09-16 01:22:25.825 I/HWebSocketClient( 2063): WEBclient: onFailed
01-01 13:46:00.573 D/mv2112_update_link( 0): 3.0x8109(100M): 0x0
01-01 13:46:00.580 D/mv2112_update_link( 0): link 0x0
01-01 13:46:00.584 D/mv2112_read_status( 0): autoneg is disabled
09-16 01:22:25.829 I/ResponseWebSocketHandler( 2063): ResponseWebSocketHandler start
09-16 01:22:25.829 I/HttpContext( 2063): getIResponseJson :com.thundercomm.microservice.MicroServiceProxy@12e89eb
09-16 01:22:25.829 I/ResponseWebSocketHandler( 2063): ResponseWebSocketHandler mResponseJson: com.thundercomm.microservice.MicroServiceProxy@12e89eb
09-16 01:22:25.829 I/HttpContext( 2063): getIResponseJson :com.thundercomm.microservice.MicroServiceProxy@12e89eb
09-16 01:22:25.829 I/ResponseHandler( 2063): ResponseHandler() :com.thundercomm.microservice.MicroServiceProxy@12e89eb
09-16 01:22:25.830 I/System.out( 2063): handler is: com.thundercomm.microservice.netty.client.handler.webSocket.ResponseWebSocketHandler@a4295b9
09-16 01:22:25.844 W/NioEventLoop( 2063): Selector.select() returned prematurely 512 times in a row; rebuilding Selector io.netty.channel.nio.SelectedSelectionKeySetSelector@e0e4dfe.
09-16 01:22:25.845 I/NioEventLoop( 2063): Migrated 1 channel(s) to the new Selector.
09-16 01:22:26.760 I/mpu_uart( 664): [MSG-P:RECV]:No message received in 1000 ms
01-01 13:46:01.617 D/ ( 0): mv2112_read_status
01-01 13:46:01.621 D/mv2112_update_link( 0): 3.0x901(1G): 0x80
01-01 13:46:01.630 D/mv2112_update_link( 0): 3.0x8109(100M): 0x0
01-01 13:46:01.636 D/mv2112_update_link( 0): link 0x0
01-01 13:46:01.640 D/mv2112_read_status( 0): autoneg is disabled
01-01 13:46:02.387 E/i2c_geni 980000.i2c( 0): i2c error :-107
01-01 13:46:02.392 E/ ( 0): [MAX975X:mcu_keep_wakeup_work_func] *ERROR* Failed to write dev:0x15 addr:0x22 value:0x80
01-01 13:46:02.403 E/i2c_geni 980000.i2c( 0): i2c error :-107
01-01 13:46:02.408 E/ ( 0): [MAX975X:mcu_keep_wakeup_work_func] *ERROR* Failed to write dev:0x15 addr:0x20 value:0x09
09-16 01:22:27.761 I/mpu_uart( 664): [MSG-P:RECV]:No message received in 1000 ms
09-16 01:22:27.894 I/HttpClient( 2063): onFailed
09-16 01:22:27.895 I/MicroService( 2063): sendConnectStateBroadCast() state0
09-16 01:22:27.899 I/MicroService( 2063): onNettyConnectState0
09-16 01:22:27.899 I/MicroService( 2063): onNettyConnectState count = 0
01-01 13:46:02.673 D/ ( 0): mv2112_read_status
01-01 13:46:02.676 D/mv2112_update_link( 0): 3.0x901(1G): 0x80
01-01 13:46:02.682 D/mv2112_update_link( 0): 3.0x8109(100M): 0x0
01-01 13:46:02.687 D/mv2112_update_link( 0): link 0x0
01-01 13:46:02.692 D/mv2112_read_status( 0): autoneg is disabled
09-16 01:22:28.509 I/mpu_uart( 664): [MSG-P:R]:recv sync frame timeout
09-16 01:22:28.761 I/mpu_uart( 664): [MSG-P:RECV]:No message received in 1000 ms
09-16 01:22:28.895 I/HWebSocketClient( 2063): WEBclient: onFailed
09-16 01:22:28.902 I/HttpContext( 2063): getIResponseJson :com.thundercomm.microservice.MicroServiceProxy@12e89eb
09-16 01:22:28.902 I/ResponseHandler( 2063): ResponseHandler() :com.thundercomm.microservice.MicroServiceProxy@12e89eb
09-16 01:22:28.918 I/ResponseWebSocketHandler( 2063): ResponseWebSocketHandler start
09-16 01:22:28.918 I/HttpContext( 2063): getIResponseJson :com.thundercomm.microservice.MicroServiceProxy@12e89eb
09-16 01:22:28.918 I/ResponseWebSocketHandler( 2063): ResponseWebSocketHandler mResponseJson: com.thundercomm.microservice.MicroServiceProxy@12e89eb
09-16 01:22:28.919 I/System.out( 2063): handler is: com.thundercomm.microservice.netty.client.handler.webSocket.ResponseWebSocketHandler@ad24a98
01-01 13:46:03.697 D/ ( 0): mv2112_read_status
01-01 13:46:03.702 D/mv2112_update_link( 0): 3.0x901(1G): 0x80
01-01 13:46:03.707 D/mv2112_update_link( 0): 3.0x8109(100M): 0x0
01-01 13:46:03.712 D/mv2112_update_link( 0): link 0x0
01-01 13:46:03.716 D/mv2112_read_status( 0): autoneg is disabled
01-01 13:46:04.219 I/init ( 0): starting service 'qvrd_vndr'...
01-01 13:46:04.226 I/init ( 0): Created socket '/dev/socket/qvrservice_vndr', mode 660, user 1000, group 1000
01-01 13:46:04.236 I/init ( 0): Created socket '/dev/socket/qvrservice_vndr_camera', mode 660, user 1000, group 1000
01-01 13:46:04.244 E/i2c_geni 980000.i2c( 0): i2c error :-107
01-01 13:46:04.254 E/ ( 0): [MAX975X:mcu_keep_wakeup_work_func] *ERROR* Failed to write dev:0x15 addr:0x22 value:0x80
01-01 13:46:04.267 I/init ( 0): starting service 'sxrd'...
01-01 13:46:04.267 E/i2c_geni 980000.i2c( 0): i2c error :-107
01-01 13:46:04.277 E/ ( 0): [MAX975X:mcu_keep_wakeup_work_func] *ERROR* Failed to write dev:0x15 addr:0x20 value:0x09
09-16 01:22:29.536 F/linker ( 7930): CANNOT LINK EXECUTABLE "/vendor/bin/hw/qvrservice": library "vendor.qti.hardware.qxr-V1-ndk_platform.so" not found: needed by /vendor/lib64/libqvrservice.so in namespace (default)
01-01 13:46:04.290 I/init ( 0): Service 'qvrd_vndr' (pid 7930) exited with status 1
01-01 13:46:04.297 I/init ( 0): Sending signal 9 to service 'qvrd_vndr' (pid 7930) process group...
01-01 13:46:04.305 I/libprocessgroup( 0): Successfully killed process cgroup uid 1000 pid 7930 in 0ms
09-16 01:22:29.561 F/linker ( 7931): CANNOT LINK EXECUTABLE "/vendor/bin/hw/sxrservice": library "vendor.qti.hardware.qxr-V1-ndk_platform.so" not found: needed by main executable
01-01 13:46:04.315 I/init ( 0): Service 'sxrd' (pid 7931) exited with status 1
01-01 13:46:04.321 I/init ( 0): Sending signal 9 to service 'sxrd' (pid 7931) process group...
01-01 13:46:04.329 I/libprocessgroup( 0): Successfully killed process cgroup uid 1000 pid 7931 in 0ms
01-01 13:46:04.390 I/IRQ 5 ( 0): no longer affine to CPU4
09-16 01:22:29.650 I/hwservicemanager( 516): getTransport: Cannot find entry android.hardware.light@2.0::ILight/default in either framework or device VINTF manifest.
09-16 01:22:29.655 E/light ( 7932): light_open lights keyboard failed: -22
09-16 01:22:29.655 E/light ( 7932): Light passthrough failed to load legacy HAL.
09-16 01:22:29.656 E/light ( 7932): light_open lights buttons failed: -22
09-16 01:22:29.656 E/light ( 7932): Light passthrough failed to load legacy HAL.
09-16 01:22:29.658 E/light ( 7932): light_open lights bluetooth failed: -22
