09-16 00:50:31.209 I/input_focus( 1128): [Focus entering 9fa75de com.android.settings/com.android.settings.FallbackHome (server),reason=setFocusedWindow]
09-16 00:50:31.221 I/am_uid_running( 1128): 10075
09-16 00:50:31.221 I/am_wtf ( 1128): [0,1128,system_server,-1,DisplayDeviceConfig,requesting nits when no mapping exists.]
09-16 00:50:31.302 I/am_proc_start( 1128): [0,2667,10075,com.android.inputmethod.latin,service,{com.android.inputmethod.latin/com.android.inputmethod.latin.LatinIME}]
09-16 00:50:31.323 I/uc_finish_user_boot( 1128): 0
09-16 00:50:31.323 I/am_user_state_changed( 1128): [0,1]
09-16 00:50:31.332 I/uc_send_user_broadcast( 1128): [0,android.intent.action.LOCKED_BOOT_COMPLETED]
09-16 00:50:31.399 I/uc_finish_user_unlocking( 1128): 0
09-16 00:50:31.406 I/am_uid_running( 1128): 10074
09-16 00:50:31.427 I/am_proc_bound( 1128): [0,2667,com.android.inputmethod.latin]
09-16 00:50:31.434 I/am_uid_active( 1128): 10075
09-16 00:50:31.469 I/am_proc_start( 1128): [0,2689,10074,com.android.deskclock,broadcast,{com.android.deskclock/com.android.deskclock.AlarmInitReceiver}]
09-16 00:50:31.478 I/notification_enqueue( 1128): [1000,1128,android,26,NULL,-1,Notification(channel=DEVELOPER_IMPORTANT shortcut=null contentView=null vibrate=null sound=null tick defaults=0x0 flags=0x2 color=0x00000000 vis=PUBLIC),0]
09-16 00:50:31.478 I/notification_enqueue( 1128): [1000,1128,android,55,NULL,-1,Notification(channel=DEVELOPER shortcut=null contentView=null vibrate=null sound=null tick defaults=0x0 flags=0x2 color=0x00000000 vis=PUBLIC),0]
09-16 00:50:31.648 I/am_proc_bound( 1128): [0,2689,com.android.deskclock]
09-16 00:50:31.653 I/am_uid_active( 1128): 10074
09-16 00:50:31.690 I/commit_sys_config_file( 1128): [input-subtypes,23]
09-16 00:50:32.029 I/sysui_multi_action( 1128): [757,1501,758,1,793,757,794,0,795,757,796,26,806,android,857,DEVELOPER_IMPORTANT,858,4,947,0,1500,0]
09-16 00:50:32.030 I/sysui_multi_action( 1128): [757,804,799,note_interruptive,801,0,802,1]
09-16 00:50:32.032 I/sysui_multi_action( 1128): [757,1501,758,1,793,760,794,0,795,760,796,26,806,android,857,DEVELOPER_IMPORTANT,858,4,947,0,1500,0,1688,1]
09-16 00:50:32.033 I/sysui_multi_action( 1128): [757,804,799,note_interruptive,801,0,802,1]
09-16 00:50:32.033 I/sysui_multi_action( 1128): [757,199,758,1,759,2,793,761,794,0,795,761,796,26,806,android,857,DEVELOPER_IMPORTANT,858,4,947,0,1500,1,1688,1]
09-16 00:50:32.033 I/notification_alert( 1128): [-1|android|26|null|1000,0,1,0]
09-16 00:50:32.035 I/sysui_multi_action( 1128): [757,1501,758,1,793,633,794,0,795,633,796,55,806,android,857,DEVELOPER,858,2,947,0,1500,0]
09-16 00:50:32.036 I/sysui_multi_action( 1128): [757,804,799,note_interruptive,801,0,802,1]
09-16 00:50:32.037 I/notification_cancel_all( 1128): [1002,1892,com.android.bluetooth,0,0,64,9,NULL]
09-16 00:50:32.183 I/am_uid_running( 1128): 10082
09-16 00:50:32.220 I/service_manager_slow( 1892): [10,permission_checker]
09-16 00:50:32.257 I/am_proc_start( 1128): [0,2755,10082,com.qualcomm.location,broadcast,{com.qualcomm.location/com.qualcomm.location.LocationServiceReceiver}]
09-16 00:50:32.544 I/am_user_state_changed( 1128): [0,2]
09-16 00:50:32.548 I/ssm_user_unlocking( 1128): 0
09-16 00:50:32.590 I/am_uid_running( 1128): 10032
09-16 00:50:32.690 I/uc_finish_user_unlocked( 1128): 0
09-16 00:50:32.690 I/am_user_state_changed( 1128): [0,3]
09-16 00:50:32.715 I/wm_task_created( 1128): [99,-1]
09-16 00:50:32.732 I/wm_task_created( 1128): [30,-1]
09-16 00:50:32.735 I/wm_task_created( 1128): [138,-1]
09-16 00:50:32.737 I/wm_task_created( 1128): [33,-1]
09-16 00:50:32.739 I/wm_task_created( 1128): [53,-1]
09-16 00:50:32.741 I/wm_task_created( 1128): [65,-1]
09-16 00:50:32.744 I/wm_task_created( 1128): [68,-1]
09-16 00:50:32.746 I/wm_task_created( 1128): [64,-1]
09-16 00:50:32.749 I/wm_task_created( 1128): [54,-1]
09-16 00:50:32.750 I/service_manager_slow( 1128): [27,mount]
09-16 00:50:32.753 I/wm_task_created( 1128): [134,-1]
09-16 00:50:32.757 I/wm_task_created( 1128): [70,-1]
09-16 00:50:32.759 I/wm_task_created( 1128): [83,-1]
09-16 00:50:32.766 I/wm_task_created( 1128): [102,-1]
09-16 00:50:32.768 I/wm_task_created( 1128): [144,-1]
09-16 00:50:32.778 I/dvm_lock_sample( 1128): [system_server,1,Binder:1128_9,59,ActivityTaskManagerService.java,5370,boolean com.android.server.wm.ActivityTaskManagerService$LocalService.isGetTasksAllowed(java.lang.String, int, int),TaskChangeNotificationController.java,342,void com.android.server.wm.TaskChangeNotificationController.forAllLocalListeners(com.android.server.wm.TaskChangeNotificationController$TaskStackConsumer, android.os.Message),11]
09-16 00:50:32.782 I/am_uid_running( 1128): 10059
09-16 00:50:32.795 I/am_uid_running( 1128): 10056
09-16 00:50:32.806 I/service_manager_slow( 1128): [28,user]
09-16 00:50:32.807 I/am_uid_running( 1128): 10083
09-16 00:50:32.810 I/am_uid_running( 1128): 10091
09-16 00:50:32.811 I/am_uid_running( 1128): 10090
09-16 00:50:32.814 I/am_proc_start( 1128): [0,2787,10032,com.sohu.inputmethod.sogou.car,service,{com.sohu.inputmethod.sogou.car/com.sohu.inputmethod.sogou.car.CrossSogouIME}]
09-16 00:50:32.816 I/uc_send_user_broadcast( 1128): [0,android.intent.action.USER_UNLOCKED]
09-16 00:50:32.854 I/uc_finish_user_unlocked_completed( 1128): 0
09-16 00:50:32.870 I/wm_finish_activity( 1128): [0,33377319,2,com.android.settings/.FallbackHome,app-request]
09-16 00:50:32.871 I/wm_pause_activity( 1128): [0,33377319,com.android.settings/.FallbackHome,userLeaving=false,finish]
09-16 00:50:32.876 I/wm_on_top_resumed_lost_called( 2374): [33377319,com.android.settings.FallbackHome,topStateChangedWhenResumed]
09-16 00:50:32.879 I/sysui_multi_action( 1128): [757,1144,758,7,806,com.android.settings,871,com.android.settings.FallbackHome]
09-16 00:50:32.882 I/wm_on_paused_called( 2374): [33377319,com.android.settings.FallbackHome,performPause]
09-16 00:50:32.915 I/ssm_user_unlocked( 1128): 0
09-16 00:50:32.946 I/service_manager_slow( 1128): [29,platform_compat]
09-16 00:50:33.002 I/wm_task_created( 1128): [145,-1]
09-16 00:50:33.004 I/wm_task_moved( 1128): [145,1,2147483647]
09-16 00:50:33.010 I/wm_task_moved( 1128): [1,1,5]
09-16 00:50:33.010 I/wm_create_task( 1128): [0,145]
09-16 00:50:33.010 I/wm_create_activity( 1128): [0,235585230,145,com.android.launcher3/.uioverrides.QuickstepLauncher,android.intent.action.MAIN,NULL,NULL,268435712]
09-16 00:50:33.010 I/wm_task_moved( 1128): [1,1,5]
09-16 00:50:33.010 I/wm_task_moved( 1128): [145,1,2147483647]
09-16 00:50:33.010 I/wm_task_to_front( 1128): [0,145]
09-16 00:50:33.022 I/wm_restart_activity( 1128): [0,235585230,145,com.android.launcher3/.uioverrides.QuickstepLauncher]
09-16 00:50:33.024 I/wm_set_resumed_activity( 1128): [0,com.android.launcher3/.uioverrides.QuickstepLauncher,minimalResumeActivityLocked]
09-16 00:50:33.037 I/input_focus( 1128): [Focus leaving 9fa75de com.android.settings/com.android.settings.FallbackHome (server),reason=NO_WINDOW]
09-16 00:50:33.085 I/dvm_lock_sample( 1128): [system_server,0,main,206,ActivityTaskManagerService.java,5567,android.content.res.CompatibilityInfo com.android.server.wm.ActivityTaskManagerService$LocalService.compatibilityInfoForPackage(android.content.pm.ApplicationInfo),,0,null,41]
09-16 00:50:33.122 I/dvm_lock_sample( 1128): [system_server,0,LazyTaskWriterThread,53,TaskPersister.java,414,void com.android.server.wm.TaskPersister.onPreProcessItem(boolean),ActivityTaskManagerService.java,1127,void com.android.server.wm.ActivityTaskManagerService$Lifecycle.onUserUnlocked(com.android.server.SystemService$TargetUser),10]
09-16 00:50:33.136 I/dvm_lock_sample( 1128): [system_server,0,Binder:1128_7,258,ActivityManagerService.java,12158,void com.android.server.am.ActivityManagerService.serviceDoneExecuting(android.os.IBinder, int, int, int),-,12115,int com.android.server.am.ActivityManagerService.bindIsolatedService(android.app.IApplicationThread, android.os.IBinder, android.content.Intent, java.lang.String, android.app.IServiceConnection, int, java.lang.String, java.lang.String, int),51]
09-16 00:50:33.147 I/dvm_lock_sample( 1128): [system_server,1,Binder:1128_6,269,ActivityManagerService.java,12649,void com.android.server.am.ActivityManagerService.unregisterReceiver(android.content.IIntentReceiver),-,12115,int com.android.server.am.ActivityManagerService.bindIsolatedService(android.app.IApplicationThread, android.os.IBinder, android.content.Intent, java.lang.String, android.app.IServiceConnection, int, java.lang.String, java.lang.String, int),53]
09-16 00:50:33.154 I/dvm_lock_sample( 1128): [system_server,0,android.fg,247,ActivityManagerService.java,13701,int com.android.server.am.ActivityManagerService.broadcastIntentWithFeature(android.app.IApplicationThread, java.lang.String, android.content.Intent, java.lang.String, android.content.IIntentReceiver, int, java.lang.String, android.os.Bundle, java.lang.String[], java.lang.String[], int, android.os.Bundle, boolean, boolean, int),,0,null,49]
09-16 00:50:33.155 I/dvm_lock_sample( 1128): [system_server,1,Binder:1128_B,245,ContentProviderHelper.java,622,void com.android.server.am.ContentProviderHelper.publishContentProviders(android.app.IApplicationThread, java.util.List),,0,null,49]
09-16 00:50:33.155 I/dvm_lock_sample( 1128): [system_server,1,ActivityManager:procStart,219,ProcessList.java,2160,void com.android.server.am.ProcessList.handleProcessStart(com.android.server.am.ProcessRecord, java.lang.String, int[], int, int, int, java.lang.String, java.lang.String, java.lang.String, long),,0,null,43]
09-16 00:50:33.155 I/am_proc_start( 1128): [0,2827,10059,ts.car.uart,added application,ts.car.uart]
09-16 00:50:33.161 I/dvm_lock_sample( 1128): [system_server,1,Binder:1128_3,215,ActivityManagerService.java,12468,android.content.Intent com.android.server.am.ActivityManagerService.registerReceiverWithFeature(android.app.IApplicationThread, java.lang.String, java.lang.String, java.lang.String, android.content.IIntentReceiver, android.content.IntentFilter, java.lang.String, int, int),,0,null,43]
09-16 00:50:33.169 I/am_uid_running( 1128): 10099
09-16 00:50:33.171 I/am_proc_bound( 1128): [0,2787,com.sohu.inputmethod.sogou.car]
09-16 00:50:33.244 I/service_manager_slow( 1128): [72,platform_compat]
09-16 00:50:33.263 I/service_manager_slow( 1128): [95,telecom]
09-16 00:50:33.277 I/am_uid_active( 1128): 10032
09-16 00:50:33.305 I/am_drop_process( 1128): 2755
09-16 00:50:33.353 I/dvm_lock_sample( 1128): [system_server,0,backup-0,57,ActivityManagerService.java,5561,boolean com.android.server.am.ActivityManagerService.isAppStartModeDisabled(int, java.lang.String),OomAdjuster.java,641,boolean com.android.server.am.OomAdjuster.updateOomAdjLocked(com.android.server.am.ProcessRecord, java.lang.String),11]
09-16 00:50:33.385 I/dvm_lock_sample( 1128): [system_server,0,main,22,MessageQueue.java,337,android.os.Message android.os.MessageQueue.next(),-,600,boolean android.os.MessageQueue.enqueueMessage(android.os.Message, long),4]
09-16 00:50:33.391 I/am_proc_bound( 1128): [0,2827,ts.car.uart]
09-16 00:50:33.400 I/am_uid_active( 1128): 10059
09-16 00:50:33.406 I/dvm_lock_sample( 1128): [system_server,0,Binder:1128_6,253,ActivityManagerService.java,12158,void com.android.server.am.ActivityManagerService.serviceDoneExecuting(android.os.IBinder, int, int, int),,0,null,50]
09-16 00:50:33.406 I/dvm_lock_sample( 1128): [system_server,0,android.fg,249,ActivityManagerService.java,13701,int com.android.server.am.ActivityManagerService.broadcastIntentWithFeature(android.app.IApplicationThread, java.lang.String, android.content.Intent, java.lang.String, android.content.IIntentReceiver, int, java.lang.String, android.os.Bundle, java.lang.String[], java.lang.String[], int, android.os.Bundle, boolean, boolean, int),,0,null,49]
09-16 00:50:33.413 I/dvm_lock_sample( 1128): [system_server,1,Binder:1128_7,239,ActivityManagerService.java,12468,android.content.Intent com.android.server.am.ActivityManagerService.registerReceiverWithFeature(android.app.IApplicationThread, java.lang.String, java.lang.String, java.lang.String, android.content.IIntentReceiver, android.content.IntentFilter, java.lang.String, int, int),,0,null,47]
09-16 00:50:33.413 I/dvm_lock_sample( 1128): [system_server,1,Binder:1128_B,183,ContentProviderHelper.java,622,void com.android.server.am.ContentProviderHelper.publishContentProviders(android.app.IApplicationThread, java.util.List),,0,null,36]
09-16 00:50:33.413 I/dvm_lock_sample( 1128): [system_server,0,pool-7-thread-1,138,ActivityManagerService.java,12468,android.content.Intent com.android.server.am.ActivityManagerService.registerReceiverWithFeature(android.app.IApplicationThread, java.lang.String, java.lang.String, java.lang.String, android.content.IIntentReceiver, android.content.IntentFilter, java.lang.String, int, int),,0,null,27]
09-16 00:50:33.414 I/am_proc_start( 1128): [0,2877,10056,.pasr,added application,.pasr]
09-16 00:50:33.416 I/sysui_multi_action( 1128): [757,803,799,window_time_0,802,15]
09-16 00:50:33.464 I/am_proc_bound( 1128): [0,2877,.pasr]
09-16 00:50:33.474 I/am_uid_active( 1128): 10056
09-16 00:50:33.487 I/uc_send_user_broadcast( 1128): [0,android.intent.action.BOOT_COMPLETED]
09-16 00:50:33.639 I/am_proc_start( 1128): [0,2909,10083,com.qualcomm.qti.services.systemhelper:systemhelper_service,added application,com.qualcomm.qti.services.systemhelper:systemhelper_service]
09-16 00:50:33.686 I/service_manager_slow( 2439): [65,wallpaper]
09-16 00:50:33.689 I/service_manager_slow( 2827): [63,game]
09-16 00:50:33.694 I/service_manager_slow( 2787): [63,vendor.perfservice]
09-16 00:50:33.717 I/am_wtf ( 1128): [0,2787,com.sohu.inputmethod.sogou.car,948485701,SystemConfig,SystemConfig is being accessed by a process other than system_server.]
09-16 00:50:33.723 I/am_proc_bound( 1128): [0,2909,com.qualcomm.qti.services.systemhelper:systemhelper_service]
09-16 00:50:33.734 I/am_uid_active( 1128): 10083
09-16 00:50:33.731 I/auditd ( 2787): type=1400 audit(0.0:107): avc: denied { read } for comm="ethod.sogou.car" name="filesystems" dev="proc" ino=4026532320 scontext=u:r:priv_app:s0:c512,c768 tcontext=u:object_r:proc_filesystems:s0 tclass=file permissive=0 app=com.sohu.inputmethod.sogou.car
09-16 00:50:33.842 I/dvm_lock_sample( 1128): [system_server,1,ActivityManager:procStart,68,ProcessList.java,2160,void com.android.server.am.ProcessList.handleProcessStart(com.android.server.am.ProcessRecord, java.lang.String, int[], int, int, int, java.lang.String, java.lang.String, java.lang.String, long),ActivityManagerService.java,11968,android.content.ComponentName com.android.server.am.ActivityManagerService.startService(android.app.IApplicationThread, android.content.Intent, java.lang.String, boolean, java.lang.String, java.lang.String, int),13]
09-16 00:50:33.842 I/am_proc_start( 1128): [0,2935,10091,com.qualcomm.qti.qccnetstat,added application,com.qualcomm.qti.qccnetstat]
09-16 00:50:33.898 I/am_proc_bound( 1128): [0,2935,com.qualcomm.qti.qccnetstat]
09-16 00:50:33.906 I/am_uid_active( 1128): 10091
09-16 00:50:34.011 I/liblog ( 1548): 66
09-16 00:50:34.031 I/am_proc_start( 1128): [0,2965,10090,com.qualcomm.qti.workloadclassifier,added application,com.qualcomm.qti.workloadclassifier]
09-16 00:50:34.123 I/dvm_lock_sample( 1128): [system_server,0,backup,502,UserBackupManagerService.java,3369,void com.android.server.backup.UserBackupManagerService.updateStateOnBackupEnabled(boolean, boolean),-,2685,void com.android.server.backup.UserBackupManagerService.dataChangedImpl(java.lang.String, java.util.HashSet),100]
09-16 00:50:34.178 I/am_proc_bound( 1128): [0,2965,com.qualcomm.qti.workloadclassifier]
09-16 00:50:34.188 I/am_uid_active( 1128): 10090
09-16 00:50:34.193 I/am_proc_start( 1128): [0,3001,10082,com.qualcomm.location,added application,com.qualcomm.location]
09-16 00:50:34.249 I/am_uid_running( 1128): 10022
09-16 00:50:34.324 I/am_proc_start( 1128): [0,3027,10099,com.android.providers.media.module,service,{com.android.providers.media.module/com.android.providers.media.fuse.ExternalStorageServiceImpl}]
09-16 00:50:34.361 I/am_proc_bound( 1128): [0,3001,com.qualcomm.location]
09-16 00:50:34.382 I/am_uid_active( 1128): 10082
09-16 00:50:34.428 I/am_proc_start( 1128): [0,3042,1000,com.android.keychain,service,{com.android.keychain/com.android.keychain.KeyChainService}]
09-16 00:50:34.446 I/wm_on_create_called( 2439): [235585230,com.android.launcher3.uioverrides.QuickstepLauncher,performCreate]
09-16 00:50:34.451 I/wm_on_start_called( 2439): [235585230,com.android.launcher3.uioverrides.QuickstepLauncher,handleStartActivity]
09-16 00:50:34.453 I/wm_on_resume_called( 2439): [235585230,com.android.launcher3.uioverrides.QuickstepLauncher,RESUME_ACTIVITY]
09-16 00:50:34.472 I/am_proc_bound( 1128): [0,3027,com.android.providers.media.module]
09-16 00:50:34.479 I/wm_on_top_resumed_gained_called( 2439): [235585230,com.android.launcher3.uioverrides.QuickstepLauncher,topStateChangedWhenResumed]
09-16 00:50:34.480 I/am_uid_active( 1128): 10099
09-16 00:50:34.563 I/input_focus( 1128): [Focus request 7ccd273 com.android.launcher3/com.android.launcher3.uioverrides.QuickstepLauncher,reason=UpdateInputWindows]
09-16 00:50:34.603 I/am_uid_running( 1128): 10019
09-16 00:50:34.617 I/am_proc_start( 1128): [0,3088,10022,android.process.media,broadcast,{com.android.mtp/com.android.mtp.MtpReceiver}]
09-16 00:50:34.625 I/am_proc_bound( 1128): [0,3042,com.android.keychain]
09-16 00:50:34.711 I/commit_sys_config_file( 1128): [jobs,130]
09-16 00:50:34.732 I/wm_destroy_activity( 1128): [0,33377319,2,com.android.settings/.FallbackHome,finish-idle]
09-16 00:50:34.759 I/am_proc_start( 1128): [0,3096,10019,android.process.acore,content provider,{com.android.providers.contacts/com.android.providers.contacts.ContactsProvider2}]
09-16 00:50:34.761 I/input_focus( 1128): [Focus entering 7ccd273 com.android.launcher3/com.android.launcher3.uioverrides.QuickstepLauncher (server),reason=Window became focusable. Previous reason: NOT_VISIBLE]
09-16 00:50:34.757 I/wm_on_stop_called( 2374): [33377319,com.android.settings.FallbackHome,LIFECYCLER_STOP_ACTIVITY]
09-16 00:50:34.802 I/sysui_multi_action( 1128): [319,1823,322,1821,325,57,757,761,758,8,759,2,806,com.android.launcher3,871,com.android.launcher3.uioverrides.QuickstepLauncher,905,0,1320,4,1321,1]
09-16 00:50:34.803 I/wm_activity_launch_time( 1128): [0,235585230,com.android.launcher3/.uioverrides.QuickstepLauncher,1821]
09-16 00:50:34.840 I/wm_on_destroy_called( 2374): [33377319,com.android.settings.FallbackHome,performDestroy]
09-16 00:50:34.955 I/am_proc_bound( 1128): [0,3096,android.process.acore]
09-16 00:50:34.964 I/am_uid_active( 1128): 10019
09-16 00:50:35.001 I/service_manager_slow( 3042): [10,vendor.perfservice]
09-16 00:50:35.038 I/wm_task_removed( 1128): [2,cleanUpResourcesForDestroy]
09-16 00:50:35.047 I/wm_task_removed( 1128): [2,removeChild:removeChild last r=ActivityRecord{1fd4c27 u0 com.android.settings/.FallbackHome t-1 f}} in t=Task{9a30517 #2 type=home A=1000:com.android.settings.FallbackHome U=0 visible=false mode=fullscreen translucent=true sz=0}]
09-16 00:50:35.047 I/wm_task_removed( 1128): [2,removeChild]
09-16 00:50:35.097 I/am_proc_bound( 1128): [0,3088,android.process.media]
09-16 00:50:35.435 I/auditd ( 2787): type=1400 audit(0.0:108): avc: denied { read } for comm="ethod.sogou.car" name="anr" dev="dm-10" ino=34 scontext=u:r:priv_app:s0:c512,c768 tcontext=u:object_r:anr_data_file:s0 tclass=dir permissive=0 app=com.sohu.inputmethod.sogou.car
09-16 00:50:35.526 I/service_manager_stats( 1128): [100,673,6829]
09-16 00:50:35.605 I/am_uid_running( 1128): 10086
09-16 00:50:35.620 D/TelephonyRegistry( 1128): listen oscl: mHasNotifySubscriptionInfoChangedOccurred==false no callback
09-16 00:50:35.687 I/am_proc_start( 1128): [0,3206,10086,com.qualcomm.location.XT,service,{com.qualcomm.location.XT/com.qualcomm.location.XT.XTSrv}]
09-16 00:50:35.695 I/sysui_multi_action( 1910): [757,803,799,note_peek,802,1]
09-16 00:50:35.714 I/sysui_multi_action( 1128): [757,127,758,1]
09-16 00:50:35.714 I/sysui_multi_action( 1128): [757,804,799,note_load,801,1,802,1]
09-16 00:50:35.715 I/notification_panel_revealed( 1128): 1
09-16 00:50:35.723 I/sysui_heads_up_status( 1910): [-1|android|26|null|1000,1]
09-16 00:50:35.801 I/am_uid_running( 1128): 10094
09-16 00:50:35.867 I/am_proc_bound( 1128): [0,3206,com.qualcomm.location.XT]
09-16 00:50:35.873 I/am_uid_active( 1128): 10086
09-16 00:50:35.985 I/am_proc_start( 1128): [0,3236,10094,com.qualcomm.qtil.aptxui,broadcast,{com.qualcomm.qtil.aptxui/com.qualcomm.qtil.aptxui.aptxuiBootReceiver}]
09-16 00:50:36.021 I/netstats_mobile_sample( 1128): [0,0,0,0,0,0,0,0,0,0,0,0,1663260636021]
09-16 00:50:36.022 I/netstats_wifi_sample( 1128): [0,0,0,0,0,0,0,0,0,0,0,0,1663260636021]
09-16 00:50:36.035 I/am_proc_bound( 1128): [0,3236,com.qualcomm.qtil.aptxui]
09-16 00:50:36.044 I/am_uid_active( 1128): 10094
09-16 00:50:36.047 I/commit_sys_config_file( 1128): [appops,128]
09-16 00:50:36.130 I/netstats_mobile_sample( 1128): [0,0,0,0,0,0,0,0,0,0,0,0,1663260636130]
09-16 00:50:36.131 I/netstats_wifi_sample( 1128): [0,0,0,0,0,0,0,0,0,0,0,0,1663260636130]
09-16 00:50:36.163 I/netstats_mobile_sample( 1128): [0,0,0,0,0,0,0,0,0,0,0,0,1663260636163]
09-16 00:50:36.163 I/netstats_wifi_sample( 1128): [0,0,0,0,0,0,0,0,0,0,0,0,1663260636163]
09-16 00:50:36.187 I/netstats_mobile_sample( 1128): [0,0,0,0,0,0,0,0,0,0,0,0,1663260636187]
09-16 00:50:36.187 I/netstats_wifi_sample( 1128): [0,0,0,0,0,0,0,0,0,0,0,0,1663260636187]
09-16 00:50:36.208 I/backup_transport_lifecycle( 1128): [com.android.localtransport/.LocalTransportService,1]
09-16 00:50:36.318 I/am_proc_start( 1128): [0,3273,1000,com.android.localtransport,service,{com.android.localtransport/com.android.localtransport.LocalTransportService}]
09-16 00:50:36.380 I/sysui_multi_action( 1128): [757,128,758,1,793,5108,794,0,795,5108,796,26,798,0,806,android,857,DEVELOPER_IMPORTANT,858,4,947,0,1395,3,1500,4348,1688,1]
09-16 00:50:36.380 I/sysui_multi_action( 1128): [757,804,799,note_freshness,801,5108,802,1]
09-16 00:50:36.380 I/notification_visibility( 1128): [-1|android|26|null|1000,1,5108,5108,0,0]
09-16 00:50:36.407 I/netstats_mobile_sample( 1128): [0,0,0,0,0,0,0,0,0,0,0,0,1663260636407]
09-16 00:50:36.408 I/netstats_wifi_sample( 1128): [0,0,0,0,0,0,0,0,0,0,0,0,1663260636407]
09-16 00:50:36.451 I/service_manager_slow( 3273): [21,activity]
09-16 00:50:36.458 I/am_proc_bound( 1128): [0,3273,com.android.localtransport]
09-16 00:50:36.497 I/am_uid_running( 1128): 10071
09-16 00:50:36.525 I/netstats_mobile_sample( 1128): [0,0,0,0,0,0,0,0,0,0,0,0,1663260636525]
09-16 00:50:36.525 I/netstats_wifi_sample( 1128): [0,0,424,7,0,0,424,7,0,0,228,3,1663260636525]
09-16 00:50:36.573 I/am_proc_start( 1128): [0,3312,10071,com.android.calendar,broadcast,{com.android.calendar/com.android.calendar.widget.CalendarAppWidgetProvider}]
09-16 00:50:36.699 I/backup_transport_connection( 1128): [com.android.localtransport/.LocalTransportService,1]
09-16 00:50:36.703 I/am_proc_bound( 1128): [0,3312,com.android.calendar]
09-16 00:50:36.742 I/backup_transport_lifecycle( 1128): [com.android.localtransport/.LocalTransportService,0]
09-16 00:50:36.742 I/backup_transport_connection( 1128): [com.android.localtransport/.LocalTransportService,0]
09-16 00:50:36.743 I/sysui_multi_action( 1128): [757,1717,758,1,759,0]
09-16 00:50:36.743 I/sysui_multi_action( 1128): [757,1717,758,2,759,0]
09-16 00:50:36.744 I/sysui_multi_action( 1128): [757,1717,758,3,759,0]
09-16 00:50:36.773 I/dvm_lock_sample( 1128): [system_server,1,Binder:1128_1,14,AppWidgetServiceImpl.java,1605,android.content.pm.ParceledListSlice com.android.server.appwidget.AppWidgetServiceImpl.getInstalledProvidersForProfile(int, int, java.lang.String),-,4303,void com.android.server.appwidget.AppWidgetServiceImpl$SaveStateRunnable.run(),2]
09-16 00:50:36.958 I/am_uid_running( 1128): 10023
09-16 00:50:37.011 I/am_uid_active( 1128): 10071
09-16 00:50:37.046 I/am_proc_start( 1128): [0,3367,10023,com.android.providers.calendar,content provider,{com.android.providers.calendar/com.android.providers.calendar.CalendarProvider2}]
09-16 00:50:37.136 I/am_proc_bound( 1128): [0,3367,com.android.providers.calendar]
09-16 00:50:37.143 I/am_uid_active( 1128): 10023
09-16 00:50:37.448 I/am_uid_running( 1128): 10068
09-16 00:50:37.496 I/am_proc_start( 1128): [0,3405,10068,com.android.music,broadcast,{com.android.music/com.android.music.MediaAppWidgetProvider}]
09-16 00:50:37.640 I/am_proc_bound( 1128): [0,3405,com.android.music]
09-16 00:50:37.782 I/am_meminfo( 1128): [1106563072,4132352000,12288,879304704,656139264]
09-16 00:50:37.813 I/am_pss ( 1128): [2439,10076,com.android.launcher3,113982464,92975104,0,254902272,2,2,22]
09-16 00:50:37.829 I/am_pss ( 1128): [3096,10019,android.process.acore,13759488,9375744,0,116764672,2,5,12]
09-16 00:50:37.845 I/am_pss ( 1128): [3088,10022,android.process.media,10119168,7380992,0,99446784,2,19,12]
09-16 00:50:37.867 I/am_pss ( 1128): [2374,1000,com.android.settings,29889536,18358272,0,147738624,2,19,14]
09-16 00:50:37.884 I/am_pss ( 1128): [3027,10099,com.android.providers.media.module,14778368,10690560,0,116178944,2,0,13]
09-16 00:50:37.900 I/am_pss ( 1128): [3001,10082,com.qualcomm.location,10839040,7536640,0,102506496,2,0,12]
09-16 00:50:37.915 I/am_pss ( 1128): [2965,10090,com.qualcomm.qti.workloadclassifier,6041600,3756032,0,89108480,2,0,11]
09-16 00:50:37.925 I/am_uid_running( 1128): 10026
09-16 00:50:37.931 I/am_pss ( 1128): [2935,10091,com.qualcomm.qti.qccnetstat,6674432,4259840,0,91639808,2,0,12]
09-16 00:50:37.947 I/am_pss ( 1128): [2909,10083,com.qualcomm.qti.services.systemhelper:systemhelper_service,5977088,3678208,0,89751552,2,0,11]
09-16 00:50:37.963 I/am_pss ( 1128): [2877,10056,.pasr,5847040,3575808,0,88907776,2,0,12]
09-16 00:50:37.975 I/am_proc_start( 1128): [0,3432,10026,com.android.traceur,broadcast,{com.android.traceur/com.android.traceur.Receiver}]
09-16 00:50:37.978 I/am_pss ( 1128): [2827,10059,ts.car.uart,6861824,4583424,0,90632192,2,0,12]
09-16 00:50:37.994 I/am_pss ( 1128): [2787,10032,com.sohu.inputmethod.sogou.car,31968256,10407936,0,94625792,2,7,12]
09-16 00:50:38.012 I/am_pss ( 1128): [2407,10100,android.ext.services,7513088,4833280,0,96309248,2,5,11]
09-16 00:50:38.029 I/am_pss ( 1128): [2667,10075,com.android.inputmethod.latin,14359552,10522624,0,112697344,2,19,13]
09-16 00:50:38.045 I/am_pss ( 1128): [2689,10074,com.android.deskclock,19076096,13074432,0,122564608,2,19,13]
09-16 00:50:38.058 I/am_proc_bound( 1128): [0,3432,com.android.traceur]
09-16 00:50:38.064 I/am_pss ( 1128): [1892,1002,com.android.bluetooth,44054528,33517568,0,159862784,2,0,15]
09-16 00:50:38.065 I/am_uid_active( 1128): 10026
09-16 00:50:38.079 I/am_pss ( 1128): [2324,1000,com.qualcomm.qti.qdma,10533888,6688768,0,106057728,2,0,12]
09-16 00:50:38.095 I/am_pss ( 1128): [2284,1000,com.thundercomm.remotecontrolservice,9864192,6909952,0,100941824,2,0,12]
09-16 00:50:38.112 I/am_pss ( 1128): [2305,10073,com.qualcomm.qti.devicestatisticsservice,5815296,3543040,0,89591808,2,0,13]
09-16 00:50:38.129 I/am_pss ( 1128): [2253,1068,com.android.se,6617088,4145152,0,93560832,2,0,12]
09-16 00:50:38.145 I/am_pss ( 1128): [2221,10093,com.qti.qualcomm.mstatssystemservice,6017024,3743744,0,89952256,2,0,12]
09-16 00:50:38.162 I/am_pss ( 1128): [2186,1000,vendor.qti.qesdk.sysservice,6100992,3747840,0,91394048,2,0,12]
09-16 00:50:38.177 I/am_pss ( 1128): [2123,10051,.qtidataservices,6412288,4100096,0,91549696,2,0,12]
09-16 00:50:38.193 I/am_pss ( 1128): [2085,1001,.dataservices,7255040,4927488,0,92184576,2,0,12]
09-16 00:50:38.209 I/am_pss ( 1128): [2063,1000,com.thundercomm.microservice,17053696,13697024,0,112427008,2,0,12]
09-16 00:50:38.225 I/am_pss ( 1128): [2031,1073,com.android.networkstack.process,14106624,10518528,0,109240320,2,0,13]
09-16 00:50:38.251 I/am_pss ( 1128): [1910,10087,com.android.systemui,123365376,98746368,0,284569600,2,1,18]
09-16 00:50:38.290 I/am_pss ( 1128): [1128,1000,system,214240256,118751232,0,533864448,2,0,30]
09-16 00:50:38.382 I/am_proc_start( 1128): [0,3460,1000,com.qualcomm.qti.qmmi,broadcast,{com.qualcomm.qti.qmmi/com.qualcomm.qti.qmmi.framework.QmmiReceiver}]
09-16 00:50:38.491 I/am_proc_bound( 1128): [0,3460,com.qualcomm.qti.qmmi]
09-16 00:50:38.667 I/am_crash( 1128): [2305,0,com.qualcomm.qti.devicestatisticsservice,814235213,java.lang.ClassNotFoundException,android.hidl.manager.V1_0.IServiceNotification$Stub,DeviceStatisticsService.java,83]
09-16 00:50:38.677 I/sysui_multi_action( 1128): [757,316,758,4,759,-1]
09-16 00:50:38.681 I/am_wtf ( 1128): [0,1128,system_server,-1,BootReceiver,open failed: ENOENT (No such file or directory)]
09-16 00:50:38.730 I/commit_sys_config_file( 1128): [log-files,13]
09-16 00:50:38.731 I/am_uid_active( 1128): 10022
09-16 00:50:38.741 I/am_proc_died( 1128): [0,2305,com.qualcomm.qti.devicestatisticsservice,-800,0]
09-16 00:50:38.743 I/am_schedule_service_restart( 1128): [0,com.qualcomm.qti.devicestatisticsservice/.DeviceStatisticsService,0]
09-16 00:50:38.744 I/am_uid_stopped( 1128): 10073
09-16 00:50:38.744 I/am_uid_running( 1128): 10073
09-16 00:50:38.748 I/am_uid_active( 1128): 10073
09-16 00:50:38.791 I/am_proc_start( 1128): [0,3486,10073,com.qualcomm.qti.devicestatisticsservice,restart,com.qualcomm.qti.devicestatisticsservice]
09-16 00:50:38.839 D/TelephonyRegistry( 1128): listen oscl: mHasNotifySubscriptionInfoChangedOccurred==false no callback
09-16 00:50:38.874 I/am_proc_bound( 1128): [0,3486,com.qualcomm.qti.devicestatisticsservice]
09-16 00:50:38.914 I/am_proc_start( 1128): [0,3510,1000,com.qti.diagservices,broadcast,{com.qti.diagservices/com.qti.diagservices.Diag_OnBoot}]
09-16 00:50:39.021 I/am_proc_bound( 1128): [0,3510,com.qti.diagservices]
09-16 00:50:39.278 I/am_proc_start( 1128): [0,3536,1000,com.android.dynsystem,broadcast,{com.android.dynsystem/com.android.dynsystem.BootCompletedReceiver}]
09-16 00:50:39.342 I/am_proc_bound( 1128): [0,3536,com.android.dynsystem]
09-16 00:50:39.499 I/am_proc_start( 1128): [0,3556,1000,com.android.dynsystem:dynsystem,service,{com.android.dynsystem/com.android.dynsystem.DynamicSystemInstallationService}]
09-16 00:50:39.557 I/am_proc_bound( 1128): [0,3556,com.android.dynsystem:dynsystem]
09-16 00:50:39.731 I/am_proc_died( 1128): [0,2667,com.android.inputmethod.latin,0,11]
09-16 00:50:39.733 I/am_broadcast_discard_app( 1128): [0,8618023,android.intent.action.BOOT_COMPLETED,16,ResolveInfo{3faa9c7 com.android.inputmethod.latin/.SystemBroadcastReceiver m=0x108000}]
09-16 00:50:39.735 I/am_uid_stopped( 1128): 10075
09-16 00:50:39.743 I/am_uid_running( 1128): 10034
09-16 00:50:39.826 I/am_proc_start( 1128): [0,3579,10034,com.android.managedprovisioning,broadcast,{com.android.managedprovisioning/com.android.managedprovisioning.BootReminder}]
09-16 00:50:39.963 I/am_proc_bound( 1128): [0,3579,com.android.managedprovisioning]
09-16 00:50:39.971 I/am_uid_active( 1128): 10034
09-16 00:50:40.214 I/am_uid_running( 1128): 10060
09-16 00:50:40.279 I/auditd ( 3600): type=1400 audit(0.0:109): avc: denied { read } for comm="ip" name="rt_tables" dev="dm-10" ino=350 scontext=u:r:ethernet:s0 tcontext=u:object_r:net_data_file:s0 tclass=file permissive=0
09-16 00:50:40.287 I/auditd ( 2874): type=1400 audit(0.0:110): avc: denied { write } for comm="sh" name="ip_forward" dev="proc" ino=42150 scontext=u:r:ethernet:s0 tcontext=u:object_r:proc_net:s0 tclass=file permissive=0
09-16 00:50:40.291 I/auditd ( 2874): type=1400 audit(0.0:111): avc: denied { write } for comm="sh" name="ip_default_ttl" dev="proc" ino=54847 scontext=u:r:ethernet:s0 tcontext=u:object_r:proc_net:s0 tclass=file permissive=0
09-16 00:50:40.291 I/auditd ( 2874): type=1400 audit(0.0:112): avc: denied { write } for comm="sh" name="tcp_keepalive_probes" dev="proc" ino=54848 scontext=u:r:ethernet:s0 tcontext=u:object_r:proc_net:s0 tclass=file permissive=0
09-16 00:50:40.291 I/auditd ( 2874): type=1400 audit(0.0:113): avc: denied { write } for comm="sh" name="tcp_keepalive_intvl" dev="proc" ino=54849 scontext=u:r:ethernet:s0 tcontext=u:object_r:proc_net:s0 tclass=file permissive=0
09-16 00:50:40.291 I/auditd ( 2874): type=1400 audit(0.0:114): avc: denied { write } for comm="sh" name="tcp_keepalive_time" dev="proc" ino=54850 scontext=u:r:ethernet:s0 tcontext=u:object_r:proc_net:s0 tclass=file permissive=0
09-16 00:50:40.291 I/auditd ( 2874): type=1400 audit(0.0:115): avc: denied { write } for comm="sh" name="tcp_rmem" dev="proc" ino=54851 scontext=u:r:ethernet:s0 tcontext=u:object_r:proc_net:s0 tclass=file permissive=0
09-16 00:50:40.300 I/am_proc_start( 1128): [0,3601,10060,com.android.onetimeinitializer,broadcast,{com.android.onetimeinitializer/com.android.onetimeinitializer.OneTimeInitializerReceiver}]
09-16 00:50:40.433 I/am_proc_bound( 1128): [0,3601,com.android.onetimeinitializer]
09-16 00:50:40.440 I/am_uid_active( 1128): 10060
09-16 00:50:40.577 I/am_uid_running( 1128): 10028
09-16 00:50:40.682 I/am_proc_start( 1128): [0,3620,10028,com.android.packageinstaller,broadcast,{com.android.packageinstaller/com.android.packageinstaller.TemporaryFileManager}]
09-16 00:50:40.863 I/am_proc_bound( 1128): [0,3620,com.android.packageinstaller]
09-16 00:50:40.870 I/am_uid_active( 1128): 10028
09-16 00:50:41.015 I/am_uid_running( 1128): 10098
09-16 00:50:41.128 I/am_proc_start( 1128): [0,3637,10098,com.android.permissioncontroller,broadcast,{com.android.permissioncontroller/com.android.permissioncontroller.permission.service.LocationAccessCheck$SetupPeriodicBackgroundLocationAccessCheck}]
09-16 00:50:41.302 I/am_proc_bound( 1128): [0,3637,com.android.permissioncontroller]
09-16 00:50:41.311 I/am_uid_active( 1128): 10098
09-16 00:50:41.401 I/sysui_heads_up_status( 1910): [-1|android|26|null|1000,0]
09-16 00:50:41.847 I/am_uid_running( 1128): 2000
09-16 00:50:41.895 I/sysui_multi_action( 1128): [757,128,758,2,793,10622,794,5514,795,10622,796,26,798,0,806,android,857,DEVELOPER_IMPORTANT,858,4,947,0,1395,3,1500,9862,1688,1]
09-16 00:50:41.895 I/sysui_multi_action( 1910): [757,111,758,2]
09-16 00:50:41.895 I/sysui_multi_action( 1910): [757,111,758,2]
09-16 00:50:41.896 I/notification_visibility( 1128): [-1|android|26|null|1000,0,10622,10622,0,0]
09-16 00:50:41.915 I/sysui_multi_action( 1128): [757,127,758,2]
09-16 00:50:41.916 I/notification_panel_hidden( 1128):
09-16 00:50:41.950 I/am_proc_start( 1128): [0,3665,2000,com.android.shell,broadcast,{com.android.shell/com.android.shell.HeapDumpReceiver}]
09-16 00:50:41.966 I/sysui_multi_action( 1910): [757,111,758,1]
09-16 00:50:41.967 I/sysui_multi_action( 1910): [757,126,758,1,759,126,927,0,928,0,1593,0]
09-16 00:50:41.968 I/sysui_multi_action( 1910): [757,113,758,1,759,113,927,1,928,1,1593,0]
09-16 00:50:41.968 I/sysui_multi_action( 1910): [757,0,758,1,759,0,927,2,928,0,1593,0]
09-16 00:50:41.969 I/sysui_multi_action( 1910): [757,0,758,1,759,0,927,3,928,0,1593,0]
09-16 00:50:41.969 I/sysui_multi_action( 1910): [757,1706,758,1,759,1706,927,4,928,0,1593,0]
09-16 00:50:41.971 I/sysui_multi_action( 1910): [757,491,758,1,759,491,927,5,928,0,1311,-1,1593,0]
09-16 00:50:41.972 I/sysui_multi_action( 1910): [757,0,758,1,759,0,927,6,1593,0]
09-16 00:50:41.973 I/sysui_multi_action( 1910): [757,114,758,1,759,114,927,7,928,0,1593,0]
09-16 00:50:41.974 I/sysui_multi_action( 1910): [757,111,758,1]
09-16 00:50:41.975 I/sysui_multi_action( 1910): [757,126,758,1,759,126,927,0,928,0,1593,0]
09-16 00:50:41.976 I/sysui_multi_action( 1910): [757,113,758,1,759,113,927,1,928,1,1593,0]
09-16 00:50:41.977 I/sysui_multi_action( 1910): [757,0,758,1,759,0,927,2,928,0,1593,0]
09-16 00:50:41.978 I/sysui_multi_action( 1910): [757,0,758,1,759,0,927,3,928,0,1593,0]
09-16 00:50:42.099 I/am_proc_bound( 1128): [0,3665,com.android.shell]
09-16 00:50:42.108 I/am_uid_active( 1128): 2000
09-16 00:50:42.251 I/sysui_multi_action( 1128): [757,1717,758,1,759,0]
09-16 00:50:42.251 I/sysui_multi_action( 1128): [757,1717,758,2,759,0]
09-16 00:50:42.252 I/sysui_multi_action( 1128): [757,1717,758,3,759,0]
09-16 00:50:42.327 I/am_proc_start( 1128): [0,3683,1001,com.android.phone,broadcast,{com.android.stk/com.android.stk.BootCompletedReceiver}]
09-16 00:50:42.450 I/am_proc_bound( 1128): [0,3683,com.android.phone]
09-16 00:50:42.610 D/CAT ( 3683): BootCompletedReceiver: [ACTION_BOOT_COMPLETED]
09-16 00:50:42.611 I/am_uid_running( 1128): 10084
09-16 00:50:42.613 D/CAT ( 3683): StkAppService: onCreate()+
09-16 00:50:42.614 D/CAT ( 3683): StkAppService: simCount: 1
09-16 00:50:42.615 D/CAT ( 3683): StkAppService: slotId: 0
09-16 00:50:42.617 D/CAT ( 3683): StkAppService: onStart sim id: 0, op: 5, *****
09-16 00:50:42.617 D/CAT ( 3683): StkAppService: mStkService is: -1
09-16 00:50:42.623 D/CAT ( 3683): StkAppService: onDestroy()
09-16 00:50:42.722 I/am_proc_start( 1128): [0,3703,10084,com.qti.ltebc,broadcast,{com.qti.ltebc/com.qualcomm.ltebc.LTEBroadcastBootReceiver}]
09-16 00:50:42.877 I/am_proc_bound( 1128): [0,3703,com.qti.ltebc]
09-16 00:50:42.885 I/am_uid_active( 1128): 10084
09-16 00:50:46.223 I/auditd ( 3728): type=1400 audit(0.0:128): avc: denied { read } for comm="app_process" name="u:object_r:odsign_prop:s0" dev="tmpfs" ino=31420 scontext=u:r:shell:s0 tcontext=u:object_r:odsign_prop:s0 tclass=file permissive=0
09-16 00:50:46.630 I/ntp_failure( 1128): [time.android.com,java.net.UnknownHostException: Unable to resolve host "time.android.com": No address associated with hostname]
09-16 00:50:47.715 I/service_manager_slow( 1128): [12,platform_compat]
09-16 00:50:47.728 I/am_pss ( 1128): [2439,10076,com.android.launcher3,112990208,92909568,0,254988288,0,2,17]
09-16 00:50:47.794 I/am_uid_running( 1128): 10058
09-16 00:50:47.872 I/am_proc_start( 1128): [0,3739,10058,com.qualcomm.qti.qms.service.connectionsecurity,broadcast,{com.qualcomm.qti.qms.service.connectionsecurity/com.qualcomm.qti.qms.service.connectionsecurity.ConnSecBroadcastReceiver}]
09-16 00:50:47.901 I/am_proc_died( 1128): [0,3703,com.qti.ltebc,905,19]
09-16 00:50:47.902 I/am_uid_stopped( 1128): 10084
09-16 00:50:47.908 I/am_uid_active( 1128): 10058
09-16 00:50:47.992 I/am_proc_bound( 1128): [0,3739,com.qualcomm.qti.qms.service.connectionsecurity]
09-16 00:50:48.275 I/service_manager_stats( 1128): [100,293,12750]
09-16 00:50:48.289 I/am_uid_running( 1128): 10030
09-16 00:50:48.398 I/am_proc_start( 1128): [0,3761,10030,com.android.externalstorage,broadcast,{com.android.externalstorage/com.android.externalstorage.MountReceiver}]
09-16 00:50:48.538 I/am_proc_bound( 1128): [0,3761,com.android.externalstorage]
09-16 00:50:48.764 I/am_uid_running( 1128): 10084
09-16 00:50:48.898 I/am_proc_start( 1128): [0,3779,10084,com.qti.ltebc,broadcast,{com.qti.ltebc/com.qualcomm.ltebc.LTEBroadcastReceiver}]
09-16 00:50:49.009 I/am_proc_bound( 1128): [0,3779,com.qti.ltebc]
09-16 00:50:49.016 I/am_uid_active( 1128): 10084
09-16 00:50:54.092 I/am_proc_died( 1128): [0,3779,com.qti.ltebc,0,11]
09-16 00:50:54.093 I/am_broadcast_discard_app( 1128): [0,253181128,android.intent.action.MEDIA_MOUNTED,2,ResolveInfo{7f4c94b com.qti.ltebc/com.qualcomm.ltebc.LTEBroadcastReceiver m=0x208000}]
09-16 00:50:54.098 I/am_uid_stopped( 1128): 10084
09-16 00:50:54.102 I/am_uid_running( 1128): 10084
09-16 00:50:54.206 I/am_proc_start( 1128): [0,3808,10084,com.qti.ltebc,broadcast,{com.qti.ltebc/com.qualcomm.ltebc.LTEBroadcastReceiver}]
09-16 00:50:54.363 I/am_proc_bound( 1128): [0,3808,com.qti.ltebc]
09-16 00:50:54.369 I/am_uid_active( 1128): 10084
09-16 00:50:57.959 I/am_pss ( 1128): [2407,10100,android.ext.services,7260160,5038080,0,97542144,0,5,13]
09-16 00:50:57.974 I/am_pss ( 1128): [3405,10068,com.android.music,7155712,4980736,0,92995584,0,19,12]
09-16 00:50:57.991 I/am_pss ( 1128): [2689,10074,com.android.deskclock,18082816,12828672,0,122671104,0,19,13]
09-16 00:50:58.006 I/am_pss ( 1128): [3236,10094,com.qualcomm.qtil.aptxui,7491584,5742592,0,91742208,0,19,12]
09-16 00:50:58.022 I/am_pss ( 1128): [3206,10086,com.qualcomm.location.XT,6564864,4640768,0,94167040,0,6,12]
09-16 00:50:58.041 I/am_pss ( 1128): [2374,1000,com.android.settings,29463552,18370560,0,148221952,0,19,14]
09-16 00:50:58.056 I/am_pss ( 1128): [3273,1000,com.android.localtransport,5549056,3747840,0,91209728,0,19,12]
09-16 00:50:58.071 I/am_pss ( 1128): [3042,1000,com.android.keychain,8404992,6561792,0,94425088,0,19,11]
09-16 00:50:58.086 I/am_pss ( 1128): [2787,10032,com.sohu.inputmethod.sogou.car,26485760,9342976,0,94396416,0,7,12]
09-16 00:50:58.677 I/am_pss ( 1128): [3460,1000,com.qualcomm.qti.qmmi,7059456,5255168,0,92409856,0,19,11]
09-16 00:50:58.691 I/am_pss ( 1128): [3432,10026,com.android.traceur,10380288,8515584,0,96931840,0,19,12]
09-16 00:50:59.176 I/am_pss ( 1128): [3510,1000,com.qti.diagservices,6268928,4038656,0,95129600,0,10,12]
09-16 00:50:59.629 I/am_proc_died( 1128): [0,3808,com.qti.ltebc,0,11]
09-16 00:50:59.630 I/am_broadcast_discard_app( 1128): [0,230087904,android.intent.action.MEDIA_MOUNTED,2,ResolveInfo{6308535 com.qti.ltebc/com.qualcomm.ltebc.LTEBroadcastReceiver m=0x208000}]
09-16 00:50:59.634 I/am_uid_stopped( 1128): 10084
09-16 00:50:59.639 I/am_uid_running( 1128): 10084
09-16 00:50:59.653 I/am_pss ( 1128): [3536,1000,com.android.dynsystem,5565440,3694592,0,90419200,0,19,12]
09-16 00:50:59.747 I/am_uid_active( 1128): 10084
09-16 00:50:59.749 I/am_proc_start( 1128): [0,3839,10084,com.qti.ltebc,broadcast,{com.qti.ltebc/com.qualcomm.ltebc.LTEBroadcastAlarmReceiver}]
09-16 00:50:59.763 I/am_pss ( 1128): [3556,1000,com.android.dynsystem:dynsystem,5823488,3829760,0,91398144,0,19,13]
09-16 00:50:59.895 I/am_proc_bound( 1128): [0,3839,com.qti.ltebc]
09-16 00:51:00.235 I/am_pss ( 1128): [3579,10034,com.android.managedprovisioning,8909824,7110656,0,94380032,0,19,12]
09-16 00:51:00.597 I/am_pss ( 1128): [3601,10060,com.android.onetimeinitializer,5273600,3465216,0,91009024,0,19,12]
09-16 00:51:01.371 I/auditd ( 3860): type=1400 audit(0.0:129): avc: denied { read } for comm="app_process" name="u:object_r:odsign_prop:s0" dev="tmpfs" ino=31420 scontext=u:r:shell:s0 tcontext=u:object_r:odsign_prop:s0 tclass=file permissive=0
09-16 00:51:01.706 I/am_pss ( 1128): [2480,10088,com.qualcomm.qti.qccauthmgr,6392832,4325376,0,95297536,0,19,14]
09-16 00:51:01.724 I/am_pss ( 1128): [3637,10098,com.android.permissioncontroller,11751424,9789440,0,99495936,0,19,13]
09-16 00:51:01.740 I/am_pss ( 1128): [3620,10028,com.android.packageinstaller,7292928,5582848,0,91107328,0,19,12]
09-16 00:51:05.252 I/netstats_mobile_sample( 1128): [0,0,0,0,0,0,0,0,0,0,0,0,1663260665252]
09-16 00:51:05.253 I/netstats_wifi_sample( 1128): [5148,16,21004,213,5148,16,21004,213,22766,72,12616,116,1663260665252]
09-16 00:51:05.304 I/am_uid_running( 1128): 10053
09-16 00:51:05.418 I/am_proc_start( 1128): [0,3884,10053,com.qualcomm.qti.qms.service.trustzoneaccess,service,{com.qualcomm.qti.qms.service.trustzoneaccess/com.qualcomm.qti.qms.service.trustzoneaccess.TZAccessService}]
09-16 00:51:05.566 I/am_proc_bound( 1128): [0,3884,com.qualcomm.qti.qms.service.trustzoneaccess]
09-16 00:51:05.910 I/am_proc_died( 1128): [0,3839,com.qti.ltebc,905,19]
09-16 00:51:05.911 I/am_uid_stopped( 1128): 10084
09-16 00:51:05.933 I/am_pss ( 1128): [3312,10071,com.android.calendar,7973888,5009408,0,101437440,0,19,13]
09-16 00:51:05.949 I/am_pss ( 1128): [3683,1001,com.android.phone,7887872,5709824,0,93544448,0,19,12]
09-16 00:51:05.963 I/am_pss ( 1128): [3665,2000,com.android.shell,5927936,4186112,0,90288128,0,19,12]
09-16 00:51:05.978 I/am_pss ( 1128): [3096,10019,android.process.acore,13012992,9236480,0,116645888,0,19,12]
09-16 00:51:07.762 I/am_pss ( 1128): [3027,10099,com.android.providers.media.module,18148352,14057472,0,123121664,0,0,25]
09-16 00:51:07.782 I/am_pss ( 1128): [3001,10082,com.qualcomm.location,10216448,7520256,0,102596608,0,0,15]
09-16 00:51:07.798 I/am_pss ( 1128): [2965,10090,com.qualcomm.qti.workloadclassifier,8398848,6594560,0,93564928,0,0,12]
09-16 00:51:07.813 I/am_pss ( 1128): [2935,10091,com.qualcomm.qti.qccnetstat,6053888,4218880,0,91762688,0,0,11]
09-16 00:51:07.827 I/am_pss ( 1128): [2909,10083,com.qualcomm.qti.services.systemhelper:systemhelper_service,6415360,4501504,0,93839360,0,0,11]
09-16 00:51:07.842 I/am_pss ( 1128): [2877,10056,.pasr,5364736,3616768,0,89587712,0,0,11]
09-16 00:51:07.857 I/am_pss ( 1128): [2827,10059,ts.car.uart,6257664,4513792,0,90669056,0,0,11]
09-16 00:51:07.874 I/am_pss ( 1128): [1892,1002,com.android.bluetooth,43469824,33517568,0,159862784,0,0,15]
09-16 00:51:07.890 I/am_pss ( 1128): [2324,1000,com.qualcomm.qti.qdma,9904128,6696960,0,106065920,0,0,12]
09-16 00:51:07.905 I/am_pss ( 1128): [2284,1000,com.thundercomm.remotecontrolservice,9396224,6983680,0,101191680,0,0,13]
09-16 00:51:07.919 I/am_pss ( 1128): [2253,1068,com.android.se,6082560,4145152,0,93560832,0,0,11]
09-16 00:51:07.933 I/am_pss ( 1128): [2221,10093,com.qti.qualcomm.mstatssystemservice,5505024,3751936,0,89960448,0,0,11]
09-16 00:51:07.947 I/am_pss ( 1128): [2186,1000,vendor.qti.qesdk.sysservice,5571584,3751936,0,91394048,0,0,11]
09-16 00:51:07.962 I/am_pss ( 1128): [2123,10051,.qtidataservices,5894144,4104192,0,91553792,0,0,11]
09-16 00:51:07.976 I/am_pss ( 1128): [2085,1001,.dataservices,8225792,6238208,0,95195136,0,0,11]
09-16 00:51:07.992 I/am_pss ( 1128): [2063,1000,com.thundercomm.microservice,18543616,15572992,0,115671040,0,0,12]
09-16 00:51:08.008 I/am_pss ( 1128): [2031,1073,com.android.networkstack.process,14169088,11210752,0,109916160,0,0,12]
09-16 00:51:08.031 I/am_pss ( 1128): [1910,10087,com.android.systemui,100232192,72359936,0,266899456,0,0,18]
09-16 00:51:08.064 I/am_pss ( 1128): [1128,1000,system,219134976,123740160,0,541110272,0,0,29]
09-16 00:51:08.157 I/am_pss ( 1128): [3739,10058,com.qualcomm.qti.qms.service.connectionsecurity,18823168,4313088,0,78069760,0,19,15]
09-16 00:51:17.347 I/auditd ( 3935): type=1400 audit(0.0:130): avc: denied { read } for comm="app_process" name="u:object_r:odsign_prop:s0" dev="tmpfs" ino=31420 scontext=u:r:shell:s0 tcontext=u:object_r:odsign_prop:s0 tclass=file permissive=0
09-16 00:51:17.899 I/auditd ( 3950): type=1400 audit(0.0:131): avc: denied { read } for comm="app_process" name="u:object_r:odsign_prop:s0" dev="tmpfs" ino=31420 scontext=u:r:shell:s0 tcontext=u:object_r:odsign_prop:s0 tclass=file permissive=0
09-16 00:51:25.803 I/am_pss ( 1128): [3206,10086,com.qualcomm.location.XT,6522880,4640768,0,94167040,0,6,12]
09-16 00:51:25.896 I/sysui_multi_action( 1128): [757,1696,758,6,759,2]
09-16 00:51:25.909 I/am_wtf ( 1128): [0,1128,system_server,-1,DisplayDeviceConfig,requesting nits when no mapping exists.]
09-16 00:51:25.923 I/am_wtf ( 1128): [0,1128,system_server,-1,DisplayDeviceConfig,requesting nits when no mapping exists.]
09-16 00:51:25.938 I/am_wtf ( 1128): [0,1128,system_server,-1,DisplayDeviceConfig,requesting nits when no mapping exists.]
09-16 00:51:25.943 I/am_wtf ( 1128): [0,1128,system_server,-1,DisplayDeviceConfig,requesting nits when no mapping exists.]
09-16 00:51:25.953 I/am_wtf ( 1128): [0,1128,system_server,-1,DisplayDeviceConfig,requesting nits when no mapping exists.]
09-16 00:51:25.958 I/am_wtf ( 1128): [0,1128,system_server,-1,DisplayDeviceConfig,requesting nits when no mapping exists.]
09-16 00:51:25.963 I/am_wtf ( 1128): [0,1128,system_server,-1,DisplayDeviceConfig,requesting nits when no mapping exists.]
09-16 00:51:25.964 I/am_wtf ( 1128): [0,1128,system_server,-1,DisplayDeviceConfig,requesting nits when no mapping exists.]
09-16 00:51:25.981 I/am_wtf ( 1128): [0,1128,system_server,-1,DisplayDeviceConfig,requesting nits when no mapping exists.]
09-16 00:51:25.985 I/am_wtf ( 1128): [0,1128,system_server,-1,DisplayDeviceConfig,requesting nits when no mapping exists.]
09-16 00:51:25.998 I/am_wtf ( 1128): [0,1128,system_server,-1,DisplayDeviceConfig,requesting nits when no mapping exists.]
09-16 00:51:26.000 I/am_wtf ( 1128): [0,1128,system_server,-1,DisplayDeviceConfig,requesting nits when no mapping exists.]
09-16 00:51:26.015 I/am_wtf ( 1128): [0,1128,system_server,-1,DisplayDeviceConfig,requesting nits when no mapping exists.]
09-16 00:51:26.017 I/am_wtf ( 1128): [0,1128,system_server,-1,DisplayDeviceConfig,requesting nits when no mapping exists.]
09-16 00:51:26.030 I/am_wtf ( 1128): [0,1128,system_server,-1,DisplayDeviceConfig,requesting nits when no mapping exists.]
09-16 00:51:26.032 I/am_wtf ( 1128): [0,1128,system_server,-1,DisplayDeviceConfig,requesting nits when no mapping exists.]
09-16 00:51:26.046 I/am_wtf ( 1128): [0,1128,system_server,-1,DisplayDeviceConfig,requesting nits when no mapping exists.]
09-16 00:51:26.047 I/am_wtf ( 1128): [0,1128,system_server,-1,DisplayDeviceConfig,requesting nits when no mapping exists.]
09-16 00:51:26.063 I/am_wtf ( 1128): [0,1128,system_server,-1,DisplayDeviceConfig,requesting nits when no mapping exists.]
09-16 00:51:26.065 I/am_wtf ( 1128): [0,1128,system_server,-1,DisplayDeviceConfig,requesting nits when no mapping exists.]
09-16 00:51:26.080 I/am_wtf ( 1128): [0,1128,system_server,-1,DisplayDeviceConfig,requesting nits when no mapping exists.]
09-16 00:51:26.081 I/am_wtf ( 1128): [0,1128,system_server,-1,DisplayDeviceConfig,requesting nits when no mapping exists.]
09-16 00:51:26.096 I/am_wtf ( 1128): [0,1128,system_server,-1,DisplayDeviceConfig,requesting nits when no mapping exists.]
09-16 00:51:26.099 I/am_wtf ( 1128): [0,1128,system_server,-1,DisplayDeviceConfig,requesting nits when no mapping exists.]
09-16 00:51:26.113 I/am_wtf ( 1128): [0,1128,system_server,-1,DisplayDeviceConfig,requesting nits when no mapping exists.]
09-16 00:51:26.115 I/am_wtf ( 1128): [0,1128,system_server,-1,DisplayDeviceConfig,requesting nits when no mapping exists.]
09-16 00:51:26.129 I/am_wtf ( 1128): [0,1128,system_server,-1,DisplayDeviceConfig,requesting nits when no mapping exists.]
09-16 00:51:26.130 I/am_wtf ( 1128): [0,1128,system_server,-1,DisplayDeviceConfig,requesting nits when no mapping exists.]
09-16 00:51:26.146 I/am_wtf ( 1128): [0,1128,system_server,-1,DisplayDeviceConfig,requesting nits when no mapping exists.]
