09-16 01:20:55.407 I/mpu_uart( 664): [MSG-P:R]:recv sync frame timeout
09-16 01:20:55.690 I/mpu_uart( 664): [MSG-P:RECV]:No message received in 1000 ms
09-16 01:20:55.734 I/HttpClient( 2063): onFailed
09-16 01:20:55.734 I/MicroService( 2063): sendConnectStateBroadCast() state0
09-16 01:20:55.738 I/MicroService( 2063): onNettyConnectState0
09-16 01:20:55.739 I/MicroService( 2063): onNettyConnectState count = 0
01-01 13:44:30.705 D/ ( 0): mv2112_read_status
01-01 13:44:30.709 D/mv2112_update_link( 0): 3.0x901(1G): 0x80
01-01 13:44:30.715 D/mv2112_update_link( 0): 3.0x8109(100M): 0x0
01-01 13:44:30.720 D/mv2112_update_link( 0): link 0x0
01-01 13:44:30.725 D/mv2112_read_status( 0): autoneg is disabled
09-16 01:20:56.691 I/mpu_uart( 664): [MSG-P:RECV]:No message received in 1000 ms
01-01 13:44:31.444 E/i2c_geni 980000.i2c( 0): i2c error :-107
01-01 13:44:31.451 E/ ( 0): [MAX975X:mcu_keep_wakeup_work_func] *ERROR* Failed to write dev:0x15 addr:0x22 value:0x80
01-01 13:44:31.462 E/i2c_geni 980000.i2c( 0): i2c error :-107
01-01 13:44:31.468 E/ ( 0): [MAX975X:mcu_keep_wakeup_work_func] *ERROR* Failed to write dev:0x15 addr:0x20 value:0x09
09-16 01:20:56.733 I/HWebSocketClient( 2063): WEBclient: onFailed
09-16 01:20:56.737 I/ResponseWebSocketHandler( 2063): ResponseWebSocketHandler start
09-16 01:20:56.737 I/HttpContext( 2063): getIResponseJson :com.thundercomm.microservice.MicroServiceProxy@12e89eb
09-16 01:20:56.738 I/ResponseWebSocketHandler( 2063): ResponseWebSocketHandler mResponseJson: com.thundercomm.microservice.MicroServiceProxy@12e89eb
09-16 01:20:56.739 I/System.out( 2063): handler is: com.thundercomm.microservice.netty.client.handler.webSocket.ResponseWebSocketHandler@c378540
09-16 01:20:56.742 I/HttpContext( 2063): getIResponseJson :com.thundercomm.microservice.MicroServiceProxy@12e89eb
09-16 01:20:56.742 I/ResponseHandler( 2063): ResponseHandler() :com.thundercomm.microservice.MicroServiceProxy@12e89eb
01-01 13:44:31.729 D/ ( 0): mv2112_read_status
01-01 13:44:31.733 D/mv2112_update_link( 0): 3.0x901(1G): 0x80
01-01 13:44:31.738 D/mv2112_update_link( 0): 3.0x8109(100M): 0x0
01-01 13:44:31.745 D/mv2112_update_link( 0): link 0x0
01-01 13:44:31.750 D/mv2112_read_status( 0): autoneg is disabled
09-16 01:20:57.045 I/Periodic( 2689): Executing periodic callback for MINUTE because the period ended
09-16 01:20:57.144 I/OMX-VENC: venc_dev( 1344): stats: avg. fps 0.02, bitrate 53
09-16 01:20:57.268 W/HWComposer( 1065): Ignoring duplicate VSYNC event from HWC for display 4630946370410392961 (t=1882051167000)
09-16 01:20:57.285 W/HWComposer( 1065): Ignoring duplicate VSYNC event from HWC for display 4630946370410392961 (t=1882067885000)
09-16 01:20:57.302 W/HWComposer( 1065): Ignoring duplicate VSYNC event from HWC for display 4630946370410392961 (t=1882084600000)
09-16 01:20:57.318 W/HWComposer( 1065): Ignoring duplicate VSYNC event from HWC for display 4630946370410392961 (t=1882101293000)
09-16 01:20:57.335 W/HWComposer( 1065): Ignoring duplicate VSYNC event from HWC for display 4630946370410392961 (t=1882117993000)
09-16 01:20:57.352 W/HWComposer( 1065): Ignoring duplicate VSYNC event from HWC for display 4630946370410392961 (t=1882134708000)
09-16 01:20:57.691 I/mpu_uart( 664): [MSG-P:RECV]:No message received in 1000 ms
01-01 13:44:32.753 D/ ( 0): mv2112_read_status
01-01 13:44:32.759 D/mv2112_update_link( 0): 3.0x901(1G): 0x80
01-01 13:44:32.770 D/mv2112_update_link( 0): 3.0x8109(100M): 0x0
01-01 13:44:32.775 D/mv2112_update_link( 0): link 0x0
01-01 13:44:32.780 D/mv2112_read_status( 0): autoneg is disabled
09-16 01:20:58.052 W/Choreographer( 2689): Frame time is 0.106208 ms in the future! Check that graphics HAL is generating vsync timestamps using the correct timebase.
09-16 01:20:58.148 I/OMX-VENC: venc_dev( 1344): stats: avg. fps 59.73, bitrate 198265
09-16 01:20:58.409 I/mpu_uart( 664): [MSG-P:R]:recv sync frame timeout
01-01 13:44:33.298 E/i2c_geni 980000.i2c( 0): i2c error :-107
01-01 13:44:33.304 E/ ( 0): [MAX975X:mcu_keep_wakeup_work_func] *ERROR* Failed to write dev:0x15 addr:0x22 value:0x80
01-01 13:44:33.314 E/i2c_geni 980000.i2c( 0): i2c error :-107
01-01 13:44:33.319 E/ ( 0): [MAX975X:mcu_keep_wakeup_work_func] *ERROR* Failed to write dev:0x15 addr:0x20 value:0x09
09-16 01:20:58.692 I/mpu_uart( 664): [MSG-P:RECV]:No message received in 1000 ms
01-01 13:44:33.478 I/init ( 0): starting service 'qvrd_vndr'...
01-01 13:44:33.484 I/init ( 0): Created socket '/dev/socket/qvrservice_vndr', mode 660, user 1000, group 1000
01-01 13:44:33.494 I/init ( 0): Created socket '/dev/socket/qvrservice_vndr_camera', mode 660, user 1000, group 1000
01-01 13:44:33.517 I/init ( 0): starting service 'sxrd'...
09-16 01:20:58.788 F/linker ( 7836): CANNOT LINK EXECUTABLE "/vendor/bin/hw/qvrservice": library "vendor.qti.hardware.qxr-V1-ndk_platform.so" not found: needed by /vendor/lib64/libqvrservice.so in namespace (default)
01-01 13:44:33.536 I/init ( 0): starting service 'vendor.light-hal-2-0'...
09-16 01:20:58.804 I/HttpClient( 2063): onFailed
09-16 01:20:58.805 I/MicroService( 2063): sendConnectStateBroadCast() state0
09-16 01:20:58.807 I/MicroService( 2063): onNettyConnectState0
09-16 01:20:58.807 I/MicroService( 2063): onNettyConnectState count = 0
09-16 01:20:58.811 F/linker ( 7837): CANNOT LINK EXECUTABLE "/vendor/bin/hw/sxrservice": library "vendor.qti.hardware.qxr-V1-ndk_platform.so" not found: needed by main executable
01-01 13:44:33.552 I/init ( 0): Service 'qvrd_vndr' (pid 7836) exited with status 1
01-01 13:44:33.558 I/init ( 0): Sending signal 9 to service 'qvrd_vndr' (pid 7836) process group...
01-01 13:44:33.566 I/libprocessgroup( 0): Successfully killed process cgroup uid 1000 pid 7836 in 0ms
01-01 13:44:33.576 I/init ( 0): Service 'sxrd' (pid 7837) exited with status 1
01-01 13:44:33.583 I/init ( 0): Sending signal 9 to service 'sxrd' (pid 7837) process group...
09-16 01:20:58.844 I/hwservicemanager( 516): getTransport: Cannot find entry android.hardware.light@2.0::ILight/default in either framework or device VINTF manifest.
09-16 01:20:58.847 E/light ( 7838): light_open lights keyboard failed: -22
09-16 01:20:58.847 E/light ( 7838): Light passthrough failed to load legacy HAL.
09-16 01:20:58.848 E/light ( 7838): light_open lights buttons failed: -22
09-16 01:20:58.848 E/light ( 7838): Light passthrough failed to load legacy HAL.
09-16 01:20:58.850 E/light ( 7838): light_open lights bluetooth failed: -22
09-16 01:20:58.850 E/light ( 7838): Light passthrough failed to load legacy HAL.
09-16 01:20:58.850 E/light ( 7838): light_open lights wifi failed: -22
09-16 01:20:58.850 E/light ( 7838): Light passthrough failed to load legacy HAL.
09-16 01:20:58.854 I/hwservicemanager( 516): getTransport: Cannot find entry android.hardware.light@2.0::ILight/default in either framework or device VINTF manifest.
09-16 01:20:58.854 E/HidlServiceManagement( 7838): Service android.hardware.light@2.0::ILight/default must be in VINTF manifest in order to register/get.
09-16 01:20:58.854 E/LegacySupport( 7838): Could not register service android.hardware.light@2.0::ILight/default (-2147483648).
01-01 13:44:33.689 I/IRQ 5 ( 0): no longer affine to CPU4
01-01 13:44:33.809 D/ ( 0): mv2112_read_status
01-01 13:44:33.815 D/mv2112_update_link( 0): 3.0x901(1G): 0x80
01-01 13:44:33.823 D/mv2112_update_link( 0): 3.0x8109(100M): 0x0
01-01 13:44:33.830 D/mv2112_update_link( 0): link 0x0
01-01 13:44:33.834 D/mv2112_read_status( 0): autoneg is disabled
09-16 01:20:59.149 I/OMX-VENC: venc_dev( 1344): stats: avg. fps 58.99, bitrate 216268
09-16 01:20:59.692 I/mpu_uart( 664): [MSG-P:RECV]:No message received in 1000 ms
09-16 01:20:59.804 I/HWebSocketClient( 2063): WEBclient: onFailed
09-16 01:20:59.810 I/ResponseWebSocketHandler( 2063): ResponseWebSocketHandler start
09-16 01:20:59.811 I/HttpContext( 2063): getIResponseJson :com.thundercomm.microservice.MicroServiceProxy@12e89eb
09-16 01:20:59.811 I/ResponseWebSocketHandler( 2063): ResponseWebSocketHandler mResponseJson: com.thundercomm.microservice.MicroServiceProxy@12e89eb
09-16 01:20:59.811 I/HttpContext( 2063): getIResponseJson :com.thundercomm.microservice.MicroServiceProxy@12e89eb
09-16 01:20:59.811 I/ResponseHandler( 2063): ResponseHandler() :com.thundercomm.microservice.MicroServiceProxy@12e89eb
09-16 01:20:59.812 I/System.out( 2063): handler is: com.thundercomm.microservice.netty.client.handler.webSocket.ResponseWebSocketHandler@236bd3b
09-16 01:20:59.825 W/NioEventLoop( 2063): Selector.select() returned prematurely 512 times in a row; rebuilding Selector io.netty.channel.nio.SelectedSelectionKeySetSelector@598bc58.
09-16 01:20:59.826 I/NioEventLoop( 2063): Migrated 1 channel(s) to the new Selector.
09-16 01:20:59.837 W/NioEventLoop( 2063): Selector.select() returned prematurely 512 times in a row; rebuilding Selector io.netty.channel.nio.SelectedSelectionKeySetSelector@7e4696.
09-16 01:20:59.837 I/NioEventLoop( 2063): Migrated 1 channel(s) to the new Selector.
09-16 01:21:00.011 W/QCC:PeriodicCI( 2324): [ERROR] Current time is wrong, status=3
09-16 01:21:00.020 D/KeyguardUpdateMonitor( 1910): received broadcast android.intent.action.TIME_TICK
09-16 01:21:00.020 D/KeyguardUpdateMonitor( 1910): handleTimeUpdate
01-01 13:44:34.874 D/ ( 0): mv2112_read_status
01-01 13:44:34.879 D/mv2112_update_link( 0): 3.0x901(1G): 0x80
01-01 13:44:34.888 D/mv2112_update_link( 0): 3.0x8109(100M): 0x0
01-01 13:44:34.894 D/mv2112_update_link( 0): link 0x0
01-01 13:44:34.899 D/mv2112_read_status( 0): autoneg is disabled
09-16 01:21:00.161 I/OMX-VENC: venc_dev( 1344): stats: avg. fps 58.25, bitrate 206756
01-01 13:44:35.155 E/i2c_geni 980000.i2c( 0): i2c error :-107
01-01 13:44:35.160 E/ ( 0): [MAX975X:mcu_keep_wakeup_work_func] *ERROR* Failed to write dev:0x15 addr:0x22 value:0x80
01-01 13:44:35.170 E/i2c_geni 980000.i2c( 0): i2c error :-107
01-01 13:44:35.176 E/ ( 0): [MAX975X:mcu_keep_wakeup_work_func] *ERROR* Failed to write dev:0x15 addr:0x20 value:0x09
09-16 01:21:00.692 I/mpu_uart( 664): [MSG-P:RECV]:No message received in 1000 ms
01-01 13:44:35.921 D/ ( 0): mv2112_read_status
01-01 13:44:35.924 D/mv2112_update_link( 0): 3.0x901(1G): 0x80
01-01 13:44:35.930 D/mv2112_update_link( 0): 3.0x8109(100M): 0x0
01-01 13:44:35.936 D/mv2112_update_link( 0): link 0x0
01-01 13:44:35.940 D/mv2112_read_status( 0): autoneg is disabled
09-16 01:21:01.193 I/OMX-VENC: venc_dev( 1344): stats: avg. fps 56.21, bitrate 209257
09-16 01:21:01.412 I/mpu_uart( 664): [MSG-P:R]:recv sync frame timeout
09-16 01:21:01.693 I/mpu_uart( 664): [MSG-P:RECV]:No message received in 1000 ms
09-16 01:21:01.886 I/HttpClient( 2063): onFailed
09-16 01:21:01.886 I/MicroService( 2063): sendConnectStateBroadCast() state0
09-16 01:21:01.888 I/MicroService( 2063): onNettyConnectState0
09-16 01:21:01.888 I/MicroService( 2063): onNettyConnectState count = 0
01-01 13:44:36.950 D/ ( 0): mv2112_read_status
01-01 13:44:36.955 D/mv2112_update_link( 0): 3.0x901(1G): 0x80
09-16 01:21:02.214 I/OMX-VENC: venc_dev( 1344): stats: avg. fps 55.83, bitrate 196065
01-01 13:44:36.969 D/mv2112_update_link( 0): 3.0x8109(100M): 0x0
01-01 13:44:36.975 D/mv2112_update_link( 0): link 0x0
01-01 13:44:36.979 D/mv2112_read_status( 0): autoneg is disabled
01-01 13:44:37.010 E/i2c_geni 980000.i2c( 0): i2c error :-107
01-01 13:44:37.015 E/ ( 0): [MAX975X:mcu_keep_wakeup_work_func] *ERROR* Failed to write dev:0x15 addr:0x22 value:0x80
01-01 13:44:37.025 E/i2c_geni 980000.i2c( 0): i2c error :-107
01-01 13:44:37.030 E/ ( 0): [MAX975X:mcu_keep_wakeup_work_func] *ERROR* Failed to write dev:0x15 addr:0x20 value:0x09
09-16 01:21:02.447 W/HWComposer( 1065): Ignoring duplicate VSYNC event from HWC for display 4630946370410392961 (t=1887230291000)
09-16 01:21:02.464 W/HWComposer( 1065): Ignoring duplicate VSYNC event from HWC for display 4630946370410392961 (t=1887246998000)
09-16 01:21:02.481 W/HWComposer( 1065): Ignoring duplicate VSYNC event from HWC for display 4630946370410392961 (t=1887263719000)
09-16 01:21:02.497 W/HWComposer( 1065): Ignoring duplicate VSYNC event from HWC for display 4630946370410392961 (t=1887280403000)
09-16 01:21:02.514 W/HWComposer( 1065): Ignoring duplicate VSYNC event from HWC for display 4630946370410392961 (t=1887297103000)
09-16 01:21:02.693 I/mpu_uart( 664): [MSG-P:RECV]:No message received in 1000 ms
09-16 01:21:02.878 I/HWebSocketClient( 2063): WEBclient: onFailed
09-16 01:21:02.885 I/ResponseWebSocketHandler( 2063): ResponseWebSocketHandler start
09-16 01:21:02.886 I/HttpContext( 2063): getIResponseJson :com.thundercomm.microservice.MicroServiceProxy@12e89eb
09-16 01:21:02.886 I/ResponseWebSocketHandler( 2063): ResponseWebSocketHandler mResponseJson: com.thundercomm.microservice.MicroServiceProxy@12e89eb
09-16 01:21:02.887 I/System.out( 2063): handler is: com.thundercomm.microservice.netty.client.handler.webSocket.ResponseWebSocketHandler@f503622
09-16 01:21:02.899 I/HttpContext( 2063): getIResponseJson :com.thundercomm.microservice.MicroServiceProxy@12e89eb
09-16 01:21:02.900 I/ResponseHandler( 2063): ResponseHandler() :com.thundercomm.microservice.MicroServiceProxy@12e89eb
09-16 01:21:02.902 W/NioEventLoop( 2063): Selector.select() returned prematurely 512 times in a row; rebuilding Selector io.netty.channel.nio.SelectedSelectionKeySetSelector@11565e9.
09-16 01:21:02.903 I/NioEventLoop( 2063): Migrated 1 channel(s) to the new Selector.
09-16 01:21:02.915 W/NioEventLoop( 2063): Selector.select() returned prematurely 512 times in a row; rebuilding Selector io.netty.channel.nio.SelectedSelectionKeySetSelector@4630d0f.
09-16 01:21:02.916 I/NioEventLoop( 2063): Migrated 1 channel(s) to the new Selector.
09-16 01:21:03.221 I/OMX-VENC: venc_dev( 1344): stats: avg. fps 45.72, bitrate 146167
01-01 13:44:38.001 D/ ( 0): mv2112_read_status
01-01 13:44:38.005 D/mv2112_update_link( 0): 3.0x901(1G): 0x80
01-01 13:44:38.010 D/mv2112_update_link( 0): 3.0x8109(100M): 0x0
01-01 13:44:38.017 D/mv2112_update_link( 0): link 0x0
01-01 13:44:38.021 D/mv2112_read_status( 0): autoneg is disabled
09-16 01:21:03.694 I/mpu_uart( 664): [MSG-P:RECV]:No message received in 1000 ms
01-01 13:44:38.519 I/init ( 0): starting service 'qvrd_vndr'...
01-01 13:44:38.526 I/init ( 0): Created socket '/dev/socket/qvrservice_vndr', mode 660, user 1000, group 1000
01-01 13:44:38.536 I/init ( 0): Created socket '/dev/socket/qvrservice_vndr_camera', mode 660, user 1000, group 1000
01-01 13:44:38.564 I/init ( 0): starting service 'sxrd'...
01-01 13:44:38.584 I/init ( 0): starting service 'vendor.light-hal-2-0'...
09-16 01:21:03.851 F/linker ( 7841): CANNOT LINK EXECUTABLE "/vendor/bin/hw/qvrservice": library "vendor.qti.hardware.qxr-V1-ndk_platform.so" not found: needed by /vendor/lib64/libqvrservice.so in namespace (default)
01-01 13:44:38.605 I/init ( 0): Service 'qvrd_vndr' (pid 7841) exited with status 1
01-01 13:44:38.612 I/init ( 0): Sending signal 9 to service 'qvrd_vndr' (pid 7841) process group...
01-01 13:44:38.620 I/libprocessgroup( 0): Successfully killed process cgroup uid 1000 pid 7841 in 0ms
09-16 01:21:03.869 F/linker ( 7842): CANNOT LINK EXECUTABLE "/vendor/bin/hw/sxrservice": library "vendor.qti.hardware.qxr-V1-ndk_platform.so" not found: needed by main executable
09-16 01:21:03.888 I/hwservicemanager( 516): getTransport: Cannot find entry android.hardware.light@2.0::ILight/default in either framework or device VINTF manifest.
09-16 01:21:03.891 E/light ( 7843): light_open lights keyboard failed: -22
01-01 13:44:38.631 I/init ( 0): Service 'sxrd' (pid 7842) exited with status 1
09-16 01:21:03.891 E/light ( 7843): Light passthrough failed to load legacy HAL.
09-16 01:21:03.892 E/light ( 7843): light_open lights buttons failed: -22
09-16 01:21:03.892 E/light ( 7843): Light passthrough failed to load legacy HAL.
01-01 13:44:38.637 I/init ( 0): Sending signal 9 to service 'sxrd' (pid 7842) process group...
09-16 01:21:03.894 E/light ( 7843): light_open lights bluetooth failed: -22
09-16 01:21:03.894 E/light ( 7843): Light passthrough failed to load legacy HAL.
09-16 01:21:03.894 E/light ( 7843): light_open lights wifi failed: -22
09-16 01:21:03.894 E/light ( 7843): Light passthrough failed to load legacy HAL.
09-16 01:21:03.895 I/hwservicemanager( 516): getTransport: Cannot find entry android.hardware.light@2.0::ILight/default in either framework or device VINTF manifest.
09-16 01:21:03.896 E/HidlServiceManagement( 7843): Service android.hardware.light@2.0::ILight/default must be in VINTF manifest in order to register/get.
09-16 01:21:03.896 E/LegacySupport( 7843): Could not register service android.hardware.light@2.0::ILight/default (-2147483648).
01-01 13:44:38.866 E/i2c_geni 980000.i2c( 0): i2c error :-107
01-01 13:44:38.871 E/ ( 0): [MAX975X:mcu_keep_wakeup_work_func] *ERROR* Failed to write dev:0x15 addr:0x22 value:0x80
01-01 13:44:38.881 E/i2c_geni 980000.i2c( 0): i2c error :-107
01-01 13:44:38.886 E/ ( 0): [MAX975X:mcu_keep_wakeup_work_func] *ERROR* Failed to write dev:0x15 addr:0x20 value:0x09
01-01 13:44:39.025 D/ ( 0): mv2112_read_status
01-01 13:44:39.029 D/mv2112_update_link( 0): 3.0x901(1G): 0x80
01-01 13:44:39.036 D/mv2112_update_link( 0): 3.0x8109(100M): 0x0
01-01 13:44:39.046 D/mv2112_update_link( 0): link 0x0
01-01 13:44:39.051 D/mv2112_read_status( 0): autoneg is disabled
09-16 01:21:04.416 I/mpu_uart( 664): [MSG-P:R]:recv sync frame timeout
09-16 01:21:04.695 I/mpu_uart( 664): [MSG-P:RECV]:No message received in 1000 ms
09-16 01:21:04.950 I/HttpClient( 2063): onFailed
09-16 01:21:04.950 I/MicroService( 2063): sendConnectStateBroadCast() state0
09-16 01:21:04.953 I/MicroService( 2063): onNettyConnectState0
09-16 01:21:04.953 I/MicroService( 2063): onNettyConnectState count = 0
01-01 13:44:40.081 D/ ( 0): mv2112_read_status
01-01 13:44:40.085 D/mv2112_update_link( 0): 3.0x901(1G): 0x80
01-01 13:44:40.092 D/mv2112_update_link( 0): 3.0x8109(100M): 0x0
01-01 13:44:40.099 D/mv2112_update_link( 0): link 0x0
01-01 13:44:40.103 D/mv2112_read_status( 0): autoneg is disabled
09-16 01:21:05.696 I/mpu_uart( 664): [MSG-P:RECV]:No message received in 1000 ms
09-16 01:21:05.951 I/HWebSocketClient( 2063): WEBclient: onFailed
09-16 01:21:05.958 I/HttpContext( 2063): getIResponseJson :com.thundercomm.microservice.MicroServiceProxy@12e89eb
09-16 01:21:05.958 I/ResponseHandler( 2063): ResponseHandler() :com.thundercomm.microservice.MicroServiceProxy@12e89eb
09-16 01:21:05.960 I/ResponseWebSocketHandler( 2063): ResponseWebSocketHandler start
09-16 01:21:05.960 I/HttpContext( 2063): getIResponseJson :com.thundercomm.microservice.MicroServiceProxy@12e89eb
09-16 01:21:05.960 I/ResponseWebSocketHandler( 2063): ResponseWebSocketHandler mResponseJson: com.thundercomm.microservice.MicroServiceProxy@12e89eb
09-16 01:21:05.962 I/System.out( 2063): handler is: com.thundercomm.microservice.netty.client.handler.webSocket.ResponseWebSocketHandler@5cae921
01-01 13:44:40.733 E/i2c_geni 980000.i2c( 0): i2c error :-107
01-01 13:44:40.737 E/ ( 0): [MAX975X:mcu_keep_wakeup_work_func] *ERROR* Failed to write dev:0x15 addr:0x22 value:0x80
01-01 13:44:40.747 E/i2c_geni 980000.i2c( 0): i2c error :-107
01-01 13:44:40.752 E/ ( 0): [MAX975X:mcu_keep_wakeup_work_func] *ERROR* Failed to write dev:0x15 addr:0x20 value:0x09
01-01 13:44:41.105 D/ ( 0): mv2112_read_status
01-01 13:44:41.109 D/mv2112_update_link( 0): 3.0x901(1G): 0x80
01-01 13:44:41.115 D/mv2112_update_link( 0): 3.0x8109(100M): 0x0
01-01 13:44:41.122 D/mv2112_update_link( 0): link 0x0
01-01 13:44:41.126 D/mv2112_read_status( 0): autoneg is disabled
09-16 01:21:06.697 I/mpu_uart( 664): [MSG-P:RECV]:No message received in 1000 ms
01-01 13:44:42.129 D/ ( 0): mv2112_read_status
01-01 13:44:42.133 D/mv2112_update_link( 0): 3.0x901(1G): 0x80
01-01 13:44:42.139 D/mv2112_update_link( 0): 3.0x8109(100M): 0x0
01-01 13:44:42.145 D/mv2112_update_link( 0): link 0x0
01-01 13:44:42.149 D/mv2112_read_status( 0): autoneg is disabled
09-16 01:21:07.420 I/mpu_uart( 664): [MSG-P:R]:recv sync frame timeout
09-16 01:21:07.698 I/mpu_uart( 664): [MSG-P:RECV]:No message received in 1000 ms
01-01 13:44:42.579 E/i2c_geni 980000.i2c( 0): i2c error :-107
01-01 13:44:42.584 E/ ( 0): [MAX975X:mcu_keep_wakeup_work_func] *ERROR* Failed to write dev:0x15 addr:0x22 value:0x80
01-01 13:44:42.595 E/i2c_geni 980000.i2c( 0): i2c error :-107
01-01 13:44:42.600 E/ ( 0): [MAX975X:mcu_keep_wakeup_work_func] *ERROR* Failed to write dev:0x15 addr:0x20 value:0x09
09-16 01:21:08.023 I/HttpClient( 2063): onFailed
09-16 01:21:08.023 I/MicroService( 2063): sendConnectStateBroadCast() state0
09-16 01:21:08.026 I/MicroService( 2063): onNettyConnectState0
09-16 01:21:08.027 I/MicroService( 2063): onNettyConnectState count = 0
09-16 01:21:08.046 E/TokenUnion_NetworkManager( 4752): appendCommonParams() 账号通参存在空,拼接后的 url = /luckycat/activity/settings/get_polling_settings/
09-16 01:21:08.049 I/KEVA.NATIVE( 4752): byte array do not exist
09-16 01:21:08.050 I/KEVA.NATIVE( 4752): byte array do not exist
09-16 01:21:08.063 E/LuckyDogLogger_LuckyDogPollingSettings( 4752): Exception when request setting com.bytedance.frameworks.baselib.network.http.exception.NetworkNotAvailabeException: network not available
09-16 01:21:08.064 I/KEVA.NATIVE( 4752): byte array do not exist
09-16 01:21:08.064 I/KEVA.NATIVE( 4752): byte array do not exist
09-16 01:21:08.068 I/KEVA.NATIVE( 4752): byte array do not exist
09-16 01:21:08.068 I/KEVA.NATIVE( 4752): byte array do not exist
09-16 01:21:08.068 E/TokenUnion_NetworkManager( 4752): appendCommonParams() 账号通参存在空,拼接后的 url = /luckycat/activity/settings/get_polling_settings/
09-16 01:21:08.070 I/KEVA.NATIVE( 4752): byte array do not exist
09-16 01:21:08.071 I/KEVA.NATIVE( 4752): byte array do not exist
09-16 01:21:08.071 I/KEVA.NATIVE( 4752): byte array do not exist
09-16 01:21:08.071 I/KEVA.NATIVE( 4752): byte array do not exist
09-16 01:21:08.084 E/LuckyDogLogger_LuckyDogPollingSettings( 4752): Exception when request setting com.bytedance.frameworks.baselib.network.http.exception.NetworkNotAvailabeException: network not available
09-16 01:21:08.108 W/droid.ugc.awem( 4752): Profile data size exceeds 500000 bytes. It has 694265 bytes.
01-01 13:44:43.153 D/ ( 0): mv2112_read_status
01-01 13:44:43.157 D/mv2112_update_link( 0): 3.0x901(1G): 0x80
01-01 13:44:43.162 D/mv2112_update_link( 0): 3.0x8109(100M): 0x0
01-01 13:44:43.169 D/mv2112_update_link( 0): link 0x0
01-01 13:44:43.173 D/mv2112_read_status( 0): autoneg is disabled
09-16 01:21:08.698 I/mpu_uart( 664): [MSG-P:RECV]:No message received in 1000 ms
01-01 13:44:43.563 I/init ( 0): starting service 'qvrd_vndr'...
01-01 13:44:43.570 I/init ( 0): Created socket '/dev/socket/qvrservice_vndr', mode 660, user 1000, group 1000
01-01 13:44:43.581 I/init ( 0): Created socket '/dev/socket/qvrservice_vndr_camera', mode 660, user 1000, group 1000
01-01 13:44:43.606 I/init ( 0): starting service 'sxrd'...
01-01 13:44:43.624 I/init ( 0): starting service 'vendor.light-hal-2-0'...
09-16 01:21:08.901 F/linker ( 7846): CANNOT LINK EXECUTABLE "/vendor/bin/hw/sxrservice": library "vendor.qti.hardware.qxr-V1-ndk_platform.so" not found: needed by main executable
09-16 01:21:08.903 F/linker ( 7845): CANNOT LINK EXECUTABLE "/vendor/bin/hw/qvrservice": library "vendor.qti.hardware.qxr-V1-ndk_platform.so" not found: needed by /vendor/lib64/libqvrservice.so in namespace (default)
01-01 13:44:43.654 I/init ( 0): Service 'sxrd' (pid 7846) exited with status 1
01-01 13:44:43.660 I/init ( 0): Sending signal 9 to service 'sxrd' (pid 7846) process group...
01-01 13:44:43.668 I/libprocessgroup( 0): Successfully killed process cgroup uid 1000 pid 7846 in 0ms
09-16 01:21:08.933 I/hwservicemanager( 516): getTransport: Cannot find entry android.hardware.light@2.0::ILight/default in either framework or device VINTF manifest.
01-01 13:44:43.679 I/init ( 0): Service 'qvrd_vndr' (pid 7845) exited with status 1
01-01 13:44:43.686 I/init ( 0): Sending signal 9 to service 'qvrd_vndr' (pid 7845) process group...
09-16 01:21:08.942 E/light ( 7847): light_open lights keyboard failed: -22
09-16 01:21:08.942 E/light ( 7847): Light passthrough failed to load legacy HAL.
09-16 01:21:08.943 E/light ( 7847): light_open lights buttons failed: -22
09-16 01:21:08.943 E/light ( 7847): Light passthrough failed to load legacy HAL.
09-16 01:21:08.945 E/light ( 7847): light_open lights bluetooth failed: -22
09-16 01:21:08.945 E/light ( 7847): Light passthrough failed to load legacy HAL.
09-16 01:21:08.945 E/light ( 7847): light_open lights wifi failed: -22
09-16 01:21:08.945 E/light ( 7847): Light passthrough failed to load legacy HAL.
09-16 01:21:08.946 I/hwservicemanager( 516): getTransport: Cannot find entry android.hardware.light@2.0::ILight/default in either framework or device VINTF manifest.
09-16 01:21:08.946 E/HidlServiceManagement( 7847): Service android.hardware.light@2.0::ILight/default must be in VINTF manifest in order to register/get.
09-16 01:21:08.946 E/LegacySupport( 7847): Could not register service android.hardware.light@2.0::ILight/default (-2147483648).
09-16 01:21:09.022 I/HWebSocketClient( 2063): WEBclient: onFailed
09-16 01:21:09.027 I/ResponseWebSocketHandler( 2063): ResponseWebSocketHandler start
09-16 01:21:09.027 I/HttpContext( 2063): getIResponseJson :com.thundercomm.microservice.MicroServiceProxy@12e89eb
09-16 01:21:09.027 I/ResponseWebSocketHandler( 2063): ResponseWebSocketHandler mResponseJson: com.thundercomm.microservice.MicroServiceProxy@12e89eb
09-16 01:21:09.028 I/System.out( 2063): handler is: com.thundercomm.microservice.netty.client.handler.webSocket.ResponseWebSocketHandler@7cc3834
09-16 01:21:09.030 I/HttpContext( 2063): getIResponseJson :com.thundercomm.microservice.MicroServiceProxy@12e89eb
09-16 01:21:09.030 I/ResponseHandler( 2063): ResponseHandler() :com.thundercomm.microservice.MicroServiceProxy@12e89eb
09-16 01:21:09.046 W/NioEventLoop( 2063): Selector.select() returned prematurely 512 times in a row; rebuilding Selector io.netty.channel.nio.SelectedSelectionKeySetSelector@51214a3.
09-16 01:21:09.046 I/NioEventLoop( 2063): Migrated 1 channel(s) to the new Selector.
01-01 13:44:44.177 D/ ( 0): mv2112_read_status
01-01 13:44:44.181 D/mv2112_update_link( 0): 3.0x901(1G): 0x80
01-01 13:44:44.186 D/mv2112_update_link( 0): 3.0x8109(100M): 0x0
01-01 13:44:44.192 D/mv2112_update_link( 0): link 0x0
01-01 13:44:44.197 D/mv2112_read_status( 0): autoneg is disabled
01-01 13:44:44.435 E/i2c_geni 980000.i2c( 0): i2c error :-107
01-01 13:44:44.440 E/ ( 0): [MAX975X:mcu_keep_wakeup_work_func] *ERROR* Failed to write dev:0x15 addr:0x22 value:0x80
09-16 01:21:09.703 I/mpu_uart( 664): [MSG-P:RECV]:No message received in 1000 ms
01-01 13:44:44.451 E/i2c_geni 980000.i2c( 0): i2c error :-107
01-01 13:44:44.456 E/ ( 0): [MAX975X:mcu_keep_wakeup_work_func] *ERROR* Failed to write dev:0x15 addr:0x20 value:0x09
09-16 01:21:10.423 I/mpu_uart( 664): [MSG-P:R]:recv sync frame timeout
01-01 13:44:45.201 D/ ( 0): mv2112_read_status
01-01 13:44:45.205 D/mv2112_update_link( 0): 3.0x901(1G): 0x80
01-01 13:44:45.211 D/mv2112_update_link( 0): 3.0x8109(100M): 0x0
01-01 13:44:45.216 D/mv2112_update_link( 0): link 0x0
01-01 13:44:45.221 D/mv2112_read_status( 0): autoneg is disabled
09-16 01:21:10.704 I/mpu_uart( 664): [MSG-P:RECV]:No message received in 1000 ms
09-16 01:21:11.095 I/HttpClient( 2063): onFailed
09-16 01:21:11.095 I/MicroService( 2063): sendConnectStateBroadCast() state0
09-16 01:21:11.101 I/MicroService( 2063): onNettyConnectState0
09-16 01:21:11.102 I/MicroService( 2063): onNettyConnectState count = 0
01-01 13:44:46.225 D/ ( 0): mv2112_read_status
01-01 13:44:46.229 D/mv2112_update_link( 0): 3.0x901(1G): 0x80
01-01 13:44:46.235 D/mv2112_update_link( 0): 3.0x8109(100M): 0x0
01-01 13:44:46.241 D/mv2112_update_link( 0): link 0x0
01-01 13:44:46.246 D/mv2112_read_status( 0): autoneg is disabled
01-01 13:44:46.290 E/i2c_geni 980000.i2c( 0): i2c error :-107
01-01 13:44:46.296 E/ ( 0): [MAX975X:mcu_keep_wakeup_work_func] *ERROR* Failed to write dev:0x15 addr:0x22 value:0x80
01-01 13:44:46.308 E/i2c_geni 980000.i2c( 0): i2c error :-107
01-01 13:44:46.313 E/ ( 0): [MAX975X:mcu_keep_wakeup_work_func] *ERROR* Failed to write dev:0x15 addr:0x20 value:0x09
09-16 01:21:11.704 I/mpu_uart( 664): [MSG-P:RECV]:No message received in 1000 ms
09-16 01:21:11.860 D/resolv ( 688): GetAddrInfoHandler::run: {0 262144 0 983040 10105 0}
09-16 01:21:11.860 D/resolv ( 688): resolv_getaddrinfo: explore_fqdn(): ai_family=0 ai_socktype=1 ai_protocol=6
09-16 01:21:12.095 I/HWebSocketClient( 2063): WEBclient: onFailed
09-16 01:21:12.103 I/ResponseWebSocketHandler( 2063): ResponseWebSocketHandler start
09-16 01:21:12.103 I/HttpContext( 2063): getIResponseJson :com.thundercomm.microservice.MicroServiceProxy@12e89eb
09-16 01:21:12.103 I/ResponseWebSocketHandler( 2063): ResponseWebSocketHandler mResponseJson: com.thundercomm.microservice.MicroServiceProxy@12e89eb
09-16 01:21:12.105 I/System.out( 2063): handler is: com.thundercomm.microservice.netty.client.handler.webSocket.ResponseWebSocketHandler@acc9415
09-16 01:21:12.105 I/HttpContext( 2063): getIResponseJson :com.thundercomm.microservice.MicroServiceProxy@12e89eb
09-16 01:21:12.106 I/ResponseHandler( 2063): ResponseHandler() :com.thundercomm.microservice.MicroServiceProxy@12e89eb
01-01 13:44:47.249 D/ ( 0): mv2112_read_status
01-01 13:44:47.253 D/mv2112_update_link( 0): 3.0x901(1G): 0x80
01-01 13:44:47.260 D/mv2112_update_link( 0): 3.0x8109(100M): 0x0
01-01 13:44:47.266 D/mv2112_update_link( 0): link 0x0
01-01 13:44:47.271 D/mv2112_read_status( 0): autoneg is disabled
09-16 01:21:12.705 I/mpu_uart( 664): [MSG-P:RECV]:No message received in 1000 ms
01-01 13:44:48.147 E/i2c_geni 980000.i2c( 0): i2c error :-107
01-01 13:44:48.152 E/ ( 0): [MAX975X:mcu_keep_wakeup_work_func] *ERROR* Failed to write dev:0x15 addr:0x22 value:0x80
01-01 13:44:48.162 E/i2c_geni 980000.i2c( 0): i2c error :-107
09-16 01:21:13.427 I/mpu_uart( 664): [MSG-P:R]:recv sync frame timeout
01-01 13:44:48.170 E/ ( 0): [MAX975X:mcu_keep_wakeup_work_func] *ERROR* Failed to write dev:0x15 addr:0x20 value:0x09
01-01 13:44:48.273 D/ ( 0): mv2112_read_status
01-01 13:44:48.277 D/mv2112_update_link( 0): 3.0x901(1G): 0x80
01-01 13:44:48.285 D/mv2112_update_link( 0): 3.0x8109(100M): 0x0
01-01 13:44:48.291 D/mv2112_update_link( 0): link 0x0
01-01 13:44:48.295 D/mv2112_read_status( 0): autoneg is disabled
09-16 01:21:13.706 I/mpu_uart( 664): [MSG-P:RECV]:No message received in 1000 ms
01-01 13:44:48.606 I/init ( 0): starting service 'qvrd_vndr'...
01-01 13:44:48.612 I/init ( 0): Created socket '/dev/socket/qvrservice_vndr', mode 660, user 1000, group 1000
01-01 13:44:48.622 I/init ( 0): Created socket '/dev/socket/qvrservice_vndr_camera', mode 660, user 1000, group 1000
01-01 13:44:48.648 I/init ( 0): starting service 'sxrd'...
01-01 13:44:48.665 I/init ( 0): starting service 'vendor.light-hal-2-0'...
09-16 01:21:13.942 F/linker ( 7855): CANNOT LINK EXECUTABLE "/vendor/bin/hw/sxrservice": library "vendor.qti.hardware.qxr-V1-ndk_platform.so" not found: needed by main executable
01-01 13:44:48.695 I/init ( 0): Service 'sxrd' (pid 7855) exited with status 1
01-01 13:44:48.701 I/init ( 0): Sending signal 9 to service 'sxrd' (pid 7855) process group...
09-16 01:21:13.949 F/linker ( 7854): CANNOT LINK EXECUTABLE "/vendor/bin/hw/qvrservice": library "vendor.qti.hardware.qxr-V1-ndk_platform.so" not found: needed by /vendor/lib64/libqvrservice.so in namespace (default)
01-01 13:44:48.709 I/libprocessgroup( 0): Successfully killed process cgroup uid 1000 pid 7855 in 0ms
01-01 13:44:48.719 I/init ( 0): Service 'qvrd_vndr' (pid 7854) exited with status 1
01-01 13:44:48.726 I/init ( 0): Sending signal 9 to service 'qvrd_vndr' (pid 7854) process group...
09-16 01:21:13.990 I/hwservicemanager( 516): getTransport: Cannot find entry android.hardware.light@2.0::ILight/default in either framework or device VINTF manifest.
09-16 01:21:13.994 E/light ( 7856): light_open lights keyboard failed: -22
09-16 01:21:13.994 E/light ( 7856): Light passthrough failed to load legacy HAL.
09-16 01:21:13.994 E/light ( 7856): light_open lights buttons failed: -22
09-16 01:21:13.994 E/light ( 7856): Light passthrough failed to load legacy HAL.
09-16 01:21:13.997 E/light ( 7856): light_open lights bluetooth failed: -22
09-16 01:21:13.997 E/light ( 7856): Light passthrough failed to load legacy HAL.
09-16 01:21:13.997 E/light ( 7856): light_open lights wifi failed: -22
09-16 01:21:13.997 E/light ( 7856): Light passthrough failed to load legacy HAL.
09-16 01:21:13.998 I/hwservicemanager( 516): getTransport: Cannot find entry android.hardware.light@2.0::ILight/default in either framework or device VINTF manifest.
09-16 01:21:13.999 E/HidlServiceManagement( 7856): Service android.hardware.light@2.0::ILight/default must be in VINTF manifest in order to register/get.
09-16 01:21:13.999 E/LegacySupport( 7856): Could not register service android.hardware.light@2.0::ILight/default (-2147483648).
09-16 01:21:14.167 I/HttpClient( 2063): onFailed
09-16 01:21:14.167 I/MicroService( 2063): sendConnectStateBroadCast() state0
09-16 01:21:14.173 I/MicroService( 2063): onNettyConnectState0
09-16 01:21:14.173 I/MicroService( 2063): onNettyConnectState count = 0
01-01 13:44:49.297 D/ ( 0): mv2112_read_status
01-01 13:44:49.301 D/mv2112_update_link( 0): 3.0x901(1G): 0x80
01-01 13:44:49.306 D/mv2112_update_link( 0): 3.0x8109(100M): 0x0
01-01 13:44:49.312 D/mv2112_update_link( 0): link 0x0
01-01 13:44:49.317 D/mv2112_read_status( 0): autoneg is disabled
09-16 01:21:14.707 I/mpu_uart( 664): [MSG-P:RECV]:No message received in 1000 ms
09-16 01:21:15.171 I/HWebSocketClient( 2063): WEBclient: onFailed
09-16 01:21:15.178 I/HttpContext( 2063): getIResponseJson :com.thundercomm.microservice.MicroServiceProxy@12e89eb
09-16 01:21:15.179 I/ResponseHandler( 2063): ResponseHandler() :com.thundercomm.microservice.MicroServiceProxy@12e89eb
09-16 01:21:15.180 I/ResponseWebSocketHandler( 2063): ResponseWebSocketHandler start
09-16 01:21:15.180 I/HttpContext( 2063): getIResponseJson :com.thundercomm.microservice.MicroServiceProxy@12e89eb
09-16 01:21:15.181 I/ResponseWebSocketHandler( 2063): ResponseWebSocketHandler mResponseJson: com.thundercomm.microservice.MicroServiceProxy@12e89eb
09-16 01:21:15.182 I/System.out( 2063): handler is: com.thundercomm.microservice.netty.client.handler.webSocket.ResponseWebSocketHandler@244c7f6
09-16 01:21:15.202 W/NioEventLoop( 2063): Selector.select() returned prematurely 512 times in a row; rebuilding Selector io.netty.channel.nio.SelectedSelectionKeySetSelector@a7a47f7.
09-16 01:21:15.203 I/NioEventLoop( 2063): Migrated 1 channel(s) to the new Selector.
01-01 13:44:50.002 E/i2c_geni 980000.i2c( 0): i2c error :-107
01-01 13:44:50.007 E/ ( 0): [MAX975X:mcu_keep_wakeup_work_func] *ERROR* Failed to write dev:0x15 addr:0x22 value:0x80
01-01 13:44:50.018 E/i2c_geni 980000.i2c( 0): i2c error :-107
01-01 13:44:50.023 E/ ( 0): [MAX975X:mcu_keep_wakeup_work_func] *ERROR* Failed to write dev:0x15 addr:0x20 value:0x09
01-01 13:44:50.321 D/ ( 0): mv2112_read_status
01-01 13:44:50.325 D/mv2112_update_link( 0): 3.0x901(1G): 0x80
01-01 13:44:50.330 D/mv2112_update_link( 0): 3.0x8109(100M): 0x0
01-01 13:44:50.335 D/mv2112_update_link( 0): link 0x0
01-01 13:44:50.340 D/mv2112_read_status( 0): autoneg is disabled
09-16 01:21:15.707 I/mpu_uart( 664): [MSG-P:RECV]:No message received in 1000 ms
09-16 01:21:16.430 I/mpu_uart( 664): [MSG-P:R]:recv sync frame timeout
01-01 13:44:51.345 D/ ( 0): mv2112_read_status
01-01 13:44:51.348 D/mv2112_update_link( 0): 3.0x901(1G): 0x80
01-01 13:44:51.354 D/mv2112_update_link( 0): 3.0x8109(100M): 0x0
01-01 13:44:51.360 D/mv2112_update_link( 0): link 0x0
01-01 13:44:51.365 D/mv2112_read_status( 0): autoneg is disabled
09-16 01:21:16.708 I/mpu_uart( 664): [MSG-P:RECV]:No message received in 1000 ms
01-01 13:44:51.861 E/i2c_geni 980000.i2c( 0): i2c error :-107
01-01 13:44:51.867 E/ ( 0): [MAX975X:mcu_keep_wakeup_work_func] *ERROR* Failed to write dev:0x15 addr:0x22 value:0x80
01-01 13:44:51.882 E/i2c_geni 980000.i2c( 0): i2c error :-107
01-01 13:44:51.888 E/ ( 0): [MAX975X:mcu_keep_wakeup_work_func] *ERROR* Failed to write dev:0x15 addr:0x20 value:0x09
09-16 01:21:17.238 I/HttpClient( 2063): onFailed
09-16 01:21:17.239 I/MicroService( 2063): sendConnectStateBroadCast() state0
09-16 01:21:17.243 I/MicroService( 2063): onNettyConnectState0
09-16 01:21:17.243 I/MicroService( 2063): onNettyConnectState count = 0
01-01 13:44:52.369 D/ ( 0): mv2112_read_status
01-01 13:44:52.373 D/mv2112_update_link( 0): 3.0x901(1G): 0x80
01-01 13:44:52.378 D/mv2112_update_link( 0): 3.0x8109(100M): 0x0
01-01 13:44:52.385 D/mv2112_update_link( 0): link 0x0
01-01 13:44:52.389 D/mv2112_read_status( 0): autoneg is disabled
09-16 01:21:17.709 I/mpu_uart( 664): [MSG-P:RECV]:No message received in 1000 ms
09-16 01:21:18.239 I/HWebSocketClient( 2063): WEBclient: onFailed
09-16 01:21:18.247 I/HttpContext( 2063): getIResponseJson :com.thundercomm.microservice.MicroServiceProxy@12e89eb
09-16 01:21:18.247 I/ResponseHandler( 2063): ResponseHandler() :com.thundercomm.microservice.MicroServiceProxy@12e89eb
09-16 01:21:18.248 I/ResponseWebSocketHandler( 2063): ResponseWebSocketHandler start
09-16 01:21:18.248 I/HttpContext( 2063): getIResponseJson :com.thundercomm.microservice.MicroServiceProxy@12e89eb
09-16 01:21:18.248 I/ResponseWebSocketHandler( 2063): ResponseWebSocketHandler mResponseJson: com.thundercomm.microservice.MicroServiceProxy@12e89eb
09-16 01:21:18.250 I/System.out( 2063): handler is: com.thundercomm.microservice.netty.client.handler.webSocket.ResponseWebSocketHandler@ec80cc9
01-01 13:44:53.393 D/ ( 0): mv2112_read_status
01-01 13:44:53.397 D/mv2112_update_link( 0): 3.0x901(1G): 0x80
01-01 13:44:53.403 D/mv2112_update_link( 0): 3.0x8109(100M): 0x0
01-01 13:44:53.409 D/mv2112_update_link( 0): link 0x0
01-01 13:44:53.414 D/mv2112_read_status( 0): autoneg is disabled
09-16 01:21:18.709 I/mpu_uart( 664): [MSG-P:RECV]:No message received in 1000 ms
01-01 13:44:53.647 I/init ( 0): starting service 'qvrd_vndr'...
01-01 13:44:53.654 I/init ( 0): Created socket '/dev/socket/qvrservice_vndr', mode 660, user 1000, group 1000
01-01 13:44:53.664 I/init ( 0): Created socket '/dev/socket/qvrservice_vndr_camera', mode 660, user 1000, group 1000
01-01 13:44:53.690 I/init ( 0): starting service 'sxrd'...
01-01 13:44:53.707 I/init ( 0): starting service 'vendor.light-hal-2-0'...
01-01 13:44:53.714 E/i2c_geni 980000.i2c( 0): i2c error :-107
01-01 13:44:53.719 E/ ( 0): [MAX975X:mcu_keep_wakeup_work_func] *ERROR* Failed to write dev:0x15 addr:0x22 value:0x80
01-01 13:44:53.729 E/i2c_geni 980000.i2c( 0): i2c error :-107
09-16 01:21:18.984 F/linker ( 7859): CANNOT LINK EXECUTABLE "/vendor/bin/hw/qvrservice": library "vendor.qti.hardware.qxr-V1-ndk_platform.so" not found: needed by /vendor/lib64/libqvrservice.so in namespace (default)
01-01 13:44:53.734 E/ ( 0): [MAX975X:mcu_keep_wakeup_work_func] *ERROR* Failed to write dev:0x15 addr:0x20 value:0x09
01-01 13:44:53.738 I/init ( 0): Service 'qvrd_vndr' (pid 7859) exited with status 1
09-16 01:21:18.995 F/linker ( 7860): CANNOT LINK EXECUTABLE "/vendor/bin/hw/sxrservice": library "vendor.qti.hardware.qxr-V1-ndk_platform.so" not found: needed by main executable
01-01 13:44:53.750 I/init ( 0): Sending signal 9 to service 'qvrd_vndr' (pid 7859) process group...
01-01 13:44:53.758 I/libprocessgroup( 0): Successfully killed process cgroup uid 1000 pid 7859 in 0ms
09-16 01:21:19.026 I/hwservicemanager( 516): getTransport: Cannot find entry android.hardware.light@2.0::ILight/default in either framework or device VINTF manifest.
09-16 01:21:19.030 E/light ( 7861): light_open lights keyboard failed: -22
01-01 13:44:53.769 I/init ( 0): Service 'sxrd' (pid 7860) exited with status 1
09-16 01:21:19.030 E/light ( 7861): Light passthrough failed to load legacy HAL.
09-16 01:21:19.030 E/light ( 7861): light_open lights buttons failed: -22
09-16 01:21:19.030 E/light ( 7861): Light passthrough failed to load legacy HAL.
09-16 01:21:19.032 E/light ( 7861): light_open lights bluetooth failed: -22
09-16 01:21:19.032 E/light ( 7861): Light passthrough failed to load legacy HAL.
01-01 13:44:53.775 I/init ( 0): Sending signal 9 to service 'sxrd' (pid 7860) process group...
09-16 01:21:19.033 E/light ( 7861): light_open lights wifi failed: -22
09-16 01:21:19.033 E/light ( 7861): Light passthrough failed to load legacy HAL.
09-16 01:21:19.034 I/hwservicemanager( 516): getTransport: Cannot find entry android.hardware.light@2.0::ILight/default in either framework or device VINTF manifest.
09-16 01:21:19.034 E/HidlServiceManagement( 7861): Service android.hardware.light@2.0::ILight/default must be in VINTF manifest in order to register/get.
09-16 01:21:19.034 E/LegacySupport( 7861): Could not register service android.hardware.light@2.0::ILight/default (-2147483648).
09-16 01:21:19.434 I/mpu_uart( 664): [MSG-P:R]:recv sync frame timeout
01-01 13:44:54.417 D/ ( 0): mv2112_read_status
01-01 13:44:54.421 D/mv2112_update_link( 0): 3.0x901(1G): 0x80
01-01 13:44:54.430 D/mv2112_update_link( 0): 3.0x8109(100M): 0x0
01-01 13:44:54.435 D/mv2112_update_link( 0): link 0x0
01-01 13:44:54.441 D/mv2112_read_status( 0): autoneg is disabled
09-16 01:21:19.710 I/mpu_uart( 664): [MSG-P:RECV]:No message received in 1000 ms
09-16 01:21:20.313 I/HttpClient( 2063): onFailed
09-16 01:21:20.313 I/MicroService( 2063): sendConnectStateBroadCast() state0
09-16 01:21:20.317 I/MicroService( 2063): onNettyConnectState0
09-16 01:21:20.318 I/MicroService( 2063): onNettyConnectState count = 0
09-16 01:21:20.710 I/mpu_uart( 664): [MSG-P:RECV]:No message received in 1000 ms
01-01 13:44:55.473 D/ ( 0): mv2112_read_status
01-01 13:44:55.476 D/mv2112_update_link( 0): 3.0x901(1G): 0x80
01-01 13:44:55.484 D/mv2112_update_link( 0): 3.0x8109(100M): 0x0
01-01 13:44:55.489 D/mv2112_update_link( 0): link 0x0
01-01 13:44:55.493 D/mv2112_read_status( 0): autoneg is disabled
01-01 13:44:55.573 E/i2c_geni 980000.i2c( 0): i2c error :-107
01-01 13:44:55.579 E/ ( 0): [MAX975X:mcu_keep_wakeup_work_func] *ERROR* Failed to write dev:0x15 addr:0x22 value:0x80
01-01 13:44:55.590 E/i2c_geni 980000.i2c( 0): i2c error :-107
01-01 13:44:55.595 E/ ( 0): [MAX975X:mcu_keep_wakeup_work_func] *ERROR* Failed to write dev:0x15 addr:0x20 value:0x09
09-16 01:21:21.311 I/HWebSocketClient( 2063): WEBclient: onFailed
09-16 01:21:21.317 I/ResponseWebSocketHandler( 2063): ResponseWebSocketHandler start
09-16 01:21:21.318 I/HttpContext( 2063): getIResponseJson :com.thundercomm.microservice.MicroServiceProxy@12e89eb
09-16 01:21:21.318 I/ResponseWebSocketHandler( 2063): ResponseWebSocketHandler mResponseJson: com.thundercomm.microservice.MicroServiceProxy@12e89eb
09-16 01:21:21.320 I/System.out( 2063): handler is: com.thundercomm.microservice.netty.client.handler.webSocket.ResponseWebSocketHandler@1fdcdfc
09-16 01:21:21.322 I/HttpContext( 2063): getIResponseJson :com.thundercomm.microservice.MicroServiceProxy@12e89eb
09-16 01:21:21.322 I/ResponseHandler( 2063): ResponseHandler() :com.thundercomm.microservice.MicroServiceProxy@12e89eb
09-16 01:21:21.342 W/NioEventLoop( 2063): Selector.select() returned prematurely 512 times in a row; rebuilding Selector io.netty.channel.nio.SelectedSelectionKeySetSelector@6c7db0b.
09-16 01:21:21.343 I/NioEventLoop( 2063): Migrated 1 channel(s) to the new Selector.
09-16 01:21:21.711 I/mpu_uart( 664): [MSG-P:RECV]:No message received in 1000 ms
01-01 13:44:56.497 D/ ( 0): mv2112_read_status
01-01 13:44:56.501 D/mv2112_update_link( 0): 3.0x901(1G): 0x80
01-01 13:44:56.506 D/mv2112_update_link( 0): 3.0x8109(100M): 0x0
01-01 13:44:56.514 D/mv2112_update_link( 0): link 0x0
01-01 13:44:56.518 D/mv2112_read_status( 0): autoneg is disabled
09-16 01:21:22.438 I/mpu_uart( 664): [MSG-P:R]:recv sync frame timeout
01-01 13:44:57.427 E/i2c_geni 980000.i2c( 0): i2c error :-107
01-01 13:44:57.432 E/ ( 0): [MAX975X:mcu_keep_wakeup_work_func] *ERROR* Failed to write dev:0x15 addr:0x22 value:0x80
01-01 13:44:57.443 E/i2c_geni 980000.i2c( 0): i2c error :-107
01-01 13:44:57.448 E/ ( 0): [MAX975X:mcu_keep_wakeup_work_func] *ERROR* Failed to write dev:0x15 addr:0x20 value:0x09
09-16 01:21:22.711 I/mpu_uart( 664): [MSG-P:RECV]:No message received in 1000 ms
01-01 13:44:57.521 D/ ( 0): mv2112_read_status
01-01 13:44:57.525 D/mv2112_update_link( 0): 3.0x901(1G): 0x80
01-01 13:44:57.530 D/mv2112_update_link( 0): 3.0x8109(100M): 0x0
01-01 13:44:57.536 D/mv2112_update_link( 0): link 0x0
01-01 13:44:57.540 D/mv2112_read_status( 0): autoneg is disabled
09-16 01:21:22.912 I/KEVA.NATIVE( 4752): byte array do not exist
09-16 01:21:22.913 I/KEVA.NATIVE( 4752): byte array do not exist
09-16 01:21:23.382 I/HttpClient( 2063): onFailed
09-16 01:21:23.382 I/MicroService( 2063): sendConnectStateBroadCast() state0
09-16 01:21:23.386 I/MicroService( 2063): onNettyConnectState0
09-16 01:21:23.386 I/MicroService( 2063): onNettyConnectState count = 0
09-16 01:21:23.712 I/mpu_uart( 664): [MSG-P:RECV]:No message received in 1000 ms
01-01 13:44:58.546 D/ ( 0): mv2112_read_status
01-01 13:44:58.549 D/mv2112_update_link( 0): 3.0x901(1G): 0x80
01-01 13:44:58.555 D/mv2112_update_link( 0): 3.0x8109(100M): 0x0
01-01 13:44:58.561 D/mv2112_update_link( 0): link 0x0
01-01 13:44:58.566 D/mv2112_read_status( 0): autoneg is disabled
01-01 13:44:58.689 I/init ( 0): starting service 'qvrd_vndr'...
01-01 13:44:58.695 I/init ( 0): Created socket '/dev/socket/qvrservice_vndr', mode 660, user 1000, group 1000
01-01 13:44:58.705 I/init ( 0): Created socket '/dev/socket/qvrservice_vndr_camera', mode 660, user 1000, group 1000
01-01 13:44:58.730 I/init ( 0): starting service 'sxrd'...
01-01 13:44:58.747 I/init ( 0): starting service 'vendor.light-hal-2-0'...
09-16 01:21:24.021 F/linker ( 7864): CANNOT LINK EXECUTABLE "/vendor/bin/hw/sxrservice": library "vendor.qti.hardware.qxr-V1-ndk_platform.so" not found: needed by main executable
01-01 13:44:58.775 I/init ( 0): Service 'sxrd' (pid 7864) exited with status 1
01-01 13:44:58.781 I/init ( 0): Sending signal 9 to service 'sxrd' (pid 7864) process group...
09-16 01:21:24.029 F/linker ( 7863): CANNOT LINK EXECUTABLE "/vendor/bin/hw/qvrservice": library "vendor.qti.hardware.qxr-V1-ndk_platform.so" not found: needed by /vendor/lib64/libqvrservice.so in namespace (default)
01-01 13:44:58.789 I/libprocessgroup( 0): Successfully killed process cgroup uid 1000 pid 7864 in 0ms
01-01 13:44:58.799 I/init ( 0): Service 'qvrd_vndr' (pid 7863) exited with status 1
01-01 13:44:58.805 I/init ( 0): Sending signal 9 to service 'qvrd_vndr' (pid 7863) process group...
09-16 01:21:24.069 I/hwservicemanager( 516): getTransport: Cannot find entry android.hardware.light@2.0::ILight/default in either framework or device VINTF manifest.
09-16 01:21:24.072 E/light ( 7865): light_open lights keyboard failed: -22
09-16 01:21:24.072 E/light ( 7865): Light passthrough failed to load legacy HAL.
09-16 01:21:24.073 E/light ( 7865): light_open lights buttons failed: -22
09-16 01:21:24.073 E/light ( 7865): Light passthrough failed to load legacy HAL.
09-16 01:21:24.075 E/light ( 7865): light_open lights bluetooth failed: -22
09-16 01:21:24.075 E/light ( 7865): Light passthrough failed to load legacy HAL.
09-16 01:21:24.075 E/light ( 7865): light_open lights wifi failed: -22
09-16 01:21:24.075 E/light ( 7865): Light passthrough failed to load legacy HAL.
09-16 01:21:24.075 I/hwservicemanager( 516): getTransport: Cannot find entry android.hardware.light@2.0::ILight/default in either framework or device VINTF manifest.
09-16 01:21:24.076 E/HidlServiceManagement( 7865): Service android.hardware.light@2.0::ILight/default must be in VINTF manifest in order to register/get.
09-16 01:21:24.076 E/LegacySupport( 7865): Could not register service android.hardware.light@2.0::ILight/default (-2147483648).
09-16 01:21:24.384 I/HWebSocketClient( 2063): WEBclient: onFailed
09-16 01:21:24.390 I/ResponseWebSocketHandler( 2063): ResponseWebSocketHandler start
09-16 01:21:24.390 I/HttpContext( 2063): getIResponseJson :com.thundercomm.microservice.MicroServiceProxy@12e89eb
09-16 01:21:24.390 I/ResponseWebSocketHandler( 2063): ResponseWebSocketHandler mResponseJson: com.thundercomm.microservice.MicroServiceProxy@12e89eb
09-16 01:21:24.392 I/HttpContext( 2063): getIResponseJson :com.thundercomm.microservice.MicroServiceProxy@12e89eb
09-16 01:21:24.392 I/ResponseHandler( 2063): ResponseHandler() :com.thundercomm.microservice.MicroServiceProxy@12e89eb
09-16 01:21:24.393 I/System.out( 2063): handler is: com.thundercomm.microservice.netty.client.handler.webSocket.ResponseWebSocketHandler@467e73d
09-16 01:21:24.417 W/NioEventLoop( 2063): Selector.select() returned prematurely 512 times in a row; rebuilding Selector io.netty.channel.nio.SelectedSelectionKeySetSelector@ee03b32.
09-16 01:21:24.418 I/NioEventLoop( 2063): Migrated 1 channel(s) to the new Selector.
01-01 13:44:59.284 E/i2c_geni 980000.i2c( 0): i2c error :-107
01-01 13:44:59.289 E/ ( 0): [MAX975X:mcu_keep_wakeup_work_func] *ERROR* Failed to write dev:0x15 addr:0x22 value:0x80
01-01 13:44:59.301 E/i2c_geni 980000.i2c( 0): i2c error :-107
01-01 13:44:59.306 E/ ( 0): [MAX975X:mcu_keep_wakeup_work_func] *ERROR* Failed to write dev:0x15 addr:0x20 value:0x09
09-16 01:21:24.713 I/mpu_uart( 664): [MSG-P:RECV]:No message received in 1000 ms
01-01 13:44:59.569 D/ ( 0): mv2112_read_status
01-01 13:44:59.573 D/mv2112_update_link( 0): 3.0x901(1G): 0x80
01-01 13:44:59.584 D/mv2112_update_link( 0): 3.0x8109(100M): 0x0
01-01 13:44:59.589 D/mv2112_update_link( 0): link 0x0
01-01 13:44:59.594 D/mv2112_read_status( 0): autoneg is disabled
09-16 01:21:25.442 I/mpu_uart( 664): [MSG-P:R]:recv sync frame timeout
09-16 01:21:25.714 I/mpu_uart( 664): [MSG-P:RECV]:No message received in 1000 ms
01-01 13:45:00.625 D/ ( 0): mv2112_read_status
01-01 13:45:00.629 D/mv2112_update_link( 0): 3.0x901(1G): 0x80
01-01 13:45:00.641 D/mv2112_update_link( 0): 3.0x8109(100M): 0x0
01-01 13:45:00.653 D/mv2112_update_link( 0): link 0x0
