01-01 13:43:22.771 E/i2c_geni 980000.i2c( 0): i2c error :-107
01-01 13:43:22.776 E/ ( 0): [MAX975X:mcu_keep_wakeup_work_func] *ERROR* Failed to write dev:0x15 addr:0x22 value:0x80
01-01 13:43:22.786 E/i2c_geni 980000.i2c( 0): i2c error :-107
01-01 13:43:22.791 E/ ( 0): [MAX975X:mcu_keep_wakeup_work_func] *ERROR* Failed to write dev:0x15 addr:0x20 value:0x09
01-01 13:43:22.863 I/init ( 0): starting service 'qvrd_vndr'...
01-01 13:43:22.869 I/init ( 0): Created socket '/dev/socket/qvrservice_vndr', mode 660, user 1000, group 1000
01-01 13:43:22.878 I/init ( 0): Created socket '/dev/socket/qvrservice_vndr_camera', mode 660, user 1000, group 1000
09-16 01:19:48.153 I/HttpClient( 2063): onFailed
09-16 01:19:48.153 I/MicroService( 2063): sendConnectStateBroadCast() state0
01-01 13:43:22.901 I/init ( 0): starting service 'sxrd'...
09-16 01:19:48.156 I/MicroService( 2063): onNettyConnectState0
09-16 01:19:48.157 I/MicroService( 2063): onNettyConnectState count = 0
01-01 13:43:22.919 I/init ( 0): starting service 'vendor.light-hal-2-0'...
09-16 01:19:48.202 F/linker ( 7762): CANNOT LINK EXECUTABLE "/vendor/bin/hw/qvrservice": library "vendor.qti.hardware.qxr-V1-ndk_platform.so" not found: needed by /vendor/lib64/libqvrservice.so in namespace (default)
09-16 01:19:48.208 F/linker ( 7763): CANNOT LINK EXECUTABLE "/vendor/bin/hw/sxrservice": library "vendor.qti.hardware.qxr-V1-ndk_platform.so" not found: needed by main executable
01-01 13:43:22.955 I/init ( 0): Service 'qvrd_vndr' (pid 7762) exited with status 1
01-01 13:43:22.962 I/init ( 0): Sending signal 9 to service 'qvrd_vndr' (pid 7762) process group...
01-01 13:43:22.970 I/libprocessgroup( 0): Successfully killed process cgroup uid 1000 pid 7762 in 0ms
09-16 01:19:48.228 I/hwservicemanager( 516): getTransport: Cannot find entry android.hardware.light@2.0::ILight/default in either framework or device VINTF manifest.
09-16 01:19:48.231 E/light ( 7764): light_open lights keyboard failed: -22
09-16 01:19:48.231 E/light ( 7764): Light passthrough failed to load legacy HAL.
09-16 01:19:48.231 E/light ( 7764): light_open lights buttons failed: -22
09-16 01:19:48.231 E/light ( 7764): Light passthrough failed to load legacy HAL.
09-16 01:19:48.233 E/light ( 7764): light_open lights bluetooth failed: -22
09-16 01:19:48.233 E/light ( 7764): Light passthrough failed to load legacy HAL.
09-16 01:19:48.234 E/light ( 7764): light_open lights wifi failed: -22
01-01 13:43:22.980 I/init ( 0): Service 'sxrd' (pid 7763) exited with status 1
01-01 13:43:22.986 I/init ( 0): Sending signal 9 to service 'sxrd' (pid 7763) process group...
09-16 01:19:48.234 E/light ( 7764): Light passthrough failed to load legacy HAL.
09-16 01:19:48.235 I/hwservicemanager( 516): getTransport: Cannot find entry android.hardware.light@2.0::ILight/default in either framework or device VINTF manifest.
09-16 01:19:48.235 E/HidlServiceManagement( 7764): Service android.hardware.light@2.0::ILight/default must be in VINTF manifest in order to register/get.
09-16 01:19:48.235 E/LegacySupport( 7764): Could not register service android.hardware.light@2.0::ILight/default (-2147483648).
09-16 01:19:48.639 I/mpu_uart( 664): [MSG-P:RECV]:No message received in 1000 ms
01-01 13:43:23.765 D/ ( 0): mv2112_read_status
01-01 13:43:23.769 D/mv2112_update_link( 0): 3.0x901(1G): 0x80
01-01 13:43:23.777 D/mv2112_update_link( 0): 3.0x8109(100M): 0x0
01-01 13:43:23.783 D/mv2112_update_link( 0): link 0x0
01-01 13:43:23.788 D/mv2112_read_status( 0): autoneg is disabled
09-16 01:19:49.152 I/HWebSocketClient( 2063): WEBclient: onFailed
09-16 01:19:49.160 I/ResponseWebSocketHandler( 2063): ResponseWebSocketHandler start
09-16 01:19:49.161 I/HttpContext( 2063): getIResponseJson :com.thundercomm.microservice.MicroServiceProxy@12e89eb
09-16 01:19:49.161 I/HttpContext( 2063): getIResponseJson :com.thundercomm.microservice.MicroServiceProxy@12e89eb
09-16 01:19:49.161 I/ResponseHandler( 2063): ResponseHandler() :com.thundercomm.microservice.MicroServiceProxy@12e89eb
09-16 01:19:49.162 I/ResponseWebSocketHandler( 2063): ResponseWebSocketHandler mResponseJson: com.thundercomm.microservice.MicroServiceProxy@12e89eb
09-16 01:19:49.163 I/System.out( 2063): handler is: com.thundercomm.microservice.netty.client.handler.webSocket.ResponseWebSocketHandler@16acfa8
09-16 01:19:49.185 W/NioEventLoop( 2063): Selector.select() returned prematurely 512 times in a row; rebuilding Selector io.netty.channel.nio.SelectedSelectionKeySetSelector@9afcac1.
09-16 01:19:49.186 I/NioEventLoop( 2063): Migrated 1 channel(s) to the new Selector.
09-16 01:19:49.186 W/NioEventLoop( 2063): Selector.select() returned prematurely 512 times in a row; rebuilding Selector io.netty.channel.nio.SelectedSelectionKeySetSelector@d1059a7.
09-16 01:19:49.187 I/NioEventLoop( 2063): Migrated 1 channel(s) to the new Selector.
09-16 01:19:49.331 I/mpu_uart( 664): [MSG-P:R]:recv sync frame timeout
09-16 01:19:49.640 I/mpu_uart( 664): [MSG-P:RECV]:No message received in 1000 ms
01-01 13:43:24.627 E/i2c_geni 980000.i2c( 0): i2c error :-107
01-01 13:43:24.632 E/ ( 0): [MAX975X:mcu_keep_wakeup_work_func] *ERROR* Failed to write dev:0x15 addr:0x22 value:0x80
01-01 13:43:24.643 E/i2c_geni 980000.i2c( 0): i2c error :-107
01-01 13:43:24.648 E/ ( 0): [MAX975X:mcu_keep_wakeup_work_func] *ERROR* Failed to write dev:0x15 addr:0x20 value:0x09
01-01 13:43:24.817 D/ ( 0): mv2112_read_status
01-01 13:43:24.821 D/mv2112_update_link( 0): 3.0x901(1G): 0x80
01-01 13:43:24.826 D/mv2112_update_link( 0): 3.0x8109(100M): 0x0
01-01 13:43:24.832 D/mv2112_update_link( 0): link 0x0
01-01 13:43:24.836 D/mv2112_read_status( 0): autoneg is disabled
09-16 01:19:50.640 I/mpu_uart( 664): [MSG-P:RECV]:No message received in 1000 ms
01-01 13:43:25.841 D/ ( 0): mv2112_read_status
01-01 13:43:25.845 D/mv2112_update_link( 0): 3.0x901(1G): 0x80
01-01 13:43:25.850 D/mv2112_update_link( 0): 3.0x8109(100M): 0x0
01-01 13:43:25.855 D/mv2112_update_link( 0): link 0x0
01-01 13:43:25.859 D/mv2112_read_status( 0): autoneg is disabled
09-16 01:19:51.223 I/HttpClient( 2063): onFailed
09-16 01:19:51.223 I/MicroService( 2063): sendConnectStateBroadCast() state0
09-16 01:19:51.225 I/MicroService( 2063): onNettyConnectState0
09-16 01:19:51.225 I/MicroService( 2063): onNettyConnectState count = 0
09-16 01:19:51.641 I/mpu_uart( 664): [MSG-P:RECV]:No message received in 1000 ms
01-01 13:43:26.483 E/i2c_geni 980000.i2c( 0): i2c error :-107
01-01 13:43:26.488 E/ ( 0): [MAX975X:mcu_keep_wakeup_work_func] *ERROR* Failed to write dev:0x15 addr:0x22 value:0x80
01-01 13:43:26.499 E/i2c_geni 980000.i2c( 0): i2c error :-107
01-01 13:43:26.504 E/ ( 0): [MAX975X:mcu_keep_wakeup_work_func] *ERROR* Failed to write dev:0x15 addr:0x20 value:0x09
01-01 13:43:26.865 D/ ( 0): mv2112_read_status
01-01 13:43:26.869 D/mv2112_update_link( 0): 3.0x901(1G): 0x80
01-01 13:43:26.874 D/mv2112_update_link( 0): 3.0x8109(100M): 0x0
01-01 13:43:26.881 D/mv2112_update_link( 0): link 0x0
01-01 13:43:26.886 D/mv2112_read_status( 0): autoneg is disabled
09-16 01:19:52.223 I/HWebSocketClient( 2063): WEBclient: onFailed
09-16 01:19:52.230 I/ResponseWebSocketHandler( 2063): ResponseWebSocketHandler start
09-16 01:19:52.230 I/HttpContext( 2063): getIResponseJson :com.thundercomm.microservice.MicroServiceProxy@12e89eb
09-16 01:19:52.230 I/ResponseWebSocketHandler( 2063): ResponseWebSocketHandler mResponseJson: com.thundercomm.microservice.MicroServiceProxy@12e89eb
09-16 01:19:52.230 I/HttpContext( 2063): getIResponseJson :com.thundercomm.microservice.MicroServiceProxy@12e89eb
09-16 01:19:52.231 I/ResponseHandler( 2063): ResponseHandler() :com.thundercomm.microservice.MicroServiceProxy@12e89eb
09-16 01:19:52.232 I/System.out( 2063): handler is: com.thundercomm.microservice.netty.client.handler.webSocket.ResponseWebSocketHandler@60210f9
09-16 01:19:52.258 W/NioEventLoop( 2063): Selector.select() returned prematurely 512 times in a row; rebuilding Selector io.netty.channel.nio.SelectedSelectionKeySetSelector@9a3483e.
09-16 01:19:52.259 I/NioEventLoop( 2063): Migrated 1 channel(s) to the new Selector.
09-16 01:19:52.333 I/mpu_uart( 664): [MSG-P:R]:recv sync frame timeout
09-16 01:19:52.642 I/mpu_uart( 664): [MSG-P:RECV]:No message received in 1000 ms
09-16 01:19:52.743 I/KEVA.NATIVE( 4752): byte array do not exist
09-16 01:19:52.744 I/KEVA.NATIVE( 4752): byte array do not exist
01-01 13:43:27.889 D/ ( 0): mv2112_read_status
01-01 13:43:27.893 D/mv2112_update_link( 0): 3.0x901(1G): 0x80
01-01 13:43:27.900 D/mv2112_update_link( 0): 3.0x8109(100M): 0x0
01-01 13:43:27.900 I/init ( 0): starting service 'qvrd_vndr'...
01-01 13:43:27.907 D/mv2112_update_link( 0): link 0x0
01-01 13:43:27.912 I/init ( 0): Created socket '/dev/socket/qvrservice_vndr', mode 660, user 1000, group 1000
01-01 13:43:27.914 D/mv2112_read_status( 0): autoneg is disabled
01-01 13:43:27.924 I/init ( 0): Created socket '/dev/socket/qvrservice_vndr_camera', mode 660, user 1000, group 1000
01-01 13:43:27.952 I/init ( 0): starting service 'sxrd'...
01-01 13:43:27.968 I/init ( 0): starting service 'vendor.light-hal-2-0'...
09-16 01:19:53.241 F/linker ( 7768): CANNOT LINK EXECUTABLE "/vendor/bin/hw/sxrservice": library "vendor.qti.hardware.qxr-V1-ndk_platform.so" not found: needed by main executable
01-01 13:43:27.994 I/init ( 0): Service 'sxrd' (pid 7768) exited with status 1
01-01 13:43:28.000 I/init ( 0): Sending signal 9 to service 'sxrd' (pid 7768) process group...
01-01 13:43:28.008 I/libprocessgroup( 0): Successfully killed process cgroup uid 1000 pid 7768 in 0ms
09-16 01:19:53.257 F/linker ( 7767): CANNOT LINK EXECUTABLE "/vendor/bin/hw/qvrservice": library "vendor.qti.hardware.qxr-V1-ndk_platform.so" not found: needed by /vendor/lib64/libqvrservice.so in namespace (default)
09-16 01:19:53.270 I/hwservicemanager( 516): getTransport: Cannot find entry android.hardware.light@2.0::ILight/default in either framework or device VINTF manifest.
09-16 01:19:53.273 E/light ( 7769): light_open lights keyboard failed: -22
09-16 01:19:53.273 E/light ( 7769): Light passthrough failed to load legacy HAL.
09-16 01:19:53.274 E/light ( 7769): light_open lights buttons failed: -22
09-16 01:19:53.274 E/light ( 7769): Light passthrough failed to load legacy HAL.
09-16 01:19:53.276 E/light ( 7769): light_open lights bluetooth failed: -22
09-16 01:19:53.276 E/light ( 7769): Light passthrough failed to load legacy HAL.
09-16 01:19:53.276 E/light ( 7769): light_open lights wifi failed: -22
09-16 01:19:53.276 E/light ( 7769): Light passthrough failed to load legacy HAL.
09-16 01:19:53.277 I/hwservicemanager( 516): getTransport: Cannot find entry android.hardware.light@2.0::ILight/default in either framework or device VINTF manifest.
09-16 01:19:53.277 E/HidlServiceManagement( 7769): Service android.hardware.light@2.0::ILight/default must be in VINTF manifest in order to register/get.
09-16 01:19:53.277 E/LegacySupport( 7769): Could not register service android.hardware.light@2.0::ILight/default (-2147483648).
01-01 13:43:28.018 I/init ( 0): Service 'qvrd_vndr' (pid 7767) exited with status 1
01-01 13:43:28.024 I/init ( 0): Sending signal 9 to service 'qvrd_vndr' (pid 7767) process group...
01-01 13:43:28.339 E/i2c_geni 980000.i2c( 0): i2c error :-107
01-01 13:43:28.344 E/ ( 0): [MAX975X:mcu_keep_wakeup_work_func] *ERROR* Failed to write dev:0x15 addr:0x22 value:0x80
01-01 13:43:28.356 E/i2c_geni 980000.i2c( 0): i2c error :-107
01-01 13:43:28.362 E/ ( 0): [MAX975X:mcu_keep_wakeup_work_func] *ERROR* Failed to write dev:0x15 addr:0x20 value:0x09
09-16 01:19:53.642 I/mpu_uart( 664): [MSG-P:RECV]:No message received in 1000 ms
01-01 13:43:28.945 D/ ( 0): mv2112_read_status
01-01 13:43:28.949 D/mv2112_update_link( 0): 3.0x901(1G): 0x80
01-01 13:43:28.954 D/mv2112_update_link( 0): 3.0x8109(100M): 0x0
01-01 13:43:28.963 D/mv2112_update_link( 0): link 0x0
01-01 13:43:28.967 D/mv2112_read_status( 0): autoneg is disabled
09-16 01:19:54.293 I/HttpClient( 2063): onFailed
09-16 01:19:54.293 I/MicroService( 2063): sendConnectStateBroadCast() state0
09-16 01:19:54.295 I/MicroService( 2063): onNettyConnectState0
09-16 01:19:54.295 I/MicroService( 2063): onNettyConnectState count = 0
09-16 01:19:54.643 I/mpu_uart( 664): [MSG-P:RECV]:No message received in 1000 ms
01-01 13:43:29.969 D/ ( 0): mv2112_read_status
01-01 13:43:29.972 D/mv2112_update_link( 0): 3.0x901(1G): 0x80
01-01 13:43:29.979 D/mv2112_update_link( 0): 3.0x8109(100M): 0x0
01-01 13:43:29.984 D/mv2112_update_link( 0): link 0x0
01-01 13:43:29.990 D/mv2112_read_status( 0): autoneg is disabled
09-16 01:19:55.292 I/HWebSocketClient( 2063): WEBclient: onFailed
09-16 01:19:55.297 I/ResponseWebSocketHandler( 2063): ResponseWebSocketHandler start
09-16 01:19:55.297 I/HttpContext( 2063): getIResponseJson :com.thundercomm.microservice.MicroServiceProxy@12e89eb
09-16 01:19:55.297 I/ResponseWebSocketHandler( 2063): ResponseWebSocketHandler mResponseJson: com.thundercomm.microservice.MicroServiceProxy@12e89eb
09-16 01:19:55.297 I/HttpContext( 2063): getIResponseJson :com.thundercomm.microservice.MicroServiceProxy@12e89eb
09-16 01:19:55.297 I/ResponseHandler( 2063): ResponseHandler() :com.thundercomm.microservice.MicroServiceProxy@12e89eb
09-16 01:19:55.298 I/System.out( 2063): handler is: com.thundercomm.microservice.netty.client.handler.webSocket.ResponseWebSocketHandler@ec572d8
09-16 01:19:55.336 I/mpu_uart( 664): [MSG-P:R]:recv sync frame timeout
01-01 13:43:30.194 E/i2c_geni 980000.i2c( 0): i2c error :-107
01-01 13:43:30.198 E/ ( 0): [MAX975X:mcu_keep_wakeup_work_func] *ERROR* Failed to write dev:0x15 addr:0x22 value:0x80
01-01 13:43:30.209 E/i2c_geni 980000.i2c( 0): i2c error :-107
01-01 13:43:30.214 E/ ( 0): [MAX975X:mcu_keep_wakeup_work_func] *ERROR* Failed to write dev:0x15 addr:0x20 value:0x09
09-16 01:19:55.643 I/mpu_uart( 664): [MSG-P:RECV]:No message received in 1000 ms
01-01 13:43:30.993 D/ ( 0): mv2112_read_status
01-01 13:43:30.996 D/mv2112_update_link( 0): 3.0x901(1G): 0x80
01-01 13:43:31.002 D/mv2112_update_link( 0): 3.0x8109(100M): 0x0
01-01 13:43:31.008 D/mv2112_update_link( 0): link 0x0
01-01 13:43:31.012 D/mv2112_read_status( 0): autoneg is disabled
09-16 01:19:56.438 W/livelock( 1618): sample 2.220s
09-16 01:19:56.644 I/mpu_uart( 664): [MSG-P:RECV]:No message received in 1000 ms
01-01 13:43:32.017 D/ ( 0): mv2112_read_status
01-01 13:43:32.021 D/mv2112_update_link( 0): 3.0x901(1G): 0x80
01-01 13:43:32.026 D/mv2112_update_link( 0): 3.0x8109(100M): 0x0
01-01 13:43:32.031 D/mv2112_update_link( 0): link 0x0
01-01 13:43:32.036 D/mv2112_read_status( 0): autoneg is disabled
01-01 13:43:32.051 E/i2c_geni 980000.i2c( 0): i2c error :-107
01-01 13:43:32.056 E/ ( 0): [MAX975X:mcu_keep_wakeup_work_func] *ERROR* Failed to write dev:0x15 addr:0x22 value:0x80
01-01 13:43:32.066 E/i2c_geni 980000.i2c( 0): i2c error :-107
01-01 13:43:32.071 E/ ( 0): [MAX975X:mcu_keep_wakeup_work_func] *ERROR* Failed to write dev:0x15 addr:0x20 value:0x09
09-16 01:19:57.366 I/HttpClient( 2063): onFailed
09-16 01:19:57.367 I/MicroService( 2063): sendConnectStateBroadCast() state0
09-16 01:19:57.370 I/MicroService( 2063): onNettyConnectState0
09-16 01:19:57.370 I/MicroService( 2063): onNettyConnectState count = 0
09-16 01:19:57.644 I/mpu_uart( 664): [MSG-P:RECV]:No message received in 1000 ms
01-01 13:43:32.953 I/init ( 0): starting service 'qvrd_vndr'...
01-01 13:43:32.960 I/init ( 0): Created socket '/dev/socket/qvrservice_vndr', mode 660, user 1000, group 1000
01-01 13:43:32.970 I/init ( 0): Created socket '/dev/socket/qvrservice_vndr_camera', mode 660, user 1000, group 1000
01-01 13:43:32.999 I/init ( 0): starting service 'sxrd'...
01-01 13:43:33.014 I/init ( 0): starting service 'vendor.light-hal-2-0'...
09-16 01:19:58.282 F/linker ( 7774): CANNOT LINK EXECUTABLE "/vendor/bin/hw/sxrservice": library "vendor.qti.hardware.qxr-V1-ndk_platform.so" not found: needed by main executable
09-16 01:19:58.288 F/linker ( 7773): CANNOT LINK EXECUTABLE "/vendor/bin/hw/qvrservice": library "vendor.qti.hardware.qxr-V1-ndk_platform.so" not found: needed by /vendor/lib64/libqvrservice.so in namespace (default)
01-01 13:43:33.035 I/init ( 0): Service 'sxrd' (pid 7774) exited with status 1
01-01 13:43:33.042 I/init ( 0): Sending signal 9 to service 'sxrd' (pid 7774) process group...
01-01 13:43:33.045 D/ ( 0): mv2112_read_status
01-01 13:43:33.049 I/libprocessgroup( 0): Successfully killed process cgroup uid 1000 pid 7774 in 0ms
01-01 13:43:33.053 D/mv2112_update_link( 0): 3.0x901(1G): 0x80
01-01 13:43:33.062 I/init ( 0): Service 'qvrd_vndr' (pid 7773) exited with status 1
01-01 13:43:33.067 D/mv2112_update_link( 0): 3.0x8109(100M): 0x0
01-01 13:43:33.072 I/init ( 0): Sending signal 9 to service 'qvrd_vndr' (pid 7773) process group...
09-16 01:19:58.336 I/mpu_uart( 664): [MSG-P:R]:recv sync frame timeout
01-01 13:43:33.086 D/mv2112_update_link( 0): link 0x0
01-01 13:43:33.090 D/mv2112_read_status( 0): autoneg is disabled
09-16 01:19:58.338 I/hwservicemanager( 516): getTransport: Cannot find entry android.hardware.light@2.0::ILight/default in either framework or device VINTF manifest.
09-16 01:19:58.342 E/light ( 7775): light_open lights keyboard failed: -22
09-16 01:19:58.342 E/light ( 7775): Light passthrough failed to load legacy HAL.
09-16 01:19:58.344 E/light ( 7775): light_open lights buttons failed: -22
09-16 01:19:58.344 E/light ( 7775): Light passthrough failed to load legacy HAL.
09-16 01:19:58.348 E/light ( 7775): light_open lights bluetooth failed: -22
09-16 01:19:58.348 E/light ( 7775): Light passthrough failed to load legacy HAL.
09-16 01:19:58.349 E/light ( 7775): light_open lights wifi failed: -22
09-16 01:19:58.349 E/light ( 7775): Light passthrough failed to load legacy HAL.
09-16 01:19:58.350 I/hwservicemanager( 516): getTransport: Cannot find entry android.hardware.light@2.0::ILight/default in either framework or device VINTF manifest.
09-16 01:19:58.350 E/HidlServiceManagement( 7775): Service android.hardware.light@2.0::ILight/default must be in VINTF manifest in order to register/get.
09-16 01:19:58.351 E/LegacySupport( 7775): Could not register service android.hardware.light@2.0::ILight/default (-2147483648).
09-16 01:19:58.367 I/HWebSocketClient( 2063): WEBclient: onFailed
09-16 01:19:58.370 I/ResponseWebSocketHandler( 2063): ResponseWebSocketHandler start
09-16 01:19:58.370 I/HttpContext( 2063): getIResponseJson :com.thundercomm.microservice.MicroServiceProxy@12e89eb
09-16 01:19:58.370 I/ResponseWebSocketHandler( 2063): ResponseWebSocketHandler mResponseJson: com.thundercomm.microservice.MicroServiceProxy@12e89eb
09-16 01:19:58.371 I/System.out( 2063): handler is: com.thundercomm.microservice.netty.client.handler.webSocket.ResponseWebSocketHandler@c6cfa97
09-16 01:19:58.371 I/HttpContext( 2063): getIResponseJson :com.thundercomm.microservice.MicroServiceProxy@12e89eb
09-16 01:19:58.371 I/ResponseHandler( 2063): ResponseHandler() :com.thundercomm.microservice.MicroServiceProxy@12e89eb
09-16 01:19:58.653 I/mpu_uart( 664): [MSG-P:RECV]:No message received in 1000 ms
01-01 13:43:33.907 E/i2c_geni 980000.i2c( 0): i2c error :-107
01-01 13:43:33.912 E/ ( 0): [MAX975X:mcu_keep_wakeup_work_func] *ERROR* Failed to write dev:0x15 addr:0x22 value:0x80
01-01 13:43:33.925 E/i2c_geni 980000.i2c( 0): i2c error :-107
01-01 13:43:33.930 E/ ( 0): [MAX975X:mcu_keep_wakeup_work_func] *ERROR* Failed to write dev:0x15 addr:0x20 value:0x09
01-01 13:43:34.097 D/ ( 0): mv2112_read_status
01-01 13:43:34.101 D/mv2112_update_link( 0): 3.0x901(1G): 0x80
01-01 13:43:34.106 D/mv2112_update_link( 0): 3.0x8109(100M): 0x0
01-01 13:43:34.113 D/mv2112_update_link( 0): link 0x0
01-01 13:43:34.118 D/mv2112_read_status( 0): autoneg is disabled
09-16 01:19:59.653 I/mpu_uart( 664): [MSG-P:RECV]:No message received in 1000 ms
09-16 01:19:59.885 I/am_uid_idle( 1128): 10088
09-16 01:20:00.005 W/QCC:PeriodicCI( 2324): [ERROR] Current time is wrong, status=3
09-16 01:20:00.010 D/KeyguardUpdateMonitor( 1910): received broadcast android.intent.action.TIME_TICK
09-16 01:20:00.011 D/KeyguardUpdateMonitor( 1910): handleTimeUpdate
09-16 01:20:00.078 I/OMX-VENC: venc_dev( 1344): stats: avg. fps 0.02, bitrate 373
01-01 13:43:35.121 D/ ( 0): mv2112_read_status
01-01 13:43:35.125 D/mv2112_update_link( 0): 3.0x901(1G): 0x80
01-01 13:43:35.132 D/mv2112_update_link( 0): 3.0x8109(100M): 0x0
01-01 13:43:35.137 D/mv2112_update_link( 0): link 0x0
01-01 13:43:35.141 D/mv2112_read_status( 0): autoneg is disabled
09-16 01:20:00.443 I/HttpClient( 2063): onFailed
09-16 01:20:00.444 I/MicroService( 2063): sendConnectStateBroadCast() state0
09-16 01:20:00.448 I/MicroService( 2063): onNettyConnectState0
09-16 01:20:00.448 I/MicroService( 2063): onNettyConnectState count = 0
09-16 01:20:00.654 I/mpu_uart( 664): [MSG-P:RECV]:No message received in 1000 ms
01-01 13:43:35.763 E/i2c_geni 980000.i2c( 0): i2c error :-107
01-01 13:43:35.768 E/ ( 0): [MAX975X:mcu_keep_wakeup_work_func] *ERROR* Failed to write dev:0x15 addr:0x22 value:0x80
01-01 13:43:35.781 E/i2c_geni 980000.i2c( 0): i2c error :-107
01-01 13:43:35.786 E/ ( 0): [MAX975X:mcu_keep_wakeup_work_func] *ERROR* Failed to write dev:0x15 addr:0x20 value:0x09
09-16 01:20:01.169 I/OMX-VENC: venc_dev( 1344): stats: avg. fps 11.00, bitrate 585522
09-16 01:20:01.340 I/mpu_uart( 664): [MSG-P:R]:recv sync frame timeout
01-01 13:43:36.145 D/ ( 0): mv2112_read_status
01-01 13:43:36.149 D/mv2112_update_link( 0): 3.0x901(1G): 0x80
01-01 13:43:36.161 D/mv2112_update_link( 0): 3.0x8109(100M): 0x0
01-01 13:43:36.173 D/mv2112_update_link( 0): link 0x0
01-01 13:43:36.177 D/mv2112_read_status( 0): autoneg is disabled
09-16 01:20:01.443 I/HWebSocketClient( 2063): WEBclient: onFailed
09-16 01:20:01.450 I/ResponseWebSocketHandler( 2063): ResponseWebSocketHandler start
09-16 01:20:01.450 I/HttpContext( 2063): getIResponseJson :com.thundercomm.microservice.MicroServiceProxy@12e89eb
09-16 01:20:01.450 I/ResponseWebSocketHandler( 2063): ResponseWebSocketHandler mResponseJson: com.thundercomm.microservice.MicroServiceProxy@12e89eb
09-16 01:20:01.451 I/HttpContext( 2063): getIResponseJson :com.thundercomm.microservice.MicroServiceProxy@12e89eb
09-16 01:20:01.451 I/ResponseHandler( 2063): ResponseHandler() :com.thundercomm.microservice.MicroServiceProxy@12e89eb
09-16 01:20:01.451 I/System.out( 2063): handler is: com.thundercomm.microservice.netty.client.handler.webSocket.ResponseWebSocketHandler@503cee
09-16 01:20:01.655 I/mpu_uart( 664): [MSG-P:RECV]:No message received in 1000 ms
01-01 13:43:37.201 D/ ( 0): mv2112_read_status
01-01 13:43:37.205 D/mv2112_update_link( 0): 3.0x901(1G): 0x80
01-01 13:43:37.210 D/mv2112_update_link( 0): 3.0x8109(100M): 0x0
01-01 13:43:37.216 D/mv2112_update_link( 0): link 0x0
01-01 13:43:37.221 D/mv2112_read_status( 0): autoneg is disabled
09-16 01:20:02.541 V/DisplayPowerController[0]( 1128): Brightness [0.05] reason changing to: 'manual [ dim ]', previous reason: 'manual'.
09-16 01:20:02.542 I/sysui_multi_action( 1128): [757,1696,758,6,759,2]
09-16 01:20:02.548 E/DisplayDeviceConfig( 1128): requesting nits when no mapping exists.
09-16 01:20:02.549 E/DisplayDeviceConfig( 1128): requesting nits when no mapping exists.
09-16 01:20:02.549 I/am_wtf ( 1128): [0,1128,system_server,-1,DisplayDeviceConfig,requesting nits when no mapping exists.]
09-16 01:20:02.553 I/DropBoxManagerService( 1128): add tag=system_server_wtf isTagEnabled=true flags=0x2
09-16 01:20:02.561 I/am_wtf ( 1128): [0,1128,system_server,-1,DisplayDeviceConfig,requesting nits when no mapping exists.]
09-16 01:20:02.564 I/DropBoxManagerService( 1128): add tag=system_server_wtf isTagEnabled=true flags=0x2
09-16 01:20:02.572 E/DisplayDeviceConfig( 1128): requesting nits when no mapping exists.
09-16 01:20:02.573 E/DisplayDeviceConfig( 1128): requesting nits when no mapping exists.
09-16 01:20:02.573 I/am_wtf ( 1128): [0,1128,system_server,-1,DisplayDeviceConfig,requesting nits when no mapping exists.]
09-16 01:20:02.575 I/DropBoxManagerService( 1128): add tag=system_server_wtf isTagEnabled=true flags=0x2
09-16 01:20:02.578 I/am_wtf ( 1128): [0,1128,system_server,-1,DisplayDeviceConfig,requesting nits when no mapping exists.]
09-16 01:20:02.580 I/DropBoxManagerService( 1128): add tag=system_server_wtf isTagEnabled=true flags=0x2
09-16 01:20:02.587 E/DisplayDeviceConfig( 1128): requesting nits when no mapping exists.
09-16 01:20:02.588 E/DisplayDeviceConfig( 1128): requesting nits when no mapping exists.
09-16 01:20:02.588 I/am_wtf ( 1128): [0,1128,system_server,-1,DisplayDeviceConfig,requesting nits when no mapping exists.]
09-16 01:20:02.589 I/DropBoxManagerService( 1128): add tag=system_server_wtf isTagEnabled=true flags=0x2
09-16 01:20:02.591 I/am_wtf ( 1128): [0,1128,system_server,-1,DisplayDeviceConfig,requesting nits when no mapping exists.]
09-16 01:20:02.604 E/DisplayDeviceConfig( 1128): requesting nits when no mapping exists.
09-16 01:20:02.604 I/am_wtf ( 1128): [0,1128,system_server,-1,DisplayDeviceConfig,requesting nits when no mapping exists.]
09-16 01:20:02.604 E/DisplayDeviceConfig( 1128): requesting nits when no mapping exists.
09-16 01:20:02.606 I/am_wtf ( 1128): [0,1128,system_server,-1,DisplayDeviceConfig,requesting nits when no mapping exists.]
09-16 01:20:02.621 E/DisplayDeviceConfig( 1128): requesting nits when no mapping exists.
09-16 01:20:02.622 E/DisplayDeviceConfig( 1128): requesting nits when no mapping exists.
09-16 01:20:02.622 I/am_wtf ( 1128): [0,1128,system_server,-1,DisplayDeviceConfig,requesting nits when no mapping exists.]
09-16 01:20:02.623 I/am_wtf ( 1128): [0,1128,system_server,-1,DisplayDeviceConfig,requesting nits when no mapping exists.]
09-16 01:20:02.638 E/DisplayDeviceConfig( 1128): requesting nits when no mapping exists.
09-16 01:20:02.638 E/DisplayDeviceConfig( 1128): requesting nits when no mapping exists.
09-16 01:20:02.638 I/am_wtf ( 1128): [0,1128,system_server,-1,DisplayDeviceConfig,requesting nits when no mapping exists.]
09-16 01:20:02.640 I/am_wtf ( 1128): [0,1128,system_server,-1,DisplayDeviceConfig,requesting nits when no mapping exists.]
09-16 01:20:02.654 E/DisplayDeviceConfig( 1128): requesting nits when no mapping exists.
09-16 01:20:02.655 E/DisplayDeviceConfig( 1128): requesting nits when no mapping exists.
09-16 01:20:02.655 I/am_wtf ( 1128): [0,1128,system_server,-1,DisplayDeviceConfig,requesting nits when no mapping exists.]
09-16 01:20:02.656 I/mpu_uart( 664): [MSG-P:RECV]:No message received in 1000 ms
09-16 01:20:02.656 I/am_wtf ( 1128): [0,1128,system_server,-1,DisplayDeviceConfig,requesting nits when no mapping exists.]
09-16 01:20:02.671 E/DisplayDeviceConfig( 1128): requesting nits when no mapping exists.
09-16 01:20:02.671 E/DisplayDeviceConfig( 1128): requesting nits when no mapping exists.
09-16 01:20:02.671 I/am_wtf ( 1128): [0,1128,system_server,-1,DisplayDeviceConfig,requesting nits when no mapping exists.]
09-16 01:20:02.672 I/am_wtf ( 1128): [0,1128,system_server,-1,DisplayDeviceConfig,requesting nits when no mapping exists.]
09-16 01:20:02.687 E/DisplayDeviceConfig( 1128): requesting nits when no mapping exists.
09-16 01:20:02.688 E/DisplayDeviceConfig( 1128): requesting nits when no mapping exists.
09-16 01:20:02.688 I/am_wtf ( 1128): [0,1128,system_server,-1,DisplayDeviceConfig,requesting nits when no mapping exists.]
09-16 01:20:02.689 I/am_wtf ( 1128): [0,1128,system_server,-1,DisplayDeviceConfig,requesting nits when no mapping exists.]
09-16 01:20:02.704 E/DisplayDeviceConfig( 1128): requesting nits when no mapping exists.
09-16 01:20:02.705 E/DisplayDeviceConfig( 1128): requesting nits when no mapping exists.
09-16 01:20:02.705 I/am_wtf ( 1128): [0,1128,system_server,-1,DisplayDeviceConfig,requesting nits when no mapping exists.]
09-16 01:20:02.706 I/am_wtf ( 1128): [0,1128,system_server,-1,DisplayDeviceConfig,requesting nits when no mapping exists.]
09-16 01:20:02.721 E/DisplayDeviceConfig( 1128): requesting nits when no mapping exists.
09-16 01:20:02.721 E/DisplayDeviceConfig( 1128): requesting nits when no mapping exists.
09-16 01:20:02.722 I/am_wtf ( 1128): [0,1128,system_server,-1,DisplayDeviceConfig,requesting nits when no mapping exists.]
09-16 01:20:02.724 I/am_wtf ( 1128): [0,1128,system_server,-1,DisplayDeviceConfig,requesting nits when no mapping exists.]
09-16 01:20:02.738 E/DisplayDeviceConfig( 1128): requesting nits when no mapping exists.
09-16 01:20:02.738 E/DisplayDeviceConfig( 1128): requesting nits when no mapping exists.
09-16 01:20:02.738 I/am_wtf ( 1128): [0,1128,system_server,-1,DisplayDeviceConfig,requesting nits when no mapping exists.]
09-16 01:20:02.739 I/am_wtf ( 1128): [0,1128,system_server,-1,DisplayDeviceConfig,requesting nits when no mapping exists.]
09-16 01:20:02.754 E/DisplayDeviceConfig( 1128): requesting nits when no mapping exists.
09-16 01:20:02.754 E/DisplayDeviceConfig( 1128): requesting nits when no mapping exists.
09-16 01:20:02.754 I/am_wtf ( 1128): [0,1128,system_server,-1,DisplayDeviceConfig,requesting nits when no mapping exists.]
09-16 01:20:02.755 I/am_wtf ( 1128): [0,1128,system_server,-1,DisplayDeviceConfig,requesting nits when no mapping exists.]
09-16 01:20:02.771 E/DisplayDeviceConfig( 1128): requesting nits when no mapping exists.
09-16 01:20:02.771 E/DisplayDeviceConfig( 1128): requesting nits when no mapping exists.
09-16 01:20:02.771 I/am_wtf ( 1128): [0,1128,system_server,-1,DisplayDeviceConfig,requesting nits when no mapping exists.]
09-16 01:20:02.773 I/am_wtf ( 1128): [0,1128,system_server,-1,DisplayDeviceConfig,requesting nits when no mapping exists.]
09-16 01:20:02.787 E/DisplayDeviceConfig( 1128): requesting nits when no mapping exists.
09-16 01:20:02.788 E/DisplayDeviceConfig( 1128): requesting nits when no mapping exists.
09-16 01:20:02.788 I/am_wtf ( 1128): [0,1128,system_server,-1,DisplayDeviceConfig,requesting nits when no mapping exists.]
09-16 01:20:02.789 I/am_wtf ( 1128): [0,1128,system_server,-1,DisplayDeviceConfig,requesting nits when no mapping exists.]
09-16 01:20:02.805 E/DisplayDeviceConfig( 1128): requesting nits when no mapping exists.
09-16 01:20:02.805 E/DisplayDeviceConfig( 1128): requesting nits when no mapping exists.
09-16 01:20:02.805 I/am_wtf ( 1128): [0,1128,system_server,-1,DisplayDeviceConfig,requesting nits when no mapping exists.]
09-16 01:20:02.806 I/am_wtf ( 1128): [0,1128,system_server,-1,DisplayDeviceConfig,requesting nits when no mapping exists.]
09-16 01:20:02.821 E/DisplayDeviceConfig( 1128): requesting nits when no mapping exists.
09-16 01:20:02.822 E/DisplayDeviceConfig( 1128): requesting nits when no mapping exists.
09-16 01:20:02.822 I/am_wtf ( 1128): [0,1128,system_server,-1,DisplayDeviceConfig,requesting nits when no mapping exists.]
09-16 01:20:02.824 I/am_wtf ( 1128): [0,1128,system_server,-1,DisplayDeviceConfig,requesting nits when no mapping exists.]
09-16 01:20:02.838 E/DisplayDeviceConfig( 1128): requesting nits when no mapping exists.
09-16 01:20:02.838 E/DisplayDeviceConfig( 1128): requesting nits when no mapping exists.
09-16 01:20:02.838 I/am_wtf ( 1128): [0,1128,system_server,-1,DisplayDeviceConfig,requesting nits when no mapping exists.]
09-16 01:20:02.841 I/am_wtf ( 1128): [0,1128,system_server,-1,DisplayDeviceConfig,requesting nits when no mapping exists.]
09-16 01:20:02.854 E/DisplayDeviceConfig( 1128): requesting nits when no mapping exists.
09-16 01:20:02.855 E/DisplayDeviceConfig( 1128): requesting nits when no mapping exists.
09-16 01:20:02.855 I/am_wtf ( 1128): [0,1128,system_server,-1,DisplayDeviceConfig,requesting nits when no mapping exists.]
09-16 01:20:02.856 I/am_wtf ( 1128): [0,1128,system_server,-1,DisplayDeviceConfig,requesting nits when no mapping exists.]
09-16 01:20:02.871 E/DisplayDeviceConfig( 1128): requesting nits when no mapping exists.
09-16 01:20:02.872 E/DisplayDeviceConfig( 1128): requesting nits when no mapping exists.
09-16 01:20:02.872 I/am_wtf ( 1128): [0,1128,system_server,-1,DisplayDeviceConfig,requesting nits when no mapping exists.]
09-16 01:20:02.873 I/am_wtf ( 1128): [0,1128,system_server,-1,DisplayDeviceConfig,requesting nits when no mapping exists.]
01-01 13:43:37.618 E/i2c_geni 980000.i2c( 0): i2c error :-107
01-01 13:43:37.623 E/ ( 0): [MAX975X:mcu_keep_wakeup_work_func] *ERROR* Failed to write dev:0x15 addr:0x22 value:0x80
01-01 13:43:37.633 E/i2c_geni 980000.i2c( 0): i2c error :-107
01-01 13:43:37.638 E/ ( 0): [MAX975X:mcu_keep_wakeup_work_func] *ERROR* Failed to write dev:0x15 addr:0x20 value:0x09
09-16 01:20:02.888 E/DisplayDeviceConfig( 1128): requesting nits when no mapping exists.
09-16 01:20:02.888 E/DisplayDeviceConfig( 1128): requesting nits when no mapping exists.
09-16 01:20:02.895 I/am_wtf ( 1128): [0,1128,system_server,-1,DisplayDeviceConfig,requesting nits when no mapping exists.]
09-16 01:20:02.897 I/am_wtf ( 1128): [0,1128,system_server,-1,DisplayDeviceConfig,requesting nits when no mapping exists.]
09-16 01:20:02.905 E/DisplayDeviceConfig( 1128): requesting nits when no mapping exists.
09-16 01:20:02.905 E/DisplayDeviceConfig( 1128): requesting nits when no mapping exists.
09-16 01:20:02.905 I/am_wtf ( 1128): [0,1128,system_server,-1,DisplayDeviceConfig,requesting nits when no mapping exists.]
09-16 01:20:02.907 I/am_wtf ( 1128): [0,1128,system_server,-1,DisplayDeviceConfig,requesting nits when no mapping exists.]
09-16 01:20:02.921 E/DisplayDeviceConfig( 1128): requesting nits when no mapping exists.
09-16 01:20:02.922 E/DisplayDeviceConfig( 1128): requesting nits when no mapping exists.
09-16 01:20:02.922 I/am_wtf ( 1128): [0,1128,system_server,-1,DisplayDeviceConfig,requesting nits when no mapping exists.]
09-16 01:20:02.922 I/am_wtf ( 1128): [0,1128,system_server,-1,DisplayDeviceConfig,requesting nits when no mapping exists.]
09-16 01:20:02.938 E/DisplayDeviceConfig( 1128): requesting nits when no mapping exists.
09-16 01:20:02.939 E/DisplayDeviceConfig( 1128): requesting nits when no mapping exists.
09-16 01:20:02.939 I/am_wtf ( 1128): [0,1128,system_server,-1,DisplayDeviceConfig,requesting nits when no mapping exists.]
09-16 01:20:02.940 I/am_wtf ( 1128): [0,1128,system_server,-1,DisplayDeviceConfig,requesting nits when no mapping exists.]
09-16 01:20:02.955 E/DisplayDeviceConfig( 1128): requesting nits when no mapping exists.
09-16 01:20:02.955 E/DisplayDeviceConfig( 1128): requesting nits when no mapping exists.
09-16 01:20:02.955 I/am_wtf ( 1128): [0,1128,system_server,-1,DisplayDeviceConfig,requesting nits when no mapping exists.]
09-16 01:20:02.958 I/am_wtf ( 1128): [0,1128,system_server,-1,DisplayDeviceConfig,requesting nits when no mapping exists.]
09-16 01:20:02.972 E/DisplayDeviceConfig( 1128): requesting nits when no mapping exists.
09-16 01:20:02.972 E/DisplayDeviceConfig( 1128): requesting nits when no mapping exists.
09-16 01:20:02.973 I/am_wtf ( 1128): [0,1128,system_server,-1,DisplayDeviceConfig,requesting nits when no mapping exists.]
09-16 01:20:02.974 I/am_wtf ( 1128): [0,1128,system_server,-1,DisplayDeviceConfig,requesting nits when no mapping exists.]
09-16 01:20:02.988 E/DisplayDeviceConfig( 1128): requesting nits when no mapping exists.
09-16 01:20:02.988 E/DisplayDeviceConfig( 1128): requesting nits when no mapping exists.
09-16 01:20:02.989 I/am_wtf ( 1128): [0,1128,system_server,-1,DisplayDeviceConfig,requesting nits when no mapping exists.]
09-16 01:20:02.990 I/am_wtf ( 1128): [0,1128,system_server,-1,DisplayDeviceConfig,requesting nits when no mapping exists.]
09-16 01:20:03.005 E/DisplayDeviceConfig( 1128): requesting nits when no mapping exists.
09-16 01:20:03.005 E/DisplayDeviceConfig( 1128): requesting nits when no mapping exists.
09-16 01:20:03.005 I/am_wtf ( 1128): [0,1128,system_server,-1,DisplayDeviceConfig,requesting nits when no mapping exists.]
09-16 01:20:03.006 I/am_wtf ( 1128): [0,1128,system_server,-1,DisplayDeviceConfig,requesting nits when no mapping exists.]
09-16 01:20:03.022 E/DisplayDeviceConfig( 1128): requesting nits when no mapping exists.
09-16 01:20:03.022 E/DisplayDeviceConfig( 1128): requesting nits when no mapping exists.
09-16 01:20:03.022 I/am_wtf ( 1128): [0,1128,system_server,-1,DisplayDeviceConfig,requesting nits when no mapping exists.]
09-16 01:20:03.023 I/am_wtf ( 1128): [0,1128,system_server,-1,DisplayDeviceConfig,requesting nits when no mapping exists.]
09-16 01:20:03.038 E/DisplayDeviceConfig( 1128): requesting nits when no mapping exists.
09-16 01:20:03.039 E/DisplayDeviceConfig( 1128): requesting nits when no mapping exists.
09-16 01:20:03.039 I/am_wtf ( 1128): [0,1128,system_server,-1,DisplayDeviceConfig,requesting nits when no mapping exists.]
09-16 01:20:03.040 I/am_wtf ( 1128): [0,1128,system_server,-1,DisplayDeviceConfig,requesting nits when no mapping exists.]
09-16 01:20:03.055 E/DisplayDeviceConfig( 1128): requesting nits when no mapping exists.
09-16 01:20:03.056 E/DisplayDeviceConfig( 1128): requesting nits when no mapping exists.
09-16 01:20:03.056 I/am_wtf ( 1128): [0,1128,system_server,-1,DisplayDeviceConfig,requesting nits when no mapping exists.]
09-16 01:20:03.058 I/am_wtf ( 1128): [0,1128,system_server,-1,DisplayDeviceConfig,requesting nits when no mapping exists.]
09-16 01:20:03.072 E/DisplayDeviceConfig( 1128): requesting nits when no mapping exists.
09-16 01:20:03.072 E/DisplayDeviceConfig( 1128): requesting nits when no mapping exists.
09-16 01:20:03.072 I/am_wtf ( 1128): [0,1128,system_server,-1,DisplayDeviceConfig,requesting nits when no mapping exists.]
09-16 01:20:03.074 I/am_wtf ( 1128): [0,1128,system_server,-1,DisplayDeviceConfig,requesting nits when no mapping exists.]
09-16 01:20:03.088 E/DisplayDeviceConfig( 1128): requesting nits when no mapping exists.
09-16 01:20:03.089 E/DisplayDeviceConfig( 1128): requesting nits when no mapping exists.
09-16 01:20:03.089 I/am_wtf ( 1128): [0,1128,system_server,-1,DisplayDeviceConfig,requesting nits when no mapping exists.]
09-16 01:20:03.090 I/am_wtf ( 1128): [0,1128,system_server,-1,DisplayDeviceConfig,requesting nits when no mapping exists.]
09-16 01:20:03.105 E/DisplayDeviceConfig( 1128): requesting nits when no mapping exists.
09-16 01:20:03.105 E/DisplayDeviceConfig( 1128): requesting nits when no mapping exists.
09-16 01:20:03.106 I/am_wtf ( 1128): [0,1128,system_server,-1,DisplayDeviceConfig,requesting nits when no mapping exists.]
09-16 01:20:03.107 I/am_wtf ( 1128): [0,1128,system_server,-1,DisplayDeviceConfig,requesting nits when no mapping exists.]
09-16 01:20:03.122 E/DisplayDeviceConfig( 1128): requesting nits when no mapping exists.
09-16 01:20:03.122 E/DisplayDeviceConfig( 1128): requesting nits when no mapping exists.
09-16 01:20:03.123 I/am_wtf ( 1128): [0,1128,system_server,-1,DisplayDeviceConfig,requesting nits when no mapping exists.]
09-16 01:20:03.124 I/am_wtf ( 1128): [0,1128,system_server,-1,DisplayDeviceConfig,requesting nits when no mapping exists.]
09-16 01:20:03.139 E/DisplayDeviceConfig( 1128): requesting nits when no mapping exists.
09-16 01:20:03.139 E/DisplayDeviceConfig( 1128): requesting nits when no mapping exists.
09-16 01:20:03.140 I/am_wtf ( 1128): [0,1128,system_server,-1,DisplayDeviceConfig,requesting nits when no mapping exists.]
09-16 01:20:03.141 I/am_wtf ( 1128): [0,1128,system_server,-1,DisplayDeviceConfig,requesting nits when no mapping exists.]
09-16 01:20:03.155 E/DisplayDeviceConfig( 1128): requesting nits when no mapping exists.
09-16 01:20:03.156 E/DisplayDeviceConfig( 1128): requesting nits when no mapping exists.
09-16 01:20:03.156 I/am_wtf ( 1128): [0,1128,system_server,-1,DisplayDeviceConfig,requesting nits when no mapping exists.]
09-16 01:20:03.158 I/am_wtf ( 1128): [0,1128,system_server,-1,DisplayDeviceConfig,requesting nits when no mapping exists.]
09-16 01:20:03.172 E/DisplayDeviceConfig( 1128): requesting nits when no mapping exists.
09-16 01:20:03.173 E/DisplayDeviceConfig( 1128): requesting nits when no mapping exists.
09-16 01:20:03.173 I/am_wtf ( 1128): [0,1128,system_server,-1,DisplayDeviceConfig,requesting nits when no mapping exists.]
09-16 01:20:03.175 I/am_wtf ( 1128): [0,1128,system_server,-1,DisplayDeviceConfig,requesting nits when no mapping exists.]
09-16 01:20:03.189 E/DisplayDeviceConfig( 1128): requesting nits when no mapping exists.
09-16 01:20:03.189 I/am_wtf ( 1128): [0,1128,system_server,-1,DisplayDeviceConfig,requesting nits when no mapping exists.]
09-16 01:20:03.189 E/DisplayDeviceConfig( 1128): requesting nits when no mapping exists.
09-16 01:20:03.190 I/am_wtf ( 1128): [0,1128,system_server,-1,DisplayDeviceConfig,requesting nits when no mapping exists.]
09-16 01:20:03.205 E/DisplayDeviceConfig( 1128): requesting nits when no mapping exists.
09-16 01:20:03.206 E/DisplayDeviceConfig( 1128): requesting nits when no mapping exists.
09-16 01:20:03.206 I/am_wtf ( 1128): [0,1128,system_server,-1,DisplayDeviceConfig,requesting nits when no mapping exists.]
09-16 01:20:03.207 I/am_wtf ( 1128): [0,1128,system_server,-1,DisplayDeviceConfig,requesting nits when no mapping exists.]
09-16 01:20:03.222 E/DisplayDeviceConfig( 1128): requesting nits when no mapping exists.
09-16 01:20:03.222 E/DisplayDeviceConfig( 1128): requesting nits when no mapping exists.
09-16 01:20:03.222 I/am_wtf ( 1128): [0,1128,system_server,-1,DisplayDeviceConfig,requesting nits when no mapping exists.]
09-16 01:20:03.224 I/am_wtf ( 1128): [0,1128,system_server,-1,DisplayDeviceConfig,requesting nits when no mapping exists.]
09-16 01:20:03.225 I/service_manager_stats( 1128): [100,108,58809]
09-16 01:20:03.239 E/DisplayDeviceConfig( 1128): requesting nits when no mapping exists.
09-16 01:20:03.239 E/DisplayDeviceConfig( 1128): requesting nits when no mapping exists.
09-16 01:20:03.239 I/am_wtf ( 1128): [0,1128,system_server,-1,DisplayDeviceConfig,requesting nits when no mapping exists.]
09-16 01:20:03.241 I/am_wtf ( 1128): [0,1128,system_server,-1,DisplayDeviceConfig,requesting nits when no mapping exists.]
09-16 01:20:03.255 E/DisplayDeviceConfig( 1128): requesting nits when no mapping exists.
09-16 01:20:03.256 E/DisplayDeviceConfig( 1128): requesting nits when no mapping exists.
09-16 01:20:03.256 I/am_wtf ( 1128): [0,1128,system_server,-1,DisplayDeviceConfig,requesting nits when no mapping exists.]
01-01 13:43:37.993 I/init ( 0): starting service 'qvrd_vndr'...
01-01 13:43:38.000 I/init ( 0): Created socket '/dev/socket/qvrservice_vndr', mode 660, user 1000, group 1000
09-16 01:20:03.257 I/am_wtf ( 1128): [0,1128,system_server,-1,DisplayDeviceConfig,requesting nits when no mapping exists.]
01-01 13:43:38.010 I/init ( 0): Created socket '/dev/socket/qvrservice_vndr_camera', mode 660, user 1000, group 1000
09-16 01:20:03.272 E/DisplayDeviceConfig( 1128): requesting nits when no mapping exists.
09-16 01:20:03.272 E/DisplayDeviceConfig( 1128): requesting nits when no mapping exists.
09-16 01:20:03.272 I/am_wtf ( 1128): [0,1128,system_server,-1,DisplayDeviceConfig,requesting nits when no mapping exists.]
09-16 01:20:03.274 I/am_wtf ( 1128): [0,1128,system_server,-1,DisplayDeviceConfig,requesting nits when no mapping exists.]
09-16 01:20:03.289 E/DisplayDeviceConfig( 1128): requesting nits when no mapping exists.
09-16 01:20:03.289 E/DisplayDeviceConfig( 1128): requesting nits when no mapping exists.
09-16 01:20:03.290 I/am_wtf ( 1128): [0,1128,system_server,-1,DisplayDeviceConfig,requesting nits when no mapping exists.]
01-01 13:43:38.038 I/init ( 0): starting service 'sxrd'...
09-16 01:20:03.291 I/am_wtf ( 1128): [0,1128,system_server,-1,DisplayDeviceConfig,requesting nits when no mapping exists.]
01-01 13:43:38.059 I/init ( 0): starting service 'vendor.light-hal-2-0'...
09-16 01:20:03.324 F/linker ( 7778): CANNOT LINK EXECUTABLE "/vendor/bin/hw/qvrservice": library "vendor.qti.hardware.qxr-V1-ndk_platform.so" not found: needed by /vendor/lib64/libqvrservice.so in namespace (default)
09-16 01:20:03.339 F/linker ( 7779): CANNOT LINK EXECUTABLE "/vendor/bin/hw/sxrservice": library "vendor.qti.hardware.qxr-V1-ndk_platform.so" not found: needed by main executable
01-01 13:43:38.078 I/init ( 0): Service 'qvrd_vndr' (pid 7778) exited with status 1
01-01 13:43:38.085 I/init ( 0): Sending signal 9 to service 'qvrd_vndr' (pid 7778) process group...
01-01 13:43:38.093 I/libprocessgroup( 0): Successfully killed process cgroup uid 1000 pid 7778 in 0ms
01-01 13:43:38.103 I/init ( 0): Service 'sxrd' (pid 7779) exited with status 1
01-01 13:43:38.109 I/init ( 0): Sending signal 9 to service 'sxrd' (pid 7779) process group...
09-16 01:20:03.370 I/hwservicemanager( 516): getTransport: Cannot find entry android.hardware.light@2.0::ILight/default in either framework or device VINTF manifest.
09-16 01:20:03.373 E/light ( 7780): light_open lights keyboard failed: -22
09-16 01:20:03.374 E/light ( 7780): Light passthrough failed to load legacy HAL.
09-16 01:20:03.374 E/light ( 7780): light_open lights buttons failed: -22
09-16 01:20:03.374 E/light ( 7780): Light passthrough failed to load legacy HAL.
09-16 01:20:03.376 E/light ( 7780): light_open lights bluetooth failed: -22
09-16 01:20:03.376 E/light ( 7780): Light passthrough failed to load legacy HAL.
09-16 01:20:03.377 E/light ( 7780): light_open lights wifi failed: -22
09-16 01:20:03.377 E/light ( 7780): Light passthrough failed to load legacy HAL.
09-16 01:20:03.379 I/hwservicemanager( 516): getTransport: Cannot find entry android.hardware.light@2.0::ILight/default in either framework or device VINTF manifest.
09-16 01:20:03.380 E/HidlServiceManagement( 7780): Service android.hardware.light@2.0::ILight/default must be in VINTF manifest in order to register/get.
09-16 01:20:03.380 E/LegacySupport( 7780): Could not register service android.hardware.light@2.0::ILight/default (-2147483648).
01-01 13:43:38.225 D/ ( 0): mv2112_read_status
01-01 13:43:38.228 D/mv2112_update_link( 0): 3.0x901(1G): 0x80
01-01 13:43:38.234 D/mv2112_update_link( 0): 3.0x8109(100M): 0x0
01-01 13:43:38.240 D/mv2112_update_link( 0): link 0x0
01-01 13:43:38.244 D/mv2112_read_status( 0): autoneg is disabled
09-16 01:20:03.509 I/HttpClient( 2063): onFailed
09-16 01:20:03.509 I/MicroService( 2063): sendConnectStateBroadCast() state0
09-16 01:20:03.511 I/MicroService( 2063): onNettyConnectState0
09-16 01:20:03.511 I/MicroService( 2063): onNettyConnectState count = 0
09-16 01:20:03.656 I/mpu_uart( 664): [MSG-P:RECV]:No message received in 1000 ms
09-16 01:20:04.344 I/mpu_uart( 664): [MSG-P:R]:recv sync frame timeout
01-01 13:43:39.249 D/ ( 0): mv2112_read_status
01-01 13:43:39.253 D/mv2112_update_link( 0): 3.0x901(1G): 0x80
01-01 13:43:39.258 D/mv2112_update_link( 0): 3.0x8109(100M): 0x0
09-16 01:20:04.511 I/HWebSocketClient( 2063): WEBclient: onFailed
01-01 13:43:39.263 D/mv2112_update_link( 0): link 0x0
09-16 01:20:04.514 I/ResponseWebSocketHandler( 2063): ResponseWebSocketHandler start
09-16 01:20:04.515 I/HttpContext( 2063): getIResponseJson :com.thundercomm.microservice.MicroServiceProxy@12e89eb
09-16 01:20:04.515 I/ResponseWebSocketHandler( 2063): ResponseWebSocketHandler mResponseJson: com.thundercomm.microservice.MicroServiceProxy@12e89eb
09-16 01:20:04.515 I/HttpContext( 2063): getIResponseJson :com.thundercomm.microservice.MicroServiceProxy@12e89eb
09-16 01:20:04.515 I/ResponseHandler( 2063): ResponseHandler() :com.thundercomm.microservice.MicroServiceProxy@12e89eb
09-16 01:20:04.516 I/System.out( 2063): handler is: com.thundercomm.microservice.netty.client.handler.webSocket.ResponseWebSocketHandler@d9a0bab
01-01 13:43:39.268 D/mv2112_read_status( 0): autoneg is disabled
09-16 01:20:04.528 W/NioEventLoop( 2063): Selector.select() returned prematurely 512 times in a row; rebuilding Selector io.netty.channel.nio.SelectedSelectionKeySetSelector@b674208.
09-16 01:20:04.529 I/NioEventLoop( 2063): Migrated 1 channel(s) to the new Selector.
09-16 01:20:04.657 I/mpu_uart( 664): [MSG-P:RECV]:No message received in 1000 ms
01-01 13:43:39.476 E/i2c_geni 980000.i2c( 0): i2c error :-107
01-01 13:43:39.482 E/ ( 0): [MAX975X:mcu_keep_wakeup_work_func] *ERROR* Failed to write dev:0x15 addr:0x22 value:0x80
01-01 13:43:39.492 E/i2c_geni 980000.i2c( 0): i2c error :-107
01-01 13:43:39.497 E/ ( 0): [MAX975X:mcu_keep_wakeup_work_func] *ERROR* Failed to write dev:0x15 addr:0x20 value:0x09
01-01 13:43:40.273 D/ ( 0): mv2112_read_status
01-01 13:43:40.276 D/mv2112_update_link( 0): 3.0x901(1G): 0x80
01-01 13:43:40.282 D/mv2112_update_link( 0): 3.0x8109(100M): 0x0
01-01 13:43:40.287 D/mv2112_update_link( 0): link 0x0
01-01 13:43:40.291 D/mv2112_read_status( 0): autoneg is disabled
09-16 01:20:05.658 I/mpu_uart( 664): [MSG-P:RECV]:No message received in 1000 ms
01-01 13:43:41.297 D/ ( 0): mv2112_read_status
01-01 13:43:41.301 D/mv2112_update_link( 0): 3.0x901(1G): 0x80
01-01 13:43:41.306 D/mv2112_update_link( 0): 3.0x8109(100M): 0x0
01-01 13:43:41.312 D/mv2112_update_link( 0): link 0x0
01-01 13:43:41.316 D/mv2112_read_status( 0): autoneg is disabled
01-01 13:43:41.330 E/i2c_geni 980000.i2c( 0): i2c error :-107
01-01 13:43:41.336 E/ ( 0): [MAX975X:mcu_keep_wakeup_work_func] *ERROR* Failed to write dev:0x15 addr:0x22 value:0x80
09-16 01:20:06.594 I/HttpClient( 2063): onFailed
09-16 01:20:06.595 I/MicroService( 2063): sendConnectStateBroadCast() state0
09-16 01:20:06.598 I/MicroService( 2063): onNettyConnectState0
09-16 01:20:06.598 I/MicroService( 2063): onNettyConnectState count = 0
01-01 13:43:41.350 E/i2c_geni 980000.i2c( 0): i2c error :-107
01-01 13:43:41.355 E/ ( 0): [MAX975X:mcu_keep_wakeup_work_func] *ERROR* Failed to write dev:0x15 addr:0x20 value:0x09
09-16 01:20:06.658 I/mpu_uart( 664): [MSG-P:RECV]:No message received in 1000 ms
09-16 01:20:07.348 I/mpu_uart( 664): [MSG-P:R]:recv sync frame timeout
01-01 13:43:42.321 D/ ( 0): mv2112_read_status
01-01 13:43:42.325 D/mv2112_update_link( 0): 3.0x901(1G): 0x80
09-16 01:20:07.582 I/HWebSocketClient( 2063): WEBclient: onFailed
01-01 13:43:42.331 D/mv2112_update_link( 0): 3.0x8109(100M): 0x0
01-01 13:43:42.336 D/mv2112_update_link( 0): link 0x0
09-16 01:20:07.589 I/ResponseWebSocketHandler( 2063): ResponseWebSocketHandler start
