09-21 19:28:33.469 D/BluetoothRemoteDevices( 2214): BT_PROPERTY_TYPE_OF_DEVICE 53:A3:80:C8:D3:E6
09-21 19:28:33.470 D/BluetoothRemoteDevices( 2214): Property type: 11
09-21 19:28:33.470 D/BluetoothRemoteDevices( 2214): deviceFoundCallback: Remote Address is:53:A3:80:C8:D3:E6
09-21 19:28:33.471 E/BluetoothDatabase( 2214): getCustomMeta: device 04:7A:0B:1A:01:08 is not in cache
09-21 19:28:33.471 V/bt_stack( 2214): [VERBOSE1:btm_ble_gap.cc(2726)] btm_ble_process_ext_adv_pkt: bda=0e:f4:16:09:e5:1e
09-21 19:28:33.471 V/bt_stack( 2214): [VERBOSE1:btm_ble_gap.cc(2650)] btm_ble_process_adv_addr: bda=0e:f4:16:09:e5:1e
09-21 19:28:33.471 V/bt_stack( 2214): [VERBOSE1:btm_ble_gap.cc(2886)] btm_ble_process_adv_pkt_cont skipped BDA 0e:f4:16:09:e5:1e
09-21 19:28:33.473 E/BluetoothDatabase( 2214): getCustomMeta: device 04:7A:0B:1A:01:08 is not in cache
09-21 19:28:33.473 W/BluetoothDatabase( 2214): Invalid metadata key 17
09-21 19:28:33.473 E/BluetoothDatabase( 2214): getCustomMeta: meta key invalid 17
09-21 19:28:33.474 D/AdaptiveHomepageIcon( 8794): Setting background color -73784
09-21 19:28:33.474 V/bt_stack( 2214): [VERBOSE1:btm_ble_gap.cc(2726)] btm_ble_process_ext_adv_pkt: bda=02:e2:c3:30:22:dc
09-21 19:28:33.474 V/bt_stack( 2214): [VERBOSE1:btm_ble_gap.cc(2650)] btm_ble_process_adv_addr: bda=02:e2:c3:30:22:dc
09-21 19:28:33.474 V/bt_stack( 2214): [VERBOSE1:btm_ble_gap.cc(2886)] btm_ble_process_adv_pkt_cont skipped BDA 02:e2:c3:30:22:dc
09-21 19:28:33.476 D/BluetoothSap( 8794): getConnectionState(04:7A:0B:1A:01:08)
09-21 19:28:33.476 V/SapService( 2214): getConnectionState()
09-21 19:28:33.477 V/bt_stack( 2214): [VERBOSE1:btm_ble_gap.cc(2726)] btm_ble_process_ext_adv_pkt: bda=2f:6a:67:78:12:fc
09-21 19:28:33.477 V/bt_stack( 2214): [VERBOSE1:btm_ble_gap.cc(2650)] btm_ble_process_adv_addr: bda=2f:6a:67:78:12:fc
09-21 19:28:33.477 V/bt_stack( 2214): [VERBOSE1:btm_ble_gap.cc(2886)] btm_ble_process_adv_pkt_cont skipped BDA 2f:6a:67:78:12:fc
09-21 19:28:33.478 V/bt_stack( 2214): [VERBOSE1:btm_ble_gap.cc(2726)] btm_ble_process_ext_adv_pkt: bda=15:40:17:f7:a5:e7
09-21 19:28:33.478 V/bt_stack( 2214): [VERBOSE1:btm_ble_gap.cc(2650)] btm_ble_process_adv_addr: bda=15:40:17:f7:a5:e7
09-21 19:28:33.478 V/bt_stack( 2214): [VERBOSE1:btm_ble_gap.cc(2886)] btm_ble_process_adv_pkt_cont skipped BDA 15:40:17:f7:a5:e7
09-21 19:28:33.479 V/bt_stack( 2214): [VERBOSE1:btm_ble_gap.cc(2726)] btm_ble_process_ext_adv_pkt: bda=36:ee:39:7d:ff:8c
09-21 19:28:33.479 V/bt_stack( 2214): [VERBOSE1:btm_ble_gap.cc(2650)] btm_ble_process_adv_addr: bda=36:ee:39:7d:ff:8c
09-21 19:28:33.479 V/bt_stack( 2214): [VERBOSE1:btm_ble_gap.cc(2886)] btm_ble_process_adv_pkt_cont skipped BDA 36:ee:39:7d:ff:8c
09-21 19:28:33.480 E/BluetoothDatabase( 2214): getCustomMeta: device 04:7A:0B:1A:01:08 is not in cache
09-21 19:28:33.481 E/BluetoothDatabase( 2214): getCustomMeta: device 04:7A:0B:1A:01:08 is not in cache
09-21 19:28:33.482 W/BluetoothDatabase( 2214): Invalid metadata key 17
09-21 19:28:33.482 E/BluetoothDatabase( 2214): getCustomMeta: meta key invalid 17
09-21 19:28:33.482 D/AdaptiveHomepageIcon( 8794): Setting background color -73784
09-21 19:28:33.485 D/BluetoothSap( 8794): getConnectionState(04:7A:0B:1A:01:08)
09-21 19:28:33.485 V/SapService( 2214): getConnectionState()
09-21 19:28:33.489 E/BluetoothDatabase( 2214): getCustomMeta: device 04:7A:0B:18:83:60 is not in cache
09-21 19:28:33.490 V/bt_stack( 2214): [VERBOSE1:btm_ble_gap.cc(2726)] btm_ble_process_ext_adv_pkt: bda=62:7e:5d:bf:53:cf
09-21 19:28:33.490 V/bt_stack( 2214): [VERBOSE1:btm_ble_gap.cc(2650)] btm_ble_process_adv_addr: bda=62:7e:5d:bf:53:cf
09-21 19:28:33.490 V/bt_stack( 2214): [VERBOSE1:btm_ble_gap.cc(2855)] Waiting for scan response 62:7e:5d:bf:53:cf
09-21 19:28:33.491 E/BluetoothDatabase( 2214): getCustomMeta: device 04:7A:0B:18:83:60 is not in cache
09-21 19:28:33.491 V/bt_stack( 2214): [VERBOSE1:btm_ble_gap.cc(2726)] btm_ble_process_ext_adv_pkt: bda=38:dc:cb:8e:be:99
09-21 19:28:33.491 V/bt_stack( 2214): [VERBOSE1:btm_ble_gap.cc(2650)] btm_ble_process_adv_addr: bda=38:dc:cb:8e:be:99
09-21 19:28:33.491 W/BluetoothDatabase( 2214): Invalid metadata key 17
09-21 19:28:33.491 V/bt_stack( 2214): [VERBOSE1:btm_ble_gap.cc(2886)] btm_ble_process_adv_pkt_cont skipped BDA 38:dc:cb:8e:be:99
09-21 19:28:33.491 E/BluetoothDatabase( 2214): getCustomMeta: meta key invalid 17
09-21 19:28:33.492 D/AdaptiveHomepageIcon( 8794): Setting background color -339249
09-21 19:28:33.494 D/BluetoothSap( 8794): getConnectionState(04:7A:0B:18:83:60)
09-21 19:28:33.495 V/SapService( 2214): getConnectionState()
09-21 19:28:33.501 D/HearingAidService( 2214): getActiveDevices
09-21 19:28:33.502 E/BluetoothDatabase( 2214): getCustomMeta: device 7D:25:1F:15:89:D7 is not in cache
09-21 19:28:33.504 E/BluetoothDatabase( 2214): getCustomMeta: device 7D:25:1F:15:89:D7 is not in cache
09-21 19:28:33.504 W/BluetoothDatabase( 2214): Invalid metadata key 17
09-21 19:28:33.504 E/BluetoothDatabase( 2214): getCustomMeta: meta key invalid 17
09-21 19:28:33.505 D/AdaptiveHomepageIcon( 8794): Setting background color -339249
09-21 19:28:33.508 D/BluetoothSap( 8794): getConnectionState(7D:25:1F:15:89:D7)
09-21 19:28:33.508 V/bt_stack( 2214): [VERBOSE1:btm_ble_gap.cc(2726)] btm_ble_process_ext_adv_pkt: bda=d5:54:91:be:f4:71
09-21 19:28:33.508 V/bt_stack( 2214): [VERBOSE1:btm_ble_gap.cc(2650)] btm_ble_process_adv_addr: bda=d5:54:91:be:f4:71
09-21 19:28:33.508 V/bt_stack( 2214): [VERBOSE1:btm_ble_gap.cc(2855)] Waiting for scan response d5:54:91:be:f4:71
09-21 19:28:33.508 V/SapService( 2214): getConnectionState()
09-21 19:28:33.508 V/bt_stack( 2214): [VERBOSE1:btm_ble_gap.cc(2726)] btm_ble_process_ext_adv_pkt: bda=21:2b:31:5e:59:18
09-21 19:28:33.508 V/bt_stack( 2214): [VERBOSE1:btm_ble_gap.cc(2650)] btm_ble_process_adv_addr: bda=21:2b:31:5e:59:18
09-21 19:28:33.508 V/bt_stack( 2214): [VERBOSE1:btm_ble_gap.cc(2886)] btm_ble_process_adv_pkt_cont skipped BDA 21:2b:31:5e:59:18
09-21 19:28:33.509 V/bt_stack( 2214): [VERBOSE1:btm_ble_gap.cc(2726)] btm_ble_process_ext_adv_pkt: bda=2d:2c:55:e8:e3:41
09-21 19:28:33.510 V/bt_stack( 2214): [VERBOSE1:btm_ble_gap.cc(2650)] btm_ble_process_adv_addr: bda=2d:2c:55:e8:e3:41
09-21 19:28:33.510 V/bt_stack( 2214): [VERBOSE1:btm_ble_gap.cc(2886)] btm_ble_process_adv_pkt_cont skipped BDA 2d:2c:55:e8:e3:41
09-21 19:28:33.512 E/BluetoothDatabase( 2214): getCustomMeta: device 7D:25:1F:15:89:D7 is not in cache
09-21 19:28:33.513 E/BluetoothDatabase( 2214): getCustomMeta: device 7D:25:1F:15:89:D7 is not in cache
09-21 19:28:33.514 W/BluetoothDatabase( 2214): Invalid metadata key 17
09-21 19:28:33.514 E/BluetoothDatabase( 2214): getCustomMeta: meta key invalid 17
09-21 19:28:33.514 D/AdaptiveHomepageIcon( 8794): Setting background color -339249
09-21 19:28:33.517 D/BluetoothSap( 8794): getConnectionState(7D:25:1F:15:89:D7)
09-21 19:28:33.517 V/SapService( 2214): getConnectionState()
09-21 19:28:33.520 D/BluetoothEventManager( 8794): DeviceFoundHandler created new CachedBluetoothDevice
09-21 19:28:33.520 E/BluetoothDatabase( 2214): getCustomMeta: device 7D:25:1F:15:89:D7 is not in cache
09-21 19:28:33.522 E/BluetoothDatabase( 2214): getCustomMeta: device 7D:25:1F:15:89:D7 is not in cache
09-21 19:28:33.522 W/BluetoothDatabase( 2214): Invalid metadata key 17
09-21 19:28:33.522 E/BluetoothDatabase( 2214): getCustomMeta: meta key invalid 17
09-21 19:28:33.523 D/AdaptiveHomepageIcon( 8794): Setting background color -339249
09-21 19:28:33.525 D/BluetoothSap( 8794): getConnectionState(7D:25:1F:15:89:D7)
09-21 19:28:33.526 V/SapService( 2214): getConnectionState()
09-21 19:28:33.529 E/BluetoothDatabase( 2214): getCustomMeta: device 7D:25:1F:15:89:D7 is not in cache
09-21 19:28:33.530 E/BluetoothDatabase( 2214): getCustomMeta: device 7D:25:1F:15:89:D7 is not in cache
09-21 19:28:33.531 W/BluetoothDatabase( 2214): Invalid metadata key 17
09-21 19:28:33.531 E/BluetoothDatabase( 2214): getCustomMeta: meta key invalid 17
09-21 19:28:33.531 D/AdaptiveHomepageIcon( 8794): Setting background color -339249
09-21 19:28:33.534 D/BluetoothSap( 8794): getConnectionState(7D:25:1F:15:89:D7)
09-21 19:28:33.534 V/SapService( 2214): getConnectionState()
09-21 19:28:33.538 E/BluetoothDatabase( 2214): getCustomMeta: device 59:8B:15:41:D3:83 is not in cache
09-21 19:28:33.539 E/BluetoothDatabase( 2214): getCustomMeta: device 59:8B:15:41:D3:83 is not in cache
09-21 19:28:33.540 W/BluetoothDatabase( 2214): Invalid metadata key 17
09-21 19:28:33.540 E/BluetoothDatabase( 2214): getCustomMeta: meta key invalid 17
09-21 19:28:33.540 D/AdaptiveHomepageIcon( 8794): Setting background color -339249
09-21 19:28:33.543 D/BluetoothSap( 8794): getConnectionState(59:8B:15:41:D3:83)
09-21 19:28:33.543 V/SapService( 2214): getConnectionState()
09-21 19:28:33.546 E/BluetoothDatabase( 2214): getCustomMeta: device 59:8B:15:41:D3:83 is not in cache
09-21 19:28:33.548 E/BluetoothDatabase( 2214): getCustomMeta: device 59:8B:15:41:D3:83 is not in cache
09-21 19:28:33.548 W/BluetoothDatabase( 2214): Invalid metadata key 17
09-21 19:28:33.548 E/BluetoothDatabase( 2214): getCustomMeta: meta key invalid 17
09-21 19:28:33.549 D/AdaptiveHomepageIcon( 8794): Setting background color -339249
09-21 19:28:33.551 D/BluetoothSap( 8794): getConnectionState(59:8B:15:41:D3:83)
09-21 19:28:33.551 V/SapService( 2214): getConnectionState()
09-21 19:28:33.555 E/BluetoothDatabase( 2214): getCustomMeta: device 7E:0B:6A:5F:D6:B7 is not in cache
09-21 19:28:33.556 E/BluetoothDatabase( 2214): getCustomMeta: device 7E:0B:6A:5F:D6:B7 is not in cache
09-21 19:28:33.557 W/BluetoothDatabase( 2214): Invalid metadata key 17
09-21 19:28:33.557 E/BluetoothDatabase( 2214): getCustomMeta: meta key invalid 17
09-21 19:28:33.557 D/AdaptiveHomepageIcon( 8794): Setting background color -3411720
09-21 19:28:33.560 D/BluetoothSap( 8794): getConnectionState(7E:0B:6A:5F:D6:B7)
09-21 19:28:33.560 V/SapService( 2214): getConnectionState()
09-21 19:28:33.564 E/BluetoothDatabase( 2214): getCustomMeta: device 6B:F5:A9:E6:61:34 is not in cache
09-21 19:28:33.566 E/BluetoothDatabase( 2214): getCustomMeta: device 6B:F5:A9:E6:61:34 is not in cache
09-21 19:28:33.566 W/BluetoothDatabase( 2214): Invalid metadata key 17
09-21 19:28:33.566 E/BluetoothDatabase( 2214): getCustomMeta: meta key invalid 17
09-21 19:28:33.566 D/AdaptiveHomepageIcon( 8794): Setting background color -1453315
09-21 19:28:33.569 D/BluetoothSap( 8794): getConnectionState(6B:F5:A9:E6:61:34)
09-21 19:28:33.569 V/SapService( 2214): getConnectionState()
09-21 19:28:33.572 E/BluetoothDatabase( 2214): getCustomMeta: device 6B:F5:A9:E6:61:34 is not in cache
09-21 19:28:33.574 E/BluetoothDatabase( 2214): getCustomMeta: device 6B:F5:A9:E6:61:34 is not in cache
09-21 19:28:33.574 W/BluetoothDatabase( 2214): Invalid metadata key 17
09-21 19:28:33.574 E/BluetoothDatabase( 2214): getCustomMeta: meta key invalid 17
09-21 19:28:33.575 D/AdaptiveHomepageIcon( 8794): Setting background color -1453315
09-21 19:28:33.577 D/BluetoothSap( 8794): getConnectionState(6B:F5:A9:E6:61:34)
09-21 19:28:33.578 V/SapService( 2214): getConnectionState()
09-21 19:28:33.585 E/BluetoothDatabase( 2214): getCustomMeta: device 6C:44:95:ED:12:A0 is not in cache
09-21 19:28:33.586 E/BluetoothDatabase( 2214): getCustomMeta: device 6C:44:95:ED:12:A0 is not in cache
09-21 19:28:33.587 W/BluetoothDatabase( 2214): Invalid metadata key 17
09-21 19:28:33.587 E/BluetoothDatabase( 2214): getCustomMeta: meta key invalid 17
09-21 19:28:33.587 I/vendor.qti.bluetooth@1.0-ibs_handler( 839): ProcessIbsCmd: Received IBS_SLEEP_IND: 0xFE
09-21 19:28:33.587 D/AdaptiveHomepageIcon( 8794): Setting background color -3411720
09-21 19:28:33.590 D/BluetoothSap( 8794): getConnectionState(6C:44:95:ED:12:A0)
09-21 19:28:33.590 V/SapService( 2214): getConnectionState()
09-21 19:28:33.594 E/BluetoothDatabase( 2214): getCustomMeta: device 6C:44:95:ED:12:A0 is not in cache
09-21 19:28:33.595 E/BluetoothDatabase( 2214): getCustomMeta: device 6C:44:95:ED:12:A0 is not in cache
09-21 19:28:33.596 W/BluetoothDatabase( 2214): Invalid metadata key 17
09-21 19:28:33.596 E/BluetoothDatabase( 2214): getCustomMeta: meta key invalid 17
09-21 19:28:33.596 D/AdaptiveHomepageIcon( 8794): Setting background color -3411720
09-21 19:28:33.599 D/BluetoothSap( 8794): getConnectionState(6C:44:95:ED:12:A0)
09-21 19:28:33.599 V/SapService( 2214): getConnectionState()
09-21 19:28:33.603 E/BluetoothDatabase( 2214): getCustomMeta: device 53:A3:80:C8:D3:E6 is not in cache
09-21 19:28:33.604 E/BluetoothDatabase( 2214): getCustomMeta: device 53:A3:80:C8:D3:E6 is not in cache
09-21 19:28:33.605 W/BluetoothDatabase( 2214): Invalid metadata key 17
09-21 19:28:33.605 E/BluetoothDatabase( 2214): getCustomMeta: meta key invalid 17
09-21 19:28:33.605 D/AdaptiveHomepageIcon( 8794): Setting background color -3216682
09-21 19:28:33.608 D/BluetoothSap( 8794): getConnectionState(53:A3:80:C8:D3:E6)
09-21 19:28:33.608 V/SapService( 2214): getConnectionState()
09-21 19:28:33.612 E/BluetoothDatabase( 2214): getCustomMeta: device 53:A3:80:C8:D3:E6 is not in cache
09-21 19:28:33.613 E/BluetoothDatabase( 2214): getCustomMeta: device 53:A3:80:C8:D3:E6 is not in cache
09-21 19:28:33.614 W/BluetoothDatabase( 2214): Invalid metadata key 17
09-21 19:28:33.614 E/BluetoothDatabase( 2214): getCustomMeta: meta key invalid 17
09-21 19:28:33.614 D/AdaptiveHomepageIcon( 8794): Setting background color -3216682
09-21 19:28:33.617 D/BluetoothSap( 8794): getConnectionState(53:A3:80:C8:D3:E6)
09-21 19:28:33.617 V/SapService( 2214): getConnectionState()
09-21 19:28:33.639 I/vendor.qti.bluetooth@1.0-ibs_handler( 839): ProcessIbsCmd: Received IBS_WAKE_IND: 0xFD
09-21 19:28:33.639 I/vendor.qti.bluetooth@1.0-ibs_handler( 839): ProcessIbsCmd: Writing IBS_WAKE_ACK
09-21 19:28:33.643 W/bt_btm ( 2214): btm_process_inq_results: BDA: d6:54:91:be:f4:71
09-21 19:28:33.643 W/bt_btm ( 2214): btm_process_inq_results: Dev class: 00-00-00
09-21 19:28:33.643 V/bt_stack( 2214): [VERBOSE1:btm_inq.cc(1033)] BTM_InqDbRead: bd addr d6:54:91:be:f4:71
09-21 19:28:33.643 D/bt_btif_config( 2214): btif_get_device_type: Device [d6:54:91:be:f4:71] type 1
09-21 19:28:33.645 D/BluetoothRemoteDevices( 2214): Property type: 2
09-21 19:28:33.645 D/BluetoothRemoteDevices( 2214): Remote Address is:D6:54:91:BE:F4:71
09-21 19:28:33.645 D/BluetoothRemoteDevices( 2214): Property type: 1
09-21 19:28:33.645 D/BluetoothRemoteDevices( 2214): Skip name update for D6:54:91:BE:F4:71
09-21 19:28:33.645 D/BluetoothRemoteDevices( 2214): Property type: 5
09-21 19:28:33.645 D/BluetoothRemoteDevices( 2214): BT_PROPERTY_TYPE_OF_DEVICE D6:54:91:BE:F4:71
09-21 19:28:33.646 D/BluetoothRemoteDevices( 2214): Property type: 11
09-21 19:28:33.646 D/BluetoothRemoteDevices( 2214): deviceFoundCallback: Remote Address is:D6:54:91:BE:F4:71
09-21 19:28:33.656 E/BluetoothDatabase( 2214): getCustomMeta: device D6:54:91:BE:F4:71 is not in cache
09-21 19:28:33.658 E/BluetoothDatabase( 2214): getCustomMeta: device D6:54:91:BE:F4:71 is not in cache
09-21 19:28:33.660 W/BluetoothDatabase( 2214): Invalid metadata key 17
09-21 19:28:33.660 E/BluetoothDatabase( 2214): getCustomMeta: meta key invalid 17
09-21 19:28:33.661 D/AdaptiveHomepageIcon( 8794): Setting background color -143384
09-21 19:28:33.667 D/BluetoothSap( 8794): getConnectionState(D6:54:91:BE:F4:71)
09-21 19:28:33.668 V/SapService( 2214): getConnectionState()
09-21 19:28:33.675 E/BluetoothDatabase( 2214): getCustomMeta: device D6:54:91:BE:F4:71 is not in cache
09-21 19:28:33.677 E/BluetoothDatabase( 2214): getCustomMeta: device D6:54:91:BE:F4:71 is not in cache
09-21 19:28:33.678 W/BluetoothDatabase( 2214): Invalid metadata key 17
09-21 19:28:33.678 E/BluetoothDatabase( 2214): getCustomMeta: meta key invalid 17
09-21 19:28:33.678 D/AdaptiveHomepageIcon( 8794): Setting background color -143384
09-21 19:28:33.681 D/BluetoothSap( 8794): getConnectionState(D6:54:91:BE:F4:71)
09-21 19:28:33.682 V/SapService( 2214): getConnectionState()
09-21 19:28:33.688 W/bt_btm ( 2214): btm_process_inq_results: BDA: ac:d6:18:c5:cf:03
09-21 19:28:33.688 W/bt_btm ( 2214): btm_process_inq_results: Dev class: 5a-02-0c
09-21 19:28:33.688 V/bt_stack( 2214): [VERBOSE1:btm_inq.cc(1033)] BTM_InqDbRead: bd addr ac:d6:18:c5:cf:03
09-21 19:28:33.692 D/BluetoothRemoteDevices( 2214): Added new device property
09-21 19:28:33.695 D/BluetoothRemoteDevices( 2214): Property type: 2
09-21 19:28:33.695 D/BluetoothRemoteDevices( 2214): Remote Address is:AC:D6:18:C5:CF:03
09-21 19:28:33.695 D/BluetoothRemoteDevices( 2214): Property type: 4
09-21 19:28:33.696 D/BluetoothRemoteDevices( 2214): Remote after adv audio class is:7936 AC:D6:18:C5:CF:03
09-21 19:28:33.698 D/BluetoothRemoteDevices( 2214): Remote class is:5898764
09-21 19:28:33.698 D/BluetoothRemoteDevices( 2214): Property type: 5
09-21 19:28:33.698 D/BluetoothRemoteDevices( 2214): BT_PROPERTY_TYPE_OF_DEVICE AC:D6:18:C5:CF:03
09-21 19:28:33.698 D/BluetoothRemoteDevices( 2214): Property type: 11
09-21 19:28:33.699 D/BluetoothRemoteDevices( 2214): deviceFoundCallback: Remote Address is:AC:D6:18:C5:CF:03
09-21 19:28:33.711 D/HearingAidService( 2214): getActiveDevices
09-21 19:28:33.713 E/BluetoothDatabase( 2214): getCustomMeta: device AC:D6:18:C5:CF:03 is not in cache
09-21 19:28:33.715 E/BluetoothDatabase( 2214): getCustomMeta: device AC:D6:18:C5:CF:03 is not in cache
09-21 19:28:33.716 W/BluetoothDatabase( 2214): Invalid metadata key 17
09-21 19:28:33.716 E/BluetoothDatabase( 2214): getCustomMeta: meta key invalid 17
09-21 19:28:33.716 D/AdaptiveHomepageIcon( 8794): Setting background color -339249
09-21 19:28:33.720 D/BluetoothSap( 8794): getConnectionState(AC:D6:18:C5:CF:03)
09-21 19:28:33.720 V/SapService( 2214): getConnectionState()
09-21 19:28:33.726 W/droid.bluetoot( 2214): Reducing the number of considered missed Gc histogram windows from 360 to 100
09-21 19:28:33.727 E/BluetoothDatabase( 2214): getCustomMeta: device AC:D6:18:C5:CF:03 is not in cache
09-21 19:28:33.729 E/BluetoothDatabase( 2214): getCustomMeta: device AC:D6:18:C5:CF:03 is not in cache
09-21 19:28:33.730 W/BluetoothDatabase( 2214): Invalid metadata key 17
09-21 19:28:33.730 E/BluetoothDatabase( 2214): getCustomMeta: meta key invalid 17
09-21 19:28:33.730 D/AdaptiveHomepageIcon( 8794): Setting background color -339249
09-21 19:28:33.733 D/BluetoothSap( 8794): getConnectionState(AC:D6:18:C5:CF:03)
09-21 19:28:33.734 V/SapService( 2214): getConnectionState()
09-21 19:28:33.737 D/BluetoothEventManager( 8794): DeviceFoundHandler created new CachedBluetoothDevice
09-21 19:28:33.738 E/BluetoothDatabase( 2214): getCustomMeta: device AC:D6:18:C5:CF:03 is not in cache
09-21 19:28:33.740 E/BluetoothDatabase( 2214): getCustomMeta: device AC:D6:18:C5:CF:03 is not in cache
09-21 19:28:33.740 W/BluetoothDatabase( 2214): Invalid metadata key 17
09-21 19:28:33.740 E/BluetoothDatabase( 2214): getCustomMeta: meta key invalid 17
09-21 19:28:33.741 D/AdaptiveHomepageIcon( 8794): Setting background color -339249
09-21 19:28:33.744 D/BluetoothSap( 8794): getConnectionState(AC:D6:18:C5:CF:03)
09-21 19:28:33.744 V/SapService( 2214): getConnectionState()
09-21 19:28:33.748 E/BluetoothDatabase( 2214): getCustomMeta: device AC:D6:18:C5:CF:03 is not in cache
09-21 19:28:33.750 E/BluetoothDatabase( 2214): getCustomMeta: device AC:D6:18:C5:CF:03 is not in cache
09-21 19:28:33.750 W/BluetoothDatabase( 2214): Invalid metadata key 17
09-21 19:28:33.750 E/BluetoothDatabase( 2214): getCustomMeta: meta key invalid 17
09-21 19:28:33.751 D/AdaptiveHomepageIcon( 8794): Setting background color -339249
09-21 19:28:33.754 D/BluetoothSap( 8794): getConnectionState(AC:D6:18:C5:CF:03)
09-21 19:28:33.754 V/SapService( 2214): getConnectionState()
09-21 19:28:33.763 I/vendor.qti.bluetooth@1.0-ibs_handler( 839): ProcessIbsCmd: Received IBS_SLEEP_IND: 0xFE
09-21 19:28:33.846 I/mpu_uart( 671): [MSG-P:RECV]:No message received in 1000 ms
09-21 19:28:33.946 I/am_uid_idle( 1154): 10098
09-21 19:28:34.169 I/vendor.qti.bluetooth@1.0-ibs_handler( 839): DeviceSleep: TX Awake, Sending SLEEP_IND
09-21 19:28:34.169 D/vendor.qti.bluetooth@1.0-ibs_handler( 839): SerialClockVote: vote for UART CLK OFF
01-01 09:08:26.643 D/ ( 0): mv2112_read_status
01-01 09:08:26.648 D/mv2112_update_link( 0): 3.0x901(1G): 0x80
01-01 09:08:26.653 D/mv2112_update_link( 0): 3.0x8109(100M): 0x0
01-01 09:08:26.658 D/mv2112_update_link( 0): link 0x0
01-01 09:08:26.663 D/mv2112_read_status( 0): autoneg is disabled
09-21 19:28:34.319 D/vendor.qti.bluetooth@1.0-wake_lock( 839): Release wakelock is released
09-21 19:28:34.767 I/vendor.qti.bluetooth@1.0-ibs_handler( 839): ProcessIbsCmd: Received IBS_WAKE_IND: 0xFD
09-21 19:28:34.767 D/vendor.qti.bluetooth@1.0-ibs_handler( 839): SerialClockVote: vote for UART CLK ON
09-21 19:28:34.767 D/vendor.qti.bluetooth@1.0-wake_lock( 839): Acquire wakelock is acquired
09-21 19:28:34.767 I/vendor.qti.bluetooth@1.0-ibs_handler( 839): ProcessIbsCmd: Writing IBS_WAKE_ACK
09-21 19:28:34.770 W/bt_btm ( 2214): btm_process_inq_results: BDA: cc:15:31:d1:6b:35
09-21 19:28:34.770 W/bt_btm ( 2214): btm_process_inq_results: Dev class: 2a-01-0c
09-21 19:28:34.770 V/bt_stack( 2214): [VERBOSE1:btm_inq.cc(1033)] BTM_InqDbRead: bd addr cc:15:31:d1:6b:35
09-21 19:28:34.771 D/bt_btif_config( 2214): btif_get_device_type: Device [cc:15:31:d1:6b:35] type 1
09-21 19:28:34.771 D/BluetoothRemoteDevices( 2214): Property type: 2
09-21 19:28:34.772 D/BluetoothRemoteDevices( 2214): Remote Address is:CC:15:31:D1:6B:35
09-21 19:28:34.772 D/BluetoothRemoteDevices( 2214): Property type: 1
09-21 19:28:34.772 D/BluetoothRemoteDevices( 2214): Skip name update for CC:15:31:D1:6B:35
09-21 19:28:34.772 D/BluetoothRemoteDevices( 2214): Property type: 4
09-21 19:28:34.772 D/BluetoothRemoteDevices( 2214): Skip class update for CC:15:31:D1:6B:35
09-21 19:28:34.772 D/BluetoothRemoteDevices( 2214): Property type: 5
09-21 19:28:34.772 D/BluetoothRemoteDevices( 2214): BT_PROPERTY_TYPE_OF_DEVICE CC:15:31:D1:6B:35
09-21 19:28:34.772 D/BluetoothRemoteDevices( 2214): Property type: 11
09-21 19:28:34.773 D/BluetoothRemoteDevices( 2214): deviceFoundCallback: Remote Address is:CC:15:31:D1:6B:35
09-21 19:28:34.778 E/BluetoothDatabase( 2214): getCustomMeta: device CC:15:31:D1:6B:35 is not in cache
09-21 19:28:34.781 E/BluetoothDatabase( 2214): getCustomMeta: device CC:15:31:D1:6B:35 is not in cache
09-21 19:28:34.781 W/BluetoothDatabase( 2214): Invalid metadata key 17
09-21 19:28:34.781 E/BluetoothDatabase( 2214): getCustomMeta: meta key invalid 17
09-21 19:28:34.782 D/AdaptiveHomepageIcon( 8794): Setting background color -1453315
09-21 19:28:34.785 D/BluetoothSap( 8794): getConnectionState(CC:15:31:D1:6B:35)
09-21 19:28:34.785 V/SapService( 2214): getConnectionState()
09-21 19:28:34.789 E/BluetoothDatabase( 2214): getCustomMeta: device CC:15:31:D1:6B:35 is not in cache
09-21 19:28:34.790 E/BluetoothDatabase( 2214): getCustomMeta: device CC:15:31:D1:6B:35 is not in cache
09-21 19:28:34.791 W/BluetoothDatabase( 2214): Invalid metadata key 17
09-21 19:28:34.791 E/BluetoothDatabase( 2214): getCustomMeta: meta key invalid 17
09-21 19:28:34.791 D/AdaptiveHomepageIcon( 8794): Setting background color -1453315
09-21 19:28:34.794 D/BluetoothSap( 8794): getConnectionState(CC:15:31:D1:6B:35)
09-21 19:28:34.795 V/SapService( 2214): getConnectionState()
09-21 19:28:34.837 V/bt_stack( 2214): [VERBOSE1:btm_ble_gap.cc(2726)] btm_ble_process_ext_adv_pkt: bda=2f:6a:67:78:12:fc
09-21 19:28:34.837 V/bt_stack( 2214): [VERBOSE1:btm_ble_gap.cc(2650)] btm_ble_process_adv_addr: bda=2f:6a:67:78:12:fc
09-21 19:28:34.838 V/bt_stack( 2214): [VERBOSE1:btm_ble_gap.cc(2886)] btm_ble_process_adv_pkt_cont skipped BDA 2f:6a:67:78:12:fc
09-21 19:28:34.846 I/mpu_uart( 671): [MSG-P:RECV]:No message received in 1000 ms
09-21 19:28:34.880 V/bt_stack( 2214): [VERBOSE1:btm_ble_gap.cc(2726)] btm_ble_process_ext_adv_pkt: bda=62:7e:5d:bf:53:cf
09-21 19:28:34.880 V/bt_stack( 2214): [VERBOSE1:btm_ble_gap.cc(2650)] btm_ble_process_adv_addr: bda=62:7e:5d:bf:53:cf
09-21 19:28:34.880 V/bt_stack( 2214): [VERBOSE1:btm_ble_gap.cc(2855)] Waiting for scan response 62:7e:5d:bf:53:cf
09-21 19:28:34.882 V/bt_stack( 2214): [VERBOSE1:btm_ble_gap.cc(2726)] btm_ble_process_ext_adv_pkt: bda=10:5c:01:bc:5e:23
09-21 19:28:34.882 V/bt_stack( 2214): [VERBOSE1:btm_ble_gap.cc(2650)] btm_ble_process_adv_addr: bda=10:5c:01:bc:5e:23
09-21 19:28:34.882 V/bt_stack( 2214): [VERBOSE1:btm_ble_gap.cc(2886)] btm_ble_process_adv_pkt_cont skipped BDA 10:5c:01:bc:5e:23
09-21 19:28:34.886 V/bt_stack( 2214): [VERBOSE1:btm_ble_gap.cc(2726)] btm_ble_process_ext_adv_pkt: bda=77:5f:93:c5:51:d7
09-21 19:28:34.886 V/bt_stack( 2214): [VERBOSE1:btm_ble_gap.cc(2650)] btm_ble_process_adv_addr: bda=77:5f:93:c5:51:d7
09-21 19:28:34.887 V/bt_stack( 2214): [VERBOSE1:btm_ble_gap.cc(2855)] Waiting for scan response 77:5f:93:c5:51:d7
09-21 19:28:34.887 V/bt_stack( 2214): [VERBOSE1:btm_ble_gap.cc(2726)] btm_ble_process_ext_adv_pkt: bda=0d:48:6f:53:8a:67
09-21 19:28:34.887 V/bt_stack( 2214): [VERBOSE1:btm_ble_gap.cc(2650)] btm_ble_process_adv_addr: bda=0d:48:6f:53:8a:67
09-21 19:28:34.888 V/bt_stack( 2214): [VERBOSE1:btm_ble_gap.cc(2886)] btm_ble_process_adv_pkt_cont skipped BDA 0d:48:6f:53:8a:67
09-21 19:28:34.890 V/bt_stack( 2214): [VERBOSE1:btm_ble_gap.cc(2726)] btm_ble_process_ext_adv_pkt: bda=3c:64:be:e3:17:01
09-21 19:28:34.890 V/bt_stack( 2214): [VERBOSE1:btm_ble_gap.cc(2650)] btm_ble_process_adv_addr: bda=3c:64:be:e3:17:01
09-21 19:28:34.890 V/bt_stack( 2214): [VERBOSE1:btm_ble_gap.cc(2886)] btm_ble_process_adv_pkt_cont skipped BDA 3c:64:be:e3:17:01
09-21 19:28:34.892 V/bt_stack( 2214): [VERBOSE1:btm_ble_gap.cc(2726)] btm_ble_process_ext_adv_pkt: bda=7e:0b:6a:5f:d6:b7
09-21 19:28:34.892 V/bt_stack( 2214): [VERBOSE1:btm_ble_gap.cc(2650)] btm_ble_process_adv_addr: bda=7e:0b:6a:5f:d6:b7
09-21 19:28:34.892 V/bt_stack( 2214): [VERBOSE1:btm_ble_gap.cc(2855)] Waiting for scan response 7e:0b:6a:5f:d6:b7
09-21 19:28:34.894 V/bt_stack( 2214): [VERBOSE1:btm_ble_gap.cc(2726)] btm_ble_process_ext_adv_pkt: bda=7e:0b:6a:5f:d6:b7
09-21 19:28:34.894 V/bt_stack( 2214): [VERBOSE1:btm_ble_gap.cc(2650)] btm_ble_process_adv_addr: bda=7e:0b:6a:5f:d6:b7
09-21 19:28:34.894 V/bt_stack( 2214): [VERBOSE1:btm_ble_gap.cc(2886)] btm_ble_process_adv_pkt_cont skipped BDA 7e:0b:6a:5f:d6:b7
09-21 19:28:34.896 V/bt_stack( 2214): [VERBOSE1:btm_ble_gap.cc(2726)] btm_ble_process_ext_adv_pkt: bda=34:50:1c:f3:3d:15
09-21 19:28:34.896 V/bt_stack( 2214): [VERBOSE1:btm_ble_gap.cc(2650)] btm_ble_process_adv_addr: bda=34:50:1c:f3:3d:15
09-21 19:28:34.896 V/bt_stack( 2214): [VERBOSE1:btm_ble_gap.cc(2886)] btm_ble_process_adv_pkt_cont skipped BDA 34:50:1c:f3:3d:15
09-21 19:28:34.897 V/bt_stack( 2214): [VERBOSE1:btm_ble_gap.cc(2726)] btm_ble_process_ext_adv_pkt: bda=24:e6:de:31:44:d4
09-21 19:28:34.897 V/bt_stack( 2214): [VERBOSE1:btm_ble_gap.cc(2650)] btm_ble_process_adv_addr: bda=24:e6:de:31:44:d4
09-21 19:28:34.898 V/bt_stack( 2214): [VERBOSE1:btm_ble_gap.cc(2886)] btm_ble_process_adv_pkt_cont skipped BDA 24:e6:de:31:44:d4
01-01 09:08:27.304 I/IRQ 5 ( 0): no longer affine to CPU5
09-21 19:28:34.904 V/bt_stack( 2214): [VERBOSE1:btm_ble_gap.cc(2726)] btm_ble_process_ext_adv_pkt: bda=6a:79:1b:3a:2a:f6
09-21 19:28:34.904 V/bt_stack( 2214): [VERBOSE1:btm_ble_gap.cc(2650)] btm_ble_process_adv_addr: bda=6a:79:1b:3a:2a:f6
09-21 19:28:34.904 V/bt_stack( 2214): [VERBOSE1:btm_ble_gap.cc(2855)] Waiting for scan response 6a:79:1b:3a:2a:f6
09-21 19:28:34.905 V/bt_stack( 2214): [VERBOSE1:btm_ble_gap.cc(2726)] btm_ble_process_ext_adv_pkt: bda=6a:79:1b:3a:2a:f6
09-21 19:28:34.905 V/bt_stack( 2214): [VERBOSE1:btm_ble_gap.cc(2650)] btm_ble_process_adv_addr: bda=6a:79:1b:3a:2a:f6
09-21 19:28:34.905 V/bt_stack( 2214): [VERBOSE1:btm_inq.cc(1033)] BTM_InqDbRead: bd addr 6a:79:1b:3a:2a:f6
09-21 19:28:34.906 D/bt_btif_config( 2214): btif_get_device_type: Device [6a:79:1b:3a:2a:f6] type 2
09-21 19:28:34.907 V/bt_stack( 2214): [VERBOSE1:btm_ble_gap.cc(2726)] btm_ble_process_ext_adv_pkt: bda=cf:25:c7:e0:99:ac
09-21 19:28:34.907 V/bt_stack( 2214): [VERBOSE1:btm_ble_gap.cc(2650)] btm_ble_process_adv_addr: bda=cf:25:c7:e0:99:ac
09-21 19:28:34.907 W/bt_btm_ble( 2214): btm_ble_process_adv_pkt_cont device no longer discoverable, discarding advertising packet
09-21 19:28:34.907 D/BluetoothRemoteDevices( 2214): Property type: 2
09-21 19:28:34.908 D/BluetoothRemoteDevices( 2214): Remote Address is:6A:79:1B:3A:2A:F6
09-21 19:28:34.908 D/BluetoothRemoteDevices( 2214): Property type: 5
09-21 19:28:34.908 D/BluetoothRemoteDevices( 2214): BT_PROPERTY_TYPE_OF_DEVICE 6A:79:1B:3A:2A:F6
09-21 19:28:34.908 D/BluetoothRemoteDevices( 2214): Property type: 11
09-21 19:28:34.908 D/BluetoothRemoteDevices( 2214): deviceFoundCallback: Remote Address is:6A:79:1B:3A:2A:F6
09-21 19:28:34.909 V/bt_stack( 2214): [VERBOSE1:btm_ble_gap.cc(2726)] btm_ble_process_ext_adv_pkt: bda=64:b8:67:44:3f:71
09-21 19:28:34.909 V/bt_stack( 2214): [VERBOSE1:btm_ble_gap.cc(2650)] btm_ble_process_adv_addr: bda=64:b8:67:44:3f:71
09-21 19:28:34.909 V/bt_stack( 2214): [VERBOSE1:btm_ble_gap.cc(2855)] Waiting for scan response 64:b8:67:44:3f:71
09-21 19:28:34.910 V/bt_stack( 2214): [VERBOSE1:btm_ble_gap.cc(2726)] btm_ble_process_ext_adv_pkt: bda=64:b8:67:44:3f:71
09-21 19:28:34.910 V/bt_stack( 2214): [VERBOSE1:btm_ble_gap.cc(2650)] btm_ble_process_adv_addr: bda=64:b8:67:44:3f:71
09-21 19:28:34.910 V/bt_stack( 2214): [VERBOSE1:btm_ble_gap.cc(2886)] btm_ble_process_adv_pkt_cont skipped BDA 64:b8:67:44:3f:71
09-21 19:28:34.911 V/bt_stack( 2214): [VERBOSE1:btm_ble_gap.cc(2726)] btm_ble_process_ext_adv_pkt: bda=22:8c:ff:6a:3f:3c
09-21 19:28:34.911 V/bt_stack( 2214): [VERBOSE1:btm_ble_gap.cc(2650)] btm_ble_process_adv_addr: bda=22:8c:ff:6a:3f:3c
09-21 19:28:34.911 V/bt_stack( 2214): [VERBOSE1:btm_ble_gap.cc(2886)] btm_ble_process_adv_pkt_cont skipped BDA 22:8c:ff:6a:3f:3c
09-21 19:28:34.913 V/bt_stack( 2214): [VERBOSE1:btm_ble_gap.cc(2726)] btm_ble_process_ext_adv_pkt: bda=7a:b0:04:0b:8e:cb
09-21 19:28:34.914 V/bt_stack( 2214): [VERBOSE1:btm_ble_gap.cc(2650)] btm_ble_process_adv_addr: bda=7a:b0:04:0b:8e:cb
09-21 19:28:34.914 V/bt_stack( 2214): [VERBOSE1:btm_ble_gap.cc(2855)] Waiting for scan response 7a:b0:04:0b:8e:cb
09-21 19:28:34.914 V/bt_stack( 2214): [VERBOSE1:btm_ble_gap.cc(2726)] btm_ble_process_ext_adv_pkt: bda=7a:b0:04:0b:8e:cb
09-21 19:28:34.914 V/bt_stack( 2214): [VERBOSE1:btm_ble_gap.cc(2650)] btm_ble_process_adv_addr: bda=7a:b0:04:0b:8e:cb
09-21 19:28:34.914 V/bt_stack( 2214): [VERBOSE1:btm_inq.cc(1033)] BTM_InqDbRead: bd addr 7a:b0:04:0b:8e:cb
09-21 19:28:34.914 D/bt_btif_config( 2214): btif_get_device_type: Device [7a:b0:04:0b:8e:cb] type 2
09-21 19:28:34.915 D/BluetoothRemoteDevices( 2214): Property type: 2
09-21 19:28:34.915 D/BluetoothRemoteDevices( 2214): Remote Address is:7A:B0:04:0B:8E:CB
09-21 19:28:34.915 D/BluetoothRemoteDevices( 2214): Property type: 5
09-21 19:28:34.915 D/BluetoothRemoteDevices( 2214): BT_PROPERTY_TYPE_OF_DEVICE 7A:B0:04:0B:8E:CB
09-21 19:28:34.915 D/BluetoothRemoteDevices( 2214): Property type: 11
09-21 19:28:34.916 D/BluetoothRemoteDevices( 2214): deviceFoundCallback: Remote Address is:7A:B0:04:0B:8E:CB
09-21 19:28:34.916 V/bt_stack( 2214): [VERBOSE1:btm_ble_gap.cc(2726)] btm_ble_process_ext_adv_pkt: bda=32:86:8f:48:1e:af
09-21 19:28:34.917 V/bt_stack( 2214): [VERBOSE1:btm_ble_gap.cc(2650)] btm_ble_process_adv_addr: bda=32:86:8f:48:1e:af
09-21 19:28:34.917 V/bt_stack( 2214): [VERBOSE1:btm_ble_gap.cc(2886)] btm_ble_process_adv_pkt_cont skipped BDA 32:86:8f:48:1e:af
09-21 19:28:34.918 V/bt_stack( 2214): [VERBOSE1:btm_ble_gap.cc(2726)] btm_ble_process_ext_adv_pkt: bda=3e:bf:94:1f:7c:fa
09-21 19:28:34.918 V/bt_stack( 2214): [VERBOSE1:btm_ble_gap.cc(2650)] btm_ble_process_adv_addr: bda=3e:bf:94:1f:7c:fa
09-21 19:28:34.918 W/bt_btm_ble( 2214): btm_ble_process_adv_pkt_cont device no longer discoverable, discarding advertising packet
09-21 19:28:34.921 V/bt_stack( 2214): [VERBOSE1:btm_ble_gap.cc(2726)] btm_ble_process_ext_adv_pkt: bda=14:71:2c:be:32:6e
09-21 19:28:34.921 V/bt_stack( 2214): [VERBOSE1:btm_ble_gap.cc(2650)] btm_ble_process_adv_addr: bda=14:71:2c:be:32:6e
09-21 19:28:34.921 V/bt_stack( 2214): [VERBOSE1:btm_ble_gap.cc(2886)] btm_ble_process_adv_pkt_cont skipped BDA 14:71:2c:be:32:6e
09-21 19:28:34.922 V/bt_stack( 2214): [VERBOSE1:btm_ble_gap.cc(2726)] btm_ble_process_ext_adv_pkt: bda=04:7a:0b:1a:01:08
09-21 19:28:34.922 V/bt_stack( 2214): [VERBOSE1:btm_ble_gap.cc(2650)] btm_ble_process_adv_addr: bda=04:7a:0b:1a:01:08
09-21 19:28:34.922 V/bt_stack( 2214): [VERBOSE1:btm_ble_gap.cc(2886)] btm_ble_process_adv_pkt_cont skipped BDA 04:7a:0b:1a:01:08
09-21 19:28:34.924 D/HearingAidService( 2214): getActiveDevices
09-21 19:28:34.926 V/bt_stack( 2214): [VERBOSE1:btm_ble_gap.cc(2726)] btm_ble_process_ext_adv_pkt: bda=36:ee:39:7d:ff:8c
09-21 19:28:34.926 V/bt_stack( 2214): [VERBOSE1:btm_ble_gap.cc(2650)] btm_ble_process_adv_addr: bda=36:ee:39:7d:ff:8c
09-21 19:28:34.926 V/bt_stack( 2214): [VERBOSE1:btm_ble_gap.cc(2886)] btm_ble_process_adv_pkt_cont skipped BDA 36:ee:39:7d:ff:8c
09-21 19:28:34.929 E/BluetoothDatabase( 2214): getCustomMeta: device 6A:79:1B:3A:2A:F6 is not in cache
09-21 19:28:34.934 E/BluetoothDatabase( 2214): getCustomMeta: device 6A:79:1B:3A:2A:F6 is not in cache
09-21 19:28:34.935 V/bt_stack( 2214): [VERBOSE1:btm_ble_gap.cc(2726)] btm_ble_process_ext_adv_pkt: bda=f4:2f:71:bc:ad:cf
09-21 19:28:34.935 V/bt_stack( 2214): [VERBOSE1:btm_ble_gap.cc(2650)] btm_ble_process_adv_addr: bda=f4:2f:71:bc:ad:cf
09-21 19:28:34.935 V/bt_stack( 2214): [VERBOSE1:btm_ble_gap.cc(2855)] Waiting for scan response f4:2f:71:bc:ad:cf
09-21 19:28:34.935 W/BluetoothDatabase( 2214): Invalid metadata key 17
09-21 19:28:34.935 E/BluetoothDatabase( 2214): getCustomMeta: meta key invalid 17
09-21 19:28:34.936 D/AdaptiveHomepageIcon( 8794): Setting background color -69693
09-21 19:28:34.936 V/bt_stack( 2214): [VERBOSE1:btm_ble_gap.cc(2726)] btm_ble_process_ext_adv_pkt: bda=f4:2f:71:bc:ad:cf
09-21 19:28:34.936 V/bt_stack( 2214): [VERBOSE1:btm_ble_gap.cc(2650)] btm_ble_process_adv_addr: bda=f4:2f:71:bc:ad:cf
09-21 19:28:34.936 V/bt_stack( 2214): [VERBOSE1:btm_ble_gap.cc(2886)] btm_ble_process_adv_pkt_cont skipped BDA f4:2f:71:bc:ad:cf
09-21 19:28:34.937 V/bt_stack( 2214): [VERBOSE1:btm_ble_gap.cc(2726)] btm_ble_process_ext_adv_pkt: bda=39:ee:5c:41:ad:e7
09-21 19:28:34.937 V/bt_stack( 2214): [VERBOSE1:btm_ble_gap.cc(2650)] btm_ble_process_adv_addr: bda=39:ee:5c:41:ad:e7
09-21 19:28:34.937 V/bt_stack( 2214): [VERBOSE1:btm_ble_gap.cc(2886)] btm_ble_process_adv_pkt_cont skipped BDA 39:ee:5c:41:ad:e7
09-21 19:28:34.938 V/bt_stack( 2214): [VERBOSE1:btm_ble_gap.cc(2726)] btm_ble_process_ext_adv_pkt: bda=04:7a:0b:18:83:60
09-21 19:28:34.938 V/bt_stack( 2214): [VERBOSE1:btm_ble_gap.cc(2650)] btm_ble_process_adv_addr: bda=04:7a:0b:18:83:60
09-21 19:28:34.938 V/bt_stack( 2214): [VERBOSE1:btm_ble_gap.cc(2886)] btm_ble_process_adv_pkt_cont skipped BDA 04:7a:0b:18:83:60
09-21 19:28:34.940 D/BluetoothSap( 8794): getConnectionState(6A:79:1B:3A:2A:F6)
09-21 19:28:34.941 V/SapService( 2214): getConnectionState()
09-21 19:28:34.946 V/bt_stack( 2214): [VERBOSE1:btm_ble_gap.cc(2726)] btm_ble_process_ext_adv_pkt: bda=22:81:02:38:d2:78
09-21 19:28:34.947 V/bt_stack( 2214): [VERBOSE1:btm_ble_gap.cc(2650)] btm_ble_process_adv_addr: bda=22:81:02:38:d2:78
09-21 19:28:34.947 V/bt_stack( 2214): [VERBOSE1:btm_ble_gap.cc(2886)] btm_ble_process_adv_pkt_cont skipped BDA 22:81:02:38:d2:78
09-21 19:28:34.947 E/BluetoothDatabase( 2214): getCustomMeta: device 6A:79:1B:3A:2A:F6 is not in cache
09-21 19:28:34.949 E/BluetoothDatabase( 2214): getCustomMeta: device 6A:79:1B:3A:2A:F6 is not in cache
09-21 19:28:34.949 W/BluetoothDatabase( 2214): Invalid metadata key 17
09-21 19:28:34.949 E/BluetoothDatabase( 2214): getCustomMeta: meta key invalid 17
09-21 19:28:34.950 D/AdaptiveHomepageIcon( 8794): Setting background color -69693
09-21 19:28:34.952 V/bt_stack( 2214): [VERBOSE1:btm_ble_gap.cc(2726)] btm_ble_process_ext_adv_pkt: bda=02:68:34:f9:72:c2
09-21 19:28:34.952 V/bt_stack( 2214): [VERBOSE1:btm_ble_gap.cc(2650)] btm_ble_process_adv_addr: bda=02:68:34:f9:72:c2
09-21 19:28:34.953 V/bt_stack( 2214): [VERBOSE1:btm_ble_gap.cc(2886)] btm_ble_process_adv_pkt_cont skipped BDA 02:68:34:f9:72:c2
09-21 19:28:34.953 D/BluetoothSap( 8794): getConnectionState(6A:79:1B:3A:2A:F6)
09-21 19:28:34.954 V/SapService( 2214): getConnectionState()
09-21 19:28:34.957 D/BluetoothEventManager( 8794): DeviceFoundHandler created new CachedBluetoothDevice
09-21 19:28:34.957 E/BluetoothDatabase( 2214): getCustomMeta: device 6A:79:1B:3A:2A:F6 is not in cache
09-21 19:28:34.958 V/bt_stack( 2214): [VERBOSE1:btm_ble_gap.cc(2726)] btm_ble_process_ext_adv_pkt: bda=6b:42:90:69:31:af
09-21 19:28:34.958 V/bt_stack( 2214): [VERBOSE1:btm_ble_gap.cc(2650)] btm_ble_process_adv_addr: bda=6b:42:90:69:31:af
09-21 19:28:34.958 V/bt_stack( 2214): [VERBOSE1:btm_ble_gap.cc(2855)] Waiting for scan response 6b:42:90:69:31:af
09-21 19:28:34.959 E/BluetoothDatabase( 2214): getCustomMeta: device 6A:79:1B:3A:2A:F6 is not in cache
09-21 19:28:34.959 V/bt_stack( 2214): [VERBOSE1:btm_ble_gap.cc(2726)] btm_ble_process_ext_adv_pkt: bda=6b:42:90:69:31:af
09-21 19:28:34.959 V/bt_stack( 2214): [VERBOSE1:btm_ble_gap.cc(2650)] btm_ble_process_adv_addr: bda=6b:42:90:69:31:af
09-21 19:28:34.959 V/bt_stack( 2214): [VERBOSE1:btm_inq.cc(1033)] BTM_InqDbRead: bd addr 6b:42:90:69:31:af
09-21 19:28:34.960 W/BluetoothDatabase( 2214): Invalid metadata key 17
09-21 19:28:34.960 D/bt_btif_config( 2214): btif_get_device_type: Device [6b:42:90:69:31:af] type 2
09-21 19:28:34.960 E/BluetoothDatabase( 2214): getCustomMeta: meta key invalid 17
09-21 19:28:34.960 D/AdaptiveHomepageIcon( 8794): Setting background color -69693
09-21 19:28:34.960 D/BluetoothRemoteDevices( 2214): Property type: 2
09-21 19:28:34.960 V/bt_stack( 2214): [VERBOSE1:btm_ble_gap.cc(2726)] btm_ble_process_ext_adv_pkt: bda=1a:39:42:f3:de:2e
09-21 19:28:34.961 D/BluetoothRemoteDevices( 2214): Remote Address is:6B:42:90:69:31:AF
09-21 19:28:34.961 D/BluetoothRemoteDevices( 2214): Property type: 5
09-21 19:28:34.961 D/BluetoothRemoteDevices( 2214): BT_PROPERTY_TYPE_OF_DEVICE 6B:42:90:69:31:AF
09-21 19:28:34.961 V/bt_stack( 2214): [VERBOSE1:btm_ble_gap.cc(2650)] btm_ble_process_adv_addr: bda=1a:39:42:f3:de:2e
09-21 19:28:34.961 D/BluetoothRemoteDevices( 2214): Property type: 11
09-21 19:28:34.961 V/bt_stack( 2214): [VERBOSE1:btm_ble_gap.cc(2886)] btm_ble_process_adv_pkt_cont skipped BDA 1a:39:42:f3:de:2e
09-21 19:28:34.961 D/BluetoothRemoteDevices( 2214): deviceFoundCallback: Remote Address is:6B:42:90:69:31:AF
09-21 19:28:34.963 D/BluetoothSap( 8794): getConnectionState(6A:79:1B:3A:2A:F6)
09-21 19:28:34.963 V/SapService( 2214): getConnectionState()
09-21 19:28:34.963 V/bt_stack( 2214): [VERBOSE1:btm_ble_gap.cc(2726)] btm_ble_process_ext_adv_pkt: bda=21:2b:31:5e:59:18
09-21 19:28:34.963 V/bt_stack( 2214): [VERBOSE1:btm_ble_gap.cc(2650)] btm_ble_process_adv_addr: bda=21:2b:31:5e:59:18
09-21 19:28:34.964 V/bt_stack( 2214): [VERBOSE1:btm_ble_gap.cc(2886)] btm_ble_process_adv_pkt_cont skipped BDA 21:2b:31:5e:59:18
09-21 19:28:34.966 E/BluetoothDatabase( 2214): getCustomMeta: device 6A:79:1B:3A:2A:F6 is not in cache
09-21 19:28:34.968 E/BluetoothDatabase( 2214): getCustomMeta: device 6A:79:1B:3A:2A:F6 is not in cache
09-21 19:28:34.968 W/BluetoothDatabase( 2214): Invalid metadata key 17
09-21 19:28:34.968 E/BluetoothDatabase( 2214): getCustomMeta: meta key invalid 17
09-21 19:28:34.969 D/AdaptiveHomepageIcon( 8794): Setting background color -69693
09-21 19:28:34.970 V/bt_stack( 2214): [VERBOSE1:btm_ble_gap.cc(2726)] btm_ble_process_ext_adv_pkt: bda=04:7a:0b:1a:00:fc
09-21 19:28:34.970 V/bt_stack( 2214): [VERBOSE1:btm_ble_gap.cc(2650)] btm_ble_process_adv_addr: bda=04:7a:0b:1a:00:fc
09-21 19:28:34.970 V/bt_stack( 2214): [VERBOSE1:btm_ble_gap.cc(2855)] Waiting for scan response 04:7a:0b:1a:00:fc
09-21 19:28:34.971 V/bt_stack( 2214): [VERBOSE1:btm_ble_gap.cc(2726)] btm_ble_process_ext_adv_pkt: bda=38:dc:cb:8e:be:99
09-21 19:28:34.971 V/bt_stack( 2214): [VERBOSE1:btm_ble_gap.cc(2650)] btm_ble_process_adv_addr: bda=38:dc:cb:8e:be:99
09-21 19:28:34.971 D/BluetoothSap( 8794): getConnectionState(6A:79:1B:3A:2A:F6)
09-21 19:28:34.971 V/bt_stack( 2214): [VERBOSE1:btm_ble_gap.cc(2886)] btm_ble_process_adv_pkt_cont skipped BDA 38:dc:cb:8e:be:99
09-21 19:28:34.972 V/SapService( 2214): getConnectionState()
09-21 19:28:34.972 V/bt_stack( 2214): [VERBOSE1:btm_ble_gap.cc(2726)] btm_ble_process_ext_adv_pkt: bda=38:92:a7:35:61:27
09-21 19:28:34.972 V/bt_stack( 2214): [VERBOSE1:btm_ble_gap.cc(2650)] btm_ble_process_adv_addr: bda=38:92:a7:35:61:27
09-21 19:28:34.973 V/bt_stack( 2214): [VERBOSE1:btm_ble_gap.cc(2886)] btm_ble_process_adv_pkt_cont skipped BDA 38:92:a7:35:61:27
09-21 19:28:34.974 V/bt_stack( 2214): [VERBOSE1:btm_ble_gap.cc(2726)] btm_ble_process_ext_adv_pkt: bda=04:7a:0b:1a:00:fc
09-21 19:28:34.974 V/bt_stack( 2214): [VERBOSE1:btm_ble_gap.cc(2650)] btm_ble_process_adv_addr: bda=04:7a:0b:1a:00:fc
09-21 19:28:34.974 V/bt_stack( 2214): [VERBOSE1:btm_inq.cc(1033)] BTM_InqDbRead: bd addr 04:7a:0b:1a:00:fc
09-21 19:28:34.975 D/bt_btif_config( 2214): btif_get_device_type: Device [04:7a:0b:1a:00:fc] type 3
09-21 19:28:34.975 D/BluetoothRemoteDevices( 2214): Property type: 2
09-21 19:28:34.975 D/BluetoothRemoteDevices( 2214): Remote Address is:04:7A:0B:1A:00:FC
09-21 19:28:34.975 D/BluetoothRemoteDevices( 2214): Property type: 5
09-21 19:28:34.975 D/BluetoothRemoteDevices( 2214): BT_PROPERTY_TYPE_OF_DEVICE 04:7A:0B:1A:00:FC
09-21 19:28:34.975 D/BluetoothRemoteDevices( 2214): Property type: 11
09-21 19:28:34.975 D/BluetoothRemoteDevices( 2214): deviceFoundCallback: Remote Address is:04:7A:0B:1A:00:FC
09-21 19:28:34.976 E/BluetoothDatabase( 2214): getCustomMeta: device 7A:B0:04:0B:8E:CB is not in cache
09-21 19:28:34.977 V/bt_stack( 2214): [VERBOSE1:btm_ble_gap.cc(2726)] btm_ble_process_ext_adv_pkt: bda=7f:d0:e5:89:0a:9e
09-21 19:28:34.977 V/bt_stack( 2214): [VERBOSE1:btm_ble_gap.cc(2650)] btm_ble_process_adv_addr: bda=7f:d0:e5:89:0a:9e
09-21 19:28:34.977 V/bt_stack( 2214): [VERBOSE1:btm_ble_gap.cc(2855)] Waiting for scan response 7f:d0:e5:89:0a:9e
09-21 19:28:34.977 E/BluetoothDatabase( 2214): getCustomMeta: device 7A:B0:04:0B:8E:CB is not in cache
09-21 19:28:34.978 W/BluetoothDatabase( 2214): Invalid metadata key 17
09-21 19:28:34.978 E/BluetoothDatabase( 2214): getCustomMeta: meta key invalid 17
09-21 19:28:34.978 V/bt_stack( 2214): [VERBOSE1:btm_ble_gap.cc(2726)] btm_ble_process_ext_adv_pkt: bda=7f:d0:e5:89:0a:9e
09-21 19:28:34.978 V/bt_stack( 2214): [VERBOSE1:btm_ble_gap.cc(2650)] btm_ble_process_adv_addr: bda=7f:d0:e5:89:0a:9e
09-21 19:28:34.978 V/bt_stack( 2214): [VERBOSE1:btm_inq.cc(1033)] BTM_InqDbRead: bd addr 7f:d0:e5:89:0a:9e
09-21 19:28:34.978 D/AdaptiveHomepageIcon( 8794): Setting background color -3216682
09-21 19:28:34.978 D/bt_btif_config( 2214): btif_get_device_type: Device [7f:d0:e5:89:0a:9e] type 2
09-21 19:28:34.979 D/BluetoothRemoteDevices( 2214): Property type: 2
09-21 19:28:34.979 D/BluetoothRemoteDevices( 2214): Remote Address is:7F:D0:E5:89:0A:9E
09-21 19:28:34.979 D/BluetoothRemoteDevices( 2214): Property type: 5
09-21 19:28:34.980 D/BluetoothRemoteDevices( 2214): BT_PROPERTY_TYPE_OF_DEVICE 7F:D0:E5:89:0A:9E
09-21 19:28:34.980 D/BluetoothRemoteDevices( 2214): Property type: 11
09-21 19:28:34.980 D/BluetoothRemoteDevices( 2214): deviceFoundCallback: Remote Address is:7F:D0:E5:89:0A:9E
09-21 19:28:34.981 D/BluetoothSap( 8794): getConnectionState(7A:B0:04:0B:8E:CB)
09-21 19:28:34.981 V/SapService( 2214): getConnectionState()
09-21 19:28:34.984 V/bt_stack( 2214): [VERBOSE1:btm_ble_gap.cc(2726)] btm_ble_process_ext_adv_pkt: bda=10:5c:01:bc:5e:23
09-21 19:28:34.984 V/bt_stack( 2214): [VERBOSE1:btm_ble_gap.cc(2650)] btm_ble_process_adv_addr: bda=10:5c:01:bc:5e:23
09-21 19:28:34.985 V/bt_stack( 2214): [VERBOSE1:btm_ble_gap.cc(2886)] btm_ble_process_adv_pkt_cont skipped BDA 10:5c:01:bc:5e:23
09-21 19:28:34.985 E/BluetoothDatabase( 2214): getCustomMeta: device 7A:B0:04:0B:8E:CB is not in cache
09-21 19:28:34.986 V/bt_stack( 2214): [VERBOSE1:btm_ble_gap.cc(2726)] btm_ble_process_ext_adv_pkt: bda=79:5a:c2:c9:1e:42
09-21 19:28:34.986 V/bt_stack( 2214): [VERBOSE1:btm_ble_gap.cc(2650)] btm_ble_process_adv_addr: bda=79:5a:c2:c9:1e:42
09-21 19:28:34.986 E/BluetoothDatabase( 2214): getCustomMeta: device 7A:B0:04:0B:8E:CB is not in cache
09-21 19:28:34.986 V/bt_stack( 2214): [VERBOSE1:btm_ble_gap.cc(2886)] btm_ble_process_adv_pkt_cont skipped BDA 79:5a:c2:c9:1e:42
09-21 19:28:34.987 W/BluetoothDatabase( 2214): Invalid metadata key 17
09-21 19:28:34.987 E/BluetoothDatabase( 2214): getCustomMeta: meta key invalid 17
09-21 19:28:34.987 D/AdaptiveHomepageIcon( 8794): Setting background color -3216682
09-21 19:28:34.990 D/BluetoothSap( 8794): getConnectionState(7A:B0:04:0B:8E:CB)
09-21 19:28:34.990 V/SapService( 2214): getConnectionState()
09-21 19:28:34.991 V/bt_stack( 2214): [VERBOSE1:btm_ble_gap.cc(2726)] btm_ble_process_ext_adv_pkt: bda=73:f9:b9:f2:8d:dc
09-21 19:28:34.991 V/bt_stack( 2214): [VERBOSE1:btm_ble_gap.cc(2650)] btm_ble_process_adv_addr: bda=73:f9:b9:f2:8d:dc
09-21 19:28:34.991 V/bt_stack( 2214): [VERBOSE1:btm_ble_gap.cc(2855)] Waiting for scan response 73:f9:b9:f2:8d:dc
09-21 19:28:34.992 V/bt_stack( 2214): [VERBOSE1:btm_ble_gap.cc(2726)] btm_ble_process_ext_adv_pkt: bda=16:cb:14:b0:6d:ca
09-21 19:28:34.992 V/bt_stack( 2214): [VERBOSE1:btm_ble_gap.cc(2650)] btm_ble_process_adv_addr: bda=16:cb:14:b0:6d:ca
09-21 19:28:34.993 V/bt_stack( 2214): [VERBOSE1:btm_ble_gap.cc(2886)] btm_ble_process_adv_pkt_cont skipped BDA 16:cb:14:b0:6d:ca
09-21 19:28:34.994 E/BluetoothDatabase( 2214): getCustomMeta: device 6B:42:90:69:31:AF is not in cache
09-21 19:28:34.995 E/BluetoothDatabase( 2214): getCustomMeta: device 6B:42:90:69:31:AF is not in cache
09-21 19:28:34.996 W/BluetoothDatabase( 2214): Invalid metadata key 17
09-21 19:28:34.996 E/BluetoothDatabase( 2214): getCustomMeta: meta key invalid 17
09-21 19:28:34.996 D/AdaptiveHomepageIcon( 8794): Setting background color -339249
09-21 19:28:34.998 V/bt_stack( 2214): [VERBOSE1:btm_ble_gap.cc(2726)] btm_ble_process_ext_adv_pkt: bda=5d:d0:ea:c9:8b:06
09-21 19:28:34.998 V/bt_stack( 2214): [VERBOSE1:btm_ble_gap.cc(2650)] btm_ble_process_adv_addr: bda=5d:d0:ea:c9:8b:06
09-21 19:28:34.998 V/bt_stack( 2214): [VERBOSE1:btm_ble_gap.cc(2855)] Waiting for scan response 5d:d0:ea:c9:8b:06
09-21 19:28:34.999 D/BluetoothSap( 8794): getConnectionState(6B:42:90:69:31:AF)
09-21 19:28:34.999 V/bt_stack( 2214): [VERBOSE1:btm_ble_gap.cc(2726)] btm_ble_process_ext_adv_pkt: bda=3c:64:be:e3:17:01
09-21 19:28:34.999 V/bt_stack( 2214): [VERBOSE1:btm_ble_gap.cc(2650)] btm_ble_process_adv_addr: bda=3c:64:be:e3:17:01
09-21 19:28:34.999 V/bt_stack( 2214): [VERBOSE1:btm_ble_gap.cc(2886)] btm_ble_process_adv_pkt_cont skipped BDA 3c:64:be:e3:17:01
09-21 19:28:34.999 V/SapService( 2214): getConnectionState()
09-21 19:28:35.001 V/bt_stack( 2214): [VERBOSE1:btm_ble_gap.cc(2726)] btm_ble_process_ext_adv_pkt: bda=59:8b:15:41:d3:83
09-21 19:28:35.001 V/bt_stack( 2214): [VERBOSE1:btm_ble_gap.cc(2650)] btm_ble_process_adv_addr: bda=59:8b:15:41:d3:83
09-21 19:28:35.002 V/bt_stack( 2214): [VERBOSE1:btm_ble_gap.cc(2855)] Waiting for scan response 59:8b:15:41:d3:83
09-21 19:28:35.002 V/bt_stack( 2214): [VERBOSE1:btm_ble_gap.cc(2726)] btm_ble_process_ext_adv_pkt: bda=59:8b:15:41:d3:83
09-21 19:28:35.002 V/bt_stack( 2214): [VERBOSE1:btm_ble_gap.cc(2650)] btm_ble_process_adv_addr: bda=59:8b:15:41:d3:83
09-21 19:28:35.002 V/bt_stack( 2214): [VERBOSE1:btm_ble_gap.cc(2886)] btm_ble_process_adv_pkt_cont skipped BDA 59:8b:15:41:d3:83
09-21 19:28:35.002 V/bt_stack( 2214): [VERBOSE1:btm_ble_gap.cc(2726)] btm_ble_process_ext_adv_pkt: bda=3f:69:ec:48:74:e4
09-21 19:28:35.003 V/bt_stack( 2214): [VERBOSE1:btm_ble_gap.cc(2650)] btm_ble_process_adv_addr: bda=3f:69:ec:48:74:e4
09-21 19:28:35.003 V/bt_stack( 2214): [VERBOSE1:btm_ble_gap.cc(2886)] btm_ble_process_adv_pkt_cont skipped BDA 3f:69:ec:48:74:e4
09-21 19:28:35.003 E/BluetoothDatabase( 2214): getCustomMeta: device 6B:42:90:69:31:AF is not in cache
09-21 19:28:35.004 E/BluetoothDatabase( 2214): getCustomMeta: device 6B:42:90:69:31:AF is not in cache
09-21 19:28:35.005 W/BluetoothDatabase( 2214): Invalid metadata key 17
09-21 19:28:35.005 E/BluetoothDatabase( 2214): getCustomMeta: meta key invalid 17
09-21 19:28:35.005 D/AdaptiveHomepageIcon( 8794): Setting background color -339249
09-21 19:28:35.006 V/bt_stack( 2214): [VERBOSE1:btm_ble_gap.cc(2726)] btm_ble_process_ext_adv_pkt: bda=d5:54:91:be:f4:71
09-21 19:28:35.006 V/bt_stack( 2214): [VERBOSE1:btm_ble_gap.cc(2650)] btm_ble_process_adv_addr: bda=d5:54:91:be:f4:71
09-21 19:28:35.006 V/bt_stack( 2214): [VERBOSE1:btm_ble_gap.cc(2855)] Waiting for scan response d5:54:91:be:f4:71
09-21 19:28:35.007 V/bt_stack( 2214): [VERBOSE1:btm_ble_gap.cc(2726)] btm_ble_process_ext_adv_pkt: bda=d5:54:91:be:f4:71
09-21 19:28:35.007 V/bt_stack( 2214): [VERBOSE1:btm_ble_gap.cc(2650)] btm_ble_process_adv_addr: bda=d5:54:91:be:f4:71
09-21 19:28:35.007 V/bt_stack( 2214): [VERBOSE1:btm_inq.cc(1033)] BTM_InqDbRead: bd addr d5:54:91:be:f4:71
09-21 19:28:35.007 D/bt_btif_config( 2214): btif_get_device_type: Device [d5:54:91:be:f4:71] type 2
09-21 19:28:35.008 D/BluetoothSap( 8794): getConnectionState(6B:42:90:69:31:AF)
09-21 19:28:35.008 V/SapService( 2214): getConnectionState()
09-21 19:28:35.008 D/BluetoothRemoteDevices( 2214): Property type: 2
09-21 19:28:35.008 D/BluetoothRemoteDevices( 2214): Remote Address is:D5:54:91:BE:F4:71
09-21 19:28:35.008 D/BluetoothRemoteDevices( 2214): Property type: 1
09-21 19:28:35.008 D/BluetoothRemoteDevices( 2214): Skip name update for D5:54:91:BE:F4:71
09-21 19:28:35.008 D/BluetoothRemoteDevices( 2214): Property type: 5
09-21 19:28:35.009 D/BluetoothRemoteDevices( 2214): BT_PROPERTY_TYPE_OF_DEVICE D5:54:91:BE:F4:71
09-21 19:28:35.009 D/BluetoothRemoteDevices( 2214): Property type: 11
