09-21 19:28:23.604 V/bt_stack( 2214): [VERBOSE1:btm_ble_gap.cc(2886)] btm_ble_process_adv_pkt_cont skipped BDA 04:a8:af:7c:64:e3
09-21 19:28:23.605 E/BluetoothDatabase( 2214): getCustomMeta: device 6B:42:90:69:31:AF is not in cache
09-21 19:28:23.605 W/BluetoothDatabase( 2214): Invalid metadata key 17
09-21 19:28:23.605 E/BluetoothDatabase( 2214): getCustomMeta: meta key invalid 17
09-21 19:28:23.606 D/AdaptiveHomepageIcon( 8794): Setting background color -339249
09-21 19:28:23.608 D/BluetoothSap( 8794): getConnectionState(6B:42:90:69:31:AF)
09-21 19:28:23.609 V/SapService( 2214): getConnectionState()
09-21 19:28:23.613 E/BluetoothDatabase( 2214): getCustomMeta: device 6B:42:90:69:31:AF is not in cache
09-21 19:28:23.615 E/BluetoothDatabase( 2214): getCustomMeta: device 6B:42:90:69:31:AF is not in cache
09-21 19:28:23.615 W/BluetoothDatabase( 2214): Invalid metadata key 17
09-21 19:28:23.615 E/BluetoothDatabase( 2214): getCustomMeta: meta key invalid 17
09-21 19:28:23.616 D/AdaptiveHomepageIcon( 8794): Setting background color -339249
09-21 19:28:23.619 D/BluetoothSap( 8794): getConnectionState(6B:42:90:69:31:AF)
09-21 19:28:23.619 V/SapService( 2214): getConnectionState()
09-21 19:28:23.622 V/bt_stack( 2214): [VERBOSE1:btm_ble_gap.cc(2726)] btm_ble_process_ext_adv_pkt: bda=22:81:02:38:d2:78
09-21 19:28:23.622 V/bt_stack( 2214): [VERBOSE1:btm_ble_gap.cc(2650)] btm_ble_process_adv_addr: bda=22:81:02:38:d2:78
09-21 19:28:23.622 D/BluetoothEventManager( 8794): DeviceFoundHandler created new CachedBluetoothDevice
09-21 19:28:23.622 V/bt_stack( 2214): [VERBOSE1:btm_ble_gap.cc(2886)] btm_ble_process_adv_pkt_cont skipped BDA 22:81:02:38:d2:78
09-21 19:28:23.623 E/BluetoothDatabase( 2214): getCustomMeta: device 6B:42:90:69:31:AF is not in cache
09-21 19:28:23.624 E/BluetoothDatabase( 2214): getCustomMeta: device 6B:42:90:69:31:AF is not in cache
09-21 19:28:23.625 W/BluetoothDatabase( 2214): Invalid metadata key 17
09-21 19:28:23.625 E/BluetoothDatabase( 2214): getCustomMeta: meta key invalid 17
09-21 19:28:23.625 D/AdaptiveHomepageIcon( 8794): Setting background color -339249
09-21 19:28:23.628 D/BluetoothSap( 8794): getConnectionState(6B:42:90:69:31:AF)
09-21 19:28:23.628 V/SapService( 2214): getConnectionState()
09-21 19:28:23.630 V/bt_stack( 2214): [VERBOSE1:btm_ble_gap.cc(2726)] btm_ble_process_ext_adv_pkt: bda=64:b8:67:44:3f:71
09-21 19:28:23.630 V/bt_stack( 2214): [VERBOSE1:btm_ble_gap.cc(2650)] btm_ble_process_adv_addr: bda=64:b8:67:44:3f:71
09-21 19:28:23.630 V/bt_stack( 2214): [VERBOSE1:btm_ble_gap.cc(2855)] Waiting for scan response 64:b8:67:44:3f:71
09-21 19:28:23.631 V/bt_stack( 2214): [VERBOSE1:btm_ble_gap.cc(2726)] btm_ble_process_ext_adv_pkt: bda=64:b8:67:44:3f:71
09-21 19:28:23.631 V/bt_stack( 2214): [VERBOSE1:btm_ble_gap.cc(2650)] btm_ble_process_adv_addr: bda=64:b8:67:44:3f:71
09-21 19:28:23.631 V/bt_stack( 2214): [VERBOSE1:btm_ble_gap.cc(2886)] btm_ble_process_adv_pkt_cont skipped BDA 64:b8:67:44:3f:71
09-21 19:28:23.632 E/BluetoothDatabase( 2214): getCustomMeta: device 6B:42:90:69:31:AF is not in cache
09-21 19:28:23.634 E/BluetoothDatabase( 2214): getCustomMeta: device 6B:42:90:69:31:AF is not in cache
09-21 19:28:23.634 W/BluetoothDatabase( 2214): Invalid metadata key 17
09-21 19:28:23.634 E/BluetoothDatabase( 2214): getCustomMeta: meta key invalid 17
09-21 19:28:23.635 D/AdaptiveHomepageIcon( 8794): Setting background color -339249
09-21 19:28:23.638 D/BluetoothSap( 8794): getConnectionState(6B:42:90:69:31:AF)
09-21 19:28:23.638 V/SapService( 2214): getConnectionState()
09-21 19:28:23.638 V/bt_stack( 2214): [VERBOSE1:btm_ble_gap.cc(2726)] btm_ble_process_ext_adv_pkt: bda=04:7a:0b:1a:01:08
09-21 19:28:23.638 V/bt_stack( 2214): [VERBOSE1:btm_ble_gap.cc(2650)] btm_ble_process_adv_addr: bda=04:7a:0b:1a:01:08
09-21 19:28:23.638 V/bt_stack( 2214): [VERBOSE1:btm_ble_gap.cc(2886)] btm_ble_process_adv_pkt_cont skipped BDA 04:7a:0b:1a:01:08
09-21 19:28:23.647 V/bt_stack( 2214): [VERBOSE1:btm_ble_gap.cc(2726)] btm_ble_process_ext_adv_pkt: bda=3c:64:be:e3:17:01
09-21 19:28:23.647 V/bt_stack( 2214): [VERBOSE1:btm_ble_gap.cc(2650)] btm_ble_process_adv_addr: bda=3c:64:be:e3:17:01
09-21 19:28:23.647 V/bt_stack( 2214): [VERBOSE1:btm_ble_gap.cc(2886)] btm_ble_process_adv_pkt_cont skipped BDA 3c:64:be:e3:17:01
09-21 19:28:23.647 V/bt_stack( 2214): [VERBOSE1:btm_ble_gap.cc(2726)] btm_ble_process_ext_adv_pkt: bda=38:92:a7:35:61:27
09-21 19:28:23.647 V/bt_stack( 2214): [VERBOSE1:btm_ble_gap.cc(2650)] btm_ble_process_adv_addr: bda=38:92:a7:35:61:27
09-21 19:28:23.647 V/bt_stack( 2214): [VERBOSE1:btm_ble_gap.cc(2886)] btm_ble_process_adv_pkt_cont skipped BDA 38:92:a7:35:61:27
09-21 19:28:23.648 V/bt_stack( 2214): [VERBOSE1:btm_ble_gap.cc(2726)] btm_ble_process_ext_adv_pkt: bda=38:dc:cb:8e:be:99
09-21 19:28:23.648 V/bt_stack( 2214): [VERBOSE1:btm_ble_gap.cc(2650)] btm_ble_process_adv_addr: bda=38:dc:cb:8e:be:99
09-21 19:28:23.648 V/bt_stack( 2214): [VERBOSE1:btm_ble_gap.cc(2886)] btm_ble_process_adv_pkt_cont skipped BDA 38:dc:cb:8e:be:99
09-21 19:28:23.656 V/bt_stack( 2214): [VERBOSE1:btm_ble_gap.cc(2726)] btm_ble_process_ext_adv_pkt: bda=39:ee:5c:41:ad:e7
09-21 19:28:23.656 V/bt_stack( 2214): [VERBOSE1:btm_ble_gap.cc(2650)] btm_ble_process_adv_addr: bda=39:ee:5c:41:ad:e7
09-21 19:28:23.656 V/bt_stack( 2214): [VERBOSE1:btm_ble_gap.cc(2886)] btm_ble_process_adv_pkt_cont skipped BDA 39:ee:5c:41:ad:e7
09-21 19:28:23.659 V/bt_stack( 2214): [VERBOSE1:btm_ble_gap.cc(2726)] btm_ble_process_ext_adv_pkt: bda=7d:25:1f:15:89:d7
09-21 19:28:23.660 V/bt_stack( 2214): [VERBOSE1:btm_ble_gap.cc(2650)] btm_ble_process_adv_addr: bda=7d:25:1f:15:89:d7
09-21 19:28:23.660 V/bt_stack( 2214): [VERBOSE1:btm_ble_gap.cc(2855)] Waiting for scan response 7d:25:1f:15:89:d7
09-21 19:28:23.660 V/bt_stack( 2214): [VERBOSE1:btm_ble_gap.cc(2726)] btm_ble_process_ext_adv_pkt: bda=24:e6:de:31:44:d4
09-21 19:28:23.660 V/bt_stack( 2214): [VERBOSE1:btm_ble_gap.cc(2650)] btm_ble_process_adv_addr: bda=24:e6:de:31:44:d4
09-21 19:28:23.660 V/bt_stack( 2214): [VERBOSE1:btm_ble_gap.cc(2886)] btm_ble_process_adv_pkt_cont skipped BDA 24:e6:de:31:44:d4
09-21 19:28:23.672 V/bt_stack( 2214): [VERBOSE1:btm_ble_gap.cc(2726)] btm_ble_process_ext_adv_pkt: bda=f4:2f:71:bc:ad:cf
09-21 19:28:23.672 V/bt_stack( 2214): [VERBOSE1:btm_ble_gap.cc(2650)] btm_ble_process_adv_addr: bda=f4:2f:71:bc:ad:cf
09-21 19:28:23.672 V/bt_stack( 2214): [VERBOSE1:btm_ble_gap.cc(2855)] Waiting for scan response f4:2f:71:bc:ad:cf
09-21 19:28:23.672 V/bt_stack( 2214): [VERBOSE1:btm_ble_gap.cc(2726)] btm_ble_process_ext_adv_pkt: bda=f4:2f:71:bc:ad:cf
09-21 19:28:23.672 V/bt_stack( 2214): [VERBOSE1:btm_ble_gap.cc(2650)] btm_ble_process_adv_addr: bda=f4:2f:71:bc:ad:cf
09-21 19:28:23.672 V/bt_stack( 2214): [VERBOSE1:btm_ble_gap.cc(2886)] btm_ble_process_adv_pkt_cont skipped BDA f4:2f:71:bc:ad:cf
09-21 19:28:23.684 V/bt_stack( 2214): [VERBOSE1:btm_ble_gap.cc(2726)] btm_ble_process_ext_adv_pkt: bda=77:5f:93:c5:51:d7
09-21 19:28:23.685 V/bt_stack( 2214): [VERBOSE1:btm_ble_gap.cc(2650)] btm_ble_process_adv_addr: bda=77:5f:93:c5:51:d7
09-21 19:28:23.685 V/bt_stack( 2214): [VERBOSE1:btm_ble_gap.cc(2855)] Waiting for scan response 77:5f:93:c5:51:d7
09-21 19:28:23.686 V/bt_stack( 2214): [VERBOSE1:btm_ble_gap.cc(2726)] btm_ble_process_ext_adv_pkt: bda=14:71:2c:be:32:6e
09-21 19:28:23.686 V/bt_stack( 2214): [VERBOSE1:btm_ble_gap.cc(2650)] btm_ble_process_adv_addr: bda=14:71:2c:be:32:6e
09-21 19:28:23.686 V/bt_stack( 2214): [VERBOSE1:btm_ble_gap.cc(2886)] btm_ble_process_adv_pkt_cont skipped BDA 14:71:2c:be:32:6e
09-21 19:28:23.687 V/bt_stack( 2214): [VERBOSE1:btm_ble_gap.cc(2726)] btm_ble_process_ext_adv_pkt: bda=32:86:8f:48:1e:af
09-21 19:28:23.687 V/bt_stack( 2214): [VERBOSE1:btm_ble_gap.cc(2650)] btm_ble_process_adv_addr: bda=32:86:8f:48:1e:af
09-21 19:28:23.687 V/bt_stack( 2214): [VERBOSE1:btm_ble_gap.cc(2886)] btm_ble_process_adv_pkt_cont skipped BDA 32:86:8f:48:1e:af
09-21 19:28:23.689 V/bt_stack( 2214): [VERBOSE1:btm_ble_gap.cc(2726)] btm_ble_process_ext_adv_pkt: bda=0d:48:6f:53:8a:67
09-21 19:28:23.690 V/bt_stack( 2214): [VERBOSE1:btm_ble_gap.cc(2650)] btm_ble_process_adv_addr: bda=0d:48:6f:53:8a:67
09-21 19:28:23.690 V/bt_stack( 2214): [VERBOSE1:btm_ble_gap.cc(2886)] btm_ble_process_adv_pkt_cont skipped BDA 0d:48:6f:53:8a:67
09-21 19:28:23.691 V/bt_stack( 2214): [VERBOSE1:btm_ble_gap.cc(2726)] btm_ble_process_ext_adv_pkt: bda=02:68:34:f9:72:c2
09-21 19:28:23.691 V/bt_stack( 2214): [VERBOSE1:btm_ble_gap.cc(2650)] btm_ble_process_adv_addr: bda=02:68:34:f9:72:c2
09-21 19:28:23.691 V/bt_stack( 2214): [VERBOSE1:btm_ble_gap.cc(2886)] btm_ble_process_adv_pkt_cont skipped BDA 02:68:34:f9:72:c2
09-21 19:28:23.692 V/bt_stack( 2214): [VERBOSE1:btm_ble_gap.cc(2726)] btm_ble_process_ext_adv_pkt: bda=27:f6:ce:8f:4f:45
09-21 19:28:23.692 V/bt_stack( 2214): [VERBOSE1:btm_ble_gap.cc(2650)] btm_ble_process_adv_addr: bda=27:f6:ce:8f:4f:45
09-21 19:28:23.692 V/bt_stack( 2214): [VERBOSE1:btm_ble_gap.cc(2886)] btm_ble_process_adv_pkt_cont skipped BDA 27:f6:ce:8f:4f:45
09-21 19:28:23.693 V/bt_stack( 2214): [VERBOSE1:btm_ble_gap.cc(2726)] btm_ble_process_ext_adv_pkt: bda=7f:b7:9e:09:d8:de
09-21 19:28:23.693 V/bt_stack( 2214): [VERBOSE1:btm_ble_gap.cc(2650)] btm_ble_process_adv_addr: bda=7f:b7:9e:09:d8:de
09-21 19:28:23.693 W/bt_btm_ble( 2214): btm_ble_process_adv_pkt_cont device no longer discoverable, discarding advertising packet
09-21 19:28:23.699 V/bt_stack( 2214): [VERBOSE1:btm_ble_gap.cc(2726)] btm_ble_process_ext_adv_pkt: bda=3e:f6:cd:92:56:e7
09-21 19:28:23.699 V/bt_stack( 2214): [VERBOSE1:btm_ble_gap.cc(2650)] btm_ble_process_adv_addr: bda=3e:f6:cd:92:56:e7
09-21 19:28:23.699 W/bt_btm_ble( 2214): btm_ble_process_adv_pkt_cont device no longer discoverable, discarding advertising packet
09-21 19:28:23.702 V/bt_stack( 2214): [VERBOSE1:btm_ble_gap.cc(2726)] btm_ble_process_ext_adv_pkt: bda=02:6c:0e:8e:c5:fb
09-21 19:28:23.702 V/bt_stack( 2214): [VERBOSE1:btm_ble_gap.cc(2650)] btm_ble_process_adv_addr: bda=02:6c:0e:8e:c5:fb
09-21 19:28:23.702 V/bt_stack( 2214): [VERBOSE1:btm_ble_gap.cc(2886)] btm_ble_process_adv_pkt_cont skipped BDA 02:6c:0e:8e:c5:fb
09-21 19:28:23.703 V/bt_stack( 2214): [VERBOSE1:btm_ble_gap.cc(2726)] btm_ble_process_ext_adv_pkt: bda=34:50:1c:f3:3d:15
09-21 19:28:23.703 V/bt_stack( 2214): [VERBOSE1:btm_ble_gap.cc(2650)] btm_ble_process_adv_addr: bda=34:50:1c:f3:3d:15
09-21 19:28:23.703 V/bt_stack( 2214): [VERBOSE1:btm_ble_gap.cc(2886)] btm_ble_process_adv_pkt_cont skipped BDA 34:50:1c:f3:3d:15
09-21 19:28:23.711 V/bt_stack( 2214): [VERBOSE1:btm_ble_gap.cc(2726)] btm_ble_process_ext_adv_pkt: bda=04:7a:0b:1a:00:fc
09-21 19:28:23.711 V/bt_stack( 2214): [VERBOSE1:btm_ble_gap.cc(2650)] btm_ble_process_adv_addr: bda=04:7a:0b:1a:00:fc
09-21 19:28:23.711 V/bt_stack( 2214): [VERBOSE1:btm_ble_gap.cc(2886)] btm_ble_process_adv_pkt_cont skipped BDA 04:7a:0b:1a:00:fc
09-21 19:28:23.713 V/bt_stack( 2214): [VERBOSE1:btm_ble_gap.cc(2726)] btm_ble_process_ext_adv_pkt: bda=04:a8:af:7c:64:e3
09-21 19:28:23.713 V/bt_stack( 2214): [VERBOSE1:btm_ble_gap.cc(2650)] btm_ble_process_adv_addr: bda=04:a8:af:7c:64:e3
09-21 19:28:23.713 V/bt_stack( 2214): [VERBOSE1:btm_ble_gap.cc(2886)] btm_ble_process_adv_pkt_cont skipped BDA 04:a8:af:7c:64:e3
09-21 19:28:23.713 V/bt_stack( 2214): [VERBOSE1:btm_ble_gap.cc(2726)] btm_ble_process_ext_adv_pkt: bda=b8:8e:82:95:89:37
09-21 19:28:23.713 V/bt_stack( 2214): [VERBOSE1:btm_ble_gap.cc(2650)] btm_ble_process_adv_addr: bda=b8:8e:82:95:89:37
09-21 19:28:23.714 W/bt_btm_ble( 2214): btm_ble_process_adv_pkt_cont device no longer discoverable, discarding advertising packet
09-21 19:28:23.714 V/bt_stack( 2214): [VERBOSE1:btm_ble_gap.cc(2726)] btm_ble_process_ext_adv_pkt: bda=59:8b:15:41:d3:83
09-21 19:28:23.715 V/bt_stack( 2214): [VERBOSE1:btm_ble_gap.cc(2650)] btm_ble_process_adv_addr: bda=59:8b:15:41:d3:83
09-21 19:28:23.715 V/bt_stack( 2214): [VERBOSE1:btm_ble_gap.cc(2855)] Waiting for scan response 59:8b:15:41:d3:83
09-21 19:28:23.715 V/bt_stack( 2214): [VERBOSE1:btm_ble_gap.cc(2726)] btm_ble_process_ext_adv_pkt: bda=59:8b:15:41:d3:83
09-21 19:28:23.715 V/bt_stack( 2214): [VERBOSE1:btm_ble_gap.cc(2650)] btm_ble_process_adv_addr: bda=59:8b:15:41:d3:83
09-21 19:28:23.715 V/bt_stack( 2214): [VERBOSE1:btm_ble_gap.cc(2886)] btm_ble_process_adv_pkt_cont skipped BDA 59:8b:15:41:d3:83
09-21 19:28:23.721 V/bt_stack( 2214): [VERBOSE1:btm_ble_gap.cc(2726)] btm_ble_process_ext_adv_pkt: bda=1a:39:42:f3:de:2e
09-21 19:28:23.721 V/bt_stack( 2214): [VERBOSE1:btm_ble_gap.cc(2650)] btm_ble_process_adv_addr: bda=1a:39:42:f3:de:2e
09-21 19:28:23.721 V/bt_stack( 2214): [VERBOSE1:btm_ble_gap.cc(2886)] btm_ble_process_adv_pkt_cont skipped BDA 1a:39:42:f3:de:2e
09-21 19:28:23.735 V/bt_stack( 2214): [VERBOSE1:btm_ble_gap.cc(2726)] btm_ble_process_ext_adv_pkt: bda=f4:2f:71:bc:ad:cf
09-21 19:28:23.735 V/bt_stack( 2214): [VERBOSE1:btm_ble_gap.cc(2650)] btm_ble_process_adv_addr: bda=f4:2f:71:bc:ad:cf
09-21 19:28:23.735 V/bt_stack( 2214): [VERBOSE1:btm_ble_gap.cc(2855)] Waiting for scan response f4:2f:71:bc:ad:cf
09-21 19:28:23.735 V/bt_stack( 2214): [VERBOSE1:btm_ble_gap.cc(2726)] btm_ble_process_ext_adv_pkt: bda=f4:2f:71:bc:ad:cf
09-21 19:28:23.735 V/bt_stack( 2214): [VERBOSE1:btm_ble_gap.cc(2650)] btm_ble_process_adv_addr: bda=f4:2f:71:bc:ad:cf
09-21 19:28:23.735 V/bt_stack( 2214): [VERBOSE1:btm_ble_gap.cc(2886)] btm_ble_process_adv_pkt_cont skipped BDA f4:2f:71:bc:ad:cf
09-21 19:28:23.739 V/bt_stack( 2214): [VERBOSE1:btm_ble_gap.cc(2726)] btm_ble_process_ext_adv_pkt: bda=2b:52:ec:a8:82:25
09-21 19:28:23.739 V/bt_stack( 2214): [VERBOSE1:btm_ble_gap.cc(2650)] btm_ble_process_adv_addr: bda=2b:52:ec:a8:82:25
09-21 19:28:23.739 W/bt_btm_ble( 2214): btm_ble_process_adv_pkt_cont device no longer discoverable, discarding advertising packet
09-21 19:28:23.755 V/bt_stack( 2214): [VERBOSE1:btm_ble_gap.cc(2726)] btm_ble_process_ext_adv_pkt: bda=7f:d0:e5:89:0a:9e
09-21 19:28:23.755 V/bt_stack( 2214): [VERBOSE1:btm_ble_gap.cc(2650)] btm_ble_process_adv_addr: bda=7f:d0:e5:89:0a:9e
09-21 19:28:23.755 V/bt_stack( 2214): [VERBOSE1:btm_ble_gap.cc(2855)] Waiting for scan response 7f:d0:e5:89:0a:9e
09-21 19:28:23.755 V/bt_stack( 2214): [VERBOSE1:btm_ble_gap.cc(2726)] btm_ble_process_ext_adv_pkt: bda=3c:64:be:e3:17:01
09-21 19:28:23.755 V/bt_stack( 2214): [VERBOSE1:btm_ble_gap.cc(2650)] btm_ble_process_adv_addr: bda=3c:64:be:e3:17:01
09-21 19:28:23.756 V/bt_stack( 2214): [VERBOSE1:btm_ble_gap.cc(2886)] btm_ble_process_adv_pkt_cont skipped BDA 3c:64:be:e3:17:01
09-21 19:28:23.756 V/bt_stack( 2214): [VERBOSE1:btm_ble_gap.cc(2726)] btm_ble_process_ext_adv_pkt: bda=38:dc:cb:8e:be:99
09-21 19:28:23.756 V/bt_stack( 2214): [VERBOSE1:btm_ble_gap.cc(2650)] btm_ble_process_adv_addr: bda=38:dc:cb:8e:be:99
09-21 19:28:23.756 V/bt_stack( 2214): [VERBOSE1:btm_ble_gap.cc(2886)] btm_ble_process_adv_pkt_cont skipped BDA 38:dc:cb:8e:be:99
09-21 19:28:23.758 V/bt_stack( 2214): [VERBOSE1:btm_ble_gap.cc(2726)] btm_ble_process_ext_adv_pkt: bda=22:81:02:38:d2:78
09-21 19:28:23.758 V/bt_stack( 2214): [VERBOSE1:btm_ble_gap.cc(2650)] btm_ble_process_adv_addr: bda=22:81:02:38:d2:78
09-21 19:28:23.758 V/bt_stack( 2214): [VERBOSE1:btm_ble_gap.cc(2886)] btm_ble_process_adv_pkt_cont skipped BDA 22:81:02:38:d2:78
09-21 19:28:23.768 V/bt_stack( 2214): [VERBOSE1:btm_ble_gap.cc(2726)] btm_ble_process_ext_adv_pkt: bda=24:e6:de:31:44:d4
09-21 19:28:23.768 V/bt_stack( 2214): [VERBOSE1:btm_ble_gap.cc(2650)] btm_ble_process_adv_addr: bda=24:e6:de:31:44:d4
09-21 19:28:23.768 V/bt_stack( 2214): [VERBOSE1:btm_ble_gap.cc(2886)] btm_ble_process_adv_pkt_cont skipped BDA 24:e6:de:31:44:d4
09-21 19:28:23.769 V/bt_stack( 2214): [VERBOSE1:btm_ble_gap.cc(2726)] btm_ble_process_ext_adv_pkt: bda=02:e2:c3:30:22:dc
09-21 19:28:23.770 V/bt_stack( 2214): [VERBOSE1:btm_ble_gap.cc(2650)] btm_ble_process_adv_addr: bda=02:e2:c3:30:22:dc
09-21 19:28:23.770 V/bt_stack( 2214): [VERBOSE1:btm_ble_gap.cc(2886)] btm_ble_process_adv_pkt_cont skipped BDA 02:e2:c3:30:22:dc
09-21 19:28:23.786 V/bt_stack( 2214): [VERBOSE1:btm_ble_gap.cc(2726)] btm_ble_process_ext_adv_pkt: bda=6c:44:95:ed:12:a0
09-21 19:28:23.786 V/bt_stack( 2214): [VERBOSE1:btm_ble_gap.cc(2650)] btm_ble_process_adv_addr: bda=6c:44:95:ed:12:a0
09-21 19:28:23.786 V/bt_stack( 2214): [VERBOSE1:btm_ble_gap.cc(2855)] Waiting for scan response 6c:44:95:ed:12:a0
09-21 19:28:23.786 V/bt_stack( 2214): [VERBOSE1:btm_ble_gap.cc(2726)] btm_ble_process_ext_adv_pkt: bda=32:86:8f:48:1e:af
09-21 19:28:23.786 V/bt_stack( 2214): [VERBOSE1:btm_ble_gap.cc(2650)] btm_ble_process_adv_addr: bda=32:86:8f:48:1e:af
09-21 19:28:23.787 V/bt_stack( 2214): [VERBOSE1:btm_ble_gap.cc(2886)] btm_ble_process_adv_pkt_cont skipped BDA 32:86:8f:48:1e:af
09-21 19:28:23.789 V/bt_stack( 2214): [VERBOSE1:btm_ble_gap.cc(2726)] btm_ble_process_ext_adv_pkt: bda=0d:48:6f:53:8a:67
09-21 19:28:23.789 V/bt_stack( 2214): [VERBOSE1:btm_ble_gap.cc(2650)] btm_ble_process_adv_addr: bda=0d:48:6f:53:8a:67
09-21 19:28:23.789 V/bt_stack( 2214): [VERBOSE1:btm_ble_gap.cc(2886)] btm_ble_process_adv_pkt_cont skipped BDA 0d:48:6f:53:8a:67
09-21 19:28:23.790 V/bt_stack( 2214): [VERBOSE1:btm_ble_gap.cc(2726)] btm_ble_process_ext_adv_pkt: bda=02:68:34:f9:72:c2
09-21 19:28:23.790 V/bt_stack( 2214): [VERBOSE1:btm_ble_gap.cc(2650)] btm_ble_process_adv_addr: bda=02:68:34:f9:72:c2
09-21 19:28:23.790 V/bt_stack( 2214): [VERBOSE1:btm_ble_gap.cc(2886)] btm_ble_process_adv_pkt_cont skipped BDA 02:68:34:f9:72:c2
09-21 19:28:23.792 V/bt_stack( 2214): [VERBOSE1:btm_ble_gap.cc(2726)] btm_ble_process_ext_adv_pkt: bda=14:71:2c:be:32:6e
09-21 19:28:23.792 V/bt_stack( 2214): [VERBOSE1:btm_ble_gap.cc(2650)] btm_ble_process_adv_addr: bda=14:71:2c:be:32:6e
09-21 19:28:23.792 V/bt_stack( 2214): [VERBOSE1:btm_ble_gap.cc(2886)] btm_ble_process_adv_pkt_cont skipped BDA 14:71:2c:be:32:6e
09-21 19:28:23.795 V/bt_stack( 2214): [VERBOSE1:btm_ble_gap.cc(2726)] btm_ble_process_ext_adv_pkt: bda=6b:f5:a9:e6:61:34
09-21 19:28:23.795 V/bt_stack( 2214): [VERBOSE1:btm_ble_gap.cc(2650)] btm_ble_process_adv_addr: bda=6b:f5:a9:e6:61:34
09-21 19:28:23.795 V/bt_stack( 2214): [VERBOSE1:btm_ble_gap.cc(2855)] Waiting for scan response 6b:f5:a9:e6:61:34
09-21 19:28:23.796 V/bt_stack( 2214): [VERBOSE1:btm_ble_gap.cc(2726)] btm_ble_process_ext_adv_pkt: bda=6b:f5:a9:e6:61:34
09-21 19:28:23.796 V/bt_stack( 2214): [VERBOSE1:btm_ble_gap.cc(2650)] btm_ble_process_adv_addr: bda=6b:f5:a9:e6:61:34
09-21 19:28:23.796 V/bt_stack( 2214): [VERBOSE1:btm_ble_gap.cc(2886)] btm_ble_process_adv_pkt_cont skipped BDA 6b:f5:a9:e6:61:34
09-21 19:28:23.797 V/bt_stack( 2214): [VERBOSE1:btm_ble_gap.cc(2726)] btm_ble_process_ext_adv_pkt: bda=27:f6:ce:8f:4f:45
09-21 19:28:23.797 V/bt_stack( 2214): [VERBOSE1:btm_ble_gap.cc(2650)] btm_ble_process_adv_addr: bda=27:f6:ce:8f:4f:45
09-21 19:28:23.797 V/bt_stack( 2214): [VERBOSE1:btm_ble_gap.cc(2886)] btm_ble_process_adv_pkt_cont skipped BDA 27:f6:ce:8f:4f:45
09-21 19:28:23.799 V/bt_stack( 2214): [VERBOSE1:btm_ble_gap.cc(2726)] btm_ble_process_ext_adv_pkt: bda=3f:69:ec:48:74:e4
09-21 19:28:23.799 V/bt_stack( 2214): [VERBOSE1:btm_ble_gap.cc(2650)] btm_ble_process_adv_addr: bda=3f:69:ec:48:74:e4
09-21 19:28:23.799 V/bt_stack( 2214): [VERBOSE1:btm_ble_gap.cc(2886)] btm_ble_process_adv_pkt_cont skipped BDA 3f:69:ec:48:74:e4
09-21 19:28:23.802 V/bt_stack( 2214): [VERBOSE1:btm_ble_gap.cc(2726)] btm_ble_process_ext_adv_pkt: bda=2d:2c:55:e8:e3:41
09-21 19:28:23.802 V/bt_stack( 2214): [VERBOSE1:btm_ble_gap.cc(2650)] btm_ble_process_adv_addr: bda=2d:2c:55:e8:e3:41
09-21 19:28:23.802 V/bt_stack( 2214): [VERBOSE1:btm_ble_gap.cc(2886)] btm_ble_process_adv_pkt_cont skipped BDA 2d:2c:55:e8:e3:41
09-21 19:28:23.803 V/bt_stack( 2214): [VERBOSE1:btm_ble_gap.cc(2726)] btm_ble_process_ext_adv_pkt: bda=3e:f6:cd:92:56:e7
09-21 19:28:23.803 V/bt_stack( 2214): [VERBOSE1:btm_ble_gap.cc(2650)] btm_ble_process_adv_addr: bda=3e:f6:cd:92:56:e7
09-21 19:28:23.803 V/bt_stack( 2214): [VERBOSE1:btm_ble_gap.cc(2886)] btm_ble_process_adv_pkt_cont skipped BDA 3e:f6:cd:92:56:e7
09-21 19:28:23.807 V/bt_stack( 2214): [VERBOSE1:btm_ble_gap.cc(2726)] btm_ble_process_ext_adv_pkt: bda=16:cb:14:b0:6d:ca
09-21 19:28:23.807 V/bt_stack( 2214): [VERBOSE1:btm_ble_gap.cc(2650)] btm_ble_process_adv_addr: bda=16:cb:14:b0:6d:ca
09-21 19:28:23.807 V/bt_stack( 2214): [VERBOSE1:btm_ble_gap.cc(2886)] btm_ble_process_adv_pkt_cont skipped BDA 16:cb:14:b0:6d:ca
09-21 19:28:23.811 V/bt_stack( 2214): [VERBOSE1:btm_ble_gap.cc(2726)] btm_ble_process_ext_adv_pkt: bda=72:5e:bd:47:09:e0
09-21 19:28:23.811 V/bt_stack( 2214): [VERBOSE1:btm_ble_gap.cc(2650)] btm_ble_process_adv_addr: bda=72:5e:bd:47:09:e0
09-21 19:28:23.811 V/bt_stack( 2214): [VERBOSE1:btm_ble_gap.cc(2886)] btm_ble_process_adv_pkt_cont skipped BDA 72:5e:bd:47:09:e0
09-21 19:28:23.822 V/bt_stack( 2214): [VERBOSE1:btm_ble_gap.cc(2726)] btm_ble_process_ext_adv_pkt: bda=10:5c:01:bc:5e:23
09-21 19:28:23.822 V/bt_stack( 2214): [VERBOSE1:btm_ble_gap.cc(2650)] btm_ble_process_adv_addr: bda=10:5c:01:bc:5e:23
09-21 19:28:23.822 V/bt_stack( 2214): [VERBOSE1:btm_ble_gap.cc(2886)] btm_ble_process_adv_pkt_cont skipped BDA 10:5c:01:bc:5e:23
09-21 19:28:23.824 V/bt_stack( 2214): [VERBOSE1:btm_ble_gap.cc(2726)] btm_ble_process_ext_adv_pkt: bda=f4:2f:71:bc:ad:cf
09-21 19:28:23.824 V/bt_stack( 2214): [VERBOSE1:btm_ble_gap.cc(2650)] btm_ble_process_adv_addr: bda=f4:2f:71:bc:ad:cf
09-21 19:28:23.824 V/bt_stack( 2214): [VERBOSE1:btm_ble_gap.cc(2855)] Waiting for scan response f4:2f:71:bc:ad:cf
09-21 19:28:23.825 V/bt_stack( 2214): [VERBOSE1:btm_ble_gap.cc(2726)] btm_ble_process_ext_adv_pkt: bda=f4:2f:71:bc:ad:cf
09-21 19:28:23.825 V/bt_stack( 2214): [VERBOSE1:btm_ble_gap.cc(2650)] btm_ble_process_adv_addr: bda=f4:2f:71:bc:ad:cf
09-21 19:28:23.825 V/bt_stack( 2214): [VERBOSE1:btm_ble_gap.cc(2886)] btm_ble_process_adv_pkt_cont skipped BDA f4:2f:71:bc:ad:cf
09-21 19:28:23.830 V/bt_stack( 2214): [VERBOSE1:btm_ble_gap.cc(2726)] btm_ble_process_ext_adv_pkt: bda=1a:39:42:f3:de:2e
09-21 19:28:23.830 V/bt_stack( 2214): [VERBOSE1:btm_ble_gap.cc(2650)] btm_ble_process_adv_addr: bda=1a:39:42:f3:de:2e
09-21 19:28:23.830 V/bt_stack( 2214): [VERBOSE1:btm_ble_gap.cc(2886)] btm_ble_process_adv_pkt_cont skipped BDA 1a:39:42:f3:de:2e
09-21 19:28:23.834 V/bt_stack( 2214): [VERBOSE1:btm_ble_gap.cc(2726)] btm_ble_process_ext_adv_pkt: bda=0e:f4:16:09:e5:1e
09-21 19:28:23.834 V/bt_stack( 2214): [VERBOSE1:btm_ble_gap.cc(2650)] btm_ble_process_adv_addr: bda=0e:f4:16:09:e5:1e
09-21 19:28:23.834 V/bt_stack( 2214): [VERBOSE1:btm_ble_gap.cc(2886)] btm_ble_process_adv_pkt_cont skipped BDA 0e:f4:16:09:e5:1e
09-21 19:28:23.837 I/mpu_uart( 671): [MSG-P:R]:recv sync frame timeout
09-21 19:28:23.838 I/mpu_uart( 671): [MSG-P:RECV]:No message received in 1000 ms
09-21 19:28:23.841 V/bt_stack( 2214): [VERBOSE1:btm_ble_gap.cc(2726)] btm_ble_process_ext_adv_pkt: bda=2f:6a:67:78:12:fc
09-21 19:28:23.841 V/bt_stack( 2214): [VERBOSE1:btm_ble_gap.cc(2650)] btm_ble_process_adv_addr: bda=2f:6a:67:78:12:fc
09-21 19:28:23.841 V/bt_stack( 2214): [VERBOSE1:btm_ble_gap.cc(2886)] btm_ble_process_adv_pkt_cont skipped BDA 2f:6a:67:78:12:fc
09-21 19:28:23.842 V/bt_stack( 2214): [VERBOSE1:btm_ble_gap.cc(2726)] btm_ble_process_ext_adv_pkt: bda=62:7e:5d:bf:53:cf
09-21 19:28:23.842 V/bt_stack( 2214): [VERBOSE1:btm_ble_gap.cc(2650)] btm_ble_process_adv_addr: bda=62:7e:5d:bf:53:cf
09-21 19:28:23.842 V/bt_stack( 2214): [VERBOSE1:btm_ble_gap.cc(2855)] Waiting for scan response 62:7e:5d:bf:53:cf
09-21 19:28:23.843 V/bt_stack( 2214): [VERBOSE1:btm_ble_gap.cc(2726)] btm_ble_process_ext_adv_pkt: bda=62:7e:5d:bf:53:cf
09-21 19:28:23.843 V/bt_stack( 2214): [VERBOSE1:btm_ble_gap.cc(2650)] btm_ble_process_adv_addr: bda=62:7e:5d:bf:53:cf
09-21 19:28:23.843 V/bt_stack( 2214): [VERBOSE1:btm_ble_gap.cc(2886)] btm_ble_process_adv_pkt_cont skipped BDA 62:7e:5d:bf:53:cf
09-21 19:28:23.850 V/bt_stack( 2214): [VERBOSE1:btm_ble_gap.cc(2726)] btm_ble_process_ext_adv_pkt: bda=7a:b0:04:0b:8e:cb
09-21 19:28:23.850 V/bt_stack( 2214): [VERBOSE1:btm_ble_gap.cc(2650)] btm_ble_process_adv_addr: bda=7a:b0:04:0b:8e:cb
09-21 19:28:23.850 V/bt_stack( 2214): [VERBOSE1:btm_ble_gap.cc(2855)] Waiting for scan response 7a:b0:04:0b:8e:cb
09-21 19:28:23.851 V/bt_stack( 2214): [VERBOSE1:btm_ble_gap.cc(2726)] btm_ble_process_ext_adv_pkt: bda=15:40:17:f7:a5:e7
09-21 19:28:23.851 V/bt_stack( 2214): [VERBOSE1:btm_ble_gap.cc(2650)] btm_ble_process_adv_addr: bda=15:40:17:f7:a5:e7
09-21 19:28:23.851 V/bt_stack( 2214): [VERBOSE1:btm_ble_gap.cc(2886)] btm_ble_process_adv_pkt_cont skipped BDA 15:40:17:f7:a5:e7
09-21 19:28:23.854 V/bt_stack( 2214): [VERBOSE1:btm_ble_gap.cc(2726)] btm_ble_process_ext_adv_pkt: bda=f4:2f:71:bc:ad:cf
09-21 19:28:23.854 V/bt_stack( 2214): [VERBOSE1:btm_ble_gap.cc(2650)] btm_ble_process_adv_addr: bda=f4:2f:71:bc:ad:cf
09-21 19:28:23.854 V/bt_stack( 2214): [VERBOSE1:btm_ble_gap.cc(2855)] Waiting for scan response f4:2f:71:bc:ad:cf
09-21 19:28:23.855 V/bt_stack( 2214): [VERBOSE1:btm_ble_gap.cc(2726)] btm_ble_process_ext_adv_pkt: bda=f4:2f:71:bc:ad:cf
09-21 19:28:23.855 V/bt_stack( 2214): [VERBOSE1:btm_ble_gap.cc(2650)] btm_ble_process_adv_addr: bda=f4:2f:71:bc:ad:cf
09-21 19:28:23.855 V/bt_stack( 2214): [VERBOSE1:btm_ble_gap.cc(2886)] btm_ble_process_adv_pkt_cont skipped BDA f4:2f:71:bc:ad:cf
09-21 19:28:23.856 V/bt_stack( 2214): [VERBOSE1:btm_ble_gap.cc(2726)] btm_ble_process_ext_adv_pkt: bda=38:92:a7:35:61:27
09-21 19:28:23.856 V/bt_stack( 2214): [VERBOSE1:btm_ble_gap.cc(2650)] btm_ble_process_adv_addr: bda=38:92:a7:35:61:27
09-21 19:28:23.856 V/bt_stack( 2214): [VERBOSE1:btm_ble_gap.cc(2886)] btm_ble_process_adv_pkt_cont skipped BDA 38:92:a7:35:61:27
09-21 19:28:23.858 V/bt_stack( 2214): [VERBOSE1:btm_ble_gap.cc(2726)] btm_ble_process_ext_adv_pkt: bda=e9:ea:6b:61:e8:53
09-21 19:28:23.858 V/bt_stack( 2214): [VERBOSE1:btm_ble_gap.cc(2650)] btm_ble_process_adv_addr: bda=e9:ea:6b:61:e8:53
09-21 19:28:23.858 W/bt_btm_ble( 2214): btm_ble_process_adv_pkt_cont device no longer discoverable, discarding advertising packet
09-21 19:28:23.859 V/bt_stack( 2214): [VERBOSE1:btm_ble_gap.cc(2726)] btm_ble_process_ext_adv_pkt: bda=7e:0b:6a:5f:d6:b7
09-21 19:28:23.859 V/bt_stack( 2214): [VERBOSE1:btm_ble_gap.cc(2650)] btm_ble_process_adv_addr: bda=7e:0b:6a:5f:d6:b7
09-21 19:28:23.860 V/bt_stack( 2214): [VERBOSE1:btm_ble_gap.cc(2855)] Waiting for scan response 7e:0b:6a:5f:d6:b7
09-21 19:28:23.860 V/bt_stack( 2214): [VERBOSE1:btm_ble_gap.cc(2726)] btm_ble_process_ext_adv_pkt: bda=7e:0b:6a:5f:d6:b7
09-21 19:28:23.860 V/bt_stack( 2214): [VERBOSE1:btm_ble_gap.cc(2650)] btm_ble_process_adv_addr: bda=7e:0b:6a:5f:d6:b7
09-21 19:28:23.860 V/bt_stack( 2214): [VERBOSE1:btm_ble_gap.cc(2886)] btm_ble_process_adv_pkt_cont skipped BDA 7e:0b:6a:5f:d6:b7
09-21 19:28:23.862 V/bt_stack( 2214): [VERBOSE1:btm_ble_gap.cc(2726)] btm_ble_process_ext_adv_pkt: bda=38:dc:cb:8e:be:99
09-21 19:28:23.862 V/bt_stack( 2214): [VERBOSE1:btm_ble_gap.cc(2650)] btm_ble_process_adv_addr: bda=38:dc:cb:8e:be:99
09-21 19:28:23.862 V/bt_stack( 2214): [VERBOSE1:btm_ble_gap.cc(2886)] btm_ble_process_adv_pkt_cont skipped BDA 38:dc:cb:8e:be:99
09-21 19:28:23.864 V/bt_stack( 2214): [VERBOSE1:btm_ble_gap.cc(2726)] btm_ble_process_ext_adv_pkt: bda=3c:64:be:e3:17:01
09-21 19:28:23.864 V/bt_stack( 2214): [VERBOSE1:btm_ble_gap.cc(2650)] btm_ble_process_adv_addr: bda=3c:64:be:e3:17:01
09-21 19:28:23.864 V/bt_stack( 2214): [VERBOSE1:btm_ble_gap.cc(2886)] btm_ble_process_adv_pkt_cont skipped BDA 3c:64:be:e3:17:01
09-21 19:28:23.868 V/bt_stack( 2214): [VERBOSE1:btm_ble_gap.cc(2726)] btm_ble_process_ext_adv_pkt: bda=24:e6:de:31:44:d4
09-21 19:28:23.868 V/bt_stack( 2214): [VERBOSE1:btm_ble_gap.cc(2650)] btm_ble_process_adv_addr: bda=24:e6:de:31:44:d4
09-21 19:28:23.868 V/bt_stack( 2214): [VERBOSE1:btm_ble_gap.cc(2886)] btm_ble_process_adv_pkt_cont skipped BDA 24:e6:de:31:44:d4
09-21 19:28:23.870 V/bt_stack( 2214): [VERBOSE1:btm_ble_gap.cc(2726)] btm_ble_process_ext_adv_pkt: bda=39:ee:5c:41:ad:e7
09-21 19:28:23.870 V/bt_stack( 2214): [VERBOSE1:btm_ble_gap.cc(2650)] btm_ble_process_adv_addr: bda=39:ee:5c:41:ad:e7
09-21 19:28:23.870 V/bt_stack( 2214): [VERBOSE1:btm_ble_gap.cc(2886)] btm_ble_process_adv_pkt_cont skipped BDA 39:ee:5c:41:ad:e7
09-21 19:28:23.875 V/bt_stack( 2214): [VERBOSE1:btm_ble_gap.cc(2726)] btm_ble_process_ext_adv_pkt: bda=40:b3:5d:d0:70:99
09-21 19:28:23.875 V/bt_stack( 2214): [VERBOSE1:btm_ble_gap.cc(2650)] btm_ble_process_adv_addr: bda=40:b3:5d:d0:70:99
09-21 19:28:23.876 V/bt_stack( 2214): [VERBOSE1:btm_ble_gap.cc(2886)] btm_ble_process_adv_pkt_cont skipped BDA 40:b3:5d:d0:70:99
09-21 19:28:23.876 V/bt_stack( 2214): [VERBOSE1:btm_ble_gap.cc(2726)] btm_ble_process_ext_adv_pkt: bda=e4:bc:af:a8:ac:75
09-21 19:28:23.876 V/bt_stack( 2214): [VERBOSE1:btm_ble_gap.cc(2650)] btm_ble_process_adv_addr: bda=e4:bc:af:a8:ac:75
09-21 19:28:23.876 W/bt_btm_ble( 2214): btm_ble_process_adv_pkt_cont device no longer discoverable, discarding advertising packet
01-01 09:08:16.275 D/ ( 0): mv2112_read_status
01-01 09:08:16.279 D/mv2112_update_link( 0): 3.0x901(1G): 0x80
01-01 09:08:16.284 D/mv2112_update_link( 0): 3.0x8109(100M): 0x0
09-21 19:28:23.878 V/bt_stack( 2214): [VERBOSE1:btm_ble_gap.cc(2726)] btm_ble_process_ext_adv_pkt: bda=02:e2:c3:30:22:dc
09-21 19:28:23.878 V/bt_stack( 2214): [VERBOSE1:btm_ble_gap.cc(2650)] btm_ble_process_adv_addr: bda=02:e2:c3:30:22:dc
09-21 19:28:23.878 V/bt_stack( 2214): [VERBOSE1:btm_ble_gap.cc(2886)] btm_ble_process_adv_pkt_cont skipped BDA 02:e2:c3:30:22:dc
09-21 19:28:23.884 V/bt_stack( 2214): [VERBOSE1:btm_ble_gap.cc(2726)] btm_ble_process_ext_adv_pkt: bda=21:2b:31:5e:59:18
09-21 19:28:23.884 V/bt_stack( 2214): [VERBOSE1:btm_ble_gap.cc(2650)] btm_ble_process_adv_addr: bda=21:2b:31:5e:59:18
09-21 19:28:23.884 V/bt_stack( 2214): [VERBOSE1:btm_ble_gap.cc(2886)] btm_ble_process_adv_pkt_cont skipped BDA 21:2b:31:5e:59:18
01-01 09:08:16.290 D/mv2112_update_link( 0): link 0x0
09-21 19:28:23.888 V/bt_stack( 2214): [VERBOSE1:btm_ble_gap.cc(2726)] btm_ble_process_ext_adv_pkt: bda=32:86:8f:48:1e:af
09-21 19:28:23.888 V/bt_stack( 2214): [VERBOSE1:btm_ble_gap.cc(2650)] btm_ble_process_adv_addr: bda=32:86:8f:48:1e:af
09-21 19:28:23.888 V/bt_stack( 2214): [VERBOSE1:btm_ble_gap.cc(2886)] btm_ble_process_adv_pkt_cont skipped BDA 32:86:8f:48:1e:af
09-21 19:28:23.893 V/bt_stack( 2214): [VERBOSE1:btm_ble_gap.cc(2726)] btm_ble_process_ext_adv_pkt: bda=0d:48:6f:53:8a:67
09-21 19:28:23.893 V/bt_stack( 2214): [VERBOSE1:btm_ble_gap.cc(2650)] btm_ble_process_adv_addr: bda=0d:48:6f:53:8a:67
09-21 19:28:23.893 V/bt_stack( 2214): [VERBOSE1:btm_ble_gap.cc(2886)] btm_ble_process_adv_pkt_cont skipped BDA 0d:48:6f:53:8a:67
01-01 09:08:16.295 D/mv2112_read_status( 0): autoneg is disabled
09-21 19:28:23.895 V/bt_stack( 2214): [VERBOSE1:btm_ble_gap.cc(2726)] btm_ble_process_ext_adv_pkt: bda=14:71:2c:be:32:6e
09-21 19:28:23.895 V/bt_stack( 2214): [VERBOSE1:btm_ble_gap.cc(2650)] btm_ble_process_adv_addr: bda=14:71:2c:be:32:6e
09-21 19:28:23.895 V/bt_stack( 2214): [VERBOSE1:btm_ble_gap.cc(2886)] btm_ble_process_adv_pkt_cont skipped BDA 14:71:2c:be:32:6e
09-21 19:28:23.905 V/bt_stack( 2214): [VERBOSE1:btm_ble_gap.cc(2726)] btm_ble_process_ext_adv_pkt: bda=3f:69:ec:48:74:e4
09-21 19:28:23.905 V/bt_stack( 2214): [VERBOSE1:btm_ble_gap.cc(2650)] btm_ble_process_adv_addr: bda=3f:69:ec:48:74:e4
09-21 19:28:23.905 V/bt_stack( 2214): [VERBOSE1:btm_ble_gap.cc(2886)] btm_ble_process_adv_pkt_cont skipped BDA 3f:69:ec:48:74:e4
09-21 19:28:23.908 V/bt_stack( 2214): [VERBOSE1:btm_ble_gap.cc(2726)] btm_ble_process_ext_adv_pkt: bda=64:b8:67:44:3f:71
09-21 19:28:23.908 V/bt_stack( 2214): [VERBOSE1:btm_ble_gap.cc(2650)] btm_ble_process_adv_addr: bda=64:b8:67:44:3f:71
09-21 19:28:23.908 V/bt_stack( 2214): [VERBOSE1:btm_ble_gap.cc(2855)] Waiting for scan response 64:b8:67:44:3f:71
09-21 19:28:23.909 V/bt_stack( 2214): [VERBOSE1:btm_ble_gap.cc(2726)] btm_ble_process_ext_adv_pkt: bda=64:b8:67:44:3f:71
09-21 19:28:23.909 V/bt_stack( 2214): [VERBOSE1:btm_ble_gap.cc(2650)] btm_ble_process_adv_addr: bda=64:b8:67:44:3f:71
09-21 19:28:23.909 V/bt_stack( 2214): [VERBOSE1:btm_ble_gap.cc(2886)] btm_ble_process_adv_pkt_cont skipped BDA 64:b8:67:44:3f:71
09-21 19:28:23.911 V/bt_stack( 2214): [VERBOSE1:btm_ble_gap.cc(2726)] btm_ble_process_ext_adv_pkt: bda=2d:2c:55:e8:e3:41
09-21 19:28:23.911 V/bt_stack( 2214): [VERBOSE1:btm_ble_gap.cc(2650)] btm_ble_process_adv_addr: bda=2d:2c:55:e8:e3:41
09-21 19:28:23.911 V/bt_stack( 2214): [VERBOSE1:btm_ble_gap.cc(2886)] btm_ble_process_adv_pkt_cont skipped BDA 2d:2c:55:e8:e3:41
09-21 19:28:23.912 V/bt_stack( 2214): [VERBOSE1:btm_ble_gap.cc(2726)] btm_ble_process_ext_adv_pkt: bda=f4:2f:71:bc:ad:cf
09-21 19:28:23.912 V/bt_stack( 2214): [VERBOSE1:btm_ble_gap.cc(2650)] btm_ble_process_adv_addr: bda=f4:2f:71:bc:ad:cf
09-21 19:28:23.912 V/bt_stack( 2214): [VERBOSE1:btm_ble_gap.cc(2855)] Waiting for scan response f4:2f:71:bc:ad:cf
09-21 19:28:23.913 V/bt_stack( 2214): [VERBOSE1:btm_ble_gap.cc(2726)] btm_ble_process_ext_adv_pkt: bda=f4:2f:71:bc:ad:cf
09-21 19:28:23.913 V/bt_stack( 2214): [VERBOSE1:btm_ble_gap.cc(2650)] btm_ble_process_adv_addr: bda=f4:2f:71:bc:ad:cf
09-21 19:28:23.913 V/bt_stack( 2214): [VERBOSE1:btm_ble_gap.cc(2886)] btm_ble_process_adv_pkt_cont skipped BDA f4:2f:71:bc:ad:cf
09-21 19:28:23.919 V/bt_stack( 2214): [VERBOSE1:btm_ble_gap.cc(2726)] btm_ble_process_ext_adv_pkt: bda=02:6c:0e:8e:c5:fb
09-21 19:28:23.919 V/bt_stack( 2214): [VERBOSE1:btm_ble_gap.cc(2650)] btm_ble_process_adv_addr: bda=02:6c:0e:8e:c5:fb
09-21 19:28:23.919 V/bt_stack( 2214): [VERBOSE1:btm_ble_gap.cc(2886)] btm_ble_process_adv_pkt_cont skipped BDA 02:6c:0e:8e:c5:fb
09-21 19:28:23.920 V/bt_stack( 2214): [VERBOSE1:btm_ble_gap.cc(2726)] btm_ble_process_ext_adv_pkt: bda=c2:d6:f9:f4:85:2c
09-21 19:28:23.920 V/bt_stack( 2214): [VERBOSE1:btm_ble_gap.cc(2650)] btm_ble_process_adv_addr: bda=c2:d6:f9:f4:85:2c
09-21 19:28:23.920 V/bt_stack( 2214): [VERBOSE1:btm_ble_gap.cc(2886)] btm_ble_process_adv_pkt_cont skipped BDA c2:d6:f9:f4:85:2c
09-21 19:28:24.000 I/vendor.qti.bluetooth@1.0-ibs_handler( 839): ProcessIbsCmd: Received IBS_SLEEP_IND: 0xFE
09-21 19:28:24.000 D/vendor.qti.bluetooth@1.0-ibs_handler( 839): SerialClockVote: vote for UART CLK OFF
09-21 19:28:24.150 D/vendor.qti.bluetooth@1.0-wake_lock( 839): Release wakelock is released
09-21 19:28:24.838 I/mpu_uart( 671): [MSG-P:RECV]:No message received in 1000 ms
01-01 09:08:17.299 D/ ( 0): mv2112_read_status
01-01 09:08:17.304 D/mv2112_update_link( 0): 3.0x901(1G): 0x80
01-01 09:08:17.311 D/mv2112_update_link( 0): 3.0x8109(100M): 0x0
01-01 09:08:17.316 D/mv2112_update_link( 0): link 0x0
01-01 09:08:17.321 D/mv2112_read_status( 0): autoneg is disabled
09-21 19:28:25.255 I/vendor.qti.bluetooth@1.0-ibs_handler( 839): ProcessIbsCmd: Received IBS_WAKE_IND: 0xFD
09-21 19:28:25.256 D/vendor.qti.bluetooth@1.0-ibs_handler( 839): SerialClockVote: vote for UART CLK ON
09-21 19:28:25.256 D/vendor.qti.bluetooth@1.0-wake_lock( 839): Acquire wakelock is acquired
09-21 19:28:25.256 I/vendor.qti.bluetooth@1.0-ibs_handler( 839): ProcessIbsCmd: Writing IBS_WAKE_ACK
09-21 19:28:25.259 V/bt_stack( 2214): [VERBOSE1:btm_ble_gap.cc(2726)] btm_ble_process_ext_adv_pkt: bda=04:7a:0b:18:83:60
09-21 19:28:25.259 V/bt_stack( 2214): [VERBOSE1:btm_ble_gap.cc(2650)] btm_ble_process_adv_addr: bda=04:7a:0b:18:83:60
09-21 19:28:25.259 V/bt_stack( 2214): [VERBOSE1:btm_ble_gap.cc(2886)] btm_ble_process_adv_pkt_cont skipped BDA 04:7a:0b:18:83:60
09-21 19:28:25.260 V/bt_stack( 2214): [VERBOSE1:btm_ble_gap.cc(2726)] btm_ble_process_ext_adv_pkt: bda=f4:2f:71:bc:ad:cf
09-21 19:28:25.261 V/bt_stack( 2214): [VERBOSE1:btm_ble_gap.cc(2650)] btm_ble_process_adv_addr: bda=f4:2f:71:bc:ad:cf
09-21 19:28:25.261 V/bt_stack( 2214): [VERBOSE1:btm_ble_gap.cc(2855)] Waiting for scan response f4:2f:71:bc:ad:cf
09-21 19:28:25.263 V/bt_stack( 2214): [VERBOSE1:btm_ble_gap.cc(2726)] btm_ble_process_ext_adv_pkt: bda=f4:2f:71:bc:ad:cf
09-21 19:28:25.263 V/bt_stack( 2214): [VERBOSE1:btm_ble_gap.cc(2650)] btm_ble_process_adv_addr: bda=f4:2f:71:bc:ad:cf
09-21 19:28:25.263 V/bt_stack( 2214): [VERBOSE1:btm_ble_gap.cc(2886)] btm_ble_process_adv_pkt_cont skipped BDA f4:2f:71:bc:ad:cf
09-21 19:28:25.265 V/bt_stack( 2214): [VERBOSE1:btm_ble_gap.cc(2726)] btm_ble_process_ext_adv_pkt: bda=7a:b0:04:0b:8e:cb
09-21 19:28:25.265 V/bt_stack( 2214): [VERBOSE1:btm_ble_gap.cc(2650)] btm_ble_process_adv_addr: bda=7a:b0:04:0b:8e:cb
09-21 19:28:25.265 V/bt_stack( 2214): [VERBOSE1:btm_ble_gap.cc(2855)] Waiting for scan response 7a:b0:04:0b:8e:cb
09-21 19:28:25.266 V/bt_stack( 2214): [VERBOSE1:btm_ble_gap.cc(2726)] btm_ble_process_ext_adv_pkt: bda=2d:2c:55:e8:e3:41
09-21 19:28:25.266 V/bt_stack( 2214): [VERBOSE1:btm_ble_gap.cc(2650)] btm_ble_process_adv_addr: bda=2d:2c:55:e8:e3:41
09-21 19:28:25.266 V/bt_stack( 2214): [VERBOSE1:btm_ble_gap.cc(2886)] btm_ble_process_adv_pkt_cont skipped BDA 2d:2c:55:e8:e3:41
09-21 19:28:25.268 V/bt_stack( 2214): [VERBOSE1:btm_ble_gap.cc(2726)] btm_ble_process_ext_adv_pkt: bda=e7:44:2c:db:c2:6b
09-21 19:28:25.268 V/bt_stack( 2214): [VERBOSE1:btm_ble_gap.cc(2650)] btm_ble_process_adv_addr: bda=e7:44:2c:db:c2:6b
09-21 19:28:25.269 W/bt_btm_ble( 2214): btm_ble_process_adv_pkt_cont device no longer discoverable, discarding advertising packet
09-21 19:28:25.270 V/bt_stack( 2214): [VERBOSE1:btm_ble_gap.cc(2726)] btm_ble_process_ext_adv_pkt: bda=04:7a:0b:1a:01:08
09-21 19:28:25.270 V/bt_stack( 2214): [VERBOSE1:btm_ble_gap.cc(2650)] btm_ble_process_adv_addr: bda=04:7a:0b:1a:01:08
09-21 19:28:25.271 V/bt_stack( 2214): [VERBOSE1:btm_ble_gap.cc(2886)] btm_ble_process_adv_pkt_cont skipped BDA 04:7a:0b:1a:01:08
09-21 19:28:25.271 V/bt_stack( 2214): [VERBOSE1:btm_ble_gap.cc(2726)] btm_ble_process_ext_adv_pkt: bda=34:50:1c:f3:3d:15
09-21 19:28:25.271 V/bt_stack( 2214): [VERBOSE1:btm_ble_gap.cc(2650)] btm_ble_process_adv_addr: bda=34:50:1c:f3:3d:15
09-21 19:28:25.272 V/bt_stack( 2214): [VERBOSE1:btm_ble_gap.cc(2886)] btm_ble_process_adv_pkt_cont skipped BDA 34:50:1c:f3:3d:15
09-21 19:28:25.279 V/bt_stack( 2214): [VERBOSE1:btm_ble_gap.cc(2726)] btm_ble_process_ext_adv_pkt: bda=6a:79:1b:3a:2a:f6
09-21 19:28:25.279 V/bt_stack( 2214): [VERBOSE1:btm_ble_gap.cc(2650)] btm_ble_process_adv_addr: bda=6a:79:1b:3a:2a:f6
09-21 19:28:25.279 V/bt_stack( 2214): [VERBOSE1:btm_ble_gap.cc(2855)] Waiting for scan response 6a:79:1b:3a:2a:f6
09-21 19:28:25.280 V/bt_stack( 2214): [VERBOSE1:btm_ble_gap.cc(2726)] btm_ble_process_ext_adv_pkt: bda=64:b8:67:44:3f:71
09-21 19:28:25.280 V/bt_stack( 2214): [VERBOSE1:btm_ble_gap.cc(2650)] btm_ble_process_adv_addr: bda=64:b8:67:44:3f:71
09-21 19:28:25.281 V/bt_stack( 2214): [VERBOSE1:btm_ble_gap.cc(2855)] Waiting for scan response 64:b8:67:44:3f:71
09-21 19:28:25.281 V/bt_stack( 2214): [VERBOSE1:btm_ble_gap.cc(2726)] btm_ble_process_ext_adv_pkt: bda=64:b8:67:44:3f:71
09-21 19:28:25.281 V/bt_stack( 2214): [VERBOSE1:btm_ble_gap.cc(2650)] btm_ble_process_adv_addr: bda=64:b8:67:44:3f:71
09-21 19:28:25.282 V/bt_stack( 2214): [VERBOSE1:btm_ble_gap.cc(2886)] btm_ble_process_adv_pkt_cont skipped BDA 64:b8:67:44:3f:71
09-21 19:28:25.282 V/bt_stack( 2214): [VERBOSE1:btm_ble_gap.cc(2726)] btm_ble_process_ext_adv_pkt: bda=c0:7f:76:aa:cc:c4
09-21 19:28:25.283 V/bt_stack( 2214): [VERBOSE1:btm_ble_gap.cc(2650)] btm_ble_process_adv_addr: bda=c0:7f:76:aa:cc:c4
09-21 19:28:25.283 W/bt_btm_ble( 2214): btm_ble_process_adv_pkt_cont device no longer discoverable, discarding advertising packet
09-21 19:28:25.286 V/bt_stack( 2214): [VERBOSE1:btm_ble_gap.cc(2726)] btm_ble_process_ext_adv_pkt: bda=f4:2f:71:bc:ad:cf
09-21 19:28:25.286 V/bt_stack( 2214): [VERBOSE1:btm_ble_gap.cc(2650)] btm_ble_process_adv_addr: bda=f4:2f:71:bc:ad:cf
09-21 19:28:25.286 V/bt_stack( 2214): [VERBOSE1:btm_ble_gap.cc(2855)] Waiting for scan response f4:2f:71:bc:ad:cf
09-21 19:28:25.288 V/bt_stack( 2214): [VERBOSE1:btm_ble_gap.cc(2726)] btm_ble_process_ext_adv_pkt: bda=f4:2f:71:bc:ad:cf
09-21 19:28:25.288 V/bt_stack( 2214): [VERBOSE1:btm_ble_gap.cc(2650)] btm_ble_process_adv_addr: bda=f4:2f:71:bc:ad:cf
09-21 19:28:25.288 V/bt_stack( 2214): [VERBOSE1:btm_ble_gap.cc(2886)] btm_ble_process_adv_pkt_cont skipped BDA f4:2f:71:bc:ad:cf
09-21 19:28:25.301 V/bt_stack( 2214): [VERBOSE1:btm_ble_gap.cc(2726)] btm_ble_process_ext_adv_pkt: bda=2f:6a:67:78:12:fc
09-21 19:28:25.301 V/bt_stack( 2214): [VERBOSE1:btm_ble_gap.cc(2650)] btm_ble_process_adv_addr: bda=2f:6a:67:78:12:fc
09-21 19:28:25.301 V/bt_stack( 2214): [VERBOSE1:btm_ble_gap.cc(2886)] btm_ble_process_adv_pkt_cont skipped BDA 2f:6a:67:78:12:fc
09-21 19:28:25.311 V/bt_stack( 2214): [VERBOSE1:btm_ble_gap.cc(2726)] btm_ble_process_ext_adv_pkt: bda=f4:2f:71:bc:ad:cf
09-21 19:28:25.311 V/bt_stack( 2214): [VERBOSE1:btm_ble_gap.cc(2650)] btm_ble_process_adv_addr: bda=f4:2f:71:bc:ad:cf
09-21 19:28:25.311 V/bt_stack( 2214): [VERBOSE1:btm_ble_gap.cc(2855)] Waiting for scan response f4:2f:71:bc:ad:cf
09-21 19:28:25.312 V/bt_stack( 2214): [VERBOSE1:btm_ble_gap.cc(2726)] btm_ble_process_ext_adv_pkt: bda=f4:2f:71:bc:ad:cf
09-21 19:28:25.312 V/bt_stack( 2214): [VERBOSE1:btm_ble_gap.cc(2650)] btm_ble_process_adv_addr: bda=f4:2f:71:bc:ad:cf
09-21 19:28:25.312 V/bt_stack( 2214): [VERBOSE1:btm_ble_gap.cc(2886)] btm_ble_process_adv_pkt_cont skipped BDA f4:2f:71:bc:ad:cf
09-21 19:28:25.335 V/bt_stack( 2214): [VERBOSE1:btm_ble_gap.cc(2726)] btm_ble_process_ext_adv_pkt: bda=21:2b:31:5e:59:18
09-21 19:28:25.335 V/bt_stack( 2214): [VERBOSE1:btm_ble_gap.cc(2650)] btm_ble_process_adv_addr: bda=21:2b:31:5e:59:18
09-21 19:28:25.335 V/bt_stack( 2214): [VERBOSE1:btm_ble_gap.cc(2886)] btm_ble_process_adv_pkt_cont skipped BDA 21:2b:31:5e:59:18
09-21 19:28:25.342 V/bt_stack( 2214): [VERBOSE1:btm_ble_gap.cc(2726)] btm_ble_process_ext_adv_pkt: bda=39:ee:5c:41:ad:e7
09-21 19:28:25.342 V/bt_stack( 2214): [VERBOSE1:btm_ble_gap.cc(2650)] btm_ble_process_adv_addr: bda=39:ee:5c:41:ad:e7
09-21 19:28:25.342 V/bt_stack( 2214): [VERBOSE1:btm_ble_gap.cc(2886)] btm_ble_process_adv_pkt_cont skipped BDA 39:ee:5c:41:ad:e7
09-21 19:28:25.357 V/bt_stack( 2214): [VERBOSE1:btm_ble_gap.cc(2726)] btm_ble_process_ext_adv_pkt: bda=77:5f:93:c5:51:d7
09-21 19:28:25.357 V/bt_stack( 2214): [VERBOSE1:btm_ble_gap.cc(2650)] btm_ble_process_adv_addr: bda=77:5f:93:c5:51:d7
09-21 19:28:25.357 V/bt_stack( 2214): [VERBOSE1:btm_ble_gap.cc(2855)] Waiting for scan response 77:5f:93:c5:51:d7
09-21 19:28:25.358 V/bt_stack( 2214): [VERBOSE1:btm_ble_gap.cc(2726)] btm_ble_process_ext_adv_pkt: bda=02:68:34:f9:72:c2
09-21 19:28:25.358 V/bt_stack( 2214): [VERBOSE1:btm_ble_gap.cc(2650)] btm_ble_process_adv_addr: bda=02:68:34:f9:72:c2
09-21 19:28:25.358 V/bt_stack( 2214): [VERBOSE1:btm_ble_gap.cc(2886)] btm_ble_process_adv_pkt_cont skipped BDA 02:68:34:f9:72:c2
09-21 19:28:25.359 V/bt_stack( 2214): [VERBOSE1:btm_ble_gap.cc(2726)] btm_ble_process_ext_adv_pkt: bda=0d:48:6f:53:8a:67
09-21 19:28:25.359 V/bt_stack( 2214): [VERBOSE1:btm_ble_gap.cc(2650)] btm_ble_process_adv_addr: bda=0d:48:6f:53:8a:67
09-21 19:28:25.359 V/bt_stack( 2214): [VERBOSE1:btm_ble_gap.cc(2886)] btm_ble_process_adv_pkt_cont skipped BDA 0d:48:6f:53:8a:67
09-21 19:28:25.360 V/bt_stack( 2214): [VERBOSE1:btm_ble_gap.cc(2726)] btm_ble_process_ext_adv_pkt: bda=32:86:8f:48:1e:af
09-21 19:28:25.360 V/bt_stack( 2214): [VERBOSE1:btm_ble_gap.cc(2650)] btm_ble_process_adv_addr: bda=32:86:8f:48:1e:af
09-21 19:28:25.360 V/bt_stack( 2214): [VERBOSE1:btm_ble_gap.cc(2886)] btm_ble_process_adv_pkt_cont skipped BDA 32:86:8f:48:1e:af
09-21 19:28:25.363 V/bt_stack( 2214): [VERBOSE1:btm_ble_gap.cc(2726)] btm_ble_process_ext_adv_pkt: bda=41:be:04:04:f1:00
09-21 19:28:25.363 V/bt_stack( 2214): [VERBOSE1:btm_ble_gap.cc(2650)] btm_ble_process_adv_addr: bda=41:be:04:04:f1:00
09-21 19:28:25.363 V/bt_stack( 2214): [VERBOSE1:btm_ble_gap.cc(2855)] Waiting for scan response 41:be:04:04:f1:00
09-21 19:28:25.364 V/bt_stack( 2214): [VERBOSE1:btm_ble_gap.cc(2726)] btm_ble_process_ext_adv_pkt: bda=41:be:04:04:f1:00
09-21 19:28:25.364 V/bt_stack( 2214): [VERBOSE1:btm_ble_gap.cc(2650)] btm_ble_process_adv_addr: bda=41:be:04:04:f1:00
09-21 19:28:25.364 V/bt_stack( 2214): [VERBOSE1:btm_ble_gap.cc(2886)] btm_ble_process_adv_pkt_cont skipped BDA 41:be:04:04:f1:00
09-21 19:28:25.365 V/bt_stack( 2214): [VERBOSE1:btm_ble_gap.cc(2726)] btm_ble_process_ext_adv_pkt: bda=7e:0b:6a:5f:d6:b7
09-21 19:28:25.365 V/bt_stack( 2214): [VERBOSE1:btm_ble_gap.cc(2650)] btm_ble_process_adv_addr: bda=7e:0b:6a:5f:d6:b7
09-21 19:28:25.365 V/bt_stack( 2214): [VERBOSE1:btm_ble_gap.cc(2855)] Waiting for scan response 7e:0b:6a:5f:d6:b7
09-21 19:28:25.366 V/bt_stack( 2214): [VERBOSE1:btm_ble_gap.cc(2726)] btm_ble_process_ext_adv_pkt: bda=7e:0b:6a:5f:d6:b7
09-21 19:28:25.366 V/bt_stack( 2214): [VERBOSE1:btm_ble_gap.cc(2650)] btm_ble_process_adv_addr: bda=7e:0b:6a:5f:d6:b7
09-21 19:28:25.366 V/bt_stack( 2214): [VERBOSE1:btm_ble_gap.cc(2886)] btm_ble_process_adv_pkt_cont skipped BDA 7e:0b:6a:5f:d6:b7
09-21 19:28:25.367 V/bt_stack( 2214): [VERBOSE1:btm_ble_gap.cc(2726)] btm_ble_process_ext_adv_pkt: bda=fa:2f:20:cd:e7:20
09-21 19:28:25.367 V/bt_stack( 2214): [VERBOSE1:btm_ble_gap.cc(2650)] btm_ble_process_adv_addr: bda=fa:2f:20:cd:e7:20
09-21 19:28:25.367 W/bt_btm_ble( 2214): btm_ble_process_adv_pkt_cont device no longer discoverable, discarding advertising packet
09-21 19:28:25.368 V/bt_stack( 2214): [VERBOSE1:btm_ble_gap.cc(2726)] btm_ble_process_ext_adv_pkt: bda=12:6c:2d:e2:06:d6
09-21 19:28:25.368 V/bt_stack( 2214): [VERBOSE1:btm_ble_gap.cc(2650)] btm_ble_process_adv_addr: bda=12:6c:2d:e2:06:d6
09-21 19:28:25.368 V/bt_stack( 2214): [VERBOSE1:btm_ble_gap.cc(2886)] btm_ble_process_adv_pkt_cont skipped BDA 12:6c:2d:e2:06:d6
09-21 19:28:25.370 V/bt_stack( 2214): [VERBOSE1:btm_ble_gap.cc(2726)] btm_ble_process_ext_adv_pkt: bda=f4:2f:71:bc:ad:cf
09-21 19:28:25.370 V/bt_stack( 2214): [VERBOSE1:btm_ble_gap.cc(2650)] btm_ble_process_adv_addr: bda=f4:2f:71:bc:ad:cf
09-21 19:28:25.370 V/bt_stack( 2214): [VERBOSE1:btm_ble_gap.cc(2855)] Waiting for scan response f4:2f:71:bc:ad:cf
09-21 19:28:25.371 V/bt_stack( 2214): [VERBOSE1:btm_ble_gap.cc(2726)] btm_ble_process_ext_adv_pkt: bda=f4:2f:71:bc:ad:cf
09-21 19:28:25.372 V/bt_stack( 2214): [VERBOSE1:btm_ble_gap.cc(2650)] btm_ble_process_adv_addr: bda=f4:2f:71:bc:ad:cf
09-21 19:28:25.372 V/bt_stack( 2214): [VERBOSE1:btm_ble_gap.cc(2886)] btm_ble_process_adv_pkt_cont skipped BDA f4:2f:71:bc:ad:cf
09-21 19:28:25.372 V/bt_stack( 2214): [VERBOSE1:btm_ble_gap.cc(2726)] btm_ble_process_ext_adv_pkt: bda=59:8b:15:41:d3:83
09-21 19:28:25.372 V/bt_stack( 2214): [VERBOSE1:btm_ble_gap.cc(2650)] btm_ble_process_adv_addr: bda=59:8b:15:41:d3:83
09-21 19:28:25.372 V/bt_stack( 2214): [VERBOSE1:btm_ble_gap.cc(2855)] Waiting for scan response 59:8b:15:41:d3:83
09-21 19:28:25.373 V/bt_stack( 2214): [VERBOSE1:btm_ble_gap.cc(2726)] btm_ble_process_ext_adv_pkt: bda=59:8b:15:41:d3:83
09-21 19:28:25.373 V/bt_stack( 2214): [VERBOSE1:btm_ble_gap.cc(2650)] btm_ble_process_adv_addr: bda=59:8b:15:41:d3:83
09-21 19:28:25.373 V/bt_stack( 2214): [VERBOSE1:btm_ble_gap.cc(2886)] btm_ble_process_adv_pkt_cont skipped BDA 59:8b:15:41:d3:83
09-21 19:28:25.374 V/bt_stack( 2214): [VERBOSE1:btm_ble_gap.cc(2726)] btm_ble_process_ext_adv_pkt: bda=04:7a:0b:1a:01:08
09-21 19:28:25.374 V/bt_stack( 2214): [VERBOSE1:btm_ble_gap.cc(2650)] btm_ble_process_adv_addr: bda=04:7a:0b:1a:01:08
09-21 19:28:25.374 V/bt_stack( 2214): [VERBOSE1:btm_ble_gap.cc(2855)] Waiting for scan response 04:7a:0b:1a:01:08
09-21 19:28:25.375 V/bt_stack( 2214): [VERBOSE1:btm_ble_gap.cc(2726)] btm_ble_process_ext_adv_pkt: bda=04:7a:0b:1a:01:08
09-21 19:28:25.375 V/bt_stack( 2214): [VERBOSE1:btm_ble_gap.cc(2650)] btm_ble_process_adv_addr: bda=04:7a:0b:1a:01:08
09-21 19:28:25.375 V/bt_stack( 2214): [VERBOSE1:btm_ble_gap.cc(2886)] btm_ble_process_adv_pkt_cont skipped BDA 04:7a:0b:1a:01:08
09-21 19:28:25.376 V/bt_stack( 2214): [VERBOSE1:btm_ble_gap.cc(2726)] btm_ble_process_ext_adv_pkt: bda=34:50:1c:f3:3d:15
09-21 19:28:25.376 V/bt_stack( 2214): [VERBOSE1:btm_ble_gap.cc(2650)] btm_ble_process_adv_addr: bda=34:50:1c:f3:3d:15
09-21 19:28:25.376 V/bt_stack( 2214): [VERBOSE1:btm_ble_gap.cc(2886)] btm_ble_process_adv_pkt_cont skipped BDA 34:50:1c:f3:3d:15
09-21 19:28:25.377 V/bt_stack( 2214): [VERBOSE1:btm_ble_gap.cc(2726)] btm_ble_process_ext_adv_pkt: bda=10:5c:01:bc:5e:23
09-21 19:28:25.377 V/bt_stack( 2214): [VERBOSE1:btm_ble_gap.cc(2650)] btm_ble_process_adv_addr: bda=10:5c:01:bc:5e:23
09-21 19:28:25.377 V/bt_stack( 2214): [VERBOSE1:btm_ble_gap.cc(2886)] btm_ble_process_adv_pkt_cont skipped BDA 10:5c:01:bc:5e:23
09-21 19:28:25.382 V/bt_stack( 2214): [VERBOSE1:btm_ble_gap.cc(2726)] btm_ble_process_ext_adv_pkt: bda=16:cb:14:b0:6d:ca
09-21 19:28:25.383 V/bt_stack( 2214): [VERBOSE1:btm_ble_gap.cc(2650)] btm_ble_process_adv_addr: bda=16:cb:14:b0:6d:ca
09-21 19:28:25.383 V/bt_stack( 2214): [VERBOSE1:btm_ble_gap.cc(2886)] btm_ble_process_adv_pkt_cont skipped BDA 16:cb:14:b0:6d:ca
09-21 19:28:25.387 V/bt_stack( 2214): [VERBOSE1:btm_ble_gap.cc(2726)] btm_ble_process_ext_adv_pkt: bda=04:a8:af:7c:64:e3
09-21 19:28:25.388 V/bt_stack( 2214): [VERBOSE1:btm_ble_gap.cc(2650)] btm_ble_process_adv_addr: bda=04:a8:af:7c:64:e3
09-21 19:28:25.388 V/bt_stack( 2214): [VERBOSE1:btm_ble_gap.cc(2886)] btm_ble_process_adv_pkt_cont skipped BDA 04:a8:af:7c:64:e3
09-21 19:28:25.394 V/bt_stack( 2214): [VERBOSE1:btm_ble_gap.cc(2726)] btm_ble_process_ext_adv_pkt: bda=0e:f4:16:09:e5:1e
09-21 19:28:25.395 V/bt_stack( 2214): [VERBOSE1:btm_ble_gap.cc(2650)] btm_ble_process_adv_addr: bda=0e:f4:16:09:e5:1e
09-21 19:28:25.395 V/bt_stack( 2214): [VERBOSE1:btm_ble_gap.cc(2886)] btm_ble_process_adv_pkt_cont skipped BDA 0e:f4:16:09:e5:1e
09-21 19:28:25.398 V/bt_stack( 2214): [VERBOSE1:btm_ble_gap.cc(2726)] btm_ble_process_ext_adv_pkt: bda=69:8b:cd:09:3c:4c
09-21 19:28:25.398 V/bt_stack( 2214): [VERBOSE1:btm_ble_gap.cc(2650)] btm_ble_process_adv_addr: bda=69:8b:cd:09:3c:4c
09-21 19:28:25.398 V/bt_stack( 2214): [VERBOSE1:btm_ble_gap.cc(2855)] Waiting for scan response 69:8b:cd:09:3c:4c
