09-21 18:37:35.947 I/wm_on_top_resumed_gained_called( 5169): [185045071,com.android.launcher3.uioverrides.QuickstepLauncher,topWhenResuming]
09-21 18:37:36.067 I/commit_sys_config_file( 1154): [settings-2-0,8]
09-21 18:37:36.177 I/sysui_latency( 1154): [6,366]
09-21 18:37:42.062 I/am_uid_idle( 1154): 10070
09-21 18:38:07.258 I/am_uid_idle( 1154): 10094
09-21 18:38:17.414 I/am_uid_idle( 1154): 10098
09-21 18:38:28.752 I/sysui_multi_action( 1154): [757,1696,758,6,759,2]
09-21 18:38:28.757 I/am_wtf ( 1154): [0,1154,system_server,-1,DisplayDeviceConfig,requesting nits when no mapping exists.]
09-21 18:38:28.768 I/am_wtf ( 1154): [0,1154,system_server,-1,DisplayDeviceConfig,requesting nits when no mapping exists.]
09-21 18:38:28.772 I/am_wtf ( 1154): [0,1154,system_server,-1,DisplayDeviceConfig,requesting nits when no mapping exists.]
09-21 18:38:28.775 I/am_wtf ( 1154): [0,1154,system_server,-1,DisplayDeviceConfig,requesting nits when no mapping exists.]
09-21 18:38:28.784 I/am_wtf ( 1154): [0,1154,system_server,-1,DisplayDeviceConfig,requesting nits when no mapping exists.]
09-21 18:38:28.787 I/am_wtf ( 1154): [0,1154,system_server,-1,DisplayDeviceConfig,requesting nits when no mapping exists.]
09-21 18:38:28.806 I/am_wtf ( 1154): [0,1154,system_server,-1,DisplayDeviceConfig,requesting nits when no mapping exists.]
09-21 18:38:28.807 I/am_wtf ( 1154): [0,1154,system_server,-1,DisplayDeviceConfig,requesting nits when no mapping exists.]
09-21 18:38:28.819 I/am_wtf ( 1154): [0,1154,system_server,-1,DisplayDeviceConfig,requesting nits when no mapping exists.]
09-21 18:38:28.820 I/am_wtf ( 1154): [0,1154,system_server,-1,DisplayDeviceConfig,requesting nits when no mapping exists.]
09-21 18:38:28.835 I/am_wtf ( 1154): [0,1154,system_server,-1,DisplayDeviceConfig,requesting nits when no mapping exists.]
09-21 18:38:28.836 I/am_wtf ( 1154): [0,1154,system_server,-1,DisplayDeviceConfig,requesting nits when no mapping exists.]
09-21 18:38:28.852 I/am_wtf ( 1154): [0,1154,system_server,-1,DisplayDeviceConfig,requesting nits when no mapping exists.]
09-21 18:38:28.854 I/am_wtf ( 1154): [0,1154,system_server,-1,DisplayDeviceConfig,requesting nits when no mapping exists.]
09-21 18:38:28.869 I/am_wtf ( 1154): [0,1154,system_server,-1,DisplayDeviceConfig,requesting nits when no mapping exists.]
09-21 18:38:28.870 I/am_wtf ( 1154): [0,1154,system_server,-1,DisplayDeviceConfig,requesting nits when no mapping exists.]
09-21 18:38:28.885 I/am_wtf ( 1154): [0,1154,system_server,-1,DisplayDeviceConfig,requesting nits when no mapping exists.]
09-21 18:38:28.886 I/am_wtf ( 1154): [0,1154,system_server,-1,DisplayDeviceConfig,requesting nits when no mapping exists.]
09-21 18:38:28.902 I/am_wtf ( 1154): [0,1154,system_server,-1,DisplayDeviceConfig,requesting nits when no mapping exists.]
09-21 18:38:28.903 I/am_wtf ( 1154): [0,1154,system_server,-1,DisplayDeviceConfig,requesting nits when no mapping exists.]
09-21 18:38:28.918 I/am_wtf ( 1154): [0,1154,system_server,-1,DisplayDeviceConfig,requesting nits when no mapping exists.]
09-21 18:38:28.920 I/am_wtf ( 1154): [0,1154,system_server,-1,DisplayDeviceConfig,requesting nits when no mapping exists.]
09-21 18:38:28.935 I/am_wtf ( 1154): [0,1154,system_server,-1,DisplayDeviceConfig,requesting nits when no mapping exists.]
09-21 18:38:28.936 I/am_wtf ( 1154): [0,1154,system_server,-1,DisplayDeviceConfig,requesting nits when no mapping exists.]
09-21 18:38:28.952 I/am_wtf ( 1154): [0,1154,system_server,-1,DisplayDeviceConfig,requesting nits when no mapping exists.]
09-21 18:38:28.953 I/am_wtf ( 1154): [0,1154,system_server,-1,DisplayDeviceConfig,requesting nits when no mapping exists.]
09-21 18:38:28.969 I/am_wtf ( 1154): [0,1154,system_server,-1,DisplayDeviceConfig,requesting nits when no mapping exists.]
09-21 18:38:28.970 I/am_wtf ( 1154): [0,1154,system_server,-1,DisplayDeviceConfig,requesting nits when no mapping exists.]
09-21 18:38:28.986 I/am_wtf ( 1154): [0,1154,system_server,-1,DisplayDeviceConfig,requesting nits when no mapping exists.]
09-21 18:38:28.987 I/am_wtf ( 1154): [0,1154,system_server,-1,DisplayDeviceConfig,requesting nits when no mapping exists.]
09-21 18:38:29.002 I/am_wtf ( 1154): [0,1154,system_server,-1,DisplayDeviceConfig,requesting nits when no mapping exists.]
09-21 18:38:29.004 I/am_wtf ( 1154): [0,1154,system_server,-1,DisplayDeviceConfig,requesting nits when no mapping exists.]
09-21 18:38:29.020 I/am_wtf ( 1154): [0,1154,system_server,-1,DisplayDeviceConfig,requesting nits when no mapping exists.]
09-21 18:38:29.021 I/am_wtf ( 1154): [0,1154,system_server,-1,DisplayDeviceConfig,requesting nits when no mapping exists.]
09-21 18:38:29.035 I/am_wtf ( 1154): [0,1154,system_server,-1,DisplayDeviceConfig,requesting nits when no mapping exists.]
09-21 18:38:29.037 I/am_wtf ( 1154): [0,1154,system_server,-1,DisplayDeviceConfig,requesting nits when no mapping exists.]
09-21 18:38:29.052 I/am_wtf ( 1154): [0,1154,system_server,-1,DisplayDeviceConfig,requesting nits when no mapping exists.]
09-21 18:38:29.053 I/am_wtf ( 1154): [0,1154,system_server,-1,DisplayDeviceConfig,requesting nits when no mapping exists.]
09-21 18:38:29.070 I/am_wtf ( 1154): [0,1154,system_server,-1,DisplayDeviceConfig,requesting nits when no mapping exists.]
09-21 18:38:29.071 I/am_wtf ( 1154): [0,1154,system_server,-1,DisplayDeviceConfig,requesting nits when no mapping exists.]
09-21 18:38:29.086 I/am_wtf ( 1154): [0,1154,system_server,-1,DisplayDeviceConfig,requesting nits when no mapping exists.]
09-21 18:38:29.087 I/am_wtf ( 1154): [0,1154,system_server,-1,DisplayDeviceConfig,requesting nits when no mapping exists.]
09-21 18:38:29.102 I/am_wtf ( 1154): [0,1154,system_server,-1,DisplayDeviceConfig,requesting nits when no mapping exists.]
09-21 18:38:29.104 I/am_wtf ( 1154): [0,1154,system_server,-1,DisplayDeviceConfig,requesting nits when no mapping exists.]
09-21 18:38:29.119 I/am_wtf ( 1154): [0,1154,system_server,-1,DisplayDeviceConfig,requesting nits when no mapping exists.]
09-21 18:38:29.120 I/am_wtf ( 1154): [0,1154,system_server,-1,DisplayDeviceConfig,requesting nits when no mapping exists.]
09-21 18:38:29.136 I/am_wtf ( 1154): [0,1154,system_server,-1,DisplayDeviceConfig,requesting nits when no mapping exists.]
09-21 18:38:29.138 I/am_wtf ( 1154): [0,1154,system_server,-1,DisplayDeviceConfig,requesting nits when no mapping exists.]
09-21 18:38:29.152 I/am_wtf ( 1154): [0,1154,system_server,-1,DisplayDeviceConfig,requesting nits when no mapping exists.]
09-21 18:38:29.153 I/am_wtf ( 1154): [0,1154,system_server,-1,DisplayDeviceConfig,requesting nits when no mapping exists.]
09-21 18:38:29.170 I/am_wtf ( 1154): [0,1154,system_server,-1,DisplayDeviceConfig,requesting nits when no mapping exists.]
09-21 18:38:29.171 I/am_wtf ( 1154): [0,1154,system_server,-1,DisplayDeviceConfig,requesting nits when no mapping exists.]
09-21 18:38:29.187 I/am_wtf ( 1154): [0,1154,system_server,-1,DisplayDeviceConfig,requesting nits when no mapping exists.]
09-21 18:38:29.188 I/am_wtf ( 1154): [0,1154,system_server,-1,DisplayDeviceConfig,requesting nits when no mapping exists.]
09-21 18:38:29.203 I/am_wtf ( 1154): [0,1154,system_server,-1,DisplayDeviceConfig,requesting nits when no mapping exists.]
09-21 18:38:29.205 I/am_wtf ( 1154): [0,1154,system_server,-1,DisplayDeviceConfig,requesting nits when no mapping exists.]
09-21 18:38:29.219 I/am_wtf ( 1154): [0,1154,system_server,-1,DisplayDeviceConfig,requesting nits when no mapping exists.]
09-21 18:38:29.220 I/am_wtf ( 1154): [0,1154,system_server,-1,DisplayDeviceConfig,requesting nits when no mapping exists.]
09-21 18:38:29.236 I/am_wtf ( 1154): [0,1154,system_server,-1,DisplayDeviceConfig,requesting nits when no mapping exists.]
09-21 18:38:29.237 I/am_wtf ( 1154): [0,1154,system_server,-1,DisplayDeviceConfig,requesting nits when no mapping exists.]
09-21 18:38:29.252 I/am_wtf ( 1154): [0,1154,system_server,-1,DisplayDeviceConfig,requesting nits when no mapping exists.]
09-21 18:38:29.254 I/am_wtf ( 1154): [0,1154,system_server,-1,DisplayDeviceConfig,requesting nits when no mapping exists.]
09-21 18:38:29.269 I/am_wtf ( 1154): [0,1154,system_server,-1,DisplayDeviceConfig,requesting nits when no mapping exists.]
09-21 18:38:29.271 I/am_wtf ( 1154): [0,1154,system_server,-1,DisplayDeviceConfig,requesting nits when no mapping exists.]
09-21 18:38:29.286 I/am_wtf ( 1154): [0,1154,system_server,-1,DisplayDeviceConfig,requesting nits when no mapping exists.]
09-21 18:38:29.287 I/am_wtf ( 1154): [0,1154,system_server,-1,DisplayDeviceConfig,requesting nits when no mapping exists.]
09-21 18:38:29.303 I/am_wtf ( 1154): [0,1154,system_server,-1,DisplayDeviceConfig,requesting nits when no mapping exists.]
09-21 18:38:29.304 I/am_wtf ( 1154): [0,1154,system_server,-1,DisplayDeviceConfig,requesting nits when no mapping exists.]
09-21 18:38:29.319 I/am_wtf ( 1154): [0,1154,system_server,-1,DisplayDeviceConfig,requesting nits when no mapping exists.]
09-21 18:38:29.321 I/am_wtf ( 1154): [0,1154,system_server,-1,DisplayDeviceConfig,requesting nits when no mapping exists.]
09-21 18:38:29.335 I/am_wtf ( 1154): [0,1154,system_server,-1,DisplayDeviceConfig,requesting nits when no mapping exists.]
09-21 18:38:29.336 I/service_manager_stats( 1154): [100,118,71419]
09-21 18:38:29.337 I/am_wtf ( 1154): [0,1154,system_server,-1,DisplayDeviceConfig,requesting nits when no mapping exists.]
09-21 18:38:29.353 I/am_wtf ( 1154): [0,1154,system_server,-1,DisplayDeviceConfig,requesting nits when no mapping exists.]
09-21 18:38:29.354 I/am_wtf ( 1154): [0,1154,system_server,-1,DisplayDeviceConfig,requesting nits when no mapping exists.]
09-21 18:38:29.370 I/am_wtf ( 1154): [0,1154,system_server,-1,DisplayDeviceConfig,requesting nits when no mapping exists.]
09-21 18:38:29.372 I/am_wtf ( 1154): [0,1154,system_server,-1,DisplayDeviceConfig,requesting nits when no mapping exists.]
09-21 18:38:29.386 I/am_wtf ( 1154): [0,1154,system_server,-1,DisplayDeviceConfig,requesting nits when no mapping exists.]
09-21 18:38:29.388 I/am_wtf ( 1154): [0,1154,system_server,-1,DisplayDeviceConfig,requesting nits when no mapping exists.]
09-21 18:38:29.403 I/am_wtf ( 1154): [0,1154,system_server,-1,DisplayDeviceConfig,requesting nits when no mapping exists.]
09-21 18:38:29.404 I/am_wtf ( 1154): [0,1154,system_server,-1,DisplayDeviceConfig,requesting nits when no mapping exists.]
09-21 18:38:29.419 I/am_wtf ( 1154): [0,1154,system_server,-1,DisplayDeviceConfig,requesting nits when no mapping exists.]
09-21 18:38:29.421 I/am_wtf ( 1154): [0,1154,system_server,-1,DisplayDeviceConfig,requesting nits when no mapping exists.]
09-21 18:38:35.737 I/sysui_multi_action( 1154): [757,222,758,1]
09-21 18:38:35.740 I/am_uid_active( 1154): 10070
09-21 18:38:35.768 I/wm_task_created( 1154): [35,-1]
09-21 18:38:35.773 I/wm_task_moved( 1154): [35,1,8]
09-21 18:38:35.773 I/wm_task_to_front( 1154): [0,35]
09-21 18:38:35.774 I/wm_create_task( 1154): [0,35]
09-21 18:38:35.774 I/wm_create_activity( 1154): [0,113039466,35,com.android.deskclock/android.service.dreams.DreamActivity,NULL,NULL,NULL,276824064]
09-21 18:38:35.774 I/wm_task_moved( 1154): [35,1,8]
09-21 18:38:35.774 I/wm_on_top_resumed_lost_called( 5169): [185045071,com.android.launcher3.uioverrides.QuickstepLauncher,topStateChangedWhenResumed]
09-21 18:38:35.777 I/wm_pause_activity( 1154): [0,185045071,com.android.launcher3/.uioverrides.QuickstepLauncher,userLeaving=true,pauseBackTasks]
09-21 18:38:35.786 I/wm_on_paused_called( 5169): [185045071,com.android.launcher3.uioverrides.QuickstepLauncher,performPause]
09-21 18:38:35.793 I/wm_add_to_stopping( 1154): [0,185045071,com.android.launcher3/.uioverrides.QuickstepLauncher,makeInvisible]
09-21 18:38:35.793 I/wm_restart_activity( 1154): [0,113039466,35,com.android.deskclock/android.service.dreams.DreamActivity]
09-21 18:38:35.796 I/wm_set_resumed_activity( 1154): [0,com.android.deskclock/android.service.dreams.DreamActivity,minimalResumeActivityLocked]
09-21 18:38:35.800 I/dvm_lock_sample( 1154): [system_server,1,android.anim,29,InputMonitor.java,144,void com.android.server.wm.InputMonitor$UpdateInputWindows.run(),,0,null,5]
09-21 18:38:35.807 I/sysui_multi_action( 1154): [757,803,799,window_time_0,802,87]
09-21 18:38:35.813 I/wm_on_create_called( 3013): [113039466,android.service.dreams.DreamActivity,performCreate]
09-21 18:38:35.813 I/wm_on_start_called( 3013): [113039466,android.service.dreams.DreamActivity,handleStartActivity]
09-21 18:38:35.816 I/wm_on_resume_called( 3013): [113039466,android.service.dreams.DreamActivity,RESUME_ACTIVITY]
09-21 18:38:35.820 I/input_focus( 1154): [Focus leaving f34a2a3 NotificationShade (server),reason=NOT_FOCUSABLE]
09-21 18:38:35.823 I/wm_on_top_resumed_gained_called( 3013): [113039466,android.service.dreams.DreamActivity,topStateChangedWhenResumed]
09-21 18:38:35.850 I/input_focus( 1154): [Focus request 57c0ac2 com.android.deskclock/android.service.dreams.DreamActivity,reason=UpdateInputWindows]
09-21 18:38:35.855 I/sysui_multi_action( 2235): [757,111,758,2]
09-21 18:38:35.855 I/sysui_multi_action( 2235): [757,111,758,2]
09-21 18:38:35.870 I/sysui_multi_action( 2235): [757,111,758,1]
09-21 18:38:35.871 I/sysui_multi_action( 2235): [757,126,758,1,759,126,927,0,928,0,1593,1]
09-21 18:38:35.871 I/sysui_multi_action( 2235): [757,113,758,1,759,113,927,1,928,1,1593,1]
09-21 18:38:35.871 I/sysui_multi_action( 2235): [757,0,758,1,759,0,927,2,928,0,1593,1]
09-21 18:38:35.871 I/sysui_multi_action( 2235): [757,0,758,1,759,0,927,3,928,0,1593,1]
09-21 18:38:35.871 I/sysui_multi_action( 2235): [757,1706,758,1,759,1706,927,4,928,0,1593,1]
09-21 18:38:35.871 I/sysui_multi_action( 2235): [757,491,758,1,759,491,927,5,928,0,1311,-1,1593,0]
09-21 18:38:35.871 I/sysui_multi_action( 2235): [757,0,758,1,759,0,927,6,928,0,1593,0]
09-21 18:38:35.872 I/sysui_multi_action( 2235): [757,0,758,1,759,0,927,7,1593,0]
09-21 18:38:35.872 I/sysui_multi_action( 2235): [757,111,758,1]
09-21 18:38:35.872 I/sysui_multi_action( 2235): [757,126,758,1,759,126,927,0,928,0,1593,1]
09-21 18:38:35.872 I/sysui_multi_action( 2235): [757,113,758,1,759,113,927,1,928,1,1593,1]
09-21 18:38:35.872 I/sysui_multi_action( 2235): [757,0,758,1,759,0,927,2,928,0,1593,1]
09-21 18:38:35.872 I/sysui_multi_action( 2235): [757,0,758,1,759,0,927,3,928,0,1593,1]
09-21 18:38:35.877 I/sysui_multi_action( 1154): [757,1696,758,6,759,3]
09-21 18:38:35.879 I/dvm_lock_sample( 1154): [system_server,0,Binder:1154_6,11,ActivityClientController.java,128,void com.android.server.wm.ActivityClientController.activityIdle(android.os.IBinder, android.content.res.Configuration, boolean),ActivityTaskManagerService.java,5276,void com.android.server.wm.ActivityTaskManagerService$LocalService.notifyKeyguardFlagsChanged(java.lang.Runnable, int),2]
09-21 18:38:35.887 I/am_wtf ( 1154): [0,1154,system_server,-1,DisplayDeviceConfig,requesting nits when no mapping exists.]
09-21 18:38:35.890 I/am_wtf ( 1154): [0,1154,system_server,-1,DisplayDeviceConfig,requesting nits when no mapping exists.]
09-21 18:38:35.891 I/sysui_multi_action( 1154): [319,110,322,109,325,665,757,761,758,8,759,2,806,com.android.deskclock,871,android.service.dreams.DreamActivity,904,com.android.deskclock,905,0,1320,4,1321,1]
09-21 18:38:35.893 I/wm_activity_launch_time( 1154): [0,113039466,com.android.deskclock/android.service.dreams.DreamActivity,109]
09-21 18:38:35.904 I/input_focus( 1154): [Focus entering 57c0ac2 com.android.deskclock/android.service.dreams.DreamActivity (server),reason=Window became focusable. Previous reason: NOT_VISIBLE]
09-21 18:38:35.905 I/am_wtf ( 1154): [0,1154,system_server,-1,DisplayDeviceConfig,requesting nits when no mapping exists.]
09-21 18:38:35.917 I/service_manager_slow( 1154): [11,dropbox]
09-21 18:38:35.917 I/am_wtf ( 1154): [0,1154,system_server,-1,DisplayDeviceConfig,requesting nits when no mapping exists.]
09-21 18:38:35.936 I/am_wtf ( 1154): [0,1154,system_server,-1,DisplayDeviceConfig,requesting nits when no mapping exists.]
09-21 18:38:35.937 I/am_wtf ( 1154): [0,1154,system_server,-1,DisplayDeviceConfig,requesting nits when no mapping exists.]
09-21 18:38:35.952 I/am_wtf ( 1154): [0,1154,system_server,-1,DisplayDeviceConfig,requesting nits when no mapping exists.]
09-21 18:38:35.954 I/am_wtf ( 1154): [0,1154,system_server,-1,DisplayDeviceConfig,requesting nits when no mapping exists.]
09-21 18:38:35.970 I/am_wtf ( 1154): [0,1154,system_server,-1,DisplayDeviceConfig,requesting nits when no mapping exists.]
09-21 18:38:35.980 I/am_wtf ( 1154): [0,1154,system_server,-1,DisplayDeviceConfig,requesting nits when no mapping exists.]
09-21 18:38:35.985 I/sysui_multi_action( 2235): [757,111,758,2]
09-21 18:38:35.986 I/sysui_multi_action( 2235): [757,111,758,2]
09-21 18:38:35.988 I/am_wtf ( 1154): [0,1154,system_server,-1,DisplayDeviceConfig,requesting nits when no mapping exists.]
09-21 18:38:35.989 I/am_wtf ( 1154): [0,1154,system_server,-1,DisplayDeviceConfig,requesting nits when no mapping exists.]
09-21 18:38:35.990 I/sysui_multi_action( 2235): [757,111,758,1]
09-21 18:38:35.990 I/sysui_multi_action( 2235): [757,126,758,1,759,126,927,0,928,0,1593,0]
09-21 18:38:35.990 I/sysui_multi_action( 2235): [757,113,758,1,759,113,927,1,928,1,1593,0]
09-21 18:38:35.990 I/sysui_multi_action( 2235): [757,0,758,1,759,0,927,2,928,0,1593,0]
09-21 18:38:35.990 I/sysui_multi_action( 2235): [757,0,758,1,759,0,927,3,928,0,1593,0]
09-21 18:38:35.990 I/sysui_multi_action( 2235): [757,1706,758,1,759,1706,927,4,928,0,1593,0]
09-21 18:38:35.991 I/sysui_multi_action( 2235): [757,491,758,1,759,491,927,5,928,0,1311,-1,1593,0]
09-21 18:38:35.991 I/sysui_multi_action( 2235): [757,0,758,1,759,0,927,6,928,0,1593,0]
09-21 18:38:35.991 I/sysui_multi_action( 2235): [757,0,758,1,759,0,927,7,1593,0]
09-21 18:38:35.991 I/sysui_multi_action( 2235): [757,111,758,1]
09-21 18:38:35.991 I/sysui_multi_action( 2235): [757,126,758,1,759,126,927,0,928,0,1593,0]
09-21 18:38:35.991 I/sysui_multi_action( 2235): [757,113,758,1,759,113,927,1,928,1,1593,0]
09-21 18:38:35.991 I/sysui_multi_action( 2235): [757,0,758,1,759,0,927,2,928,0,1593,0]
09-21 18:38:35.992 I/sysui_multi_action( 2235): [757,0,758,1,759,0,927,3,928,0,1593,0]
09-21 18:38:36.003 I/am_wtf ( 1154): [0,1154,system_server,-1,DisplayDeviceConfig,requesting nits when no mapping exists.]
09-21 18:38:36.004 I/am_wtf ( 1154): [0,1154,system_server,-1,DisplayDeviceConfig,requesting nits when no mapping exists.]
09-21 18:38:36.014 I/sysui_multi_action( 2235): [757,111,758,2]
09-21 18:38:36.014 I/sysui_multi_action( 2235): [757,111,758,2]
09-21 18:38:36.019 I/sysui_multi_action( 2235): [757,111,758,1]
09-21 18:38:36.019 I/sysui_multi_action( 2235): [757,126,758,1,759,126,927,0,928,0,1593,0]
09-21 18:38:36.019 I/sysui_multi_action( 2235): [757,113,758,1,759,113,927,1,928,1,1593,0]
09-21 18:38:36.019 I/sysui_multi_action( 2235): [757,0,758,1,759,0,927,2,928,0,1593,0]
09-21 18:38:36.019 I/sysui_multi_action( 2235): [757,0,758,1,759,0,927,3,928,0,1593,0]
09-21 18:38:36.019 I/sysui_multi_action( 2235): [757,1706,758,1,759,1706,927,4,928,0,1593,0]
09-21 18:38:36.020 I/sysui_multi_action( 2235): [757,491,758,1,759,491,927,5,928,0,1311,-1,1593,0]
09-21 18:38:36.020 I/sysui_multi_action( 2235): [757,0,758,1,759,0,927,6,928,0,1593,0]
09-21 18:38:36.020 I/sysui_multi_action( 2235): [757,0,758,1,759,0,927,7,1593,0]
09-21 18:38:36.020 I/sysui_multi_action( 2235): [757,111,758,1]
09-21 18:38:36.020 I/sysui_multi_action( 2235): [757,126,758,1,759,126,927,0,928,0,1593,0]
09-21 18:38:36.020 I/sysui_multi_action( 2235): [757,113,758,1,759,113,927,1,928,1,1593,0]
09-21 18:38:36.020 I/sysui_multi_action( 2235): [757,0,758,1,759,0,927,2,928,0,1593,0]
09-21 18:38:36.020 I/sysui_multi_action( 2235): [757,0,758,1,759,0,927,3,928,0,1593,0]
09-21 18:38:36.024 I/am_wtf ( 1154): [0,1154,system_server,-1,DisplayDeviceConfig,requesting nits when no mapping exists.]
09-21 18:38:36.030 I/am_wtf ( 1154): [0,1154,system_server,-1,DisplayDeviceConfig,requesting nits when no mapping exists.]
09-21 18:38:36.043 I/sysui_multi_action( 2235): [757,111,758,2]
09-21 18:38:36.043 I/sysui_multi_action( 2235): [757,111,758,2]
09-21 18:38:36.047 I/sysui_multi_action( 2235): [757,111,758,1]
09-21 18:38:36.047 I/sysui_multi_action( 2235): [757,126,758,1,759,126,927,0,928,0,1593,1]
09-21 18:38:36.047 I/sysui_multi_action( 2235): [757,113,758,1,759,113,927,1,928,1,1593,1]
09-21 18:38:36.047 I/sysui_multi_action( 2235): [757,0,758,1,759,0,927,2,928,0,1593,1]
09-21 18:38:36.048 I/sysui_multi_action( 2235): [757,0,758,1,759,0,927,3,928,0,1593,1]
09-21 18:38:36.048 I/sysui_multi_action( 2235): [757,1706,758,1,759,1706,927,4,928,0,1593,1]
09-21 18:38:36.048 I/sysui_multi_action( 2235): [757,491,758,1,759,491,927,5,928,0,1311,-1,1593,0]
09-21 18:38:36.048 I/sysui_multi_action( 2235): [757,0,758,1,759,0,927,6,928,0,1593,0]
09-21 18:38:36.048 I/sysui_multi_action( 2235): [757,0,758,1,759,0,927,7,1593,0]
09-21 18:38:36.048 I/sysui_multi_action( 2235): [757,111,758,1]
09-21 18:38:36.048 I/sysui_multi_action( 2235): [757,126,758,1,759,126,927,0,928,0,1593,1]
09-21 18:38:36.049 I/sysui_multi_action( 2235): [757,113,758,1,759,113,927,1,928,1,1593,1]
09-21 18:38:36.049 I/sysui_multi_action( 2235): [757,0,758,1,759,0,927,2,928,0,1593,1]
09-21 18:38:36.049 I/sysui_multi_action( 2235): [757,0,758,1,759,0,927,3,928,0,1593,1]
09-21 18:38:36.054 I/am_wtf ( 1154): [0,1154,system_server,-1,DisplayDeviceConfig,requesting nits when no mapping exists.]
09-21 18:38:36.063 I/am_wtf ( 1154): [0,1154,system_server,-1,DisplayDeviceConfig,requesting nits when no mapping exists.]
09-21 18:38:36.069 I/sysui_multi_action( 2235): [757,111,758,2]
09-21 18:38:36.069 I/sysui_multi_action( 2235): [757,111,758,2]
09-21 18:38:36.071 I/am_wtf ( 1154): [0,1154,system_server,-1,DisplayDeviceConfig,requesting nits when no mapping exists.]
09-21 18:38:36.073 I/am_wtf ( 1154): [0,1154,system_server,-1,DisplayDeviceConfig,requesting nits when no mapping exists.]
09-21 18:38:36.074 I/sysui_multi_action( 2235): [757,111,758,1]
09-21 18:38:36.074 I/sysui_multi_action( 2235): [757,126,758,1,759,126,927,0,928,0,1593,1]
09-21 18:38:36.074 I/sysui_multi_action( 2235): [757,113,758,1,759,113,927,1,928,1,1593,1]
09-21 18:38:36.074 I/sysui_multi_action( 2235): [757,0,758,1,759,0,927,2,928,0,1593,1]
09-21 18:38:36.074 I/sysui_multi_action( 2235): [757,0,758,1,759,0,927,3,928,0,1593,1]
09-21 18:38:36.074 I/sysui_multi_action( 2235): [757,1706,758,1,759,1706,927,4,928,0,1593,1]
09-21 18:38:36.075 I/sysui_multi_action( 2235): [757,491,758,1,759,491,927,5,928,0,1311,-1,1593,0]
09-21 18:38:36.075 I/sysui_multi_action( 2235): [757,0,758,1,759,0,927,6,928,0,1593,0]
09-21 18:38:36.075 I/sysui_multi_action( 2235): [757,0,758,1,759,0,927,7,1593,0]
09-21 18:38:36.075 I/sysui_multi_action( 2235): [757,111,758,1]
09-21 18:38:36.075 I/sysui_multi_action( 2235): [757,126,758,1,759,126,927,0,928,0,1593,1]
09-21 18:38:36.075 I/sysui_multi_action( 2235): [757,113,758,1,759,113,927,1,928,1,1593,1]
09-21 18:38:36.075 I/sysui_multi_action( 2235): [757,0,758,1,759,0,927,2,928,0,1593,1]
09-21 18:38:36.075 I/sysui_multi_action( 2235): [757,0,758,1,759,0,927,3,928,0,1593,1]
09-21 18:38:36.094 I/sysui_multi_action( 2235): [757,111,758,2]
09-21 18:38:36.094 I/sysui_multi_action( 2235): [757,111,758,2]
09-21 18:38:36.098 I/sysui_multi_action( 2235): [757,111,758,1]
09-21 18:38:36.098 I/sysui_multi_action( 2235): [757,126,758,1,759,126,927,0,928,0,1593,1]
09-21 18:38:36.098 I/sysui_multi_action( 2235): [757,113,758,1,759,113,927,1,928,1,1593,1]
09-21 18:38:36.099 I/sysui_multi_action( 2235): [757,0,758,1,759,0,927,2,928,0,1593,1]
09-21 18:38:36.099 I/sysui_multi_action( 2235): [757,0,758,1,759,0,927,3,928,0,1593,1]
09-21 18:38:36.099 I/sysui_multi_action( 2235): [757,1706,758,1,759,1706,927,4,928,0,1593,1]
09-21 18:38:36.099 I/sysui_multi_action( 2235): [757,491,758,1,759,491,927,5,928,0,1311,-1,1593,0]
09-21 18:38:36.099 I/sysui_multi_action( 2235): [757,0,758,1,759,0,927,6,928,0,1593,0]
09-21 18:38:36.099 I/sysui_multi_action( 2235): [757,0,758,1,759,0,927,7,1593,0]
09-21 18:38:36.099 I/sysui_multi_action( 2235): [757,111,758,1]
09-21 18:38:36.100 I/sysui_multi_action( 2235): [757,126,758,1,759,126,927,0,928,0,1593,1]
09-21 18:38:36.100 I/sysui_multi_action( 2235): [757,113,758,1,759,113,927,1,928,1,1593,1]
09-21 18:38:36.100 I/sysui_multi_action( 2235): [757,0,758,1,759,0,927,2,928,0,1593,1]
09-21 18:38:36.100 I/sysui_multi_action( 2235): [757,0,758,1,759,0,927,3,928,0,1593,1]
09-21 18:38:36.103 I/am_wtf ( 1154): [0,1154,system_server,-1,DisplayDeviceConfig,requesting nits when no mapping exists.]
09-21 18:38:36.104 I/am_wtf ( 1154): [0,1154,system_server,-1,DisplayDeviceConfig,requesting nits when no mapping exists.]
09-21 18:38:36.118 I/sysui_multi_action( 2235): [757,111,758,2]
09-21 18:38:36.118 I/sysui_multi_action( 2235): [757,111,758,2]
09-21 18:38:36.119 I/am_wtf ( 1154): [0,1154,system_server,-1,DisplayDeviceConfig,requesting nits when no mapping exists.]
09-21 18:38:36.120 I/am_wtf ( 1154): [0,1154,system_server,-1,DisplayDeviceConfig,requesting nits when no mapping exists.]
09-21 18:38:36.123 I/sysui_multi_action( 2235): [757,111,758,1]
09-21 18:38:36.123 I/sysui_multi_action( 2235): [757,126,758,1,759,126,927,0,928,0,1593,1]
09-21 18:38:36.123 I/sysui_multi_action( 2235): [757,113,758,1,759,113,927,1,928,1,1593,1]
09-21 18:38:36.123 I/sysui_multi_action( 2235): [757,0,758,1,759,0,927,2,928,0,1593,1]
09-21 18:38:36.123 I/sysui_multi_action( 2235): [757,0,758,1,759,0,927,3,928,0,1593,1]
09-21 18:38:36.123 I/sysui_multi_action( 2235): [757,1706,758,1,759,1706,927,4,928,0,1593,1]
09-21 18:38:36.124 I/sysui_multi_action( 2235): [757,491,758,1,759,491,927,5,928,0,1311,-1,1593,0]
09-21 18:38:36.124 I/sysui_multi_action( 2235): [757,0,758,1,759,0,927,6,928,0,1593,0]
09-21 18:38:36.124 I/sysui_multi_action( 2235): [757,0,758,1,759,0,927,7,1593,0]
09-21 18:38:36.124 I/sysui_multi_action( 2235): [757,111,758,1]
09-21 18:38:36.124 I/sysui_multi_action( 2235): [757,126,758,1,759,126,927,0,928,0,1593,1]
09-21 18:38:36.124 I/sysui_multi_action( 2235): [757,113,758,1,759,113,927,1,928,1,1593,1]
09-21 18:38:36.124 I/sysui_multi_action( 2235): [757,0,758,1,759,0,927,2,928,0,1593,1]
09-21 18:38:36.124 I/sysui_multi_action( 2235): [757,0,758,1,759,0,927,3,928,0,1593,1]
09-21 18:38:36.136 I/am_wtf ( 1154): [0,1154,system_server,-1,DisplayDeviceConfig,requesting nits when no mapping exists.]
09-21 18:38:36.138 I/am_wtf ( 1154): [0,1154,system_server,-1,DisplayDeviceConfig,requesting nits when no mapping exists.]
09-21 18:38:36.152 I/am_wtf ( 1154): [0,1154,system_server,-1,DisplayDeviceConfig,requesting nits when no mapping exists.]
09-21 18:38:36.153 I/sysui_multi_action( 2235): [757,111,758,2]
09-21 18:38:36.153 I/sysui_multi_action( 2235): [757,111,758,2]
09-21 18:38:36.154 I/am_wtf ( 1154): [0,1154,system_server,-1,DisplayDeviceConfig,requesting nits when no mapping exists.]
09-21 18:38:36.158 I/sysui_multi_action( 2235): [757,111,758,1]
09-21 18:38:36.158 I/sysui_multi_action( 2235): [757,126,758,1,759,126,927,0,928,0,1593,1]
09-21 18:38:36.158 I/sysui_multi_action( 2235): [757,113,758,1,759,113,927,1,928,1,1593,1]
09-21 18:38:36.158 I/sysui_multi_action( 2235): [757,0,758,1,759,0,927,2,928,0,1593,1]
09-21 18:38:36.158 I/sysui_multi_action( 2235): [757,0,758,1,759,0,927,3,928,0,1593,1]
09-21 18:38:36.158 I/sysui_multi_action( 2235): [757,1706,758,1,759,1706,927,4,928,0,1593,1]
09-21 18:38:36.159 I/sysui_multi_action( 2235): [757,491,758,1,759,491,927,5,928,0,1311,-1,1593,0]
09-21 18:38:36.159 I/sysui_multi_action( 2235): [757,0,758,1,759,0,927,6,928,0,1593,0]
09-21 18:38:36.159 I/sysui_multi_action( 2235): [757,0,758,1,759,0,927,7,1593,0]
09-21 18:38:36.159 I/sysui_multi_action( 2235): [757,111,758,1]
09-21 18:38:36.159 I/sysui_multi_action( 2235): [757,126,758,1,759,126,927,0,928,0,1593,1]
09-21 18:38:36.159 I/sysui_multi_action( 2235): [757,113,758,1,759,113,927,1,928,1,1593,1]
09-21 18:38:36.159 I/sysui_multi_action( 2235): [757,0,758,1,759,0,927,2,928,0,1593,1]
09-21 18:38:36.159 I/sysui_multi_action( 2235): [757,0,758,1,759,0,927,3,928,0,1593,1]
09-21 18:38:36.173 I/wm_stop_activity( 1154): [0,185045071,com.android.launcher3/.uioverrides.QuickstepLauncher]
09-21 18:38:36.188 I/am_wtf ( 1154): [0,1154,system_server,-1,DisplayDeviceConfig,requesting nits when no mapping exists.]
09-21 18:38:36.191 I/sysui_multi_action( 2235): [757,111,758,2]
09-21 18:38:36.191 I/sysui_multi_action( 2235): [757,111,758,2]
09-21 18:38:36.191 I/am_wtf ( 1154): [0,1154,system_server,-1,DisplayDeviceConfig,requesting nits when no mapping exists.]
09-21 18:38:36.202 I/am_wtf ( 1154): [0,1154,system_server,-1,DisplayDeviceConfig,requesting nits when no mapping exists.]
09-21 18:38:36.202 I/sysui_multi_action( 2235): [757,111,758,1]
09-21 18:38:36.203 I/sysui_multi_action( 2235): [757,126,758,1,759,126,927,0,928,0,1593,0]
09-21 18:38:36.203 I/sysui_multi_action( 2235): [757,113,758,1,759,113,927,1,928,1,1593,0]
09-21 18:38:36.203 I/sysui_multi_action( 2235): [757,0,758,1,759,0,927,2,928,0,1593,0]
09-21 18:38:36.203 I/sysui_multi_action( 2235): [757,0,758,1,759,0,927,3,928,0,1593,0]
09-21 18:38:36.203 I/sysui_multi_action( 2235): [757,1706,758,1,759,1706,927,4,928,0,1593,0]
09-21 18:38:36.203 I/sysui_multi_action( 2235): [757,491,758,1,759,491,927,5,928,0,1311,-1,1593,0]
09-21 18:38:36.203 I/sysui_multi_action( 2235): [757,0,758,1,759,0,927,6,928,0,1593,0]
09-21 18:38:36.203 I/sysui_multi_action( 2235): [757,0,758,1,759,0,927,7,1593,0]
09-21 18:38:36.203 I/sysui_multi_action( 2235): [757,111,758,1]
09-21 18:38:36.204 I/sysui_multi_action( 2235): [757,126,758,1,759,126,927,0,928,0,1593,1]
09-21 18:38:36.204 I/sysui_multi_action( 2235): [757,113,758,1,759,113,927,1,928,1,1593,1]
09-21 18:38:36.204 I/sysui_multi_action( 2235): [757,0,758,1,759,0,927,2,928,0,1593,1]
09-21 18:38:36.204 I/sysui_multi_action( 2235): [757,0,758,1,759,0,927,3,928,0,1593,1]
09-21 18:38:36.212 I/am_wtf ( 1154): [0,1154,system_server,-1,DisplayDeviceConfig,requesting nits when no mapping exists.]
09-21 18:38:36.212 I/sysui_multi_action( 2235): [757,111,758,2]
09-21 18:38:36.212 I/sysui_multi_action( 2235): [757,111,758,2]
09-21 18:38:36.214 I/wm_on_stop_called( 5169): [185045071,com.android.launcher3.uioverrides.QuickstepLauncher,STOP_ACTIVITY_ITEM]
09-21 18:38:36.215 I/sysui_multi_action( 2235): [757,111,758,1]
09-21 18:38:36.216 I/sysui_multi_action( 2235): [757,126,758,1,759,126,927,0,928,0,1593,0]
09-21 18:38:36.216 I/sysui_multi_action( 2235): [757,113,758,1,759,113,927,1,928,1,1593,0]
09-21 18:38:36.216 I/sysui_multi_action( 2235): [757,0,758,1,759,0,927,2,928,0,1593,0]
09-21 18:38:36.216 I/sysui_multi_action( 2235): [757,0,758,1,759,0,927,3,928,0,1593,0]
09-21 18:38:36.216 I/sysui_multi_action( 2235): [757,1706,758,1,759,1706,927,4,928,0,1593,0]
09-21 18:38:36.216 I/sysui_multi_action( 2235): [757,491,758,1,759,491,927,5,928,0,1311,-1,1593,0]
09-21 18:38:36.216 I/sysui_multi_action( 2235): [757,0,758,1,759,0,927,6,928,0,1593,0]
09-21 18:38:36.216 I/sysui_multi_action( 2235): [757,0,758,1,759,0,927,7,1593,0]
09-21 18:38:36.216 I/sysui_multi_action( 2235): [757,111,758,1]
09-21 18:38:36.216 I/sysui_multi_action( 2235): [757,126,758,1,759,126,927,0,928,0,1593,0]
09-21 18:38:36.217 I/sysui_multi_action( 2235): [757,113,758,1,759,113,927,1,928,1,1593,0]
09-21 18:38:36.217 I/sysui_multi_action( 2235): [757,0,758,1,759,0,927,2,928,0,1593,0]
09-21 18:38:36.217 I/sysui_multi_action( 2235): [757,0,758,1,759,0,927,3,928,0,1593,1]
09-21 18:38:36.219 I/am_wtf ( 1154): [0,1154,system_server,-1,DisplayDeviceConfig,requesting nits when no mapping exists.]
09-21 18:38:36.220 I/am_wtf ( 1154): [0,1154,system_server,-1,DisplayDeviceConfig,requesting nits when no mapping exists.]
09-21 18:38:36.224 I/sysui_multi_action( 2235): [757,111,758,2]
09-21 18:38:36.225 I/sysui_multi_action( 2235): [757,111,758,2]
09-21 18:38:36.228 I/sysui_multi_action( 2235): [757,111,758,1]
09-21 18:38:36.228 I/sysui_multi_action( 2235): [757,126,758,1,759,126,927,0,928,0,1593,1]
09-21 18:38:36.228 I/sysui_multi_action( 2235): [757,113,758,1,759,113,927,1,928,1,1593,1]
09-21 18:38:36.228 I/sysui_multi_action( 2235): [757,0,758,1,759,0,927,2,928,0,1593,1]
09-21 18:38:36.228 I/sysui_multi_action( 2235): [757,0,758,1,759,0,927,3,928,0,1593,1]
09-21 18:38:36.228 I/sysui_multi_action( 2235): [757,1706,758,1,759,1706,927,4,928,0,1593,1]
09-21 18:38:36.228 I/sysui_multi_action( 2235): [757,491,758,1,759,491,927,5,928,0,1311,-1,1593,1]
09-21 18:38:36.228 I/sysui_multi_action( 2235): [757,0,758,1,759,0,927,6,928,0,1593,1]
09-21 18:38:36.228 I/sysui_multi_action( 2235): [757,0,758,1,759,0,927,7,1593,1]
09-21 18:38:36.228 I/sysui_multi_action( 2235): [757,111,758,1]
09-21 18:38:36.229 I/sysui_multi_action( 2235): [757,126,758,1,759,126,927,0,928,0,1593,1]
09-21 18:38:36.229 I/sysui_multi_action( 2235): [757,113,758,1,759,113,927,1,928,1,1593,1]
09-21 18:38:36.229 I/sysui_multi_action( 2235): [757,0,758,1,759,0,927,2,928,0,1593,1]
09-21 18:38:36.229 I/sysui_multi_action( 2235): [757,0,758,1,759,0,927,3,928,0,1593,1]
09-21 18:38:36.236 I/sysui_multi_action( 2235): [757,111,758,2]
09-21 18:38:36.236 I/sysui_multi_action( 2235): [757,111,758,2]
09-21 18:38:36.240 I/sysui_multi_action( 2235): [757,111,758,1]
09-21 18:38:36.240 I/sysui_multi_action( 2235): [757,126,758,1,759,126,927,0,928,0,1593,1]
09-21 18:38:36.240 I/sysui_multi_action( 2235): [757,113,758,1,759,113,927,1,928,1,1593,1]
09-21 18:38:36.240 I/sysui_multi_action( 2235): [757,0,758,1,759,0,927,2,928,0,1593,1]
09-21 18:38:36.240 I/sysui_multi_action( 2235): [757,0,758,1,759,0,927,3,928,0,1593,1]
09-21 18:38:36.240 I/sysui_multi_action( 2235): [757,1706,758,1,759,1706,927,4,928,0,1593,1]
09-21 18:38:36.240 I/sysui_multi_action( 2235): [757,491,758,1,759,491,927,5,928,0,1311,-1,1593,1]
09-21 18:38:36.240 I/sysui_multi_action( 2235): [757,0,758,1,759,0,927,6,928,0,1593,1]
09-21 18:38:36.240 I/sysui_multi_action( 2235): [757,0,758,1,759,0,927,7,1593,1]
09-21 18:38:36.241 I/sysui_multi_action( 2235): [757,111,758,1]
09-21 18:38:36.241 I/sysui_multi_action( 2235): [757,126,758,1,759,126,927,0,928,0,1593,1]
09-21 18:38:36.241 I/sysui_multi_action( 2235): [757,113,758,1,759,113,927,1,928,1,1593,1]
09-21 18:38:36.241 I/sysui_multi_action( 2235): [757,0,758,1,759,0,927,2,928,0,1593,1]
09-21 18:38:36.241 I/sysui_multi_action( 2235): [757,0,758,1,759,0,927,3,928,0,1593,1]
09-21 18:38:36.252 I/sysui_multi_action( 2235): [757,111,758,2]
09-21 18:38:36.253 I/sysui_multi_action( 2235): [757,111,758,2]
09-21 18:38:36.253 I/am_wtf ( 1154): [0,1154,system_server,-1,DisplayDeviceConfig,requesting nits when no mapping exists.]
09-21 18:38:36.255 I/am_wtf ( 1154): [0,1154,system_server,-1,DisplayDeviceConfig,requesting nits when no mapping exists.]
09-21 18:38:36.256 I/sysui_multi_action( 2235): [757,111,758,1]
09-21 18:38:36.256 I/sysui_multi_action( 2235): [757,126,758,1,759,126,927,0,928,0,1593,1]
09-21 18:38:36.257 I/sysui_multi_action( 2235): [757,113,758,1,759,113,927,1,928,1,1593,1]
09-21 18:38:36.257 I/sysui_multi_action( 2235): [757,0,758,1,759,0,927,2,928,0,1593,1]
09-21 18:38:36.257 I/sysui_multi_action( 2235): [757,0,758,1,759,0,927,3,928,0,1593,1]
09-21 18:38:36.257 I/sysui_multi_action( 2235): [757,1706,758,1,759,1706,927,4,928,0,1593,1]
09-21 18:38:36.257 I/sysui_multi_action( 2235): [757,491,758,1,759,491,927,5,928,0,1311,-1,1593,1]
09-21 18:38:36.257 I/sysui_multi_action( 2235): [757,0,758,1,759,0,927,6,928,0,1593,1]
09-21 18:38:36.257 I/sysui_multi_action( 2235): [757,0,758,1,759,0,927,7,1593,1]
09-21 18:38:36.257 I/sysui_multi_action( 2235): [757,111,758,1]
09-21 18:38:36.258 I/sysui_multi_action( 2235): [757,126,758,1,759,126,927,0,928,0,1593,1]
09-21 18:38:36.258 I/sysui_multi_action( 2235): [757,113,758,1,759,113,927,1,928,1,1593,1]
09-21 18:38:36.258 I/sysui_multi_action( 2235): [757,0,758,1,759,0,927,2,928,0,1593,1]
09-21 18:38:36.258 I/sysui_multi_action( 2235): [757,0,758,1,759,0,927,3,928,0,1593,1]
09-21 18:38:36.269 I/sysui_multi_action( 2235): [757,111,758,2]
09-21 18:38:36.269 I/sysui_multi_action( 2235): [757,111,758,2]
09-21 18:38:36.269 I/am_wtf ( 1154): [0,1154,system_server,-1,DisplayDeviceConfig,requesting nits when no mapping exists.]
09-21 18:38:36.271 I/am_wtf ( 1154): [0,1154,system_server,-1,DisplayDeviceConfig,requesting nits when no mapping exists.]
09-21 18:38:36.273 I/sysui_multi_action( 2235): [757,111,758,1]
09-21 18:38:36.273 I/sysui_multi_action( 2235): [757,126,758,1,759,126,927,0,928,0,1593,0]
09-21 18:38:36.273 I/sysui_multi_action( 2235): [757,113,758,1,759,113,927,1,928,1,1593,0]
09-21 18:38:36.273 I/sysui_multi_action( 2235): [757,0,758,1,759,0,927,2,928,0,1593,0]
09-21 18:38:36.273 I/sysui_multi_action( 2235): [757,0,758,1,759,0,927,3,928,0,1593,0]
09-21 18:38:36.273 I/sysui_multi_action( 2235): [757,1706,758,1,759,1706,927,4,928,0,1593,0]
09-21 18:38:36.274 I/sysui_multi_action( 2235): [757,491,758,1,759,491,927,5,928,0,1311,-1,1593,0]
09-21 18:38:36.274 I/sysui_multi_action( 2235): [757,0,758,1,759,0,927,6,928,0,1593,0]
09-21 18:38:36.274 I/sysui_multi_action( 2235): [757,0,758,1,759,0,927,7,1593,0]
09-21 18:38:36.274 I/sysui_multi_action( 2235): [757,111,758,1]
09-21 18:38:36.274 I/sysui_multi_action( 2235): [757,126,758,1,759,126,927,0,928,0,1593,0]
09-21 18:38:36.274 I/sysui_multi_action( 2235): [757,113,758,1,759,113,927,1,928,1,1593,0]
09-21 18:38:36.274 I/sysui_multi_action( 2235): [757,0,758,1,759,0,927,2,928,0,1593,0]
09-21 18:38:36.275 I/sysui_multi_action( 2235): [757,0,758,1,759,0,927,3,928,0,1593,0]
09-21 18:38:36.286 I/sysui_multi_action( 2235): [757,111,758,2]
09-21 18:38:36.286 I/am_wtf ( 1154): [0,1154,system_server,-1,DisplayDeviceConfig,requesting nits when no mapping exists.]
09-21 18:38:36.286 I/sysui_multi_action( 2235): [757,111,758,2]
09-21 18:38:36.288 I/am_wtf ( 1154): [0,1154,system_server,-1,DisplayDeviceConfig,requesting nits when no mapping exists.]
09-21 18:38:36.304 I/am_wtf ( 1154): [0,1154,system_server,-1,DisplayDeviceConfig,requesting nits when no mapping exists.]
09-21 18:38:36.305 I/am_wtf ( 1154): [0,1154,system_server,-1,DisplayDeviceConfig,requesting nits when no mapping exists.]
09-21 18:38:36.306 I/sysui_multi_action( 2235): [757,111,758,1]
09-21 18:38:36.306 I/sysui_multi_action( 2235): [757,126,758,1,759,126,927,0,928,0,1593,1]
09-21 18:38:36.306 I/sysui_multi_action( 2235): [757,113,758,1,759,113,927,1,928,1,1593,1]
09-21 18:38:36.306 I/sysui_multi_action( 2235): [757,0,758,1,759,0,927,2,928,0,1593,1]
09-21 18:38:36.306 I/sysui_multi_action( 2235): [757,0,758,1,759,0,927,3,928,0,1593,1]
09-21 18:38:36.306 I/sysui_multi_action( 2235): [757,1706,758,1,759,1706,927,4,928,0,1593,1]
09-21 18:38:36.306 I/sysui_multi_action( 2235): [757,491,758,1,759,491,927,5,928,0,1311,-1,1593,0]
09-21 18:38:36.307 I/sysui_multi_action( 2235): [757,0,758,1,759,0,927,6,928,0,1593,0]
09-21 18:38:36.307 I/sysui_multi_action( 2235): [757,0,758,1,759,0,927,7,1593,0]
09-21 18:38:36.307 I/sysui_multi_action( 2235): [757,111,758,1]
09-21 18:38:36.307 I/sysui_multi_action( 2235): [757,126,758,1,759,126,927,0,928,0,1593,1]
09-21 18:38:36.307 I/sysui_multi_action( 2235): [757,113,758,1,759,113,927,1,928,1,1593,1]
09-21 18:38:36.307 I/sysui_multi_action( 2235): [757,0,758,1,759,0,927,2,928,0,1593,1]
09-21 18:38:36.307 I/sysui_multi_action( 2235): [757,0,758,1,759,0,927,3,928,0,1593,1]
09-21 18:38:36.314 I/sysui_multi_action( 2235): [757,111,758,2]
09-21 18:38:36.314 I/sysui_multi_action( 2235): [757,111,758,2]
09-21 18:38:36.317 I/sysui_multi_action( 1154): [757,128,758,2,793,62817774,794,86138,795,62817774,796,26,798,0,806,android,857,DEVELOPER_IMPORTANT,858,4,947,0,1395,3,1500,62817771,1688,1]
09-21 18:38:36.317 I/notification_visibility( 1154): [-1|android|26|null|1000,0,62817774,62817774,0,0]
09-21 18:38:36.320 I/sysui_multi_action( 1154): [757,128,758,2,793,62817680,794,86140,795,62817680,796,55,798,1,806,android,857,DEVELOPER,858,2,947,0,1395,3,1500,62817679,1688,1]
09-21 18:38:36.320 I/notification_visibility( 1154): [-1|android|55|null|1000,0,62817680,62817680,0,1]
09-21 18:38:36.321 I/sysui_multi_action( 1154): [757,128,758,2,793,62819016,794,86139,795,62819016,796,32,798,2,806,android,857,USB,858,1,947,0,1395,3,1500,62818297,1688,1]
09-21 18:38:36.321 I/notification_visibility( 1154): [-1|android|32|null|1000,0,62819016,62819016,0,2]
09-21 18:38:36.322 I/am_wtf ( 1154): [0,1154,system_server,-1,DisplayDeviceConfig,requesting nits when no mapping exists.]
09-21 18:38:36.323 I/am_wtf ( 1154): [0,1154,system_server,-1,DisplayDeviceConfig,requesting nits when no mapping exists.]
09-21 18:38:36.324 I/sysui_multi_action( 1154): [757,127,758,2]
09-21 18:38:36.324 I/notification_panel_hidden( 1154):
09-21 18:38:36.337 I/sysui_multi_action( 2235): [757,111,758,1]
09-21 18:38:36.337 I/sysui_multi_action( 2235): [757,126,758,1,759,126,927,0,928,0,1593,1]
09-21 18:38:36.337 I/sysui_multi_action( 2235): [757,113,758,1,759,113,927,1,928,1,1593,1]
09-21 18:38:36.337 I/sysui_multi_action( 2235): [757,0,758,1,759,0,927,2,928,0,1593,1]
09-21 18:38:36.337 I/sysui_multi_action( 2235): [757,0,758,1,759,0,927,3,928,0,1593,1]
09-21 18:38:36.337 I/sysui_multi_action( 2235): [757,1706,758,1,759,1706,927,4,928,0,1593,1]
09-21 18:38:36.337 I/am_wtf ( 1154): [0,1154,system_server,-1,DisplayDeviceConfig,requesting nits when no mapping exists.]
09-21 18:38:36.338 I/sysui_multi_action( 2235): [757,491,758,1,759,491,927,5,928,0,1311,-1,1593,0]
09-21 18:38:36.338 I/sysui_multi_action( 2235): [757,0,758,1,759,0,927,6,928,0,1593,0]
09-21 18:38:36.338 I/sysui_multi_action( 2235): [757,0,758,1,759,0,927,7,1593,0]
09-21 18:38:36.338 I/sysui_multi_action( 2235): [757,111,758,1]
09-21 18:38:36.338 I/sysui_multi_action( 2235): [757,126,758,1,759,126,927,0,928,0,1593,1]
09-21 18:38:36.338 I/sysui_multi_action( 2235): [757,113,758,1,759,113,927,1,928,1,1593,1]
09-21 18:38:36.338 I/sysui_multi_action( 2235): [757,0,758,1,759,0,927,2,928,0,1593,1]
09-21 18:38:36.338 I/am_wtf ( 1154): [0,1154,system_server,-1,DisplayDeviceConfig,requesting nits when no mapping exists.]
09-21 18:38:36.338 I/sysui_multi_action( 2235): [757,0,758,1,759,0,927,3,928,0,1593,1]
09-21 18:38:36.355 I/am_wtf ( 1154): [0,1154,system_server,-1,DisplayDeviceConfig,requesting nits when no mapping exists.]
09-21 18:38:36.357 I/am_wtf ( 1154): [0,1154,system_server,-1,DisplayDeviceConfig,requesting nits when no mapping exists.]
09-21 18:38:36.372 I/am_wtf ( 1154): [0,1154,system_server,-1,DisplayDeviceConfig,requesting nits when no mapping exists.]
09-21 18:38:36.374 I/am_wtf ( 1154): [0,1154,system_server,-1,DisplayDeviceConfig,requesting nits when no mapping exists.]
09-21 18:38:36.388 I/am_wtf ( 1154): [0,1154,system_server,-1,DisplayDeviceConfig,requesting nits when no mapping exists.]
09-21 18:38:36.393 I/am_wtf ( 1154): [0,1154,system_server,-1,DisplayDeviceConfig,requesting nits when no mapping exists.]
09-21 18:38:36.408 I/am_wtf ( 1154): [0,1154,system_server,-1,DisplayDeviceConfig,requesting nits when no mapping exists.]
09-21 18:38:36.410 I/am_wtf ( 1154): [0,1154,system_server,-1,DisplayDeviceConfig,requesting nits when no mapping exists.]
09-21 18:38:36.422 I/am_wtf ( 1154): [0,1154,system_server,-1,DisplayDeviceConfig,requesting nits when no mapping exists.]
09-21 18:38:36.424 I/am_wtf ( 1154): [0,1154,system_server,-1,DisplayDeviceConfig,requesting nits when no mapping exists.]
09-21 18:38:36.440 I/am_wtf ( 1154): [0,1154,system_server,-1,DisplayDeviceConfig,requesting nits when no mapping exists.]
09-21 18:38:36.442 I/am_wtf ( 1154): [0,1154,system_server,-1,DisplayDeviceConfig,requesting nits when no mapping exists.]
09-21 18:38:36.456 I/am_wtf ( 1154): [0,1154,system_server,-1,DisplayDeviceConfig,requesting nits when no mapping exists.]
09-21 18:38:36.457 I/am_wtf ( 1154): [0,1154,system_server,-1,DisplayDeviceConfig,requesting nits when no mapping exists.]
09-21 18:38:36.471 I/am_wtf ( 1154): [0,1154,system_server,-1,DisplayDeviceConfig,requesting nits when no mapping exists.]
09-21 18:38:36.476 I/am_wtf ( 1154): [0,1154,system_server,-1,DisplayDeviceConfig,requesting nits when no mapping exists.]
09-21 18:38:36.490 I/am_wtf ( 1154): [0,1154,system_server,-1,DisplayDeviceConfig,requesting nits when no mapping exists.]
09-21 18:38:36.491 I/am_wtf ( 1154): [0,1154,system_server,-1,DisplayDeviceConfig,requesting nits when no mapping exists.]
09-21 18:38:36.505 I/am_wtf ( 1154): [0,1154,system_server,-1,DisplayDeviceConfig,requesting nits when no mapping exists.]
09-21 18:38:36.506 I/am_wtf ( 1154): [0,1154,system_server,-1,DisplayDeviceConfig,requesting nits when no mapping exists.]
09-21 18:38:36.523 I/am_wtf ( 1154): [0,1154,system_server,-1,DisplayDeviceConfig,requesting nits when no mapping exists.]
09-21 18:38:36.524 I/am_wtf ( 1154): [0,1154,system_server,-1,DisplayDeviceConfig,requesting nits when no mapping exists.]
09-21 18:38:36.546 I/am_wtf ( 1154): [0,1154,system_server,-1,DisplayDeviceConfig,requesting nits when no mapping exists.]
09-21 18:38:36.549 I/am_wtf ( 1154): [0,1154,system_server,-1,DisplayDeviceConfig,requesting nits when no mapping exists.]
09-21 18:38:36.556 I/am_wtf ( 1154): [0,1154,system_server,-1,DisplayDeviceConfig,requesting nits when no mapping exists.]
09-21 18:38:36.562 I/am_wtf ( 1154): [0,1154,system_server,-1,DisplayDeviceConfig,requesting nits when no mapping exists.]
09-21 18:38:37.795 I/input_interaction( 1154): Interaction with: 57c0ac2 com.android.deskclock/android.service.dreams.DreamActivity (server), swipe-up (server), edge-swipe (server), PointerEventDispatcher0 (server),
09-21 18:38:37.801 I/wm_finish_activity( 1154): [0,113039466,35,com.android.deskclock/android.service.dreams.DreamActivity,finish-activity]
09-21 18:38:37.801 I/wm_task_moved( 1154): [1,1,7]
09-21 18:38:37.803 I/wm_task_moved( 1154): [10,1,2147483647]
09-21 18:38:37.803 I/wm_task_to_front( 1154): [0,10]
09-21 18:38:37.803 I/wm_focused_root_task( 1154): [0,0,1,35,finish-top adjustFocusToNextFocusableTask]
09-21 18:38:37.804 I/wm_set_resumed_activity( 1154): [0,com.android.launcher3/.uioverrides.QuickstepLauncher,finish-top adjustFocusToNextFocusableTask]
09-21 18:38:37.805 I/wm_pause_activity( 1154): [0,113039466,com.android.deskclock/android.service.dreams.DreamActivity,userLeaving=false,finish]
09-21 18:38:37.814 I/sysui_multi_action( 1154): [757,803,799,window_time_0,802,2]
09-21 18:38:37.819 I/wm_on_top_resumed_lost_called( 3013): [113039466,android.service.dreams.DreamActivity,topStateChangedWhenResumed]
09-21 18:38:37.821 I/wm_on_paused_called( 3013): [113039466,android.service.dreams.DreamActivity,performPause]
09-21 18:38:37.822 I/wm_add_to_stopping( 1154): [0,113039466,com.android.deskclock/android.service.dreams.DreamActivity,completeFinishing]
09-21 18:38:37.826 I/wm_set_resumed_activity( 1154): [0,com.android.launcher3/.uioverrides.QuickstepLauncher,resumeTopActivityInnerLocked]
09-21 18:38:37.828 I/wm_resume_activity( 1154): [0,185045071,10,com.android.launcher3/.uioverrides.QuickstepLauncher]
09-21 18:38:37.836 I/sysui_multi_action( 1154): [757,803,799,window_time_0,802,0]
09-21 18:38:37.844 I/wm_on_restart_called( 5169): [185045071,com.android.launcher3.uioverrides.QuickstepLauncher,performRestartActivity]
09-21 18:38:37.845 I/wm_on_start_called( 5169): [185045071,com.android.launcher3.uioverrides.QuickstepLauncher,handleStartActivity]
09-21 18:38:37.845 I/wm_on_resume_called( 5169): [185045071,com.android.launcher3.uioverrides.QuickstepLauncher,RESUME_ACTIVITY]
09-21 18:38:37.845 I/wm_on_top_resumed_gained_called( 5169): [185045071,com.android.launcher3.uioverrides.QuickstepLauncher,topWhenResuming]
09-21 18:38:37.848 I/input_focus( 1154): [Focus leaving 57c0ac2 com.android.deskclock/android.service.dreams.DreamActivity (server),reason=NO_WINDOW]
09-21 18:38:37.848 I/input_interaction( 1154): Interaction with: swipe-up (server), edge-swipe (server), PointerEventDispatcher0 (server),
09-21 18:38:37.848 I/view_enqueue_input_event( 3013): [Motion - Cancel,com.android.deskclock/android.service.dreams.DreamActivity]
09-21 18:38:37.865 I/input_focus( 1154): [Focus request c27a430 com.android.launcher3/com.android.launcher3.uioverrides.QuickstepLauncher,reason=UpdateInputWindows]
09-21 18:38:37.893 I/input_focus( 1154): [Focus entering c27a430 com.android.launcher3/com.android.launcher3.uioverrides.QuickstepLauncher (server),reason=setFocusedWindow]
09-21 18:38:38.138 I/wm_destroy_activity( 1154): [0,113039466,35,com.android.deskclock/android.service.dreams.DreamActivity,finish-imm:idle]
09-21 18:38:38.152 I/wm_on_stop_called( 3013): [113039466,android.service.dreams.DreamActivity,LIFECYCLER_STOP_ACTIVITY]
09-21 18:38:38.152 I/wm_on_destroy_called( 3013): [113039466,android.service.dreams.DreamActivity,performDestroy]
09-21 18:38:38.160 I/sysui_multi_action( 1154): [757,222,758,2]
09-21 18:38:38.160 I/sysui_multi_action( 1154): [757,804,799,dreaming_minutes,801,0,802,1]
09-21 18:38:38.178 I/wm_task_removed( 1154): [35,removeChild:removeChild last r=ActivityRecord{6bcd86a u0 com.android.deskclock/android.service.dreams.DreamActivity t-1 f}} in t=Task{6cc17d #35 type=dream A=10070:android:com.android.deskclock/dream U=0 visible=false mode=fullscreen translucent=true sz=0}]
09-21 18:38:38.178 I/wm_task_removed( 1154): [35,removeChild]
09-21 18:38:41.219 I/am_freeze( 1154): [3442,com.android.provision]
09-21 18:38:41.235 I/am_kill ( 1154): [0,3442,com.android.provision,985,Unable to freeze binder interface]
09-21 18:38:41.337 I/am_proc_died( 1154): [0,3442,com.android.provision,985,19]
09-21 18:38:41.339 I/am_uid_stopped( 1154): 10076
09-21 18:38:41.504 I/am_freeze( 1154): [3463,com.android.keychain]
09-21 18:38:41.514 I/am_kill ( 1154): [0,3463,com.android.keychain,975,Unable to freeze binder interface]
09-21 18:38:41.611 I/am_proc_died( 1154): [0,3463,com.android.keychain,975,19]
09-21 18:38:42.875 I/am_freeze( 1154): [3748,com.android.localtransport]
