09-21 19:28:35.009 D/BluetoothRemoteDevices( 2214): deviceFoundCallback: Remote Address is:D5:54:91:BE:F4:71
09-21 19:28:35.012 E/BluetoothDatabase( 2214): getCustomMeta: device 04:7A:0B:1A:00:FC is not in cache
09-21 19:28:35.012 V/bt_stack( 2214): [VERBOSE1:btm_ble_gap.cc(2726)] btm_ble_process_ext_adv_pkt: bda=22:8c:ff:6a:3f:3c
09-21 19:28:35.012 V/bt_stack( 2214): [VERBOSE1:btm_ble_gap.cc(2650)] btm_ble_process_adv_addr: bda=22:8c:ff:6a:3f:3c
09-21 19:28:35.012 V/bt_stack( 2214): [VERBOSE1:btm_ble_gap.cc(2886)] btm_ble_process_adv_pkt_cont skipped BDA 22:8c:ff:6a:3f:3c
09-21 19:28:35.013 E/BluetoothDatabase( 2214): getCustomMeta: device 04:7A:0B:1A:00:FC is not in cache
09-21 19:28:35.014 W/BluetoothDatabase( 2214): Invalid metadata key 17
09-21 19:28:35.014 E/BluetoothDatabase( 2214): getCustomMeta: meta key invalid 17
09-21 19:28:35.014 D/AdaptiveHomepageIcon( 8794): Setting background color -143384
09-21 19:28:35.017 D/BluetoothSap( 8794): getConnectionState(04:7A:0B:1A:00:FC)
09-21 19:28:35.017 V/SapService( 2214): getConnectionState()
09-21 19:28:35.020 E/BluetoothDatabase( 2214): getCustomMeta: device 04:7A:0B:1A:00:FC is not in cache
09-21 19:28:35.022 E/BluetoothDatabase( 2214): getCustomMeta: device 04:7A:0B:1A:00:FC is not in cache
09-21 19:28:35.022 W/BluetoothDatabase( 2214): Invalid metadata key 17
09-21 19:28:35.022 E/BluetoothDatabase( 2214): getCustomMeta: meta key invalid 17
09-21 19:28:35.023 D/AdaptiveHomepageIcon( 8794): Setting background color -143384
09-21 19:28:35.025 D/BluetoothSap( 8794): getConnectionState(04:7A:0B:1A:00:FC)
09-21 19:28:35.025 V/SapService( 2214): getConnectionState()
09-21 19:28:35.029 E/BluetoothDatabase( 2214): getCustomMeta: device 7F:D0:E5:89:0A:9E is not in cache
09-21 19:28:35.031 E/BluetoothDatabase( 2214): getCustomMeta: device 7F:D0:E5:89:0A:9E is not in cache
09-21 19:28:35.031 V/bt_stack( 2214): [VERBOSE1:btm_ble_gap.cc(2726)] btm_ble_process_ext_adv_pkt: bda=14:71:2c:be:32:6e
09-21 19:28:35.031 V/bt_stack( 2214): [VERBOSE1:btm_ble_gap.cc(2650)] btm_ble_process_adv_addr: bda=14:71:2c:be:32:6e
09-21 19:28:35.031 W/BluetoothDatabase( 2214): Invalid metadata key 17
09-21 19:28:35.031 V/bt_stack( 2214): [VERBOSE1:btm_ble_gap.cc(2886)] btm_ble_process_adv_pkt_cont skipped BDA 14:71:2c:be:32:6e
09-21 19:28:35.031 E/BluetoothDatabase( 2214): getCustomMeta: meta key invalid 17
09-21 19:28:35.032 D/AdaptiveHomepageIcon( 8794): Setting background color -339249
09-21 19:28:35.035 D/BluetoothSap( 8794): getConnectionState(7F:D0:E5:89:0A:9E)
09-21 19:28:35.035 V/SapService( 2214): getConnectionState()
09-21 19:28:35.036 V/bt_stack( 2214): [VERBOSE1:btm_ble_gap.cc(2726)] btm_ble_process_ext_adv_pkt: bda=f4:2f:71:bc:ad:cf
09-21 19:28:35.036 V/bt_stack( 2214): [VERBOSE1:btm_ble_gap.cc(2650)] btm_ble_process_adv_addr: bda=f4:2f:71:bc:ad:cf
09-21 19:28:35.036 V/bt_stack( 2214): [VERBOSE1:btm_ble_gap.cc(2855)] Waiting for scan response f4:2f:71:bc:ad:cf
09-21 19:28:35.036 V/bt_stack( 2214): [VERBOSE1:btm_ble_gap.cc(2726)] btm_ble_process_ext_adv_pkt: bda=f4:2f:71:bc:ad:cf
09-21 19:28:35.036 V/bt_stack( 2214): [VERBOSE1:btm_ble_gap.cc(2650)] btm_ble_process_adv_addr: bda=f4:2f:71:bc:ad:cf
09-21 19:28:35.037 V/bt_stack( 2214): [VERBOSE1:btm_ble_gap.cc(2886)] btm_ble_process_adv_pkt_cont skipped BDA f4:2f:71:bc:ad:cf
09-21 19:28:35.037 V/bt_stack( 2214): [VERBOSE1:btm_ble_gap.cc(2726)] btm_ble_process_ext_adv_pkt: bda=39:ee:5c:41:ad:e7
09-21 19:28:35.037 V/bt_stack( 2214): [VERBOSE1:btm_ble_gap.cc(2650)] btm_ble_process_adv_addr: bda=39:ee:5c:41:ad:e7
09-21 19:28:35.037 V/bt_stack( 2214): [VERBOSE1:btm_ble_gap.cc(2886)] btm_ble_process_adv_pkt_cont skipped BDA 39:ee:5c:41:ad:e7
09-21 19:28:35.038 E/BluetoothDatabase( 2214): getCustomMeta: device 7F:D0:E5:89:0A:9E is not in cache
09-21 19:28:35.040 E/BluetoothDatabase( 2214): getCustomMeta: device 7F:D0:E5:89:0A:9E is not in cache
09-21 19:28:35.040 W/BluetoothDatabase( 2214): Invalid metadata key 17
09-21 19:28:35.041 E/BluetoothDatabase( 2214): getCustomMeta: meta key invalid 17
09-21 19:28:35.041 D/AdaptiveHomepageIcon( 8794): Setting background color -339249
09-21 19:28:35.042 V/bt_stack( 2214): [VERBOSE1:btm_ble_gap.cc(2726)] btm_ble_process_ext_adv_pkt: bda=15:40:17:f7:a5:e7
09-21 19:28:35.042 V/bt_stack( 2214): [VERBOSE1:btm_ble_gap.cc(2650)] btm_ble_process_adv_addr: bda=15:40:17:f7:a5:e7
09-21 19:28:35.042 V/bt_stack( 2214): [VERBOSE1:btm_ble_gap.cc(2886)] btm_ble_process_adv_pkt_cont skipped BDA 15:40:17:f7:a5:e7
09-21 19:28:35.043 V/bt_stack( 2214): [VERBOSE1:btm_ble_gap.cc(2726)] btm_ble_process_ext_adv_pkt: bda=2f:6a:67:78:12:fc
09-21 19:28:35.043 V/bt_stack( 2214): [VERBOSE1:btm_ble_gap.cc(2650)] btm_ble_process_adv_addr: bda=2f:6a:67:78:12:fc
09-21 19:28:35.043 V/bt_stack( 2214): [VERBOSE1:btm_ble_gap.cc(2886)] btm_ble_process_adv_pkt_cont skipped BDA 2f:6a:67:78:12:fc
09-21 19:28:35.044 D/BluetoothSap( 8794): getConnectionState(7F:D0:E5:89:0A:9E)
09-21 19:28:35.044 V/SapService( 2214): getConnectionState()
09-21 19:28:35.048 E/BluetoothDatabase( 2214): getCustomMeta: device D5:54:91:BE:F4:71 is not in cache
09-21 19:28:35.049 E/BluetoothDatabase( 2214): getCustomMeta: device D5:54:91:BE:F4:71 is not in cache
09-21 19:28:35.050 V/bt_stack( 2214): [VERBOSE1:btm_ble_gap.cc(2726)] btm_ble_process_ext_adv_pkt: bda=02:e2:c3:30:22:dc
09-21 19:28:35.050 V/bt_stack( 2214): [VERBOSE1:btm_ble_gap.cc(2650)] btm_ble_process_adv_addr: bda=02:e2:c3:30:22:dc
09-21 19:28:35.050 W/BluetoothDatabase( 2214): Invalid metadata key 17
09-21 19:28:35.050 E/BluetoothDatabase( 2214): getCustomMeta: meta key invalid 17
09-21 19:28:35.050 V/bt_stack( 2214): [VERBOSE1:btm_ble_gap.cc(2886)] btm_ble_process_adv_pkt_cont skipped BDA 02:e2:c3:30:22:dc
09-21 19:28:35.050 D/AdaptiveHomepageIcon( 8794): Setting background color -73784
09-21 19:28:35.054 D/BluetoothSap( 8794): getConnectionState(D5:54:91:BE:F4:71)
09-21 19:28:35.054 V/SapService( 2214): getConnectionState()
09-21 19:28:35.058 E/BluetoothDatabase( 2214): getCustomMeta: device D5:54:91:BE:F4:71 is not in cache
09-21 19:28:35.059 E/BluetoothDatabase( 2214): getCustomMeta: device D5:54:91:BE:F4:71 is not in cache
09-21 19:28:35.060 W/BluetoothDatabase( 2214): Invalid metadata key 17
09-21 19:28:35.060 E/BluetoothDatabase( 2214): getCustomMeta: meta key invalid 17
09-21 19:28:35.060 D/AdaptiveHomepageIcon( 8794): Setting background color -73784
09-21 19:28:35.061 V/bt_stack( 2214): [VERBOSE1:btm_ble_gap.cc(2726)] btm_ble_process_ext_adv_pkt: bda=02:68:34:f9:72:c2
09-21 19:28:35.061 V/bt_stack( 2214): [VERBOSE1:btm_ble_gap.cc(2650)] btm_ble_process_adv_addr: bda=02:68:34:f9:72:c2
09-21 19:28:35.062 V/bt_stack( 2214): [VERBOSE1:btm_ble_gap.cc(2886)] btm_ble_process_adv_pkt_cont skipped BDA 02:68:34:f9:72:c2
09-21 19:28:35.063 V/bt_stack( 2214): [VERBOSE1:btm_ble_gap.cc(2726)] btm_ble_process_ext_adv_pkt: bda=6b:f5:a9:e6:61:34
09-21 19:28:35.063 V/bt_stack( 2214): [VERBOSE1:btm_ble_gap.cc(2650)] btm_ble_process_adv_addr: bda=6b:f5:a9:e6:61:34
09-21 19:28:35.063 V/bt_stack( 2214): [VERBOSE1:btm_ble_gap.cc(2855)] Waiting for scan response 6b:f5:a9:e6:61:34
09-21 19:28:35.063 D/BluetoothSap( 8794): getConnectionState(D5:54:91:BE:F4:71)
09-21 19:28:35.064 V/bt_stack( 2214): [VERBOSE1:btm_ble_gap.cc(2726)] btm_ble_process_ext_adv_pkt: bda=6b:f5:a9:e6:61:34
09-21 19:28:35.064 V/bt_stack( 2214): [VERBOSE1:btm_ble_gap.cc(2650)] btm_ble_process_adv_addr: bda=6b:f5:a9:e6:61:34
09-21 19:28:35.064 V/SapService( 2214): getConnectionState()
09-21 19:28:35.064 V/bt_stack( 2214): [VERBOSE1:btm_ble_gap.cc(2886)] btm_ble_process_adv_pkt_cont skipped BDA 6b:f5:a9:e6:61:34
09-21 19:28:35.065 V/bt_stack( 2214): [VERBOSE1:btm_ble_gap.cc(2726)] btm_ble_process_ext_adv_pkt: bda=21:2b:31:5e:59:18
09-21 19:28:35.065 V/bt_stack( 2214): [VERBOSE1:btm_ble_gap.cc(2650)] btm_ble_process_adv_addr: bda=21:2b:31:5e:59:18
09-21 19:28:35.065 V/bt_stack( 2214): [VERBOSE1:btm_ble_gap.cc(2886)] btm_ble_process_adv_pkt_cont skipped BDA 21:2b:31:5e:59:18
09-21 19:28:35.068 V/bt_stack( 2214): [VERBOSE1:btm_ble_gap.cc(2726)] btm_ble_process_ext_adv_pkt: bda=5c:24:32:dd:3e:3e
09-21 19:28:35.068 V/bt_stack( 2214): [VERBOSE1:btm_ble_gap.cc(2650)] btm_ble_process_adv_addr: bda=5c:24:32:dd:3e:3e
09-21 19:28:35.068 V/bt_stack( 2214): [VERBOSE1:btm_ble_gap.cc(2886)] btm_ble_process_adv_pkt_cont skipped BDA 5c:24:32:dd:3e:3e
09-21 19:28:35.072 V/bt_stack( 2214): [VERBOSE1:btm_ble_gap.cc(2726)] btm_ble_process_ext_adv_pkt: bda=1a:39:42:f3:de:2e
09-21 19:28:35.072 V/bt_stack( 2214): [VERBOSE1:btm_ble_gap.cc(2650)] btm_ble_process_adv_addr: bda=1a:39:42:f3:de:2e
09-21 19:28:35.072 V/bt_stack( 2214): [VERBOSE1:btm_ble_gap.cc(2886)] btm_ble_process_adv_pkt_cont skipped BDA 1a:39:42:f3:de:2e
09-21 19:28:35.074 V/bt_stack( 2214): [VERBOSE1:btm_ble_gap.cc(2726)] btm_ble_process_ext_adv_pkt: bda=2d:2c:55:e8:e3:41
09-21 19:28:35.074 V/bt_stack( 2214): [VERBOSE1:btm_ble_gap.cc(2650)] btm_ble_process_adv_addr: bda=2d:2c:55:e8:e3:41
09-21 19:28:35.074 V/bt_stack( 2214): [VERBOSE1:btm_ble_gap.cc(2886)] btm_ble_process_adv_pkt_cont skipped BDA 2d:2c:55:e8:e3:41
09-21 19:28:35.076 V/bt_stack( 2214): [VERBOSE1:btm_ble_gap.cc(2726)] btm_ble_process_ext_adv_pkt: bda=38:92:a7:35:61:27
09-21 19:28:35.076 V/bt_stack( 2214): [VERBOSE1:btm_ble_gap.cc(2650)] btm_ble_process_adv_addr: bda=38:92:a7:35:61:27
09-21 19:28:35.076 V/bt_stack( 2214): [VERBOSE1:btm_ble_gap.cc(2886)] btm_ble_process_adv_pkt_cont skipped BDA 38:92:a7:35:61:27
09-21 19:28:35.077 V/bt_stack( 2214): [VERBOSE1:btm_ble_gap.cc(2726)] btm_ble_process_ext_adv_pkt: bda=38:dc:cb:8e:be:99
09-21 19:28:35.077 V/bt_stack( 2214): [VERBOSE1:btm_ble_gap.cc(2650)] btm_ble_process_adv_addr: bda=38:dc:cb:8e:be:99
09-21 19:28:35.077 V/bt_stack( 2214): [VERBOSE1:btm_ble_gap.cc(2886)] btm_ble_process_adv_pkt_cont skipped BDA 38:dc:cb:8e:be:99
09-21 19:28:35.078 V/bt_stack( 2214): [VERBOSE1:btm_ble_gap.cc(2726)] btm_ble_process_ext_adv_pkt: bda=16:cf:24:c4:8b:84
09-21 19:28:35.078 V/bt_stack( 2214): [VERBOSE1:btm_ble_gap.cc(2650)] btm_ble_process_adv_addr: bda=16:cf:24:c4:8b:84
09-21 19:28:35.078 W/bt_btm_ble( 2214): btm_ble_process_adv_pkt_cont device no longer discoverable, discarding advertising packet
09-21 19:28:35.086 V/bt_stack( 2214): [VERBOSE1:btm_ble_gap.cc(2726)] btm_ble_process_ext_adv_pkt: bda=10:5c:01:bc:5e:23
09-21 19:28:35.086 V/bt_stack( 2214): [VERBOSE1:btm_ble_gap.cc(2650)] btm_ble_process_adv_addr: bda=10:5c:01:bc:5e:23
09-21 19:28:35.086 V/bt_stack( 2214): [VERBOSE1:btm_ble_gap.cc(2886)] btm_ble_process_adv_pkt_cont skipped BDA 10:5c:01:bc:5e:23
09-21 19:28:35.087 V/bt_stack( 2214): [VERBOSE1:btm_ble_gap.cc(2726)] btm_ble_process_ext_adv_pkt: bda=13:c6:1d:8c:6e:7b
09-21 19:28:35.087 V/bt_stack( 2214): [VERBOSE1:btm_ble_gap.cc(2650)] btm_ble_process_adv_addr: bda=13:c6:1d:8c:6e:7b
09-21 19:28:35.087 V/bt_stack( 2214): [VERBOSE1:btm_ble_gap.cc(2886)] btm_ble_process_adv_pkt_cont skipped BDA 13:c6:1d:8c:6e:7b
09-21 19:28:35.090 V/bt_stack( 2214): [VERBOSE1:btm_ble_gap.cc(2726)] btm_ble_process_ext_adv_pkt: bda=0c:89:f9:d3:87:00
09-21 19:28:35.090 V/bt_stack( 2214): [VERBOSE1:btm_ble_gap.cc(2650)] btm_ble_process_adv_addr: bda=0c:89:f9:d3:87:00
09-21 19:28:35.090 W/bt_btm_ble( 2214): btm_ble_process_adv_pkt_cont device no longer discoverable, discarding advertising packet
09-21 19:28:35.095 V/bt_stack( 2214): [VERBOSE1:btm_ble_gap.cc(2726)] btm_ble_process_ext_adv_pkt: bda=16:cb:14:b0:6d:ca
09-21 19:28:35.095 V/bt_stack( 2214): [VERBOSE1:btm_ble_gap.cc(2650)] btm_ble_process_adv_addr: bda=16:cb:14:b0:6d:ca
09-21 19:28:35.095 V/bt_stack( 2214): [VERBOSE1:btm_ble_gap.cc(2886)] btm_ble_process_adv_pkt_cont skipped BDA 16:cb:14:b0:6d:ca
09-21 19:28:35.099 V/bt_stack( 2214): [VERBOSE1:btm_ble_gap.cc(2726)] btm_ble_process_ext_adv_pkt: bda=6c:44:95:ed:12:a0
09-21 19:28:35.099 V/bt_stack( 2214): [VERBOSE1:btm_ble_gap.cc(2650)] btm_ble_process_adv_addr: bda=6c:44:95:ed:12:a0
09-21 19:28:35.099 V/bt_stack( 2214): [VERBOSE1:btm_ble_gap.cc(2855)] Waiting for scan response 6c:44:95:ed:12:a0
09-21 19:28:35.100 V/bt_stack( 2214): [VERBOSE1:btm_ble_gap.cc(2726)] btm_ble_process_ext_adv_pkt: bda=04:a8:af:7c:64:e3
09-21 19:28:35.100 V/bt_stack( 2214): [VERBOSE1:btm_ble_gap.cc(2650)] btm_ble_process_adv_addr: bda=04:a8:af:7c:64:e3
09-21 19:28:35.100 V/bt_stack( 2214): [VERBOSE1:btm_ble_gap.cc(2886)] btm_ble_process_adv_pkt_cont skipped BDA 04:a8:af:7c:64:e3
09-21 19:28:35.108 V/bt_stack( 2214): [VERBOSE1:btm_ble_gap.cc(2726)] btm_ble_process_ext_adv_pkt: bda=24:e6:de:31:44:d4
09-21 19:28:35.108 V/bt_stack( 2214): [VERBOSE1:btm_ble_gap.cc(2650)] btm_ble_process_adv_addr: bda=24:e6:de:31:44:d4
09-21 19:28:35.108 V/bt_stack( 2214): [VERBOSE1:btm_ble_gap.cc(2886)] btm_ble_process_adv_pkt_cont skipped BDA 24:e6:de:31:44:d4
09-21 19:28:35.110 V/bt_stack( 2214): [VERBOSE1:btm_ble_gap.cc(2726)] btm_ble_process_ext_adv_pkt: bda=3f:69:ec:48:74:e4
09-21 19:28:35.110 V/bt_stack( 2214): [VERBOSE1:btm_ble_gap.cc(2650)] btm_ble_process_adv_addr: bda=3f:69:ec:48:74:e4
09-21 19:28:35.110 V/bt_stack( 2214): [VERBOSE1:btm_ble_gap.cc(2886)] btm_ble_process_adv_pkt_cont skipped BDA 3f:69:ec:48:74:e4
09-21 19:28:35.112 V/bt_stack( 2214): [VERBOSE1:btm_ble_gap.cc(2726)] btm_ble_process_ext_adv_pkt: bda=22:81:02:38:d2:78
09-21 19:28:35.112 V/bt_stack( 2214): [VERBOSE1:btm_ble_gap.cc(2650)] btm_ble_process_adv_addr: bda=22:81:02:38:d2:78
09-21 19:28:35.112 V/bt_stack( 2214): [VERBOSE1:btm_ble_gap.cc(2886)] btm_ble_process_adv_pkt_cont skipped BDA 22:81:02:38:d2:78
09-21 19:28:35.119 V/bt_stack( 2214): [VERBOSE1:btm_ble_gap.cc(2726)] btm_ble_process_ext_adv_pkt: bda=22:8c:ff:6a:3f:3c
09-21 19:28:35.119 V/bt_stack( 2214): [VERBOSE1:btm_ble_gap.cc(2650)] btm_ble_process_adv_addr: bda=22:8c:ff:6a:3f:3c
09-21 19:28:35.119 V/bt_stack( 2214): [VERBOSE1:btm_ble_gap.cc(2886)] btm_ble_process_adv_pkt_cont skipped BDA 22:8c:ff:6a:3f:3c
09-21 19:28:35.123 V/bt_stack( 2214): [VERBOSE1:btm_ble_gap.cc(2726)] btm_ble_process_ext_adv_pkt: bda=40:b3:5d:d0:70:99
09-21 19:28:35.123 V/bt_stack( 2214): [VERBOSE1:btm_ble_gap.cc(2650)] btm_ble_process_adv_addr: bda=40:b3:5d:d0:70:99
09-21 19:28:35.123 V/bt_stack( 2214): [VERBOSE1:btm_ble_gap.cc(2886)] btm_ble_process_adv_pkt_cont skipped BDA 40:b3:5d:d0:70:99
09-21 19:28:35.128 V/bt_stack( 2214): [VERBOSE1:btm_ble_gap.cc(2726)] btm_ble_process_ext_adv_pkt: bda=2b:52:ec:a8:82:25
09-21 19:28:35.128 V/bt_stack( 2214): [VERBOSE1:btm_ble_gap.cc(2650)] btm_ble_process_adv_addr: bda=2b:52:ec:a8:82:25
09-21 19:28:35.128 W/bt_btm_ble( 2214): btm_ble_process_adv_pkt_cont device no longer discoverable, discarding advertising packet
09-21 19:28:35.130 V/bt_stack( 2214): [VERBOSE1:btm_ble_gap.cc(2726)] btm_ble_process_ext_adv_pkt: bda=12:6c:2d:e2:06:d6
09-21 19:28:35.130 V/bt_stack( 2214): [VERBOSE1:btm_ble_gap.cc(2650)] btm_ble_process_adv_addr: bda=12:6c:2d:e2:06:d6
09-21 19:28:35.130 W/bt_btm_ble( 2214): btm_ble_process_adv_pkt_cont device no longer discoverable, discarding advertising packet
09-21 19:28:35.131 V/bt_stack( 2214): [VERBOSE1:btm_ble_gap.cc(2726)] btm_ble_process_ext_adv_pkt: bda=04:7a:0b:1a:01:08
09-21 19:28:35.131 V/bt_stack( 2214): [VERBOSE1:btm_ble_gap.cc(2650)] btm_ble_process_adv_addr: bda=04:7a:0b:1a:01:08
09-21 19:28:35.131 V/bt_stack( 2214): [VERBOSE1:btm_ble_gap.cc(2886)] btm_ble_process_adv_pkt_cont skipped BDA 04:7a:0b:1a:01:08
09-21 19:28:35.133 V/bt_stack( 2214): [VERBOSE1:btm_ble_gap.cc(2726)] btm_ble_process_ext_adv_pkt: bda=14:71:2c:be:32:6e
09-21 19:28:35.133 V/bt_stack( 2214): [VERBOSE1:btm_ble_gap.cc(2650)] btm_ble_process_adv_addr: bda=14:71:2c:be:32:6e
09-21 19:28:35.133 V/bt_stack( 2214): [VERBOSE1:btm_ble_gap.cc(2886)] btm_ble_process_adv_pkt_cont skipped BDA 14:71:2c:be:32:6e
09-21 19:28:35.138 V/bt_stack( 2214): [VERBOSE1:btm_ble_gap.cc(2726)] btm_ble_process_ext_adv_pkt: bda=36:ee:39:7d:ff:8c
09-21 19:28:35.138 V/bt_stack( 2214): [VERBOSE1:btm_ble_gap.cc(2650)] btm_ble_process_adv_addr: bda=36:ee:39:7d:ff:8c
09-21 19:28:35.138 V/bt_stack( 2214): [VERBOSE1:btm_ble_gap.cc(2886)] btm_ble_process_adv_pkt_cont skipped BDA 36:ee:39:7d:ff:8c
09-21 19:28:35.139 V/bt_stack( 2214): [VERBOSE1:btm_ble_gap.cc(2726)] btm_ble_process_ext_adv_pkt: bda=04:7a:0b:18:83:60
09-21 19:28:35.139 V/bt_stack( 2214): [VERBOSE1:btm_ble_gap.cc(2650)] btm_ble_process_adv_addr: bda=04:7a:0b:18:83:60
09-21 19:28:35.139 V/bt_stack( 2214): [VERBOSE1:btm_ble_gap.cc(2886)] btm_ble_process_adv_pkt_cont skipped BDA 04:7a:0b:18:83:60
09-21 19:28:35.140 V/bt_stack( 2214): [VERBOSE1:btm_ble_gap.cc(2726)] btm_ble_process_ext_adv_pkt: bda=39:ee:5c:41:ad:e7
09-21 19:28:35.140 V/bt_stack( 2214): [VERBOSE1:btm_ble_gap.cc(2650)] btm_ble_process_adv_addr: bda=39:ee:5c:41:ad:e7
09-21 19:28:35.140 V/bt_stack( 2214): [VERBOSE1:btm_ble_gap.cc(2886)] btm_ble_process_adv_pkt_cont skipped BDA 39:ee:5c:41:ad:e7
09-21 19:28:35.144 V/bt_stack( 2214): [VERBOSE1:btm_ble_gap.cc(2726)] btm_ble_process_ext_adv_pkt: bda=f4:2f:71:bc:ad:cf
09-21 19:28:35.144 V/bt_stack( 2214): [VERBOSE1:btm_ble_gap.cc(2650)] btm_ble_process_adv_addr: bda=f4:2f:71:bc:ad:cf
09-21 19:28:35.144 V/bt_stack( 2214): [VERBOSE1:btm_ble_gap.cc(2855)] Waiting for scan response f4:2f:71:bc:ad:cf
09-21 19:28:35.145 V/bt_stack( 2214): [VERBOSE1:btm_ble_gap.cc(2726)] btm_ble_process_ext_adv_pkt: bda=f4:2f:71:bc:ad:cf
09-21 19:28:35.145 V/bt_stack( 2214): [VERBOSE1:btm_ble_gap.cc(2650)] btm_ble_process_adv_addr: bda=f4:2f:71:bc:ad:cf
09-21 19:28:35.145 V/bt_stack( 2214): [VERBOSE1:btm_ble_gap.cc(2886)] btm_ble_process_adv_pkt_cont skipped BDA f4:2f:71:bc:ad:cf
09-21 19:28:35.156 V/bt_stack( 2214): [VERBOSE1:btm_ble_gap.cc(2726)] btm_ble_process_ext_adv_pkt: bda=16:10:1b:e9:44:42
09-21 19:28:35.156 V/bt_stack( 2214): [VERBOSE1:btm_ble_gap.cc(2650)] btm_ble_process_adv_addr: bda=16:10:1b:e9:44:42
09-21 19:28:35.156 V/bt_stack( 2214): [VERBOSE1:btm_ble_gap.cc(2886)] btm_ble_process_adv_pkt_cont skipped BDA 16:10:1b:e9:44:42
09-21 19:28:35.158 V/bt_stack( 2214): [VERBOSE1:btm_ble_gap.cc(2726)] btm_ble_process_ext_adv_pkt: bda=7e:0b:6a:5f:d6:b7
09-21 19:28:35.158 V/bt_stack( 2214): [VERBOSE1:btm_ble_gap.cc(2650)] btm_ble_process_adv_addr: bda=7e:0b:6a:5f:d6:b7
09-21 19:28:35.158 V/bt_stack( 2214): [VERBOSE1:btm_ble_gap.cc(2855)] Waiting for scan response 7e:0b:6a:5f:d6:b7
09-21 19:28:35.159 V/bt_stack( 2214): [VERBOSE1:btm_ble_gap.cc(2726)] btm_ble_process_ext_adv_pkt: bda=7e:0b:6a:5f:d6:b7
09-21 19:28:35.159 V/bt_stack( 2214): [VERBOSE1:btm_ble_gap.cc(2650)] btm_ble_process_adv_addr: bda=7e:0b:6a:5f:d6:b7
09-21 19:28:35.159 V/bt_stack( 2214): [VERBOSE1:btm_ble_gap.cc(2886)] btm_ble_process_adv_pkt_cont skipped BDA 7e:0b:6a:5f:d6:b7
09-21 19:28:35.163 V/bt_stack( 2214): [VERBOSE1:btm_ble_gap.cc(2726)] btm_ble_process_ext_adv_pkt: bda=55:bb:d8:47:be:26
09-21 19:28:35.163 V/bt_stack( 2214): [VERBOSE1:btm_ble_gap.cc(2650)] btm_ble_process_adv_addr: bda=55:bb:d8:47:be:26
09-21 19:28:35.163 V/bt_stack( 2214): [VERBOSE1:btm_ble_gap.cc(2855)] Waiting for scan response 55:bb:d8:47:be:26
09-21 19:28:35.164 V/bt_stack( 2214): [VERBOSE1:btm_ble_gap.cc(2726)] btm_ble_process_ext_adv_pkt: bda=55:bb:d8:47:be:26
09-21 19:28:35.164 V/bt_stack( 2214): [VERBOSE1:btm_ble_gap.cc(2650)] btm_ble_process_adv_addr: bda=55:bb:d8:47:be:26
09-21 19:28:35.164 V/bt_stack( 2214): [VERBOSE1:btm_inq.cc(1033)] BTM_InqDbRead: bd addr 55:bb:d8:47:be:26
09-21 19:28:35.164 D/bt_btif_config( 2214): btif_get_device_type: Device [55:bb:d8:47:be:26] type 2
09-21 19:28:35.166 D/BluetoothRemoteDevices( 2214): Property type: 2
09-21 19:28:35.166 D/BluetoothRemoteDevices( 2214): Remote Address is:55:BB:D8:47:BE:26
09-21 19:28:35.166 D/BluetoothRemoteDevices( 2214): Property type: 5
09-21 19:28:35.166 D/BluetoothRemoteDevices( 2214): BT_PROPERTY_TYPE_OF_DEVICE 55:BB:D8:47:BE:26
09-21 19:28:35.166 D/BluetoothRemoteDevices( 2214): Property type: 11
09-21 19:28:35.167 D/BluetoothRemoteDevices( 2214): deviceFoundCallback: Remote Address is:55:BB:D8:47:BE:26
09-21 19:28:35.171 E/BluetoothDatabase( 2214): getCustomMeta: device 55:BB:D8:47:BE:26 is not in cache
09-21 19:28:35.172 E/BluetoothDatabase( 2214): getCustomMeta: device 55:BB:D8:47:BE:26 is not in cache
09-21 19:28:35.173 W/BluetoothDatabase( 2214): Invalid metadata key 17
09-21 19:28:35.173 E/BluetoothDatabase( 2214): getCustomMeta: meta key invalid 17
09-21 19:28:35.173 D/AdaptiveHomepageIcon( 8794): Setting background color -69693
09-21 19:28:35.176 D/BluetoothSap( 8794): getConnectionState(55:BB:D8:47:BE:26)
09-21 19:28:35.176 V/bt_stack( 2214): [VERBOSE1:btm_ble_gap.cc(2726)] btm_ble_process_ext_adv_pkt: bda=04:7a:0b:1a:01:05
09-21 19:28:35.176 V/bt_stack( 2214): [VERBOSE1:btm_ble_gap.cc(2650)] btm_ble_process_adv_addr: bda=04:7a:0b:1a:01:05
09-21 19:28:35.176 V/bt_stack( 2214): [VERBOSE1:btm_ble_gap.cc(2855)] Waiting for scan response 04:7a:0b:1a:01:05
09-21 19:28:35.176 V/SapService( 2214): getConnectionState()
09-21 19:28:35.177 V/bt_stack( 2214): [VERBOSE1:btm_ble_gap.cc(2726)] btm_ble_process_ext_adv_pkt: bda=04:7a:0b:1a:00:fc
09-21 19:28:35.177 V/bt_stack( 2214): [VERBOSE1:btm_ble_gap.cc(2650)] btm_ble_process_adv_addr: bda=04:7a:0b:1a:00:fc
09-21 19:28:35.177 V/bt_stack( 2214): [VERBOSE1:btm_ble_gap.cc(2886)] btm_ble_process_adv_pkt_cont skipped BDA 04:7a:0b:1a:00:fc
09-21 19:28:35.178 V/bt_stack( 2214): [VERBOSE1:btm_ble_gap.cc(2726)] btm_ble_process_ext_adv_pkt: bda=2d:2c:55:e8:e3:41
09-21 19:28:35.178 V/bt_stack( 2214): [VERBOSE1:btm_ble_gap.cc(2650)] btm_ble_process_adv_addr: bda=2d:2c:55:e8:e3:41
09-21 19:28:35.178 V/bt_stack( 2214): [VERBOSE1:btm_ble_gap.cc(2886)] btm_ble_process_adv_pkt_cont skipped BDA 2d:2c:55:e8:e3:41
01-01 09:08:27.583 I/IRQ 5 ( 0): no longer affine to CPU4
09-21 19:28:35.185 E/BluetoothDatabase( 2214): getCustomMeta: device 55:BB:D8:47:BE:26 is not in cache
09-21 19:28:35.186 V/bt_stack( 2214): [VERBOSE1:btm_ble_gap.cc(2726)] btm_ble_process_ext_adv_pkt: bda=64:b8:67:44:3f:71
09-21 19:28:35.186 V/bt_stack( 2214): [VERBOSE1:btm_ble_gap.cc(2650)] btm_ble_process_adv_addr: bda=64:b8:67:44:3f:71
09-21 19:28:35.186 V/bt_stack( 2214): [VERBOSE1:btm_ble_gap.cc(2855)] Waiting for scan response 64:b8:67:44:3f:71
09-21 19:28:35.186 V/bt_stack( 2214): [VERBOSE1:btm_ble_gap.cc(2726)] btm_ble_process_ext_adv_pkt: bda=64:b8:67:44:3f:71
09-21 19:28:35.186 V/bt_stack( 2214): [VERBOSE1:btm_ble_gap.cc(2650)] btm_ble_process_adv_addr: bda=64:b8:67:44:3f:71
09-21 19:28:35.187 E/BluetoothDatabase( 2214): getCustomMeta: device 55:BB:D8:47:BE:26 is not in cache
09-21 19:28:35.187 V/bt_stack( 2214): [VERBOSE1:btm_ble_gap.cc(2886)] btm_ble_process_adv_pkt_cont skipped BDA 64:b8:67:44:3f:71
09-21 19:28:35.187 W/BluetoothDatabase( 2214): Invalid metadata key 17
09-21 19:28:35.187 E/BluetoothDatabase( 2214): getCustomMeta: meta key invalid 17
09-21 19:28:35.187 V/bt_stack( 2214): [VERBOSE1:btm_ble_gap.cc(2726)] btm_ble_process_ext_adv_pkt: bda=16:cf:24:c4:8b:84
09-21 19:28:35.187 V/bt_stack( 2214): [VERBOSE1:btm_ble_gap.cc(2650)] btm_ble_process_adv_addr: bda=16:cf:24:c4:8b:84
09-21 19:28:35.187 V/bt_stack( 2214): [VERBOSE1:btm_ble_gap.cc(2886)] btm_ble_process_adv_pkt_cont skipped BDA 16:cf:24:c4:8b:84
09-21 19:28:35.187 D/AdaptiveHomepageIcon( 8794): Setting background color -69693
09-21 19:28:35.188 V/bt_stack( 2214): [VERBOSE1:btm_ble_gap.cc(2726)] btm_ble_process_ext_adv_pkt: bda=04:7a:0b:18:83:60
09-21 19:28:35.188 V/bt_stack( 2214): [VERBOSE1:btm_ble_gap.cc(2650)] btm_ble_process_adv_addr: bda=04:7a:0b:18:83:60
09-21 19:28:35.188 V/bt_stack( 2214): [VERBOSE1:btm_ble_gap.cc(2886)] btm_ble_process_adv_pkt_cont skipped BDA 04:7a:0b:18:83:60
09-21 19:28:35.189 V/bt_stack( 2214): [VERBOSE1:btm_ble_gap.cc(2726)] btm_ble_process_ext_adv_pkt: bda=7a:b0:04:0b:8e:cb
09-21 19:28:35.189 V/bt_stack( 2214): [VERBOSE1:btm_ble_gap.cc(2650)] btm_ble_process_adv_addr: bda=7a:b0:04:0b:8e:cb
09-21 19:28:35.189 V/bt_stack( 2214): [VERBOSE1:btm_ble_gap.cc(2855)] Waiting for scan response 7a:b0:04:0b:8e:cb
09-21 19:28:35.190 V/bt_stack( 2214): [VERBOSE1:btm_ble_gap.cc(2726)] btm_ble_process_ext_adv_pkt: bda=10:5c:01:bc:5e:23
09-21 19:28:35.190 V/bt_stack( 2214): [VERBOSE1:btm_ble_gap.cc(2650)] btm_ble_process_adv_addr: bda=10:5c:01:bc:5e:23
09-21 19:28:35.190 V/bt_stack( 2214): [VERBOSE1:btm_ble_gap.cc(2886)] btm_ble_process_adv_pkt_cont skipped BDA 10:5c:01:bc:5e:23
09-21 19:28:35.190 D/BluetoothSap( 8794): getConnectionState(55:BB:D8:47:BE:26)
09-21 19:28:35.191 V/SapService( 2214): getConnectionState()
09-21 19:28:35.193 V/bt_stack( 2214): [VERBOSE1:btm_ble_gap.cc(2726)] btm_ble_process_ext_adv_pkt: bda=7f:a0:1a:ab:e9:cb
09-21 19:28:35.193 V/bt_stack( 2214): [VERBOSE1:btm_ble_gap.cc(2650)] btm_ble_process_adv_addr: bda=7f:a0:1a:ab:e9:cb
09-21 19:28:35.193 V/bt_stack( 2214): [VERBOSE1:btm_ble_gap.cc(2855)] Waiting for scan response 7f:a0:1a:ab:e9:cb
09-21 19:28:35.194 V/bt_stack( 2214): [VERBOSE1:btm_ble_gap.cc(2726)] btm_ble_process_ext_adv_pkt: bda=7f:a0:1a:ab:e9:cb
09-21 19:28:35.194 V/bt_stack( 2214): [VERBOSE1:btm_ble_gap.cc(2650)] btm_ble_process_adv_addr: bda=7f:a0:1a:ab:e9:cb
09-21 19:28:35.194 V/bt_stack( 2214): [VERBOSE1:btm_inq.cc(1033)] BTM_InqDbRead: bd addr 7f:a0:1a:ab:e9:cb
09-21 19:28:35.194 D/bt_btif_config( 2214): btif_get_device_type: Device [7f:a0:1a:ab:e9:cb] type 2
09-21 19:28:35.195 D/BluetoothRemoteDevices( 2214): Property type: 2
09-21 19:28:35.195 D/BluetoothRemoteDevices( 2214): Remote Address is:7F:A0:1A:AB:E9:CB
09-21 19:28:35.195 D/BluetoothRemoteDevices( 2214): Property type: 5
09-21 19:28:35.195 D/BluetoothRemoteDevices( 2214): BT_PROPERTY_TYPE_OF_DEVICE 7F:A0:1A:AB:E9:CB
09-21 19:28:35.195 D/BluetoothRemoteDevices( 2214): Property type: 11
09-21 19:28:35.196 D/BluetoothRemoteDevices( 2214): deviceFoundCallback: Remote Address is:7F:A0:1A:AB:E9:CB
09-21 19:28:35.199 V/bt_stack( 2214): [VERBOSE1:btm_ble_gap.cc(2726)] btm_ble_process_ext_adv_pkt: bda=13:c6:1d:8c:6e:7b
09-21 19:28:35.199 V/bt_stack( 2214): [VERBOSE1:btm_ble_gap.cc(2650)] btm_ble_process_adv_addr: bda=13:c6:1d:8c:6e:7b
09-21 19:28:35.199 V/bt_stack( 2214): [VERBOSE1:btm_ble_gap.cc(2886)] btm_ble_process_adv_pkt_cont skipped BDA 13:c6:1d:8c:6e:7b
09-21 19:28:35.199 E/BluetoothDatabase( 2214): getCustomMeta: device 7F:A0:1A:AB:E9:CB is not in cache
09-21 19:28:35.199 V/bt_stack( 2214): [VERBOSE1:btm_ble_gap.cc(2726)] btm_ble_process_ext_adv_pkt: bda=0d:48:6f:53:8a:67
09-21 19:28:35.199 V/bt_stack( 2214): [VERBOSE1:btm_ble_gap.cc(2650)] btm_ble_process_adv_addr: bda=0d:48:6f:53:8a:67
09-21 19:28:35.199 V/bt_stack( 2214): [VERBOSE1:btm_ble_gap.cc(2886)] btm_ble_process_adv_pkt_cont skipped BDA 0d:48:6f:53:8a:67
09-21 19:28:35.201 E/BluetoothDatabase( 2214): getCustomMeta: device 7F:A0:1A:AB:E9:CB is not in cache
09-21 19:28:35.201 W/BluetoothDatabase( 2214): Invalid metadata key 17
09-21 19:28:35.201 E/BluetoothDatabase( 2214): getCustomMeta: meta key invalid 17
09-21 19:28:35.202 D/AdaptiveHomepageIcon( 8794): Setting background color -3411720
09-21 19:28:35.204 D/BluetoothSap( 8794): getConnectionState(7F:A0:1A:AB:E9:CB)
09-21 19:28:35.205 V/SapService( 2214): getConnectionState()
09-21 19:28:35.205 V/bt_stack( 2214): [VERBOSE1:btm_ble_gap.cc(2726)] btm_ble_process_ext_adv_pkt: bda=16:cb:14:b0:6d:ca
09-21 19:28:35.205 V/bt_stack( 2214): [VERBOSE1:btm_ble_gap.cc(2650)] btm_ble_process_adv_addr: bda=16:cb:14:b0:6d:ca
09-21 19:28:35.205 V/bt_stack( 2214): [VERBOSE1:btm_ble_gap.cc(2886)] btm_ble_process_adv_pkt_cont skipped BDA 16:cb:14:b0:6d:ca
01-01 09:08:27.668 D/ ( 0): mv2112_read_status
01-01 09:08:27.671 D/mv2112_update_link( 0): 3.0x901(1G): 0x80
01-01 09:08:27.677 D/mv2112_update_link( 0): 3.0x8109(100M): 0x0
01-01 09:08:27.683 D/mv2112_update_link( 0): link 0x0
01-01 09:08:27.687 D/mv2112_read_status( 0): autoneg is disabled
09-21 19:28:35.286 I/vendor.qti.bluetooth@1.0-ibs_handler( 839): ProcessIbsCmd: Received IBS_SLEEP_IND: 0xFE
09-21 19:28:35.286 D/vendor.qti.bluetooth@1.0-ibs_handler( 839): SerialClockVote: vote for UART CLK OFF
09-21 19:28:35.437 D/vendor.qti.bluetooth@1.0-wake_lock( 839): Release wakelock is released
09-21 19:28:35.846 I/mpu_uart( 671): [MSG-P:RECV]:No message received in 1000 ms
09-21 19:28:35.846 I/mpu_uart( 671): [MSG-P:R]:recv sync frame timeout
09-21 19:28:35.871 I/vendor.qti.bluetooth@1.0-ibs_handler( 839): ProcessIbsCmd: Received IBS_WAKE_IND: 0xFD
09-21 19:28:35.871 D/vendor.qti.bluetooth@1.0-ibs_handler( 839): SerialClockVote: vote for UART CLK ON
09-21 19:28:35.871 D/vendor.qti.bluetooth@1.0-wake_lock( 839): Acquire wakelock is acquired
09-21 19:28:35.872 I/vendor.qti.bluetooth@1.0-ibs_handler( 839): ProcessIbsCmd: Writing IBS_WAKE_ACK
09-21 19:28:35.878 W/bt_btm ( 2214): btm_process_inq_results: BDA: f0:77:c3:3c:14:4a
09-21 19:28:35.878 W/bt_btm ( 2214): btm_process_inq_results: Dev class: 2a-01-0c
09-21 19:28:35.878 V/bt_stack( 2214): [VERBOSE1:btm_inq.cc(1033)] BTM_InqDbRead: bd addr f0:77:c3:3c:14:4a
09-21 19:28:35.879 D/bt_btif_config( 2214): btif_get_device_type: Device [f0:77:c3:3c:14:4a] type 1
09-21 19:28:35.880 D/BluetoothRemoteDevices( 2214): Property type: 2
09-21 19:28:35.881 D/BluetoothRemoteDevices( 2214): Remote Address is:F0:77:C3:3C:14:4A
09-21 19:28:35.881 D/BluetoothRemoteDevices( 2214): Property type: 1
09-21 19:28:35.881 D/BluetoothRemoteDevices( 2214): Skip name update for F0:77:C3:3C:14:4A
09-21 19:28:35.881 D/BluetoothRemoteDevices( 2214): Property type: 4
09-21 19:28:35.881 D/BluetoothRemoteDevices( 2214): Skip class update for F0:77:C3:3C:14:4A
09-21 19:28:35.881 D/BluetoothRemoteDevices( 2214): Property type: 5
09-21 19:28:35.881 D/BluetoothRemoteDevices( 2214): BT_PROPERTY_TYPE_OF_DEVICE F0:77:C3:3C:14:4A
09-21 19:28:35.881 D/BluetoothRemoteDevices( 2214): Property type: 11
09-21 19:28:35.882 D/BluetoothRemoteDevices( 2214): deviceFoundCallback: Remote Address is:F0:77:C3:3C:14:4A
09-21 19:28:35.892 D/HearingAidService( 2214): getActiveDevices
09-21 19:28:35.894 E/BluetoothDatabase( 2214): getCustomMeta: device F0:77:C3:3C:14:4A is not in cache
09-21 19:28:35.895 E/BluetoothDatabase( 2214): getCustomMeta: device F0:77:C3:3C:14:4A is not in cache
09-21 19:28:35.896 W/BluetoothDatabase( 2214): Invalid metadata key 17
09-21 19:28:35.896 E/BluetoothDatabase( 2214): getCustomMeta: meta key invalid 17
09-21 19:28:35.896 D/AdaptiveHomepageIcon( 8794): Setting background color -143384
09-21 19:28:35.899 D/BluetoothSap( 8794): getConnectionState(F0:77:C3:3C:14:4A)
09-21 19:28:35.899 V/SapService( 2214): getConnectionState()
09-21 19:28:35.903 E/BluetoothDatabase( 2214): getCustomMeta: device F0:77:C3:3C:14:4A is not in cache
09-21 19:28:35.905 E/BluetoothDatabase( 2214): getCustomMeta: device F0:77:C3:3C:14:4A is not in cache
09-21 19:28:35.906 W/BluetoothDatabase( 2214): Invalid metadata key 17
09-21 19:28:35.906 E/BluetoothDatabase( 2214): getCustomMeta: meta key invalid 17
09-21 19:28:35.906 D/AdaptiveHomepageIcon( 8794): Setting background color -143384
09-21 19:28:35.909 D/BluetoothSap( 8794): getConnectionState(F0:77:C3:3C:14:4A)
09-21 19:28:35.909 V/SapService( 2214): getConnectionState()
09-21 19:28:35.912 D/BluetoothEventManager( 8794): DeviceFoundHandler created new CachedBluetoothDevice
09-21 19:28:35.912 E/BluetoothDatabase( 2214): getCustomMeta: device F0:77:C3:3C:14:4A is not in cache
09-21 19:28:35.914 E/BluetoothDatabase( 2214): getCustomMeta: device F0:77:C3:3C:14:4A is not in cache
09-21 19:28:35.915 W/BluetoothDatabase( 2214): Invalid metadata key 17
09-21 19:28:35.915 E/BluetoothDatabase( 2214): getCustomMeta: meta key invalid 17
09-21 19:28:35.915 D/AdaptiveHomepageIcon( 8794): Setting background color -143384
09-21 19:28:35.918 D/BluetoothSap( 8794): getConnectionState(F0:77:C3:3C:14:4A)
09-21 19:28:35.918 V/SapService( 2214): getConnectionState()
09-21 19:28:35.922 E/BluetoothDatabase( 2214): getCustomMeta: device F0:77:C3:3C:14:4A is not in cache
09-21 19:28:35.923 E/BluetoothDatabase( 2214): getCustomMeta: device F0:77:C3:3C:14:4A is not in cache
09-21 19:28:35.924 W/BluetoothDatabase( 2214): Invalid metadata key 17
09-21 19:28:35.924 E/BluetoothDatabase( 2214): getCustomMeta: meta key invalid 17
09-21 19:28:35.924 D/AdaptiveHomepageIcon( 8794): Setting background color -143384
09-21 19:28:35.926 D/BluetoothSap( 8794): getConnectionState(F0:77:C3:3C:14:4A)
09-21 19:28:35.927 V/SapService( 2214): getConnectionState()
09-21 19:28:35.953 I/vendor.qti.bluetooth@1.0-ibs_handler( 839): ProcessIbsCmd: Received IBS_SLEEP_IND: 0xFE
09-21 19:28:35.953 D/vendor.qti.bluetooth@1.0-ibs_handler( 839): SerialClockVote: vote for UART CLK OFF
09-21 19:28:36.104 D/vendor.qti.bluetooth@1.0-wake_lock( 839): Release wakelock is released
01-01 09:08:28.691 D/ ( 0): mv2112_read_status
01-01 09:08:28.695 D/mv2112_update_link( 0): 3.0x901(1G): 0x80
01-01 09:08:28.700 D/mv2112_update_link( 0): 3.0x8109(100M): 0x0
01-01 09:08:28.706 D/mv2112_update_link( 0): link 0x0
01-01 09:08:28.711 D/mv2112_read_status( 0): autoneg is disabled
01-01 09:08:28.919 I/init ( 0): starting service 'qvrd_vndr'...
01-01 09:08:28.926 I/init ( 0): Created socket '/dev/socket/qvrservice_vndr', mode 660, user 1000, group 1000
01-01 09:08:28.937 I/init ( 0): Created socket '/dev/socket/qvrservice_vndr_camera', mode 660, user 1000, group 1000
09-21 19:28:36.551 I/vendor.qti.bluetooth@1.0-ibs_handler( 839): ProcessIbsCmd: Received IBS_WAKE_IND: 0xFD
09-21 19:28:36.552 D/vendor.qti.bluetooth@1.0-ibs_handler( 839): SerialClockVote: vote for UART CLK ON
09-21 19:28:36.552 D/vendor.qti.bluetooth@1.0-wake_lock( 839): Acquire wakelock is acquired
09-21 19:28:36.552 I/vendor.qti.bluetooth@1.0-ibs_handler( 839): ProcessIbsCmd: Writing IBS_WAKE_ACK
09-21 19:28:36.554 V/bt_stack( 2214): [VERBOSE1:btm_ble_gap.cc(2726)] btm_ble_process_ext_adv_pkt: bda=0d:48:6f:53:8a:67
09-21 19:28:36.554 V/bt_stack( 2214): [VERBOSE1:btm_ble_gap.cc(2650)] btm_ble_process_adv_addr: bda=0d:48:6f:53:8a:67
09-21 19:28:36.554 V/bt_stack( 2214): [VERBOSE1:btm_ble_gap.cc(2886)] btm_ble_process_adv_pkt_cont skipped BDA 0d:48:6f:53:8a:67
09-21 19:28:36.555 V/bt_stack( 2214): [VERBOSE1:btm_ble_gap.cc(2726)] btm_ble_process_ext_adv_pkt: bda=16:cf:24:c4:8b:84
09-21 19:28:36.555 V/bt_stack( 2214): [VERBOSE1:btm_ble_gap.cc(2650)] btm_ble_process_adv_addr: bda=16:cf:24:c4:8b:84
09-21 19:28:36.555 V/bt_stack( 2214): [VERBOSE1:btm_ble_gap.cc(2886)] btm_ble_process_adv_pkt_cont skipped BDA 16:cf:24:c4:8b:84
01-01 09:08:28.958 I/init ( 0): starting service 'sxrd'...
09-21 19:28:36.556 V/bt_stack( 2214): [VERBOSE1:btm_ble_gap.cc(2726)] btm_ble_process_ext_adv_pkt: bda=64:b8:67:44:3f:71
09-21 19:28:36.556 V/bt_stack( 2214): [VERBOSE1:btm_ble_gap.cc(2650)] btm_ble_process_adv_addr: bda=64:b8:67:44:3f:71
09-21 19:28:36.557 V/bt_stack( 2214): [VERBOSE1:btm_ble_gap.cc(2855)] Waiting for scan response 64:b8:67:44:3f:71
09-21 19:28:36.558 V/bt_stack( 2214): [VERBOSE1:btm_ble_gap.cc(2726)] btm_ble_process_ext_adv_pkt: bda=64:b8:67:44:3f:71
09-21 19:28:36.558 V/bt_stack( 2214): [VERBOSE1:btm_ble_gap.cc(2650)] btm_ble_process_adv_addr: bda=64:b8:67:44:3f:71
09-21 19:28:36.558 V/bt_stack( 2214): [VERBOSE1:btm_ble_gap.cc(2886)] btm_ble_process_adv_pkt_cont skipped BDA 64:b8:67:44:3f:71
09-21 19:28:36.561 V/bt_stack( 2214): [VERBOSE1:btm_ble_gap.cc(2726)] btm_ble_process_ext_adv_pkt: bda=04:a8:af:7c:64:e3
09-21 19:28:36.561 V/bt_stack( 2214): [VERBOSE1:btm_ble_gap.cc(2650)] btm_ble_process_adv_addr: bda=04:a8:af:7c:64:e3
09-21 19:28:36.561 V/bt_stack( 2214): [VERBOSE1:btm_ble_gap.cc(2886)] btm_ble_process_adv_pkt_cont skipped BDA 04:a8:af:7c:64:e3
09-21 19:28:36.562 V/bt_stack( 2214): [VERBOSE1:btm_ble_gap.cc(2726)] btm_ble_process_ext_adv_pkt: bda=04:7a:0b:1a:01:08
09-21 19:28:36.562 V/bt_stack( 2214): [VERBOSE1:btm_ble_gap.cc(2650)] btm_ble_process_adv_addr: bda=04:7a:0b:1a:01:08
09-21 19:28:36.562 V/bt_stack( 2214): [VERBOSE1:btm_ble_gap.cc(2886)] btm_ble_process_adv_pkt_cont skipped BDA 04:7a:0b:1a:01:08
09-21 19:28:36.570 V/bt_stack( 2214): [VERBOSE1:btm_ble_gap.cc(2726)] btm_ble_process_ext_adv_pkt: bda=1a:39:42:f3:de:2e
09-21 19:28:36.570 V/bt_stack( 2214): [VERBOSE1:btm_ble_gap.cc(2650)] btm_ble_process_adv_addr: bda=1a:39:42:f3:de:2e
09-21 19:28:36.570 V/bt_stack( 2214): [VERBOSE1:btm_ble_gap.cc(2886)] btm_ble_process_adv_pkt_cont skipped BDA 1a:39:42:f3:de:2e
09-21 19:28:36.571 V/bt_stack( 2214): [VERBOSE1:btm_ble_gap.cc(2726)] btm_ble_process_ext_adv_pkt: bda=3f:69:ec:48:74:e4
09-21 19:28:36.571 V/bt_stack( 2214): [VERBOSE1:btm_ble_gap.cc(2650)] btm_ble_process_adv_addr: bda=3f:69:ec:48:74:e4
09-21 19:28:36.571 V/bt_stack( 2214): [VERBOSE1:btm_ble_gap.cc(2886)] btm_ble_process_adv_pkt_cont skipped BDA 3f:69:ec:48:74:e4
09-21 19:28:36.580 V/bt_stack( 2214): [VERBOSE1:btm_ble_gap.cc(2726)] btm_ble_process_ext_adv_pkt: bda=22:8c:ff:6a:3f:3c
09-21 19:28:36.581 V/bt_stack( 2214): [VERBOSE1:btm_ble_gap.cc(2650)] btm_ble_process_adv_addr: bda=22:8c:ff:6a:3f:3c
09-21 19:28:36.581 V/bt_stack( 2214): [VERBOSE1:btm_ble_gap.cc(2886)] btm_ble_process_adv_pkt_cont skipped BDA 22:8c:ff:6a:3f:3c
01-01 09:08:28.980 I/init ( 0): starting service 'vendor.light-hal-2-0'...
09-21 19:28:36.582 V/bt_stack( 2214): [VERBOSE1:btm_ble_gap.cc(2726)] btm_ble_process_ext_adv_pkt: bda=22:81:02:38:d2:78
09-21 19:28:36.582 V/bt_stack( 2214): [VERBOSE1:btm_ble_gap.cc(2650)] btm_ble_process_adv_addr: bda=22:81:02:38:d2:78
09-21 19:28:36.582 V/bt_stack( 2214): [VERBOSE1:btm_ble_gap.cc(2886)] btm_ble_process_adv_pkt_cont skipped BDA 22:81:02:38:d2:78
09-21 19:28:36.583 V/bt_stack( 2214): [VERBOSE1:btm_ble_gap.cc(2726)] btm_ble_process_ext_adv_pkt: bda=3c:64:be:e3:17:01
09-21 19:28:36.583 V/bt_stack( 2214): [VERBOSE1:btm_ble_gap.cc(2650)] btm_ble_process_adv_addr: bda=3c:64:be:e3:17:01
09-21 19:28:36.583 V/bt_stack( 2214): [VERBOSE1:btm_ble_gap.cc(2886)] btm_ble_process_adv_pkt_cont skipped BDA 3c:64:be:e3:17:01
09-21 19:28:36.586 V/bt_stack( 2214): [VERBOSE1:btm_ble_gap.cc(2726)] btm_ble_process_ext_adv_pkt: bda=24:e6:de:31:44:d4
09-21 19:28:36.586 V/bt_stack( 2214): [VERBOSE1:btm_ble_gap.cc(2650)] btm_ble_process_adv_addr: bda=24:e6:de:31:44:d4
09-21 19:28:36.586 V/bt_stack( 2214): [VERBOSE1:btm_ble_gap.cc(2886)] btm_ble_process_adv_pkt_cont skipped BDA 24:e6:de:31:44:d4
09-21 19:28:36.589 F/linker ( 8856): CANNOT LINK EXECUTABLE "/vendor/bin/hw/sxrservice": library "vendor.qti.hardware.qxr-V1-ndk_platform.so" not found: needed by main executable
09-21 19:28:36.589 V/bt_stack( 2214): [VERBOSE1:btm_ble_gap.cc(2726)] btm_ble_process_ext_adv_pkt: bda=5c:24:32:dd:3e:3e
09-21 19:28:36.590 V/bt_stack( 2214): [VERBOSE1:btm_ble_gap.cc(2650)] btm_ble_process_adv_addr: bda=5c:24:32:dd:3e:3e
09-21 19:28:36.590 V/bt_stack( 2214): [VERBOSE1:btm_ble_gap.cc(2886)] btm_ble_process_adv_pkt_cont skipped BDA 5c:24:32:dd:3e:3e
09-21 19:28:36.597 V/bt_stack( 2214): [VERBOSE1:btm_ble_gap.cc(2726)] btm_ble_process_ext_adv_pkt: bda=04:7a:0b:1a:00:fc
09-21 19:28:36.597 V/bt_stack( 2214): [VERBOSE1:btm_ble_gap.cc(2650)] btm_ble_process_adv_addr: bda=04:7a:0b:1a:00:fc
09-21 19:28:36.597 V/bt_stack( 2214): [VERBOSE1:btm_ble_gap.cc(2886)] btm_ble_process_adv_pkt_cont skipped BDA 04:7a:0b:1a:00:fc
09-21 19:28:36.597 V/bt_stack( 2214): [VERBOSE1:btm_ble_gap.cc(2726)] btm_ble_process_ext_adv_pkt: bda=f4:2f:71:bc:ad:cf
09-21 19:28:36.597 V/bt_stack( 2214): [VERBOSE1:btm_ble_gap.cc(2650)] btm_ble_process_adv_addr: bda=f4:2f:71:bc:ad:cf
09-21 19:28:36.598 V/bt_stack( 2214): [VERBOSE1:btm_ble_gap.cc(2855)] Waiting for scan response f4:2f:71:bc:ad:cf
09-21 19:28:36.598 V/bt_stack( 2214): [VERBOSE1:btm_ble_gap.cc(2726)] btm_ble_process_ext_adv_pkt: bda=f4:2f:71:bc:ad:cf
09-21 19:28:36.598 V/bt_stack( 2214): [VERBOSE1:btm_ble_gap.cc(2650)] btm_ble_process_adv_addr: bda=f4:2f:71:bc:ad:cf
09-21 19:28:36.598 V/bt_stack( 2214): [VERBOSE1:btm_ble_gap.cc(2886)] btm_ble_process_adv_pkt_cont skipped BDA f4:2f:71:bc:ad:cf
09-21 19:28:36.600 V/bt_stack( 2214): [VERBOSE1:btm_ble_gap.cc(2726)] btm_ble_process_ext_adv_pkt: bda=14:71:2c:be:32:6e
09-21 19:28:36.600 V/bt_stack( 2214): [VERBOSE1:btm_ble_gap.cc(2650)] btm_ble_process_adv_addr: bda=14:71:2c:be:32:6e
09-21 19:28:36.600 V/bt_stack( 2214): [VERBOSE1:btm_ble_gap.cc(2886)] btm_ble_process_adv_pkt_cont skipped BDA 14:71:2c:be:32:6e
09-21 19:28:36.604 F/linker ( 8855): CANNOT LINK EXECUTABLE "/vendor/bin/hw/qvrservice": library "vendor.qti.hardware.qxr-V1-ndk_platform.so" not found: needed by /vendor/lib64/libqvrservice.so in namespace (default)
09-21 19:28:36.607 V/bt_stack( 2214): [VERBOSE1:btm_ble_gap.cc(2726)] btm_ble_process_ext_adv_pkt: bda=32:86:8f:48:1e:af
09-21 19:28:36.607 V/bt_stack( 2214): [VERBOSE1:btm_ble_gap.cc(2650)] btm_ble_process_adv_addr: bda=32:86:8f:48:1e:af
09-21 19:28:36.607 V/bt_stack( 2214): [VERBOSE1:btm_ble_gap.cc(2886)] btm_ble_process_adv_pkt_cont skipped BDA 32:86:8f:48:1e:af
01-01 09:08:28.997 I/init ( 0): Service 'sxrd' (pid 8856) exited with status 1
01-01 09:08:29.004 I/init ( 0): Sending signal 9 to service 'sxrd' (pid 8856) process group...
01-01 09:08:29.012 I/libprocessgroup( 0): Successfully killed process cgroup uid 1000 pid 8856 in 0ms
09-21 19:28:36.610 V/bt_stack( 2214): [VERBOSE1:btm_ble_gap.cc(2726)] btm_ble_process_ext_adv_pkt: bda=0e:f4:16:09:e5:1e
09-21 19:28:36.610 V/bt_stack( 2214): [VERBOSE1:btm_ble_gap.cc(2650)] btm_ble_process_adv_addr: bda=0e:f4:16:09:e5:1e
09-21 19:28:36.610 V/bt_stack( 2214): [VERBOSE1:btm_ble_gap.cc(2886)] btm_ble_process_adv_pkt_cont skipped BDA 0e:f4:16:09:e5:1e
09-21 19:28:36.611 V/bt_stack( 2214): [VERBOSE1:btm_ble_gap.cc(2726)] btm_ble_process_ext_adv_pkt: bda=3a:e8:48:a0:1d:6e
09-21 19:28:36.611 V/bt_stack( 2214): [VERBOSE1:btm_ble_gap.cc(2650)] btm_ble_process_adv_addr: bda=3a:e8:48:a0:1d:6e
09-21 19:28:36.611 V/bt_stack( 2214): [VERBOSE1:btm_ble_gap.cc(2886)] btm_ble_process_adv_pkt_cont skipped BDA 3a:e8:48:a0:1d:6e
09-21 19:28:36.612 I/hwservicemanager( 519): getTransport: Cannot find entry android.hardware.light@2.0::ILight/default in either framework or device VINTF manifest.
09-21 19:28:36.614 V/bt_stack( 2214): [VERBOSE1:btm_ble_gap.cc(2726)] btm_ble_process_ext_adv_pkt: bda=7d:25:1f:15:89:d7
09-21 19:28:36.614 V/bt_stack( 2214): [VERBOSE1:btm_ble_gap.cc(2650)] btm_ble_process_adv_addr: bda=7d:25:1f:15:89:d7
09-21 19:28:36.614 V/bt_stack( 2214): [VERBOSE1:btm_ble_gap.cc(2855)] Waiting for scan response 7d:25:1f:15:89:d7
09-21 19:28:36.615 E/light ( 8857): light_open lights keyboard failed: -22
09-21 19:28:36.616 E/light ( 8857): Light passthrough failed to load legacy HAL.
09-21 19:28:36.616 E/light ( 8857): light_open lights buttons failed: -22
09-21 19:28:36.616 E/light ( 8857): Light passthrough failed to load legacy HAL.
09-21 19:28:36.616 V/bt_stack( 2214): [VERBOSE1:btm_ble_gap.cc(2726)] btm_ble_process_ext_adv_pkt: bda=7d:25:1f:15:89:d7
09-21 19:28:36.617 V/bt_stack( 2214): [VERBOSE1:btm_ble_gap.cc(2650)] btm_ble_process_adv_addr: bda=7d:25:1f:15:89:d7
09-21 19:28:36.617 V/bt_stack( 2214): [VERBOSE1:btm_ble_gap.cc(2886)] btm_ble_process_adv_pkt_cont skipped BDA 7d:25:1f:15:89:d7
09-21 19:28:36.618 E/light ( 8857): light_open lights bluetooth failed: -22
09-21 19:28:36.618 E/light ( 8857): Light passthrough failed to load legacy HAL.
09-21 19:28:36.619 E/light ( 8857): light_open lights wifi failed: -22
09-21 19:28:36.619 E/light ( 8857): Light passthrough failed to load legacy HAL.
09-21 19:28:36.619 I/hwservicemanager( 519): getTransport: Cannot find entry android.hardware.light@2.0::ILight/default in either framework or device VINTF manifest.
09-21 19:28:36.620 E/HidlServiceManagement( 8857): Service android.hardware.light@2.0::ILight/default must be in VINTF manifest in order to register/get.
09-21 19:28:36.620 E/LegacySupport( 8857): Could not register service android.hardware.light@2.0::ILight/default (-2147483648).
01-01 09:08:29.022 I/init ( 0): Service 'qvrd_vndr' (pid 8855) exited with status 1
01-01 09:08:29.029 I/init ( 0): Sending signal 9 to service 'qvrd_vndr' (pid 8855) process group...
09-21 19:28:36.629 V/bt_stack( 2214): [VERBOSE1:btm_ble_gap.cc(2726)] btm_ble_process_ext_adv_pkt: bda=6b:42:90:69:31:af
09-21 19:28:36.629 V/bt_stack( 2214): [VERBOSE1:btm_ble_gap.cc(2650)] btm_ble_process_adv_addr: bda=6b:42:90:69:31:af
09-21 19:28:36.629 V/bt_stack( 2214): [VERBOSE1:btm_ble_gap.cc(2855)] Waiting for scan response 6b:42:90:69:31:af
09-21 19:28:36.630 V/bt_stack( 2214): [VERBOSE1:btm_ble_gap.cc(2726)] btm_ble_process_ext_adv_pkt: bda=6b:42:90:69:31:af
09-21 19:28:36.630 V/bt_stack( 2214): [VERBOSE1:btm_ble_gap.cc(2650)] btm_ble_process_adv_addr: bda=6b:42:90:69:31:af
09-21 19:28:36.630 V/bt_stack( 2214): [VERBOSE1:btm_ble_gap.cc(2886)] btm_ble_process_adv_pkt_cont skipped BDA 6b:42:90:69:31:af
09-21 19:28:36.630 V/bt_stack( 2214): [VERBOSE1:btm_ble_gap.cc(2726)] btm_ble_process_ext_adv_pkt: bda=7f:d0:e5:89:0a:9e
09-21 19:28:36.630 V/bt_stack( 2214): [VERBOSE1:btm_ble_gap.cc(2650)] btm_ble_process_adv_addr: bda=7f:d0:e5:89:0a:9e
09-21 19:28:36.630 V/bt_stack( 2214): [VERBOSE1:btm_ble_gap.cc(2855)] Waiting for scan response 7f:d0:e5:89:0a:9e
09-21 19:28:36.630 V/bt_stack( 2214): [VERBOSE1:btm_ble_gap.cc(2726)] btm_ble_process_ext_adv_pkt: bda=7f:d0:e5:89:0a:9e
09-21 19:28:36.630 V/bt_stack( 2214): [VERBOSE1:btm_ble_gap.cc(2650)] btm_ble_process_adv_addr: bda=7f:d0:e5:89:0a:9e
09-21 19:28:36.630 V/bt_stack( 2214): [VERBOSE1:btm_ble_gap.cc(2886)] btm_ble_process_adv_pkt_cont skipped BDA 7f:d0:e5:89:0a:9e
09-21 19:28:36.632 V/bt_stack( 2214): [VERBOSE1:btm_ble_gap.cc(2726)] btm_ble_process_ext_adv_pkt: bda=2f:6a:67:78:12:fc
09-21 19:28:36.632 V/bt_stack( 2214): [VERBOSE1:btm_ble_gap.cc(2650)] btm_ble_process_adv_addr: bda=2f:6a:67:78:12:fc
09-21 19:28:36.632 V/bt_stack( 2214): [VERBOSE1:btm_ble_gap.cc(2886)] btm_ble_process_adv_pkt_cont skipped BDA 2f:6a:67:78:12:fc
09-21 19:28:36.633 V/bt_stack( 2214): [VERBOSE1:btm_ble_gap.cc(2726)] btm_ble_process_ext_adv_pkt: bda=21:2b:31:5e:59:18
09-21 19:28:36.633 V/bt_stack( 2214): [VERBOSE1:btm_ble_gap.cc(2650)] btm_ble_process_adv_addr: bda=21:2b:31:5e:59:18
09-21 19:28:36.633 V/bt_stack( 2214): [VERBOSE1:btm_ble_gap.cc(2886)] btm_ble_process_adv_pkt_cont skipped BDA 21:2b:31:5e:59:18
09-21 19:28:36.634 V/bt_stack( 2214): [VERBOSE1:btm_ble_gap.cc(2726)] btm_ble_process_ext_adv_pkt: bda=10:5c:01:bc:5e:23
09-21 19:28:36.634 V/bt_stack( 2214): [VERBOSE1:btm_ble_gap.cc(2650)] btm_ble_process_adv_addr: bda=10:5c:01:bc:5e:23
09-21 19:28:36.635 V/bt_stack( 2214): [VERBOSE1:btm_ble_gap.cc(2886)] btm_ble_process_adv_pkt_cont skipped BDA 10:5c:01:bc:5e:23
09-21 19:28:36.645 V/bt_stack( 2214): [VERBOSE1:btm_ble_gap.cc(2726)] btm_ble_process_ext_adv_pkt: bda=02:e2:c3:30:22:dc
09-21 19:28:36.645 V/bt_stack( 2214): [VERBOSE1:btm_ble_gap.cc(2650)] btm_ble_process_adv_addr: bda=02:e2:c3:30:22:dc
09-21 19:28:36.645 V/bt_stack( 2214): [VERBOSE1:btm_ble_gap.cc(2886)] btm_ble_process_adv_pkt_cont skipped BDA 02:e2:c3:30:22:dc
09-21 19:28:36.648 V/bt_stack( 2214): [VERBOSE1:btm_ble_gap.cc(2726)] btm_ble_process_ext_adv_pkt: bda=04:7a:0b:1a:01:08
09-21 19:28:36.649 V/bt_stack( 2214): [VERBOSE1:btm_ble_gap.cc(2650)] btm_ble_process_adv_addr: bda=04:7a:0b:1a:01:08
09-21 19:28:36.649 V/bt_stack( 2214): [VERBOSE1:btm_ble_gap.cc(2855)] Waiting for scan response 04:7a:0b:1a:01:08
09-21 19:28:36.649 V/bt_stack( 2214): [VERBOSE1:btm_ble_gap.cc(2726)] btm_ble_process_ext_adv_pkt: bda=04:7a:0b:1a:01:08
09-21 19:28:36.650 V/bt_stack( 2214): [VERBOSE1:btm_ble_gap.cc(2650)] btm_ble_process_adv_addr: bda=04:7a:0b:1a:01:08
09-21 19:28:36.650 V/bt_stack( 2214): [VERBOSE1:btm_ble_gap.cc(2886)] btm_ble_process_adv_pkt_cont skipped BDA 04:7a:0b:1a:01:08
09-21 19:28:36.650 V/bt_stack( 2214): [VERBOSE1:btm_ble_gap.cc(2726)] btm_ble_process_ext_adv_pkt: bda=2d:2c:55:e8:e3:41
09-21 19:28:36.650 V/bt_stack( 2214): [VERBOSE1:btm_ble_gap.cc(2650)] btm_ble_process_adv_addr: bda=2d:2c:55:e8:e3:41
09-21 19:28:36.650 V/bt_stack( 2214): [VERBOSE1:btm_ble_gap.cc(2886)] btm_ble_process_adv_pkt_cont skipped BDA 2d:2c:55:e8:e3:41
09-21 19:28:36.653 V/bt_stack( 2214): [VERBOSE1:btm_ble_gap.cc(2726)] btm_ble_process_ext_adv_pkt: bda=02:68:34:f9:72:c2
09-21 19:28:36.654 V/bt_stack( 2214): [VERBOSE1:btm_ble_gap.cc(2650)] btm_ble_process_adv_addr: bda=02:68:34:f9:72:c2
09-21 19:28:36.654 V/bt_stack( 2214): [VERBOSE1:btm_ble_gap.cc(2886)] btm_ble_process_adv_pkt_cont skipped BDA 02:68:34:f9:72:c2
09-21 19:28:36.660 V/bt_stack( 2214): [VERBOSE1:btm_ble_gap.cc(2726)] btm_ble_process_ext_adv_pkt: bda=0d:48:6f:53:8a:67
09-21 19:28:36.661 V/bt_stack( 2214): [VERBOSE1:btm_ble_gap.cc(2650)] btm_ble_process_adv_addr: bda=0d:48:6f:53:8a:67
09-21 19:28:36.661 V/bt_stack( 2214): [VERBOSE1:btm_ble_gap.cc(2886)] btm_ble_process_adv_pkt_cont skipped BDA 0d:48:6f:53:8a:67
09-21 19:28:36.664 V/bt_stack( 2214): [VERBOSE1:btm_ble_gap.cc(2726)] btm_ble_process_ext_adv_pkt: bda=04:a8:af:7c:64:e3
09-21 19:28:36.664 V/bt_stack( 2214): [VERBOSE1:btm_ble_gap.cc(2650)] btm_ble_process_adv_addr: bda=04:a8:af:7c:64:e3
09-21 19:28:36.664 V/bt_stack( 2214): [VERBOSE1:btm_ble_gap.cc(2886)] btm_ble_process_adv_pkt_cont skipped BDA 04:a8:af:7c:64:e3
09-21 19:28:36.669 V/bt_stack( 2214): [VERBOSE1:btm_ble_gap.cc(2726)] btm_ble_process_ext_adv_pkt: bda=16:cb:14:b0:6d:ca
09-21 19:28:36.669 V/bt_stack( 2214): [VERBOSE1:btm_ble_gap.cc(2650)] btm_ble_process_adv_addr: bda=16:cb:14:b0:6d:ca
09-21 19:28:36.669 V/bt_stack( 2214): [VERBOSE1:btm_ble_gap.cc(2886)] btm_ble_process_adv_pkt_cont skipped BDA 16:cb:14:b0:6d:ca
09-21 19:28:36.674 V/bt_stack( 2214): [VERBOSE1:btm_ble_gap.cc(2726)] btm_ble_process_ext_adv_pkt: bda=3f:69:ec:48:74:e4
09-21 19:28:36.674 V/bt_stack( 2214): [VERBOSE1:btm_ble_gap.cc(2650)] btm_ble_process_adv_addr: bda=3f:69:ec:48:74:e4
09-21 19:28:36.674 V/bt_stack( 2214): [VERBOSE1:btm_ble_gap.cc(2886)] btm_ble_process_adv_pkt_cont skipped BDA 3f:69:ec:48:74:e4
09-21 19:28:36.677 V/bt_stack( 2214): [VERBOSE1:btm_ble_gap.cc(2726)] btm_ble_process_ext_adv_pkt: bda=7e:0b:6a:5f:d6:b7
09-21 19:28:36.677 V/bt_stack( 2214): [VERBOSE1:btm_ble_gap.cc(2650)] btm_ble_process_adv_addr: bda=7e:0b:6a:5f:d6:b7
