09-21 19:28:44.054 I/bt_stack( 2214): [INFO:gatt_main.cc(1640)] gatt_data_process op_code = 7, msg_len = 4
09-21 19:28:44.054 V/bt_stack( 2214): [VERBOSE1:gatt_cl.cc(1296)] gatt_client_handle_server_rsp op_code: 7, len = 4rsp_code: 7
09-21 19:28:44.055 V/bt_stack( 2214): [VERBOSE1:gatt_cl.cc(411)] gatt_process_find_type_value_rsp
09-21 19:28:44.144 V/bt_stack( 2214): [VERBOSE1:gatt_main.cc(1807)] gatt_get_ch_state: ch_state=4
09-21 19:28:44.144 I/bt_stack( 2214): [INFO:gatt_main.cc(1640)] gatt_data_process op_code = 11, msg_len = 2
09-21 19:28:44.144 V/bt_stack( 2214): [VERBOSE1:gatt_cl.cc(1296)] gatt_client_handle_server_rsp op_code: 11, len = 2rsp_code: 11
09-21 19:28:44.145 V/bt_stack( 2214): [VERBOSE1:gatt_utils.cc(1447)] gatt_end_operation status=0 op=2 subtype=2
09-21 19:28:44.145 V/bt_stack( 2214): [VERBOSE1:bta_gattc_act.cc(1645)] bta_gattc_cmpl_cback: conn_id:4 op:2 status:0
09-21 19:28:44.145 V/bt_stack( 2214): [VERBOSE1:bta_gattc_main.cc(361)] bta_gattc_hdl_event: Event:BTA_GATTC_OP_CMPL_EVT
09-21 19:28:44.146 V/bt_stack( 2214): [VERBOSE1:bta_gattc_main.cc(305)] bta_gattc_sm_execute: State 0x02 [GATTC_CONN_ST], Event 0x1f0f[BTA_GATTC_OP_CMPL_EVT]
09-21 19:28:44.146 V/bt_stack( 2214): [VERBOSE1:bta_gattc_act.cc(1089)] bta_gattc_op_cmpl: op:2
09-21 19:28:44.146 V/bt_stack( 2214): [VERBOSE1:gatt_main.cc(1807)] gatt_get_ch_state: ch_state=4
09-21 19:28:44.146 V/bt_stack( 2214): [VERBOSE1:gatt_api.cc(1657)] GATT_GetEattSupportIfConnected status= 0
09-21 19:28:44.146 V/bt_stack( 2214): [VERBOSE1:bta_gattc_act.cc(1107)] bta_gattc_op_cmpl is_eatt_supported:0
09-21 19:28:44.147 W/bt_btif ( 2214): read_report_ref_desc_cb: conn_id: 4 handle: 41, len:2, status: 0
09-21 19:28:44.147 V/bt_stack( 2214): [VERBOSE1:bta_gattc_main.cc(341)] bta_gattc_sm_execute: GATTC State Change: 0x02 -> 0x02 after Event 0x1f0f
09-21 19:28:44.147 V/bt_stack( 2214): [VERBOSE1:bta_gattc_main.cc(361)] bta_gattc_hdl_event: Event:BTA_GATTC_API_READ_EVT
09-21 19:28:44.147 V/bt_stack( 2214): [VERBOSE1:bta_gattc_main.cc(305)] bta_gattc_sm_execute: State 0x02 [GATTC_CONN_ST], Event 0x1f04[BTA_GATTC_API_READ_EVT]
09-21 19:28:44.148 V/bt_stack( 2214): [VERBOSE1:gatt_api.cc(945)] GATTC_Read: conn_id=0x0004, type=0x02
09-21 19:28:44.148 V/bt_stack( 2214): [VERBOSE1:bta_gattc_main.cc(341)] bta_gattc_sm_execute: GATTC State Change: 0x02 -> 0x02 after Event 0x1f04
09-21 19:28:44.234 V/bt_stack( 2214): [VERBOSE1:gatt_main.cc(1807)] gatt_get_ch_state: ch_state=4
09-21 19:28:44.234 I/bt_stack( 2214): [INFO:gatt_main.cc(1640)] gatt_data_process op_code = 1, msg_len = 4
09-21 19:28:44.234 V/bt_stack( 2214): [VERBOSE1:gatt_cl.cc(1296)] gatt_client_handle_server_rsp op_code: 1, len = 4rsp_code: 7
09-21 19:28:44.234 V/bt_stack( 2214): [VERBOSE1:gatt_cl.cc(548)] gatt_process_error_rsp
09-21 19:28:44.235 V/bt_stack( 2214): [VERBOSE1:gatt_cl.cc(510)] gatt_proc_disc_error_rspreason: 0a cmd_code 0006
09-21 19:28:44.235 V/bt_stack( 2214): [VERBOSE1:gatt_cl.cc(520)] Discovery completed
09-21 19:28:44.235 V/bt_stack( 2214): [VERBOSE1:gatt_utils.cc(1447)] gatt_end_operation status=0 op=1 subtype=2
09-21 19:28:44.235 V/bt_stack( 2214): [VERBOSE1:gatt_attr.cc(647)] gatt_disc_cmpl_cback ccc_stage::5 sr_supp_feat_stage::7
09-21 19:28:44.235 V/bt_stack( 2214): [VERBOSE1:gatt_attr.cc(807)] gatt_cl_check_eatt_support: stage: 8
09-21 19:28:44.236 V/bt_stack( 2214): [VERBOSE1:gatt_api.cc(945)] GATTC_Read: conn_id=0x0001, type=0x01
09-21 19:28:44.274 D/audio_hw_primary( 835): out_set_parameters: enter: usecase(1: low-latency-playback) kvpairs: suspend_playback=false
09-21 19:28:44.274 D/audio_hw_extn( 835): audio_extn_fm_set_parameters: Enter
09-21 19:28:44.278 W/audio_hw_primary( 835): out_write: underrun(523) frames_by_time(48343) > out->last_fifo_frames_remaining(384)
09-21 19:28:44.320 D/audio_hw_primary( 835): out_set_parameters: enter: usecase(1: low-latency-playback) kvpairs: suspend_playback=true
09-21 19:28:44.320 D/audio_hw_extn( 835): audio_extn_fm_set_parameters: Enter
09-21 19:28:44.324 V/bt_stack( 2214): [VERBOSE1:gatt_main.cc(1807)] gatt_get_ch_state: ch_state=4
09-21 19:28:44.324 I/bt_stack( 2214): [INFO:gatt_main.cc(1640)] gatt_data_process op_code = 11, msg_len = 2
09-21 19:28:44.325 V/bt_stack( 2214): [VERBOSE1:gatt_cl.cc(1296)] gatt_client_handle_server_rsp op_code: 11, len = 2rsp_code: 11
09-21 19:28:44.325 V/bt_stack( 2214): [VERBOSE1:gatt_utils.cc(1447)] gatt_end_operation status=0 op=2 subtype=2
09-21 19:28:44.325 V/bt_stack( 2214): [VERBOSE1:bta_gattc_act.cc(1645)] bta_gattc_cmpl_cback: conn_id:4 op:2 status:0
09-21 19:28:44.326 V/bt_stack( 2214): [VERBOSE1:bta_gattc_main.cc(361)] bta_gattc_hdl_event: Event:BTA_GATTC_OP_CMPL_EVT
09-21 19:28:44.326 V/bt_stack( 2214): [VERBOSE1:bta_gattc_main.cc(305)] bta_gattc_sm_execute: State 0x02 [GATTC_CONN_ST], Event 0x1f0f[BTA_GATTC_OP_CMPL_EVT]
09-21 19:28:44.326 V/bt_stack( 2214): [VERBOSE1:bta_gattc_act.cc(1089)] bta_gattc_op_cmpl: op:2
09-21 19:28:44.327 V/bt_stack( 2214): [VERBOSE1:gatt_main.cc(1807)] gatt_get_ch_state: ch_state=4
09-21 19:28:44.327 V/bt_stack( 2214): [VERBOSE1:gatt_api.cc(1657)] GATT_GetEattSupportIfConnected status= 0
09-21 19:28:44.327 V/bt_stack( 2214): [VERBOSE1:bta_gattc_act.cc(1107)] bta_gattc_op_cmpl is_eatt_supported:0
09-21 19:28:44.327 W/bt_btif ( 2214): read_report_ref_desc_cb: conn_id: 4 handle: 45, len:2, status: 0
09-21 19:28:44.328 V/bt_stack( 2214): [VERBOSE1:bta_gattc_main.cc(341)] bta_gattc_sm_execute: GATTC State Change: 0x02 -> 0x02 after Event 0x1f0f
09-21 19:28:44.328 V/bt_stack( 2214): [VERBOSE1:bta_gattc_main.cc(361)] bta_gattc_hdl_event: Event:BTA_GATTC_API_READ_EVT
09-21 19:28:44.328 V/bt_stack( 2214): [VERBOSE1:bta_gattc_main.cc(305)] bta_gattc_sm_execute: State 0x02 [GATTC_CONN_ST], Event 0x1f04[BTA_GATTC_API_READ_EVT]
09-21 19:28:44.328 V/bt_stack( 2214): [VERBOSE1:gatt_api.cc(945)] GATTC_Read: conn_id=0x0004, type=0x02
09-21 19:28:44.328 V/bt_stack( 2214): [VERBOSE1:bta_gattc_main.cc(341)] bta_gattc_sm_execute: GATTC State Change: 0x02 -> 0x02 after Event 0x1f04
09-21 19:28:44.384 I/OpenGLRenderer( 8794): Davey! duration=9223368363062ms; Flags=0, FrameTimelineVsyncId=113796, IntendedVsync=3673792550218, Vsync=3673792550218, InputEventId=0, HandleInputStart=3673793723648, AnimationStart=3673793727606, PerformTraversalsStart=3673793730836, DrawStart=3673794061409, FrameDeadline=3673809216884, FrameInterval=3673793712294, FrameStartTime=16666666, SyncQueued=3673794826825, SyncStart=3673794912450, IssueDrawCommandsStart=3673795932919, SwapBuffers=3673801578179, FrameCompleted=9223372036854775807, DequeueBufferDuration=170729, QueueBufferDuration=3784323, GpuCompleted=9223372036854775807, SwapBuffersCompleted=3673807180836, DisplayPresentTime=0,
09-21 19:28:44.413 V/bt_stack( 2214): [VERBOSE1:gatt_main.cc(1807)] gatt_get_ch_state: ch_state=4
09-21 19:28:44.414 I/bt_stack( 2214): [INFO:gatt_main.cc(1640)] gatt_data_process op_code = 1, msg_len = 4
09-21 19:28:44.414 V/bt_stack( 2214): [VERBOSE1:gatt_cl.cc(1296)] gatt_client_handle_server_rsp op_code: 1, len = 4rsp_code: 9
09-21 19:28:44.414 V/bt_stack( 2214): [VERBOSE1:gatt_cl.cc(548)] gatt_process_error_rsp
09-21 19:28:44.414 V/bt_stack( 2214): [VERBOSE1:gatt_utils.cc(1447)] gatt_end_operation status=10 op=2 subtype=1
09-21 19:28:44.414 V/bt_stack( 2214): [VERBOSE1:gatt_attr.cc(693)] gatt_cl_op_cmpl_cback op:2
09-21 19:28:44.503 V/bt_stack( 2214): [VERBOSE1:gatt_main.cc(1807)] gatt_get_ch_state: ch_state=4
09-21 19:28:44.504 I/bt_stack( 2214): [INFO:gatt_main.cc(1640)] gatt_data_process op_code = 11, msg_len = 2
09-21 19:28:44.504 V/bt_stack( 2214): [VERBOSE1:gatt_cl.cc(1296)] gatt_client_handle_server_rsp op_code: 11, len = 2rsp_code: 11
09-21 19:28:44.504 V/bt_stack( 2214): [VERBOSE1:gatt_utils.cc(1447)] gatt_end_operation status=0 op=2 subtype=2
09-21 19:28:44.504 V/bt_stack( 2214): [VERBOSE1:bta_gattc_act.cc(1645)] bta_gattc_cmpl_cback: conn_id:4 op:2 status:0
09-21 19:28:44.504 V/bt_stack( 2214): [VERBOSE1:bta_gattc_main.cc(361)] bta_gattc_hdl_event: Event:BTA_GATTC_OP_CMPL_EVT
09-21 19:28:44.504 V/bt_stack( 2214): [VERBOSE1:bta_gattc_main.cc(305)] bta_gattc_sm_execute: State 0x02 [GATTC_CONN_ST], Event 0x1f0f[BTA_GATTC_OP_CMPL_EVT]
09-21 19:28:44.505 V/bt_stack( 2214): [VERBOSE1:bta_gattc_act.cc(1089)] bta_gattc_op_cmpl: op:2
09-21 19:28:44.505 V/bt_stack( 2214): [VERBOSE1:gatt_main.cc(1807)] gatt_get_ch_state: ch_state=4
09-21 19:28:44.505 V/bt_stack( 2214): [VERBOSE1:gatt_api.cc(1657)] GATT_GetEattSupportIfConnected status= 0
09-21 19:28:44.505 V/bt_stack( 2214): [VERBOSE1:bta_gattc_act.cc(1107)] bta_gattc_op_cmpl is_eatt_supported:0
09-21 19:28:44.505 W/bt_btif ( 2214): read_report_ref_desc_cb: conn_id: 4 handle: 49, len:2, status: 0
09-21 19:28:44.506 V/bt_stack( 2214): [VERBOSE1:bta_gattc_main.cc(341)] bta_gattc_sm_execute: GATTC State Change: 0x02 -> 0x02 after Event 0x1f0f
09-21 19:28:44.506 V/bt_stack( 2214): [VERBOSE1:bta_gattc_main.cc(361)] bta_gattc_hdl_event: Event:BTA_GATTC_API_READ_EVT
09-21 19:28:44.506 V/bt_stack( 2214): [VERBOSE1:bta_gattc_main.cc(305)] bta_gattc_sm_execute: State 0x02 [GATTC_CONN_ST], Event 0x1f04[BTA_GATTC_API_READ_EVT]
09-21 19:28:44.506 V/bt_stack( 2214): [VERBOSE1:gatt_api.cc(945)] GATTC_Read: conn_id=0x0004, type=0x02
09-21 19:28:44.507 V/bt_stack( 2214): [VERBOSE1:bta_gattc_main.cc(341)] bta_gattc_sm_execute: GATTC State Change: 0x02 -> 0x02 after Event 0x1f04
09-21 19:28:44.594 V/bt_stack( 2214): [VERBOSE1:gatt_main.cc(1807)] gatt_get_ch_state: ch_state=4
09-21 19:28:44.594 I/bt_stack( 2214): [INFO:gatt_main.cc(1640)] gatt_data_process op_code = 11, msg_len = 22
09-21 19:28:44.595 V/bt_stack( 2214): [VERBOSE1:gatt_cl.cc(1296)] gatt_client_handle_server_rsp op_code: 11, len = 22rsp_code: 11
09-21 19:28:44.595 V/bt_stack( 2214): [VERBOSE1:gatt_cl.cc(1071)] full pkt issue read blob for remianing bytes old offset=0 len=22 new offset=22
09-21 19:28:44.595 V/bt_stack( 2214): [VERBOSE1:gatt_cl.cc(178)] gatt_act_read: first_read_blob_after_read=1
01-01 09:08:37.076 D/ ( 0): mv2112_read_status
01-01 09:08:37.079 D/mv2112_update_link( 0): 3.0x901(1G): 0x80
01-01 09:08:37.085 D/mv2112_update_link( 0): 3.0x8109(100M): 0x0
09-21 19:28:44.687 V/bt_stack( 2214): [VERBOSE1:gatt_main.cc(1807)] gatt_get_ch_state: ch_state=4
09-21 19:28:44.687 I/bt_stack( 2214): [INFO:gatt_main.cc(1640)] gatt_data_process op_code = 13, msg_len = 22
09-21 19:28:44.687 V/bt_stack( 2214): [VERBOSE1:gatt_cl.cc(1296)] gatt_client_handle_server_rsp op_code: 13, len = 22rsp_code: 13
09-21 19:28:44.687 V/bt_stack( 2214): [VERBOSE1:gatt_cl.cc(1071)] full pkt issue read blob for remianing bytes old offset=22 len=22 new offset=44
09-21 19:28:44.688 V/bt_stack( 2214): [VERBOSE1:gatt_cl.cc(178)] gatt_act_read: first_read_blob_after_read=0
01-01 09:08:37.092 D/mv2112_update_link( 0): link 0x0
01-01 09:08:37.097 D/mv2112_read_status( 0): autoneg is disabled
09-21 19:28:44.774 V/bt_stack( 2214): [VERBOSE1:gatt_main.cc(1807)] gatt_get_ch_state: ch_state=4
09-21 19:28:44.775 I/bt_stack( 2214): [INFO:gatt_main.cc(1640)] gatt_data_process op_code = 13, msg_len = 22
09-21 19:28:44.775 V/bt_stack( 2214): [VERBOSE1:gatt_cl.cc(1296)] gatt_client_handle_server_rsp op_code: 13, len = 22rsp_code: 13
09-21 19:28:44.775 V/bt_stack( 2214): [VERBOSE1:gatt_cl.cc(1071)] full pkt issue read blob for remianing bytes old offset=44 len=22 new offset=66
09-21 19:28:44.775 V/bt_stack( 2214): [VERBOSE1:gatt_cl.cc(178)] gatt_act_read: first_read_blob_after_read=1
09-21 19:28:44.776 W/bt_l2cap( 2214): L2CAP - RcvD BLE SIGNALLING COMMAND CID: 0x0005
09-21 19:28:44.853 I/mpu_uart( 671): [MSG-P:R]:recv sync frame timeout
09-21 19:28:44.857 I/mpu_uart( 671): [MSG-P:RECV]:No message received in 1000 ms
09-21 19:28:44.862 I/vendor.qti.bluetooth@1.0-ibs_handler( 839): ProcessIbsCmd: Received IBS_SLEEP_IND: 0xFE
09-21 19:28:44.863 I/vendor.qti.bluetooth@1.0-ibs_handler( 839): ProcessIbsCmd: Received IBS_WAKE_IND: 0xFD
09-21 19:28:44.863 I/vendor.qti.bluetooth@1.0-ibs_handler( 839): ProcessIbsCmd: Writing IBS_WAKE_ACK
01-01 09:08:37.305 I/IRQ 5 ( 0): no longer affine to CPU7
09-21 19:28:44.912 V/bt_stack( 2214): [VERBOSE1:gatt_main.cc(1807)] gatt_get_ch_state: ch_state=4
09-21 19:28:44.912 I/bt_stack( 2214): [INFO:gatt_main.cc(1640)] gatt_data_process op_code = 13, msg_len = 22
09-21 19:28:44.912 V/bt_stack( 2214): [VERBOSE1:gatt_cl.cc(1296)] gatt_client_handle_server_rsp op_code: 13, len = 22rsp_code: 13
09-21 19:28:44.912 V/bt_stack( 2214): [VERBOSE1:gatt_cl.cc(1071)] full pkt issue read blob for remianing bytes old offset=66 len=22 new offset=88
09-21 19:28:44.913 V/bt_stack( 2214): [VERBOSE1:gatt_cl.cc(178)] gatt_act_read: first_read_blob_after_read=0
09-21 19:28:44.999 V/bt_stack( 2214): [VERBOSE1:gatt_main.cc(1807)] gatt_get_ch_state: ch_state=4
09-21 19:28:44.999 I/bt_stack( 2214): [INFO:gatt_main.cc(1640)] gatt_data_process op_code = 13, msg_len = 22
09-21 19:28:44.999 V/bt_stack( 2214): [VERBOSE1:gatt_cl.cc(1296)] gatt_client_handle_server_rsp op_code: 13, len = 22rsp_code: 13
09-21 19:28:45.000 V/bt_stack( 2214): [VERBOSE1:gatt_cl.cc(1071)] full pkt issue read blob for remianing bytes old offset=88 len=22 new offset=110
09-21 19:28:45.000 V/bt_stack( 2214): [VERBOSE1:gatt_cl.cc(178)] gatt_act_read: first_read_blob_after_read=1
09-21 19:28:45.089 V/bt_stack( 2214): [VERBOSE1:gatt_main.cc(1807)] gatt_get_ch_state: ch_state=4
09-21 19:28:45.089 I/bt_stack( 2214): [INFO:gatt_main.cc(1640)] gatt_data_process op_code = 13, msg_len = 22
09-21 19:28:45.089 V/bt_stack( 2214): [VERBOSE1:gatt_cl.cc(1296)] gatt_client_handle_server_rsp op_code: 13, len = 22rsp_code: 13
09-21 19:28:45.089 V/bt_stack( 2214): [VERBOSE1:gatt_cl.cc(1071)] full pkt issue read blob for remianing bytes old offset=110 len=22 new offset=132
09-21 19:28:45.089 V/bt_stack( 2214): [VERBOSE1:gatt_cl.cc(178)] gatt_act_read: first_read_blob_after_read=0
09-21 19:28:45.105 E/TaskPersister( 1154): File error accessing recents directory (directory doesn't exist?).
09-21 19:28:45.179 V/bt_stack( 2214): [VERBOSE1:gatt_main.cc(1807)] gatt_get_ch_state: ch_state=4
09-21 19:28:45.179 I/bt_stack( 2214): [INFO:gatt_main.cc(1640)] gatt_data_process op_code = 13, msg_len = 22
09-21 19:28:45.180 V/bt_stack( 2214): [VERBOSE1:gatt_cl.cc(1296)] gatt_client_handle_server_rsp op_code: 13, len = 22rsp_code: 13
09-21 19:28:45.180 V/bt_stack( 2214): [VERBOSE1:gatt_cl.cc(1071)] full pkt issue read blob for remianing bytes old offset=132 len=22 new offset=154
09-21 19:28:45.180 V/bt_stack( 2214): [VERBOSE1:gatt_cl.cc(178)] gatt_act_read: first_read_blob_after_read=1
09-21 19:28:45.236 V/bt_stack( 2214): [VERBOSE1:gatt_main.cc(1807)] gatt_get_ch_state: ch_state=4
09-21 19:28:45.236 I/bt_stack( 2214): [INFO:gatt_main.cc(1640)] gatt_data_process op_code = 13, msg_len = 22
09-21 19:28:45.236 V/bt_stack( 2214): [VERBOSE1:gatt_cl.cc(1296)] gatt_client_handle_server_rsp op_code: 13, len = 22rsp_code: 13
09-21 19:28:45.237 V/bt_stack( 2214): [VERBOSE1:gatt_cl.cc(1071)] full pkt issue read blob for remianing bytes old offset=154 len=22 new offset=176
09-21 19:28:45.237 V/bt_stack( 2214): [VERBOSE1:gatt_cl.cc(178)] gatt_act_read: first_read_blob_after_read=0
09-21 19:28:45.257 V/bt_stack( 2214): [VERBOSE1:gatt_main.cc(1807)] gatt_get_ch_state: ch_state=4
09-21 19:28:45.258 I/bt_stack( 2214): [INFO:gatt_main.cc(1640)] gatt_data_process op_code = 13, msg_len = 22
09-21 19:28:45.258 V/bt_stack( 2214): [VERBOSE1:gatt_cl.cc(1296)] gatt_client_handle_server_rsp op_code: 13, len = 22rsp_code: 13
09-21 19:28:45.258 V/bt_stack( 2214): [VERBOSE1:gatt_cl.cc(1071)] full pkt issue read blob for remianing bytes old offset=176 len=22 new offset=198
09-21 19:28:45.259 V/bt_stack( 2214): [VERBOSE1:gatt_cl.cc(178)] gatt_act_read: first_read_blob_after_read=1
09-21 19:28:45.280 V/bt_stack( 2214): [VERBOSE1:gatt_main.cc(1807)] gatt_get_ch_state: ch_state=4
09-21 19:28:45.280 I/bt_stack( 2214): [INFO:gatt_main.cc(1640)] gatt_data_process op_code = 13, msg_len = 22
09-21 19:28:45.280 V/bt_stack( 2214): [VERBOSE1:gatt_cl.cc(1296)] gatt_client_handle_server_rsp op_code: 13, len = 22rsp_code: 13
09-21 19:28:45.281 V/bt_stack( 2214): [VERBOSE1:gatt_cl.cc(1071)] full pkt issue read blob for remianing bytes old offset=198 len=22 new offset=220
09-21 19:28:45.281 V/bt_stack( 2214): [VERBOSE1:gatt_cl.cc(178)] gatt_act_read: first_read_blob_after_read=0
09-21 19:28:45.303 V/bt_stack( 2214): [VERBOSE1:gatt_main.cc(1807)] gatt_get_ch_state: ch_state=4
09-21 19:28:45.303 I/bt_stack( 2214): [INFO:gatt_main.cc(1640)] gatt_data_process op_code = 13, msg_len = 22
09-21 19:28:45.303 V/bt_stack( 2214): [VERBOSE1:gatt_cl.cc(1296)] gatt_client_handle_server_rsp op_code: 13, len = 22rsp_code: 13
09-21 19:28:45.303 V/bt_stack( 2214): [VERBOSE1:gatt_cl.cc(1071)] full pkt issue read blob for remianing bytes old offset=220 len=22 new offset=242
09-21 19:28:45.304 V/bt_stack( 2214): [VERBOSE1:gatt_cl.cc(178)] gatt_act_read: first_read_blob_after_read=1
09-21 19:28:45.322 D/audio_hw_primary( 835): out_set_parameters: enter: usecase(1: low-latency-playback) kvpairs: suspend_playback=false
09-21 19:28:45.322 D/audio_hw_extn( 835): audio_extn_fm_set_parameters: Enter
09-21 19:28:45.324 D/audio_hw_primary( 835): out_standby: enter: stream (0xe58c64c0) usecase(1: low-latency-playback)
09-21 19:28:45.325 V/bt_stack( 2214): [VERBOSE1:gatt_main.cc(1807)] gatt_get_ch_state: ch_state=4
09-21 19:28:45.325 I/bt_stack( 2214): [INFO:gatt_main.cc(1640)] gatt_data_process op_code = 13, msg_len = 0
09-21 19:28:45.325 V/bt_stack( 2214): [VERBOSE1:gatt_cl.cc(1296)] gatt_client_handle_server_rsp op_code: 13, len = 0rsp_code: 13
09-21 19:28:45.325 V/bt_stack( 2214): [VERBOSE1:gatt_utils.cc(1447)] gatt_end_operation status=0 op=2 subtype=2
09-21 19:28:45.326 V/bt_stack( 2214): [VERBOSE1:bta_gattc_act.cc(1645)] bta_gattc_cmpl_cback: conn_id:4 op:2 status:0
09-21 19:28:45.326 V/bt_stack( 2214): [VERBOSE1:bta_gattc_main.cc(361)] bta_gattc_hdl_event: Event:BTA_GATTC_OP_CMPL_EVT
09-21 19:28:45.326 V/bt_stack( 2214): [VERBOSE1:bta_gattc_main.cc(305)] bta_gattc_sm_execute: State 0x02 [GATTC_CONN_ST], Event 0x1f0f[BTA_GATTC_OP_CMPL_EVT]
09-21 19:28:45.326 V/bt_stack( 2214): [VERBOSE1:bta_gattc_act.cc(1089)] bta_gattc_op_cmpl: op:2
09-21 19:28:45.326 V/bt_stack( 2214): [VERBOSE1:gatt_main.cc(1807)] gatt_get_ch_state: ch_state=4
09-21 19:28:45.327 V/bt_stack( 2214): [VERBOSE1:gatt_api.cc(1657)] GATT_GetEattSupportIfConnected status= 0
09-21 19:28:45.327 V/bt_stack( 2214): [VERBOSE1:bta_gattc_act.cc(1107)] bta_gattc_op_cmpl is_eatt_supported:0
09-21 19:28:45.327 W/bt_btif ( 2214): read_hid_report_map_cb: conn_id: 4 handle: 51, len:242, status: 0
09-21 19:28:45.327 V/bt_stack( 2214): [VERBOSE1:bta_gattc_main.cc(341)] bta_gattc_sm_execute: GATTC State Change: 0x02 -> 0x02 after Event 0x1f0f
09-21 19:28:45.327 V/bt_stack( 2214): [VERBOSE1:bta_gattc_main.cc(361)] bta_gattc_hdl_event: Event:BTA_GATTC_API_READ_EVT
09-21 19:28:45.327 V/bt_stack( 2214): [VERBOSE1:bta_gattc_main.cc(305)] bta_gattc_sm_execute: State 0x02 [GATTC_CONN_ST], Event 0x1f04[BTA_GATTC_API_READ_EVT]
09-21 19:28:45.328 V/bt_stack( 2214): [VERBOSE1:gatt_api.cc(945)] GATTC_Read: conn_id=0x0004, type=0x02
09-21 19:28:45.328 V/bt_stack( 2214): [VERBOSE1:bta_gattc_main.cc(341)] bta_gattc_sm_execute: GATTC State Change: 0x02 -> 0x02 after Event 0x1f04
01-01 09:08:37.745 I/afe_close( 0): port_id = 0x9000
09-21 19:28:45.347 V/bt_stack( 2214): [VERBOSE1:gatt_main.cc(1807)] gatt_get_ch_state: ch_state=4
09-21 19:28:45.348 I/bt_stack( 2214): [INFO:gatt_main.cc(1640)] gatt_data_process op_code = 11, msg_len = 4
09-21 19:28:45.348 V/bt_stack( 2214): [VERBOSE1:gatt_cl.cc(1296)] gatt_client_handle_server_rsp op_code: 11, len = 4rsp_code: 11
09-21 19:28:45.348 V/bt_stack( 2214): [VERBOSE1:gatt_utils.cc(1447)] gatt_end_operation status=0 op=2 subtype=2
09-21 19:28:45.348 V/bt_stack( 2214): [VERBOSE1:bta_gattc_act.cc(1645)] bta_gattc_cmpl_cback: conn_id:4 op:2 status:0
09-21 19:28:45.348 V/bt_stack( 2214): [VERBOSE1:bta_gattc_main.cc(361)] bta_gattc_hdl_event: Event:BTA_GATTC_OP_CMPL_EVT
09-21 19:28:45.349 V/bt_stack( 2214): [VERBOSE1:bta_gattc_main.cc(305)] bta_gattc_sm_execute: State 0x02 [GATTC_CONN_ST], Event 0x1f0f[BTA_GATTC_OP_CMPL_EVT]
09-21 19:28:45.349 V/bt_stack( 2214): [VERBOSE1:bta_gattc_act.cc(1089)] bta_gattc_op_cmpl: op:2
09-21 19:28:45.349 V/bt_stack( 2214): [VERBOSE1:gatt_main.cc(1807)] gatt_get_ch_state: ch_state=4
09-21 19:28:45.349 V/bt_stack( 2214): [VERBOSE1:gatt_api.cc(1657)] GATT_GetEattSupportIfConnected status= 0
09-21 19:28:45.350 V/bt_stack( 2214): [VERBOSE1:bta_gattc_act.cc(1107)] bta_gattc_op_cmpl is_eatt_supported:0
09-21 19:28:45.350 W/bt_btif ( 2214): read_hid_info_cb: conn_id: 4 handle: 56, len:4, status: 0
09-21 19:28:45.350 V/bt_stack( 2214): [VERBOSE1:bta_gattc_main.cc(341)] bta_gattc_sm_execute: GATTC State Change: 0x02 -> 0x02 after Event 0x1f0f
09-21 19:28:45.350 V/bt_stack( 2214): [VERBOSE1:bta_gattc_main.cc(361)] bta_gattc_hdl_event: Event:BTA_GATTC_API_WRITE_EVT
09-21 19:28:45.350 V/bt_stack( 2214): [VERBOSE1:bta_gattc_main.cc(305)] bta_gattc_sm_execute: State 0x02 [GATTC_CONN_ST], Event 0x1f05[BTA_GATTC_API_WRITE_EVT]
09-21 19:28:45.350 V/bt_stack( 2214): [VERBOSE1:bta_gattc_main.cc(341)] bta_gattc_sm_execute: GATTC State Change: 0x02 -> 0x02 after Event 0x1f05
09-21 19:28:45.353 D/audio_hw_primary( 835): disable_audio_route: reset and update mixer path: low-latency-playback
09-21 19:28:45.355 E/soundtrigger( 835): audio_extn_sound_trigger_update_stream_status: invalid input device 0x0, for event 2
09-21 19:28:45.355 D/soundtrigger( 835): audio_extn_sound_trigger_update_stream_status: uc_info->id 1 of type 0 for Event 2, with Raise=0
09-21 19:28:45.355 D/msm8974_platform( 835): platform_split_snd_device: snd_device(2) num devices(0) new_snd_devices(0)
09-21 19:28:45.355 I/msm8974_platform( 835): platform_get_custom_mtmx_params: no matching param with id 0 ip_ch 2 op_ch 2 uc_id 1 snd_dev 2
09-21 19:28:45.355 D/hardware_info( 835): hw_info_append_hw_type : device_name = speaker
09-21 19:28:45.355 D/audio_hw_primary( 835): disable_snd_device: snd_device(2: speaker)
09-21 19:28:45.355 D/msm8974_platform( 835): platform_split_snd_device: snd_device(2) num devices(0) new_snd_devices(0)
09-21 19:28:45.355 I/soundtrigger( 835): audio_extn_sound_trigger_update_device_status: device 0x2 of type 0 for Event 0, with Raise=0
09-21 19:28:45.356 D/audio_hw_primary( 835): out_standby: exit
09-21 19:28:45.369 V/bt_stack( 2214): [VERBOSE1:gatt_main.cc(1807)] gatt_get_ch_state: ch_state=4
09-21 19:28:45.369 I/bt_stack( 2214): [INFO:gatt_main.cc(1640)] gatt_data_process op_code = 19, msg_len = 0
09-21 19:28:45.369 V/bt_stack( 2214): [VERBOSE1:gatt_cl.cc(1296)] gatt_client_handle_server_rsp op_code: 19, len = 0rsp_code: 19
09-21 19:28:45.369 V/bt_stack( 2214): [VERBOSE1:gatt_utils.cc(1447)] gatt_end_operation status=0 op=3 subtype=2
09-21 19:28:45.369 V/bt_stack( 2214): [VERBOSE1:bta_gattc_act.cc(1645)] bta_gattc_cmpl_cback: conn_id:4 op:3 status:0
09-21 19:28:45.369 V/bt_stack( 2214): [VERBOSE1:bta_gattc_main.cc(361)] bta_gattc_hdl_event: Event:BTA_GATTC_OP_CMPL_EVT
09-21 19:28:45.369 V/bt_stack( 2214): [VERBOSE1:bta_gattc_main.cc(305)] bta_gattc_sm_execute: State 0x02 [GATTC_CONN_ST], Event 0x1f0f[BTA_GATTC_OP_CMPL_EVT]
09-21 19:28:45.370 V/bt_stack( 2214): [VERBOSE1:bta_gattc_act.cc(1089)] bta_gattc_op_cmpl: op:3
09-21 19:28:45.370 V/bt_stack( 2214): [VERBOSE1:gatt_main.cc(1807)] gatt_get_ch_state: ch_state=4
09-21 19:28:45.370 V/bt_stack( 2214): [VERBOSE1:gatt_api.cc(1657)] GATT_GetEattSupportIfConnected status= 0
09-21 19:28:45.370 V/bt_stack( 2214): [VERBOSE1:bta_gattc_act.cc(1107)] bta_gattc_op_cmpl is_eatt_supported:0
09-21 19:28:45.370 E/bt_btif ( 2214): curent hid instance: 0
09-21 19:28:45.370 V/bt_stack( 2214): [VERBOSE1:bta_gattc_main.cc(341)] bta_gattc_sm_execute: GATTC State Change: 0x02 -> 0x02 after Event 0x1f0f
09-21 19:28:45.370 V/bt_stack( 2214): [VERBOSE1:bta_gattc_main.cc(361)] bta_gattc_hdl_event: Event:BTA_GATTC_API_WRITE_EVT
09-21 19:28:45.370 V/bt_stack( 2214): [VERBOSE1:bta_gattc_main.cc(305)] bta_gattc_sm_execute: State 0x02 [GATTC_CONN_ST], Event 0x1f05[BTA_GATTC_API_WRITE_EVT]
09-21 19:28:45.370 V/bt_stack( 2214): [VERBOSE1:bta_gattc_main.cc(341)] bta_gattc_sm_execute: GATTC State Change: 0x02 -> 0x02 after Event 0x1f05
09-21 19:28:45.391 V/bt_stack( 2214): [VERBOSE1:gatt_main.cc(1807)] gatt_get_ch_state: ch_state=4
09-21 19:28:45.391 I/bt_stack( 2214): [INFO:gatt_main.cc(1640)] gatt_data_process op_code = 19, msg_len = 0
09-21 19:28:45.391 V/bt_stack( 2214): [VERBOSE1:gatt_cl.cc(1296)] gatt_client_handle_server_rsp op_code: 19, len = 0rsp_code: 19
09-21 19:28:45.392 V/bt_stack( 2214): [VERBOSE1:gatt_utils.cc(1447)] gatt_end_operation status=0 op=3 subtype=2
09-21 19:28:45.392 V/bt_stack( 2214): [VERBOSE1:bta_gattc_act.cc(1645)] bta_gattc_cmpl_cback: conn_id:4 op:3 status:0
09-21 19:28:45.392 V/bt_stack( 2214): [VERBOSE1:bta_gattc_main.cc(361)] bta_gattc_hdl_event: Event:BTA_GATTC_OP_CMPL_EVT
09-21 19:28:45.392 V/bt_stack( 2214): [VERBOSE1:bta_gattc_main.cc(305)] bta_gattc_sm_execute: State 0x02 [GATTC_CONN_ST], Event 0x1f0f[BTA_GATTC_OP_CMPL_EVT]
09-21 19:28:45.392 V/bt_stack( 2214): [VERBOSE1:bta_gattc_act.cc(1089)] bta_gattc_op_cmpl: op:3
09-21 19:28:45.392 V/bt_stack( 2214): [VERBOSE1:gatt_main.cc(1807)] gatt_get_ch_state: ch_state=4
09-21 19:28:45.392 V/bt_stack( 2214): [VERBOSE1:gatt_api.cc(1657)] GATT_GetEattSupportIfConnected status= 0
09-21 19:28:45.392 V/bt_stack( 2214): [VERBOSE1:bta_gattc_act.cc(1107)] bta_gattc_op_cmpl is_eatt_supported:0
09-21 19:28:45.392 E/bt_btif ( 2214): curent hid instance: 0
09-21 19:28:45.392 V/bt_stack( 2214): [VERBOSE1:bta_gattc_main.cc(341)] bta_gattc_sm_execute: GATTC State Change: 0x02 -> 0x02 after Event 0x1f0f
09-21 19:28:45.392 V/bt_stack( 2214): [VERBOSE1:bta_gattc_main.cc(361)] bta_gattc_hdl_event: Event:BTA_GATTC_API_WRITE_EVT
09-21 19:28:45.392 V/bt_stack( 2214): [VERBOSE1:bta_gattc_main.cc(305)] bta_gattc_sm_execute: State 0x02 [GATTC_CONN_ST], Event 0x1f05[BTA_GATTC_API_WRITE_EVT]
09-21 19:28:45.393 V/bt_stack( 2214): [VERBOSE1:bta_gattc_main.cc(341)] bta_gattc_sm_execute: GATTC State Change: 0x02 -> 0x02 after Event 0x1f05
09-21 19:28:45.414 V/bt_stack( 2214): [VERBOSE1:gatt_main.cc(1807)] gatt_get_ch_state: ch_state=4
09-21 19:28:45.414 I/bt_stack( 2214): [INFO:gatt_main.cc(1640)] gatt_data_process op_code = 19, msg_len = 0
09-21 19:28:45.414 V/bt_stack( 2214): [VERBOSE1:gatt_cl.cc(1296)] gatt_client_handle_server_rsp op_code: 19, len = 0rsp_code: 19
09-21 19:28:45.414 V/bt_stack( 2214): [VERBOSE1:gatt_utils.cc(1447)] gatt_end_operation status=0 op=3 subtype=2
09-21 19:28:45.414 V/bt_stack( 2214): [VERBOSE1:bta_gattc_act.cc(1645)] bta_gattc_cmpl_cback: conn_id:4 op:3 status:0
09-21 19:28:45.414 V/bt_stack( 2214): [VERBOSE1:bta_gattc_main.cc(361)] bta_gattc_hdl_event: Event:BTA_GATTC_OP_CMPL_EVT
09-21 19:28:45.414 V/bt_stack( 2214): [VERBOSE1:bta_gattc_main.cc(305)] bta_gattc_sm_execute: State 0x02 [GATTC_CONN_ST], Event 0x1f0f[BTA_GATTC_OP_CMPL_EVT]
09-21 19:28:45.414 V/bt_stack( 2214): [VERBOSE1:bta_gattc_act.cc(1089)] bta_gattc_op_cmpl: op:3
09-21 19:28:45.414 V/bt_stack( 2214): [VERBOSE1:gatt_main.cc(1807)] gatt_get_ch_state: ch_state=4
09-21 19:28:45.415 V/bt_stack( 2214): [VERBOSE1:gatt_api.cc(1657)] GATT_GetEattSupportIfConnected status= 0
09-21 19:28:45.415 V/bt_stack( 2214): [VERBOSE1:bta_gattc_act.cc(1107)] bta_gattc_op_cmpl is_eatt_supported:0
09-21 19:28:45.415 E/bt_btif ( 2214): curent hid instance: 0
09-21 19:28:45.415 V/bt_stack( 2214): [VERBOSE1:bta_gattc_main.cc(341)] bta_gattc_sm_execute: GATTC State Change: 0x02 -> 0x02 after Event 0x1f0f
09-21 19:28:45.415 V/bt_stack( 2214): [VERBOSE1:bta_gattc_main.cc(361)] bta_gattc_hdl_event: Event:BTA_GATTC_API_WRITE_EVT
09-21 19:28:45.415 V/bt_stack( 2214): [VERBOSE1:bta_gattc_main.cc(305)] bta_gattc_sm_execute: State 0x02 [GATTC_CONN_ST], Event 0x1f05[BTA_GATTC_API_WRITE_EVT]
09-21 19:28:45.415 V/bt_stack( 2214): [VERBOSE1:bta_gattc_main.cc(341)] bta_gattc_sm_execute: GATTC State Change: 0x02 -> 0x02 after Event 0x1f05
09-21 19:28:45.437 V/bt_stack( 2214): [VERBOSE1:gatt_main.cc(1807)] gatt_get_ch_state: ch_state=4
09-21 19:28:45.437 I/bt_stack( 2214): [INFO:gatt_main.cc(1640)] gatt_data_process op_code = 19, msg_len = 0
09-21 19:28:45.437 V/bt_stack( 2214): [VERBOSE1:gatt_cl.cc(1296)] gatt_client_handle_server_rsp op_code: 19, len = 0rsp_code: 19
09-21 19:28:45.437 V/bt_stack( 2214): [VERBOSE1:gatt_utils.cc(1447)] gatt_end_operation status=0 op=3 subtype=2
09-21 19:28:45.438 V/bt_stack( 2214): [VERBOSE1:bta_gattc_act.cc(1645)] bta_gattc_cmpl_cback: conn_id:4 op:3 status:0
09-21 19:28:45.438 V/bt_stack( 2214): [VERBOSE1:bta_gattc_main.cc(361)] bta_gattc_hdl_event: Event:BTA_GATTC_OP_CMPL_EVT
09-21 19:28:45.438 V/bt_stack( 2214): [VERBOSE1:bta_gattc_main.cc(305)] bta_gattc_sm_execute: State 0x02 [GATTC_CONN_ST], Event 0x1f0f[BTA_GATTC_OP_CMPL_EVT]
09-21 19:28:45.438 V/bt_stack( 2214): [VERBOSE1:bta_gattc_act.cc(1089)] bta_gattc_op_cmpl: op:3
09-21 19:28:45.438 V/bt_stack( 2214): [VERBOSE1:gatt_main.cc(1807)] gatt_get_ch_state: ch_state=4
09-21 19:28:45.439 V/bt_stack( 2214): [VERBOSE1:gatt_api.cc(1657)] GATT_GetEattSupportIfConnected status= 0
09-21 19:28:45.439 V/bt_stack( 2214): [VERBOSE1:bta_gattc_act.cc(1107)] bta_gattc_op_cmpl is_eatt_supported:0
09-21 19:28:45.439 E/bt_btif ( 2214): curent hid instance: 0
09-21 19:28:45.439 V/bt_stack( 2214): [VERBOSE1:bta_gattc_main.cc(341)] bta_gattc_sm_execute: GATTC State Change: 0x02 -> 0x02 after Event 0x1f0f
09-21 19:28:45.439 V/bt_stack( 2214): [VERBOSE1:bta_gattc_main.cc(361)] bta_gattc_hdl_event: Event:BTA_GATTC_API_WRITE_EVT
09-21 19:28:45.439 V/bt_stack( 2214): [VERBOSE1:bta_gattc_main.cc(305)] bta_gattc_sm_execute: State 0x02 [GATTC_CONN_ST], Event 0x1f05[BTA_GATTC_API_WRITE_EVT]
09-21 19:28:45.440 V/bt_stack( 2214): [VERBOSE1:bta_gattc_main.cc(341)] bta_gattc_sm_execute: GATTC State Change: 0x02 -> 0x02 after Event 0x1f05
09-21 19:28:45.460 V/bt_stack( 2214): [VERBOSE1:gatt_main.cc(1807)] gatt_get_ch_state: ch_state=4
09-21 19:28:45.460 I/bt_stack( 2214): [INFO:gatt_main.cc(1640)] gatt_data_process op_code = 19, msg_len = 0
09-21 19:28:45.460 V/bt_stack( 2214): [VERBOSE1:gatt_cl.cc(1296)] gatt_client_handle_server_rsp op_code: 19, len = 0rsp_code: 19
09-21 19:28:45.460 V/bt_stack( 2214): [VERBOSE1:gatt_utils.cc(1447)] gatt_end_operation status=0 op=3 subtype=2
09-21 19:28:45.460 V/bt_stack( 2214): [VERBOSE1:bta_gattc_act.cc(1645)] bta_gattc_cmpl_cback: conn_id:4 op:3 status:0
09-21 19:28:45.461 V/bt_stack( 2214): [VERBOSE1:bta_gattc_main.cc(361)] bta_gattc_hdl_event: Event:BTA_GATTC_OP_CMPL_EVT
09-21 19:28:45.461 V/bt_stack( 2214): [VERBOSE1:bta_gattc_main.cc(305)] bta_gattc_sm_execute: State 0x02 [GATTC_CONN_ST], Event 0x1f0f[BTA_GATTC_OP_CMPL_EVT]
09-21 19:28:45.461 V/bt_stack( 2214): [VERBOSE1:bta_gattc_act.cc(1089)] bta_gattc_op_cmpl: op:3
09-21 19:28:45.461 V/bt_stack( 2214): [VERBOSE1:gatt_main.cc(1807)] gatt_get_ch_state: ch_state=4
09-21 19:28:45.461 V/bt_stack( 2214): [VERBOSE1:gatt_api.cc(1657)] GATT_GetEattSupportIfConnected status= 0
09-21 19:28:45.462 V/bt_stack( 2214): [VERBOSE1:bta_gattc_act.cc(1107)] bta_gattc_op_cmpl is_eatt_supported:0
09-21 19:28:45.462 E/bt_btif ( 2214): curent hid instance: 0
09-21 19:28:45.462 V/bt_stack( 2214): [VERBOSE1:bta_gattc_main.cc(341)] bta_gattc_sm_execute: GATTC State Change: 0x02 -> 0x02 after Event 0x1f0f
09-21 19:28:45.462 V/bt_stack( 2214): [VERBOSE1:bta_gattc_main.cc(361)] bta_gattc_hdl_event: Event:BTA_GATTC_API_WRITE_EVT
09-21 19:28:45.462 V/bt_stack( 2214): [VERBOSE1:bta_gattc_main.cc(305)] bta_gattc_sm_execute: State 0x02 [GATTC_CONN_ST], Event 0x1f05[BTA_GATTC_API_WRITE_EVT]
09-21 19:28:45.463 V/bt_stack( 2214): [VERBOSE1:bta_gattc_main.cc(341)] bta_gattc_sm_execute: GATTC State Change: 0x02 -> 0x02 after Event 0x1f05
09-21 19:28:45.483 V/bt_stack( 2214): [VERBOSE1:gatt_main.cc(1807)] gatt_get_ch_state: ch_state=4
09-21 19:28:45.483 I/bt_stack( 2214): [INFO:gatt_main.cc(1640)] gatt_data_process op_code = 19, msg_len = 0
09-21 19:28:45.483 V/bt_stack( 2214): [VERBOSE1:gatt_cl.cc(1296)] gatt_client_handle_server_rsp op_code: 19, len = 0rsp_code: 19
09-21 19:28:45.483 V/bt_stack( 2214): [VERBOSE1:gatt_utils.cc(1447)] gatt_end_operation status=0 op=3 subtype=2
09-21 19:28:45.484 V/bt_stack( 2214): [VERBOSE1:bta_gattc_act.cc(1645)] bta_gattc_cmpl_cback: conn_id:4 op:3 status:0
09-21 19:28:45.484 V/bt_stack( 2214): [VERBOSE1:bta_gattc_main.cc(361)] bta_gattc_hdl_event: Event:BTA_GATTC_OP_CMPL_EVT
09-21 19:28:45.484 V/bt_stack( 2214): [VERBOSE1:bta_gattc_main.cc(305)] bta_gattc_sm_execute: State 0x02 [GATTC_CONN_ST], Event 0x1f0f[BTA_GATTC_OP_CMPL_EVT]
09-21 19:28:45.484 V/bt_stack( 2214): [VERBOSE1:bta_gattc_act.cc(1089)] bta_gattc_op_cmpl: op:3
09-21 19:28:45.484 V/bt_stack( 2214): [VERBOSE1:gatt_main.cc(1807)] gatt_get_ch_state: ch_state=4
09-21 19:28:45.484 V/bt_stack( 2214): [VERBOSE1:gatt_api.cc(1657)] GATT_GetEattSupportIfConnected status= 0
09-21 19:28:45.485 V/bt_stack( 2214): [VERBOSE1:bta_gattc_act.cc(1107)] bta_gattc_op_cmpl is_eatt_supported:0
09-21 19:28:45.485 E/bt_btif ( 2214): curent hid instance: 0
09-21 19:28:45.485 V/bt_stack( 2214): [VERBOSE1:bta_gattc_main.cc(341)] bta_gattc_sm_execute: GATTC State Change: 0x02 -> 0x02 after Event 0x1f0f
09-21 19:28:45.485 V/bt_stack( 2214): [VERBOSE1:bta_gattc_main.cc(361)] bta_gattc_hdl_event: Event:BTA_GATTC_API_WRITE_EVT
09-21 19:28:45.485 V/bt_stack( 2214): [VERBOSE1:bta_gattc_main.cc(305)] bta_gattc_sm_execute: State 0x02 [GATTC_CONN_ST], Event 0x1f05[BTA_GATTC_API_WRITE_EVT]
09-21 19:28:45.486 V/bt_stack( 2214): [VERBOSE1:bta_gattc_main.cc(341)] bta_gattc_sm_execute: GATTC State Change: 0x02 -> 0x02 after Event 0x1f05
09-21 19:28:45.505 V/bt_stack( 2214): [VERBOSE1:gatt_main.cc(1807)] gatt_get_ch_state: ch_state=4
09-21 19:28:45.505 I/bt_stack( 2214): [INFO:gatt_main.cc(1640)] gatt_data_process op_code = 19, msg_len = 0
09-21 19:28:45.505 V/bt_stack( 2214): [VERBOSE1:gatt_cl.cc(1296)] gatt_client_handle_server_rsp op_code: 19, len = 0rsp_code: 19
09-21 19:28:45.506 V/bt_stack( 2214): [VERBOSE1:gatt_utils.cc(1447)] gatt_end_operation status=0 op=3 subtype=2
09-21 19:28:45.506 V/bt_stack( 2214): [VERBOSE1:bta_gattc_act.cc(1645)] bta_gattc_cmpl_cback: conn_id:4 op:3 status:0
09-21 19:28:45.506 V/bt_stack( 2214): [VERBOSE1:bta_gattc_main.cc(361)] bta_gattc_hdl_event: Event:BTA_GATTC_OP_CMPL_EVT
09-21 19:28:45.506 V/bt_stack( 2214): [VERBOSE1:bta_gattc_main.cc(305)] bta_gattc_sm_execute: State 0x02 [GATTC_CONN_ST], Event 0x1f0f[BTA_GATTC_OP_CMPL_EVT]
09-21 19:28:45.506 V/bt_stack( 2214): [VERBOSE1:bta_gattc_act.cc(1089)] bta_gattc_op_cmpl: op:3
09-21 19:28:45.506 V/bt_stack( 2214): [VERBOSE1:gatt_main.cc(1807)] gatt_get_ch_state: ch_state=4
09-21 19:28:45.507 V/bt_stack( 2214): [VERBOSE1:gatt_api.cc(1657)] GATT_GetEattSupportIfConnected status= 0
09-21 19:28:45.507 V/bt_stack( 2214): [VERBOSE1:bta_gattc_act.cc(1107)] bta_gattc_op_cmpl is_eatt_supported:0
09-21 19:28:45.507 W/bt_btif ( 2214): bta_hh_le_write_rpt_clt_cfg: state: 2
09-21 19:28:45.507 W/bt_btif ( 2214): bta_hh_le_open_cmpl: p_cb->disc_active: 0
09-21 19:28:45.507 V/bt_stack( 2214): [VERBOSE1:btm_inq.cc(1033)] BTM_InqDbRead: bd addr f4:2f:71:bc:ad:cf
09-21 19:28:45.507 V/bt_stack( 2214): [VERBOSE1:btm_inq.cc(1033)] BTM_InqDbRead: bd addr f4:2f:71:bc:ad:cf
09-21 19:28:45.508 V/bt_stack( 2214): [VERBOSE1:btm_inq.cc(1033)] BTM_InqDbRead: bd addr f4:2f:71:bc:ad:cf
09-21 19:28:45.508 V/bt_stack( 2214): [VERBOSE1:btm_inq.cc(1033)] BTM_InqDbRead: bd addr f4:2f:71:bc:ad:cf
09-21 19:28:45.508 V/bt_stack( 2214): [VERBOSE1:btm_inq.cc(1033)] BTM_InqDbRead: bd addr f4:2f:71:bc:ad:cf
09-21 19:28:45.508 V/bt_stack( 2214): [VERBOSE1:btm_inq.cc(1033)] BTM_InqDbRead: bd addr f4:2f:71:bc:ad:cf
09-21 19:28:45.508 E/bt_stack( 2214): [ERROR:bta_gattc_api.cc(811)] BTA_GATTC_DeregisterForNotifications registration not found bd_addr=f4:2f:71:bc:ad:cf
09-21 19:28:45.511 W/bt_btif ( 2214): btif_hh_upstreams_evt: BTA_HH_OPN_EVT: handle=16, status =0
09-21 19:28:45.511 W/bt_btif ( 2214): BTA_HH_OPEN_EVT: Found device...Getting dscp info for handle ... 16
09-21 19:28:45.511 V/bt_stack( 2214): [VERBOSE1:bta_gattc_main.cc(341)] bta_gattc_sm_execute: GATTC State Change: 0x02 -> 0x02 after Event 0x1f0f
09-21 19:28:45.511 I/bt_btif_dm( 2214): get_cod remote_cod = 0x00000580
09-21 19:28:45.512 V/bt_stack( 2214): [VERBOSE1:bta_gattc_main.cc(361)] bta_gattc_hdl_event: Event:BTA_GATTC_API_OPEN_EVT
09-21 19:28:45.512 I/bt_btif_dm( 2214): get_cod remote_cod = 0x00000580
09-21 19:28:45.512 V/bt_stack( 2214): [VERBOSE1:btm_inq.cc(1033)] BTM_InqDbRead: bd addr f4:2f:71:bc:ad:cf
09-21 19:28:45.512 D/BluetoothHidHostService( 2214): onConnectStateChanged: state=0
09-21 19:28:45.512 I/bt_stack( 2214): [INFO:gatt_api.cc(1413)] GATT_Connect gatt_if=4, address=f4:2f:71:bc:ad:cf is_direct 0
09-21 19:28:45.513 V/bt_stack( 2214): [VERBOSE1:btm_ble_bgconn.cc(561)] BTM_GetLeDisconnectStatus is_le_disc_pending 0
09-21 19:28:45.513 V/bt_stack( 2214): [VERBOSE1:connection_manager.cc(92)] background_connect_add : addressf4:2f:71:bc:ad:cf : appid 0x04
09-21 19:28:45.513 V/bt_stack( 2214): [VERBOSE1:btm_ble_bgconn.cc(514)] BTM_WhiteListAdd: f4:2f:71:bc:ad:cf
09-21 19:28:45.513 I/bt_stack( 2214): [INFO:btm_ble_bgconn.cc(243)] btm_add_dev_to_controller adding random static address: f4:2f:71:bc:ad:cf into white list
09-21 19:28:45.513 I/bt_stack( 2214): [INFO:btm_ble_bgconn.cc(429)] Already connection initiated (or) No Pending connections(or) Resources of lcb are exhausted
09-21 19:28:45.513 V/bt_stack( 2214): [VERBOSE1:gatt_main.cc(465)] gatt_update_app_use_link_flag: is_add=1 chk_link=1
09-21 19:28:45.513 V/bt_stack( 2214): [VERBOSE1:gatt_main.cc(431)] gatt_update_app_hold_link_status
09-21 19:28:45.514 V/bt_stack( 2214): [VERBOSE1:gatt_main.cc(437)] attempt to add already existing gatt_if=4
09-21 19:28:45.514 V/bt_stack( 2214): [VERBOSE1:gatt_main.cc(496)] disable link idle timer
09-21 19:28:45.514 V/bt_stack( 2214): [VERBOSE1:gatt_api.cc(1200)] GATT_SetIdleTimeout idle_tout=65535, status=1 (1-OK 0-not performed)
09-21 19:28:45.514 V/bt_stack( 2214): [VERBOSE1:gatt_main.cc(1807)] gatt_get_ch_state: ch_state=4
09-21 19:28:45.514 V/bt_stack( 2214): [VERBOSE1:gatt_api.cc(1622)] GATT_GetConnIdIfConnected status= 1
09-21 19:28:45.514 V/bt_stack( 2214): [VERBOSE1:gatt_main.cc(1807)] gatt_get_ch_state: ch_state=4
09-21 19:28:45.514 V/bt_stack( 2214): [VERBOSE1:gatt_api.cc(1657)] GATT_GetEattSupportIfConnected status= 0
09-21 19:28:45.514 V/bt_stack( 2214): [VERBOSE1:bta_gattc_main.cc(305)] bta_gattc_sm_execute: State 0x02 [GATTC_CONN_ST], Event 0x1f0c[BTA_GATTC_INT_CONN_EVT]
09-21 19:28:45.515 V/bt_stack( 2214): [VERBOSE1:bta_gattc_main.cc(341)] bta_gattc_sm_execute: GATTC State Change: 0x02 -> 0x02 after Event 0x1f0c
09-21 19:28:45.515 W/bt_btif ( 2214): BTA_HH_GET_DSCP_EVT: len = 242, dev handle:16
09-21 19:28:45.515 V/BluetoothHidHostService( 2214): handleMessage(): msg.what=3
09-21 19:28:45.515 W/bt_btif ( 2214): btif_hh_upstreams_evt: name = Basilisk X HyperSpeed
09-21 19:28:45.515 W/bt_btif ( 2214): bta_hh_co_send_hid_info: fd = 268, name = [Basilisk X HyperSpeed], dscp_len = 242
09-21 19:28:45.515 W/bt_btif ( 2214): bta_hh_co_send_hid_info: attr_mask = 0000
09-21 19:28:45.515 W/bt_btif ( 2214): bta_hh_co_send_hid_info: vendor_id = 0x1532, product_id = 0x0082, version= 0x0101,ctry_code=0x00
09-21 19:28:45.516 W/bt_btif ( 2214): bta_hh_co_send_hid_info: wrote descriptor to fd = 268, dscp_len = 242, result = 0
09-21 19:28:45.516 W/bt_stack( 2214): [WARNING:btif_hh.cc(438)] Added device f4:2f:71:bc:ad:cf
09-21 19:28:45.516 D/BluetoothHidHostService( 2214): MESSAGE_CONNECT_STATE_CHANGED newState:2, prevState:1
09-21 19:28:45.517 W/bt_btif ( 2214): BTA_HH_GET_DSCP_EVT: Called add device
09-21 19:28:45.517 D/BluetoothHidHostService( 2214): Connection state F4:2F:71:BC:AD:CF: 1->2
09-21 19:28:45.517 W/bt_btif ( 2214): BTA_HH_ADD_DEV_EVT: status = 0, handle = 16
09-21 19:28:45.522 D/BluetoothAdapterService( 2214): enable() - Enable called with quiet mode status = false
09-21 19:28:45.522 I/AdapterState( 2214): ON : Unhandled message - BLE_TURN_ON
09-21 19:28:45.523 D/AdapterProperties( 2214): PROFILE_CONNECTION_STATE_CHANGE: profile=4, device=F4:2F:71:BC:AD:CF, 1 -> 2
09-21 19:28:45.528 D/AdapterProperties( 2214): ADAPTER_CONNECTION_STATE_CHANGE: F4:2F:71:BC:AD:CF: 1 -> 2
09-21 19:28:45.534 D/CachedBluetoothDevice( 8794): onProfileStateChanged: profile HID, device Basilisk X HyperSpeed, newProfileState 2
09-21 19:28:45.539 D/HearingAidService( 2214): getActiveDevices
09-21 19:28:45.540 D/CachedBluetoothDevice( 2235): onProfileStateChanged: profile HID, device Basilisk X HyperSpeed, newProfileState 2
09-21 19:28:45.543 I/CachedBluetoothDevice( 8794): a2dpProfile :A2DP a2dpSinkProfile :null
09-21 19:28:45.547 D/HearingAidService( 2214): getActiveDevices
01-01 09:08:37.944 I/input ( 0): Basilisk X HyperSpeed Mouse as /devices/virtual/misc/uhid/0005:1532:0082.0005/input/input24
09-21 19:28:45.549 I/CachedBluetoothDevice( 8794): a2dpProfile :A2DP a2dpSinkProfile :null
09-21 19:28:45.550 W/BluetoothDatabase( 2214): Invalid metadata key 17
09-21 19:28:45.550 E/BluetoothDatabase( 2214): getCustomMeta: meta key invalid 17
09-21 19:28:45.550 W/BluetoothDatabase( 2214): Invalid metadata key 17
09-21 19:28:45.550 E/BluetoothDatabase( 2214): getCustomMeta: meta key invalid 17
09-21 19:28:45.551 D/BluetoothHidHostService( 2214): getConnectionState: F4:2F:71:BC:AD:CF
09-21 19:28:45.552 D/BluetoothHidHostService( 2214): getConnectionState: F4:2F:71:BC:AD:CF
09-21 19:28:45.555 D/BluetoothHidHostService( 2214): getConnectionState: F4:2F:71:BC:AD:CF
09-21 19:28:45.555 D/BluetoothHidHostService( 2214): getConnectionState: F4:2F:71:BC:AD:CF
09-21 19:28:45.557 D/EventHub( 1154): No input device configuration file found for device 'Basilisk X HyperSpeed Mouse'.
09-21 19:28:45.558 D/BluetoothHidHostService( 2214): getConnectionState: F4:2F:71:BC:AD:CF
09-21 19:28:45.559 D/BluetoothHidHostService( 2214): getConnectionState: F4:2F:71:BC:AD:CF
09-21 19:28:45.559 D/BluetoothHidHostService( 2214): getConnectionState: F4:2F:71:BC:AD:CF
09-21 19:28:45.560 I/EventHub( 1154): usingClockIoctl=true
09-21 19:28:45.560 I/EventHub( 1154): New device: id=25, fd=473, path='/dev/input/event4', name='Basilisk X HyperSpeed Mouse', classes=CURSOR | EXTERNAL, configuration='', keyLayout='', keyCharacterMap='', builtinKeyboard=false,
09-21 19:28:45.560 I/InputReader( 1154): Device added: id=9, eventHubId=25, name='Basilisk X HyperSpeed Mouse', descriptor='f6768531bfb0d0e5e4d0e0fad407c7a563efd193',sources=0x00002002
09-21 19:28:45.560 D/BluetoothHidHostService( 2214): getConnectionState: F4:2F:71:BC:AD:CF
09-21 19:28:45.561 D/BluetoothHidHostService( 2214): getConnectionState: F4:2F:71:BC:AD:CF
01-01 09:08:37.964 I/input ( 0): Basilisk X HyperSpeed Consumer Control as /devices/virtual/misc/uhid/0005:1532:0082.0005/input/input25
09-21 19:28:45.579 D/EventHub( 1154): No input device configuration file found for device 'Basilisk X HyperSpeed Consumer Control'.
09-21 19:28:45.584 W/EventHub( 1154): Unable to disable kernel key repeat for /dev/input/event5: Function not implemented
09-21 19:28:45.584 I/EventHub( 1154): usingClockIoctl=true
09-21 19:28:45.584 I/EventHub( 1154): New device: id=26, fd=475, path='/dev/input/event5', name='Basilisk X HyperSpeed Consumer Control', classes=KEYBOARD | DPAD | JOYSTICK | EXTERNAL, configuration='', keyLayout='/system/usr/keylayout/Generic.kl', keyCharacterMap='/system/usr/keychars/Generic.kcm', builtinKeyboard=false,
01-01 09:08:37.982 I/input ( 0): Basilisk X HyperSpeed System Control as /devices/virtual/misc/uhid/0005:1532:0082.0005/input/input26
01-01 09:08:37.997 I/input ( 0): Basilisk X HyperSpeed as /devices/virtual/misc/uhid/0005:1532:0082.0005/input/input27
09-21 19:28:45.584 I/InputReader( 1154): Device added: id=9, eventHubId=26, name='Basilisk X HyperSpeed Consumer Control', descriptor='f6768531bfb0d0e5e4d0e0fad407c7a563efd193',sources=0x01002313
09-21 19:28:45.585 I/configuration_changed( 1154): 96
09-21 19:28:45.585 I/ActivityTaskManager( 1154): Config changes=60 {1.0 ?mcc?mnc [zh_CN] ldltr sw680dp w1586dp h640dp 240dpi lrg long hdr land finger -keyb/v/h dpad/v winConfig={ mBounds=Rect(0, 0 - 2380, 1020) mAppBounds=Rect(0, 0 - 2380, 996) mMaxBounds=Rect(0, 0 - 2380, 1020) mWindowingMode=fullscreen mDisplayWindowingMode=fullscreen mActivityType=undefined mAlwaysOnTop=undefined mRotation=ROTATION_0} s.635 fontWeightAdjustment=0}
09-21 19:28:45.590 I/vendor.qti.bluetooth@1.0-ibs_handler( 839): ProcessIbsCmd: Received IBS_SLEEP_IND: 0xFE
09-21 19:28:45.591 W/BluetoothDatabase( 2214): Invalid metadata key 17
09-21 19:28:45.591 E/BluetoothDatabase( 2214): getCustomMeta: meta key invalid 17
09-21 19:28:45.591 D/AdaptiveHomepageIcon( 8794): Setting background color -3216682
09-21 19:28:45.594 D/BluetoothSap( 8794): getConnectionState(F4:2F:71:BC:AD:CF)
09-21 19:28:45.594 V/SapService( 2214): getConnectionState()
09-21 19:28:45.595 D/BluetoothHidHostService( 2214): getConnectionState: F4:2F:71:BC:AD:CF
09-21 19:28:45.600 D/EventHub( 1154): No input device configuration file found for device 'Basilisk X HyperSpeed System Control'.
09-21 19:28:45.600 D/BluetoothHidHostService( 2214): getConnectionState: F4:2F:71:BC:AD:CF
09-21 19:28:45.602 W/EventHub( 1154): Unable to disable kernel key repeat for /dev/input/event6: Function not implemented
09-21 19:28:45.602 I/EventHub( 1154): usingClockIoctl=true
09-21 19:28:45.602 I/EventHub( 1154): New device: id=27, fd=476, path='/dev/input/event6', name='Basilisk X HyperSpeed System Control', classes=KEYBOARD | EXTERNAL, configuration='', keyLayout='/system/usr/keylayout/Generic.kl', keyCharacterMap='/system/usr/keychars/Generic.kcm', builtinKeyboard=false,
09-21 19:28:45.603 I/InputReader( 1154): Device added: id=9, eventHubId=27, name='Basilisk X HyperSpeed System Control', descriptor='f6768531bfb0d0e5e4d0e0fad407c7a563efd193',sources=0x01002313
09-21 19:28:45.604 W/ActivityTaskManager( 1154): Current config: {1.0 ?mcc?mnc [zh_CN] ldltr sw680dp w1586dp h640dp 240dpi lrg long hdr land finger -keyb/v/h -nav/h winConfig={ mBounds=Rect(0, 0 - 2380, 1020) mAppBounds=Rect(0, 0 - 2380, 996) mMaxBounds=Rect(0, 0 - 2380, 1020) mWindowingMode=fullscreen mDisplayWindowingMode=fullscreen mActivityType=undefined mAlwaysOnTop=undefined mRotation=ROTATION_0} s.635 fontWeightAdjustment=0} unchanged for IME proc com.sohu.inputmethod.sogou.car
09-21 19:28:45.608 I/WindowManager( 1154): Override config changes=60 {1.0 ?mcc?mnc [zh_CN] ldltr sw680dp w1586dp h640dp 240dpi lrg long hdr land finger -keyb/v/h dpad/v winConfig={ mBounds=Rect(0, 0 - 2380, 1020) mAppBounds=Rect(0, 0 - 2380, 996) mMaxBounds=Rect(0, 0 - 2380, 1020) mWindowingMode=fullscreen mDisplayWindowingMode=fullscreen mActivityType=undefined mAlwaysOnTop=undefined mRotation=ROTATION_0} s.635 fontWeightAdjustment=0} for displayId=0
09-21 19:28:45.609 V/ActivityTaskManager( 1154): Sending to IME proc com.sohu.inputmethod.sogou.car new config {1.0 ?mcc?mnc [zh_CN] ldltr sw680dp w1586dp h640dp 240dpi lrg long hdr land finger -keyb/v/h dpad/v winConfig={ mBounds=Rect(0, 0 - 2380, 1020) mAppBounds=Rect(0, 0 - 2380, 996) mMaxBounds=Rect(0, 0 - 2380, 1020) mWindowingMode=fullscreen mDisplayWindowingMode=fullscreen mActivityType=undefined mAlwaysOnTop=undefined mRotation=ROTATION_0} s.635 fontWeightAdjustment=0}
09-21 19:28:45.609 W/ActivityTaskManager( 1154): Unable to send config for IME proc com.android.inputmethod.latin: no app thread
09-21 19:28:45.611 D/EventHub( 1154): No input device configuration file found for device 'Basilisk X HyperSpeed'.
09-21 19:28:45.615 D/Sogou ( 3303): onInitializeInterface enter
09-21 19:28:45.615 D/Sogou ( 3303): onInitializeInterface finish
09-21 19:28:45.615 D/Sogou ( 3303): GetRatio ================= w = 2380
09-21 19:28:45.615 D/Sogou ( 3303): onConfigurationChanged SetRatio ================
09-21 19:28:45.617 I/service_manager_stats( 1154): [100,149,135655]
01-01 09:08:38.018 I/input ( 0): Basilisk X HyperSpeed Keyboard as /devices/virtual/misc/uhid/0005:1532:0082.0005/input/input28
09-21 19:28:45.625 D/CompatibilityChangeReporter( 1154): Compat change id reported: 174042980; UID 1000; state: DISABLED
09-21 19:28:45.627 D/EventHub( 1154): No input device configuration file found for device 'Basilisk X HyperSpeed Keyboard'.
09-21 19:28:45.629 I/EventHub( 1154): usingClockIoctl=true
09-21 19:28:45.629 I/EventHub( 1154): New device: id=29, fd=477, path='/dev/input/event8', name='Basilisk X HyperSpeed Keyboard', classes=KEYBOARD | ALPHAKEY | EXTERNAL, configuration='', keyLayout='/system/usr/keylayout/Generic.kl', keyCharacterMap='/system/usr/keychars/Generic.kcm', builtinKeyboard=false,
09-21 19:28:45.630 I/InputReader( 1154): Device added: id=9, eventHubId=29, name='Basilisk X HyperSpeed Keyboard', descriptor='f6768531bfb0d0e5e4d0e0fad407c7a563efd193',sources=0x01002313
01-01 09:08:38.032 I/hid-generic 0005( 0): 1532:0082.0005: input,hidraw0: BLUETOOTH HID v1.01 Mouse [Basilisk X HyperSpeed] on
09-21 19:28:45.639 W/ImageReader_JNI( 1154): Unable to acquire a buffer item, very likely client tried to acquire more than maxImages buffers
09-21 19:28:45.642 I/wm_relaunch_resume_activity( 1154): [0,24158223,54,com.android.settings/.homepage.SettingsHomepageActivity]
09-21 19:28:45.643 I/wm_on_top_resumed_lost_called( 8794): [24158223,com.android.settings.homepage.SettingsHomepageActivity,pausing]
09-21 19:28:45.645 I/sysui_multi_action( 8794): [757,35,758,2,1089,3542]
09-21 19:28:45.645 I/sysui_multi_action( 8794): [757,747,758,2,1089,2899]
