09-21 19:11:39.475 I/sysui_multi_action( 2235): [757,0,758,1,759,0,927,2,928,0,1593,0]
09-21 19:11:39.475 I/sysui_multi_action( 2235): [757,0,758,1,759,0,927,3,928,0,1593,0]
09-21 19:11:39.486 I/sysui_multi_action( 2235): [757,111,758,2]
09-21 19:11:39.487 I/sysui_multi_action( 2235): [757,111,758,2]
09-21 19:11:39.490 I/sysui_multi_action( 2235): [757,111,758,1]
09-21 19:11:39.490 I/sysui_multi_action( 2235): [757,126,758,1,759,126,927,0,928,0,1593,0]
09-21 19:11:39.490 I/sysui_multi_action( 2235): [757,113,758,1,759,113,927,1,928,1,1593,0]
09-21 19:11:39.491 I/sysui_multi_action( 2235): [757,0,758,1,759,0,927,2,928,0,1593,0]
09-21 19:11:39.491 I/sysui_multi_action( 2235): [757,0,758,1,759,0,927,3,928,0,1593,0]
09-21 19:11:39.491 I/sysui_multi_action( 2235): [757,1706,758,1,759,1706,927,4,928,0,1593,0]
09-21 19:11:39.491 I/sysui_multi_action( 2235): [757,491,758,1,759,491,927,5,928,0,1311,2,1593,0]
09-21 19:11:39.491 I/sysui_multi_action( 2235): [757,0,758,1,759,0,927,6,928,0,1593,0]
09-21 19:11:39.491 I/sysui_multi_action( 2235): [757,0,758,1,759,0,927,7,1593,0]
09-21 19:11:39.492 I/sysui_multi_action( 2235): [757,111,758,1]
09-21 19:11:39.492 I/sysui_multi_action( 2235): [757,126,758,1,759,126,927,0,928,0,1593,0]
09-21 19:11:39.492 I/sysui_multi_action( 2235): [757,113,758,1,759,113,927,1,928,1,1593,0]
09-21 19:11:39.492 I/sysui_multi_action( 2235): [757,0,758,1,759,0,927,2,928,0,1593,0]
09-21 19:11:39.492 I/sysui_multi_action( 2235): [757,0,758,1,759,0,927,3,928,0,1593,0]
09-21 19:11:39.503 I/sysui_multi_action( 2235): [757,111,758,2]
09-21 19:11:39.503 I/sysui_multi_action( 2235): [757,111,758,2]
09-21 19:11:39.507 I/sysui_multi_action( 2235): [757,111,758,1]
09-21 19:11:39.508 I/sysui_multi_action( 2235): [757,126,758,1,759,126,927,0,928,0,1593,1]
09-21 19:11:39.508 I/sysui_multi_action( 2235): [757,113,758,1,759,113,927,1,928,1,1593,1]
09-21 19:11:39.508 I/sysui_multi_action( 2235): [757,0,758,1,759,0,927,2,928,0,1593,1]
09-21 19:11:39.508 I/sysui_multi_action( 2235): [757,0,758,1,759,0,927,3,928,0,1593,1]
09-21 19:11:39.508 I/sysui_multi_action( 2235): [757,1706,758,1,759,1706,927,4,928,0,1593,1]
09-21 19:11:39.508 I/sysui_multi_action( 2235): [757,491,758,1,759,491,927,5,928,0,1311,2,1593,1]
09-21 19:11:39.508 I/sysui_multi_action( 2235): [757,0,758,1,759,0,927,6,928,0,1593,1]
09-21 19:11:39.509 I/sysui_multi_action( 2235): [757,0,758,1,759,0,927,7,1593,1]
09-21 19:11:39.509 I/sysui_multi_action( 2235): [757,111,758,1]
09-21 19:11:39.509 I/sysui_multi_action( 2235): [757,126,758,1,759,126,927,0,928,0,1593,1]
09-21 19:11:39.509 I/sysui_multi_action( 2235): [757,113,758,1,759,113,927,1,928,1,1593,1]
09-21 19:11:39.509 I/sysui_multi_action( 2235): [757,0,758,1,759,0,927,2,928,0,1593,1]
09-21 19:11:39.509 I/sysui_multi_action( 2235): [757,0,758,1,759,0,927,3,928,0,1593,1]
09-21 19:11:39.521 I/sysui_multi_action( 2235): [757,111,758,2]
09-21 19:11:39.521 I/sysui_multi_action( 2235): [757,111,758,2]
09-21 19:11:39.525 I/sysui_multi_action( 2235): [757,111,758,1]
09-21 19:11:39.525 I/sysui_multi_action( 2235): [757,126,758,1,759,126,927,0,928,0,1593,1]
09-21 19:11:39.525 I/sysui_multi_action( 2235): [757,113,758,1,759,113,927,1,928,1,1593,1]
09-21 19:11:39.525 I/sysui_multi_action( 2235): [757,0,758,1,759,0,927,2,928,0,1593,1]
09-21 19:11:39.525 I/sysui_multi_action( 2235): [757,0,758,1,759,0,927,3,928,0,1593,1]
09-21 19:11:39.525 I/sysui_multi_action( 2235): [757,1706,758,1,759,1706,927,4,928,0,1593,1]
09-21 19:11:39.526 I/sysui_multi_action( 2235): [757,491,758,1,759,491,927,5,928,0,1311,2,1593,1]
09-21 19:11:39.526 I/sysui_multi_action( 2235): [757,0,758,1,759,0,927,6,928,0,1593,1]
09-21 19:11:39.526 I/sysui_multi_action( 2235): [757,0,758,1,759,0,927,7,1593,1]
09-21 19:11:39.526 I/sysui_multi_action( 2235): [757,111,758,1]
09-21 19:11:39.526 I/sysui_multi_action( 2235): [757,126,758,1,759,126,927,0,928,0,1593,1]
09-21 19:11:39.526 I/sysui_multi_action( 2235): [757,113,758,1,759,113,927,1,928,1,1593,1]
09-21 19:11:39.526 I/sysui_multi_action( 2235): [757,0,758,1,759,0,927,2,928,0,1593,1]
09-21 19:11:39.526 I/sysui_multi_action( 2235): [757,0,758,1,759,0,927,3,928,0,1593,1]
09-21 19:11:39.531 I/sysui_multi_action( 1154): [757,128,758,2,793,64800988,794,2026,795,64800988,796,26,798,0,806,android,857,DEVELOPER_IMPORTANT,858,4,947,0,1395,3,1500,64800985,1688,1]
09-21 19:11:39.531 I/notification_visibility( 1154): [-1|android|26|null|1000,0,64800988,64800988,0,0]
09-21 19:11:39.531 I/sysui_multi_action( 1154): [757,128,758,2,793,64800891,794,2024,795,64800891,796,55,798,1,806,android,857,DEVELOPER,858,2,947,0,1395,3,1500,64800890,1688,1]
09-21 19:11:39.531 I/notification_visibility( 1154): [-1|android|55|null|1000,0,64800891,64800891,0,1]
09-21 19:11:39.532 I/sysui_multi_action( 1154): [757,128,758,2,793,64802227,794,2023,795,64802227,796,32,798,2,806,android,857,USB,858,1,947,0,1395,3,1500,64801508,1688,1]
09-21 19:11:39.532 I/notification_visibility( 1154): [-1|android|32|null|1000,0,64802227,64802227,0,2]
09-21 19:11:39.537 I/sysui_multi_action( 2235): [757,111,758,2]
09-21 19:11:39.537 I/sysui_multi_action( 2235): [757,111,758,2]
09-21 19:11:39.540 I/sysui_multi_action( 2235): [757,111,758,1]
09-21 19:11:39.540 I/sysui_multi_action( 2235): [757,126,758,1,759,126,927,0,928,0,1593,1]
09-21 19:11:39.540 I/sysui_multi_action( 2235): [757,113,758,1,759,113,927,1,928,1,1593,1]
09-21 19:11:39.540 I/sysui_multi_action( 2235): [757,0,758,1,759,0,927,2,928,0,1593,1]
09-21 19:11:39.540 I/sysui_multi_action( 2235): [757,0,758,1,759,0,927,3,928,0,1593,1]
09-21 19:11:39.540 I/sysui_multi_action( 2235): [757,1706,758,1,759,1706,927,4,928,0,1593,1]
09-21 19:11:39.541 I/sysui_multi_action( 2235): [757,491,758,1,759,491,927,5,928,0,1311,2,1593,1]
09-21 19:11:39.541 I/sysui_multi_action( 2235): [757,0,758,1,759,0,927,6,928,0,1593,1]
09-21 19:11:39.541 I/sysui_multi_action( 2235): [757,0,758,1,759,0,927,7,1593,1]
09-21 19:11:39.541 I/sysui_multi_action( 2235): [757,111,758,1]
09-21 19:11:39.541 I/sysui_multi_action( 2235): [757,126,758,1,759,126,927,0,928,0,1593,1]
09-21 19:11:39.541 I/sysui_multi_action( 2235): [757,113,758,1,759,113,927,1,928,1,1593,1]
09-21 19:11:39.541 I/sysui_multi_action( 2235): [757,0,758,1,759,0,927,2,928,0,1593,1]
09-21 19:11:39.541 I/sysui_multi_action( 2235): [757,0,758,1,759,0,927,3,928,0,1593,1]
09-21 19:11:39.553 I/sysui_multi_action( 2235): [757,111,758,2]
09-21 19:11:39.554 I/sysui_multi_action( 2235): [757,111,758,2]
09-21 19:11:39.557 I/sysui_multi_action( 2235): [757,111,758,1]
09-21 19:11:39.557 I/sysui_multi_action( 2235): [757,126,758,1,759,126,927,0,928,0,1593,1]
09-21 19:11:39.557 I/sysui_multi_action( 2235): [757,113,758,1,759,113,927,1,928,1,1593,1]
09-21 19:11:39.557 I/sysui_multi_action( 2235): [757,0,758,1,759,0,927,2,928,0,1593,1]
09-21 19:11:39.557 I/sysui_multi_action( 2235): [757,0,758,1,759,0,927,3,928,0,1593,1]
09-21 19:11:39.558 I/sysui_multi_action( 2235): [757,1706,758,1,759,1706,927,4,928,0,1593,1]
09-21 19:11:39.558 I/sysui_multi_action( 2235): [757,491,758,1,759,491,927,5,928,0,1311,2,1593,1]
09-21 19:11:39.558 I/sysui_multi_action( 2235): [757,0,758,1,759,0,927,6,928,0,1593,1]
09-21 19:11:39.558 I/sysui_multi_action( 2235): [757,0,758,1,759,0,927,7,1593,1]
09-21 19:11:39.558 I/sysui_multi_action( 2235): [757,111,758,1]
09-21 19:11:39.558 I/sysui_multi_action( 2235): [757,126,758,1,759,126,927,0,928,0,1593,1]
09-21 19:11:39.558 I/sysui_multi_action( 2235): [757,113,758,1,759,113,927,1,928,1,1593,1]
09-21 19:11:39.558 I/sysui_multi_action( 2235): [757,0,758,1,759,0,927,2,928,0,1593,1]
09-21 19:11:39.559 I/sysui_multi_action( 2235): [757,0,758,1,759,0,927,3,928,0,1593,1]
09-21 19:11:39.570 I/sysui_multi_action( 2235): [757,111,758,2]
09-21 19:11:39.570 I/sysui_multi_action( 2235): [757,111,758,2]
09-21 19:11:39.574 I/sysui_multi_action( 2235): [757,111,758,1]
09-21 19:11:39.574 I/sysui_multi_action( 2235): [757,126,758,1,759,126,927,0,928,0,1593,1]
09-21 19:11:39.574 I/sysui_multi_action( 2235): [757,113,758,1,759,113,927,1,928,1,1593,1]
09-21 19:11:39.574 I/sysui_multi_action( 2235): [757,0,758,1,759,0,927,2,928,0,1593,1]
09-21 19:11:39.574 I/sysui_multi_action( 2235): [757,0,758,1,759,0,927,3,928,0,1593,1]
09-21 19:11:39.574 I/sysui_multi_action( 2235): [757,1706,758,1,759,1706,927,4,928,0,1593,1]
09-21 19:11:39.575 I/sysui_multi_action( 2235): [757,491,758,1,759,491,927,5,928,0,1311,2,1593,1]
09-21 19:11:39.575 I/sysui_multi_action( 2235): [757,0,758,1,759,0,927,6,928,0,1593,1]
09-21 19:11:39.575 I/sysui_multi_action( 2235): [757,0,758,1,759,0,927,7,1593,1]
09-21 19:11:39.575 I/sysui_multi_action( 2235): [757,111,758,1]
09-21 19:11:39.575 I/sysui_multi_action( 2235): [757,126,758,1,759,126,927,0,928,0,1593,1]
09-21 19:11:39.575 I/sysui_multi_action( 2235): [757,113,758,1,759,113,927,1,928,1,1593,1]
09-21 19:11:39.575 I/sysui_multi_action( 2235): [757,0,758,1,759,0,927,2,928,0,1593,1]
09-21 19:11:39.575 I/sysui_multi_action( 2235): [757,0,758,1,759,0,927,3,928,0,1593,0]
09-21 19:11:39.587 I/sysui_multi_action( 2235): [757,111,758,2]
09-21 19:11:39.587 I/sysui_multi_action( 2235): [757,111,758,2]
09-21 19:11:39.589 I/am_uid_idle( 1154): 10070
09-21 19:11:39.590 I/sysui_multi_action( 2235): [757,111,758,1]
09-21 19:11:39.590 I/sysui_multi_action( 2235): [757,126,758,1,759,126,927,0,928,0,1593,0]
09-21 19:11:39.591 I/sysui_multi_action( 2235): [757,113,758,1,759,113,927,1,928,1,1593,0]
09-21 19:11:39.591 I/sysui_multi_action( 2235): [757,0,758,1,759,0,927,2,928,0,1593,0]
09-21 19:11:39.591 I/sysui_multi_action( 2235): [757,0,758,1,759,0,927,3,928,0,1593,0]
09-21 19:11:39.591 I/sysui_multi_action( 2235): [757,1706,758,1,759,1706,927,4,928,0,1593,0]
09-21 19:11:39.591 I/sysui_multi_action( 2235): [757,491,758,1,759,491,927,5,928,0,1311,2,1593,0]
09-21 19:11:39.591 I/sysui_multi_action( 2235): [757,0,758,1,759,0,927,6,928,0,1593,0]
09-21 19:11:39.591 I/sysui_multi_action( 2235): [757,0,758,1,759,0,927,7,1593,0]
09-21 19:11:39.591 I/sysui_multi_action( 2235): [757,111,758,1]
09-21 19:11:39.592 I/sysui_multi_action( 2235): [757,126,758,1,759,126,927,0,928,0,1593,0]
09-21 19:11:39.592 I/sysui_multi_action( 2235): [757,113,758,1,759,113,927,1,928,1,1593,0]
09-21 19:11:39.592 I/sysui_multi_action( 2235): [757,0,758,1,759,0,927,2,928,0,1593,1]
09-21 19:11:39.592 I/sysui_multi_action( 2235): [757,0,758,1,759,0,927,3,928,0,1593,1]
09-21 19:11:39.603 I/sysui_multi_action( 2235): [757,111,758,2]
09-21 19:11:39.604 I/sysui_multi_action( 2235): [757,111,758,2]
09-21 19:11:39.607 I/sysui_multi_action( 2235): [757,111,758,1]
09-21 19:11:39.607 I/sysui_multi_action( 2235): [757,126,758,1,759,126,927,0,928,0,1593,1]
09-21 19:11:39.607 I/sysui_multi_action( 2235): [757,113,758,1,759,113,927,1,928,1,1593,1]
09-21 19:11:39.607 I/sysui_multi_action( 2235): [757,0,758,1,759,0,927,2,928,0,1593,1]
09-21 19:11:39.607 I/sysui_multi_action( 2235): [757,0,758,1,759,0,927,3,928,0,1593,1]
09-21 19:11:39.608 I/sysui_multi_action( 2235): [757,1706,758,1,759,1706,927,4,928,0,1593,1]
09-21 19:11:39.608 I/sysui_multi_action( 2235): [757,491,758,1,759,491,927,5,928,0,1311,2,1593,0]
09-21 19:11:39.608 I/sysui_multi_action( 2235): [757,0,758,1,759,0,927,6,928,0,1593,0]
09-21 19:11:39.608 I/sysui_multi_action( 2235): [757,0,758,1,759,0,927,7,1593,0]
09-21 19:11:39.608 I/sysui_multi_action( 2235): [757,111,758,1]
09-21 19:11:39.608 I/sysui_multi_action( 2235): [757,126,758,1,759,126,927,0,928,0,1593,1]
09-21 19:11:39.608 I/sysui_multi_action( 2235): [757,113,758,1,759,113,927,1,928,1,1593,1]
09-21 19:11:39.608 I/sysui_multi_action( 2235): [757,0,758,1,759,0,927,2,928,0,1593,1]
09-21 19:11:39.609 I/sysui_multi_action( 2235): [757,0,758,1,759,0,927,3,928,0,1593,1]
09-21 19:11:39.620 I/sysui_multi_action( 2235): [757,111,758,2]
09-21 19:11:39.620 I/sysui_multi_action( 2235): [757,111,758,2]
09-21 19:11:39.631 I/sysui_multi_action( 2235): [757,111,758,1]
09-21 19:11:39.631 I/sysui_multi_action( 2235): [757,126,758,1,759,126,927,0,928,0,1593,1]
09-21 19:11:39.631 I/sysui_multi_action( 2235): [757,113,758,1,759,113,927,1,928,1,1593,1]
09-21 19:11:39.632 I/sysui_multi_action( 2235): [757,0,758,1,759,0,927,2,928,0,1593,1]
09-21 19:11:39.632 I/sysui_multi_action( 2235): [757,0,758,1,759,0,927,3,928,0,1593,1]
09-21 19:11:39.632 I/sysui_multi_action( 2235): [757,1706,758,1,759,1706,927,4,928,0,1593,1]
09-21 19:11:39.632 I/sysui_multi_action( 2235): [757,491,758,1,759,491,927,5,928,0,1311,2,1593,0]
09-21 19:11:39.632 I/sysui_multi_action( 2235): [757,0,758,1,759,0,927,6,928,0,1593,0]
09-21 19:11:39.632 I/sysui_multi_action( 2235): [757,0,758,1,759,0,927,7,1593,0]
09-21 19:11:39.632 I/sysui_multi_action( 2235): [757,111,758,1]
09-21 19:11:39.632 I/sysui_multi_action( 2235): [757,126,758,1,759,126,927,0,928,0,1593,1]
09-21 19:11:39.633 I/sysui_multi_action( 2235): [757,113,758,1,759,113,927,1,928,1,1593,1]
09-21 19:11:39.633 I/sysui_multi_action( 2235): [757,0,758,1,759,0,927,2,928,0,1593,1]
09-21 19:11:39.633 I/sysui_multi_action( 2235): [757,0,758,1,759,0,927,3,928,0,1593,1]
09-21 19:11:39.637 I/sysui_multi_action( 2235): [757,111,758,2]
09-21 19:11:39.637 I/sysui_multi_action( 2235): [757,111,758,2]
09-21 19:11:39.638 I/sysui_multi_action( 1154): [757,127,758,2]
09-21 19:11:39.639 I/notification_panel_hidden( 1154):
09-21 19:11:39.649 I/sysui_multi_action( 2235): [757,111,758,1]
09-21 19:11:39.649 I/sysui_multi_action( 2235): [757,126,758,1,759,126,927,0,928,0,1593,1]
09-21 19:11:39.650 I/sysui_multi_action( 2235): [757,113,758,1,759,113,927,1,928,1,1593,1]
09-21 19:11:39.650 I/sysui_multi_action( 2235): [757,0,758,1,759,0,927,2,928,0,1593,1]
09-21 19:11:39.650 I/sysui_multi_action( 2235): [757,0,758,1,759,0,927,3,928,0,1593,1]
09-21 19:11:39.650 I/sysui_multi_action( 2235): [757,1706,758,1,759,1706,927,4,928,0,1593,1]
09-21 19:11:39.650 I/sysui_multi_action( 2235): [757,491,758,1,759,491,927,5,928,0,1311,2,1593,0]
09-21 19:11:39.650 I/sysui_multi_action( 2235): [757,0,758,1,759,0,927,6,928,0,1593,0]
09-21 19:11:39.651 I/sysui_multi_action( 2235): [757,0,758,1,759,0,927,7,1593,0]
09-21 19:11:39.651 I/sysui_multi_action( 2235): [757,111,758,1]
09-21 19:11:39.651 I/sysui_multi_action( 2235): [757,126,758,1,759,126,927,0,928,0,1593,1]
09-21 19:11:39.651 I/sysui_multi_action( 2235): [757,113,758,1,759,113,927,1,928,1,1593,1]
09-21 19:11:39.651 I/sysui_multi_action( 2235): [757,0,758,1,759,0,927,2,928,0,1593,1]
09-21 19:11:39.651 I/sysui_multi_action( 2235): [757,0,758,1,759,0,927,3,928,0,1593,1]
09-21 19:11:40.915 I/input_interaction( 1154): Interaction with: df9195e com.android.launcher3/com.android.launcher3.uioverrides.QuickstepLauncher (server), 1da61d8 com.android.systemui.ImageWallpaper (server), swipe-up (server), edge-swipe (server), PointerEventDispatcher0 (server),
09-21 19:11:46.229 I/wm_task_moved( 1154): [38,1,7]
09-21 19:11:46.229 I/wm_task_to_front( 1154): [0,38]
09-21 19:11:46.230 I/wm_focused_root_task( 1154): [0,0,38,1,bringingFoundTaskToFront]
09-21 19:11:46.231 I/wm_set_resumed_activity( 1154): [0,com.android.settings/.homepage.SettingsHomepageActivity,bringingFoundTaskToFront]
09-21 19:11:46.231 I/wm_new_intent( 1154): [0,93193974,38,com.android.settings/.homepage.SettingsHomepageActivity,android.settings.SETTINGS,NULL,NULL,335544320]
09-21 19:11:46.235 I/wm_pause_activity( 1154): [0,185045071,com.android.launcher3/.uioverrides.QuickstepLauncher,userLeaving=true,pauseBackTasks]
09-21 19:11:46.243 I/wm_on_top_resumed_lost_called( 5169): [185045071,com.android.launcher3.uioverrides.QuickstepLauncher,topStateChangedWhenResumed]
09-21 19:11:46.247 I/wm_on_paused_called( 5169): [185045071,com.android.launcher3.uioverrides.QuickstepLauncher,performPause]
09-21 19:11:46.251 I/wm_set_resumed_activity( 1154): [0,com.android.settings/.homepage.SettingsHomepageActivity,resumeTopActivityInnerLocked]
09-21 19:11:46.251 I/wm_add_to_stopping( 1154): [0,185045071,com.android.launcher3/.uioverrides.QuickstepLauncher,makeInvisible]
09-21 19:11:46.253 I/wm_relaunch_resume_activity( 1154): [0,93193974,38,com.android.settings/.homepage.SettingsHomepageActivity]
09-21 19:11:46.267 I/wm_on_destroy_called( 5852): [93193974,com.android.settings.homepage.SettingsHomepageActivity,performDestroy]
09-21 19:11:46.271 I/dvm_lock_sample( 1154): [system_server,1,android.anim,17,InputMonitor.java,144,void com.android.server.wm.InputMonitor$UpdateInputWindows.run(),,0,null,3]
09-21 19:11:46.272 I/sysui_multi_action( 1154): [757,803,799,window_time_0,802,67]
09-21 19:11:46.288 I/input_focus( 1154): [Focus leaving df9195e com.android.launcher3/com.android.launcher3.uioverrides.QuickstepLauncher (server),reason=NO_WINDOW]
09-21 19:11:46.294 I/am_pss ( 1154): [3013,10070,com.android.deskclock,36558848,25260032,0,167604224,0,18,12]
09-21 19:11:46.295 I/am_crash( 1154): [5852,0,com.android.settings,952745541,java.lang.NullPointerException,Attempt to invoke virtual method 'void com.google.android.material.appbar.CollapsingToolbarLayout.setTitle(java.lang.CharSequence)' on a null object reference,SettingsHomepageActivity.java,288]
09-21 19:11:46.298 I/wm_finish_activity( 1154): [0,93193974,38,com.android.settings/.homepage.SettingsHomepageActivity,force-crash]
09-21 19:11:46.298 I/wm_task_moved( 1154): [1,1,7]
09-21 19:11:46.299 I/wm_task_moved( 1154): [10,1,2147483647]
09-21 19:11:46.299 I/wm_task_to_front( 1154): [0,10]
09-21 19:11:46.299 I/wm_focused_root_task( 1154): [0,0,1,38,finish-top adjustFocusToNextFocusableTask]
09-21 19:11:46.299 I/wm_set_resumed_activity( 1154): [0,com.android.launcher3/.uioverrides.QuickstepLauncher,finish-top adjustFocusToNextFocusableTask]
09-21 19:11:46.300 I/wm_pause_activity( 1154): [0,93193974,com.android.settings/.homepage.SettingsHomepageActivity,userLeaving=false,finish]
09-21 19:11:46.304 I/sysui_multi_action( 1154): [757,316,758,4,759,-1]
09-21 19:11:46.307 I/sysui_multi_action( 1154): [757,1144,758,9,806,com.android.settings,871,com.android.settings.homepage.SettingsHomepageActivity]
09-21 19:11:46.509 I/am_proc_died( 1154): [0,5852,com.android.settings,0,2]
09-21 19:11:46.515 I/wm_task_removed( 1154): [38,removeChild:removeChild last r=ActivityRecord{58e06f6 u0 com.android.settings/.homepage.SettingsHomepageActivity t-1 f}} in t=Task{b097bd0 #38 type=standard A=1000:com.android.settings.root U=0 visible=false mode=fullscreen translucent=true sz=0}]
09-21 19:11:46.515 I/wm_task_removed( 1154): [38,removeChild]
09-21 19:11:46.520 I/wm_set_resumed_activity( 1154): [0,com.android.launcher3/.uioverrides.QuickstepLauncher,resumeTopActivityInnerLocked]
09-21 19:11:46.521 I/wm_resume_activity( 1154): [0,185045071,10,com.android.launcher3/.uioverrides.QuickstepLauncher]
09-21 19:11:46.524 I/wm_on_resume_called( 5169): [185045071,com.android.launcher3.uioverrides.QuickstepLauncher,RESUME_ACTIVITY]
09-21 19:11:46.531 I/input_focus( 1154): [Focus request df9195e com.android.launcher3/com.android.launcher3.uioverrides.QuickstepLauncher,reason=UpdateInputWindows]
09-21 19:11:46.554 I/input_focus( 1154): [Focus entering df9195e com.android.launcher3/com.android.launcher3.uioverrides.QuickstepLauncher (server),reason=Window became focusable. Previous reason: NO_WINDOW]
09-21 19:11:46.801 I/wm_on_top_resumed_gained_called( 5169): [185045071,com.android.launcher3.uioverrides.QuickstepLauncher,topStateChangedWhenResumed]
09-21 19:11:52.113 I/wm_task_created( 1154): [41,-1]
09-21 19:11:52.119 I/wm_task_moved( 1154): [41,1,7]
09-21 19:11:52.119 I/wm_task_to_front( 1154): [0,41]
09-21 19:11:52.120 I/wm_create_task( 1154): [0,41]
09-21 19:11:52.120 I/wm_create_activity( 1154): [0,34652995,41,com.android.settings/.Settings,android.intent.action.MAIN,NULL,NULL,270532608]
09-21 19:11:52.120 I/wm_task_moved( 1154): [41,1,7]
09-21 19:11:52.125 I/wm_pause_activity( 1154): [0,185045071,com.android.launcher3/.uioverrides.QuickstepLauncher,userLeaving=true,pauseBackTasks]
09-21 19:11:52.142 I/wm_on_top_resumed_lost_called( 5169): [185045071,com.android.launcher3.uioverrides.QuickstepLauncher,topStateChangedWhenResumed]
09-21 19:11:52.149 I/wm_on_paused_called( 5169): [185045071,com.android.launcher3.uioverrides.QuickstepLauncher,performPause]
09-21 19:11:52.158 I/wm_add_to_stopping( 1154): [0,185045071,com.android.launcher3/.uioverrides.QuickstepLauncher,makeInvisible]
09-21 19:11:52.172 I/sysui_multi_action( 1154): [757,803,799,window_time_0,802,6]
09-21 19:11:52.192 I/am_proc_start( 1154): [0,7242,1000,com.android.settings,pre-top-activity,{com.android.settings/com.android.settings.Settings}]
09-21 19:11:52.196 I/input_focus( 1154): [Focus leaving df9195e com.android.launcher3/com.android.launcher3.uioverrides.QuickstepLauncher (server),reason=NO_WINDOW]
09-21 19:11:52.275 I/am_proc_bound( 1154): [0,7242,com.android.settings]
09-21 19:11:52.278 I/wm_restart_activity( 1154): [0,34652995,41,com.android.settings/.Settings]
09-21 19:11:52.279 I/wm_set_resumed_activity( 1154): [0,com.android.settings/.Settings,minimalResumeActivityLocked]
09-21 19:11:52.378 I/wm_on_create_called( 7242): [34652995,com.android.settings.Settings,performCreate]
09-21 19:11:52.437 W/CarrierConfigManager( 7242): Error getting config for subId -1 ICarrierConfigLoader is null
09-21 19:11:52.484 I/wm_on_start_called( 7242): [34652995,com.android.settings.Settings,handleStartActivity]
09-21 19:11:52.485 I/snet_event_log( 7242): [120484087,-1,]
09-21 19:11:52.485 I/wm_on_resume_called( 7242): [34652995,com.android.settings.Settings,RESUME_ACTIVITY]
09-21 19:11:52.488 I/sysui_multi_action( 7242): [757,35,758,1,833,0,1089,108]
09-21 19:11:52.495 I/sysui_multi_action( 7242): [757,1729,758,4,854,isParalleledControllers:false,1089,115]
09-21 19:11:52.509 I/sysui_multi_action( 7242): [757,746,758,1,833,0,1089,92]
09-21 19:11:52.510 D/TelephonyRegistry( 1154): listen oscl: mHasNotifySubscriptionInfoChangedOccurred==false no callback
09-21 19:11:52.517 D/TelephonyRegistry( 1154): listen oscl: mHasNotifySubscriptionInfoChangedOccurred==false no callback
09-21 19:11:52.531 I/sysui_multi_action( 7242): [757,1729,758,4,854,isParalleledControllers:false,1089,115]
09-21 19:11:52.547 I/wm_on_top_resumed_gained_called( 7242): [34652995,com.android.settings.Settings,topStateChangedWhenResumed]
09-21 19:11:52.541 I/auditd ( 590): type=1400 audit(0.0:402): avc: denied { read } for comm="Binder:590_2" name="wakeup58" dev="sysfs" ino=89789 scontext=u:r:system_suspend:s0 tcontext=u:object_r:sysfs:s0 tclass=dir permissive=0
09-21 19:11:52.541 I/auditd ( 590): type=1400 audit(0.0:403): avc: denied { read } for comm="Binder:590_2" name="wakeup4" dev="sysfs" ino=53034 scontext=u:r:system_suspend:s0 tcontext=u:object_r:sysfs:s0 tclass=dir permissive=0
09-21 19:11:52.545 I/auditd ( 590): type=1400 audit(0.0:404): avc: denied { read } for comm="Binder:590_2" name="wakeup38" dev="sysfs" ino=73018 scontext=u:r:system_suspend:s0 tcontext=u:object_r:sysfs:s0 tclass=dir permissive=0
09-21 19:11:52.622 I/dvm_lock_sample( 1154): [system_server,1,android.anim,5,WindowAnimator.java,103,void com.android.server.wm.WindowAnimator.lambda$new$1$WindowAnimator(long),ActivityTaskManagerService.java,1071,android.content.res.Configuration com.android.server.wm.ActivityTaskManagerService.getGlobalConfigurationForPid(int),1]
09-21 19:11:52.624 I/input_focus( 1154): [Focus request 8fcae9d com.android.settings/com.android.settings.Settings,reason=UpdateInputWindows]
09-21 19:11:52.545 I/auditd ( 590): type=1400 audit(0.0:405): avc: denied { read } for comm="Binder:590_2" name="wakeup28" dev="sysfs" ino=62645 scontext=u:r:system_suspend:s0 tcontext=u:object_r:sysfs:s0 tclass=dir permissive=0
09-21 19:11:52.545 I/auditd ( 590): type=1400 audit(0.0:406): avc: denied { read } for comm="Binder:590_2" name="wakeup56" dev="sysfs" ino=89717 scontext=u:r:system_suspend:s0 tcontext=u:object_r:sysfs:s0 tclass=dir permissive=0
09-21 19:11:52.712 I/sysui_multi_action( 1154): [324,0,757,1090,758,12,806,com.android.settings,871,com.android.settings.Settings,1091,607]
09-21 19:11:52.728 I/sysui_multi_action( 1154): [319,82,321,78,322,607,325,2661,757,761,758,7,759,1,806,com.android.settings,871,com.android.settings.Settings,904,com.android.launcher3,905,0,945,172,1320,4,1321,1]
09-21 19:11:52.730 I/wm_activity_launch_time( 1154): [0,34652995,com.android.settings/.Settings,607]
09-21 19:11:52.737 I/input_focus( 1154): [Focus entering 8fcae9d com.android.settings/com.android.settings.Settings (server),reason=Window became focusable. Previous reason: NOT_VISIBLE]
09-21 19:11:52.807 I/wm_stop_activity( 1154): [0,185045071,com.android.launcher3/.uioverrides.QuickstepLauncher]
09-21 19:11:52.818 I/wm_on_stop_called( 5169): [185045071,com.android.launcher3.uioverrides.QuickstepLauncher,STOP_ACTIVITY_ITEM]
09-21 19:11:54.843 I/input_interaction( 1154): Interaction with: 8fcae9d com.android.settings/com.android.settings.Settings (server), swipe-up (server), edge-swipe (server), PointerEventDispatcher0 (server),
09-21 19:11:56.234 I/sysui_multi_action( 7242): [757,830,758,4,833,0,854,top_level_connected_devices,1089,0]
09-21 19:11:56.259 I/sysui_multi_action( 7242): [757,746,758,2,1089,3748]
09-21 19:11:56.360 I/sysui_multi_action( 7242): [757,747,758,1,833,0,1089,64]
09-21 19:11:56.363 I/sysui_multi_action( 7242): [757,1729,758,4,854,isParalleledControllers:false,1089,67]
09-21 19:11:57.471 I/sysui_multi_action( 7242): [757,830,758,4,833,0,854,top_level_apps,1089,0]
09-21 19:11:57.477 I/sysui_multi_action( 7242): [757,747,758,2,1089,1117]
09-21 19:11:57.562 I/sysui_multi_action( 7242): [757,65,758,1,833,0,1089,70]
09-21 19:11:57.579 I/sysui_multi_action( 7242): [757,1729,758,4,854,isParalleledControllers:false,1089,87]
09-21 19:12:00.458 I/sysui_multi_action( 7242): [757,830,758,4,833,0,854,top_level_security,1089,0]
09-21 19:12:00.464 I/sysui_multi_action( 7242): [757,65,758,2,1089,2902]
09-21 19:12:00.521 I/sysui_multi_action( 7242): [757,87,758,1,833,0,1089,46]
09-21 19:12:00.532 I/sysui_multi_action( 7242): [757,1729,758,4,854,isParalleledControllers:false,1089,57]
09-21 19:12:01.580 I/sysui_multi_action( 7242): [757,830,758,4,833,0,854,top_level_display,1089,0]
09-21 19:12:01.586 I/sysui_multi_action( 7242): [757,87,758,2,1089,1065]
09-21 19:12:01.638 I/sysui_multi_action( 7242): [757,46,758,1,833,0,1089,45]
09-21 19:12:01.648 I/sysui_multi_action( 7242): [757,1729,758,4,854,isParalleledControllers:false,1089,55]
09-21 19:12:02.354 I/sysui_multi_action( 7242): [757,830,758,4,833,0,854,top_level_sound,1089,0]
09-21 19:12:02.358 I/sysui_multi_action( 7242): [757,46,758,2,1089,720]
09-21 19:12:02.423 I/sysui_multi_action( 7242): [757,336,758,1,833,0,1089,59]
09-21 19:12:02.432 I/sysui_multi_action( 7242): [757,1729,758,4,854,isParalleledControllers:false,1089,68]
09-21 19:12:04.016 I/sysui_multi_action( 7242): [757,830,758,4,833,0,854,top_level_network,1089,0]
09-21 19:12:04.044 I/sysui_multi_action( 7242): [757,336,758,2,1089,1620]
09-21 19:12:04.059 W/CarrierConfigManager( 7242): Error getting config for subId -1 ICarrierConfigLoader is null
09-21 19:12:04.088 I/am_pss ( 1154): [7242,1000,com.android.settings,177491968,149078016,0,353501184,0,2,20]
09-21 19:12:04.115 I/sysui_multi_action( 7242): [757,746,758,1,833,0,1089,63]
09-21 19:12:04.116 D/TelephonyRegistry( 1154): listen oscl: mHasNotifySubscriptionInfoChangedOccurred==false no callback
09-21 19:12:04.120 D/TelephonyRegistry( 1154): listen oscl: mHasNotifySubscriptionInfoChangedOccurred==false no callback
09-21 19:12:04.122 I/service_manager_stats( 7242): [100,105,2673565]
09-21 19:12:04.130 I/sysui_multi_action( 7242): [757,1729,758,4,854,isParalleledControllers:false,1089,77]
09-21 19:12:04.732 I/sysui_multi_action( 7242): [757,830,758,4,833,0,854,top_level_connected_devices,1089,0]
09-21 19:12:04.756 I/sysui_multi_action( 7242): [757,746,758,2,1089,640]
09-21 19:12:04.819 I/sysui_multi_action( 7242): [757,747,758,1,833,0,1089,41]
09-21 19:12:04.823 I/sysui_multi_action( 7242): [757,1729,758,4,854,isParalleledControllers:false,1089,46]
09-21 19:12:05.405 I/view_enqueue_input_event( 7242): [Motion - Cancel,com.android.settings/com.android.settings.Settings]
09-21 19:12:05.414 I/input_interaction( 1154): Interaction with: swipe-up (server), edge-swipe (server), PointerEventDispatcher0 (server),
09-21 19:12:05.774 I/sysui_multi_action( 1154): [757,803,799,key_back_press,802,1]
09-21 19:12:05.780 I/input_interaction( 1154): Interaction with: 8fcae9d com.android.settings/com.android.settings.Settings (server), PointerEventDispatcher0 (server),
09-21 19:12:05.789 I/wm_task_moved( 1154): [41,0,0]
09-21 19:12:05.793 I/wm_focused_root_task( 1154): [0,0,1,41,moveTaskToBackLocked]
09-21 19:12:05.794 I/wm_add_to_stopping( 1154): [0,34652995,com.android.settings/.Settings,makeInvisible]
09-21 19:12:05.796 I/wm_pause_activity( 1154): [0,34652995,com.android.settings/.Settings,userLeaving=false,pauseBackTasks]
09-21 19:12:05.799 I/wm_on_restart_called( 5169): [185045071,com.android.launcher3.uioverrides.QuickstepLauncher,performRestartActivity]
09-21 19:12:05.799 I/wm_set_resumed_activity( 1154): [0,com.android.launcher3/.uioverrides.QuickstepLauncher,resumeTopActivityInnerLocked]
09-21 19:12:05.800 I/wm_resume_activity( 1154): [0,185045071,10,com.android.launcher3/.uioverrides.QuickstepLauncher]
09-21 19:12:05.802 I/wm_on_top_resumed_lost_called( 7242): [34652995,com.android.settings.Settings,topStateChangedWhenResumed]
09-21 19:12:05.803 I/wm_on_start_called( 5169): [185045071,com.android.launcher3.uioverrides.QuickstepLauncher,handleStartActivity]
09-21 19:12:05.811 I/sysui_multi_action( 7242): [757,35,758,2,1089,13323]
09-21 19:12:05.814 I/sysui_multi_action( 1154): [757,803,799,window_time_0,802,14]
09-21 19:12:05.817 I/sysui_multi_action( 7242): [757,747,758,2,1089,994]
09-21 19:12:05.818 I/input_focus( 1154): [Focus leaving 8fcae9d com.android.settings/com.android.settings.Settings (server),reason=NO_WINDOW]
09-21 19:12:05.818 I/wm_on_paused_called( 7242): [34652995,com.android.settings.Settings,performPause]
09-21 19:12:05.822 I/wm_on_resume_called( 5169): [185045071,com.android.launcher3.uioverrides.QuickstepLauncher,RESUME_ACTIVITY]
09-21 19:12:05.823 I/wm_on_top_resumed_gained_called( 5169): [185045071,com.android.launcher3.uioverrides.QuickstepLauncher,topStateChangedWhenResumed]
09-21 19:12:05.838 I/input_focus( 1154): [Focus request df9195e com.android.launcher3/com.android.launcher3.uioverrides.QuickstepLauncher,reason=UpdateInputWindows]
09-21 19:12:05.884 I/input_focus( 1154): [Focus entering df9195e com.android.launcher3/com.android.launcher3.uioverrides.QuickstepLauncher (server),reason=Window became focusable. Previous reason: NOT_VISIBLE]
09-21 19:12:06.224 I/wm_stop_activity( 1154): [0,34652995,com.android.settings/.Settings]
09-21 19:12:06.265 I/wm_on_stop_called( 7242): [34652995,com.android.settings.Settings,STOP_ACTIVITY_ITEM]
09-21 19:12:06.627 I/input_interaction( 1154): Interaction with: df9195e com.android.launcher3/com.android.launcher3.uioverrides.QuickstepLauncher (server), 1da61d8 com.android.systemui.ImageWallpaper (server), swipe-up (server), edge-swipe (server), PointerEventDispatcher0 (server),
09-21 19:12:59.753 I/sysui_multi_action( 1154): [757,1696,758,6,759,2]
09-21 19:12:59.757 I/am_wtf ( 1154): [0,1154,system_server,-1,DisplayDeviceConfig,requesting nits when no mapping exists.]
09-21 19:12:59.764 I/am_wtf ( 1154): [0,1154,system_server,-1,DisplayDeviceConfig,requesting nits when no mapping exists.]
09-21 19:12:59.772 I/am_wtf ( 1154): [0,1154,system_server,-1,DisplayDeviceConfig,requesting nits when no mapping exists.]
09-21 19:12:59.776 I/am_wtf ( 1154): [0,1154,system_server,-1,DisplayDeviceConfig,requesting nits when no mapping exists.]
09-21 19:12:59.788 I/am_wtf ( 1154): [0,1154,system_server,-1,DisplayDeviceConfig,requesting nits when no mapping exists.]
09-21 19:12:59.791 I/am_wtf ( 1154): [0,1154,system_server,-1,DisplayDeviceConfig,requesting nits when no mapping exists.]
09-21 19:12:59.796 I/am_wtf ( 1154): [0,1154,system_server,-1,DisplayDeviceConfig,requesting nits when no mapping exists.]
09-21 19:12:59.797 I/am_wtf ( 1154): [0,1154,system_server,-1,DisplayDeviceConfig,requesting nits when no mapping exists.]
09-21 19:12:59.813 I/am_wtf ( 1154): [0,1154,system_server,-1,DisplayDeviceConfig,requesting nits when no mapping exists.]
09-21 19:12:59.815 I/am_wtf ( 1154): [0,1154,system_server,-1,DisplayDeviceConfig,requesting nits when no mapping exists.]
09-21 19:12:59.830 I/am_wtf ( 1154): [0,1154,system_server,-1,DisplayDeviceConfig,requesting nits when no mapping exists.]
09-21 19:12:59.831 I/am_wtf ( 1154): [0,1154,system_server,-1,DisplayDeviceConfig,requesting nits when no mapping exists.]
09-21 19:12:59.847 I/am_wtf ( 1154): [0,1154,system_server,-1,DisplayDeviceConfig,requesting nits when no mapping exists.]
09-21 19:12:59.848 I/am_wtf ( 1154): [0,1154,system_server,-1,DisplayDeviceConfig,requesting nits when no mapping exists.]
09-21 19:12:59.864 I/am_wtf ( 1154): [0,1154,system_server,-1,DisplayDeviceConfig,requesting nits when no mapping exists.]
09-21 19:12:59.866 I/am_wtf ( 1154): [0,1154,system_server,-1,DisplayDeviceConfig,requesting nits when no mapping exists.]
09-21 19:12:59.880 I/am_wtf ( 1154): [0,1154,system_server,-1,DisplayDeviceConfig,requesting nits when no mapping exists.]
09-21 19:12:59.883 I/service_manager_stats( 1154): [100,130,82702]
09-21 19:12:59.883 I/am_wtf ( 1154): [0,1154,system_server,-1,DisplayDeviceConfig,requesting nits when no mapping exists.]
09-21 19:12:59.897 I/am_wtf ( 1154): [0,1154,system_server,-1,DisplayDeviceConfig,requesting nits when no mapping exists.]
09-21 19:12:59.898 I/am_wtf ( 1154): [0,1154,system_server,-1,DisplayDeviceConfig,requesting nits when no mapping exists.]
09-21 19:12:59.914 I/am_wtf ( 1154): [0,1154,system_server,-1,DisplayDeviceConfig,requesting nits when no mapping exists.]
09-21 19:12:59.915 I/am_wtf ( 1154): [0,1154,system_server,-1,DisplayDeviceConfig,requesting nits when no mapping exists.]
09-21 19:12:59.931 I/am_wtf ( 1154): [0,1154,system_server,-1,DisplayDeviceConfig,requesting nits when no mapping exists.]
09-21 19:12:59.932 I/am_wtf ( 1154): [0,1154,system_server,-1,DisplayDeviceConfig,requesting nits when no mapping exists.]
09-21 19:12:59.947 I/am_wtf ( 1154): [0,1154,system_server,-1,DisplayDeviceConfig,requesting nits when no mapping exists.]
09-21 19:12:59.948 I/am_wtf ( 1154): [0,1154,system_server,-1,DisplayDeviceConfig,requesting nits when no mapping exists.]
09-21 19:12:59.964 I/am_wtf ( 1154): [0,1154,system_server,-1,DisplayDeviceConfig,requesting nits when no mapping exists.]
09-21 19:12:59.966 I/am_wtf ( 1154): [0,1154,system_server,-1,DisplayDeviceConfig,requesting nits when no mapping exists.]
09-21 19:12:59.981 I/am_wtf ( 1154): [0,1154,system_server,-1,DisplayDeviceConfig,requesting nits when no mapping exists.]
09-21 19:12:59.982 I/am_wtf ( 1154): [0,1154,system_server,-1,DisplayDeviceConfig,requesting nits when no mapping exists.]
09-21 19:13:01.999 I/sysui_multi_action( 1154): [757,1696,758,6,759,3]
09-21 19:13:02.002 I/am_wtf ( 1154): [0,1154,system_server,-1,DisplayDeviceConfig,requesting nits when no mapping exists.]
09-21 19:13:02.011 I/am_wtf ( 1154): [0,1154,system_server,-1,DisplayDeviceConfig,requesting nits when no mapping exists.]
09-21 19:13:02.036 I/am_wtf ( 1154): [0,1154,system_server,-1,DisplayDeviceConfig,requesting nits when no mapping exists.]
09-21 19:13:02.038 I/am_wtf ( 1154): [0,1154,system_server,-1,DisplayDeviceConfig,requesting nits when no mapping exists.]
09-21 19:13:02.052 I/am_wtf ( 1154): [0,1154,system_server,-1,DisplayDeviceConfig,requesting nits when no mapping exists.]
09-21 19:13:02.056 I/am_wtf ( 1154): [0,1154,system_server,-1,DisplayDeviceConfig,requesting nits when no mapping exists.]
09-21 19:13:02.069 I/am_wtf ( 1154): [0,1154,system_server,-1,DisplayDeviceConfig,requesting nits when no mapping exists.]
09-21 19:13:02.076 I/am_wtf ( 1154): [0,1154,system_server,-1,DisplayDeviceConfig,requesting nits when no mapping exists.]
09-21 19:13:02.086 I/am_wtf ( 1154): [0,1154,system_server,-1,DisplayDeviceConfig,requesting nits when no mapping exists.]
09-21 19:13:02.087 I/am_wtf ( 1154): [0,1154,system_server,-1,DisplayDeviceConfig,requesting nits when no mapping exists.]
09-21 19:13:02.107 I/am_wtf ( 1154): [0,1154,system_server,-1,DisplayDeviceConfig,requesting nits when no mapping exists.]
09-21 19:13:02.109 I/am_wtf ( 1154): [0,1154,system_server,-1,DisplayDeviceConfig,requesting nits when no mapping exists.]
09-21 19:13:02.126 I/am_wtf ( 1154): [0,1154,system_server,-1,DisplayDeviceConfig,requesting nits when no mapping exists.]
09-21 19:13:02.127 I/am_wtf ( 1154): [0,1154,system_server,-1,DisplayDeviceConfig,requesting nits when no mapping exists.]
09-21 19:13:02.138 I/am_wtf ( 1154): [0,1154,system_server,-1,DisplayDeviceConfig,requesting nits when no mapping exists.]
09-21 19:13:02.142 I/am_wtf ( 1154): [0,1154,system_server,-1,DisplayDeviceConfig,requesting nits when no mapping exists.]
09-21 19:13:02.154 I/am_wtf ( 1154): [0,1154,system_server,-1,DisplayDeviceConfig,requesting nits when no mapping exists.]
09-21 19:13:02.158 I/am_wtf ( 1154): [0,1154,system_server,-1,DisplayDeviceConfig,requesting nits when no mapping exists.]
09-21 19:13:02.167 I/wm_task_moved( 1154): [41,1,7]
09-21 19:13:02.167 I/wm_task_to_front( 1154): [0,41]
09-21 19:13:02.169 I/wm_focused_root_task( 1154): [0,0,41,1,bringingFoundTaskToFront]
09-21 19:13:02.170 I/wm_set_resumed_activity( 1154): [0,com.android.settings/.Settings,bringingFoundTaskToFront]
09-21 19:13:02.171 I/wm_new_intent( 1154): [0,34652995,41,com.android.settings/.Settings,android.intent.action.MAIN,NULL,NULL,270532608]
09-21 19:13:02.173 I/wm_pause_activity( 1154): [0,185045071,com.android.launcher3/.uioverrides.QuickstepLauncher,userLeaving=true,pauseBackTasks]
09-21 19:13:02.181 I/wm_on_top_resumed_lost_called( 5169): [185045071,com.android.launcher3.uioverrides.QuickstepLauncher,topStateChangedWhenResumed]
09-21 19:13:02.182 I/wm_on_paused_called( 5169): [185045071,com.android.launcher3.uioverrides.QuickstepLauncher,performPause]
09-21 19:13:02.182 I/am_wtf ( 1154): [0,1154,system_server,-1,DisplayDeviceConfig,requesting nits when no mapping exists.]
09-21 19:13:02.185 I/wm_set_resumed_activity( 1154): [0,com.android.settings/.Settings,resumeTopActivityInnerLocked]
09-21 19:13:02.186 I/wm_add_to_stopping( 1154): [0,185045071,com.android.launcher3/.uioverrides.QuickstepLauncher,makeInvisible]
09-21 19:13:02.186 I/wm_resume_activity( 1154): [0,34652995,41,com.android.settings/.Settings]
09-21 19:13:02.186 I/am_wtf ( 1154): [0,1154,system_server,-1,DisplayDeviceConfig,requesting nits when no mapping exists.]
09-21 19:13:02.191 I/sysui_multi_action( 1154): [757,803,799,window_time_0,802,56]
09-21 19:13:02.197 I/wm_on_restart_called( 7242): [34652995,com.android.settings.Settings,performRestartActivity]
09-21 19:13:02.206 I/am_wtf ( 1154): [0,1154,system_server,-1,DisplayDeviceConfig,requesting nits when no mapping exists.]
09-21 19:13:02.211 I/am_wtf ( 1154): [0,1154,system_server,-1,DisplayDeviceConfig,requesting nits when no mapping exists.]
09-21 19:13:02.220 I/input_focus( 1154): [Focus leaving df9195e com.android.launcher3/com.android.launcher3.uioverrides.QuickstepLauncher (server),reason=NO_WINDOW]
09-21 19:13:02.221 I/wm_on_start_called( 7242): [34652995,com.android.settings.Settings,handleStartActivity]
09-21 19:13:02.222 I/snet_event_log( 7242): [120484087,-1,]
09-21 19:13:02.222 I/wm_on_resume_called( 7242): [34652995,com.android.settings.Settings,RESUME_ACTIVITY]
09-21 19:13:02.222 I/sysui_multi_action( 7242): [757,35,758,1,833,0,1089,0]
09-21 19:13:02.224 I/sysui_multi_action( 7242): [757,747,758,1,833,0,1089,0]
09-21 19:13:02.228 I/am_wtf ( 1154): [0,1154,system_server,-1,DisplayDeviceConfig,requesting nits when no mapping exists.]
09-21 19:13:02.232 I/wm_on_top_resumed_gained_called( 7242): [34652995,com.android.settings.Settings,topWhenResuming]
09-21 19:13:02.234 I/am_wtf ( 1154): [0,1154,system_server,-1,DisplayDeviceConfig,requesting nits when no mapping exists.]
09-21 19:13:02.237 I/am_wtf ( 1154): [0,1154,system_server,-1,DisplayDeviceConfig,requesting nits when no mapping exists.]
09-21 19:13:02.238 I/am_wtf ( 1154): [0,1154,system_server,-1,DisplayDeviceConfig,requesting nits when no mapping exists.]
09-21 19:13:02.249 I/input_focus( 1154): [Focus request 8fcae9d com.android.settings/com.android.settings.Settings,reason=UpdateInputWindows]
09-21 19:13:02.299 I/sysui_multi_action( 1154): [319,61,321,55,322,116,325,2731,757,761,758,9,759,4,806,com.android.settings,871,com.android.settings.Settings,904,com.android.launcher3,905,0,1320,4,1321,1]
09-21 19:13:02.303 I/input_focus( 1154): [Focus entering 8fcae9d com.android.settings/com.android.settings.Settings (server),reason=Window became focusable. Previous reason: NOT_VISIBLE]
09-21 19:13:02.807 I/wm_stop_activity( 1154): [0,185045071,com.android.launcher3/.uioverrides.QuickstepLauncher]
09-21 19:13:02.880 I/wm_on_stop_called( 5169): [185045071,com.android.launcher3.uioverrides.QuickstepLauncher,STOP_ACTIVITY_ITEM]
09-21 19:13:05.261 I/input_interaction( 1154): Interaction with: 8fcae9d com.android.settings/com.android.settings.Settings (server), swipe-up (server), edge-swipe (server), PointerEventDispatcher0 (server),
09-21 19:13:05.411 I/sysui_multi_action( 7242): [757,830,758,4,833,0,854,connection_preferences,1089,0]
09-21 19:13:05.422 I/sysui_multi_action( 7242): [757,747,758,2,1089,3198]
09-21 19:13:05.466 I/sysui_multi_action( 7242): [757,1264,758,1,833,0,1089,36]
09-21 19:13:05.467 I/sysui_multi_action( 7242): [757,1729,758,4,854,isParalleledControllers:false,1089,37]
09-21 19:13:06.906 I/sysui_multi_action( 7242): [757,830,758,4,833,0,854,bluetooth_switchbar_screen,1089,0]
09-21 19:13:06.913 I/sysui_multi_action( 7242): [757,1264,758,2,1089,1447]
09-21 19:13:06.962 I/sysui_multi_action( 7242): [757,853,758,4,854,null/switch_bar,1089,1]
09-21 19:13:06.971 I/sysui_multi_action( 7242): [757,1390,758,1,833,0,1089,52]
09-21 19:13:06.974 I/sysui_multi_action( 7242): [757,1729,758,4,854,isParalleledControllers:false,1089,55]
09-21 19:13:08.299 I/sysui_multi_action( 7242): [757,830,758,4,833,0,854,bluetooth_screen_add_bt_devices,1089,0]
09-21 19:13:08.314 I/sysui_multi_action( 7242): [757,1390,758,2,1089,1343]
09-21 19:13:08.365 I/sysui_multi_action( 7242): [757,1018,758,1,833,0,1089,35]
09-21 19:13:08.367 I/sysui_multi_action( 7242): [757,1729,758,4,854,isParalleledControllers:false,1089,38]
09-21 19:13:36.297 I/am_freeze( 1154): [3931,com.qti.diagservices]
09-21 19:13:36.306 I/am_kill ( 1154): [0,3931,com.qti.diagservices,945,Unable to freeze binder interface]
09-21 19:13:36.325 I/am_freeze( 1154): [6893,com.android.music]
09-21 19:13:36.333 I/am_kill ( 1154): [0,6893,com.android.music,905,Unable to freeze binder interface]
09-21 19:13:36.444 I/am_proc_died( 1154): [0,3931,com.qti.diagservices,945,10]
09-21 19:13:36.447 I/am_schedule_service_restart( 1154): [0,com.qti.diagservices/.QTIDiagServices,1000]
09-21 19:13:36.458 I/am_proc_died( 1154): [0,6893,com.android.music,905,19]
09-21 19:13:36.458 I/am_uid_stopped( 1154): 10066
09-21 19:13:36.476 I/am_uid_running( 1154): 10066
09-21 19:13:36.512 I/am_proc_start( 1154): [0,7408,10066,com.android.music,NULL,]
09-21 19:13:36.563 I/am_proc_bound( 1154): [0,7408,com.android.music]
09-21 19:13:37.502 I/am_proc_start( 1154): [0,7425,1000,com.qti.diagservices,service,{com.qti.diagservices/com.qti.diagservices.QTIDiagServices}]
09-21 19:13:37.552 I/am_proc_bound( 1154): [0,7425,com.qti.diagservices]
09-21 19:14:29.963 I/sysui_multi_action( 7242): [757,866,758,4]
09-21 19:14:30.028 I/am_pss ( 1154): [7242,1000,com.android.settings,117767168,100007936,0,266280960,0,2,20]
09-21 19:14:30.048 I/am_pss ( 1154): [7425,1000,com.qti.diagservices,7236608,4059136,0,94003200,0,10,10]
09-21 19:14:30.064 I/am_pss ( 1154): [7408,10066,com.android.music,7547904,4583424,0,90480640,0,19,10]
09-21 19:14:30.467 I/wm_task_created( 1154): [42,-1]
09-21 19:14:30.472 I/wm_task_moved( 1154): [42,1,8]
09-21 19:14:30.472 I/wm_task_to_front( 1154): [0,42]
09-21 19:14:30.472 I/wm_create_task( 1154): [0,42]
09-21 19:14:30.472 I/wm_create_activity( 1154): [0,201490104,42,com.android.settings/.bluetooth.BluetoothPairingDialog,android.bluetooth.device.action.PAIRING_REQUEST,NULL,NULL,276824064]
09-21 19:14:30.473 I/wm_task_moved( 1154): [42,1,8]
09-21 19:14:30.475 I/wm_pause_activity( 1154): [0,34652995,com.android.settings/.Settings,userLeaving=true,pauseBackTasks]
09-21 19:14:30.482 I/wm_on_top_resumed_lost_called( 7242): [34652995,com.android.settings.Settings,topStateChangedWhenResumed]
09-21 19:14:30.487 I/sysui_multi_action( 7242): [757,35,758,2,1089,88264]
09-21 19:14:30.489 I/sysui_multi_action( 7242): [757,1018,758,2,1089,82124]
09-21 19:14:30.491 I/wm_on_paused_called( 7242): [34652995,com.android.settings.Settings,performPause]
09-21 19:14:30.496 I/wm_restart_activity( 1154): [0,201490104,42,com.android.settings/.bluetooth.BluetoothPairingDialog]
09-21 19:14:30.499 I/wm_set_resumed_activity( 1154): [0,com.android.settings/.bluetooth.BluetoothPairingDialog,minimalResumeActivityLocked]
09-21 19:14:30.511 I/sysui_multi_action( 1154): [757,803,799,window_time_0,802,88]
09-21 19:14:30.520 I/wm_on_create_called( 7242): [201490104,com.android.settings.bluetooth.BluetoothPairingDialog,performCreate]
09-21 19:14:30.553 I/wm_on_start_called( 7242): [201490104,com.android.settings.bluetooth.BluetoothPairingDialog,handleStartActivity]
09-21 19:14:30.554 I/wm_on_resume_called( 7242): [201490104,com.android.settings.bluetooth.BluetoothPairingDialog,RESUME_ACTIVITY]
09-21 19:14:30.554 I/sysui_multi_action( 7242): [757,613,758,1,833,0,1089,29]
09-21 19:14:30.560 I/wm_on_top_resumed_gained_called( 7242): [201490104,com.android.settings.bluetooth.BluetoothPairingDialog,topStateChangedWhenResumed]
09-21 19:14:30.572 I/input_focus( 1154): [Focus request de78493 com.android.settings/com.android.settings.bluetooth.BluetoothPairingDialog,reason=UpdateInputWindows]
09-21 19:14:30.600 I/input_focus( 1154): [Focus leaving 8fcae9d com.android.settings/com.android.settings.Settings (server),reason=Waiting for window because NOT_VISIBLE]
09-21 19:14:30.635 I/wm_activity_launch_time( 1154): [0,201490104,com.android.settings/.bluetooth.BluetoothPairingDialog,170]
09-21 19:14:30.666 I/input_focus( 1154): [Focus entering de78493 com.android.settings/com.android.settings.bluetooth.BluetoothPairingDialog (server),reason=Window became focusable. Previous reason: NOT_VISIBLE]
09-21 19:14:32.415 I/input_interaction( 1154): Interaction with: de78493 com.android.settings/com.android.settings.bluetooth.BluetoothPairingDialog (server), swipe-up (server), edge-swipe (server), PointerEventDispatcher0 (server),
09-21 19:14:32.584 I/wm_finish_activity( 1154): [0,201490104,42,com.android.settings/.bluetooth.BluetoothPairingDialog,app-request]
09-21 19:14:32.585 I/wm_task_moved( 1154): [41,1,8]
09-21 19:14:32.585 I/wm_task_to_front( 1154): [0,41]
09-21 19:14:32.590 I/wm_focused_root_task( 1154): [0,0,41,42,finish-top adjustFocusToNextFocusableTask]
09-21 19:14:32.603 I/wm_pause_activity( 1154): [0,201490104,com.android.settings/.bluetooth.BluetoothPairingDialog,userLeaving=false,finish]
09-21 19:14:32.610 I/input_focus( 1154): [Focus request 8fcae9d com.android.settings/com.android.settings.Settings,reason=UpdateInputWindows]
09-21 19:14:32.624 I/wm_on_top_resumed_lost_called( 7242): [201490104,com.android.settings.bluetooth.BluetoothPairingDialog,topStateChangedWhenResumed]
09-21 19:14:32.626 I/sysui_multi_action( 7242): [757,613,758,2,1089,2073]
09-21 19:14:32.626 I/wm_on_paused_called( 7242): [201490104,com.android.settings.bluetooth.BluetoothPairingDialog,performPause]
09-21 19:14:32.628 I/wm_set_resumed_activity( 1154): [0,com.android.settings/.Settings,resumeTopActivityInnerLocked]
09-21 19:14:32.629 I/wm_resume_activity( 1154): [0,34652995,41,com.android.settings/.Settings]
09-21 19:14:32.640 I/input_focus( 1154): [Focus entering 8fcae9d com.android.settings/com.android.settings.Settings (server),reason=setFocusedWindow]
09-21 19:14:32.642 I/wm_on_resume_called( 7242): [34652995,com.android.settings.Settings,RESUME_ACTIVITY]
09-21 19:14:32.642 I/sysui_multi_action( 7242): [757,35,758,1,833,0,1089,0]
09-21 19:14:32.646 I/sysui_multi_action( 1154): [757,803,799,window_time_0,802,3]
09-21 19:14:32.647 I/sysui_multi_action( 7242): [757,1018,758,1,833,0,1089,0]
09-21 19:14:32.654 I/wm_on_top_resumed_gained_called( 7242): [34652995,com.android.settings.Settings,topWhenResuming]
09-21 19:14:32.689 I/wm_destroy_activity( 1154): [0,201490104,42,com.android.settings/.bluetooth.BluetoothPairingDialog,finish-idle]
09-21 19:14:32.690 I/wm_on_stop_called( 7242): [201490104,com.android.settings.bluetooth.BluetoothPairingDialog,LIFECYCLER_STOP_ACTIVITY]
09-21 19:14:32.692 I/wm_on_destroy_called( 7242): [201490104,com.android.settings.bluetooth.BluetoothPairingDialog,performDestroy]
09-21 19:14:32.886 I/wm_task_removed( 1154): [42,removeChild:removeChild last r=ActivityRecord{c027eb8 u0 com.android.settings/.bluetooth.BluetoothPairingDialog t-1 f}} in t=Task{96f05e8 #42 type=standard A=1000:.bluetooth.BluetoothPairingDialog U=0 visible=false mode=fullscreen translucent=true sz=0}]
09-21 19:14:32.886 I/wm_task_removed( 1154): [42,removeChild]
09-21 19:14:33.227 I/sysui_multi_action( 7242): [757,1018,758,2,1089,581]
09-21 19:14:33.251 I/sysui_multi_action( 7242): [757,1390,758,1,833,0,1089,0]
09-21 19:14:36.075 I/configuration_changed( 1154): 96
09-21 19:14:36.117 I/wm_relaunch_resume_activity( 1154): [0,34652995,41,com.android.settings/.Settings]
09-21 19:14:36.118 I/wm_on_top_resumed_lost_called( 7242): [34652995,com.android.settings.Settings,pausing]
09-21 19:14:36.121 I/sysui_multi_action( 7242): [757,35,758,2,1089,3478]
09-21 19:14:36.122 I/sysui_multi_action( 7242): [757,1390,758,2,1089,2871]
09-21 19:14:36.122 I/wm_on_paused_called( 7242): [34652995,com.android.settings.Settings,performPause]
