09-21 18:31:51.518 I/wm_activity_launch_time( 1154): [0,181722282,com.android.music/.VideoBrowserActivity,388]
09-21 18:31:51.819 I/wm_stop_activity( 1154): [0,185045071,com.android.launcher3/.uioverrides.QuickstepLauncher]
09-21 18:31:51.920 I/wm_on_stop_called( 2731): [185045071,com.android.launcher3.uioverrides.QuickstepLauncher,STOP_ACTIVITY_ITEM]
09-21 18:31:53.544 I/input_interaction( 1154): Interaction with: be31eae com.android.music/com.android.music.VideoBrowserActivity (server), edge-swipe (server), swipe-up (server), PointerEventDispatcher0 (server),
09-21 18:31:53.593 I/view_enqueue_input_event( 4580): [Motion - Cancel,com.android.music/com.android.music.VideoBrowserActivity]
09-21 18:31:53.596 I/input_interaction( 1154): Interaction with: edge-swipe (server), swipe-up (server), PointerEventDispatcher0 (server),
09-21 18:31:54.050 I/sysui_multi_action( 1154): [757,803,799,key_back_press,802,1]
09-21 18:31:54.059 I/input_interaction( 1154): Interaction with: be31eae com.android.music/com.android.music.VideoBrowserActivity (server), PointerEventDispatcher0 (server),
09-21 18:31:54.069 I/wm_finish_activity( 1154): [0,181722282,13,com.android.music/.VideoBrowserActivity,app-request]
09-21 18:31:54.070 I/wm_task_moved( 1154): [1,1,6]
09-21 18:31:54.071 I/wm_task_moved( 1154): [10,1,2147483647]
09-21 18:31:54.071 I/wm_task_to_front( 1154): [0,10]
09-21 18:31:54.071 I/wm_focused_root_task( 1154): [0,0,1,13,finish-top adjustFocusToNextFocusableTask]
09-21 18:31:54.072 I/wm_set_resumed_activity( 1154): [0,com.android.launcher3/.uioverrides.QuickstepLauncher,finish-top adjustFocusToNextFocusableTask]
09-21 18:31:54.085 I/wm_pause_activity( 1154): [0,181722282,com.android.music/.VideoBrowserActivity,userLeaving=false,finish]
09-21 18:31:54.091 I/wm_on_top_resumed_lost_called( 4580): [181722282,com.android.music.VideoBrowserActivity,topStateChangedWhenResumed]
09-21 18:31:54.092 I/wm_on_paused_called( 4580): [181722282,com.android.music.VideoBrowserActivity,performPause]
09-21 18:31:54.093 I/dvm_lock_sample( 1154): [system_server,1,android.display,22,RootWindowContainer.java,3809,void com.android.server.wm.RootWindowContainer$RankTaskLayersRunnable.run(),TaskChangeNotificationController.java,342,void com.android.server.wm.TaskChangeNotificationController.forAllLocalListeners(com.android.server.wm.TaskChangeNotificationController$TaskStackConsumer, android.os.Message),4]
09-21 18:31:54.094 I/wm_add_to_stopping( 1154): [0,181722282,com.android.music/.VideoBrowserActivity,completeFinishing]
09-21 18:31:54.105 I/wm_set_resumed_activity( 1154): [0,com.android.launcher3/.uioverrides.QuickstepLauncher,resumeTopActivityInnerLocked]
09-21 18:31:54.109 I/wm_resume_activity( 1154): [0,185045071,10,com.android.launcher3/.uioverrides.QuickstepLauncher]
09-21 18:31:54.122 I/input_focus( 1154): [Focus leaving be31eae com.android.music/com.android.music.VideoBrowserActivity (server),reason=NO_WINDOW]
09-21 18:31:54.131 I/sysui_multi_action( 1154): [757,803,799,window_time_0,802,3]
09-21 18:31:54.140 I/wm_on_restart_called( 2731): [185045071,com.android.launcher3.uioverrides.QuickstepLauncher,performRestartActivity]
09-21 18:31:54.141 I/wm_on_start_called( 2731): [185045071,com.android.launcher3.uioverrides.QuickstepLauncher,handleStartActivity]
09-21 18:31:54.141 I/wm_on_resume_called( 2731): [185045071,com.android.launcher3.uioverrides.QuickstepLauncher,RESUME_ACTIVITY]
09-21 18:31:54.141 I/wm_on_top_resumed_gained_called( 2731): [185045071,com.android.launcher3.uioverrides.QuickstepLauncher,topWhenResuming]
09-21 18:31:54.174 I/input_focus( 1154): [Focus request 6bd75d9 com.android.launcher3/com.android.launcher3.uioverrides.QuickstepLauncher,reason=UpdateInputWindows]
09-21 18:31:54.190 I/input_focus( 1154): [Focus entering 6bd75d9 com.android.launcher3/com.android.launcher3.uioverrides.QuickstepLauncher (server),reason=setFocusedWindow]
09-21 18:31:54.191 I/dvm_lock_sample( 1154): [system_server,1,Binder:1154_1,9,WindowManagerService.java,2228,int com.android.server.wm.WindowManagerService.relayoutWindow(com.android.server.wm.Session, android.view.IWindow, android.view.WindowManager$LayoutParams, int, int, int, int, long, android.window.ClientWindowFrames, android.util.MergedConfiguration, android.view.SurfaceControl, android.view.InsetsState, android.view.InsetsSourceControl[], android.graphics.Point),WindowAnimator.java,110,void com.android.server.wm.WindowAnimator.lambda$new$1$WindowAnimator(long),1]
09-21 18:31:54.542 I/wm_destroy_activity( 1154): [0,181722282,13,com.android.music/.VideoBrowserActivity,finish-imm:idle]
09-21 18:31:54.577 I/wm_on_stop_called( 4580): [181722282,com.android.music.VideoBrowserActivity,LIFECYCLER_STOP_ACTIVITY]
09-21 18:31:54.584 I/wm_on_destroy_called( 4580): [181722282,com.android.music.VideoBrowserActivity,performDestroy]
09-21 18:31:54.597 I/wm_task_removed( 1154): [13,removeChild:removeChild last r=ActivityRecord{ad4dcaa u0 com.android.music/.VideoBrowserActivity t-1 f}} in t=Task{77dae14 #13 type=standard A=10066:android.task.video U=0 visible=false mode=fullscreen translucent=true sz=0}]
09-21 18:31:54.598 I/wm_task_removed( 1154): [13,removeChild]
09-21 18:31:55.256 I/input_interaction( 1154): Interaction with: 6bd75d9 com.android.launcher3/com.android.launcher3.uioverrides.QuickstepLauncher (server), 1da61d8 com.android.systemui.ImageWallpaper (server), edge-swipe (server), swipe-up (server), PointerEventDispatcher0 (server),
09-21 18:31:56.909 I/wm_task_created( 1154): [14,-1]
09-21 18:31:56.918 I/wm_task_moved( 1154): [14,1,6]
09-21 18:31:56.918 I/wm_task_to_front( 1154): [0,14]
09-21 18:31:56.919 I/wm_create_task( 1154): [0,14]
09-21 18:31:56.919 I/wm_create_activity( 1154): [0,51600674,14,com.android.music/.VideoBrowserActivity,NULL,NULL,NULL,402657280]
09-21 18:31:56.919 I/wm_task_moved( 1154): [14,1,6]
09-21 18:31:56.923 I/wm_restart_activity( 1154): [0,51600674,14,com.android.music/.VideoBrowserActivity]
09-21 18:31:56.925 I/wm_set_resumed_activity( 1154): [0,com.android.music/.VideoBrowserActivity,minimalResumeActivityLocked]
09-21 18:31:56.949 I/wm_on_top_resumed_lost_called( 2731): [185045071,com.android.launcher3.uioverrides.QuickstepLauncher,topStateChangedWhenResumed]
09-21 18:31:56.987 I/wm_on_create_called( 4580): [51600674,com.android.music.VideoBrowserActivity,performCreate]
09-21 18:31:56.988 I/wm_on_start_called( 4580): [51600674,com.android.music.VideoBrowserActivity,handleStartActivity]
09-21 18:31:56.989 I/wm_on_resume_called( 4580): [51600674,com.android.music.VideoBrowserActivity,RESUME_ACTIVITY]
09-21 18:31:56.993 I/wm_on_top_resumed_gained_called( 4580): [51600674,com.android.music.VideoBrowserActivity,topStateChangedWhenResumed]
09-21 18:31:57.006 I/input_focus( 1154): [Focus request 3db580f com.android.music/com.android.music.VideoBrowserActivity,reason=UpdateInputWindows]
09-21 18:31:57.029 I/input_focus( 1154): [Focus leaving 6bd75d9 com.android.launcher3/com.android.launcher3.uioverrides.QuickstepLauncher (server),reason=Waiting for window because NOT_VISIBLE]
09-21 18:31:57.050 I/input_focus( 1154): [Focus entering 3db580f com.android.music/com.android.music.VideoBrowserActivity (server),reason=Window became focusable. Previous reason: NOT_VISIBLE]
09-21 18:31:57.051 I/sysui_multi_action( 1154): [319,130,322,128,325,266,757,761,758,8,759,2,806,com.android.music,871,com.android.music.VideoBrowserActivity,904,com.android.launcher3,905,0,1320,4,1321,1]
09-21 18:31:57.052 I/wm_activity_launch_time( 1154): [0,51600674,com.android.music/.VideoBrowserActivity,128]
09-21 18:31:59.166 I/input_interaction( 1154): Interaction with: 3db580f com.android.music/com.android.music.VideoBrowserActivity (server), edge-swipe (server), swipe-up (server), PointerEventDispatcher0 (server),
09-21 18:31:59.370 I/wm_finish_activity( 1154): [0,51600674,14,com.android.music/.VideoBrowserActivity,finish-activity]
09-21 18:31:59.371 I/wm_task_moved( 1154): [1,1,6]
09-21 18:31:59.375 I/wm_set_resumed_activity( 1154): [0,com.android.launcher3/.uioverrides.QuickstepLauncher,positionChildAt]
09-21 18:31:59.375 I/wm_task_moved( 1154): [10,1,2147483647]
09-21 18:31:59.375 I/wm_task_to_front( 1154): [0,10]
09-21 18:31:59.375 I/wm_focused_root_task( 1154): [0,0,1,-1,finish-top adjustFocusToNextFocusableTask]
09-21 18:31:59.376 I/wm_set_resumed_activity( 1154): [0,com.android.launcher3/.uioverrides.QuickstepLauncher,finish-top]
09-21 18:31:59.389 I/wm_pause_activity( 1154): [0,51600674,com.android.music/.VideoBrowserActivity,userLeaving=false,finish]
09-21 18:31:59.396 I/dvm_lock_sample( 1154): [system_server,1,android.anim,24,InputMonitor.java,144,void com.android.server.wm.InputMonitor$UpdateInputWindows.run(),ActivityClientController.java,456,boolean com.android.server.wm.ActivityClientController.finishActivity(android.os.IBinder, int, android.content.Intent, int),4]
09-21 18:31:59.396 I/wm_on_top_resumed_lost_called( 4580): [51600674,com.android.music.VideoBrowserActivity,topStateChangedWhenResumed]
09-21 18:31:59.396 I/input_focus( 1154): [Focus request 6bd75d9 com.android.launcher3/com.android.launcher3.uioverrides.QuickstepLauncher,reason=UpdateInputWindows]
09-21 18:31:59.408 I/wm_on_paused_called( 4580): [51600674,com.android.music.VideoBrowserActivity,performPause]
09-21 18:31:59.412 I/wm_on_top_resumed_gained_called( 2731): [185045071,com.android.launcher3.uioverrides.QuickstepLauncher,topStateChangedWhenResumed]
09-21 18:31:59.418 I/input_focus( 1154): [Focus leaving 3db580f com.android.music/com.android.music.VideoBrowserActivity (server),reason=NO_WINDOW]
09-21 18:31:59.418 I/input_focus( 1154): [Focus entering 6bd75d9 com.android.launcher3/com.android.launcher3.uioverrides.QuickstepLauncher (server),reason=setFocusedWindow]
09-21 18:31:59.426 I/wm_destroy_activity( 1154): [0,51600674,14,com.android.music/.VideoBrowserActivity,finish-imm:completePausedLocked]
09-21 18:31:59.447 I/wm_on_stop_called( 4580): [51600674,com.android.music.VideoBrowserActivity,LIFECYCLER_STOP_ACTIVITY]
09-21 18:31:59.447 I/sysui_multi_action( 1154): [757,803,799,window_time_0,802,5]
09-21 18:31:59.451 I/wm_on_destroy_called( 4580): [51600674,com.android.music.VideoBrowserActivity,performDestroy]
09-21 18:31:59.461 I/sysui_multi_action( 1154): [757,803,799,window_time_0,802,0]
09-21 18:31:59.950 I/wm_task_removed( 1154): [14,removeChild:removeChild last r=ActivityRecord{3135d22 u0 com.android.music/.VideoBrowserActivity t-1 f}} in t=Task{32b9aed #14 type=standard A=10066:android.task.video U=0 visible=false mode=freeform translucent=true sz=0}]
09-21 18:31:59.950 I/wm_task_removed( 1154): [14,removeChild]
09-21 18:32:00.715 I/input_interaction( 1154): Interaction with: 6bd75d9 com.android.launcher3/com.android.launcher3.uioverrides.QuickstepLauncher (server), 1da61d8 com.android.systemui.ImageWallpaper (server), edge-swipe (server), swipe-up (server), PointerEventDispatcher0 (server),
09-21 18:32:03.763 I/view_enqueue_input_event( 2731): [Motion - Cancel,com.android.launcher3/com.android.launcher3.uioverrides.QuickstepLauncher]
09-21 18:32:03.771 I/input_interaction( 1154): Interaction with: edge-swipe (server), swipe-up (server), PointerEventDispatcher0 (server),
09-21 18:32:04.875 I/input_interaction( 1154): Interaction with: 6bd75d9 com.android.launcher3/com.android.launcher3.uioverrides.QuickstepLauncher (server), 1da61d8 com.android.systemui.ImageWallpaper (server), edge-swipe (server), swipe-up (server), PointerEventDispatcher0 (server),
09-21 18:32:05.167 I/view_enqueue_input_event( 2731): [Motion - Cancel,com.android.launcher3/com.android.launcher3.uioverrides.QuickstepLauncher]
09-21 18:32:05.176 I/input_interaction( 1154): Interaction with: edge-swipe (server), swipe-up (server), PointerEventDispatcher0 (server),
09-21 18:32:06.218 I/input_interaction( 1154): Interaction with: 6bd75d9 com.android.launcher3/com.android.launcher3.uioverrides.QuickstepLauncher (server), 1da61d8 com.android.systemui.ImageWallpaper (server), edge-swipe (server), swipe-up (server), PointerEventDispatcher0 (server),
09-21 18:32:06.234 I/service_manager_slow( 1154): [12,phone]
09-21 18:32:09.634 I/service_manager_stats( 1154): [100,167,28133]
09-21 18:32:10.990 I/input_interaction( 1154): Interaction with: edge-swipe (server), swipe-up (server), PointerEventDispatcher0 (server),
09-21 18:32:10.991 I/view_enqueue_input_event( 2731): [Motion - Cancel,com.android.launcher3/com.android.launcher3.uioverrides.QuickstepLauncher]
09-21 18:32:12.849 I/input_interaction( 1154): Interaction with: 6bd75d9 com.android.launcher3/com.android.launcher3.uioverrides.QuickstepLauncher (server), 1da61d8 com.android.systemui.ImageWallpaper (server), edge-swipe (server), swipe-up (server), PointerEventDispatcher0 (server),
09-21 18:32:14.494 I/am_kill ( 1154): [0,2723,com.android.settings:CryptKeeper,985,remove task]
09-21 18:32:14.515 I/sysui_multi_action( 1154): [757,803,799,window_time_0,802,15]
09-21 18:32:14.687 I/am_proc_died( 1154): [0,2723,com.android.settings:CryptKeeper,985,19]
09-21 18:32:16.316 I/service_manager_slow( 1154): [13,phone]
09-21 18:32:18.036 I/sysui_multi_action( 1154): [757,803,799,window_time_0,802,4]
09-21 18:32:19.671 I/am_kill ( 1154): [0,4580,com.android.music,900,remove task]
09-21 18:32:19.675 I/sysui_multi_action( 1154): [757,803,799,window_time_0,802,2]
09-21 18:32:19.881 I/am_proc_died( 1154): [0,4580,com.android.music,900,18]
09-21 18:32:19.882 I/am_uid_stopped( 1154): 10066
09-21 18:32:19.904 I/am_uid_running( 1154): 10066
09-21 18:32:19.958 I/am_proc_start( 1154): [0,4664,10066,com.android.music,NULL,]
09-21 18:32:20.013 I/am_proc_bound( 1154): [0,4664,com.android.music]
09-21 18:32:21.189 I/am_kill ( 1154): [0,4664,com.android.music,905,remove task]
09-21 18:32:21.203 I/sysui_multi_action( 1154): [757,803,799,window_time_0,802,1]
09-21 18:32:21.328 I/am_proc_died( 1154): [0,4664,com.android.music,905,19]
09-21 18:32:21.331 I/am_uid_stopped( 1154): 10066
09-21 18:32:21.347 I/am_uid_running( 1154): 10066
09-21 18:32:21.408 I/am_proc_start( 1154): [0,4681,10066,com.android.music,NULL,]
09-21 18:32:21.468 I/am_proc_bound( 1154): [0,4681,com.android.music]
09-21 18:32:34.747 I/view_enqueue_input_event( 2731): [Motion - Cancel,com.android.launcher3/com.android.launcher3.uioverrides.QuickstepLauncher]
09-21 18:32:34.755 I/input_interaction( 1154): Interaction with: edge-swipe (server), swipe-up (server), PointerEventDispatcher0 (server),
09-21 18:32:37.410 I/input_interaction( 1154): Interaction with: 6bd75d9 com.android.launcher3/com.android.launcher3.uioverrides.QuickstepLauncher (server), 1da61d8 com.android.systemui.ImageWallpaper (server), edge-swipe (server), swipe-up (server), PointerEventDispatcher0 (server),
09-21 18:32:40.390 I/service_manager_stats( 1154): [100,165,30756]
09-21 18:32:45.889 I/am_uid_idle( 1154): 10094
09-21 18:32:48.244 I/input_interaction( 1154): Interaction with: e915a91 StatusBar (server), edge-swipe (server), swipe-up (server), PointerEventDispatcher0 (server),
09-21 18:32:48.264 I/sysui_multi_action( 2235): [757,803,799,panel_open,802,1]
09-21 18:32:48.268 I/sysui_multi_action( 2235): [757,1328,758,4,1326,58,1327,2,1329,0]
09-21 18:32:48.312 I/sysui_multi_action( 1154): [757,127,758,1]
09-21 18:32:48.312 I/sysui_multi_action( 1154): [757,804,799,note_load,801,3,802,1]
09-21 18:32:48.313 I/notification_panel_revealed( 1154): 3
09-21 18:32:48.315 I/sysui_multi_action( 2235): [757,111,758,2]
09-21 18:32:48.316 I/sysui_multi_action( 2235): [757,111,758,2]
09-21 18:32:48.348 I/input_focus( 1154): [Focus request f34a2a3 NotificationShade,reason=UpdateInputWindows]
09-21 18:32:48.352 I/sysui_multi_action( 2235): [757,111,758,1]
09-21 18:32:48.352 I/sysui_multi_action( 2235): [757,126,758,1,759,126,927,0,928,0,1593,0]
09-21 18:32:48.352 I/sysui_multi_action( 2235): [757,113,758,1,759,113,927,1,928,1,1593,0]
09-21 18:32:48.352 I/sysui_multi_action( 2235): [757,0,758,1,759,0,927,2,928,0,1593,0]
09-21 18:32:48.352 I/sysui_multi_action( 2235): [757,0,758,1,759,0,927,3,928,0,1593,0]
09-21 18:32:48.353 I/sysui_multi_action( 2235): [757,1706,758,1,759,1706,927,4,928,0,1593,0]
09-21 18:32:48.354 I/sysui_multi_action( 2235): [757,491,758,1,759,491,927,5,928,0,1311,-1,1593,0]
09-21 18:32:48.354 I/sysui_multi_action( 2235): [757,0,758,1,759,0,927,6,928,0,1593,0]
09-21 18:32:48.354 I/sysui_multi_action( 2235): [757,0,758,1,759,0,927,7,1593,0]
09-21 18:32:48.354 I/sysui_multi_action( 2235): [757,111,758,1]
09-21 18:32:48.354 I/sysui_multi_action( 2235): [757,126,758,1,759,126,927,0,928,0,1593,0]
09-21 18:32:48.354 I/sysui_multi_action( 2235): [757,113,758,1,759,113,927,1,928,1,1593,0]
09-21 18:32:48.354 I/sysui_multi_action( 2235): [757,0,758,1,759,0,927,2,928,0,1593,0]
09-21 18:32:48.355 I/sysui_multi_action( 2235): [757,0,758,1,759,0,927,3,928,0,1593,0]
09-21 18:32:48.369 I/input_focus( 1154): [Focus leaving 6bd75d9 com.android.launcher3/com.android.launcher3.uioverrides.QuickstepLauncher (server),reason=Waiting for window because NOT_VISIBLE]
09-21 18:32:48.375 I/sysui_multi_action( 2235): [757,111,758,2]
09-21 18:32:48.376 I/sysui_multi_action( 2235): [757,111,758,2]
09-21 18:32:48.382 I/sysui_multi_action( 2235): [757,111,758,1]
09-21 18:32:48.382 I/sysui_multi_action( 2235): [757,126,758,1,759,126,927,0,928,0,1593,1]
09-21 18:32:48.383 I/sysui_multi_action( 2235): [757,113,758,1,759,113,927,1,928,1,1593,1]
09-21 18:32:48.383 I/sysui_multi_action( 2235): [757,0,758,1,759,0,927,2,928,0,1593,1]
09-21 18:32:48.383 I/sysui_multi_action( 2235): [757,0,758,1,759,0,927,3,928,0,1593,1]
09-21 18:32:48.383 I/sysui_multi_action( 2235): [757,1706,758,1,759,1706,927,4,928,0,1593,1]
09-21 18:32:48.384 I/sysui_multi_action( 2235): [757,491,758,1,759,491,927,5,928,0,1311,-1,1593,0]
09-21 18:32:48.384 I/sysui_multi_action( 2235): [757,0,758,1,759,0,927,6,928,0,1593,0]
09-21 18:32:48.384 I/sysui_multi_action( 2235): [757,0,758,1,759,0,927,7,1593,0]
09-21 18:32:48.384 I/sysui_multi_action( 2235): [757,111,758,1]
09-21 18:32:48.384 I/sysui_multi_action( 2235): [757,126,758,1,759,126,927,0,928,0,1593,1]
09-21 18:32:48.384 I/sysui_multi_action( 2235): [757,113,758,1,759,113,927,1,928,1,1593,1]
09-21 18:32:48.385 I/sysui_multi_action( 2235): [757,0,758,1,759,0,927,2,928,0,1593,1]
09-21 18:32:48.385 I/sysui_multi_action( 2235): [757,0,758,1,759,0,927,3,928,0,1593,1]
09-21 18:32:48.386 I/input_focus( 1154): [Focus entering f34a2a3 NotificationShade (server),reason=Window became focusable. Previous reason: NOT_VISIBLE]
09-21 18:32:48.410 I/sysui_multi_action( 2235): [757,111,758,2]
09-21 18:32:48.410 I/sysui_multi_action( 2235): [757,111,758,2]
09-21 18:32:48.417 I/sysui_multi_action( 2235): [757,111,758,1]
09-21 18:32:48.417 I/sysui_multi_action( 2235): [757,126,758,1,759,126,927,0,928,0,1593,1]
09-21 18:32:48.417 I/sysui_multi_action( 2235): [757,113,758,1,759,113,927,1,928,1,1593,1]
09-21 18:32:48.417 I/sysui_multi_action( 2235): [757,0,758,1,759,0,927,2,928,0,1593,1]
09-21 18:32:48.417 I/sysui_multi_action( 2235): [757,0,758,1,759,0,927,3,928,0,1593,1]
09-21 18:32:48.417 I/sysui_multi_action( 2235): [757,1706,758,1,759,1706,927,4,928,0,1593,1]
09-21 18:32:48.419 I/sysui_multi_action( 2235): [757,491,758,1,759,491,927,5,928,0,1311,-1,1593,0]
09-21 18:32:48.419 I/sysui_multi_action( 2235): [757,0,758,1,759,0,927,6,928,0,1593,0]
09-21 18:32:48.419 I/sysui_multi_action( 2235): [757,0,758,1,759,0,927,7,1593,0]
09-21 18:32:48.420 I/sysui_multi_action( 2235): [757,111,758,1]
09-21 18:32:48.420 I/sysui_multi_action( 2235): [757,126,758,1,759,126,927,0,928,0,1593,1]
09-21 18:32:48.420 I/sysui_multi_action( 2235): [757,113,758,1,759,113,927,1,928,1,1593,1]
09-21 18:32:48.420 I/sysui_multi_action( 2235): [757,0,758,1,759,0,927,2,928,0,1593,1]
09-21 18:32:48.420 I/sysui_multi_action( 2235): [757,0,758,1,759,0,927,3,928,0,1593,1]
09-21 18:32:48.439 I/sysui_multi_action( 2235): [757,111,758,2]
09-21 18:32:48.439 I/sysui_multi_action( 2235): [757,111,758,2]
09-21 18:32:48.444 I/sysui_multi_action( 2235): [757,111,758,1]
09-21 18:32:48.444 I/sysui_multi_action( 2235): [757,126,758,1,759,126,927,0,928,0,1593,1]
09-21 18:32:48.444 I/sysui_multi_action( 2235): [757,113,758,1,759,113,927,1,928,1,1593,1]
09-21 18:32:48.444 I/sysui_multi_action( 2235): [757,0,758,1,759,0,927,2,928,0,1593,1]
09-21 18:32:48.444 I/sysui_multi_action( 2235): [757,0,758,1,759,0,927,3,928,0,1593,1]
09-21 18:32:48.444 I/sysui_multi_action( 2235): [757,1706,758,1,759,1706,927,4,928,0,1593,1]
09-21 18:32:48.445 I/sysui_multi_action( 2235): [757,491,758,1,759,491,927,5,928,0,1311,-1,1593,0]
09-21 18:32:48.445 I/sysui_multi_action( 2235): [757,0,758,1,759,0,927,6,928,0,1593,0]
09-21 18:32:48.445 I/sysui_multi_action( 2235): [757,0,758,1,759,0,927,7,1593,0]
09-21 18:32:48.445 I/sysui_multi_action( 2235): [757,111,758,1]
09-21 18:32:48.445 I/sysui_multi_action( 2235): [757,126,758,1,759,126,927,0,928,0,1593,1]
09-21 18:32:48.445 I/sysui_multi_action( 2235): [757,113,758,1,759,113,927,1,928,1,1593,1]
09-21 18:32:48.445 I/sysui_multi_action( 2235): [757,0,758,1,759,0,927,2,928,0,1593,1]
09-21 18:32:48.445 I/sysui_multi_action( 2235): [757,0,758,1,759,0,927,3,928,0,1593,1]
09-21 18:32:48.463 I/sysui_multi_action( 2235): [757,111,758,2]
09-21 18:32:48.463 I/sysui_multi_action( 2235): [757,111,758,2]
09-21 18:32:48.468 I/sysui_multi_action( 2235): [757,111,758,1]
09-21 18:32:48.468 I/sysui_multi_action( 2235): [757,126,758,1,759,126,927,0,928,0,1593,0]
09-21 18:32:48.468 I/sysui_multi_action( 2235): [757,113,758,1,759,113,927,1,928,1,1593,0]
09-21 18:32:48.468 I/sysui_multi_action( 2235): [757,0,758,1,759,0,927,2,928,0,1593,0]
09-21 18:32:48.468 I/sysui_multi_action( 2235): [757,0,758,1,759,0,927,3,928,0,1593,0]
09-21 18:32:48.469 I/sysui_multi_action( 2235): [757,1706,758,1,759,1706,927,4,928,0,1593,0]
09-21 18:32:48.469 I/sysui_multi_action( 2235): [757,491,758,1,759,491,927,5,928,0,1311,-1,1593,0]
09-21 18:32:48.469 I/sysui_multi_action( 2235): [757,0,758,1,759,0,927,6,928,0,1593,0]
09-21 18:32:48.469 I/sysui_multi_action( 2235): [757,0,758,1,759,0,927,7,1593,0]
09-21 18:32:48.469 I/sysui_multi_action( 2235): [757,111,758,1]
09-21 18:32:48.470 I/sysui_multi_action( 2235): [757,126,758,1,759,126,927,0,928,0,1593,1]
09-21 18:32:48.470 I/sysui_multi_action( 2235): [757,113,758,1,759,113,927,1,928,1,1593,1]
09-21 18:32:48.470 I/sysui_multi_action( 2235): [757,0,758,1,759,0,927,2,928,0,1593,1]
09-21 18:32:48.470 I/sysui_multi_action( 2235): [757,0,758,1,759,0,927,3,928,0,1593,1]
09-21 18:32:48.487 I/sysui_multi_action( 2235): [757,111,758,2]
09-21 18:32:48.487 I/sysui_multi_action( 2235): [757,111,758,2]
09-21 18:32:48.492 I/sysui_multi_action( 2235): [757,111,758,1]
09-21 18:32:48.492 I/sysui_multi_action( 2235): [757,126,758,1,759,126,927,0,928,0,1593,1]
09-21 18:32:48.492 I/sysui_multi_action( 2235): [757,113,758,1,759,113,927,1,928,1,1593,1]
09-21 18:32:48.492 I/sysui_multi_action( 2235): [757,0,758,1,759,0,927,2,928,0,1593,1]
09-21 18:32:48.492 I/sysui_multi_action( 2235): [757,0,758,1,759,0,927,3,928,0,1593,1]
09-21 18:32:48.492 I/sysui_multi_action( 2235): [757,1706,758,1,759,1706,927,4,928,0,1593,1]
09-21 18:32:48.493 I/sysui_multi_action( 2235): [757,491,758,1,759,491,927,5,928,0,1311,-1,1593,0]
09-21 18:32:48.493 I/sysui_multi_action( 2235): [757,0,758,1,759,0,927,6,928,0,1593,0]
09-21 18:32:48.493 I/sysui_multi_action( 2235): [757,0,758,1,759,0,927,7,1593,0]
09-21 18:32:48.493 I/sysui_multi_action( 2235): [757,111,758,1]
09-21 18:32:48.493 I/sysui_multi_action( 2235): [757,126,758,1,759,126,927,0,928,0,1593,1]
09-21 18:32:48.493 I/sysui_multi_action( 2235): [757,113,758,1,759,113,927,1,928,1,1593,1]
09-21 18:32:48.493 I/sysui_multi_action( 2235): [757,0,758,1,759,0,927,2,928,0,1593,1]
09-21 18:32:48.493 I/sysui_multi_action( 2235): [757,0,758,1,759,0,927,3,928,0,1593,1]
09-21 18:32:48.512 I/sysui_multi_action( 2235): [757,111,758,2]
09-21 18:32:48.512 I/sysui_multi_action( 2235): [757,111,758,2]
09-21 18:32:48.517 I/sysui_multi_action( 2235): [757,111,758,1]
09-21 18:32:48.517 I/sysui_multi_action( 2235): [757,126,758,1,759,126,927,0,928,0,1593,0]
09-21 18:32:48.517 I/sysui_multi_action( 2235): [757,113,758,1,759,113,927,1,928,1,1593,0]
09-21 18:32:48.517 I/sysui_multi_action( 2235): [757,0,758,1,759,0,927,2,928,0,1593,0]
09-21 18:32:48.518 I/sysui_multi_action( 2235): [757,0,758,1,759,0,927,3,928,0,1593,0]
09-21 18:32:48.518 I/sysui_multi_action( 2235): [757,1706,758,1,759,1706,927,4,928,0,1593,0]
09-21 18:32:48.518 I/sysui_multi_action( 2235): [757,491,758,1,759,491,927,5,928,0,1311,-1,1593,0]
09-21 18:32:48.518 I/sysui_multi_action( 2235): [757,0,758,1,759,0,927,6,928,0,1593,0]
09-21 18:32:48.518 I/sysui_multi_action( 2235): [757,0,758,1,759,0,927,7,1593,0]
09-21 18:32:48.518 I/sysui_multi_action( 2235): [757,111,758,1]
09-21 18:32:48.518 I/sysui_multi_action( 2235): [757,126,758,1,759,126,927,0,928,0,1593,1]
09-21 18:32:48.518 I/sysui_multi_action( 2235): [757,113,758,1,759,113,927,1,928,1,1593,1]
09-21 18:32:48.518 I/sysui_multi_action( 2235): [757,0,758,1,759,0,927,2,928,0,1593,1]
09-21 18:32:48.519 I/sysui_multi_action( 2235): [757,0,758,1,759,0,927,3,928,0,1593,1]
09-21 18:32:48.537 I/sysui_multi_action( 2235): [757,111,758,2]
09-21 18:32:48.537 I/sysui_multi_action( 2235): [757,111,758,2]
09-21 18:32:48.542 I/sysui_multi_action( 2235): [757,111,758,1]
09-21 18:32:48.542 I/sysui_multi_action( 2235): [757,126,758,1,759,126,927,0,928,0,1593,1]
09-21 18:32:48.542 I/sysui_multi_action( 2235): [757,113,758,1,759,113,927,1,928,1,1593,1]
09-21 18:32:48.542 I/sysui_multi_action( 2235): [757,0,758,1,759,0,927,2,928,0,1593,1]
09-21 18:32:48.542 I/sysui_multi_action( 2235): [757,0,758,1,759,0,927,3,928,0,1593,1]
09-21 18:32:48.542 I/sysui_multi_action( 2235): [757,1706,758,1,759,1706,927,4,928,0,1593,1]
09-21 18:32:48.543 I/sysui_multi_action( 2235): [757,491,758,1,759,491,927,5,928,0,1311,-1,1593,0]
09-21 18:32:48.543 I/sysui_multi_action( 2235): [757,0,758,1,759,0,927,6,928,0,1593,0]
09-21 18:32:48.543 I/sysui_multi_action( 2235): [757,0,758,1,759,0,927,7,1593,0]
09-21 18:32:48.543 I/sysui_multi_action( 2235): [757,111,758,1]
09-21 18:32:48.543 I/sysui_multi_action( 2235): [757,126,758,1,759,126,927,0,928,0,1593,1]
09-21 18:32:48.543 I/sysui_multi_action( 2235): [757,113,758,1,759,113,927,1,928,1,1593,1]
09-21 18:32:48.543 I/sysui_multi_action( 2235): [757,0,758,1,759,0,927,2,928,0,1593,1]
09-21 18:32:48.543 I/sysui_multi_action( 2235): [757,0,758,1,759,0,927,3,928,0,1593,1]
09-21 18:32:48.561 I/sysui_multi_action( 2235): [757,111,758,2]
09-21 18:32:48.562 I/sysui_multi_action( 2235): [757,111,758,2]
09-21 18:32:48.566 I/sysui_multi_action( 2235): [757,111,758,1]
09-21 18:32:48.566 I/sysui_multi_action( 2235): [757,126,758,1,759,126,927,0,928,0,1593,0]
09-21 18:32:48.567 I/sysui_multi_action( 2235): [757,113,758,1,759,113,927,1,928,1,1593,0]
09-21 18:32:48.567 I/sysui_multi_action( 2235): [757,0,758,1,759,0,927,2,928,0,1593,0]
09-21 18:32:48.567 I/sysui_multi_action( 2235): [757,0,758,1,759,0,927,3,928,0,1593,0]
09-21 18:32:48.567 I/sysui_multi_action( 2235): [757,1706,758,1,759,1706,927,4,928,0,1593,0]
09-21 18:32:48.567 I/sysui_multi_action( 2235): [757,491,758,1,759,491,927,5,928,0,1311,-1,1593,0]
09-21 18:32:48.568 I/sysui_multi_action( 2235): [757,0,758,1,759,0,927,6,928,0,1593,0]
09-21 18:32:48.568 I/sysui_multi_action( 2235): [757,0,758,1,759,0,927,7,1593,0]
09-21 18:32:48.568 I/sysui_multi_action( 2235): [757,111,758,1]
09-21 18:32:48.568 I/sysui_multi_action( 2235): [757,126,758,1,759,126,927,0,928,0,1593,1]
09-21 18:32:48.568 I/sysui_multi_action( 2235): [757,113,758,1,759,113,927,1,928,1,1593,1]
09-21 18:32:48.568 I/sysui_multi_action( 2235): [757,0,758,1,759,0,927,2,928,0,1593,1]
09-21 18:32:48.568 I/sysui_multi_action( 2235): [757,0,758,1,759,0,927,3,928,0,1593,1]
09-21 18:32:48.584 I/sysui_multi_action( 2235): [757,111,758,2]
09-21 18:32:48.584 I/sysui_multi_action( 2235): [757,111,758,2]
09-21 18:32:48.590 I/sysui_multi_action( 2235): [757,111,758,1]
09-21 18:32:48.590 I/sysui_multi_action( 2235): [757,126,758,1,759,126,927,0,928,0,1593,0]
09-21 18:32:48.591 I/sysui_multi_action( 2235): [757,113,758,1,759,113,927,1,928,1,1593,0]
09-21 18:32:48.591 I/sysui_multi_action( 2235): [757,0,758,1,759,0,927,2,928,0,1593,1]
09-21 18:32:48.591 I/sysui_multi_action( 2235): [757,0,758,1,759,0,927,3,928,0,1593,1]
09-21 18:32:48.591 I/sysui_multi_action( 2235): [757,1706,758,1,759,1706,927,4,928,0,1593,1]
09-21 18:32:48.591 I/sysui_multi_action( 2235): [757,491,758,1,759,491,927,5,928,0,1311,-1,1593,0]
09-21 18:32:48.591 I/sysui_multi_action( 2235): [757,0,758,1,759,0,927,6,928,0,1593,0]
09-21 18:32:48.592 I/sysui_multi_action( 2235): [757,0,758,1,759,0,927,7,1593,0]
09-21 18:32:48.592 I/sysui_multi_action( 2235): [757,111,758,1]
09-21 18:32:48.592 I/sysui_multi_action( 2235): [757,126,758,1,759,126,927,0,928,0,1593,1]
09-21 18:32:48.592 I/sysui_multi_action( 2235): [757,113,758,1,759,113,927,1,928,1,1593,1]
09-21 18:32:48.592 I/sysui_multi_action( 2235): [757,0,758,1,759,0,927,2,928,0,1593,1]
09-21 18:32:48.592 I/sysui_multi_action( 2235): [757,0,758,1,759,0,927,3,928,0,1593,1]
09-21 18:32:48.868 I/sysui_multi_action( 2235): [757,111,758,2]
09-21 18:32:48.868 I/sysui_multi_action( 2235): [757,111,758,2]
09-21 18:32:48.874 I/sysui_multi_action( 2235): [757,111,758,1]
09-21 18:32:48.874 I/sysui_multi_action( 2235): [757,126,758,1,759,126,927,0,928,0,1593,0]
09-21 18:32:48.874 I/sysui_multi_action( 2235): [757,113,758,1,759,113,927,1,928,1,1593,0]
09-21 18:32:48.874 I/sysui_multi_action( 2235): [757,0,758,1,759,0,927,2,928,0,1593,0]
09-21 18:32:48.874 I/sysui_multi_action( 2235): [757,0,758,1,759,0,927,3,928,0,1593,0]
09-21 18:32:48.875 I/sysui_multi_action( 2235): [757,1706,758,1,759,1706,927,4,928,0,1593,0]
09-21 18:32:48.881 I/sysui_multi_action( 2235): [757,491,758,1,759,491,927,5,928,0,1311,-1,1593,0]
09-21 18:32:48.881 I/sysui_multi_action( 2235): [757,0,758,1,759,0,927,6,928,0,1593,1]
09-21 18:32:48.881 I/sysui_multi_action( 2235): [757,0,758,1,759,0,927,7,1593,1]
09-21 18:32:48.881 I/sysui_multi_action( 2235): [757,111,758,1]
09-21 18:32:48.881 I/sysui_multi_action( 2235): [757,126,758,1,759,126,927,0,928,0,1593,1]
09-21 18:32:48.882 I/sysui_multi_action( 2235): [757,113,758,1,759,113,927,1,928,1,1593,1]
09-21 18:32:48.882 I/sysui_multi_action( 2235): [757,0,758,1,759,0,927,2,928,0,1593,1]
09-21 18:32:48.882 I/sysui_multi_action( 2235): [757,0,758,1,759,0,927,3,928,0,1593,1]
09-21 18:32:48.899 I/sysui_multi_action( 1154): [757,128,758,1,793,62470356,794,0,795,62470356,796,26,798,0,806,android,857,DEVELOPER_IMPORTANT,858,4,947,0,1395,3,1500,62470353,1688,1]
09-21 18:32:48.900 I/sysui_multi_action( 1154): [757,804,799,note_freshness,801,62470356,802,1]
09-21 18:32:48.900 I/notification_visibility( 1154): [-1|android|26|null|1000,1,62470356,62470356,0,0]
09-21 18:32:48.900 I/sysui_multi_action( 1154): [757,128,758,1,793,62470260,794,0,795,62470260,796,55,798,1,806,android,857,DEVELOPER,858,2,947,0,1395,3,1500,62470259,1688,1]
09-21 18:32:48.900 I/sysui_multi_action( 1154): [757,804,799,note_freshness,801,62470260,802,1]
09-21 18:32:48.900 I/notification_visibility( 1154): [-1|android|55|null|1000,1,62470260,62470260,0,1]
09-21 18:32:48.900 I/sysui_multi_action( 1154): [757,128,758,1,793,62471596,794,0,795,62471596,796,32,798,2,806,android,857,USB,858,1,947,0,1395,3,1500,62470877,1688,1]
09-21 18:32:48.900 I/sysui_multi_action( 1154): [757,804,799,note_freshness,801,62471596,802,1]
09-21 18:32:48.900 I/notification_visibility( 1154): [-1|android|32|null|1000,1,62471596,62471596,0,2]
09-21 18:32:48.901 I/sysui_multi_action( 2235): [757,111,758,2]
09-21 18:32:48.901 I/sysui_multi_action( 2235): [757,111,758,2]
09-21 18:32:48.906 I/sysui_multi_action( 2235): [757,111,758,1]
09-21 18:32:48.907 I/sysui_multi_action( 2235): [757,126,758,1,759,126,927,0,928,0,1593,0]
09-21 18:32:48.907 I/sysui_multi_action( 2235): [757,113,758,1,759,113,927,1,928,1,1593,1]
09-21 18:32:48.907 I/sysui_multi_action( 2235): [757,0,758,1,759,0,927,2,928,0,1593,1]
09-21 18:32:48.907 I/sysui_multi_action( 2235): [757,0,758,1,759,0,927,3,928,0,1593,1]
09-21 18:32:48.907 I/sysui_multi_action( 2235): [757,1706,758,1,759,1706,927,4,928,0,1593,1]
09-21 18:32:48.907 I/sysui_multi_action( 2235): [757,491,758,1,759,491,927,5,928,0,1311,-1,1593,0]
09-21 18:32:48.908 I/sysui_multi_action( 2235): [757,0,758,1,759,0,927,6,928,0,1593,0]
09-21 18:32:48.908 I/sysui_multi_action( 2235): [757,0,758,1,759,0,927,7,1593,0]
09-21 18:32:48.908 I/sysui_multi_action( 2235): [757,111,758,1]
09-21 18:32:48.908 I/sysui_multi_action( 2235): [757,126,758,1,759,126,927,0,928,0,1593,1]
09-21 18:32:48.908 I/sysui_multi_action( 2235): [757,113,758,1,759,113,927,1,928,1,1593,1]
09-21 18:32:48.908 I/sysui_multi_action( 2235): [757,0,758,1,759,0,927,2,928,0,1593,1]
09-21 18:32:48.908 I/sysui_multi_action( 2235): [757,0,758,1,759,0,927,3,928,0,1593,1]
09-21 18:32:48.926 I/sysui_multi_action( 2235): [757,111,758,2]
09-21 18:32:48.926 I/sysui_multi_action( 2235): [757,111,758,2]
09-21 18:32:48.931 I/sysui_multi_action( 2235): [757,111,758,1]
09-21 18:32:48.932 I/sysui_multi_action( 2235): [757,126,758,1,759,126,927,0,928,0,1593,1]
09-21 18:32:48.932 I/sysui_multi_action( 2235): [757,113,758,1,759,113,927,1,928,1,1593,1]
09-21 18:32:48.932 I/sysui_multi_action( 2235): [757,0,758,1,759,0,927,2,928,0,1593,1]
09-21 18:32:48.932 I/sysui_multi_action( 2235): [757,0,758,1,759,0,927,3,928,0,1593,1]
09-21 18:32:48.932 I/sysui_multi_action( 2235): [757,1706,758,1,759,1706,927,4,928,0,1593,1]
09-21 18:32:48.933 I/sysui_multi_action( 2235): [757,491,758,1,759,491,927,5,928,0,1311,-1,1593,0]
09-21 18:32:48.933 I/sysui_multi_action( 2235): [757,0,758,1,759,0,927,6,928,0,1593,0]
09-21 18:32:48.933 I/sysui_multi_action( 2235): [757,0,758,1,759,0,927,7,1593,0]
09-21 18:32:48.933 I/sysui_multi_action( 2235): [757,111,758,1]
09-21 18:32:48.933 I/sysui_multi_action( 2235): [757,126,758,1,759,126,927,0,928,0,1593,1]
09-21 18:32:48.933 I/sysui_multi_action( 2235): [757,113,758,1,759,113,927,1,928,1,1593,1]
09-21 18:32:48.933 I/sysui_multi_action( 2235): [757,0,758,1,759,0,927,2,928,0,1593,1]
09-21 18:32:48.933 I/sysui_multi_action( 2235): [757,0,758,1,759,0,927,3,928,0,1593,1]
09-21 18:32:48.951 I/sysui_multi_action( 2235): [757,111,758,2]
09-21 18:32:48.951 I/sysui_multi_action( 2235): [757,111,758,2]
09-21 18:32:48.956 I/sysui_multi_action( 2235): [757,111,758,1]
09-21 18:32:48.956 I/sysui_multi_action( 2235): [757,126,758,1,759,126,927,0,928,0,1593,0]
09-21 18:32:48.956 I/sysui_multi_action( 2235): [757,113,758,1,759,113,927,1,928,1,1593,0]
09-21 18:32:48.956 I/sysui_multi_action( 2235): [757,0,758,1,759,0,927,2,928,0,1593,0]
09-21 18:32:48.956 I/sysui_multi_action( 2235): [757,0,758,1,759,0,927,3,928,0,1593,0]
09-21 18:32:48.956 I/sysui_multi_action( 2235): [757,1706,758,1,759,1706,927,4,928,0,1593,0]
09-21 18:32:48.957 I/sysui_multi_action( 2235): [757,491,758,1,759,491,927,5,928,0,1311,-1,1593,0]
09-21 18:32:48.957 I/sysui_multi_action( 2235): [757,0,758,1,759,0,927,6,928,0,1593,0]
09-21 18:32:48.957 I/sysui_multi_action( 2235): [757,0,758,1,759,0,927,7,1593,0]
09-21 18:32:48.957 I/sysui_multi_action( 2235): [757,111,758,1]
09-21 18:32:48.957 I/sysui_multi_action( 2235): [757,126,758,1,759,126,927,0,928,0,1593,1]
09-21 18:32:48.957 I/sysui_multi_action( 2235): [757,113,758,1,759,113,927,1,928,1,1593,1]
09-21 18:32:48.958 I/sysui_multi_action( 2235): [757,0,758,1,759,0,927,2,928,0,1593,1]
09-21 18:32:48.958 I/sysui_multi_action( 2235): [757,0,758,1,759,0,927,3,928,0,1593,1]
09-21 18:32:48.974 I/sysui_multi_action( 2235): [757,111,758,2]
09-21 18:32:48.974 I/sysui_multi_action( 2235): [757,111,758,2]
09-21 18:32:48.978 I/sysui_multi_action( 2235): [757,111,758,1]
09-21 18:32:48.979 I/sysui_multi_action( 2235): [757,126,758,1,759,126,927,0,928,0,1593,0]
09-21 18:32:48.979 I/sysui_multi_action( 2235): [757,113,758,1,759,113,927,1,928,1,1593,0]
09-21 18:32:48.979 I/sysui_multi_action( 2235): [757,0,758,1,759,0,927,2,928,0,1593,0]
09-21 18:32:48.979 I/sysui_multi_action( 2235): [757,0,758,1,759,0,927,3,928,0,1593,0]
09-21 18:32:48.979 I/sysui_multi_action( 2235): [757,1706,758,1,759,1706,927,4,928,0,1593,0]
09-21 18:32:48.979 I/sysui_multi_action( 2235): [757,491,758,1,759,491,927,5,928,0,1311,-1,1593,0]
09-21 18:32:48.980 I/sysui_multi_action( 2235): [757,0,758,1,759,0,927,6,928,0,1593,0]
09-21 18:32:48.980 I/sysui_multi_action( 2235): [757,0,758,1,759,0,927,7,1593,0]
09-21 18:32:48.980 I/sysui_multi_action( 2235): [757,111,758,1]
09-21 18:32:48.980 I/sysui_multi_action( 2235): [757,126,758,1,759,126,927,0,928,0,1593,1]
09-21 18:32:48.980 I/sysui_multi_action( 2235): [757,113,758,1,759,113,927,1,928,1,1593,1]
09-21 18:32:48.980 I/sysui_multi_action( 2235): [757,0,758,1,759,0,927,2,928,0,1593,1]
09-21 18:32:48.980 I/sysui_multi_action( 2235): [757,0,758,1,759,0,927,3,928,0,1593,1]
09-21 18:32:48.995 I/sysui_multi_action( 2235): [757,111,758,2]
09-21 18:32:48.995 I/sysui_multi_action( 2235): [757,111,758,2]
09-21 18:32:49.000 I/sysui_multi_action( 2235): [757,111,758,1]
09-21 18:32:49.000 I/sysui_multi_action( 2235): [757,126,758,1,759,126,927,0,928,0,1593,0]
09-21 18:32:49.000 I/sysui_multi_action( 2235): [757,113,758,1,759,113,927,1,928,1,1593,0]
09-21 18:32:49.000 I/sysui_multi_action( 2235): [757,0,758,1,759,0,927,2,928,0,1593,0]
09-21 18:32:49.000 I/sysui_multi_action( 2235): [757,0,758,1,759,0,927,3,928,0,1593,0]
09-21 18:32:49.000 I/sysui_multi_action( 2235): [757,1706,758,1,759,1706,927,4,928,0,1593,0]
09-21 18:32:49.001 I/sysui_multi_action( 2235): [757,491,758,1,759,491,927,5,928,0,1311,-1,1593,0]
09-21 18:32:49.001 I/sysui_multi_action( 2235): [757,0,758,1,759,0,927,6,928,0,1593,0]
09-21 18:32:49.001 I/sysui_multi_action( 2235): [757,0,758,1,759,0,927,7,1593,0]
09-21 18:32:49.001 I/sysui_multi_action( 2235): [757,111,758,1]
09-21 18:32:49.001 I/sysui_multi_action( 2235): [757,126,758,1,759,126,927,0,928,0,1593,1]
09-21 18:32:49.001 I/sysui_multi_action( 2235): [757,113,758,1,759,113,927,1,928,1,1593,1]
09-21 18:32:49.001 I/sysui_multi_action( 2235): [757,0,758,1,759,0,927,2,928,0,1593,1]
09-21 18:32:49.001 I/sysui_multi_action( 2235): [757,0,758,1,759,0,927,3,928,0,1593,1]
09-21 18:32:49.016 I/sysui_multi_action( 2235): [757,111,758,2]
09-21 18:32:49.016 I/sysui_multi_action( 2235): [757,111,758,2]
09-21 18:32:49.021 I/sysui_multi_action( 2235): [757,111,758,1]
09-21 18:32:49.021 I/sysui_multi_action( 2235): [757,126,758,1,759,126,927,0,928,0,1593,0]
09-21 18:32:49.021 I/sysui_multi_action( 2235): [757,113,758,1,759,113,927,1,928,1,1593,0]
09-21 18:32:49.021 I/sysui_multi_action( 2235): [757,0,758,1,759,0,927,2,928,0,1593,0]
09-21 18:32:49.022 I/sysui_multi_action( 2235): [757,0,758,1,759,0,927,3,928,0,1593,0]
09-21 18:32:49.022 I/sysui_multi_action( 2235): [757,1706,758,1,759,1706,927,4,928,0,1593,0]
09-21 18:32:49.022 I/sysui_multi_action( 2235): [757,491,758,1,759,491,927,5,928,0,1311,-1,1593,0]
09-21 18:32:49.022 I/sysui_multi_action( 2235): [757,0,758,1,759,0,927,6,928,0,1593,0]
09-21 18:32:49.022 I/sysui_multi_action( 2235): [757,0,758,1,759,0,927,7,1593,0]
09-21 18:32:49.022 I/sysui_multi_action( 2235): [757,111,758,1]
09-21 18:32:49.022 I/sysui_multi_action( 2235): [757,126,758,1,759,126,927,0,928,0,1593,0]
09-21 18:32:49.022 I/sysui_multi_action( 2235): [757,113,758,1,759,113,927,1,928,1,1593,1]
09-21 18:32:49.023 I/sysui_multi_action( 2235): [757,0,758,1,759,0,927,2,928,0,1593,1]
09-21 18:32:49.023 I/sysui_multi_action( 2235): [757,0,758,1,759,0,927,3,928,0,1593,1]
09-21 18:32:49.038 I/sysui_multi_action( 2235): [757,111,758,2]
09-21 18:32:49.038 I/sysui_multi_action( 2235): [757,111,758,2]
09-21 18:32:49.043 I/sysui_multi_action( 2235): [757,111,758,1]
09-21 18:32:49.043 I/sysui_multi_action( 2235): [757,126,758,1,759,126,927,0,928,0,1593,0]
09-21 18:32:49.043 I/sysui_multi_action( 2235): [757,113,758,1,759,113,927,1,928,1,1593,0]
09-21 18:32:49.043 I/sysui_multi_action( 2235): [757,0,758,1,759,0,927,2,928,0,1593,0]
09-21 18:32:49.043 I/sysui_multi_action( 2235): [757,0,758,1,759,0,927,3,928,0,1593,1]
09-21 18:32:49.043 I/sysui_multi_action( 2235): [757,1706,758,1,759,1706,927,4,928,0,1593,1]
09-21 18:32:49.043 I/sysui_multi_action( 2235): [757,491,758,1,759,491,927,5,928,0,1311,-1,1593,0]
09-21 18:32:49.044 I/sysui_multi_action( 2235): [757,0,758,1,759,0,927,6,928,0,1593,0]
09-21 18:32:49.044 I/sysui_multi_action( 2235): [757,0,758,1,759,0,927,7,1593,0]
09-21 18:32:49.044 I/sysui_multi_action( 2235): [757,111,758,1]
09-21 18:32:49.044 I/sysui_multi_action( 2235): [757,126,758,1,759,126,927,0,928,0,1593,1]
09-21 18:32:49.044 I/sysui_multi_action( 2235): [757,113,758,1,759,113,927,1,928,1,1593,1]
09-21 18:32:49.044 I/sysui_multi_action( 2235): [757,0,758,1,759,0,927,2,928,0,1593,1]
09-21 18:32:49.044 I/sysui_multi_action( 2235): [757,0,758,1,759,0,927,3,928,0,1593,1]
09-21 18:32:49.056 I/sysui_multi_action( 2235): [757,111,758,2]
09-21 18:32:49.056 I/sysui_multi_action( 2235): [757,111,758,2]
09-21 18:32:49.064 I/sysui_multi_action( 2235): [757,111,758,1]
09-21 18:32:49.064 I/sysui_multi_action( 2235): [757,126,758,1,759,126,927,0,928,0,1593,1]
09-21 18:32:49.065 I/sysui_multi_action( 2235): [757,113,758,1,759,113,927,1,928,1,1593,1]
09-21 18:32:49.065 I/sysui_multi_action( 2235): [757,0,758,1,759,0,927,2,928,0,1593,1]
09-21 18:32:49.065 I/sysui_multi_action( 2235): [757,0,758,1,759,0,927,3,928,0,1593,1]
09-21 18:32:49.065 I/sysui_multi_action( 2235): [757,1706,758,1,759,1706,927,4,928,0,1593,1]
09-21 18:32:49.065 I/sysui_multi_action( 2235): [757,491,758,1,759,491,927,5,928,0,1311,-1,1593,0]
09-21 18:32:49.065 I/sysui_multi_action( 2235): [757,0,758,1,759,0,927,6,928,0,1593,0]
09-21 18:32:49.065 I/sysui_multi_action( 2235): [757,0,758,1,759,0,927,7,1593,0]
09-21 18:32:49.066 I/sysui_multi_action( 2235): [757,111,758,1]
09-21 18:32:49.066 I/sysui_multi_action( 2235): [757,126,758,1,759,126,927,0,928,0,1593,1]
09-21 18:32:49.066 I/sysui_multi_action( 2235): [757,113,758,1,759,113,927,1,928,1,1593,1]
09-21 18:32:49.066 I/sysui_multi_action( 2235): [757,0,758,1,759,0,927,2,928,0,1593,1]
09-21 18:32:49.066 I/sysui_multi_action( 2235): [757,0,758,1,759,0,927,3,928,0,1593,1]
09-21 18:32:49.086 I/sysui_multi_action( 2235): [757,111,758,2]
09-21 18:32:49.086 I/sysui_multi_action( 2235): [757,111,758,2]
09-21 18:32:49.091 I/sysui_multi_action( 2235): [757,111,758,1]
09-21 18:32:49.091 I/sysui_multi_action( 2235): [757,126,758,1,759,126,927,0,928,0,1593,0]
09-21 18:32:49.092 I/sysui_multi_action( 2235): [757,113,758,1,759,113,927,1,928,1,1593,0]
09-21 18:32:49.092 I/sysui_multi_action( 2235): [757,0,758,1,759,0,927,2,928,0,1593,0]
09-21 18:32:49.092 I/sysui_multi_action( 2235): [757,0,758,1,759,0,927,3,928,0,1593,0]
09-21 18:32:49.092 I/sysui_multi_action( 2235): [757,1706,758,1,759,1706,927,4,928,0,1593,0]
09-21 18:32:49.092 I/sysui_multi_action( 2235): [757,491,758,1,759,491,927,5,928,0,1311,-1,1593,0]
09-21 18:32:49.093 I/sysui_multi_action( 2235): [757,0,758,1,759,0,927,6,928,0,1593,0]
09-21 18:32:49.093 I/sysui_multi_action( 2235): [757,0,758,1,759,0,927,7,1593,0]
09-21 18:32:49.093 I/sysui_multi_action( 2235): [757,111,758,1]
09-21 18:32:49.093 I/sysui_multi_action( 2235): [757,126,758,1,759,126,927,0,928,0,1593,1]
09-21 18:32:49.093 I/sysui_multi_action( 2235): [757,113,758,1,759,113,927,1,928,1,1593,1]
09-21 18:32:49.093 I/sysui_multi_action( 2235): [757,0,758,1,759,0,927,2,928,0,1593,1]
09-21 18:32:49.093 I/sysui_multi_action( 2235): [757,0,758,1,759,0,927,3,928,0,1593,1]
09-21 18:32:49.107 I/sysui_multi_action( 2235): [757,111,758,2]
09-21 18:32:49.108 I/sysui_multi_action( 2235): [757,111,758,2]
09-21 18:32:49.112 I/sysui_multi_action( 2235): [757,111,758,1]
09-21 18:32:49.112 I/sysui_multi_action( 2235): [757,126,758,1,759,126,927,0,928,0,1593,0]
09-21 18:32:49.112 I/sysui_multi_action( 2235): [757,113,758,1,759,113,927,1,928,1,1593,0]
09-21 18:32:49.112 I/sysui_multi_action( 2235): [757,0,758,1,759,0,927,2,928,0,1593,0]
09-21 18:32:49.112 I/sysui_multi_action( 2235): [757,0,758,1,759,0,927,3,928,0,1593,0]
09-21 18:32:49.112 I/sysui_multi_action( 2235): [757,1706,758,1,759,1706,927,4,928,0,1593,0]
09-21 18:32:49.113 I/sysui_multi_action( 2235): [757,491,758,1,759,491,927,5,928,0,1311,-1,1593,0]
09-21 18:32:49.113 I/sysui_multi_action( 2235): [757,0,758,1,759,0,927,6,928,0,1593,0]
09-21 18:32:49.113 I/sysui_multi_action( 2235): [757,0,758,1,759,0,927,7,1593,0]
09-21 18:32:49.113 I/sysui_multi_action( 2235): [757,111,758,1]
09-21 18:32:49.113 I/sysui_multi_action( 2235): [757,126,758,1,759,126,927,0,928,0,1593,1]
09-21 18:32:49.113 I/sysui_multi_action( 2235): [757,113,758,1,759,113,927,1,928,1,1593,1]
09-21 18:32:49.113 I/sysui_multi_action( 2235): [757,0,758,1,759,0,927,2,928,0,1593,1]
09-21 18:32:49.113 I/sysui_multi_action( 2235): [757,0,758,1,759,0,927,3,928,0,1593,1]
09-21 18:32:49.127 I/sysui_multi_action( 2235): [757,111,758,2]
09-21 18:32:49.127 I/sysui_multi_action( 2235): [757,111,758,2]
09-21 18:32:49.132 I/sysui_multi_action( 2235): [757,111,758,1]
09-21 18:32:49.132 I/sysui_multi_action( 2235): [757,126,758,1,759,126,927,0,928,0,1593,0]
09-21 18:32:49.132 I/sysui_multi_action( 2235): [757,113,758,1,759,113,927,1,928,1,1593,0]
09-21 18:32:49.132 I/sysui_multi_action( 2235): [757,0,758,1,759,0,927,2,928,0,1593,0]
09-21 18:32:49.132 I/sysui_multi_action( 2235): [757,0,758,1,759,0,927,3,928,0,1593,0]
09-21 18:32:49.132 I/sysui_multi_action( 2235): [757,1706,758,1,759,1706,927,4,928,0,1593,0]
09-21 18:32:49.133 I/sysui_multi_action( 2235): [757,491,758,1,759,491,927,5,928,0,1311,-1,1593,0]
09-21 18:32:49.133 I/sysui_multi_action( 2235): [757,0,758,1,759,0,927,6,928,0,1593,0]
09-21 18:32:49.133 I/sysui_multi_action( 2235): [757,0,758,1,759,0,927,7,1593,0]
09-21 18:32:49.133 I/sysui_multi_action( 2235): [757,111,758,1]
09-21 18:32:49.133 I/sysui_multi_action( 2235): [757,126,758,1,759,126,927,0,928,0,1593,1]
09-21 18:32:49.133 I/sysui_multi_action( 2235): [757,113,758,1,759,113,927,1,928,1,1593,1]
09-21 18:32:49.133 I/sysui_multi_action( 2235): [757,0,758,1,759,0,927,2,928,0,1593,1]
09-21 18:32:49.133 I/sysui_multi_action( 2235): [757,0,758,1,759,0,927,3,928,0,1593,1]
09-21 18:32:49.147 I/sysui_multi_action( 2235): [757,111,758,2]
09-21 18:32:49.147 I/sysui_multi_action( 2235): [757,111,758,2]
09-21 18:32:49.151 I/sysui_multi_action( 2235): [757,111,758,1]
09-21 18:32:49.152 I/sysui_multi_action( 2235): [757,126,758,1,759,126,927,0,928,0,1593,1]
09-21 18:32:49.152 I/sysui_multi_action( 2235): [757,113,758,1,759,113,927,1,928,1,1593,1]
09-21 18:32:49.152 I/sysui_multi_action( 2235): [757,0,758,1,759,0,927,2,928,0,1593,1]
09-21 18:32:49.152 I/sysui_multi_action( 2235): [757,0,758,1,759,0,927,3,928,0,1593,1]
09-21 18:32:49.152 I/sysui_multi_action( 2235): [757,1706,758,1,759,1706,927,4,928,0,1593,1]
09-21 18:32:49.153 I/sysui_multi_action( 2235): [757,491,758,1,759,491,927,5,928,0,1311,-1,1593,0]
09-21 18:32:49.153 I/sysui_multi_action( 2235): [757,0,758,1,759,0,927,6,928,0,1593,0]
09-21 18:32:49.153 I/sysui_multi_action( 2235): [757,0,758,1,759,0,927,7,1593,0]
09-21 18:32:49.153 I/sysui_multi_action( 2235): [757,111,758,1]
09-21 18:32:49.153 I/sysui_multi_action( 2235): [757,126,758,1,759,126,927,0,928,0,1593,1]
09-21 18:32:49.153 I/sysui_multi_action( 2235): [757,113,758,1,759,113,927,1,928,1,1593,1]
09-21 18:32:49.153 I/sysui_multi_action( 2235): [757,0,758,1,759,0,927,2,928,0,1593,1]
09-21 18:32:49.153 I/sysui_multi_action( 2235): [757,0,758,1,759,0,927,3,928,0,1593,1]
09-21 18:32:49.166 I/sysui_multi_action( 2235): [757,111,758,2]
09-21 18:32:49.167 I/sysui_multi_action( 2235): [757,111,758,2]
09-21 18:32:49.171 I/sysui_multi_action( 2235): [757,111,758,1]
09-21 18:32:49.171 I/sysui_multi_action( 2235): [757,126,758,1,759,126,927,0,928,0,1593,0]
09-21 18:32:49.171 I/sysui_multi_action( 2235): [757,113,758,1,759,113,927,1,928,1,1593,0]
09-21 18:32:49.171 I/sysui_multi_action( 2235): [757,0,758,1,759,0,927,2,928,0,1593,0]
09-21 18:32:49.171 I/sysui_multi_action( 2235): [757,0,758,1,759,0,927,3,928,0,1593,0]
09-21 18:32:49.171 I/sysui_multi_action( 2235): [757,1706,758,1,759,1706,927,4,928,0,1593,1]
09-21 18:32:49.172 I/sysui_multi_action( 2235): [757,491,758,1,759,491,927,5,928,0,1311,-1,1593,0]
09-21 18:32:49.172 I/sysui_multi_action( 2235): [757,0,758,1,759,0,927,6,928,0,1593,0]
09-21 18:32:49.172 I/sysui_multi_action( 2235): [757,0,758,1,759,0,927,7,1593,0]
09-21 18:32:49.172 I/sysui_multi_action( 2235): [757,111,758,1]
09-21 18:32:49.172 I/sysui_multi_action( 2235): [757,126,758,1,759,126,927,0,928,0,1593,1]
09-21 18:32:49.172 I/sysui_multi_action( 2235): [757,113,758,1,759,113,927,1,928,1,1593,1]
09-21 18:32:49.172 I/sysui_multi_action( 2235): [757,0,758,1,759,0,927,2,928,0,1593,1]
09-21 18:32:49.172 I/sysui_multi_action( 2235): [757,0,758,1,759,0,927,3,928,0,1593,1]
09-21 18:32:49.186 I/sysui_multi_action( 2235): [757,111,758,2]
09-21 18:32:49.187 I/sysui_multi_action( 2235): [757,111,758,2]
09-21 18:32:49.191 I/sysui_multi_action( 2235): [757,111,758,1]
09-21 18:32:49.191 I/sysui_multi_action( 2235): [757,126,758,1,759,126,927,0,928,0,1593,0]
09-21 18:32:49.191 I/sysui_multi_action( 2235): [757,113,758,1,759,113,927,1,928,1,1593,0]
09-21 18:32:49.191 I/sysui_multi_action( 2235): [757,0,758,1,759,0,927,2,928,0,1593,1]
09-21 18:32:49.191 I/sysui_multi_action( 2235): [757,0,758,1,759,0,927,3,928,0,1593,1]
09-21 18:32:49.191 I/sysui_multi_action( 2235): [757,1706,758,1,759,1706,927,4,928,0,1593,1]
09-21 18:32:49.192 I/sysui_multi_action( 2235): [757,491,758,1,759,491,927,5,928,0,1311,-1,1593,0]
09-21 18:32:49.192 I/sysui_multi_action( 2235): [757,0,758,1,759,0,927,6,928,0,1593,0]
09-21 18:32:49.192 I/sysui_multi_action( 2235): [757,0,758,1,759,0,927,7,1593,0]
09-21 18:32:49.192 I/sysui_multi_action( 2235): [757,111,758,1]
09-21 18:32:49.192 I/sysui_multi_action( 2235): [757,126,758,1,759,126,927,0,928,0,1593,1]
09-21 18:32:49.192 I/sysui_multi_action( 2235): [757,113,758,1,759,113,927,1,928,1,1593,1]
