09-21 19:27:31.502 I/sysui_multi_action( 2235): [757,111,758,2]
09-21 19:27:31.503 I/sysui_multi_action( 2235): [757,111,758,2]
09-21 19:27:31.511 I/sysui_multi_action( 2235): [757,111,758,1]
09-21 19:27:31.511 I/sysui_multi_action( 2235): [757,126,758,1,759,126,927,0,928,0,1593,0]
09-21 19:27:31.511 I/sysui_multi_action( 2235): [757,113,758,1,759,113,927,1,928,1,1593,0]
09-21 19:27:31.511 I/sysui_multi_action( 2235): [757,0,758,1,759,0,927,2,928,0,1593,0]
09-21 19:27:31.511 I/sysui_multi_action( 2235): [757,0,758,1,759,0,927,3,928,0,1593,0]
09-21 19:27:31.511 I/sysui_multi_action( 2235): [757,1706,758,1,759,1706,927,4,928,0,1593,0]
09-21 19:27:31.512 I/sysui_multi_action( 2235): [757,491,758,1,759,491,927,5,928,0,1311,2,1593,0]
09-21 19:27:31.512 I/sysui_multi_action( 2235): [757,0,758,1,759,0,927,6,928,0,1593,0]
09-21 19:27:31.512 I/sysui_multi_action( 2235): [757,0,758,1,759,0,927,7,1593,0]
09-21 19:27:31.512 I/sysui_multi_action( 2235): [757,111,758,1]
09-21 19:27:31.512 I/sysui_multi_action( 2235): [757,126,758,1,759,126,927,0,928,0,1593,1]
09-21 19:27:31.512 I/sysui_multi_action( 2235): [757,113,758,1,759,113,927,1,928,1,1593,1]
09-21 19:27:31.512 I/sysui_multi_action( 2235): [757,0,758,1,759,0,927,2,928,0,1593,1]
09-21 19:27:31.512 I/sysui_multi_action( 2235): [757,0,758,1,759,0,927,3,928,0,1593,1]
09-21 19:27:31.516 I/sysui_multi_action( 1154): [757,128,758,2,793,233556,794,2059,795,233556,796,26,798,0,806,android,857,DEVELOPER_IMPORTANT,858,4,947,0,1395,3,1500,233344,1688,1]
09-21 19:27:31.516 I/notification_visibility( 1154): [-1|android|26|null|1000,0,233556,233556,0,0]
09-21 19:27:31.516 I/sysui_multi_action( 1154): [757,128,758,2,793,65752876,794,2058,795,65752876,796,55,798,1,806,android,857,DEVELOPER,858,2,947,0,1395,3,1500,65752875,1688,1]
09-21 19:27:31.516 I/notification_visibility( 1154): [-1|android|55|null|1000,0,65752876,65752876,0,1]
09-21 19:27:31.516 I/sysui_multi_action( 1154): [757,128,758,2,793,233559,794,2057,795,233559,796,32,798,2,806,android,857,USB,858,1,947,0,1395,3,1500,233350,1688,1]
09-21 19:27:31.516 I/notification_visibility( 1154): [-1|android|32|null|1000,0,233559,233559,0,2]
09-21 19:27:31.525 I/sysui_multi_action( 2235): [757,111,758,2]
09-21 19:27:31.526 I/sysui_multi_action( 2235): [757,111,758,2]
09-21 19:27:31.529 I/sysui_multi_action( 2235): [757,111,758,1]
09-21 19:27:31.530 I/sysui_multi_action( 2235): [757,126,758,1,759,126,927,0,928,0,1593,1]
09-21 19:27:31.530 I/sysui_multi_action( 2235): [757,113,758,1,759,113,927,1,928,1,1593,1]
09-21 19:27:31.530 I/sysui_multi_action( 2235): [757,0,758,1,759,0,927,2,928,0,1593,1]
09-21 19:27:31.530 I/sysui_multi_action( 2235): [757,0,758,1,759,0,927,3,928,0,1593,1]
09-21 19:27:31.530 I/sysui_multi_action( 2235): [757,1706,758,1,759,1706,927,4,928,0,1593,1]
09-21 19:27:31.531 I/sysui_multi_action( 2235): [757,491,758,1,759,491,927,5,928,0,1311,2,1593,1]
09-21 19:27:31.531 I/sysui_multi_action( 2235): [757,0,758,1,759,0,927,6,928,0,1593,1]
09-21 19:27:31.531 I/sysui_multi_action( 2235): [757,0,758,1,759,0,927,7,1593,1]
09-21 19:27:31.531 I/sysui_multi_action( 2235): [757,111,758,1]
09-21 19:27:31.531 I/sysui_multi_action( 2235): [757,126,758,1,759,126,927,0,928,0,1593,1]
09-21 19:27:31.531 I/sysui_multi_action( 2235): [757,113,758,1,759,113,927,1,928,1,1593,1]
09-21 19:27:31.531 I/sysui_multi_action( 2235): [757,0,758,1,759,0,927,2,928,0,1593,1]
09-21 19:27:31.531 I/sysui_multi_action( 2235): [757,0,758,1,759,0,927,3,928,0,1593,1]
09-21 19:27:32.032 I/sysui_multi_action( 1154): [757,128,758,1,793,234072,794,0,795,234072,796,26,798,0,806,android,857,DEVELOPER_IMPORTANT,858,4,947,0,1395,3,1500,233860,1688,1]
09-21 19:27:32.032 I/sysui_multi_action( 1154): [757,804,799,note_freshness,801,234072,802,1]
09-21 19:27:32.033 I/notification_visibility( 1154): [-1|android|26|null|1000,1,234072,234072,0,0]
09-21 19:27:32.033 I/sysui_multi_action( 1154): [757,128,758,1,793,65753393,794,0,795,65753393,796,55,798,1,806,android,857,DEVELOPER,858,2,947,0,1395,3,1500,65753392,1688,1]
09-21 19:27:32.033 I/sysui_multi_action( 1154): [757,804,799,note_freshness,801,65753393,802,1]
09-21 19:27:32.034 I/notification_visibility( 1154): [-1|android|55|null|1000,1,65753393,65753393,0,1]
09-21 19:27:32.034 I/sysui_multi_action( 1154): [757,128,758,1,793,234077,794,0,795,234077,796,32,798,2,806,android,857,USB,858,1,947,0,1395,3,1500,233868,1688,1]
09-21 19:27:32.034 I/sysui_multi_action( 1154): [757,804,799,note_freshness,801,234077,802,1]
09-21 19:27:32.034 I/notification_visibility( 1154): [-1|android|32|null|1000,1,234077,234077,0,2]
09-21 19:27:32.279 I/view_enqueue_input_event( 2235): [Motion - Cancel,NotificationShade]
09-21 19:27:32.286 I/input_interaction( 1154): Interaction with: swipe-up (server), edge-swipe (server), PointerEventDispatcher0 (server),
09-21 19:27:32.877 I/commit_sys_config_file( 1154): [package-user-0,9]
09-21 19:27:39.630 I/am_uid_idle( 1154): 10070
09-21 19:27:47.413 I/am_pss ( 1154): [7425,1000,com.qti.diagservices,7274496,4190208,0,94269440,0,10,20] --------- beginning of kernel
01-01 09:08:01.844 D/ ( 0): mv2112_read_status
01-01 09:08:01.847 D/mv2112_update_link( 0): 3.0x901(1G): 0x80
01-01 09:08:01.853 D/mv2112_update_link( 0): 3.0x8109(100M): 0x0
01-01 09:08:01.858 D/mv2112_update_link( 0): link 0x0
01-01 09:08:01.862 D/mv2112_read_status( 0): autoneg is disabled --------- beginning of main
09-21 19:28:09.830 I/mpu_uart( 671): [MSG-P:RECV]:No message received in 1000 ms
01-01 09:08:02.867 D/ ( 0): mv2112_read_status
01-01 09:08:02.871 D/mv2112_update_link( 0): 3.0x901(1G): 0x80
01-01 09:08:02.877 D/mv2112_update_link( 0): 3.0x8109(100M): 0x0
01-01 09:08:02.882 D/mv2112_update_link( 0): link 0x0
01-01 09:08:02.887 D/mv2112_read_status( 0): autoneg is disabled
01-01 09:08:03.180 I/logd ( 0): logdr: UID=0 GID=0 PID=8786 b tail=0 logMask=bf pid=0 start=0ns deadline=0ns
09-21 19:28:10.830 I/mpu_uart( 671): [MSG-P:RECV]:No message received in 1000 ms
01-01 09:08:03.676 I/init ( 0): starting service 'qvrd_vndr'...
01-01 09:08:03.683 I/init ( 0): Created socket '/dev/socket/qvrservice_vndr', mode 660, user 1000, group 1000
01-01 09:08:03.692 I/init ( 0): Created socket '/dev/socket/qvrservice_vndr_camera', mode 660, user 1000, group 1000
01-01 09:08:03.715 I/init ( 0): starting service 'sxrd'...
01-01 09:08:03.730 I/init ( 0): starting service 'vendor.light-hal-2-0'... --------- beginning of crash
09-21 19:28:11.346 F/linker ( 8790): CANNOT LINK EXECUTABLE "/vendor/bin/hw/sxrservice": library "vendor.qti.hardware.qxr-V1-ndk_platform.so" not found: needed by main executable
09-21 19:28:11.370 F/linker ( 8789): CANNOT LINK EXECUTABLE "/vendor/bin/hw/qvrservice": library "vendor.qti.hardware.qxr-V1-ndk_platform.so" not found: needed by /vendor/lib64/libqvrservice.so in namespace (default)
01-01 09:08:03.760 I/init ( 0): Service 'sxrd' (pid 8790) exited with status 1
01-01 09:08:03.766 I/init ( 0): Sending signal 9 to service 'sxrd' (pid 8790) process group...
01-01 09:08:03.774 I/libprocessgroup( 0): Successfully killed process cgroup uid 1000 pid 8790 in 0ms
09-21 19:28:11.377 I/hwservicemanager( 519): getTransport: Cannot find entry android.hardware.light@2.0::ILight/default in either framework or device VINTF manifest.
09-21 19:28:11.380 E/light ( 8791): light_open lights keyboard failed: -22
01-01 09:08:03.784 I/init ( 0): Service 'qvrd_vndr' (pid 8789) exited with status 1
09-21 19:28:11.380 E/light ( 8791): Light passthrough failed to load legacy HAL.
09-21 19:28:11.381 E/light ( 8791): light_open lights buttons failed: -22
09-21 19:28:11.381 E/light ( 8791): Light passthrough failed to load legacy HAL.
01-01 09:08:03.791 I/init ( 0): Sending signal 9 to service 'qvrd_vndr' (pid 8789) process group...
09-21 19:28:11.383 E/light ( 8791): light_open lights bluetooth failed: -22
09-21 19:28:11.383 E/light ( 8791): Light passthrough failed to load legacy HAL.
09-21 19:28:11.383 E/light ( 8791): light_open lights wifi failed: -22
09-21 19:28:11.383 E/light ( 8791): Light passthrough failed to load legacy HAL.
09-21 19:28:11.384 I/hwservicemanager( 519): getTransport: Cannot find entry android.hardware.light@2.0::ILight/default in either framework or device VINTF manifest.
09-21 19:28:11.384 E/HidlServiceManagement( 8791): Service android.hardware.light@2.0::ILight/default must be in VINTF manifest in order to register/get.
09-21 19:28:11.384 E/LegacySupport( 8791): Could not register service android.hardware.light@2.0::ILight/default (-2147483648).
01-01 09:08:03.892 D/ ( 0): mv2112_read_status
01-01 09:08:03.896 D/mv2112_update_link( 0): 3.0x901(1G): 0x80
01-01 09:08:03.901 D/mv2112_update_link( 0): 3.0x8109(100M): 0x0
01-01 09:08:03.906 D/mv2112_update_link( 0): link 0x0
01-01 09:08:03.910 D/mv2112_read_status( 0): autoneg is disabled
09-21 19:28:11.829 I/mpu_uart( 671): [MSG-P:R]:recv sync frame timeout
09-21 19:28:11.831 I/mpu_uart( 671): [MSG-P:RECV]:No message received in 1000 ms
01-01 09:08:04.916 D/ ( 0): mv2112_read_status
01-01 09:08:04.919 D/mv2112_update_link( 0): 3.0x901(1G): 0x80
01-01 09:08:04.926 D/mv2112_update_link( 0): 3.0x8109(100M): 0x0
01-01 09:08:04.931 D/mv2112_update_link( 0): link 0x0
01-01 09:08:04.936 D/mv2112_read_status( 0): autoneg is disabled
09-21 19:28:12.832 I/mpu_uart( 671): [MSG-P:RECV]:No message received in 1000 ms
09-21 19:28:13.031 I/input_interaction( 1154): Interaction with: f34a2a3 NotificationShade (server), swipe-up (server), edge-swipe (server), PointerEventDispatcher0 (server),
09-21 19:28:13.152 I/sysui_multi_action( 2235): [757,406,758,4]
09-21 19:28:13.156 D/ActivityLaunchAnimator( 2235): Starting intent with a launch animation --------- beginning of system
09-21 19:28:13.164 I/ActivityTaskManager( 1154): START u0 {act=android.settings.SETTINGS flg=0x14000000 cmp=com.android.settings/.homepage.SettingsHomepageActivity} from uid 10087
09-21 19:28:13.165 D/audio_hw_primary( 835): start_output_stream: enter: stream(0xe58c64c0)usecase(1: low-latency-playback) devices(0x2) is_haptic_usecase(0)
09-21 19:28:13.166 E/ANDR-PERF-TARGET( 992): Error: Invalid logical cluster id 0
09-21 19:28:13.166 E/ANDR-PERF-REQUEST( 992): invalid request
09-21 19:28:13.166 E/ANDR-PERF-MPCTL( 992): invalid request, no optimizations performed
09-21 19:28:13.166 E/audio_hw_extn( 835): audio_extn_perf_lock_acquire: Failed to acquire perf lock, err: -1
09-21 19:28:13.166 D/audio_hw_primary( 835): select_devices for use case (low-latency-playback)
09-21 19:28:13.166 I/msm8974_platform( 835): platform_check_and_set_codec_backend_cfg:becf: afe: bitwidth 16, samplerate 48000 channels 2, backend_idx 0 usecase = 1 device (speaker)
09-21 19:28:13.166 D/msm8974_platform( 835): platform_split_snd_device: snd_device(2) num devices(1) new_snd_devices(0)
09-21 19:28:13.166 I/msm8974_platform( 835): platform_check_and_set_codec_backend_cfg: new_snd_devices[0] is 2
09-21 19:28:13.166 I/msm8974_platform( 835): platform_check_codec_backend_cfg:becf: afe: bitwidth 16, samplerate 48000 channels 2, backend_idx 0 usecase = 1 device (speaker)
09-21 19:28:13.166 I/EventSequenceValidator( 1154): inc AccIntentStartedEvents to 2
09-21 19:28:13.169 D/audio_hw_extn( 835): audio_extn_enable_hifi_filter: mixer_value set 0
09-21 19:28:13.169 D/msm8974_platform( 835): platform_check_codec_backend_cfg:becf: updated afe: bitwidth 16, samplerate 48000 channels 2,backend_idx 0 usecase = 1 device (speaker)
09-21 19:28:13.169 D/msm8974_platform( 835): platform_check_codec_backend_cfg:becf: afe: playback on codec device not supporting native playback set default Sample Rate(48k)
09-21 19:28:13.169 I/msm8974_platform( 835): platform_check_codec_backend_cfg:becf: afe: Codec selected backend: 0 updated bit width: 16 and sample rate: 48000
09-21 19:28:13.169 D/audio_hw_primary( 835): check_usecases_codec_backend:becf: force routing 0
09-21 19:28:13.169 E/msm8974_platform( 835): platform_check_backends_match: Invalid snd_device =
09-21 19:28:13.169 D/audio_hw_primary( 835): check_usecases_codec_backend:becf: (78) check_usecases curr device: speaker, usecase device: backends match 0
09-21 19:28:13.169 D/audio_hw_primary( 835): check_usecases_codec_backend:becf: check_usecases num.of Usecases to switch 0
09-21 19:28:13.169 D/hardware_info( 835): hw_info_append_hw_type : device_name = speaker
09-21 19:28:13.169 D/msm8974_platform( 835): platform_split_snd_device: snd_device(2) num devices(0) new_snd_devices(0)
09-21 19:28:13.169 D/audio_hw_primary( 835): enable_snd_device: snd_device(2: speaker)
09-21 19:28:13.169 D/msm8974_platform( 835): platform_get_island_cfg_on_device:island cfg status on snd_device = (speaker 0)
09-21 19:28:13.170 I/soundtrigger( 835): audio_extn_sound_trigger_update_device_status: device 0x2 of type 0 for Event 1, with Raise=0
09-21 19:28:13.170 D/audio_route( 835): Apply path: speaker
09-21 19:28:13.170 I/audio_hw_utils( 835): audio_extn_utils_update_stream_output_app_type_cfg Allowing 24 and above bits playback on speaker ONLY at default sampling rate
09-21 19:28:13.170 E/soundtrigger( 835): audio_extn_sound_trigger_update_stream_status: invalid input device 0x0, for event 3
09-21 19:28:13.170 D/soundtrigger( 835): audio_extn_sound_trigger_update_stream_status: uc_info->id 1 of type 0 for Event 3, with Raise=0
09-21 19:28:13.170 D/audio_hw_utils( 835): audio_extn_utils_send_app_type_cfg: usecase->out_snd_device speaker
09-21 19:28:13.170 D/msm8974_platform( 835): platform_split_snd_device: snd_device(2) num devices(0) new_snd_devices(0)
09-21 19:28:13.170 D/audio_hw_utils( 835): audio_extn_btsco_get_sample_rate:Not a BT SCO device, need not update sampling rate
09-21 19:28:13.170 I/audio_hw_utils( 835): send_app_type_cfg_for_device PLAYBACK app_type 69937, acdb_dev_id 15, sample_rate 48000, snd_device_be_idx 179
09-21 19:28:13.171 D/msm8974_platform( 835): platform_split_snd_device: snd_device(2) num devices(1) new_snd_devices(0)
09-21 19:28:13.171 D/audio_hw_utils( 835): audio_extn_btsco_get_sample_rate:Not a BT SCO device, need not update sampling rate
09-21 19:28:13.171 D/ACDB-LOADER( 835): ACDB -> send_audio_cal, acdb_id = 15, path = 0, app id = 0x11131, sample rate = 48000, afe_sample_rate = 48000
09-21 19:28:13.171 D/ACDB-LOADER( 835): ACDB -> send_asm_topology
09-21 19:28:13.171 D/ACDB-LOADER( 835): ACDB -> ACDB_CMD_GET_AUDPROC_STREAM_TOPOLOGY_ID
09-21 19:28:13.171 D/ACDB-LOADER( 835): ACDB -> send_adm_topology
09-21 19:28:13.171 D/ACDB-LOADER( 835): ACDB -> ACDB_CMD_GET_AUDPROC_COMMON_TOPOLOGY_ID
09-21 19:28:13.172 D/ACDB-LOADER( 835): ACDB -> send_audtable
09-21 19:28:13.172 D/ACDB-LOADER( 835): ACDB -> ACDB_CMD_GET_AUDPROC_INSTANCE_COMMON_TABLE_SIZE
09-21 19:28:13.172 D/ACDB-LOADER( 835): ACDB -> ACDB_CMD_GET_AUDPROC_INSTANCE_COMMON_TABLE
09-21 19:28:13.172 D/ACDB-LOADER( 835): ACDB -> AUDIO_SET_AUDPROC_CAL cal_type[11] acdb_id[15] app_type[69937]
09-21 19:28:13.172 D/ACDB-LOADER( 835): ACDB -> send_audvoltable
09-21 19:28:13.172 D/ACDB-LOADER( 835): ACDB -> ACDB_CMD_GET_AUDPROC_INSTANCE_GAIN_DEP_STEP_TABLE_SIZE
09-21 19:28:13.172 D/ACDB-LOADER( 835): ACDB -> ACDB_CMD_GET_AUDPROC_INSTANCE_GAIN_DEP_STEP_TABLE, vol index 0
09-21 19:28:13.172 D/ACDB-LOADER( 835): ACDB -> AUDIO_SET_VOL_CAL cal type = 12
09-21 19:28:13.172 D/ACDB-LOADER( 835): ACDB -> ACDB_CMD_GET_AUDPROC_INSTANCE_STREAM_TABLE_SIZE
09-21 19:28:13.172 D/ACDB-LOADER( 835): ACDB -> send_audstrmtable
09-21 19:28:13.172 D/ACDB-LOADER( 835): ACDB -> ACDB_CMD_GET_AUDPROC_INSTANCE_STREAM_TABLE
09-21 19:28:13.172 D/ACDB-LOADER( 835): ACDB -> audstrm_cal->cal_type.cal_data.cal_size = 20
09-21 19:28:13.172 D/ACDB-LOADER( 835): ACDB -> send_afe_topology
09-21 19:28:13.172 D/ACDB-LOADER( 835): ACDB -> ACDB_CMD_GET_AFE_TOPOLOGY_ID
09-21 19:28:13.172 D/ACDB-LOADER( 835): ACDB -> GET_AFE_TOPOLOGY_ID for adcd_id 15, Topology Id 112fc
09-21 19:28:13.172 D/ACDB-LOADER( 835): ACDB -> send_afe_cal
09-21 19:28:13.173 D/ACDB-LOADER( 835): ACDB -> ACDB_CMD_GET_AFE_INSTANCE_COMMON_TABLE_SIZE
09-21 19:28:13.173 D/android.hardware.audio.service( 835): Failed to fetch the lookup information of the device 0000000F
09-21 19:28:13.173 D/ACDB-LOADER( 835): Error: ACDB_CMD_GET_AFE_INSTANCE_COMMON_TABLE_SIZE Returned = -19
09-21 19:28:13.173 D/ACDB-LOADER( 835): ACDB -> ACDB_CMD_GET_AFE_INSTANCE_COMMON_TABLE
09-21 19:28:13.173 D/android.hardware.audio.service( 835): Failed to fetch the lookup information of the device 0000000F
09-21 19:28:13.173 D/ACDB-LOADER( 835): Error: ACDB AFE returned = -19
09-21 19:28:13.173 D/ACDB-LOADER( 835): ACDB -> AUDIO_SET_AFE_CAL cal_type[16] acdb_id[15]
09-21 19:28:13.173 D/ACDB-LOADER( 835): ACDB -> send_hw_delay : acdb_id = 15 path = 0
09-21 19:28:13.173 D/ACDB-LOADER( 835): ACDB -> ACDB_AVSYNC_INFO: ACDB_CMD_GET_DEVICE_PROPERTY
09-21 19:28:13.173 D/msm8974_platform( 835): platform_split_snd_device: snd_device(2) num devices(0) new_snd_devices(0)
09-21 19:28:13.173 I/msm8974_platform( 835): platform_get_custom_mtmx_params: no matching param with id 0 ip_ch 2 op_ch 2 uc_id 1 snd_dev 2
09-21 19:28:13.173 D/audio_hw_primary( 835): enable_audio_route: apply mixer and update path: low-latency-playback
09-21 19:28:13.173 D/audio_route( 835): Apply path: low-latency-playback
09-21 19:28:13.175 D/audio_hw_primary( 835): select_devices: done
09-21 19:28:13.181 E/ANDR-PERF-JNI( 1154): com_qualcomm_qtiperformance_native_perf_io_prefetch_start
09-21 19:28:13.188 I/wm_task_created( 1154): [54,-1]
09-21 19:28:13.188 W/ActivityTaskManager( 1154): Can't find TaskDisplayArea to determine support for multi window. Task id=54 attached=false
09-21 19:28:13.196 I/wm_task_moved( 1154): [54,1,7]
09-21 19:28:13.196 I/wm_task_to_front( 1154): [0,54]
09-21 19:28:13.197 I/wm_create_task( 1154): [0,54]
09-21 19:28:13.197 I/wm_create_activity( 1154): [0,24158223,54,com.android.settings/.homepage.SettingsHomepageActivity,android.settings.SETTINGS,NULL,NULL,335544320]
09-21 19:28:13.197 I/wm_task_moved( 1154): [54,1,7]
09-21 19:28:13.197 I/wm_on_top_resumed_lost_called( 5169): [185045071,com.android.launcher3.uioverrides.QuickstepLauncher,topStateChangedWhenResumed]
09-21 19:28:13.199 D/CompatibilityChangeReporter( 1154): Compat change id reported: 168419799; UID 1000; state: DISABLED
09-21 19:28:13.199 D/CompatibilityInfo( 1154): mCompatibilityFlags - 4
09-21 19:28:13.199 D/CompatibilityInfo( 1154): applicationDensity - 240
09-21 19:28:13.199 D/CompatibilityInfo( 1154): applicationScale - 1.0
09-21 19:28:13.200 D/ActivityTrigger( 1154): ActivityTrigger activityPauseTrigger
09-21 19:28:13.200 D/PhoneStartingWindowTypeAlgorithm( 2235): preferredStartingWindowType newTask:true taskSwitch:true processRunning:false allowTaskSnapshot:true activityCreated:false useEmptySplashScreen:true legacySplashScreen:false topIsHome:false
01-01 09:08:05.587 I/afe_find_cal_topo_id_by_port( 0): port id: 0x9000, dev_acdb_id: 0
09-21 19:28:13.200 I/wm_pause_activity( 1154): [0,185045071,com.android.launcher3/.uioverrides.QuickstepLauncher,userLeaving=true,pauseBackTasks]
09-21 19:28:13.200 D/StartingSurfaceDrawer( 2235): addSplashScreen com.android.settings theme=7f13033e task=54 suggestType=3
01-01 09:08:05.594 I/afe_find_cal_topo_id_by_port( 0): top_id:112fc acdb_id:15 afe_port:0x9000
01-01 09:08:05.602 I/afe_get_cal_topology_id( 0): port_id = 0x9000 acdb_id = 15 topology_id = 0x112fc cal_type_index=8 ret=0
09-21 19:28:13.203 E/ANDR-IOP( 988): io prefetch is disabled
09-21 19:28:13.203 I/wm_on_paused_called( 5169): [185045071,com.android.launcher3.uioverrides.QuickstepLauncher,performPause]
09-21 19:28:13.205 D/StartingSurfaceDrawer( 2235): window attributes color: 0 icon null duration 0 brandImage null
09-21 19:28:13.206 D/SplashScreenView( 2235): Build android.window.SplashScreenView{4a9101c V.E...... ......ID 0,0-0,0}
09-21 19:28:13.206 D/SplashScreenView( 2235): Icon: view: null drawable: null size: 0
09-21 19:28:13.206 D/SplashScreenView( 2235): Branding: view: android.view.View{8c9425 G.ED..... ......I. 0,0-0,0 #10204a8 android:id/splashscreen_branding_view} drawable: null size w: 0 h: 0
09-21 19:28:13.206 D/StartingSurfaceDrawer( 2235): fillViewWithIcon surfaceWindowView android.window.SplashScreenView{4a9101c V.E...... ......ID 0,0-0,0}
09-21 19:28:13.208 D/ActivityLaunchAnimator( 2235): launchResult=0 willAnimate=true isOnKeyguard=false
09-21 19:28:13.211 I/wm_add_to_stopping( 1154): [0,185045071,com.android.launcher3/.uioverrides.QuickstepLauncher,makeInvisible]
01-01 09:08:05.613 I/afe_send_port_topology_id( 0): AFE set topology id 0x112fc enable for port 0x9000 ret 0
01-01 09:08:05.622 I/send_afe_cal_type( 0): cal_index is 0
09-21 19:28:13.218 D/CompatibilityChangeReporter( 1154): Compat change id reported: 135634846; UID 1000; state: DISABLED
09-21 19:28:13.218 D/CompatibilityChangeReporter( 1154): Compat change id reported: 177438394; UID 1000; state: DISABLED
09-21 19:28:13.218 D/CompatibilityChangeReporter( 1154): Compat change id reported: 135772972; UID 1000; state: DISABLED
09-21 19:28:13.218 D/CompatibilityChangeReporter( 1154): Compat change id reported: 135754954; UID 1000; state: ENABLED
01-01 09:08:05.627 I/send_afe_cal_type( 0): dev_acdb_id[55] is 0
01-01 09:08:05.632 I/send_afe_cal_type( 0): Sending cal_index cal 0
01-01 09:08:05.638 E/send_afe_cal_type( 0): No cal sent for cal_index 0, port_id = 0x9000! ret -22
01-01 09:08:05.646 I/afe_send_hw_delay( 0): port_id 0x9000 rate 48000 delay_usec 474 status 0
09-21 19:28:13.248 I/sysui_multi_action( 1154): [757,803,799,window_time_0,802,46]
09-21 19:28:13.261 D/Zygote ( 696): Forked child process 8794
09-21 19:28:13.262 I/am_proc_start( 1154): [0,8794,1000,com.android.settings,pre-top-activity,{com.android.settings/com.android.settings.homepage.SettingsHomepageActivity}]
09-21 19:28:13.262 I/ActivityManager( 1154): Start proc 8794:com.android.settings/1000 for pre-top-activity {com.android.settings/com.android.settings.homepage.SettingsHomepageActivity}
09-21 19:28:13.267 W/ContextImpl( 1154): Calling a method in the system process without a qualified user: android.app.ContextImpl.sendBroadcast:1173 com.qualcomm.qti.Performance$SendGameLaunchBroadcast.run:217 java.lang.Thread.run:920
09-21 19:28:13.269 W/ActivityManager( 1154): Slow operation: 52ms so far, now at startProcess: done updating pids map
09-21 19:28:13.271 D/ActivityLaunchAnimator( 2235): Remote animation started
09-21 19:28:13.271 D/msm8974_platform( 835): platform_set_channel_map mixer_ctl_name:Playback Channel Map9
09-21 19:28:13.271 D/msm8974_platform( 835): platform_set_channel_map: set mapping(1 2 0 0 0 0 0 0) for channel:2
09-21 19:28:13.271 D/ActivityLaunchAnimator( 2235): Animation started
09-21 19:28:13.272 E/audio_hw_extn( 835): audio_extn_perf_lock_release: Perf lock release error
09-21 19:28:13.272 D/audio_hw_primary( 835): start_output_stream: exit
09-21 19:28:13.281 W/SQLiteLog( 3406): (28) double-quoted string literal: "com.android.settings"
09-21 19:28:13.297 I/adbd ( 8709): jdwp connection from 8794
01-01 09:08:05.705 I/binder ( 0): 8794:8794 ioctl 40046210 7fcc2805c4 returned -22
09-21 19:28:13.305 D/ProcessState( 8794): Binder ioctl to enable oneway spam detection failed: Invalid argument
09-21 19:28:13.310 I/am_proc_bound( 1154): [0,8794,com.android.settings]
09-21 19:28:13.311 D/CompatibilityInfo( 1154): mCompatibilityFlags - 4
09-21 19:28:13.312 D/CompatibilityInfo( 1154): applicationDensity - 240
09-21 19:28:13.312 D/CompatibilityInfo( 1154): applicationScale - 1.0
09-21 19:28:13.314 I/wm_restart_activity( 1154): [0,24158223,54,com.android.settings/.homepage.SettingsHomepageActivity]
09-21 19:28:13.314 D/CompatibilityInfo( 1154): mCompatibilityFlags - 4
09-21 19:28:13.314 D/CompatibilityInfo( 1154): applicationDensity - 240
09-21 19:28:13.314 D/CompatibilityInfo( 1154): applicationScale - 1.0
09-21 19:28:13.314 I/wm_set_resumed_activity( 1154): [0,com.android.settings/.homepage.SettingsHomepageActivity,minimalResumeActivityLocked]
09-21 19:28:13.316 D/CompatibilityChangeReporter( 1154): Compat change id reported: 181136395; UID 1000; state: DISABLED
09-21 19:28:13.322 D/CompatibilityChangeReporter( 1154): Compat change id reported: 174042936; UID 1000; state: DISABLED
09-21 19:28:13.323 D/CompatibilityChangeReporter( 8794): Compat change id reported: 171979766; UID 1000; state: ENABLED
09-21 19:28:13.330 W/ndroid.setting( 8794): ClassLoaderContext shared library size mismatch. Expected=2, found=0 (PCL[]{PCL[/system/framework/org.apache.http.legacy.jar*2058259660]#PCL[/system_ext/framework/extphonelib.jar*2894378777]} | PCL[])
09-21 19:28:13.341 I/Perf ( 8794): Connecting to perf service.
09-21 19:28:13.345 V/GraphicsEnvironment( 8794): ANGLE Developer option for 'com.android.settings' set to: 'default'
09-21 19:28:13.346 V/GraphicsEnvironment( 8794): ANGLE GameManagerService for com.android.settings: false
09-21 19:28:13.347 D/NetworkSecurityConfig( 8794): No Network Security Config specified, using platform default
09-21 19:28:13.347 D/NetworkSecurityConfig( 8794): No Network Security Config specified, using platform default
09-21 19:28:13.354 D/SettingsSliceProvider( 8794): init
09-21 19:28:13.354 D/SettingsSliceProvider( 8794): onCreateSliceProvider
09-21 19:28:13.362 D/StatusBar( 2235): disable disable2
09-21 19:28:13.370 I/SettingsHomepageActivity( 8794): SettingsHomepageActivity: onCreate
09-21 19:28:13.388 E/ThemeUtils( 8794): View class androidx.appcompat.widget.AppCompatImageView is an AppCompat widget that can only be used with a Theme.AppCompat theme (or descendant).
09-21 19:28:13.390 D/CompatibilityChangeReporter( 8794): Compat change id reported: 171228096; UID 1000; state: ENABLED
01-01 09:08:05.803 I/IRQ 5 ( 0): no longer affine to CPU6
09-21 19:28:13.410 D/AvatarViewMixin( 8794): Feature disabled by config. Skipping
09-21 19:28:13.415 I/wm_on_create_called( 8794): [24158223,com.android.settings.homepage.SettingsHomepageActivity,performCreate]
09-21 19:28:13.419 D/PrefCtrlListHelper( 8794): Could not find Context-only controller for pref: com.android.settings.network.TopLevelNetworkEntryPreferenceController
09-21 19:28:13.420 D/PrefCtrlListHelper( 8794): Could not find Context-only controller for pref: com.android.settings.connecteddevice.TopLevelConnectedDevicesPreferenceController
09-21 19:28:13.420 D/PrefCtrlListHelper( 8794): Could not find Context-only controller for pref: com.android.settings.fuelgauge.TopLevelBatteryPreferenceController
09-21 19:28:13.421 D/PrefCtrlListHelper( 8794): Could not find Context-only controller for pref: com.android.settings.deviceinfo.TopLevelStoragePreferenceController
09-21 19:28:13.421 D/PrefCtrlListHelper( 8794): Could not find Context-only controller for pref: com.android.settings.display.TopLevelDisplayPreferenceController
09-21 19:28:13.421 D/PrefCtrlListHelper( 8794): Could not find Context-only controller for pref: com.android.settings.display.TopLevelWallpaperPreferenceController
09-21 19:28:13.421 D/PrefCtrlListHelper( 8794): Could not find Context-only controller for pref: com.android.settings.accessibility.TopLevelAccessibilityPreferenceController
09-21 19:28:13.421 D/PrefCtrlListHelper( 8794): Could not find Context-only controller for pref: com.android.settings.security.TopLevelSecurityEntryPreferenceController
09-21 19:28:13.421 D/PrefCtrlListHelper( 8794): Could not find Context-only controller for pref: com.android.settings.location.TopLevelLocationPreferenceController
09-21 19:28:13.422 D/PrefCtrlListHelper( 8794): Could not find Context-only controller for pref: com.android.settings.accounts.TopLevelAccountEntryPreferenceController
09-21 19:28:13.422 D/PrefCtrlListHelper( 8794): Could not find Context-only controller for pref: com.android.settings.deviceinfo.aboutphone.TopLevelAboutDevicePreferenceController
09-21 19:28:13.423 D/PrefCtrlListHelper( 8794): Could not find Context-only controller for pref: com.android.settings.support.SupportPreferenceController
09-21 19:28:13.427 E/UserRestrictionsUtils( 1154): Unknown restriction queried by uid 1000 (com.thundercomm.mcuupgrade et al): null
09-21 19:28:13.428 W/InstrumentedPrefFrag( 8794): Screen title missing for fragment com.android.settings.homepage.TopLevelSettings
09-21 19:28:13.436 D/TopLevelSettings( 8794): NO dashboard tiles for TopLevelSettings
09-21 19:28:13.436 D/TopLevelSettings( 8794): All preferences added, reporting fully drawn
09-21 19:28:13.437 I/TopLevelSettings( 8794): TopLevelSettings: TopLevelSettings::com.android.settings.network.NetworkDashboardFragment
09-21 19:28:13.446 I/OpenGLRenderer( 2235): Davey! duration=9223368394016ms; Flags=0, FrameTimelineVsyncId=110252, IntendedVsync=3642800781745, Vsync=3642800781745, InputEventId=0, HandleInputStart=3642805245222, AnimationStart=3642805246004, PerformTraversalsStart=3642806025222, DrawStart=3642824494337, FrameDeadline=3642817448411, FrameInterval=3642805243087, FrameStartTime=16666666, SyncQueued=3642824630327, SyncStart=3642861790952, IssueDrawCommandsStart=3642862488868, SwapBuffers=3642862652410, FrameCompleted=9223372036854775807, DequeueBufferDuration=9792, QueueBufferDuration=703073, GpuCompleted=9223372036854775807, SwapBuffersCompleted=3642863628816, DisplayPresentTime=0,
09-21 19:28:13.461 D/audio_hw_primary( 835): out_set_parameters: enter: usecase(1: low-latency-playback) kvpairs: suspend_playback=true
09-21 19:28:13.461 D/audio_hw_extn( 835): audio_extn_fm_set_parameters: Enter
09-21 19:28:13.468 I/TetheringManager( 8794): registerTetheringEventCallback:com.android.settings
09-21 19:28:13.469 D/PrefCtrlListHelper( 8794): Could not find Context-only controller for pref: com.android.settings.network.MultiNetworkHeaderController
09-21 19:28:13.470 D/PrefCtrlListHelper( 8794): Could not find Context-only controller for pref: com.android.settings.network.AirplaneModePreferenceController
09-21 19:28:13.470 D/PrefCtrlListHelper( 8794): Could not find Context-only controller for pref: com.android.settings.network.AllInOneTetherPreferenceController
09-21 19:28:13.470 D/PrefCtrlListHelper( 8794): Could not find Context-only controller for pref: com.android.settings.network.AdaptiveConnectivityPreferenceController
09-21 19:28:13.475 W/CarrierConfigManager( 8794): Error getting config for subId -1 ICarrierConfigLoader is null
09-21 19:28:13.476 D/MobilePlanPrefContr( 8794): onCreate: mMobilePlanDialogMessage=null
09-21 19:28:13.478 D/BluetoothPan( 8794): Binding service...
09-21 19:28:13.480 E/UserRestrictionsUtils( 1154): Unknown restriction queried by uid 1000 (com.thundercomm.mcuupgrade et al): null
09-21 19:28:13.500 D/NetworkDashboardFrag( 8794): NO dashboard tiles for NetworkDashboardFrag
09-21 19:28:13.500 D/NetworkDashboardFrag( 8794): All preferences added, reporting fully drawn
09-21 19:28:13.510 W/BatteryBroadcastRcvr( 8794): Problem reading the battery meter.
09-21 19:28:13.515 D/ConnectivityService( 1154): requestNetwork for uid/pid:1000/8794 activeRequest: null callbackRequest: 337 [NetworkRequest [ REQUEST id=338, [ Capabilities: INTERNET&NOT_RESTRICTED&TRUSTED&NOT_VCN_MANAGED Uid: 1000 RequestorUid: 1000 RequestorPkg: com.android.settings] ]] callback flags: 0 priority: 2147483647
09-21 19:28:13.515 D/ConnectivityService( 1154): NetReassign [no changes]
09-21 19:28:13.517 D/Ethernet( 1154): got request NetworkRequest [ REQUEST id=338, [ Capabilities: INTERNET&NOT_RESTRICTED&TRUSTED&NOT_VCN_MANAGED Uid: 1000 RequestorUid: 1000 RequestorPkg: com.android.settings] ]
09-21 19:28:13.517 D/EthernetNetworkFactory( 1154): acceptRequest, request: NetworkRequest [ REQUEST id=338, [ Capabilities: INTERNET&NOT_RESTRICTED&TRUSTED&NOT_VCN_MANAGED Uid: 1000 RequestorUid: 1000 RequestorPkg: com.android.settings] ]
09-21 19:28:13.517 I/EthernetNetworkFactory( 1154): networkForRequest, request: NetworkRequest [ REQUEST id=338, [ Capabilities: INTERNET&NOT_RESTRICTED&TRUSTED&NOT_VCN_MANAGED Uid: 1000 RequestorUid: 1000 RequestorPkg: com.android.settings] ], network: null
09-21 19:28:13.517 D/ConnectivityService( 1154): NetReassign [no changes]
09-21 19:28:13.517 D/WifiNetworkFactory( 1154): got request NetworkRequest [ REQUEST id=338, [ Capabilities: INTERNET&NOT_RESTRICTED&TRUSTED&NOT_VCN_MANAGED Uid: 1000 RequestorUid: 1000 RequestorPkg: com.android.settings] ]
09-21 19:28:13.517 D/ConnectivityService( 1154): requestNetwork for uid/pid:1000/8794 activeRequest: null callbackRequest: 340 [NetworkRequest [ REQUEST id=341, [ Capabilities: INTERNET&NOT_RESTRICTED&TRUSTED&NOT_VCN_MANAGED Uid: 1000 RequestorUid: 1000 RequestorPkg: com.android.settings] ]] callback flags: 0 priority: 2147483647
09-21 19:28:13.517 D/UntrustedWifiNetworkFactory( 1154): got request NetworkRequest [ REQUEST id=338, [ Capabilities: INTERNET&NOT_RESTRICTED&TRUSTED&NOT_VCN_MANAGED Uid: 1000 RequestorUid: 1000 RequestorPkg: com.android.settings] ]
09-21 19:28:13.517 D/ConnectivityService( 1154): NetReassign [no changes]
09-21 19:28:13.517 D/OemPaidWifiNetworkFactory( 1154): got request NetworkRequest [ REQUEST id=338, [ Capabilities: INTERNET&NOT_RESTRICTED&TRUSTED&NOT_VCN_MANAGED Uid: 1000 RequestorUid: 1000 RequestorPkg: com.android.settings] ]
09-21 19:28:13.518 D/WifiNetworkFactory( 1154): got request NetworkRequest [ REQUEST id=341, [ Capabilities: INTERNET&NOT_RESTRICTED&TRUSTED&NOT_VCN_MANAGED Uid: 1000 RequestorUid: 1000 RequestorPkg: com.android.settings] ]
09-21 19:28:13.518 D/Ethernet( 1154): got request NetworkRequest [ REQUEST id=341, [ Capabilities: INTERNET&NOT_RESTRICTED&TRUSTED&NOT_VCN_MANAGED Uid: 1000 RequestorUid: 1000 RequestorPkg: com.android.settings] ]
09-21 19:28:13.518 D/UntrustedWifiNetworkFactory( 1154): got request NetworkRequest [ REQUEST id=341, [ Capabilities: INTERNET&NOT_RESTRICTED&TRUSTED&NOT_VCN_MANAGED Uid: 1000 RequestorUid: 1000 RequestorPkg: com.android.settings] ]
09-21 19:28:13.518 D/EthernetNetworkFactory( 1154): acceptRequest, request: NetworkRequest [ REQUEST id=341, [ Capabilities: INTERNET&NOT_RESTRICTED&TRUSTED&NOT_VCN_MANAGED Uid: 1000 RequestorUid: 1000 RequestorPkg: com.android.settings] ]
09-21 19:28:13.518 D/OemPaidWifiNetworkFactory( 1154): got request NetworkRequest [ REQUEST id=341, [ Capabilities: INTERNET&NOT_RESTRICTED&TRUSTED&NOT_VCN_MANAGED Uid: 1000 RequestorUid: 1000 RequestorPkg: com.android.settings] ]
09-21 19:28:13.518 I/EthernetNetworkFactory( 1154): networkForRequest, request: NetworkRequest [ REQUEST id=341, [ Capabilities: INTERNET&NOT_RESTRICTED&TRUSTED&NOT_VCN_MANAGED Uid: 1000 RequestorUid: 1000 RequestorPkg: com.android.settings] ], network: null
09-21 19:28:13.520 I/TetheringManager( 8794): registerTetheringEventCallback caller:com.android.settings
09-21 19:28:13.522 I/wm_on_start_called( 8794): [24158223,com.android.settings.homepage.SettingsHomepageActivity,handleStartActivity]
09-21 19:28:13.523 I/snet_event_log( 8794): [120484087,-1,]
09-21 19:28:13.523 I/wm_on_resume_called( 8794): [24158223,com.android.settings.homepage.SettingsHomepageActivity,RESUME_ACTIVITY]
09-21 19:28:13.524 D/BatteryTipLoader( 8794): BatteryInfoLoader post query: 1ms
09-21 19:28:13.524 D/BatteryInfo( 8794): time for getBatteryInfo: 0ms
09-21 19:28:13.524 D/BatteryTipLoader( 8794): BatteryInfoLoader.loadInBackground: 1ms
09-21 19:28:13.525 D/BatteryInfo( 8794): time for getStats: 0ms
09-21 19:28:13.526 I/sysui_multi_action( 8794): [757,35,758,1,833,0,1089,108]
09-21 19:28:13.528 D/BatteryInfo( 8794): time for regular BatteryInfo: 3ms
09-21 19:28:13.528 D/BatteryInfo( 8794): time for getBatteryInfo: 0ms
09-21 19:28:13.529 W/ScanResultUtil( 1154): Empty or null ScanResult list
09-21 19:28:13.529 W/WifiService( 1154): Attempt to retrieve WifiConfiguration with invalid scanResult List
09-21 19:28:13.529 W/UnsafeUtil( 8794): platform method missing - proto runtime falling back to safer methods: java.lang.NoSuchMethodException: sun.misc.Unsafe.copyMemory [class java.lang.Object, long, class java.lang.Object, long, long]
09-21 19:28:13.530 W/ScanResultUtil( 1154): Empty or null ScanResult list
09-21 19:28:13.531 E/WifiService( 1154): Attempt to retrieve passpoint with invalid scanResult List
09-21 19:28:13.531 W/ScanResultUtil( 1154): Empty or null ScanResult list
09-21 19:28:13.531 W/WifiService( 1154): Attempt to retrieve OsuProviders with invalid scanResult List
09-21 19:28:13.532 I/sysui_multi_action( 8794): [757,1729,758,4,854,isParalleledControllers:false,1089,114]
01-01 09:08:05.939 D/ ( 0): mv2112_read_status
01-01 09:08:05.943 D/mv2112_update_link( 0): 3.0x901(1G): 0x80
09-21 19:28:13.539 D/ConnectivityService( 1154): NetReassign [no changes]
09-21 19:28:13.539 D/ConnectivityService( 1154): requestNetwork for uid/pid:1000/8794 activeRequest: null callbackRequest: 343 [NetworkRequest [ REQUEST id=344, [ Capabilities: INTERNET&NOT_RESTRICTED&TRUSTED&NOT_VCN_MANAGED Uid: 1000 RequestorUid: 1000 RequestorPkg: com.android.settings] ]] callback flags: 1 priority: 2147483647
09-21 19:28:13.540 D/ConnectivityService( 1154): NetReassign [no changes]
09-21 19:28:13.540 D/Ethernet( 1154): got request NetworkRequest [ REQUEST id=344, [ Capabilities: INTERNET&NOT_RESTRICTED&TRUSTED&NOT_VCN_MANAGED Uid: 1000 RequestorUid: 1000 RequestorPkg: com.android.settings] ]
09-21 19:28:13.540 D/EthernetNetworkFactory( 1154): acceptRequest, request: NetworkRequest [ REQUEST id=344, [ Capabilities: INTERNET&NOT_RESTRICTED&TRUSTED&NOT_VCN_MANAGED Uid: 1000 RequestorUid: 1000 RequestorPkg: com.android.settings] ]
09-21 19:28:13.540 I/EthernetNetworkFactory( 1154): networkForRequest, request: NetworkRequest [ REQUEST id=344, [ Capabilities: INTERNET&NOT_RESTRICTED&TRUSTED&NOT_VCN_MANAGED Uid: 1000 RequestorUid: 1000 RequestorPkg: com.android.settings] ], network: null
09-21 19:28:13.540 D/WifiNetworkFactory( 1154): got request NetworkRequest [ REQUEST id=344, [ Capabilities: INTERNET&NOT_RESTRICTED&TRUSTED&NOT_VCN_MANAGED Uid: 1000 RequestorUid: 1000 RequestorPkg: com.android.settings] ]
09-21 19:28:13.541 D/UntrustedWifiNetworkFactory( 1154): got request NetworkRequest [ REQUEST id=344, [ Capabilities: INTERNET&NOT_RESTRICTED&TRUSTED&NOT_VCN_MANAGED Uid: 1000 RequestorUid: 1000 RequestorPkg: com.android.settings] ]
09-21 19:28:13.541 D/OemPaidWifiNetworkFactory( 1154): got request NetworkRequest [ REQUEST id=344, [ Capabilities: INTERNET&NOT_RESTRICTED&TRUSTED&NOT_VCN_MANAGED Uid: 1000 RequestorUid: 1000 RequestorPkg: com.android.settings] ]
09-21 19:28:13.541 D/ConnectivityService( 1154): NetReassign [no changes]
09-21 19:28:13.542 D/BluetoothPan( 8794): Binding service...
09-21 19:28:13.545 I/sysui_multi_action( 8794): [757,746,758,1,833,0,1089,88]
09-21 19:28:13.545 D/SubscriptionsChangeListener( 8794): Start
09-21 19:28:13.546 D/TelephonyRegistry( 1154): listen oscl: mHasNotifySubscriptionInfoChangedOccurred==false no callback
09-21 19:28:13.547 D/MobileNetworkSummaryStatus( 8794): network summary query
01-01 09:08:05.949 D/mv2112_update_link( 0): 3.0x8109(100M): 0x0
09-21 19:28:13.550 E/TelephonyManager( 8794): Error in getUiccCardsInfo: unable to connect to Telephony service.
09-21 19:28:13.551 W/MobileNetworkUtils( 8794): EuiccManager is not enabled.
01-01 09:08:05.955 D/mv2112_update_link( 0): link 0x0
09-21 19:28:13.552 W/SelectableSubscriptions( 8794): Fail to request subIdList
09-21 19:28:13.552 W/SelectableSubscriptions( 8794): java.lang.NullPointerException: Attempt to invoke interface method 'int java.util.List.size()' on a null object reference
09-21 19:28:13.552 W/SelectableSubscriptions( 8794): at com.android.settings.network.helper.SelectableSubscriptions.call(SelectableSubscriptions.java:128)
09-21 19:28:13.552 W/SelectableSubscriptions( 8794): at com.android.settings.network.MobileNetworkSummaryStatus.getSubscriptions(MobileNetworkSummaryStatus.java:158)
09-21 19:28:13.552 W/SelectableSubscriptions( 8794): at com.android.settings.network.MobileNetworkSummaryStatus.update(MobileNetworkSummaryStatus.java:88)
09-21 19:28:13.552 W/SelectableSubscriptions( 8794): at com.android.settings.network.MobileNetworkSummaryController.update(MobileNetworkSummaryController.java:170)
09-21 19:28:13.552 W/SelectableSubscriptions( 8794): at com.android.settings.network.MobileNetworkSummaryController.onResume(MobileNetworkSummaryController.java:95)
09-21 19:28:13.552 W/SelectableSubscriptions( 8794): at java.lang.reflect.Method.invoke(Native Method)
09-21 19:28:13.552 W/SelectableSubscriptions( 8794): at androidx.lifecycle.ClassesInfoCache$MethodReference.invokeCallback(ClassesInfoCache.java:216)
09-21 19:28:13.552 W/SelectableSubscriptions( 8794): at androidx.lifecycle.ClassesInfoCache$CallbackInfo.invokeMethodsForEvent(ClassesInfoCache.java:194)
09-21 19:28:13.552 W/SelectableSubscriptions( 8794): at androidx.lifecycle.ClassesInfoCache$CallbackInfo.invokeCallbacks(ClassesInfoCache.java:185)
09-21 19:28:13.552 W/SelectableSubscriptions( 8794): at androidx.lifecycle.ReflectiveGenericLifecycleObserver.onStateChanged(ReflectiveGenericLifecycleObserver.java:37)
09-21 19:28:13.552 W/SelectableSubscriptions( 8794): at androidx.lifecycle.LifecycleRegistry$ObserverWithState.dispatchEvent(LifecycleRegistry.java:354)
09-21 19:28:13.552 W/SelectableSubscriptions( 8794): at androidx.lifecycle.LifecycleRegistry.forwardPass(LifecycleRegistry.java:265)
09-21 19:28:13.552 W/SelectableSubscriptions( 8794): at androidx.lifecycle.LifecycleRegistry.sync(LifecycleRegistry.java:307)
09-21 19:28:13.552 W/SelectableSubscriptions( 8794): at androidx.lifecycle.LifecycleRegistry.moveToState(LifecycleRegistry.java:148)
09-21 19:28:13.552 W/SelectableSubscriptions( 8794): at androidx.lifecycle.LifecycleRegistry.handleLifecycleEvent(LifecycleRegistry.java:134)
09-21 19:28:13.552 W/SelectableSubscriptions( 8794): at com.android.settingslib.core.lifecycle.ObservablePreferenceFragment.onResume(ObservablePreferenceFragment.java:87)
09-21 19:28:13.552 W/SelectableSubscriptions( 8794): at com.android.settings.core.InstrumentedPreferenceFragment.onResume(InstrumentedPreferenceFragment.java:77)
09-21 19:28:13.552 W/SelectableSubscriptions( 8794): at com.android.settings.SettingsPreferenceFragment.onResume(SettingsPreferenceFragment.java:198)
09-21 19:28:13.552 W/SelectableSubscriptions( 8794): at com.android.settings.dashboard.DashboardFragment.onResume(DashboardFragment.java:218)
09-21 19:28:13.552 W/SelectableSubscriptions( 8794): at androidx.fragment.app.Fragment.performResume(Fragment.java:3029)
09-21 19:28:13.552 W/SelectableSubscriptions( 8794): at androidx.fragment.app.FragmentStateManager.resume(FragmentStateManager.java:583)
09-21 19:28:13.552 W/SelectableSubscriptions( 8794): at androidx.fragment.app.FragmentStateManager.moveToExpectedState(FragmentStateManager.java:282)
09-21 19:28:13.552 W/SelectableSubscriptions( 8794): at androidx.fragment.app.FragmentStore.moveToExpectedState(FragmentStore.java:112)
09-21 19:28:13.552 W/SelectableSubscriptions( 8794): at androidx.fragment.app.FragmentManager.moveToState(FragmentManager.java:1667)
09-21 19:28:13.552 W/SelectableSubscriptions( 8794): at androidx.fragment.app.FragmentManager.dispatchStateChange(FragmentManager.java:3234)
09-21 19:28:13.552 W/SelectableSubscriptions( 8794): at androidx.fragment.app.FragmentManager.dispatchResume(FragmentManager.java:3192)
09-21 19:28:13.552 W/SelectableSubscriptions( 8794): at androidx.fragment.app.FragmentController.dispatchResume(FragmentController.java:273)
09-21 19:28:13.552 W/SelectableSubscriptions( 8794): at androidx.fragment.app.FragmentActivity.onResumeFragments(FragmentActivity.java:434)
09-21 19:28:13.552 W/SelectableSubscriptions( 8794): at androidx.fragment.app.FragmentActivity.onPostResume(FragmentActivity.java:423)
09-21 19:28:13.552 W/SelectableSubscriptions( 8794): at android.app.Activity.performResume(Activity.java:8235)
09-21 19:28:13.552 W/SelectableSubscriptions( 8794): at android.app.ActivityThread.performResumeActivity(ActivityThread.java:4748)
09-21 19:28:13.552 W/SelectableSubscriptions( 8794): at android.app.ActivityThread.handleResumeActivity(ActivityThread.java:4791)
09-21 19:28:13.552 W/SelectableSubscriptions( 8794): at android.app.servertransaction.ResumeActivityItem.execute(ResumeActivityItem.java:54)
09-21 19:28:13.552 W/SelectableSubscriptions( 8794): at android.app.servertransaction.ActivityTransactionItem.execute(ActivityTransactionItem.java:45)
09-21 19:28:13.552 W/SelectableSubscriptions( 8794): at android.app.servertransaction.TransactionExecutor.executeLifecycleState(TransactionExecutor.java:176)
09-21 19:28:13.552 W/SelectableSubscriptions( 8794): at android.app.servertransaction.TransactionExecutor.execute(TransactionExecutor.java:97)
09-21 19:28:13.552 W/SelectableSubscriptions( 8794): at android.app.ActivityThread$H.handleMessage(ActivityThread.java:2211)
09-21 19:28:13.552 W/SelectableSubscriptions( 8794): at android.os.Handler.dispatchMessage(Handler.java:106)
09-21 19:28:13.552 W/SelectableSubscriptions( 8794): at android.os.Looper.loopOnce(Looper.java:201)
09-21 19:28:13.552 W/SelectableSubscriptions( 8794): at android.os.Looper.loop(Looper.java:288)
09-21 19:28:13.552 W/SelectableSubscriptions( 8794): at android.app.ActivityThread.main(ActivityThread.java:7880)
09-21 19:28:13.552 W/SelectableSubscriptions( 8794): at java.lang.reflect.Method.invoke(Native Method)
09-21 19:28:13.552 W/SelectableSubscriptions( 8794): at com.android.internal.os.RuntimeInit$MethodAndArgsCaller.run(RuntimeInit.java:548)
09-21 19:28:13.552 W/SelectableSubscriptions( 8794): at com.android.internal.os.ZygoteInit.main(ZygoteInit.java:1009)
09-21 19:28:13.552 D/MobileNetworkSummaryStatus( 8794): network summary query ignored
09-21 19:28:13.552 D/SubscriptionsChangeListener( 8794): Start
09-21 19:28:13.552 D/TelephonyRegistry( 1154): listen oscl: mHasNotifySubscriptionInfoChangedOccurred==false no callback
09-21 19:28:13.555 D/ConnectivityService( 1154): NetReassign [no changes]
09-21 19:28:13.562 I/OpenGLRenderer( 2235): Davey! duration=9223368393934ms; Flags=0, FrameTimelineVsyncId=110264, IntendedVsync=3642901075934, Vsync=3642917742600, InputEventId=0, HandleInputStart=3642927202254, AnimationStart=3642927202931, PerformTraversalsStart=3642927471212, DrawStart=3642959492566, FrameDeadline=3642934409266, FrameInterval=3642927200431, FrameStartTime=16666666, SyncQueued=3642959527827, SyncStart=3642978404181, IssueDrawCommandsStart=3642978447566, SwapBuffers=3642978732097, FrameCompleted=9223372036854775807, DequeueBufferDuration=9010, QueueBufferDuration=484635, GpuCompleted=9223372036854775807, SwapBuffersCompleted=3642979474337, DisplayPresentTime=0,
09-21 19:28:13.563 I/sysui_multi_action( 8794): [757,1729,758,4,854,isParalleledControllers:false,1089,107]
01-01 09:08:05.967 D/mv2112_read_status( 0): autoneg is disabled
09-21 19:28:13.576 I/wm_on_top_resumed_gained_called( 8794): [24158223,com.android.settings.homepage.SettingsHomepageActivity,topStateChangedWhenResumed]
09-21 19:28:13.577 D/BluetoothPan( 8794): Proxy object connected
09-21 19:28:13.578 W/BatteryBroadcastRcvr( 8794): Problem reading the battery meter.
09-21 19:28:13.578 D/BatteryInfo( 8794): time for callback: 0ms
09-21 19:28:13.580 D/BluetoothPan( 8794): Proxy object connected
09-21 19:28:13.590 D/BatteryInfo( 8794): time for getStats: 0ms
09-21 19:28:13.591 D/BatteryInfo( 8794): time for regular BatteryInfo: 1ms
09-21 19:28:13.591 D/BatteryTipLoader( 8794): BatteryInfoLoader post query: 0ms
09-21 19:28:13.592 D/BatteryInfo( 8794): time for getBatteryInfo: 1ms
09-21 19:28:13.592 D/BatteryTipLoader( 8794): BatteryInfoLoader.loadInBackground: 1ms
09-21 19:28:13.592 D/BatteryInfo( 8794): time for getBatteryInfo: 1ms
09-21 19:28:13.594 I/OpenGLRenderer( 2235): Davey! duration=9223368393892ms; Flags=0, FrameTimelineVsyncId=110268, IntendedVsync=3642934489295, Vsync=3642967822627, InputEventId=0, HandleInputStart=3642978648139, AnimationStart=3642978649129, PerformTraversalsStart=3642978900535, DrawStart=3642979700795, FrameDeadline=3642967822627, FrameInterval=3642978646108, FrameStartTime=16666666, SyncQueued=3642979707358, SyncStart=3643007862827, IssueDrawCommandsStart=3643008504493, SwapBuffers=3643008864545, FrameCompleted=9223372036854775807, DequeueBufferDuration=9948, QueueBufferDuration=621823, GpuCompleted=9223372036854775807, SwapBuffersCompleted=3643009785483, DisplayPresentTime=0,
09-21 19:28:13.635 I/OpenGLRenderer( 2235): Davey! duration=9223368393841ms; Flags=0, FrameTimelineVsyncId=110273, IntendedVsync=3642984582998, Vsync=3643001249664, InputEventId=0, HandleInputStart=3643008157983, AnimationStart=3643008158660, PerformTraversalsStart=3643008411160, DrawStart=3643010184493, FrameDeadline=3643017916330, FrameInterval=3643008155743, FrameStartTime=16666666, SyncQueued=3643010195274, SyncStart=3643039001941, IssueDrawCommandsStart=3643044044702, SwapBuffers=3643044543347, FrameCompleted=9223372036854775807, DequeueBufferDuration=12552, QueueBufferDuration=740625, GpuCompleted=9223372036854775807, SwapBuffersCompleted=3643045691524, DisplayPresentTime=0,
09-21 19:28:13.663 I/AdrenoGLES-0( 8794): QUALCOMM build : 47421dbee6, I139f36ad46
09-21 19:28:13.663 I/AdrenoGLES-0( 8794): Build Date : 02/18/22
09-21 19:28:13.663 I/AdrenoGLES-0( 8794): OpenGL ES Shader Compiler Version: EV031.32.02.17
09-21 19:28:13.663 I/AdrenoGLES-0( 8794): Local Branch :
09-21 19:28:13.663 I/AdrenoGLES-0( 8794): Remote Branch :
09-21 19:28:13.663 I/AdrenoGLES-0( 8794): Remote Branch :
09-21 19:28:13.663 I/AdrenoGLES-0( 8794): Reconstruct Branch :
09-21 19:28:13.663 I/AdrenoGLES-0( 8794): Build Config : S P 10.0.7 AArch64
09-21 19:28:13.663 I/AdrenoGLES-0( 8794): Driver Path : /vendor/lib64/egl/libGLESv2_adreno.so
09-21 19:28:13.664 I/hwservicemanager( 519): getTransport: Cannot find entry android.hardware.graphics.mapper@4.0::IMapper/default in either framework or device VINTF manifest.
