09-21 19:10:41.757 I/sysui_multi_action( 2235): [757,111,758,1]
09-21 19:10:41.757 I/sysui_multi_action( 2235): [757,126,758,1,759,126,927,0,928,0,1593,0]
09-21 19:10:41.757 I/sysui_multi_action( 2235): [757,113,758,1,759,113,927,1,928,1,1593,0]
09-21 19:10:41.758 I/sysui_multi_action( 2235): [757,0,758,1,759,0,927,2,928,0,1593,0]
09-21 19:10:41.758 I/sysui_multi_action( 2235): [757,0,758,1,759,0,927,3,928,0,1593,0]
09-21 19:10:41.758 I/sysui_multi_action( 2235): [757,1706,758,1,759,1706,927,4,928,1,1593,0]
09-21 19:10:41.758 I/sysui_multi_action( 2235): [757,491,758,1,759,491,927,5,928,1,1311,2,1593,0]
09-21 19:10:41.758 I/sysui_multi_action( 2235): [757,0,758,1,759,0,927,6,928,0,1593,0]
09-21 19:10:41.758 I/sysui_multi_action( 2235): [757,0,758,1,759,0,927,7,1593,0]
09-21 19:10:41.758 I/sysui_multi_action( 2235): [757,111,758,1]
09-21 19:10:41.759 I/sysui_multi_action( 2235): [757,126,758,1,759,126,927,0,928,0,1593,0]
09-21 19:10:41.759 I/sysui_multi_action( 2235): [757,113,758,1,759,113,927,1,928,1,1593,0]
09-21 19:10:41.759 I/sysui_multi_action( 2235): [757,0,758,1,759,0,927,2,928,0,1593,0]
09-21 19:10:41.759 I/sysui_multi_action( 2235): [757,0,758,1,759,0,927,3,928,0,1593,0]
09-21 19:10:41.773 I/sysui_multi_action( 2235): [757,111,758,2]
09-21 19:10:41.773 I/sysui_multi_action( 2235): [757,111,758,2]
09-21 19:10:41.777 I/sysui_multi_action( 2235): [757,111,758,1]
09-21 19:10:41.777 I/sysui_multi_action( 2235): [757,126,758,1,759,126,927,0,928,0,1593,1]
09-21 19:10:41.777 I/sysui_multi_action( 2235): [757,113,758,1,759,113,927,1,928,1,1593,1]
09-21 19:10:41.777 I/sysui_multi_action( 2235): [757,0,758,1,759,0,927,2,928,0,1593,1]
09-21 19:10:41.777 I/sysui_multi_action( 2235): [757,0,758,1,759,0,927,3,928,0,1593,1]
09-21 19:10:41.777 I/sysui_multi_action( 2235): [757,1706,758,1,759,1706,927,4,928,1,1593,1]
09-21 19:10:41.778 I/sysui_multi_action( 2235): [757,491,758,1,759,491,927,5,928,1,1311,2,1593,1]
09-21 19:10:41.778 I/sysui_multi_action( 2235): [757,0,758,1,759,0,927,6,928,0,1593,1]
09-21 19:10:41.778 I/sysui_multi_action( 2235): [757,0,758,1,759,0,927,7,1593,1]
09-21 19:10:41.778 I/sysui_multi_action( 2235): [757,111,758,1]
09-21 19:10:41.778 I/sysui_multi_action( 2235): [757,126,758,1,759,126,927,0,928,0,1593,1]
09-21 19:10:41.778 I/sysui_multi_action( 2235): [757,113,758,1,759,113,927,1,928,1,1593,1]
09-21 19:10:41.778 I/sysui_multi_action( 2235): [757,0,758,1,759,0,927,2,928,0,1593,1]
09-21 19:10:41.778 I/sysui_multi_action( 2235): [757,0,758,1,759,0,927,3,928,0,1593,1]
09-21 19:10:41.788 I/sysui_multi_action( 2235): [757,111,758,2]
09-21 19:10:41.788 I/sysui_multi_action( 2235): [757,111,758,2]
09-21 19:10:41.792 I/sysui_multi_action( 2235): [757,111,758,1]
09-21 19:10:41.792 I/sysui_multi_action( 2235): [757,126,758,1,759,126,927,0,928,0,1593,1]
09-21 19:10:41.792 I/sysui_multi_action( 2235): [757,113,758,1,759,113,927,1,928,1,1593,1]
09-21 19:10:41.792 I/sysui_multi_action( 2235): [757,0,758,1,759,0,927,2,928,0,1593,1]
09-21 19:10:41.792 I/sysui_multi_action( 2235): [757,0,758,1,759,0,927,3,928,0,1593,1]
09-21 19:10:41.792 I/sysui_multi_action( 2235): [757,1706,758,1,759,1706,927,4,928,1,1593,1]
09-21 19:10:41.792 I/sysui_multi_action( 2235): [757,491,758,1,759,491,927,5,928,1,1311,2,1593,1]
09-21 19:10:41.793 I/sysui_multi_action( 2235): [757,0,758,1,759,0,927,6,928,0,1593,1]
09-21 19:10:41.793 I/sysui_multi_action( 2235): [757,0,758,1,759,0,927,7,1593,1]
09-21 19:10:41.793 I/sysui_multi_action( 2235): [757,111,758,1]
09-21 19:10:41.793 I/sysui_multi_action( 2235): [757,126,758,1,759,126,927,0,928,0,1593,1]
09-21 19:10:41.793 I/sysui_multi_action( 2235): [757,113,758,1,759,113,927,1,928,1,1593,1]
09-21 19:10:41.793 I/sysui_multi_action( 2235): [757,0,758,1,759,0,927,2,928,0,1593,1]
09-21 19:10:41.793 I/sysui_multi_action( 2235): [757,0,758,1,759,0,927,3,928,0,1593,1]
09-21 19:10:41.802 I/sysui_multi_action( 2235): [757,111,758,2]
09-21 19:10:41.802 I/sysui_multi_action( 2235): [757,111,758,2]
09-21 19:10:41.806 I/sysui_multi_action( 2235): [757,111,758,1]
09-21 19:10:41.806 I/sysui_multi_action( 2235): [757,126,758,1,759,126,927,0,928,0,1593,1]
09-21 19:10:41.806 I/sysui_multi_action( 2235): [757,113,758,1,759,113,927,1,928,1,1593,1]
09-21 19:10:41.806 I/sysui_multi_action( 2235): [757,0,758,1,759,0,927,2,928,0,1593,1]
09-21 19:10:41.806 I/sysui_multi_action( 2235): [757,0,758,1,759,0,927,3,928,0,1593,1]
09-21 19:10:41.806 I/sysui_multi_action( 2235): [757,1706,758,1,759,1706,927,4,928,1,1593,1]
09-21 19:10:41.807 I/sysui_multi_action( 2235): [757,491,758,1,759,491,927,5,928,1,1311,2,1593,1]
09-21 19:10:41.807 I/sysui_multi_action( 2235): [757,0,758,1,759,0,927,6,928,0,1593,1]
09-21 19:10:41.807 I/sysui_multi_action( 2235): [757,0,758,1,759,0,927,7,1593,1]
09-21 19:10:41.807 I/sysui_multi_action( 2235): [757,111,758,1]
09-21 19:10:41.807 I/sysui_multi_action( 2235): [757,126,758,1,759,126,927,0,928,0,1593,1]
09-21 19:10:41.807 I/sysui_multi_action( 2235): [757,113,758,1,759,113,927,1,928,1,1593,1]
09-21 19:10:41.807 I/sysui_multi_action( 2235): [757,0,758,1,759,0,927,2,928,0,1593,1]
09-21 19:10:41.807 I/sysui_multi_action( 2235): [757,0,758,1,759,0,927,3,928,0,1593,1]
09-21 19:10:41.818 I/sysui_multi_action( 2235): [757,111,758,2]
09-21 19:10:41.818 I/sysui_multi_action( 2235): [757,111,758,2]
09-21 19:10:41.821 I/sysui_multi_action( 2235): [757,111,758,1]
09-21 19:10:41.821 I/sysui_multi_action( 2235): [757,126,758,1,759,126,927,0,928,0,1593,1]
09-21 19:10:41.822 I/sysui_multi_action( 2235): [757,113,758,1,759,113,927,1,928,1,1593,1]
09-21 19:10:41.822 I/sysui_multi_action( 2235): [757,0,758,1,759,0,927,2,928,0,1593,1]
09-21 19:10:41.822 I/sysui_multi_action( 2235): [757,0,758,1,759,0,927,3,928,0,1593,1]
09-21 19:10:41.822 I/sysui_multi_action( 2235): [757,1706,758,1,759,1706,927,4,928,1,1593,1]
09-21 19:10:41.822 I/sysui_multi_action( 2235): [757,491,758,1,759,491,927,5,928,1,1311,2,1593,1]
09-21 19:10:41.822 I/sysui_multi_action( 2235): [757,0,758,1,759,0,927,6,928,0,1593,1]
09-21 19:10:41.822 I/sysui_multi_action( 2235): [757,0,758,1,759,0,927,7,1593,1]
09-21 19:10:41.822 I/sysui_multi_action( 2235): [757,111,758,1]
09-21 19:10:41.823 I/sysui_multi_action( 2235): [757,126,758,1,759,126,927,0,928,0,1593,1]
09-21 19:10:41.823 I/sysui_multi_action( 2235): [757,113,758,1,759,113,927,1,928,1,1593,1]
09-21 19:10:41.823 I/sysui_multi_action( 2235): [757,0,758,1,759,0,927,2,928,0,1593,1]
09-21 19:10:41.823 I/sysui_multi_action( 2235): [757,0,758,1,759,0,927,3,928,0,1593,1]
09-21 19:10:42.778 I/sysui_multi_action( 1154): [757,128,758,1,793,64744235,794,0,795,64744235,796,26,798,0,806,android,857,DEVELOPER_IMPORTANT,858,4,947,0,1395,3,1500,64744232,1688,1]
09-21 19:10:42.779 I/sysui_multi_action( 1154): [757,804,799,note_freshness,801,64744235,802,1]
09-21 19:10:42.779 I/notification_visibility( 1154): [-1|android|26|null|1000,1,64744235,64744235,0,0]
09-21 19:10:42.779 I/sysui_multi_action( 1154): [757,128,758,1,793,64744139,794,0,795,64744139,796,55,798,1,806,android,857,DEVELOPER,858,2,947,0,1395,3,1500,64744138,1688,1]
09-21 19:10:42.780 I/sysui_multi_action( 1154): [757,804,799,note_freshness,801,64744139,802,1]
09-21 19:10:42.780 I/notification_visibility( 1154): [-1|android|55|null|1000,1,64744139,64744139,0,1]
09-21 19:10:42.780 I/sysui_multi_action( 1154): [757,128,758,1,793,64745476,794,0,795,64745476,796,32,798,2,806,android,857,USB,858,1,947,0,1395,3,1500,64744757,1688,1]
09-21 19:10:42.780 I/sysui_multi_action( 1154): [757,804,799,note_freshness,801,64745476,802,1]
09-21 19:10:42.780 I/notification_visibility( 1154): [-1|android|32|null|1000,1,64745476,64745476,0,2]
09-21 19:10:43.513 I/input_interaction( 1154): Interaction with: f34a2a3 NotificationShade (server), swipe-up (server), edge-swipe (server), PointerEventDispatcher0 (server),
09-21 19:10:43.631 I/sysui_multi_action( 2235): [757,925,758,4,759,491,927,5,928,1,1311,2,1592,0,1593,1]
09-21 19:10:43.859 I/commit_sys_config_file( 1154): [settings-2-0,23]
09-21 19:10:48.778 I/sysui_multi_action( 2235): [757,925,758,4,759,1706,927,4,928,1,1592,0,1593,1]
09-21 19:10:48.782 I/configuration_changed( 1154): 512
09-21 19:10:48.843 I/wm_relaunch_resume_activity( 1154): [0,185045071,10,com.android.launcher3/.uioverrides.QuickstepLauncher]
09-21 19:10:48.844 I/wm_on_top_resumed_lost_called( 5169): [185045071,com.android.launcher3.uioverrides.QuickstepLauncher,pausing]
09-21 19:10:48.845 I/wm_on_paused_called( 5169): [185045071,com.android.launcher3.uioverrides.QuickstepLauncher,performPause]
09-21 19:10:48.848 I/wm_on_stop_called( 5169): [185045071,com.android.launcher3.uioverrides.QuickstepLauncher,handleRelaunchActivity]
09-21 19:10:48.851 I/dvm_lock_sample( 1154): [system_server,1,Binder:1154_14,45,WindowManagerService.java,8444,boolean com.android.server.wm.WindowManagerService.getWindowInsets(android.view.WindowManager$LayoutParams, int, android.view.InsetsState),ActivityTaskManagerService.java,3484,boolean com.android.server.wm.ActivityTaskManagerService.updateConfiguration(android.content.res.Configuration),9]
09-21 19:10:48.867 I/wm_on_destroy_called( 5169): [185045071,com.android.launcher3.uioverrides.QuickstepLauncher,performDestroy]
09-21 19:10:48.935 I/wm_on_create_called( 5169): [185045071,com.android.launcher3.uioverrides.QuickstepLauncher,performCreate]
09-21 19:10:48.936 I/wm_on_start_called( 5169): [185045071,com.android.launcher3.uioverrides.QuickstepLauncher,handleStartActivity]
09-21 19:10:48.937 I/wm_on_resume_called( 5169): [185045071,com.android.launcher3.uioverrides.QuickstepLauncher,RESUME_ACTIVITY]
09-21 19:10:48.937 I/wm_on_top_resumed_gained_called( 5169): [185045071,com.android.launcher3.uioverrides.QuickstepLauncher,topWhenResuming]
09-21 19:10:48.995 I/commit_sys_config_file( 1154): [settings-2-0,14]
09-21 19:10:49.126 I/sysui_latency( 1154): [6,322]
09-21 19:10:52.811 I/input_interaction( 1154): Interaction with: f34a2a3 NotificationShade (server), swipe-up (server), edge-swipe (server), PointerEventDispatcher0 (server),
09-21 19:10:52.977 I/view_enqueue_input_event( 2235): [Motion - Cancel,NotificationShade]
09-21 19:10:52.984 I/input_interaction( 1154): Interaction with: swipe-up (server), edge-swipe (server), PointerEventDispatcher0 (server),
09-21 19:10:53.507 I/wm_new_intent( 1154): [0,185045071,10,com.android.launcher3/.uioverrides.QuickstepLauncher,android.intent.action.MAIN,NULL,NULL,268435712]
09-21 19:10:53.508 I/wm_task_moved( 1154): [1,1,7]
09-21 19:10:53.508 I/wm_set_resumed_activity( 1154): [0,com.android.launcher3/.uioverrides.QuickstepLauncher,positionChildAt]
09-21 19:10:53.514 I/wm_on_top_resumed_lost_called( 5169): [185045071,com.android.launcher3.uioverrides.QuickstepLauncher,pausing]
09-21 19:10:53.515 I/wm_on_paused_called( 5169): [185045071,com.android.launcher3.uioverrides.QuickstepLauncher,performPause]
09-21 19:10:53.516 I/wm_on_resume_called( 5169): [185045071,com.android.launcher3.uioverrides.QuickstepLauncher,LIFECYCLER_RESUME_ACTIVITY]
09-21 19:10:53.516 I/wm_on_top_resumed_gained_called( 5169): [185045071,com.android.launcher3.uioverrides.QuickstepLauncher,topWhenResuming]
09-21 19:10:53.548 I/input_focus( 1154): [Focus request df9195e com.android.launcher3/com.android.launcher3.uioverrides.QuickstepLauncher,reason=UpdateInputWindows]
09-21 19:10:53.582 I/input_focus( 1154): [Focus leaving f34a2a3 NotificationShade (server),reason=NOT_FOCUSABLE]
09-21 19:10:53.582 I/input_focus( 1154): [Focus entering df9195e com.android.launcher3/com.android.launcher3.uioverrides.QuickstepLauncher (server),reason=setFocusedWindow]
09-21 19:10:53.794 I/sysui_multi_action( 2235): [757,111,758,2]
09-21 19:10:53.795 I/sysui_multi_action( 2235): [757,111,758,2]
09-21 19:10:53.802 I/sysui_multi_action( 2235): [757,111,758,1]
09-21 19:10:53.802 I/sysui_multi_action( 2235): [757,126,758,1,759,126,927,0,928,0,1593,0]
09-21 19:10:53.803 I/sysui_multi_action( 2235): [757,113,758,1,759,113,927,1,928,1,1593,0]
09-21 19:10:53.803 I/sysui_multi_action( 2235): [757,0,758,1,759,0,927,2,928,0,1593,0]
09-21 19:10:53.803 I/sysui_multi_action( 2235): [757,0,758,1,759,0,927,3,928,0,1593,0]
09-21 19:10:53.804 I/sysui_multi_action( 2235): [757,1706,758,1,759,1706,927,4,928,0,1593,0]
09-21 19:10:53.805 I/sysui_multi_action( 2235): [757,491,758,1,759,491,927,5,928,0,1311,2,1593,0]
09-21 19:10:53.805 I/sysui_multi_action( 2235): [757,0,758,1,759,0,927,6,928,0,1593,0]
09-21 19:10:53.805 I/sysui_multi_action( 2235): [757,0,758,1,759,0,927,7,1593,0]
09-21 19:10:53.806 I/sysui_multi_action( 2235): [757,111,758,1]
09-21 19:10:53.806 I/sysui_multi_action( 2235): [757,126,758,1,759,126,927,0,928,0,1593,0]
09-21 19:10:53.806 I/sysui_multi_action( 2235): [757,113,758,1,759,113,927,1,928,1,1593,1]
09-21 19:10:53.807 I/sysui_multi_action( 2235): [757,0,758,1,759,0,927,2,928,0,1593,1]
09-21 19:10:53.807 I/sysui_multi_action( 2235): [757,0,758,1,759,0,927,3,928,0,1593,1]
09-21 19:10:53.819 I/sysui_multi_action( 2235): [757,111,758,2]
09-21 19:10:53.819 I/sysui_multi_action( 2235): [757,111,758,2]
09-21 19:10:53.825 I/sysui_multi_action( 2235): [757,111,758,1]
09-21 19:10:53.826 I/sysui_multi_action( 2235): [757,126,758,1,759,126,927,0,928,0,1593,1]
09-21 19:10:53.826 I/sysui_multi_action( 2235): [757,113,758,1,759,113,927,1,928,1,1593,1]
09-21 19:10:53.826 I/sysui_multi_action( 2235): [757,0,758,1,759,0,927,2,928,0,1593,1]
09-21 19:10:53.826 I/sysui_multi_action( 2235): [757,0,758,1,759,0,927,3,928,0,1593,1]
09-21 19:10:53.826 I/sysui_multi_action( 2235): [757,1706,758,1,759,1706,927,4,928,0,1593,1]
09-21 19:10:53.827 I/sysui_multi_action( 2235): [757,491,758,1,759,491,927,5,928,0,1311,2,1593,1]
09-21 19:10:53.827 I/sysui_multi_action( 2235): [757,0,758,1,759,0,927,6,928,0,1593,1]
09-21 19:10:53.827 I/sysui_multi_action( 2235): [757,0,758,1,759,0,927,7,1593,1]
09-21 19:10:53.827 I/sysui_multi_action( 2235): [757,111,758,1]
09-21 19:10:53.828 I/sysui_multi_action( 2235): [757,126,758,1,759,126,927,0,928,0,1593,1]
09-21 19:10:53.828 I/sysui_multi_action( 2235): [757,113,758,1,759,113,927,1,928,1,1593,1]
09-21 19:10:53.828 I/sysui_multi_action( 2235): [757,0,758,1,759,0,927,2,928,0,1593,1]
09-21 19:10:53.828 I/sysui_multi_action( 2235): [757,0,758,1,759,0,927,3,928,0,1593,1]
09-21 19:10:53.835 I/sysui_multi_action( 2235): [757,111,758,2]
09-21 19:10:53.836 I/sysui_multi_action( 2235): [757,111,758,2]
09-21 19:10:53.839 I/input_interaction( 1154): Interaction with: f34a2a3 NotificationShade (server), 1da61d8 com.android.systemui.ImageWallpaper (server), swipe-up (server), edge-swipe (server), PointerEventDispatcher0 (server),
09-21 19:10:53.840 I/sysui_multi_action( 2235): [757,111,758,1]
09-21 19:10:53.840 I/sysui_multi_action( 2235): [757,126,758,1,759,126,927,0,928,0,1593,0]
09-21 19:10:53.840 I/sysui_multi_action( 2235): [757,113,758,1,759,113,927,1,928,1,1593,0]
09-21 19:10:53.840 I/sysui_multi_action( 2235): [757,0,758,1,759,0,927,2,928,0,1593,0]
09-21 19:10:53.841 I/sysui_multi_action( 2235): [757,0,758,1,759,0,927,3,928,0,1593,0]
09-21 19:10:53.841 I/sysui_multi_action( 2235): [757,1706,758,1,759,1706,927,4,928,0,1593,0]
09-21 19:10:53.841 I/sysui_multi_action( 2235): [757,491,758,1,759,491,927,5,928,0,1311,2,1593,0]
09-21 19:10:53.841 I/sysui_multi_action( 2235): [757,0,758,1,759,0,927,6,928,0,1593,0]
09-21 19:10:53.841 I/sysui_multi_action( 2235): [757,0,758,1,759,0,927,7,1593,0]
09-21 19:10:53.842 I/sysui_multi_action( 2235): [757,111,758,1]
09-21 19:10:53.842 I/sysui_multi_action( 2235): [757,126,758,1,759,126,927,0,928,0,1593,0]
09-21 19:10:53.842 I/sysui_multi_action( 2235): [757,113,758,1,759,113,927,1,928,1,1593,0]
09-21 19:10:53.842 I/sysui_multi_action( 2235): [757,0,758,1,759,0,927,2,928,0,1593,0]
09-21 19:10:53.842 I/sysui_multi_action( 2235): [757,0,758,1,759,0,927,3,928,0,1593,0]
09-21 19:10:53.856 I/input_focus( 1154): [Focus request f34a2a3 NotificationShade,reason=UpdateInputWindows]
09-21 19:10:53.860 I/sysui_multi_action( 2235): [757,111,758,2]
09-21 19:10:53.860 I/sysui_multi_action( 2235): [757,111,758,2]
09-21 19:10:53.866 I/sysui_multi_action( 2235): [757,111,758,1]
09-21 19:10:53.866 I/sysui_multi_action( 2235): [757,126,758,1,759,126,927,0,928,0,1593,0]
09-21 19:10:53.866 I/sysui_multi_action( 2235): [757,113,758,1,759,113,927,1,928,1,1593,0]
09-21 19:10:53.866 I/sysui_multi_action( 2235): [757,0,758,1,759,0,927,2,928,0,1593,0]
09-21 19:10:53.866 I/sysui_multi_action( 2235): [757,0,758,1,759,0,927,3,928,0,1593,0]
09-21 19:10:53.866 I/sysui_multi_action( 2235): [757,1706,758,1,759,1706,927,4,928,0,1593,0]
09-21 19:10:53.867 I/sysui_multi_action( 2235): [757,491,758,1,759,491,927,5,928,0,1311,2,1593,0]
09-21 19:10:53.867 I/sysui_multi_action( 2235): [757,0,758,1,759,0,927,6,928,0,1593,0]
09-21 19:10:53.867 I/sysui_multi_action( 2235): [757,0,758,1,759,0,927,7,1593,0]
09-21 19:10:53.867 I/sysui_multi_action( 2235): [757,111,758,1]
09-21 19:10:53.867 I/sysui_multi_action( 2235): [757,126,758,1,759,126,927,0,928,0,1593,0]
09-21 19:10:53.867 I/sysui_multi_action( 2235): [757,113,758,1,759,113,927,1,928,1,1593,0]
09-21 19:10:53.867 I/sysui_multi_action( 2235): [757,0,758,1,759,0,927,2,928,0,1593,0]
09-21 19:10:53.867 I/sysui_multi_action( 2235): [757,0,758,1,759,0,927,3,928,0,1593,0]
09-21 19:10:53.873 I/sysui_multi_action( 1154): [757,128,758,2,793,64755330,794,11095,795,64755330,796,26,798,0,806,android,857,DEVELOPER_IMPORTANT,858,4,947,0,1395,3,1500,64755327,1688,1]
09-21 19:10:53.873 I/notification_visibility( 1154): [-1|android|26|null|1000,0,64755330,64755330,0,0]
09-21 19:10:53.873 I/sysui_multi_action( 1154): [757,128,758,2,793,64755233,794,11094,795,64755233,796,55,798,1,806,android,857,DEVELOPER,858,2,947,0,1395,3,1500,64755232,1688,1]
09-21 19:10:53.873 I/notification_visibility( 1154): [-1|android|55|null|1000,0,64755233,64755233,0,1]
09-21 19:10:53.874 I/sysui_multi_action( 1154): [757,128,758,2,793,64756569,794,11093,795,64756569,796,32,798,2,806,android,857,USB,858,1,947,0,1395,3,1500,64755850,1688,1]
09-21 19:10:53.874 I/notification_visibility( 1154): [-1|android|32|null|1000,0,64756569,64756569,0,2]
09-21 19:10:53.877 I/sysui_multi_action( 2235): [757,111,758,2]
09-21 19:10:53.878 I/sysui_multi_action( 2235): [757,111,758,2]
09-21 19:10:53.882 I/input_focus( 1154): [Focus leaving df9195e com.android.launcher3/com.android.launcher3.uioverrides.QuickstepLauncher (server),reason=setFocusedWindow]
09-21 19:10:53.882 I/input_focus( 1154): [Focus entering f34a2a3 NotificationShade (server),reason=setFocusedWindow]
09-21 19:10:53.888 I/sysui_multi_action( 2235): [757,111,758,1]
09-21 19:10:53.888 I/sysui_multi_action( 2235): [757,126,758,1,759,126,927,0,928,0,1593,1]
09-21 19:10:53.888 I/sysui_multi_action( 2235): [757,113,758,1,759,113,927,1,928,1,1593,1]
09-21 19:10:53.888 I/sysui_multi_action( 2235): [757,0,758,1,759,0,927,2,928,0,1593,1]
09-21 19:10:53.888 I/sysui_multi_action( 2235): [757,0,758,1,759,0,927,3,928,0,1593,1]
09-21 19:10:53.888 I/sysui_multi_action( 2235): [757,1706,758,1,759,1706,927,4,928,0,1593,1]
09-21 19:10:53.889 I/sysui_multi_action( 2235): [757,491,758,1,759,491,927,5,928,0,1311,2,1593,1]
09-21 19:10:53.889 I/sysui_multi_action( 2235): [757,0,758,1,759,0,927,6,928,0,1593,1]
09-21 19:10:53.889 I/sysui_multi_action( 2235): [757,0,758,1,759,0,927,7,1593,1]
09-21 19:10:53.889 I/sysui_multi_action( 2235): [757,111,758,1]
09-21 19:10:53.889 I/sysui_multi_action( 2235): [757,126,758,1,759,126,927,0,928,0,1593,1]
09-21 19:10:53.889 I/sysui_multi_action( 2235): [757,113,758,1,759,113,927,1,928,1,1593,1]
09-21 19:10:53.889 I/sysui_multi_action( 2235): [757,0,758,1,759,0,927,2,928,0,1593,1]
09-21 19:10:53.889 I/sysui_multi_action( 2235): [757,0,758,1,759,0,927,3,928,0,1593,1]
09-21 19:10:53.899 I/sysui_multi_action( 2235): [757,111,758,2]
09-21 19:10:53.899 I/sysui_multi_action( 2235): [757,111,758,2]
09-21 19:10:53.903 I/sysui_multi_action( 2235): [757,111,758,1]
09-21 19:10:53.903 I/sysui_multi_action( 2235): [757,126,758,1,759,126,927,0,928,0,1593,1]
09-21 19:10:53.903 I/sysui_multi_action( 2235): [757,113,758,1,759,113,927,1,928,1,1593,1]
09-21 19:10:53.903 I/sysui_multi_action( 2235): [757,0,758,1,759,0,927,2,928,0,1593,1]
09-21 19:10:53.903 I/sysui_multi_action( 2235): [757,0,758,1,759,0,927,3,928,0,1593,1]
09-21 19:10:53.904 I/sysui_multi_action( 2235): [757,1706,758,1,759,1706,927,4,928,0,1593,1]
09-21 19:10:53.904 I/sysui_multi_action( 2235): [757,491,758,1,759,491,927,5,928,0,1311,2,1593,1]
09-21 19:10:53.904 I/sysui_multi_action( 2235): [757,0,758,1,759,0,927,6,928,0,1593,1]
09-21 19:10:53.904 I/sysui_multi_action( 2235): [757,0,758,1,759,0,927,7,1593,1]
09-21 19:10:53.904 I/sysui_multi_action( 2235): [757,111,758,1]
09-21 19:10:53.904 I/sysui_multi_action( 2235): [757,126,758,1,759,126,927,0,928,0,1593,1]
09-21 19:10:53.904 I/sysui_multi_action( 2235): [757,113,758,1,759,113,927,1,928,1,1593,1]
09-21 19:10:53.904 I/sysui_multi_action( 2235): [757,0,758,1,759,0,927,2,928,0,1593,1]
09-21 19:10:53.905 I/sysui_multi_action( 2235): [757,0,758,1,759,0,927,3,928,0,1593,1]
09-21 19:10:53.910 I/sysui_multi_action( 2235): [757,111,758,2]
09-21 19:10:53.910 I/sysui_multi_action( 2235): [757,111,758,2]
09-21 19:10:53.914 I/sysui_multi_action( 2235): [757,111,758,1]
09-21 19:10:53.914 I/sysui_multi_action( 2235): [757,126,758,1,759,126,927,0,928,0,1593,1]
09-21 19:10:53.914 I/sysui_multi_action( 2235): [757,113,758,1,759,113,927,1,928,1,1593,1]
09-21 19:10:53.914 I/sysui_multi_action( 2235): [757,0,758,1,759,0,927,2,928,0,1593,1]
09-21 19:10:53.914 I/sysui_multi_action( 2235): [757,0,758,1,759,0,927,3,928,0,1593,1]
09-21 19:10:53.914 I/sysui_multi_action( 2235): [757,1706,758,1,759,1706,927,4,928,0,1593,1]
09-21 19:10:53.915 I/sysui_multi_action( 2235): [757,491,758,1,759,491,927,5,928,0,1311,2,1593,0]
09-21 19:10:53.915 I/sysui_multi_action( 2235): [757,0,758,1,759,0,927,6,928,0,1593,0]
09-21 19:10:53.915 I/sysui_multi_action( 2235): [757,0,758,1,759,0,927,7,1593,0]
09-21 19:10:53.915 I/sysui_multi_action( 2235): [757,111,758,1]
09-21 19:10:53.915 I/sysui_multi_action( 2235): [757,126,758,1,759,126,927,0,928,0,1593,1]
09-21 19:10:53.915 I/sysui_multi_action( 2235): [757,113,758,1,759,113,927,1,928,1,1593,1]
09-21 19:10:53.915 I/sysui_multi_action( 2235): [757,0,758,1,759,0,927,2,928,0,1593,1]
09-21 19:10:53.915 I/sysui_multi_action( 2235): [757,0,758,1,759,0,927,3,928,0,1593,1]
09-21 19:10:53.925 I/sysui_multi_action( 2235): [757,111,758,2]
09-21 19:10:53.925 I/sysui_multi_action( 2235): [757,111,758,2]
09-21 19:10:53.933 I/sysui_multi_action( 2235): [757,111,758,1]
09-21 19:10:53.933 I/sysui_multi_action( 2235): [757,126,758,1,759,126,927,0,928,0,1593,1]
09-21 19:10:53.933 I/sysui_multi_action( 2235): [757,113,758,1,759,113,927,1,928,1,1593,1]
09-21 19:10:53.934 I/sysui_multi_action( 2235): [757,0,758,1,759,0,927,2,928,0,1593,1]
09-21 19:10:53.934 I/sysui_multi_action( 2235): [757,0,758,1,759,0,927,3,928,0,1593,1]
09-21 19:10:53.934 I/sysui_multi_action( 2235): [757,1706,758,1,759,1706,927,4,928,0,1593,1]
09-21 19:10:53.934 I/sysui_multi_action( 2235): [757,491,758,1,759,491,927,5,928,0,1311,2,1593,1]
09-21 19:10:53.934 I/sysui_multi_action( 2235): [757,0,758,1,759,0,927,6,928,0,1593,1]
09-21 19:10:53.934 I/sysui_multi_action( 2235): [757,0,758,1,759,0,927,7,1593,1]
09-21 19:10:53.934 I/sysui_multi_action( 2235): [757,111,758,1]
09-21 19:10:53.935 I/sysui_multi_action( 2235): [757,126,758,1,759,126,927,0,928,0,1593,1]
09-21 19:10:53.935 I/sysui_multi_action( 2235): [757,113,758,1,759,113,927,1,928,1,1593,1]
09-21 19:10:53.935 I/sysui_multi_action( 2235): [757,0,758,1,759,0,927,2,928,0,1593,1]
09-21 19:10:53.935 I/sysui_multi_action( 2235): [757,0,758,1,759,0,927,3,928,0,1593,1]
09-21 19:10:54.196 I/sysui_multi_action( 2235): [757,111,758,2]
09-21 19:10:54.197 I/sysui_multi_action( 2235): [757,111,758,2]
09-21 19:10:54.208 I/sysui_multi_action( 2235): [757,111,758,1]
09-21 19:10:54.209 I/sysui_multi_action( 2235): [757,126,758,1,759,126,927,0,928,0,1593,1]
09-21 19:10:54.210 I/sysui_multi_action( 2235): [757,113,758,1,759,113,927,1,928,1,1593,1]
09-21 19:10:54.210 I/sysui_multi_action( 2235): [757,0,758,1,759,0,927,2,928,0,1593,1]
09-21 19:10:54.211 I/sysui_multi_action( 2235): [757,0,758,1,759,0,927,3,928,0,1593,1]
09-21 19:10:54.212 I/sysui_multi_action( 2235): [757,1706,758,1,759,1706,927,4,928,0,1593,1]
09-21 19:10:54.214 I/sysui_multi_action( 2235): [757,491,758,1,759,491,927,5,928,0,1311,2,1593,1]
09-21 19:10:54.215 I/sysui_multi_action( 2235): [757,0,758,1,759,0,927,6,928,0,1593,1]
09-21 19:10:54.215 I/sysui_multi_action( 2235): [757,0,758,1,759,0,927,7,1593,1]
09-21 19:10:54.215 I/sysui_multi_action( 2235): [757,111,758,1]
09-21 19:10:54.216 I/sysui_multi_action( 2235): [757,126,758,1,759,126,927,0,928,0,1593,1]
09-21 19:10:54.217 I/sysui_multi_action( 2235): [757,113,758,1,759,113,927,1,928,1,1593,1]
09-21 19:10:54.217 I/sysui_multi_action( 2235): [757,0,758,1,759,0,927,2,928,0,1593,1]
09-21 19:10:54.217 I/sysui_multi_action( 2235): [757,0,758,1,759,0,927,3,928,0,1593,1]
09-21 19:10:54.232 I/sysui_multi_action( 2235): [757,111,758,2]
09-21 19:10:54.233 I/sysui_multi_action( 2235): [757,111,758,2]
09-21 19:10:54.239 I/sysui_multi_action( 2235): [757,111,758,1]
09-21 19:10:54.239 I/sysui_multi_action( 2235): [757,126,758,1,759,126,927,0,928,0,1593,1]
09-21 19:10:54.239 I/sysui_multi_action( 2235): [757,113,758,1,759,113,927,1,928,1,1593,1]
09-21 19:10:54.239 I/sysui_multi_action( 2235): [757,0,758,1,759,0,927,2,928,0,1593,1]
09-21 19:10:54.239 I/sysui_multi_action( 2235): [757,0,758,1,759,0,927,3,928,0,1593,1]
09-21 19:10:54.239 I/sysui_multi_action( 2235): [757,1706,758,1,759,1706,927,4,928,0,1593,1]
09-21 19:10:54.240 I/sysui_multi_action( 2235): [757,491,758,1,759,491,927,5,928,0,1311,2,1593,0]
09-21 19:10:54.240 I/sysui_multi_action( 2235): [757,0,758,1,759,0,927,6,928,0,1593,0]
09-21 19:10:54.240 I/sysui_multi_action( 2235): [757,0,758,1,759,0,927,7,1593,0]
09-21 19:10:54.240 I/sysui_multi_action( 2235): [757,111,758,1]
09-21 19:10:54.240 I/sysui_multi_action( 2235): [757,126,758,1,759,126,927,0,928,0,1593,1]
09-21 19:10:54.240 I/sysui_multi_action( 2235): [757,113,758,1,759,113,927,1,928,1,1593,1]
09-21 19:10:54.240 I/sysui_multi_action( 2235): [757,0,758,1,759,0,927,2,928,0,1593,1]
09-21 19:10:54.241 I/sysui_multi_action( 2235): [757,0,758,1,759,0,927,3,928,0,1593,1]
09-21 19:10:54.248 I/sysui_multi_action( 2235): [757,111,758,2]
09-21 19:10:54.249 I/sysui_multi_action( 2235): [757,111,758,2]
09-21 19:10:54.253 I/sysui_multi_action( 2235): [757,111,758,1]
09-21 19:10:54.253 I/sysui_multi_action( 2235): [757,126,758,1,759,126,927,0,928,0,1593,1]
09-21 19:10:54.253 I/sysui_multi_action( 2235): [757,113,758,1,759,113,927,1,928,1,1593,1]
09-21 19:10:54.253 I/sysui_multi_action( 2235): [757,0,758,1,759,0,927,2,928,0,1593,1]
09-21 19:10:54.253 I/sysui_multi_action( 2235): [757,0,758,1,759,0,927,3,928,0,1593,1]
09-21 19:10:54.253 I/sysui_multi_action( 2235): [757,1706,758,1,759,1706,927,4,928,0,1593,1]
09-21 19:10:54.254 I/sysui_multi_action( 2235): [757,491,758,1,759,491,927,5,928,0,1311,2,1593,1]
09-21 19:10:54.254 I/sysui_multi_action( 2235): [757,0,758,1,759,0,927,6,928,0,1593,1]
09-21 19:10:54.254 I/sysui_multi_action( 2235): [757,0,758,1,759,0,927,7,1593,1]
09-21 19:10:54.254 I/sysui_multi_action( 2235): [757,111,758,1]
09-21 19:10:54.254 I/sysui_multi_action( 2235): [757,126,758,1,759,126,927,0,928,0,1593,1]
09-21 19:10:54.255 I/sysui_multi_action( 2235): [757,113,758,1,759,113,927,1,928,1,1593,1]
09-21 19:10:54.255 I/sysui_multi_action( 2235): [757,0,758,1,759,0,927,2,928,0,1593,1]
09-21 19:10:54.255 I/sysui_multi_action( 2235): [757,0,758,1,759,0,927,3,928,0,1593,1]
09-21 19:10:54.262 I/sysui_multi_action( 2235): [757,111,758,2]
09-21 19:10:54.263 I/sysui_multi_action( 2235): [757,111,758,2]
09-21 19:10:54.272 I/sysui_multi_action( 2235): [757,111,758,1]
09-21 19:10:54.272 I/sysui_multi_action( 2235): [757,126,758,1,759,126,927,0,928,0,1593,1]
09-21 19:10:54.273 I/sysui_multi_action( 2235): [757,113,758,1,759,113,927,1,928,1,1593,1]
09-21 19:10:54.273 I/sysui_multi_action( 2235): [757,0,758,1,759,0,927,2,928,0,1593,0]
09-21 19:10:54.274 I/sysui_multi_action( 2235): [757,0,758,1,759,0,927,3,928,0,1593,0]
09-21 19:10:54.274 I/sysui_multi_action( 2235): [757,1706,758,1,759,1706,927,4,928,0,1593,0]
09-21 19:10:54.275 I/sysui_multi_action( 2235): [757,491,758,1,759,491,927,5,928,0,1311,2,1593,0]
09-21 19:10:54.275 I/sysui_multi_action( 2235): [757,0,758,1,759,0,927,6,928,0,1593,0]
09-21 19:10:54.276 I/sysui_multi_action( 2235): [757,0,758,1,759,0,927,7,1593,0]
09-21 19:10:54.276 I/sysui_multi_action( 2235): [757,111,758,1]
09-21 19:10:54.277 I/sysui_multi_action( 2235): [757,126,758,1,759,126,927,0,928,0,1593,0]
09-21 19:10:54.277 I/sysui_multi_action( 2235): [757,113,758,1,759,113,927,1,928,1,1593,1]
09-21 19:10:54.278 I/sysui_multi_action( 2235): [757,0,758,1,759,0,927,2,928,0,1593,1]
09-21 19:10:54.278 I/sysui_multi_action( 2235): [757,0,758,1,759,0,927,3,928,0,1593,1]
09-21 19:10:54.290 I/sysui_multi_action( 2235): [757,111,758,2]
09-21 19:10:54.291 I/sysui_multi_action( 2235): [757,111,758,2]
09-21 19:10:54.296 I/sysui_multi_action( 2235): [757,111,758,1]
09-21 19:10:54.296 I/sysui_multi_action( 2235): [757,126,758,1,759,126,927,0,928,0,1593,0]
09-21 19:10:54.296 I/sysui_multi_action( 2235): [757,113,758,1,759,113,927,1,928,1,1593,0]
09-21 19:10:54.297 I/sysui_multi_action( 2235): [757,0,758,1,759,0,927,2,928,0,1593,1]
09-21 19:10:54.297 I/sysui_multi_action( 2235): [757,0,758,1,759,0,927,3,928,0,1593,1]
09-21 19:10:54.297 I/sysui_multi_action( 2235): [757,1706,758,1,759,1706,927,4,928,0,1593,1]
09-21 19:10:54.298 I/sysui_multi_action( 2235): [757,491,758,1,759,491,927,5,928,0,1311,2,1593,0]
09-21 19:10:54.298 I/sysui_multi_action( 2235): [757,0,758,1,759,0,927,6,928,0,1593,0]
09-21 19:10:54.298 I/sysui_multi_action( 2235): [757,0,758,1,759,0,927,7,1593,0]
09-21 19:10:54.298 I/sysui_multi_action( 2235): [757,111,758,1]
09-21 19:10:54.298 I/sysui_multi_action( 2235): [757,126,758,1,759,126,927,0,928,0,1593,1]
09-21 19:10:54.298 I/sysui_multi_action( 2235): [757,113,758,1,759,113,927,1,928,1,1593,1]
09-21 19:10:54.298 I/sysui_multi_action( 2235): [757,0,758,1,759,0,927,2,928,0,1593,1]
09-21 19:10:54.298 I/sysui_multi_action( 2235): [757,0,758,1,759,0,927,3,928,0,1593,1]
09-21 19:10:54.304 I/sysui_multi_action( 2235): [757,111,758,2]
09-21 19:10:54.305 I/sysui_multi_action( 2235): [757,111,758,2]
09-21 19:10:54.309 I/sysui_multi_action( 2235): [757,111,758,1]
09-21 19:10:54.309 I/sysui_multi_action( 2235): [757,126,758,1,759,126,927,0,928,0,1593,0]
09-21 19:10:54.309 I/sysui_multi_action( 2235): [757,113,758,1,759,113,927,1,928,1,1593,0]
09-21 19:10:54.309 I/sysui_multi_action( 2235): [757,0,758,1,759,0,927,2,928,0,1593,0]
09-21 19:10:54.309 I/sysui_multi_action( 2235): [757,0,758,1,759,0,927,3,928,0,1593,0]
09-21 19:10:54.309 I/sysui_multi_action( 2235): [757,1706,758,1,759,1706,927,4,928,0,1593,0]
09-21 19:10:54.309 I/sysui_multi_action( 2235): [757,491,758,1,759,491,927,5,928,0,1311,2,1593,0]
09-21 19:10:54.310 I/sysui_multi_action( 2235): [757,0,758,1,759,0,927,6,928,0,1593,0]
09-21 19:10:54.310 I/sysui_multi_action( 2235): [757,0,758,1,759,0,927,7,1593,0]
09-21 19:10:54.310 I/sysui_multi_action( 2235): [757,111,758,1]
09-21 19:10:54.310 I/sysui_multi_action( 2235): [757,126,758,1,759,126,927,0,928,0,1593,0]
09-21 19:10:54.310 I/sysui_multi_action( 2235): [757,113,758,1,759,113,927,1,928,1,1593,0]
09-21 19:10:54.310 I/sysui_multi_action( 2235): [757,0,758,1,759,0,927,2,928,0,1593,1]
09-21 19:10:54.310 I/sysui_multi_action( 2235): [757,0,758,1,759,0,927,3,928,0,1593,1]
09-21 19:10:54.318 I/sysui_multi_action( 2235): [757,111,758,2]
09-21 19:10:54.318 I/sysui_multi_action( 2235): [757,111,758,2]
09-21 19:10:54.322 I/sysui_multi_action( 2235): [757,111,758,1]
09-21 19:10:54.322 I/sysui_multi_action( 2235): [757,126,758,1,759,126,927,0,928,0,1593,0]
09-21 19:10:54.322 I/sysui_multi_action( 2235): [757,113,758,1,759,113,927,1,928,1,1593,0]
09-21 19:10:54.322 I/sysui_multi_action( 2235): [757,0,758,1,759,0,927,2,928,0,1593,0]
09-21 19:10:54.322 I/sysui_multi_action( 2235): [757,0,758,1,759,0,927,3,928,0,1593,0]
09-21 19:10:54.322 I/sysui_multi_action( 2235): [757,1706,758,1,759,1706,927,4,928,0,1593,0]
09-21 19:10:54.323 I/sysui_multi_action( 2235): [757,491,758,1,759,491,927,5,928,0,1311,2,1593,0]
09-21 19:10:54.323 I/sysui_multi_action( 2235): [757,0,758,1,759,0,927,6,928,0,1593,0]
09-21 19:10:54.323 I/sysui_multi_action( 2235): [757,0,758,1,759,0,927,7,1593,0]
09-21 19:10:54.323 I/sysui_multi_action( 2235): [757,111,758,1]
09-21 19:10:54.323 I/sysui_multi_action( 2235): [757,126,758,1,759,126,927,0,928,0,1593,0]
09-21 19:10:54.323 I/sysui_multi_action( 2235): [757,113,758,1,759,113,927,1,928,1,1593,0]
09-21 19:10:54.323 I/sysui_multi_action( 2235): [757,0,758,1,759,0,927,2,928,0,1593,0]
09-21 19:10:54.323 I/sysui_multi_action( 2235): [757,0,758,1,759,0,927,3,928,0,1593,0]
09-21 19:10:54.329 I/sysui_multi_action( 2235): [757,111,758,2]
09-21 19:10:54.329 I/sysui_multi_action( 2235): [757,111,758,2]
09-21 19:10:54.333 I/sysui_multi_action( 2235): [757,111,758,1]
09-21 19:10:54.333 I/sysui_multi_action( 2235): [757,126,758,1,759,126,927,0,928,0,1593,1]
09-21 19:10:54.333 I/sysui_multi_action( 2235): [757,113,758,1,759,113,927,1,928,1,1593,1]
09-21 19:10:54.333 I/sysui_multi_action( 2235): [757,0,758,1,759,0,927,2,928,0,1593,1]
09-21 19:10:54.333 I/sysui_multi_action( 2235): [757,0,758,1,759,0,927,3,928,0,1593,1]
09-21 19:10:54.333 I/sysui_multi_action( 2235): [757,1706,758,1,759,1706,927,4,928,0,1593,1]
09-21 19:10:54.334 I/sysui_multi_action( 2235): [757,491,758,1,759,491,927,5,928,0,1311,2,1593,1]
09-21 19:10:54.334 I/sysui_multi_action( 2235): [757,0,758,1,759,0,927,6,928,0,1593,1]
09-21 19:10:54.334 I/sysui_multi_action( 2235): [757,0,758,1,759,0,927,7,1593,1]
09-21 19:10:54.334 I/sysui_multi_action( 2235): [757,111,758,1]
09-21 19:10:54.334 I/sysui_multi_action( 2235): [757,126,758,1,759,126,927,0,928,0,1593,1]
09-21 19:10:54.334 I/sysui_multi_action( 2235): [757,113,758,1,759,113,927,1,928,1,1593,1]
09-21 19:10:54.334 I/sysui_multi_action( 2235): [757,0,758,1,759,0,927,2,928,0,1593,1]
09-21 19:10:54.334 I/sysui_multi_action( 2235): [757,0,758,1,759,0,927,3,928,0,1593,1]
09-21 19:10:54.349 I/sysui_multi_action( 2235): [757,111,758,2]
09-21 19:10:54.350 I/sysui_multi_action( 2235): [757,111,758,2]
09-21 19:10:54.353 I/sysui_multi_action( 2235): [757,111,758,1]
09-21 19:10:54.353 I/sysui_multi_action( 2235): [757,126,758,1,759,126,927,0,928,0,1593,1]
09-21 19:10:54.353 I/sysui_multi_action( 2235): [757,113,758,1,759,113,927,1,928,1,1593,1]
09-21 19:10:54.354 I/sysui_multi_action( 2235): [757,0,758,1,759,0,927,2,928,0,1593,1]
09-21 19:10:54.354 I/sysui_multi_action( 2235): [757,0,758,1,759,0,927,3,928,0,1593,1]
09-21 19:10:54.354 I/sysui_multi_action( 2235): [757,1706,758,1,759,1706,927,4,928,0,1593,1]
09-21 19:10:54.354 I/sysui_multi_action( 2235): [757,491,758,1,759,491,927,5,928,0,1311,2,1593,0]
09-21 19:10:54.354 I/sysui_multi_action( 2235): [757,0,758,1,759,0,927,6,928,0,1593,0]
09-21 19:10:54.354 I/sysui_multi_action( 2235): [757,0,758,1,759,0,927,7,1593,0]
09-21 19:10:54.354 I/sysui_multi_action( 2235): [757,111,758,1]
09-21 19:10:54.354 I/sysui_multi_action( 2235): [757,126,758,1,759,126,927,0,928,0,1593,1]
09-21 19:10:54.355 I/sysui_multi_action( 2235): [757,113,758,1,759,113,927,1,928,1,1593,1]
09-21 19:10:54.355 I/sysui_multi_action( 2235): [757,0,758,1,759,0,927,2,928,0,1593,1]
09-21 19:10:54.355 I/sysui_multi_action( 2235): [757,0,758,1,759,0,927,3,928,0,1593,1]
09-21 19:10:54.362 I/sysui_multi_action( 2235): [757,111,758,2]
09-21 19:10:54.362 I/sysui_multi_action( 2235): [757,111,758,2]
09-21 19:10:54.366 I/sysui_multi_action( 2235): [757,111,758,1]
09-21 19:10:54.366 I/sysui_multi_action( 2235): [757,126,758,1,759,126,927,0,928,0,1593,1]
09-21 19:10:54.366 I/sysui_multi_action( 2235): [757,113,758,1,759,113,927,1,928,1,1593,1]
09-21 19:10:54.366 I/sysui_multi_action( 2235): [757,0,758,1,759,0,927,2,928,0,1593,1]
09-21 19:10:54.366 I/sysui_multi_action( 2235): [757,0,758,1,759,0,927,3,928,0,1593,1]
09-21 19:10:54.366 I/sysui_multi_action( 2235): [757,1706,758,1,759,1706,927,4,928,0,1593,1]
09-21 19:10:54.367 I/sysui_multi_action( 2235): [757,491,758,1,759,491,927,5,928,0,1311,2,1593,1]
09-21 19:10:54.367 I/sysui_multi_action( 2235): [757,0,758,1,759,0,927,6,928,0,1593,1]
09-21 19:10:54.367 I/sysui_multi_action( 2235): [757,0,758,1,759,0,927,7,1593,1]
09-21 19:10:54.367 I/sysui_multi_action( 2235): [757,111,758,1]
09-21 19:10:54.367 I/sysui_multi_action( 2235): [757,126,758,1,759,126,927,0,928,0,1593,1]
09-21 19:10:54.367 I/sysui_multi_action( 2235): [757,113,758,1,759,113,927,1,928,1,1593,1]
09-21 19:10:54.367 I/sysui_multi_action( 2235): [757,0,758,1,759,0,927,2,928,0,1593,1]
09-21 19:10:54.367 I/sysui_multi_action( 2235): [757,0,758,1,759,0,927,3,928,0,1593,1]
09-21 19:10:54.378 I/sysui_multi_action( 2235): [757,111,758,2]
09-21 19:10:54.378 I/sysui_multi_action( 2235): [757,111,758,2]
09-21 19:10:54.382 I/sysui_multi_action( 2235): [757,111,758,1]
09-21 19:10:54.382 I/sysui_multi_action( 2235): [757,126,758,1,759,126,927,0,928,0,1593,0]
09-21 19:10:54.382 I/sysui_multi_action( 2235): [757,113,758,1,759,113,927,1,928,1,1593,0]
09-21 19:10:54.382 I/sysui_multi_action( 2235): [757,0,758,1,759,0,927,2,928,0,1593,0]
09-21 19:10:54.382 I/sysui_multi_action( 2235): [757,0,758,1,759,0,927,3,928,0,1593,0]
09-21 19:10:54.383 I/sysui_multi_action( 2235): [757,1706,758,1,759,1706,927,4,928,0,1593,0]
09-21 19:10:54.383 I/sysui_multi_action( 2235): [757,491,758,1,759,491,927,5,928,0,1311,2,1593,0]
09-21 19:10:54.383 I/sysui_multi_action( 2235): [757,0,758,1,759,0,927,6,928,0,1593,0]
09-21 19:10:54.383 I/sysui_multi_action( 2235): [757,0,758,1,759,0,927,7,1593,0]
09-21 19:10:54.383 I/sysui_multi_action( 2235): [757,111,758,1]
09-21 19:10:54.383 I/sysui_multi_action( 2235): [757,126,758,1,759,126,927,0,928,0,1593,0]
09-21 19:10:54.383 I/sysui_multi_action( 2235): [757,113,758,1,759,113,927,1,928,1,1593,0]
09-21 19:10:54.384 I/sysui_multi_action( 2235): [757,0,758,1,759,0,927,2,928,0,1593,0]
09-21 19:10:54.384 I/sysui_multi_action( 2235): [757,0,758,1,759,0,927,3,928,0,1593,0]
09-21 19:10:54.395 I/sysui_multi_action( 2235): [757,111,758,2]
09-21 19:10:54.395 I/sysui_multi_action( 2235): [757,111,758,2]
09-21 19:10:54.398 I/sysui_multi_action( 2235): [757,111,758,1]
09-21 19:10:54.399 I/sysui_multi_action( 2235): [757,126,758,1,759,126,927,0,928,0,1593,0]
09-21 19:10:54.399 I/sysui_multi_action( 2235): [757,113,758,1,759,113,927,1,928,1,1593,0]
09-21 19:10:54.399 I/sysui_multi_action( 2235): [757,0,758,1,759,0,927,2,928,0,1593,0]
09-21 19:10:54.399 I/sysui_multi_action( 2235): [757,0,758,1,759,0,927,3,928,0,1593,0]
09-21 19:10:54.399 I/sysui_multi_action( 2235): [757,1706,758,1,759,1706,927,4,928,0,1593,0]
09-21 19:10:54.399 I/sysui_multi_action( 2235): [757,491,758,1,759,491,927,5,928,0,1311,2,1593,0]
09-21 19:10:54.399 I/sysui_multi_action( 2235): [757,0,758,1,759,0,927,6,928,0,1593,0]
09-21 19:10:54.399 I/sysui_multi_action( 2235): [757,0,758,1,759,0,927,7,1593,0]
09-21 19:10:54.400 I/sysui_multi_action( 2235): [757,111,758,1]
09-21 19:10:54.400 I/sysui_multi_action( 2235): [757,126,758,1,759,126,927,0,928,0,1593,1]
09-21 19:10:54.400 I/sysui_multi_action( 2235): [757,113,758,1,759,113,927,1,928,1,1593,1]
09-21 19:10:54.400 I/sysui_multi_action( 2235): [757,0,758,1,759,0,927,2,928,0,1593,1]
09-21 19:10:54.400 I/sysui_multi_action( 2235): [757,0,758,1,759,0,927,3,928,0,1593,1]
09-21 19:10:54.411 I/sysui_multi_action( 2235): [757,111,758,2]
09-21 19:10:54.412 I/sysui_multi_action( 2235): [757,111,758,2]
09-21 19:10:54.415 I/sysui_multi_action( 2235): [757,111,758,1]
09-21 19:10:54.415 I/sysui_multi_action( 2235): [757,126,758,1,759,126,927,0,928,0,1593,1]
09-21 19:10:54.415 I/sysui_multi_action( 2235): [757,113,758,1,759,113,927,1,928,1,1593,1]
09-21 19:10:54.415 I/sysui_multi_action( 2235): [757,0,758,1,759,0,927,2,928,0,1593,1]
09-21 19:10:54.415 I/sysui_multi_action( 2235): [757,0,758,1,759,0,927,3,928,0,1593,1]
09-21 19:10:54.415 I/sysui_multi_action( 2235): [757,1706,758,1,759,1706,927,4,928,0,1593,1]
09-21 19:10:54.416 I/sysui_multi_action( 2235): [757,491,758,1,759,491,927,5,928,0,1311,2,1593,0]
09-21 19:10:54.416 I/sysui_multi_action( 2235): [757,0,758,1,759,0,927,6,928,0,1593,0]
09-21 19:10:54.416 I/sysui_multi_action( 2235): [757,0,758,1,759,0,927,7,1593,0]
09-21 19:10:54.416 I/sysui_multi_action( 2235): [757,111,758,1]
09-21 19:10:54.416 I/sysui_multi_action( 2235): [757,126,758,1,759,126,927,0,928,0,1593,1]
09-21 19:10:54.416 I/sysui_multi_action( 2235): [757,113,758,1,759,113,927,1,928,1,1593,1]
09-21 19:10:54.416 I/sysui_multi_action( 2235): [757,0,758,1,759,0,927,2,928,0,1593,1]
09-21 19:10:54.416 I/sysui_multi_action( 2235): [757,0,758,1,759,0,927,3,928,0,1593,1]
09-21 19:10:54.428 I/sysui_multi_action( 2235): [757,111,758,2]
09-21 19:10:54.428 I/sysui_multi_action( 2235): [757,111,758,2]
09-21 19:10:54.432 I/sysui_multi_action( 2235): [757,111,758,1]
09-21 19:10:54.432 I/sysui_multi_action( 2235): [757,126,758,1,759,126,927,0,928,0,1593,1]
09-21 19:10:54.432 I/sysui_multi_action( 2235): [757,113,758,1,759,113,927,1,928,1,1593,1]
09-21 19:10:54.432 I/sysui_multi_action( 2235): [757,0,758,1,759,0,927,2,928,0,1593,1]
09-21 19:10:54.432 I/sysui_multi_action( 2235): [757,0,758,1,759,0,927,3,928,0,1593,1]
09-21 19:10:54.432 I/sysui_multi_action( 2235): [757,1706,758,1,759,1706,927,4,928,0,1593,1]
09-21 19:10:54.433 I/sysui_multi_action( 2235): [757,491,758,1,759,491,927,5,928,0,1311,2,1593,0]
09-21 19:10:54.433 I/sysui_multi_action( 2235): [757,0,758,1,759,0,927,6,928,0,1593,0]
09-21 19:10:54.433 I/sysui_multi_action( 2235): [757,0,758,1,759,0,927,7,1593,0]
09-21 19:10:54.433 I/sysui_multi_action( 2235): [757,111,758,1]
09-21 19:10:54.433 I/sysui_multi_action( 2235): [757,126,758,1,759,126,927,0,928,0,1593,1]
09-21 19:10:54.433 I/sysui_multi_action( 2235): [757,113,758,1,759,113,927,1,928,1,1593,1]
09-21 19:10:54.433 I/sysui_multi_action( 2235): [757,0,758,1,759,0,927,2,928,0,1593,1]
09-21 19:10:54.433 I/sysui_multi_action( 2235): [757,0,758,1,759,0,927,3,928,0,1593,1]
09-21 19:10:54.445 I/sysui_multi_action( 2235): [757,111,758,2]
09-21 19:10:54.445 I/sysui_multi_action( 2235): [757,111,758,2]
09-21 19:10:54.448 I/sysui_multi_action( 2235): [757,111,758,1]
09-21 19:10:54.449 I/sysui_multi_action( 2235): [757,126,758,1,759,126,927,0,928,0,1593,1]
09-21 19:10:54.449 I/sysui_multi_action( 2235): [757,113,758,1,759,113,927,1,928,1,1593,1]
09-21 19:10:54.449 I/sysui_multi_action( 2235): [757,0,758,1,759,0,927,2,928,0,1593,1]
09-21 19:10:54.449 I/sysui_multi_action( 2235): [757,0,758,1,759,0,927,3,928,0,1593,1]
09-21 19:10:54.449 I/sysui_multi_action( 2235): [757,1706,758,1,759,1706,927,4,928,0,1593,1]
09-21 19:10:54.449 I/sysui_multi_action( 2235): [757,491,758,1,759,491,927,5,928,0,1311,2,1593,0]
09-21 19:10:54.449 I/sysui_multi_action( 2235): [757,0,758,1,759,0,927,6,928,0,1593,0]
09-21 19:10:54.449 I/sysui_multi_action( 2235): [757,0,758,1,759,0,927,7,1593,0]
09-21 19:10:54.450 I/sysui_multi_action( 2235): [757,111,758,1]
09-21 19:10:54.450 I/sysui_multi_action( 2235): [757,126,758,1,759,126,927,0,928,0,1593,1]
09-21 19:10:54.450 I/sysui_multi_action( 2235): [757,113,758,1,759,113,927,1,928,1,1593,1]
09-21 19:10:54.450 I/sysui_multi_action( 2235): [757,0,758,1,759,0,927,2,928,0,1593,1]
09-21 19:10:54.450 I/sysui_multi_action( 2235): [757,0,758,1,759,0,927,3,928,0,1593,1]
09-21 19:10:54.462 I/sysui_multi_action( 2235): [757,111,758,2]
09-21 19:10:54.462 I/sysui_multi_action( 2235): [757,111,758,2]
09-21 19:10:54.471 I/input_focus( 1154): [Focus request df9195e com.android.launcher3/com.android.launcher3.uioverrides.QuickstepLauncher,reason=UpdateInputWindows]
09-21 19:10:54.473 I/sysui_multi_action( 2235): [757,111,758,1]
09-21 19:10:54.473 I/sysui_multi_action( 2235): [757,126,758,1,759,126,927,0,928,0,1593,1]
09-21 19:10:54.473 I/sysui_multi_action( 2235): [757,113,758,1,759,113,927,1,928,1,1593,1]
09-21 19:10:54.473 I/sysui_multi_action( 2235): [757,0,758,1,759,0,927,2,928,0,1593,1]
09-21 19:10:54.473 I/sysui_multi_action( 2235): [757,0,758,1,759,0,927,3,928,0,1593,1]
09-21 19:10:54.473 I/sysui_multi_action( 2235): [757,1706,758,1,759,1706,927,4,928,0,1593,1]
09-21 19:10:54.473 I/sysui_multi_action( 2235): [757,491,758,1,759,491,927,5,928,0,1311,2,1593,0]
09-21 19:10:54.474 I/sysui_multi_action( 2235): [757,0,758,1,759,0,927,6,928,0,1593,0]
09-21 19:10:54.474 I/sysui_multi_action( 2235): [757,0,758,1,759,0,927,7,1593,0]
09-21 19:10:54.474 I/sysui_multi_action( 2235): [757,111,758,1]
09-21 19:10:54.474 I/sysui_multi_action( 2235): [757,126,758,1,759,126,927,0,928,0,1593,1]
09-21 19:10:54.474 I/sysui_multi_action( 2235): [757,113,758,1,759,113,927,1,928,1,1593,1]
09-21 19:10:54.474 I/sysui_multi_action( 2235): [757,0,758,1,759,0,927,2,928,0,1593,1]
09-21 19:10:54.474 I/sysui_multi_action( 2235): [757,0,758,1,759,0,927,3,928,0,1593,1]
09-21 19:10:54.478 I/sysui_multi_action( 2235): [757,111,758,2]
09-21 19:10:54.479 I/sysui_multi_action( 2235): [757,111,758,2]
09-21 19:10:54.481 I/sysui_multi_action( 1154): [757,127,758,2]
09-21 19:10:54.484 I/notification_panel_hidden( 1154):
09-21 19:10:54.496 I/input_focus( 1154): [Focus leaving f34a2a3 NotificationShade (server),reason=NO_WINDOW]
09-21 19:10:54.497 I/input_focus( 1154): [Focus entering df9195e com.android.launcher3/com.android.launcher3.uioverrides.QuickstepLauncher (server),reason=setFocusedWindow]
09-21 19:10:54.500 I/sysui_multi_action( 2235): [757,111,758,1]
09-21 19:10:54.500 I/sysui_multi_action( 2235): [757,126,758,1,759,126,927,0,928,0,1593,1]
09-21 19:10:54.500 I/sysui_multi_action( 2235): [757,113,758,1,759,113,927,1,928,1,1593,1]
09-21 19:10:54.501 I/sysui_multi_action( 2235): [757,0,758,1,759,0,927,2,928,0,1593,1]
09-21 19:10:54.501 I/sysui_multi_action( 2235): [757,0,758,1,759,0,927,3,928,0,1593,1]
09-21 19:10:54.501 I/sysui_multi_action( 2235): [757,1706,758,1,759,1706,927,4,928,0,1593,1]
09-21 19:10:54.501 I/sysui_multi_action( 2235): [757,491,758,1,759,491,927,5,928,0,1311,2,1593,0]
09-21 19:10:54.502 I/sysui_multi_action( 2235): [757,0,758,1,759,0,927,6,928,0,1593,0]
09-21 19:10:54.502 I/sysui_multi_action( 2235): [757,0,758,1,759,0,927,7,1593,0]
09-21 19:10:54.502 I/sysui_multi_action( 2235): [757,111,758,1]
09-21 19:10:54.502 I/sysui_multi_action( 2235): [757,126,758,1,759,126,927,0,928,0,1593,1]
09-21 19:10:54.502 I/sysui_multi_action( 2235): [757,113,758,1,759,113,927,1,928,1,1593,1]
09-21 19:10:54.502 I/sysui_multi_action( 2235): [757,0,758,1,759,0,927,2,928,0,1593,1]
09-21 19:10:54.502 I/sysui_multi_action( 2235): [757,0,758,1,759,0,927,3,928,0,1593,1]
09-21 19:10:55.158 I/input_interaction( 1154): Interaction with: df9195e com.android.launcher3/com.android.launcher3.uioverrides.QuickstepLauncher (server), 1da61d8 com.android.systemui.ImageWallpaper (server), swipe-up (server), edge-swipe (server), PointerEventDispatcher0 (server),
09-21 19:11:06.530 I/input_interaction( 1154): Interaction with: e915a91 StatusBar (server), swipe-up (server), edge-swipe (server), PointerEventDispatcher0 (server),
09-21 19:11:06.546 I/sysui_multi_action( 2235): [757,803,799,panel_open,802,1]
09-21 19:11:06.548 I/sysui_multi_action( 2235): [757,1328,758,4,1326,37,1327,0,1329,0]
09-21 19:11:06.636 I/sysui_multi_action( 2235): [757,111,758,2]
09-21 19:11:06.637 I/sysui_multi_action( 2235): [757,111,758,2]
09-21 19:11:06.638 I/sysui_multi_action( 1154): [757,127,758,1]
09-21 19:11:06.638 I/sysui_multi_action( 1154): [757,804,799,note_load,801,3,802,1]
09-21 19:11:06.638 I/notification_panel_revealed( 1154): 3
09-21 19:11:06.665 I/input_focus( 1154): [Focus request f34a2a3 NotificationShade,reason=UpdateInputWindows]
09-21 19:11:06.671 I/sysui_multi_action( 2235): [757,111,758,1]
09-21 19:11:06.671 I/sysui_multi_action( 2235): [757,126,758,1,759,126,927,0,928,0,1593,0]
09-21 19:11:06.671 I/sysui_multi_action( 2235): [757,113,758,1,759,113,927,1,928,1,1593,0]
09-21 19:11:06.671 I/sysui_multi_action( 2235): [757,0,758,1,759,0,927,2,928,0,1593,0]
09-21 19:11:06.671 I/sysui_multi_action( 2235): [757,0,758,1,759,0,927,3,928,0,1593,0]
09-21 19:11:06.671 I/sysui_multi_action( 2235): [757,1706,758,1,759,1706,927,4,928,0,1593,0]
09-21 19:11:06.672 I/sysui_multi_action( 2235): [757,491,758,1,759,491,927,5,928,0,1311,2,1593,0]
09-21 19:11:06.672 I/sysui_multi_action( 2235): [757,0,758,1,759,0,927,6,928,0,1593,0]
09-21 19:11:06.672 I/sysui_multi_action( 2235): [757,0,758,1,759,0,927,7,1593,0]
09-21 19:11:06.672 I/sysui_multi_action( 2235): [757,111,758,1]
09-21 19:11:06.672 I/sysui_multi_action( 2235): [757,126,758,1,759,126,927,0,928,0,1593,0]
09-21 19:11:06.673 I/sysui_multi_action( 2235): [757,113,758,1,759,113,927,1,928,1,1593,0]
09-21 19:11:06.673 I/sysui_multi_action( 2235): [757,0,758,1,759,0,927,2,928,0,1593,0]
09-21 19:11:06.673 I/sysui_multi_action( 2235): [757,0,758,1,759,0,927,3,928,0,1593,0]
09-21 19:11:06.683 I/sysui_multi_action( 2235): [757,111,758,2]
09-21 19:11:06.683 I/sysui_multi_action( 2235): [757,111,758,2]
09-21 19:11:06.687 I/sysui_multi_action( 2235): [757,111,758,1]
09-21 19:11:06.687 I/sysui_multi_action( 2235): [757,126,758,1,759,126,927,0,928,0,1593,0]
09-21 19:11:06.687 I/sysui_multi_action( 2235): [757,113,758,1,759,113,927,1,928,1,1593,0]
09-21 19:11:06.688 I/sysui_multi_action( 2235): [757,0,758,1,759,0,927,2,928,0,1593,0]
09-21 19:11:06.688 I/sysui_multi_action( 2235): [757,0,758,1,759,0,927,3,928,0,1593,0]
09-21 19:11:06.688 I/sysui_multi_action( 2235): [757,1706,758,1,759,1706,927,4,928,0,1593,0]
09-21 19:11:06.688 I/sysui_multi_action( 2235): [757,491,758,1,759,491,927,5,928,0,1311,2,1593,0]
09-21 19:11:06.688 I/sysui_multi_action( 2235): [757,0,758,1,759,0,927,6,928,0,1593,0]
09-21 19:11:06.688 I/sysui_multi_action( 2235): [757,0,758,1,759,0,927,7,1593,0]
