09-21 19:28:36.677 V/bt_stack( 2214): [VERBOSE1:btm_ble_gap.cc(2855)] Waiting for scan response 7e:0b:6a:5f:d6:b7
09-21 19:28:36.678 V/bt_stack( 2214): [VERBOSE1:btm_ble_gap.cc(2726)] btm_ble_process_ext_adv_pkt: bda=7e:0b:6a:5f:d6:b7
09-21 19:28:36.678 V/bt_stack( 2214): [VERBOSE1:btm_ble_gap.cc(2650)] btm_ble_process_adv_addr: bda=7e:0b:6a:5f:d6:b7
09-21 19:28:36.678 V/bt_stack( 2214): [VERBOSE1:btm_ble_gap.cc(2886)] btm_ble_process_adv_pkt_cont skipped BDA 7e:0b:6a:5f:d6:b7
09-21 19:28:36.684 V/bt_stack( 2214): [VERBOSE1:btm_ble_gap.cc(2726)] btm_ble_process_ext_adv_pkt: bda=3c:64:be:e3:17:01
09-21 19:28:36.684 V/bt_stack( 2214): [VERBOSE1:btm_ble_gap.cc(2650)] btm_ble_process_adv_addr: bda=3c:64:be:e3:17:01
09-21 19:28:36.684 V/bt_stack( 2214): [VERBOSE1:btm_ble_gap.cc(2886)] btm_ble_process_adv_pkt_cont skipped BDA 3c:64:be:e3:17:01
09-21 19:28:36.687 V/bt_stack( 2214): [VERBOSE1:btm_ble_gap.cc(2726)] btm_ble_process_ext_adv_pkt: bda=22:8c:ff:6a:3f:3c
09-21 19:28:36.687 V/bt_stack( 2214): [VERBOSE1:btm_ble_gap.cc(2650)] btm_ble_process_adv_addr: bda=22:8c:ff:6a:3f:3c
09-21 19:28:36.687 V/bt_stack( 2214): [VERBOSE1:btm_ble_gap.cc(2886)] btm_ble_process_adv_pkt_cont skipped BDA 22:8c:ff:6a:3f:3c
09-21 19:28:36.687 V/bt_stack( 2214): [VERBOSE1:btm_ble_gap.cc(2726)] btm_ble_process_ext_adv_pkt: bda=22:81:02:38:d2:78
09-21 19:28:36.687 V/bt_stack( 2214): [VERBOSE1:btm_ble_gap.cc(2650)] btm_ble_process_adv_addr: bda=22:81:02:38:d2:78
09-21 19:28:36.687 V/bt_stack( 2214): [VERBOSE1:btm_ble_gap.cc(2886)] btm_ble_process_adv_pkt_cont skipped BDA 22:81:02:38:d2:78
09-21 19:28:36.688 V/bt_stack( 2214): [VERBOSE1:btm_ble_gap.cc(2726)] btm_ble_process_ext_adv_pkt: bda=24:e6:de:31:44:d4
09-21 19:28:36.688 V/bt_stack( 2214): [VERBOSE1:btm_ble_gap.cc(2650)] btm_ble_process_adv_addr: bda=24:e6:de:31:44:d4
09-21 19:28:36.688 V/bt_stack( 2214): [VERBOSE1:btm_ble_gap.cc(2886)] btm_ble_process_adv_pkt_cont skipped BDA 24:e6:de:31:44:d4
09-21 19:28:36.696 D/vendor.qti.bluetooth@1.0-health-info( 839): ReportHealthInfo:statistics:
09-21 19:28:36.696 D/vendor.qti.bluetooth@1.0-health-info( 839): ts <11:28:36:696158> rx_vote:1, tx_vote:0, wake_lock holding:1, maximum rx sleep-wake-interval:172sec, maximum tx packet-interval:223secWake_Req sent out:31, Wake_Req received:559Sleep_Ind sent out:31, Sleep_Ind received:558
09-21 19:28:36.698 V/bt_stack( 2214): [VERBOSE1:btm_ble_gap.cc(2726)] btm_ble_process_ext_adv_pkt: bda=f7:06:29:d4:c0:d6
09-21 19:28:36.698 V/bt_stack( 2214): [VERBOSE1:btm_ble_gap.cc(2650)] btm_ble_process_adv_addr: bda=f7:06:29:d4:c0:d6
09-21 19:28:36.698 W/bt_btm_ble( 2214): btm_ble_process_adv_pkt_cont device no longer discoverable, discarding advertising packet
09-21 19:28:36.702 V/bt_stack( 2214): [VERBOSE1:btm_ble_gap.cc(2726)] btm_ble_process_ext_adv_pkt: bda=69:8b:cd:09:3c:4c
09-21 19:28:36.702 V/bt_stack( 2214): [VERBOSE1:btm_ble_gap.cc(2650)] btm_ble_process_adv_addr: bda=69:8b:cd:09:3c:4c
09-21 19:28:36.702 V/bt_stack( 2214): [VERBOSE1:btm_ble_gap.cc(2855)] Waiting for scan response 69:8b:cd:09:3c:4c
09-21 19:28:36.702 V/bt_stack( 2214): [VERBOSE1:btm_ble_gap.cc(2726)] btm_ble_process_ext_adv_pkt: bda=79:5a:c2:c9:1e:42
09-21 19:28:36.702 V/bt_stack( 2214): [VERBOSE1:btm_ble_gap.cc(2650)] btm_ble_process_adv_addr: bda=79:5a:c2:c9:1e:42
09-21 19:28:36.702 V/bt_stack( 2214): [VERBOSE1:btm_ble_gap.cc(2886)] btm_ble_process_adv_pkt_cont skipped BDA 79:5a:c2:c9:1e:42
09-21 19:28:36.705 V/bt_stack( 2214): [VERBOSE1:btm_ble_gap.cc(2726)] btm_ble_process_ext_adv_pkt: bda=f4:2f:71:bc:ad:cf
09-21 19:28:36.705 V/bt_stack( 2214): [VERBOSE1:btm_ble_gap.cc(2650)] btm_ble_process_adv_addr: bda=f4:2f:71:bc:ad:cf
09-21 19:28:36.705 V/bt_stack( 2214): [VERBOSE1:btm_ble_gap.cc(2855)] Waiting for scan response f4:2f:71:bc:ad:cf
09-21 19:28:36.706 V/bt_stack( 2214): [VERBOSE1:btm_ble_gap.cc(2726)] btm_ble_process_ext_adv_pkt: bda=f4:2f:71:bc:ad:cf
09-21 19:28:36.706 V/bt_stack( 2214): [VERBOSE1:btm_ble_gap.cc(2650)] btm_ble_process_adv_addr: bda=f4:2f:71:bc:ad:cf
09-21 19:28:36.706 V/bt_stack( 2214): [VERBOSE1:btm_ble_gap.cc(2886)] btm_ble_process_adv_pkt_cont skipped BDA f4:2f:71:bc:ad:cf
09-21 19:28:36.709 V/bt_stack( 2214): [VERBOSE1:btm_ble_gap.cc(2726)] btm_ble_process_ext_adv_pkt: bda=14:71:2c:be:32:6e
09-21 19:28:36.710 V/bt_stack( 2214): [VERBOSE1:btm_ble_gap.cc(2650)] btm_ble_process_adv_addr: bda=14:71:2c:be:32:6e
09-21 19:28:36.710 V/bt_stack( 2214): [VERBOSE1:btm_ble_gap.cc(2886)] btm_ble_process_adv_pkt_cont skipped BDA 14:71:2c:be:32:6e
09-21 19:28:36.720 V/bt_stack( 2214): [VERBOSE1:btm_ble_gap.cc(2726)] btm_ble_process_ext_adv_pkt: bda=3a:e8:48:a0:1d:6e
09-21 19:28:36.720 V/bt_stack( 2214): [VERBOSE1:btm_ble_gap.cc(2650)] btm_ble_process_adv_addr: bda=3a:e8:48:a0:1d:6e
09-21 19:28:36.720 V/bt_stack( 2214): [VERBOSE1:btm_ble_gap.cc(2886)] btm_ble_process_adv_pkt_cont skipped BDA 3a:e8:48:a0:1d:6e
09-21 19:28:36.728 V/bt_stack( 2214): [VERBOSE1:btm_ble_gap.cc(2726)] btm_ble_process_ext_adv_pkt: bda=72:5e:bd:47:09:e0
09-21 19:28:36.728 V/bt_stack( 2214): [VERBOSE1:btm_ble_gap.cc(2650)] btm_ble_process_adv_addr: bda=72:5e:bd:47:09:e0
09-21 19:28:36.728 W/bt_btm_ble( 2214): btm_ble_process_adv_pkt_cont device no longer discoverable, discarding advertising packet
09-21 19:28:36.734 V/bt_stack( 2214): [VERBOSE1:btm_ble_gap.cc(2726)] btm_ble_process_ext_adv_pkt: bda=12:6c:2d:e2:06:d6
09-21 19:28:36.734 V/bt_stack( 2214): [VERBOSE1:btm_ble_gap.cc(2650)] btm_ble_process_adv_addr: bda=12:6c:2d:e2:06:d6
09-21 19:28:36.734 V/bt_stack( 2214): [VERBOSE1:btm_ble_gap.cc(2886)] btm_ble_process_adv_pkt_cont skipped BDA 12:6c:2d:e2:06:d6
09-21 19:28:36.737 V/bt_stack( 2214): [VERBOSE1:btm_ble_gap.cc(2726)] btm_ble_process_ext_adv_pkt: bda=2f:6a:67:78:12:fc
09-21 19:28:36.737 V/bt_stack( 2214): [VERBOSE1:btm_ble_gap.cc(2650)] btm_ble_process_adv_addr: bda=2f:6a:67:78:12:fc
09-21 19:28:36.737 V/bt_stack( 2214): [VERBOSE1:btm_ble_gap.cc(2886)] btm_ble_process_adv_pkt_cont skipped BDA 2f:6a:67:78:12:fc
09-21 19:28:36.740 V/bt_stack( 2214): [VERBOSE1:btm_ble_gap.cc(2726)] btm_ble_process_ext_adv_pkt: bda=10:5c:01:bc:5e:23
09-21 19:28:36.740 V/bt_stack( 2214): [VERBOSE1:btm_ble_gap.cc(2650)] btm_ble_process_adv_addr: bda=10:5c:01:bc:5e:23
09-21 19:28:36.740 V/bt_stack( 2214): [VERBOSE1:btm_ble_gap.cc(2886)] btm_ble_process_adv_pkt_cont skipped BDA 10:5c:01:bc:5e:23
09-21 19:28:36.742 V/bt_stack( 2214): [VERBOSE1:btm_ble_gap.cc(2726)] btm_ble_process_ext_adv_pkt: bda=21:2b:31:5e:59:18
09-21 19:28:36.742 V/bt_stack( 2214): [VERBOSE1:btm_ble_gap.cc(2650)] btm_ble_process_adv_addr: bda=21:2b:31:5e:59:18
09-21 19:28:36.742 V/bt_stack( 2214): [VERBOSE1:btm_ble_gap.cc(2886)] btm_ble_process_adv_pkt_cont skipped BDA 21:2b:31:5e:59:18
09-21 19:28:36.748 V/bt_stack( 2214): [VERBOSE1:btm_ble_gap.cc(2726)] btm_ble_process_ext_adv_pkt: bda=02:e2:c3:30:22:dc
09-21 19:28:36.748 V/bt_stack( 2214): [VERBOSE1:btm_ble_gap.cc(2650)] btm_ble_process_adv_addr: bda=02:e2:c3:30:22:dc
09-21 19:28:36.748 V/bt_stack( 2214): [VERBOSE1:btm_ble_gap.cc(2886)] btm_ble_process_adv_pkt_cont skipped BDA 02:e2:c3:30:22:dc
09-21 19:28:36.758 V/bt_stack( 2214): [VERBOSE1:btm_ble_gap.cc(2726)] btm_ble_process_ext_adv_pkt: bda=38:dc:cb:8e:be:99
09-21 19:28:36.759 V/bt_stack( 2214): [VERBOSE1:btm_ble_gap.cc(2650)] btm_ble_process_adv_addr: bda=38:dc:cb:8e:be:99
09-21 19:28:36.759 V/bt_stack( 2214): [VERBOSE1:btm_ble_gap.cc(2886)] btm_ble_process_adv_pkt_cont skipped BDA 38:dc:cb:8e:be:99
09-21 19:28:36.760 V/bt_stack( 2214): [VERBOSE1:btm_ble_gap.cc(2726)] btm_ble_process_ext_adv_pkt: bda=53:a3:80:c8:d3:e6
09-21 19:28:36.760 V/bt_stack( 2214): [VERBOSE1:btm_ble_gap.cc(2650)] btm_ble_process_adv_addr: bda=53:a3:80:c8:d3:e6
09-21 19:28:36.760 V/bt_stack( 2214): [VERBOSE1:btm_ble_gap.cc(2855)] Waiting for scan response 53:a3:80:c8:d3:e6
09-21 19:28:36.760 V/bt_stack( 2214): [VERBOSE1:btm_ble_gap.cc(2726)] btm_ble_process_ext_adv_pkt: bda=53:a3:80:c8:d3:e6
09-21 19:28:36.760 V/bt_stack( 2214): [VERBOSE1:btm_ble_gap.cc(2650)] btm_ble_process_adv_addr: bda=53:a3:80:c8:d3:e6
09-21 19:28:36.760 V/bt_stack( 2214): [VERBOSE1:btm_ble_gap.cc(2886)] btm_ble_process_adv_pkt_cont skipped BDA 53:a3:80:c8:d3:e6
09-21 19:28:36.767 V/bt_stack( 2214): [VERBOSE1:btm_ble_gap.cc(2726)] btm_ble_process_ext_adv_pkt: bda=04:7a:0b:1a:01:08
09-21 19:28:36.767 V/bt_stack( 2214): [VERBOSE1:btm_ble_gap.cc(2650)] btm_ble_process_adv_addr: bda=04:7a:0b:1a:01:08
09-21 19:28:36.767 V/bt_stack( 2214): [VERBOSE1:btm_ble_gap.cc(2886)] btm_ble_process_adv_pkt_cont skipped BDA 04:7a:0b:1a:01:08
09-21 19:28:36.773 V/bt_stack( 2214): [VERBOSE1:btm_ble_gap.cc(2726)] btm_ble_process_ext_adv_pkt: bda=16:cb:14:b0:6d:ca
09-21 19:28:36.773 V/bt_stack( 2214): [VERBOSE1:btm_ble_gap.cc(2650)] btm_ble_process_adv_addr: bda=16:cb:14:b0:6d:ca
09-21 19:28:36.773 V/bt_stack( 2214): [VERBOSE1:btm_ble_gap.cc(2886)] btm_ble_process_adv_pkt_cont skipped BDA 16:cb:14:b0:6d:ca
09-21 19:28:36.776 V/bt_stack( 2214): [VERBOSE1:btm_ble_gap.cc(2726)] btm_ble_process_ext_adv_pkt: bda=1a:39:42:f3:de:2e
09-21 19:28:36.776 V/bt_stack( 2214): [VERBOSE1:btm_ble_gap.cc(2650)] btm_ble_process_adv_addr: bda=1a:39:42:f3:de:2e
09-21 19:28:36.776 V/bt_stack( 2214): [VERBOSE1:btm_ble_gap.cc(2886)] btm_ble_process_adv_pkt_cont skipped BDA 1a:39:42:f3:de:2e
09-21 19:28:36.778 V/bt_stack( 2214): [VERBOSE1:btm_ble_gap.cc(2726)] btm_ble_process_ext_adv_pkt: bda=c1:98:07:e2:39:82
09-21 19:28:36.778 V/bt_stack( 2214): [VERBOSE1:btm_ble_gap.cc(2650)] btm_ble_process_adv_addr: bda=c1:98:07:e2:39:82
09-21 19:28:36.778 W/bt_btm_ble( 2214): btm_ble_process_adv_pkt_cont device no longer discoverable, discarding advertising packet
09-21 19:28:36.781 V/bt_stack( 2214): [VERBOSE1:btm_ble_gap.cc(2726)] btm_ble_process_ext_adv_pkt: bda=3f:69:ec:48:74:e4
09-21 19:28:36.781 V/bt_stack( 2214): [VERBOSE1:btm_ble_gap.cc(2650)] btm_ble_process_adv_addr: bda=3f:69:ec:48:74:e4
09-21 19:28:36.781 V/bt_stack( 2214): [VERBOSE1:btm_ble_gap.cc(2886)] btm_ble_process_adv_pkt_cont skipped BDA 3f:69:ec:48:74:e4
09-21 19:28:36.782 V/bt_stack( 2214): [VERBOSE1:btm_ble_gap.cc(2726)] btm_ble_process_ext_adv_pkt: bda=34:50:1c:f3:3d:15
09-21 19:28:36.783 V/bt_stack( 2214): [VERBOSE1:btm_ble_gap.cc(2650)] btm_ble_process_adv_addr: bda=34:50:1c:f3:3d:15
09-21 19:28:36.783 V/bt_stack( 2214): [VERBOSE1:btm_ble_gap.cc(2886)] btm_ble_process_adv_pkt_cont skipped BDA 34:50:1c:f3:3d:15
09-21 19:28:36.788 V/bt_stack( 2214): [VERBOSE1:btm_ble_gap.cc(2726)] btm_ble_process_ext_adv_pkt: bda=5c:24:32:dd:3e:3e
09-21 19:28:36.788 V/bt_stack( 2214): [VERBOSE1:btm_ble_gap.cc(2650)] btm_ble_process_adv_addr: bda=5c:24:32:dd:3e:3e
09-21 19:28:36.788 V/bt_stack( 2214): [VERBOSE1:btm_ble_gap.cc(2886)] btm_ble_process_adv_pkt_cont skipped BDA 5c:24:32:dd:3e:3e
09-21 19:28:36.790 V/bt_stack( 2214): [VERBOSE1:btm_ble_gap.cc(2726)] btm_ble_process_ext_adv_pkt: bda=24:e6:de:31:44:d4
09-21 19:28:36.790 V/bt_stack( 2214): [VERBOSE1:btm_ble_gap.cc(2650)] btm_ble_process_adv_addr: bda=24:e6:de:31:44:d4
09-21 19:28:36.791 V/bt_stack( 2214): [VERBOSE1:btm_ble_gap.cc(2886)] btm_ble_process_adv_pkt_cont skipped BDA 24:e6:de:31:44:d4
09-21 19:28:36.791 V/bt_stack( 2214): [VERBOSE1:btm_ble_gap.cc(2726)] btm_ble_process_ext_adv_pkt: bda=22:8c:ff:6a:3f:3c
09-21 19:28:36.792 V/bt_stack( 2214): [VERBOSE1:btm_ble_gap.cc(2650)] btm_ble_process_adv_addr: bda=22:8c:ff:6a:3f:3c
09-21 19:28:36.792 V/bt_stack( 2214): [VERBOSE1:btm_ble_gap.cc(2886)] btm_ble_process_adv_pkt_cont skipped BDA 22:8c:ff:6a:3f:3c
09-21 19:28:36.794 V/bt_stack( 2214): [VERBOSE1:btm_ble_gap.cc(2726)] btm_ble_process_ext_adv_pkt: bda=40:b3:5d:d0:70:99
09-21 19:28:36.794 V/bt_stack( 2214): [VERBOSE1:btm_ble_gap.cc(2650)] btm_ble_process_adv_addr: bda=40:b3:5d:d0:70:99
09-21 19:28:36.794 V/bt_stack( 2214): [VERBOSE1:btm_ble_gap.cc(2886)] btm_ble_process_adv_pkt_cont skipped BDA 40:b3:5d:d0:70:99
09-21 19:28:36.796 V/bt_stack( 2214): [VERBOSE1:btm_ble_gap.cc(2726)] btm_ble_process_ext_adv_pkt: bda=55:bb:d8:47:be:26
09-21 19:28:36.796 V/bt_stack( 2214): [VERBOSE1:btm_ble_gap.cc(2650)] btm_ble_process_adv_addr: bda=55:bb:d8:47:be:26
09-21 19:28:36.796 V/bt_stack( 2214): [VERBOSE1:btm_ble_gap.cc(2855)] Waiting for scan response 55:bb:d8:47:be:26
09-21 19:28:36.797 V/bt_stack( 2214): [VERBOSE1:btm_ble_gap.cc(2726)] btm_ble_process_ext_adv_pkt: bda=55:bb:d8:47:be:26
09-21 19:28:36.797 V/bt_stack( 2214): [VERBOSE1:btm_ble_gap.cc(2650)] btm_ble_process_adv_addr: bda=55:bb:d8:47:be:26
09-21 19:28:36.797 V/bt_stack( 2214): [VERBOSE1:btm_ble_gap.cc(2886)] btm_ble_process_adv_pkt_cont skipped BDA 55:bb:d8:47:be:26
09-21 19:28:36.798 V/bt_stack( 2214): [VERBOSE1:btm_ble_gap.cc(2726)] btm_ble_process_ext_adv_pkt: bda=04:7a:0b:1a:00:fc
09-21 19:28:36.798 V/bt_stack( 2214): [VERBOSE1:btm_ble_gap.cc(2650)] btm_ble_process_adv_addr: bda=04:7a:0b:1a:00:fc
09-21 19:28:36.798 V/bt_stack( 2214): [VERBOSE1:btm_ble_gap.cc(2886)] btm_ble_process_adv_pkt_cont skipped BDA 04:7a:0b:1a:00:fc
09-21 19:28:36.811 V/bt_stack( 2214): [VERBOSE1:btm_ble_gap.cc(2726)] btm_ble_process_ext_adv_pkt: bda=7a:b0:04:0b:8e:cb
09-21 19:28:36.811 V/bt_stack( 2214): [VERBOSE1:btm_ble_gap.cc(2650)] btm_ble_process_adv_addr: bda=7a:b0:04:0b:8e:cb
09-21 19:28:36.812 V/bt_stack( 2214): [VERBOSE1:btm_ble_gap.cc(2855)] Waiting for scan response 7a:b0:04:0b:8e:cb
09-21 19:28:36.812 V/bt_stack( 2214): [VERBOSE1:btm_ble_gap.cc(2726)] btm_ble_process_ext_adv_pkt: bda=32:86:8f:48:1e:af
09-21 19:28:36.812 V/bt_stack( 2214): [VERBOSE1:btm_ble_gap.cc(2650)] btm_ble_process_adv_addr: bda=32:86:8f:48:1e:af
09-21 19:28:36.812 V/bt_stack( 2214): [VERBOSE1:btm_ble_gap.cc(2886)] btm_ble_process_adv_pkt_cont skipped BDA 32:86:8f:48:1e:af
09-21 19:28:36.814 V/bt_stack( 2214): [VERBOSE1:btm_ble_gap.cc(2726)] btm_ble_process_ext_adv_pkt: bda=f4:2f:71:bc:ad:cf
09-21 19:28:36.815 V/bt_stack( 2214): [VERBOSE1:btm_ble_gap.cc(2650)] btm_ble_process_adv_addr: bda=f4:2f:71:bc:ad:cf
09-21 19:28:36.815 V/bt_stack( 2214): [VERBOSE1:btm_ble_gap.cc(2855)] Waiting for scan response f4:2f:71:bc:ad:cf
09-21 19:28:36.815 V/bt_stack( 2214): [VERBOSE1:btm_ble_gap.cc(2726)] btm_ble_process_ext_adv_pkt: bda=f4:2f:71:bc:ad:cf
09-21 19:28:36.816 V/bt_stack( 2214): [VERBOSE1:btm_ble_gap.cc(2650)] btm_ble_process_adv_addr: bda=f4:2f:71:bc:ad:cf
09-21 19:28:36.816 V/bt_stack( 2214): [VERBOSE1:btm_ble_gap.cc(2886)] btm_ble_process_adv_pkt_cont skipped BDA f4:2f:71:bc:ad:cf
09-21 19:28:36.823 V/bt_stack( 2214): [VERBOSE1:btm_ble_gap.cc(2726)] btm_ble_process_ext_adv_pkt: bda=36:ee:39:7d:ff:8c
09-21 19:28:36.823 V/bt_stack( 2214): [VERBOSE1:btm_ble_gap.cc(2650)] btm_ble_process_adv_addr: bda=36:ee:39:7d:ff:8c
09-21 19:28:36.823 V/bt_stack( 2214): [VERBOSE1:btm_ble_gap.cc(2886)] btm_ble_process_adv_pkt_cont skipped BDA 36:ee:39:7d:ff:8c
09-21 19:28:36.823 V/bt_stack( 2214): [VERBOSE1:btm_ble_gap.cc(2726)] btm_ble_process_ext_adv_pkt: bda=39:ee:5c:41:ad:e7
09-21 19:28:36.823 V/bt_stack( 2214): [VERBOSE1:btm_ble_gap.cc(2650)] btm_ble_process_adv_addr: bda=39:ee:5c:41:ad:e7
09-21 19:28:36.823 V/bt_stack( 2214): [VERBOSE1:btm_ble_gap.cc(2886)] btm_ble_process_adv_pkt_cont skipped BDA 39:ee:5c:41:ad:e7
09-21 19:28:36.824 V/bt_stack( 2214): [VERBOSE1:btm_ble_gap.cc(2726)] btm_ble_process_ext_adv_pkt: bda=0e:f4:16:09:e5:1e
09-21 19:28:36.824 V/bt_stack( 2214): [VERBOSE1:btm_ble_gap.cc(2650)] btm_ble_process_adv_addr: bda=0e:f4:16:09:e5:1e
09-21 19:28:36.825 V/bt_stack( 2214): [VERBOSE1:btm_ble_gap.cc(2886)] btm_ble_process_adv_pkt_cont skipped BDA 0e:f4:16:09:e5:1e
09-21 19:28:36.826 V/bt_stack( 2214): [VERBOSE1:btm_ble_gap.cc(2726)] btm_ble_process_ext_adv_pkt: bda=3a:e8:48:a0:1d:6e
09-21 19:28:36.826 V/bt_stack( 2214): [VERBOSE1:btm_ble_gap.cc(2650)] btm_ble_process_adv_addr: bda=3a:e8:48:a0:1d:6e
09-21 19:28:36.826 V/bt_stack( 2214): [VERBOSE1:btm_ble_gap.cc(2886)] btm_ble_process_adv_pkt_cont skipped BDA 3a:e8:48:a0:1d:6e
09-21 19:28:36.833 V/bt_stack( 2214): [VERBOSE1:btm_ble_gap.cc(2726)] btm_ble_process_ext_adv_pkt: bda=72:5e:bd:47:09:e0
09-21 19:28:36.833 V/bt_stack( 2214): [VERBOSE1:btm_ble_gap.cc(2650)] btm_ble_process_adv_addr: bda=72:5e:bd:47:09:e0
09-21 19:28:36.833 V/bt_stack( 2214): [VERBOSE1:btm_ble_gap.cc(2886)] btm_ble_process_adv_pkt_cont skipped BDA 72:5e:bd:47:09:e0
09-21 19:28:36.836 V/bt_stack( 2214): [VERBOSE1:btm_ble_gap.cc(2726)] btm_ble_process_ext_adv_pkt: bda=02:6c:0e:8e:c5:fb
09-21 19:28:36.836 V/bt_stack( 2214): [VERBOSE1:btm_ble_gap.cc(2650)] btm_ble_process_adv_addr: bda=02:6c:0e:8e:c5:fb
09-21 19:28:36.836 V/bt_stack( 2214): [VERBOSE1:btm_ble_gap.cc(2886)] btm_ble_process_adv_pkt_cont skipped BDA 02:6c:0e:8e:c5:fb
09-21 19:28:36.843 V/bt_stack( 2214): [VERBOSE1:btm_ble_gap.cc(2726)] btm_ble_process_ext_adv_pkt: bda=2f:6a:67:78:12:fc
09-21 19:28:36.843 V/bt_stack( 2214): [VERBOSE1:btm_ble_gap.cc(2650)] btm_ble_process_adv_addr: bda=2f:6a:67:78:12:fc
09-21 19:28:36.843 V/bt_stack( 2214): [VERBOSE1:btm_ble_gap.cc(2886)] btm_ble_process_adv_pkt_cont skipped BDA 2f:6a:67:78:12:fc
09-21 19:28:36.847 I/mpu_uart( 671): [MSG-P:RECV]:No message received in 1000 ms
09-21 19:28:36.850 V/bt_stack( 2214): [VERBOSE1:btm_ble_gap.cc(2726)] btm_ble_process_ext_adv_pkt: bda=21:2b:31:5e:59:18
09-21 19:28:36.850 V/bt_stack( 2214): [VERBOSE1:btm_ble_gap.cc(2650)] btm_ble_process_adv_addr: bda=21:2b:31:5e:59:18
09-21 19:28:36.850 V/bt_stack( 2214): [VERBOSE1:btm_ble_gap.cc(2886)] btm_ble_process_adv_pkt_cont skipped BDA 21:2b:31:5e:59:18
09-21 19:28:36.853 V/bt_stack( 2214): [VERBOSE1:btm_ble_gap.cc(2726)] btm_ble_process_ext_adv_pkt: bda=02:e2:c3:30:22:dc
09-21 19:28:36.853 V/bt_stack( 2214): [VERBOSE1:btm_ble_gap.cc(2650)] btm_ble_process_adv_addr: bda=02:e2:c3:30:22:dc
09-21 19:28:36.853 V/bt_stack( 2214): [VERBOSE1:btm_ble_gap.cc(2886)] btm_ble_process_adv_pkt_cont skipped BDA 02:e2:c3:30:22:dc
09-21 19:28:36.861 V/bt_stack( 2214): [VERBOSE1:btm_ble_gap.cc(2726)] btm_ble_process_ext_adv_pkt: bda=38:dc:cb:8e:be:99
09-21 19:28:36.861 V/bt_stack( 2214): [VERBOSE1:btm_ble_gap.cc(2650)] btm_ble_process_adv_addr: bda=38:dc:cb:8e:be:99
09-21 19:28:36.861 V/bt_stack( 2214): [VERBOSE1:btm_ble_gap.cc(2886)] btm_ble_process_adv_pkt_cont skipped BDA 38:dc:cb:8e:be:99
09-21 19:28:36.863 V/bt_stack( 2214): [VERBOSE1:btm_ble_gap.cc(2726)] btm_ble_process_ext_adv_pkt: bda=2d:2c:55:e8:e3:41
09-21 19:28:36.864 V/bt_stack( 2214): [VERBOSE1:btm_ble_gap.cc(2650)] btm_ble_process_adv_addr: bda=2d:2c:55:e8:e3:41
09-21 19:28:36.864 V/bt_stack( 2214): [VERBOSE1:btm_ble_gap.cc(2886)] btm_ble_process_adv_pkt_cont skipped BDA 2d:2c:55:e8:e3:41
09-21 19:28:36.868 V/bt_stack( 2214): [VERBOSE1:btm_ble_gap.cc(2726)] btm_ble_process_ext_adv_pkt: bda=0d:48:6f:53:8a:67
09-21 19:28:36.868 V/bt_stack( 2214): [VERBOSE1:btm_ble_gap.cc(2650)] btm_ble_process_adv_addr: bda=0d:48:6f:53:8a:67
09-21 19:28:36.868 V/bt_stack( 2214): [VERBOSE1:btm_ble_gap.cc(2886)] btm_ble_process_adv_pkt_cont skipped BDA 0d:48:6f:53:8a:67
09-21 19:28:36.869 V/bt_stack( 2214): [VERBOSE1:btm_ble_gap.cc(2726)] btm_ble_process_ext_adv_pkt: bda=13:c6:1d:8c:6e:7b
09-21 19:28:36.869 V/bt_stack( 2214): [VERBOSE1:btm_ble_gap.cc(2650)] btm_ble_process_adv_addr: bda=13:c6:1d:8c:6e:7b
09-21 19:28:36.869 V/bt_stack( 2214): [VERBOSE1:btm_ble_gap.cc(2886)] btm_ble_process_adv_pkt_cont skipped BDA 13:c6:1d:8c:6e:7b
09-21 19:28:36.870 V/bt_stack( 2214): [VERBOSE1:btm_ble_gap.cc(2726)] btm_ble_process_ext_adv_pkt: bda=04:a8:af:7c:64:e3
09-21 19:28:36.870 V/bt_stack( 2214): [VERBOSE1:btm_ble_gap.cc(2650)] btm_ble_process_adv_addr: bda=04:a8:af:7c:64:e3
09-21 19:28:36.870 V/bt_stack( 2214): [VERBOSE1:btm_ble_gap.cc(2886)] btm_ble_process_adv_pkt_cont skipped BDA 04:a8:af:7c:64:e3
09-21 19:28:36.880 V/bt_stack( 2214): [VERBOSE1:btm_ble_gap.cc(2726)] btm_ble_process_ext_adv_pkt: bda=16:cb:14:b0:6d:ca
09-21 19:28:36.880 V/bt_stack( 2214): [VERBOSE1:btm_ble_gap.cc(2650)] btm_ble_process_adv_addr: bda=16:cb:14:b0:6d:ca
09-21 19:28:36.880 V/bt_stack( 2214): [VERBOSE1:btm_ble_gap.cc(2886)] btm_ble_process_adv_pkt_cont skipped BDA 16:cb:14:b0:6d:ca
09-21 19:28:36.881 V/bt_stack( 2214): [VERBOSE1:btm_ble_gap.cc(2726)] btm_ble_process_ext_adv_pkt: bda=1a:39:42:f3:de:2e
09-21 19:28:36.881 V/bt_stack( 2214): [VERBOSE1:btm_ble_gap.cc(2650)] btm_ble_process_adv_addr: bda=1a:39:42:f3:de:2e
09-21 19:28:36.881 V/bt_stack( 2214): [VERBOSE1:btm_ble_gap.cc(2886)] btm_ble_process_adv_pkt_cont skipped BDA 1a:39:42:f3:de:2e
09-21 19:28:36.885 V/bt_stack( 2214): [VERBOSE1:btm_ble_gap.cc(2726)] btm_ble_process_ext_adv_pkt: bda=34:50:1c:f3:3d:15
09-21 19:28:36.885 V/bt_stack( 2214): [VERBOSE1:btm_ble_gap.cc(2650)] btm_ble_process_adv_addr: bda=34:50:1c:f3:3d:15
09-21 19:28:36.885 V/bt_stack( 2214): [VERBOSE1:btm_ble_gap.cc(2886)] btm_ble_process_adv_pkt_cont skipped BDA 34:50:1c:f3:3d:15
09-21 19:28:36.965 I/vendor.qti.bluetooth@1.0-ibs_handler( 839): ProcessIbsCmd: Received IBS_SLEEP_IND: 0xFE
09-21 19:28:36.965 D/vendor.qti.bluetooth@1.0-ibs_handler( 839): SerialClockVote: vote for UART CLK OFF
09-21 19:28:37.115 D/vendor.qti.bluetooth@1.0-wake_lock( 839): Release wakelock is released
01-01 09:08:29.721 D/ ( 0): mv2112_read_status
01-01 09:08:29.725 D/mv2112_update_link( 0): 3.0x901(1G): 0x80
01-01 09:08:29.733 D/mv2112_update_link( 0): 3.0x8109(100M): 0x0
01-01 09:08:29.738 D/mv2112_update_link( 0): link 0x0
01-01 09:08:29.744 D/mv2112_read_status( 0): autoneg is disabled
09-21 19:28:37.813 I/vendor.qti.bluetooth@1.0-ibs_handler( 839): ProcessIbsCmd: Received IBS_WAKE_IND: 0xFD
09-21 19:28:37.814 D/vendor.qti.bluetooth@1.0-ibs_handler( 839): SerialClockVote: vote for UART CLK ON
09-21 19:28:37.814 D/vendor.qti.bluetooth@1.0-wake_lock( 839): Acquire wakelock is acquired
09-21 19:28:37.814 I/vendor.qti.bluetooth@1.0-ibs_handler( 839): ProcessIbsCmd: Writing IBS_WAKE_ACK
09-21 19:28:37.816 W/bt_btm ( 2214): btm_process_inq_results: BDA: 18:5e:0f:24:6f:07
09-21 19:28:37.816 W/bt_btm ( 2214): btm_process_inq_results: Dev class: 28-01-0c
09-21 19:28:37.817 V/bt_stack( 2214): [VERBOSE1:btm_inq.cc(1033)] BTM_InqDbRead: bd addr 18:5e:0f:24:6f:07
09-21 19:28:37.819 D/bt_btif_config( 2214): btif_get_device_type: Device [18:5e:0f:24:6f:07] type 1
09-21 19:28:37.821 D/BluetoothRemoteDevices( 2214): Property type: 2
09-21 19:28:37.821 D/BluetoothRemoteDevices( 2214): Remote Address is:18:5E:0F:24:6F:07
09-21 19:28:37.821 D/BluetoothRemoteDevices( 2214): Property type: 1
09-21 19:28:37.821 D/BluetoothRemoteDevices( 2214): Skip name update for 18:5E:0F:24:6F:07
09-21 19:28:37.822 D/BluetoothRemoteDevices( 2214): Property type: 4
09-21 19:28:37.822 D/BluetoothRemoteDevices( 2214): Skip class update for 18:5E:0F:24:6F:07
09-21 19:28:37.822 D/BluetoothRemoteDevices( 2214): Property type: 5
09-21 19:28:37.822 D/BluetoothRemoteDevices( 2214): BT_PROPERTY_TYPE_OF_DEVICE 18:5E:0F:24:6F:07
09-21 19:28:37.822 D/BluetoothRemoteDevices( 2214): Property type: 11
09-21 19:28:37.822 D/BluetoothRemoteDevices( 2214): deviceFoundCallback: Remote Address is:18:5E:0F:24:6F:07
09-21 19:28:37.830 E/BluetoothDatabase( 2214): getCustomMeta: device 18:5E:0F:24:6F:07 is not in cache
09-21 19:28:37.834 E/BluetoothDatabase( 2214): getCustomMeta: device 18:5E:0F:24:6F:07 is not in cache
09-21 19:28:37.835 W/BluetoothDatabase( 2214): Invalid metadata key 17
09-21 19:28:37.835 E/BluetoothDatabase( 2214): getCustomMeta: meta key invalid 17
09-21 19:28:37.836 D/AdaptiveHomepageIcon( 8794): Setting background color -3411720
09-21 19:28:37.844 D/BluetoothSap( 8794): getConnectionState(18:5E:0F:24:6F:07)
09-21 19:28:37.845 V/SapService( 2214): getConnectionState()
09-21 19:28:37.847 I/mpu_uart( 671): [MSG-P:RECV]:No message received in 1000 ms
09-21 19:28:37.852 E/BluetoothDatabase( 2214): getCustomMeta: device 18:5E:0F:24:6F:07 is not in cache
09-21 19:28:37.856 E/BluetoothDatabase( 2214): getCustomMeta: device 18:5E:0F:24:6F:07 is not in cache
09-21 19:28:37.857 W/BluetoothDatabase( 2214): Invalid metadata key 17
09-21 19:28:37.857 E/BluetoothDatabase( 2214): getCustomMeta: meta key invalid 17
09-21 19:28:37.858 D/AdaptiveHomepageIcon( 8794): Setting background color -3411720
09-21 19:28:37.865 D/BluetoothSap( 8794): getConnectionState(18:5E:0F:24:6F:07)
09-21 19:28:37.866 V/SapService( 2214): getConnectionState()
09-21 19:28:37.895 I/vendor.qti.bluetooth@1.0-ibs_handler( 839): ProcessIbsCmd: Received IBS_SLEEP_IND: 0xFE
09-21 19:28:37.896 D/vendor.qti.bluetooth@1.0-ibs_handler( 839): SerialClockVote: vote for UART CLK OFF
09-21 19:28:38.046 D/vendor.qti.bluetooth@1.0-wake_lock( 839): Release wakelock is released
09-21 19:28:38.212 I/vendor.qti.bluetooth@1.0-ibs_handler( 839): ProcessIbsCmd: Received IBS_WAKE_IND: 0xFD
09-21 19:28:38.212 D/vendor.qti.bluetooth@1.0-ibs_handler( 839): SerialClockVote: vote for UART CLK ON
09-21 19:28:38.212 D/vendor.qti.bluetooth@1.0-wake_lock( 839): Acquire wakelock is acquired
09-21 19:28:38.212 I/vendor.qti.bluetooth@1.0-ibs_handler( 839): ProcessIbsCmd: Writing IBS_WAKE_ACK
09-21 19:28:38.215 V/bt_stack( 2214): [VERBOSE1:btm_ble_gap.cc(2726)] btm_ble_process_ext_adv_pkt: bda=02:6c:0e:8e:c5:fb
09-21 19:28:38.215 V/bt_stack( 2214): [VERBOSE1:btm_ble_gap.cc(2650)] btm_ble_process_adv_addr: bda=02:6c:0e:8e:c5:fb
09-21 19:28:38.215 V/bt_stack( 2214): [VERBOSE1:btm_ble_gap.cc(2886)] btm_ble_process_adv_pkt_cont skipped BDA 02:6c:0e:8e:c5:fb
09-21 19:28:38.216 V/bt_stack( 2214): [VERBOSE1:btm_ble_gap.cc(2726)] btm_ble_process_ext_adv_pkt: bda=21:2b:31:5e:59:18
09-21 19:28:38.216 V/bt_stack( 2214): [VERBOSE1:btm_ble_gap.cc(2650)] btm_ble_process_adv_addr: bda=21:2b:31:5e:59:18
09-21 19:28:38.216 V/bt_stack( 2214): [VERBOSE1:btm_ble_gap.cc(2886)] btm_ble_process_adv_pkt_cont skipped BDA 21:2b:31:5e:59:18
09-21 19:28:38.217 V/bt_stack( 2214): [VERBOSE1:btm_ble_gap.cc(2726)] btm_ble_process_ext_adv_pkt: bda=50:bb:bb:ca:9f:88
09-21 19:28:38.218 V/bt_stack( 2214): [VERBOSE1:btm_ble_gap.cc(2650)] btm_ble_process_adv_addr: bda=50:bb:bb:ca:9f:88
09-21 19:28:38.218 V/bt_stack( 2214): [VERBOSE1:btm_ble_gap.cc(2855)] Waiting for scan response 50:bb:bb:ca:9f:88
09-21 19:28:38.219 V/bt_stack( 2214): [VERBOSE1:btm_ble_gap.cc(2726)] btm_ble_process_ext_adv_pkt: bda=50:bb:bb:ca:9f:88
09-21 19:28:38.219 V/bt_stack( 2214): [VERBOSE1:btm_ble_gap.cc(2650)] btm_ble_process_adv_addr: bda=50:bb:bb:ca:9f:88
09-21 19:28:38.219 V/bt_stack( 2214): [VERBOSE1:btm_inq.cc(1033)] BTM_InqDbRead: bd addr 50:bb:bb:ca:9f:88
09-21 19:28:38.220 V/bt_stack( 2214): [VERBOSE1:btm_inq.cc(1033)] BTM_InqDbRead: bd addr 50:bb:bb:ca:9f:88
09-21 19:28:38.221 D/BluetoothRemoteDevices( 2214): Added new device property
09-21 19:28:38.223 D/BluetoothRemoteDevices( 2214): Property type: 2
09-21 19:28:38.223 D/BluetoothRemoteDevices( 2214): Remote Address is:50:BB:BB:CA:9F:88
09-21 19:28:38.223 D/BluetoothRemoteDevices( 2214): Property type: 5
09-21 19:28:38.224 D/BluetoothRemoteDevices( 2214): BT_PROPERTY_TYPE_OF_DEVICE 50:BB:BB:CA:9F:88
09-21 19:28:38.224 D/BluetoothRemoteDevices( 2214): Property type: 11
09-21 19:28:38.224 D/BluetoothRemoteDevices( 2214): deviceFoundCallback: Remote Address is:50:BB:BB:CA:9F:88
09-21 19:28:38.227 V/bt_stack( 2214): [VERBOSE1:btm_ble_gap.cc(2726)] btm_ble_process_ext_adv_pkt: bda=cf:3d:13:f9:7b:65
09-21 19:28:38.227 V/bt_stack( 2214): [VERBOSE1:btm_ble_gap.cc(2650)] btm_ble_process_adv_addr: bda=cf:3d:13:f9:7b:65
09-21 19:28:38.227 W/bt_btm_ble( 2214): btm_ble_process_adv_pkt_cont device no longer discoverable, discarding advertising packet
09-21 19:28:38.232 V/bt_stack( 2214): [VERBOSE1:btm_ble_gap.cc(2726)] btm_ble_process_ext_adv_pkt: bda=46:43:79:77:c4:17
09-21 19:28:38.232 V/bt_stack( 2214): [VERBOSE1:btm_ble_gap.cc(2650)] btm_ble_process_adv_addr: bda=46:43:79:77:c4:17
09-21 19:28:38.232 W/bt_btm_ble( 2214): btm_ble_process_adv_pkt_cont device no longer discoverable, discarding advertising packet
09-21 19:28:38.235 V/bt_stack( 2214): [VERBOSE1:btm_ble_gap.cc(2726)] btm_ble_process_ext_adv_pkt: bda=14:c3:01:de:68:45
09-21 19:28:38.235 V/bt_stack( 2214): [VERBOSE1:btm_ble_gap.cc(2650)] btm_ble_process_adv_addr: bda=14:c3:01:de:68:45
09-21 19:28:38.235 W/bt_btm_ble( 2214): btm_ble_process_adv_pkt_cont device no longer discoverable, discarding advertising packet
09-21 19:28:38.236 D/HearingAidService( 2214): getActiveDevices
09-21 19:28:38.236 V/bt_stack( 2214): [VERBOSE1:btm_ble_gap.cc(2726)] btm_ble_process_ext_adv_pkt: bda=2f:6a:67:78:12:fc
09-21 19:28:38.237 V/bt_stack( 2214): [VERBOSE1:btm_ble_gap.cc(2650)] btm_ble_process_adv_addr: bda=2f:6a:67:78:12:fc
09-21 19:28:38.237 V/bt_stack( 2214): [VERBOSE1:btm_ble_gap.cc(2886)] btm_ble_process_adv_pkt_cont skipped BDA 2f:6a:67:78:12:fc
09-21 19:28:38.238 V/bt_stack( 2214): [VERBOSE1:btm_ble_gap.cc(2726)] btm_ble_process_ext_adv_pkt: bda=20:6e:43:6c:d3:ba
09-21 19:28:38.238 V/bt_stack( 2214): [VERBOSE1:btm_ble_gap.cc(2650)] btm_ble_process_adv_addr: bda=20:6e:43:6c:d3:ba
09-21 19:28:38.238 W/bt_btm_ble( 2214): btm_ble_process_adv_pkt_cont device no longer discoverable, discarding advertising packet
09-21 19:28:38.238 E/BluetoothDatabase( 2214): getCustomMeta: device 50:BB:BB:CA:9F:88 is not in cache
09-21 19:28:38.239 V/bt_stack( 2214): [VERBOSE1:btm_ble_gap.cc(2726)] btm_ble_process_ext_adv_pkt: bda=3c:64:be:e3:17:01
09-21 19:28:38.239 V/bt_stack( 2214): [VERBOSE1:btm_ble_gap.cc(2650)] btm_ble_process_adv_addr: bda=3c:64:be:e3:17:01
09-21 19:28:38.239 V/bt_stack( 2214): [VERBOSE1:btm_ble_gap.cc(2886)] btm_ble_process_adv_pkt_cont skipped BDA 3c:64:be:e3:17:01
09-21 19:28:38.239 V/bt_stack( 2214): [VERBOSE1:btm_ble_gap.cc(2726)] btm_ble_process_ext_adv_pkt: bda=04:7a:0b:1a:00:fc
09-21 19:28:38.240 V/bt_stack( 2214): [VERBOSE1:btm_ble_gap.cc(2650)] btm_ble_process_adv_addr: bda=04:7a:0b:1a:00:fc
09-21 19:28:38.240 V/bt_stack( 2214): [VERBOSE1:btm_ble_gap.cc(2886)] btm_ble_process_adv_pkt_cont skipped BDA 04:7a:0b:1a:00:fc
09-21 19:28:38.240 V/bt_stack( 2214): [VERBOSE1:btm_ble_gap.cc(2726)] btm_ble_process_ext_adv_pkt: bda=16:cb:14:b0:6d:ca
09-21 19:28:38.240 V/bt_stack( 2214): [VERBOSE1:btm_ble_gap.cc(2650)] btm_ble_process_adv_addr: bda=16:cb:14:b0:6d:ca
09-21 19:28:38.240 V/bt_stack( 2214): [VERBOSE1:btm_ble_gap.cc(2886)] btm_ble_process_adv_pkt_cont skipped BDA 16:cb:14:b0:6d:ca
09-21 19:28:38.244 E/BluetoothDatabase( 2214): getCustomMeta: device 50:BB:BB:CA:9F:88 is not in cache
09-21 19:28:38.244 W/BluetoothDatabase( 2214): Invalid metadata key 17
09-21 19:28:38.244 E/BluetoothDatabase( 2214): getCustomMeta: meta key invalid 17
09-21 19:28:38.245 D/AdaptiveHomepageIcon( 8794): Setting background color -1453315
09-21 19:28:38.245 V/bt_stack( 2214): [VERBOSE1:btm_ble_gap.cc(2726)] btm_ble_process_ext_adv_pkt: bda=77:5f:93:c5:51:d7
09-21 19:28:38.245 V/bt_stack( 2214): [VERBOSE1:btm_ble_gap.cc(2650)] btm_ble_process_adv_addr: bda=77:5f:93:c5:51:d7
09-21 19:28:38.245 V/bt_stack( 2214): [VERBOSE1:btm_ble_gap.cc(2855)] Waiting for scan response 77:5f:93:c5:51:d7
09-21 19:28:38.246 V/bt_stack( 2214): [VERBOSE1:btm_ble_gap.cc(2726)] btm_ble_process_ext_adv_pkt: bda=38:dc:cb:8e:be:99
09-21 19:28:38.246 V/bt_stack( 2214): [VERBOSE1:btm_ble_gap.cc(2650)] btm_ble_process_adv_addr: bda=38:dc:cb:8e:be:99
09-21 19:28:38.246 V/bt_stack( 2214): [VERBOSE1:btm_ble_gap.cc(2886)] btm_ble_process_adv_pkt_cont skipped BDA 38:dc:cb:8e:be:99
09-21 19:28:38.247 V/bt_stack( 2214): [VERBOSE1:btm_ble_gap.cc(2726)] btm_ble_process_ext_adv_pkt: bda=1b:82:86:f9:a6:a9
09-21 19:28:38.247 V/bt_stack( 2214): [VERBOSE1:btm_ble_gap.cc(2650)] btm_ble_process_adv_addr: bda=1b:82:86:f9:a6:a9
09-21 19:28:38.247 W/bt_btm_ble( 2214): btm_ble_process_adv_pkt_cont device no longer discoverable, discarding advertising packet
09-21 19:28:38.248 D/BluetoothSap( 8794): getConnectionState(50:BB:BB:CA:9F:88)
09-21 19:28:38.248 V/SapService( 2214): getConnectionState()
09-21 19:28:38.249 V/bt_stack( 2214): [VERBOSE1:btm_ble_gap.cc(2726)] btm_ble_process_ext_adv_pkt: bda=22:81:02:38:d2:78
09-21 19:28:38.249 V/bt_stack( 2214): [VERBOSE1:btm_ble_gap.cc(2650)] btm_ble_process_adv_addr: bda=22:81:02:38:d2:78
09-21 19:28:38.250 V/bt_stack( 2214): [VERBOSE1:btm_ble_gap.cc(2886)] btm_ble_process_adv_pkt_cont skipped BDA 22:81:02:38:d2:78
09-21 19:28:38.251 V/bt_stack( 2214): [VERBOSE1:btm_ble_gap.cc(2726)] btm_ble_process_ext_adv_pkt: bda=22:8c:ff:6a:3f:3c
09-21 19:28:38.251 V/bt_stack( 2214): [VERBOSE1:btm_ble_gap.cc(2650)] btm_ble_process_adv_addr: bda=22:8c:ff:6a:3f:3c
09-21 19:28:38.251 V/bt_stack( 2214): [VERBOSE1:btm_ble_gap.cc(2886)] btm_ble_process_adv_pkt_cont skipped BDA 22:8c:ff:6a:3f:3c
09-21 19:28:38.252 V/bt_stack( 2214): [VERBOSE1:btm_ble_gap.cc(2726)] btm_ble_process_ext_adv_pkt: bda=34:50:1c:f3:3d:15
09-21 19:28:38.252 V/bt_stack( 2214): [VERBOSE1:btm_ble_gap.cc(2650)] btm_ble_process_adv_addr: bda=34:50:1c:f3:3d:15
09-21 19:28:38.252 V/bt_stack( 2214): [VERBOSE1:btm_ble_gap.cc(2886)] btm_ble_process_adv_pkt_cont skipped BDA 34:50:1c:f3:3d:15
09-21 19:28:38.253 E/BluetoothDatabase( 2214): getCustomMeta: device 50:BB:BB:CA:9F:88 is not in cache
09-21 19:28:38.254 E/BluetoothDatabase( 2214): getCustomMeta: device 50:BB:BB:CA:9F:88 is not in cache
09-21 19:28:38.255 W/BluetoothDatabase( 2214): Invalid metadata key 17
09-21 19:28:38.255 E/BluetoothDatabase( 2214): getCustomMeta: meta key invalid 17
09-21 19:28:38.255 D/AdaptiveHomepageIcon( 8794): Setting background color -1453315
09-21 19:28:38.258 V/bt_stack( 2214): [VERBOSE1:btm_ble_gap.cc(2726)] btm_ble_process_ext_adv_pkt: bda=1a:39:42:f3:de:2e
09-21 19:28:38.258 V/bt_stack( 2214): [VERBOSE1:btm_ble_gap.cc(2650)] btm_ble_process_adv_addr: bda=1a:39:42:f3:de:2e
09-21 19:28:38.258 V/bt_stack( 2214): [VERBOSE1:btm_ble_gap.cc(2886)] btm_ble_process_adv_pkt_cont skipped BDA 1a:39:42:f3:de:2e
09-21 19:28:38.258 D/BluetoothSap( 8794): getConnectionState(50:BB:BB:CA:9F:88)
09-21 19:28:38.258 V/SapService( 2214): getConnectionState()
09-21 19:28:38.261 D/BluetoothEventManager( 8794): DeviceFoundHandler created new CachedBluetoothDevice
09-21 19:28:38.261 V/bt_stack( 2214): [VERBOSE1:btm_ble_gap.cc(2726)] btm_ble_process_ext_adv_pkt: bda=24:e6:de:31:44:d4
09-21 19:28:38.261 V/bt_stack( 2214): [VERBOSE1:btm_ble_gap.cc(2650)] btm_ble_process_adv_addr: bda=24:e6:de:31:44:d4
09-21 19:28:38.262 V/bt_stack( 2214): [VERBOSE1:btm_ble_gap.cc(2886)] btm_ble_process_adv_pkt_cont skipped BDA 24:e6:de:31:44:d4
09-21 19:28:38.262 E/BluetoothDatabase( 2214): getCustomMeta: device 50:BB:BB:CA:9F:88 is not in cache
09-21 19:28:38.263 E/BluetoothDatabase( 2214): getCustomMeta: device 50:BB:BB:CA:9F:88 is not in cache
09-21 19:28:38.264 W/BluetoothDatabase( 2214): Invalid metadata key 17
09-21 19:28:38.264 E/BluetoothDatabase( 2214): getCustomMeta: meta key invalid 17
09-21 19:28:38.264 D/AdaptiveHomepageIcon( 8794): Setting background color -1453315
09-21 19:28:38.267 D/BluetoothSap( 8794): getConnectionState(50:BB:BB:CA:9F:88)
09-21 19:28:38.267 V/SapService( 2214): getConnectionState()
09-21 19:28:38.268 V/bt_stack( 2214): [VERBOSE1:btm_ble_gap.cc(2726)] btm_ble_process_ext_adv_pkt: bda=26:dc:b9:36:1c:5e
09-21 19:28:38.268 V/bt_stack( 2214): [VERBOSE1:btm_ble_gap.cc(2650)] btm_ble_process_adv_addr: bda=26:dc:b9:36:1c:5e
09-21 19:28:38.268 W/bt_btm_ble( 2214): btm_ble_process_adv_pkt_cont device no longer discoverable, discarding advertising packet
09-21 19:28:38.270 V/bt_stack( 2214): [VERBOSE1:btm_ble_gap.cc(2726)] btm_ble_process_ext_adv_pkt: bda=40:b3:5d:d0:70:99
09-21 19:28:38.270 V/bt_stack( 2214): [VERBOSE1:btm_ble_gap.cc(2650)] btm_ble_process_adv_addr: bda=40:b3:5d:d0:70:99
09-21 19:28:38.270 V/bt_stack( 2214): [VERBOSE1:btm_ble_gap.cc(2886)] btm_ble_process_adv_pkt_cont skipped BDA 40:b3:5d:d0:70:99
09-21 19:28:38.271 E/BluetoothDatabase( 2214): getCustomMeta: device 50:BB:BB:CA:9F:88 is not in cache
09-21 19:28:38.272 V/bt_stack( 2214): [VERBOSE1:btm_ble_gap.cc(2726)] btm_ble_process_ext_adv_pkt: bda=32:86:8f:48:1e:af
09-21 19:28:38.272 V/bt_stack( 2214): [VERBOSE1:btm_ble_gap.cc(2650)] btm_ble_process_adv_addr: bda=32:86:8f:48:1e:af
09-21 19:28:38.272 V/bt_stack( 2214): [VERBOSE1:btm_ble_gap.cc(2886)] btm_ble_process_adv_pkt_cont skipped BDA 32:86:8f:48:1e:af
09-21 19:28:38.272 E/BluetoothDatabase( 2214): getCustomMeta: device 50:BB:BB:CA:9F:88 is not in cache
09-21 19:28:38.273 W/BluetoothDatabase( 2214): Invalid metadata key 17
09-21 19:28:38.273 E/BluetoothDatabase( 2214): getCustomMeta: meta key invalid 17
09-21 19:28:38.273 D/AdaptiveHomepageIcon( 8794): Setting background color -1453315
09-21 19:28:38.276 D/BluetoothSap( 8794): getConnectionState(50:BB:BB:CA:9F:88)
09-21 19:28:38.276 V/bt_stack( 2214): [VERBOSE1:btm_ble_gap.cc(2726)] btm_ble_process_ext_adv_pkt: bda=73:f9:b9:f2:8d:dc
09-21 19:28:38.276 V/bt_stack( 2214): [VERBOSE1:btm_ble_gap.cc(2650)] btm_ble_process_adv_addr: bda=73:f9:b9:f2:8d:dc
09-21 19:28:38.277 V/bt_stack( 2214): [VERBOSE1:btm_ble_gap.cc(2855)] Waiting for scan response 73:f9:b9:f2:8d:dc
09-21 19:28:38.277 V/SapService( 2214): getConnectionState()
09-21 19:28:38.277 V/bt_stack( 2214): [VERBOSE1:btm_ble_gap.cc(2726)] btm_ble_process_ext_adv_pkt: bda=14:71:2c:be:32:6e
09-21 19:28:38.277 V/bt_stack( 2214): [VERBOSE1:btm_ble_gap.cc(2650)] btm_ble_process_adv_addr: bda=14:71:2c:be:32:6e
09-21 19:28:38.277 V/bt_stack( 2214): [VERBOSE1:btm_ble_gap.cc(2886)] btm_ble_process_adv_pkt_cont skipped BDA 14:71:2c:be:32:6e
09-21 19:28:38.278 V/bt_stack( 2214): [VERBOSE1:btm_ble_gap.cc(2726)] btm_ble_process_ext_adv_pkt: bda=36:ee:39:7d:ff:8c
09-21 19:28:38.278 V/bt_stack( 2214): [VERBOSE1:btm_ble_gap.cc(2650)] btm_ble_process_adv_addr: bda=36:ee:39:7d:ff:8c
09-21 19:28:38.278 V/bt_stack( 2214): [VERBOSE1:btm_ble_gap.cc(2886)] btm_ble_process_adv_pkt_cont skipped BDA 36:ee:39:7d:ff:8c
09-21 19:28:38.282 V/bt_stack( 2214): [VERBOSE1:btm_ble_gap.cc(2726)] btm_ble_process_ext_adv_pkt: bda=39:ee:5c:41:ad:e7
09-21 19:28:38.282 V/bt_stack( 2214): [VERBOSE1:btm_ble_gap.cc(2650)] btm_ble_process_adv_addr: bda=39:ee:5c:41:ad:e7
09-21 19:28:38.283 V/bt_stack( 2214): [VERBOSE1:btm_ble_gap.cc(2886)] btm_ble_process_adv_pkt_cont skipped BDA 39:ee:5c:41:ad:e7
09-21 19:28:38.293 V/bt_stack( 2214): [VERBOSE1:btm_ble_gap.cc(2726)] btm_ble_process_ext_adv_pkt: bda=6b:42:90:69:31:af
09-21 19:28:38.293 V/bt_stack( 2214): [VERBOSE1:btm_ble_gap.cc(2650)] btm_ble_process_adv_addr: bda=6b:42:90:69:31:af
09-21 19:28:38.293 V/bt_stack( 2214): [VERBOSE1:btm_ble_gap.cc(2855)] Waiting for scan response 6b:42:90:69:31:af
09-21 19:28:38.296 V/bt_stack( 2214): [VERBOSE1:btm_ble_gap.cc(2726)] btm_ble_process_ext_adv_pkt: bda=7f:d0:e5:89:0a:9e
09-21 19:28:38.296 V/bt_stack( 2214): [VERBOSE1:btm_ble_gap.cc(2650)] btm_ble_process_adv_addr: bda=7f:d0:e5:89:0a:9e
09-21 19:28:38.297 V/bt_stack( 2214): [VERBOSE1:btm_ble_gap.cc(2855)] Waiting for scan response 7f:d0:e5:89:0a:9e
09-21 19:28:38.298 V/bt_stack( 2214): [VERBOSE1:btm_ble_gap.cc(2726)] btm_ble_process_ext_adv_pkt: bda=f4:2f:71:bc:ad:cf
09-21 19:28:38.298 V/bt_stack( 2214): [VERBOSE1:btm_ble_gap.cc(2650)] btm_ble_process_adv_addr: bda=f4:2f:71:bc:ad:cf
09-21 19:28:38.298 V/bt_stack( 2214): [VERBOSE1:btm_ble_gap.cc(2855)] Waiting for scan response f4:2f:71:bc:ad:cf
09-21 19:28:38.298 V/bt_stack( 2214): [VERBOSE1:btm_ble_gap.cc(2726)] btm_ble_process_ext_adv_pkt: bda=f4:2f:71:bc:ad:cf
09-21 19:28:38.298 V/bt_stack( 2214): [VERBOSE1:btm_ble_gap.cc(2650)] btm_ble_process_adv_addr: bda=f4:2f:71:bc:ad:cf
09-21 19:28:38.298 V/bt_stack( 2214): [VERBOSE1:btm_ble_gap.cc(2886)] btm_ble_process_adv_pkt_cont skipped BDA f4:2f:71:bc:ad:cf
09-21 19:28:38.305 V/bt_stack( 2214): [VERBOSE1:btm_ble_gap.cc(2726)] btm_ble_process_ext_adv_pkt: bda=15:40:17:f7:a5:e7
09-21 19:28:38.305 V/bt_stack( 2214): [VERBOSE1:btm_ble_gap.cc(2650)] btm_ble_process_adv_addr: bda=15:40:17:f7:a5:e7
09-21 19:28:38.305 V/bt_stack( 2214): [VERBOSE1:btm_ble_gap.cc(2886)] btm_ble_process_adv_pkt_cont skipped BDA 15:40:17:f7:a5:e7
09-21 19:28:38.308 V/bt_stack( 2214): [VERBOSE1:btm_ble_gap.cc(2726)] btm_ble_process_ext_adv_pkt: bda=2d:2c:55:e8:e3:41
09-21 19:28:38.308 V/bt_stack( 2214): [VERBOSE1:btm_ble_gap.cc(2650)] btm_ble_process_adv_addr: bda=2d:2c:55:e8:e3:41
09-21 19:28:38.308 V/bt_stack( 2214): [VERBOSE1:btm_ble_gap.cc(2886)] btm_ble_process_adv_pkt_cont skipped BDA 2d:2c:55:e8:e3:41
09-21 19:28:38.318 V/bt_stack( 2214): [VERBOSE1:btm_ble_gap.cc(2726)] btm_ble_process_ext_adv_pkt: bda=59:8b:15:41:d3:83
09-21 19:28:38.318 V/bt_stack( 2214): [VERBOSE1:btm_ble_gap.cc(2650)] btm_ble_process_adv_addr: bda=59:8b:15:41:d3:83
09-21 19:28:38.318 V/bt_stack( 2214): [VERBOSE1:btm_ble_gap.cc(2855)] Waiting for scan response 59:8b:15:41:d3:83
09-21 19:28:38.319 V/bt_stack( 2214): [VERBOSE1:btm_ble_gap.cc(2726)] btm_ble_process_ext_adv_pkt: bda=59:8b:15:41:d3:83
09-21 19:28:38.319 V/bt_stack( 2214): [VERBOSE1:btm_ble_gap.cc(2650)] btm_ble_process_adv_addr: bda=59:8b:15:41:d3:83
09-21 19:28:38.319 V/bt_stack( 2214): [VERBOSE1:btm_ble_gap.cc(2886)] btm_ble_process_adv_pkt_cont skipped BDA 59:8b:15:41:d3:83
09-21 19:28:38.327 V/bt_stack( 2214): [VERBOSE1:btm_ble_gap.cc(2726)] btm_ble_process_ext_adv_pkt: bda=21:2b:31:5e:59:18
09-21 19:28:38.327 V/bt_stack( 2214): [VERBOSE1:btm_ble_gap.cc(2650)] btm_ble_process_adv_addr: bda=21:2b:31:5e:59:18
09-21 19:28:38.327 V/bt_stack( 2214): [VERBOSE1:btm_ble_gap.cc(2886)] btm_ble_process_adv_pkt_cont skipped BDA 21:2b:31:5e:59:18
09-21 19:28:38.332 V/bt_stack( 2214): [VERBOSE1:btm_ble_gap.cc(2726)] btm_ble_process_ext_adv_pkt: bda=41:be:04:04:f1:00
09-21 19:28:38.332 V/bt_stack( 2214): [VERBOSE1:btm_ble_gap.cc(2650)] btm_ble_process_adv_addr: bda=41:be:04:04:f1:00
09-21 19:28:38.332 V/bt_stack( 2214): [VERBOSE1:btm_ble_gap.cc(2855)] Waiting for scan response 41:be:04:04:f1:00
09-21 19:28:38.333 V/bt_stack( 2214): [VERBOSE1:btm_ble_gap.cc(2726)] btm_ble_process_ext_adv_pkt: bda=02:e2:c3:30:22:dc
09-21 19:28:38.333 V/bt_stack( 2214): [VERBOSE1:btm_ble_gap.cc(2650)] btm_ble_process_adv_addr: bda=02:e2:c3:30:22:dc
09-21 19:28:38.333 V/bt_stack( 2214): [VERBOSE1:btm_ble_gap.cc(2886)] btm_ble_process_adv_pkt_cont skipped BDA 02:e2:c3:30:22:dc
09-21 19:28:38.333 V/bt_stack( 2214): [VERBOSE1:btm_ble_gap.cc(2726)] btm_ble_process_ext_adv_pkt: bda=3c:64:be:e3:17:01
09-21 19:28:38.333 V/bt_stack( 2214): [VERBOSE1:btm_ble_gap.cc(2650)] btm_ble_process_adv_addr: bda=3c:64:be:e3:17:01
09-21 19:28:38.333 V/bt_stack( 2214): [VERBOSE1:btm_ble_gap.cc(2886)] btm_ble_process_adv_pkt_cont skipped BDA 3c:64:be:e3:17:01
09-21 19:28:38.334 V/bt_stack( 2214): [VERBOSE1:btm_ble_gap.cc(2726)] btm_ble_process_ext_adv_pkt: bda=13:c6:1d:8c:6e:7b
09-21 19:28:38.334 V/bt_stack( 2214): [VERBOSE1:btm_ble_gap.cc(2650)] btm_ble_process_adv_addr: bda=13:c6:1d:8c:6e:7b
09-21 19:28:38.334 V/bt_stack( 2214): [VERBOSE1:btm_ble_gap.cc(2886)] btm_ble_process_adv_pkt_cont skipped BDA 13:c6:1d:8c:6e:7b
09-21 19:28:38.347 V/bt_stack( 2214): [VERBOSE1:btm_ble_gap.cc(2726)] btm_ble_process_ext_adv_pkt: bda=16:cb:14:b0:6d:ca
09-21 19:28:38.347 V/bt_stack( 2214): [VERBOSE1:btm_ble_gap.cc(2650)] btm_ble_process_adv_addr: bda=16:cb:14:b0:6d:ca
09-21 19:28:38.347 V/bt_stack( 2214): [VERBOSE1:btm_ble_gap.cc(2886)] btm_ble_process_adv_pkt_cont skipped BDA 16:cb:14:b0:6d:ca
09-21 19:28:38.352 V/bt_stack( 2214): [VERBOSE1:btm_ble_gap.cc(2726)] btm_ble_process_ext_adv_pkt: bda=22:81:02:38:d2:78
09-21 19:28:38.353 V/bt_stack( 2214): [VERBOSE1:btm_ble_gap.cc(2650)] btm_ble_process_adv_addr: bda=22:81:02:38:d2:78
09-21 19:28:38.353 V/bt_stack( 2214): [VERBOSE1:btm_ble_gap.cc(2886)] btm_ble_process_adv_pkt_cont skipped BDA 22:81:02:38:d2:78
09-21 19:28:38.361 V/bt_stack( 2214): [VERBOSE1:btm_ble_gap.cc(2726)] btm_ble_process_ext_adv_pkt: bda=34:50:1c:f3:3d:15
09-21 19:28:38.361 V/bt_stack( 2214): [VERBOSE1:btm_ble_gap.cc(2650)] btm_ble_process_adv_addr: bda=34:50:1c:f3:3d:15
09-21 19:28:38.361 V/bt_stack( 2214): [VERBOSE1:btm_ble_gap.cc(2886)] btm_ble_process_adv_pkt_cont skipped BDA 34:50:1c:f3:3d:15
01-01 09:08:30.771 D/ ( 0): mv2112_read_status
01-01 09:08:30.776 D/mv2112_update_link( 0): 3.0x901(1G): 0x80
09-21 19:28:38.375 V/bt_stack( 2214): [VERBOSE1:btm_ble_gap.cc(2726)] btm_ble_process_ext_adv_pkt: bda=6b:f5:a9:e6:61:34
09-21 19:28:38.375 V/bt_stack( 2214): [VERBOSE1:btm_ble_gap.cc(2650)] btm_ble_process_adv_addr: bda=6b:f5:a9:e6:61:34
09-21 19:28:38.375 V/bt_stack( 2214): [VERBOSE1:btm_ble_gap.cc(2855)] Waiting for scan response 6b:f5:a9:e6:61:34
09-21 19:28:38.376 V/bt_stack( 2214): [VERBOSE1:btm_ble_gap.cc(2726)] btm_ble_process_ext_adv_pkt: bda=6e:c2:c3:30:e9:18
09-21 19:28:38.376 V/bt_stack( 2214): [VERBOSE1:btm_ble_gap.cc(2650)] btm_ble_process_adv_addr: bda=6e:c2:c3:30:e9:18
09-21 19:28:38.376 V/bt_stack( 2214): [VERBOSE1:btm_ble_gap.cc(2886)] btm_ble_process_adv_pkt_cont skipped BDA 6e:c2:c3:30:e9:18
09-21 19:28:38.376 V/bt_stack( 2214): [VERBOSE1:btm_ble_gap.cc(2726)] btm_ble_process_ext_adv_pkt: bda=26:dc:b9:36:1c:5e
09-21 19:28:38.376 V/bt_stack( 2214): [VERBOSE1:btm_ble_gap.cc(2650)] btm_ble_process_adv_addr: bda=26:dc:b9:36:1c:5e
09-21 19:28:38.377 V/bt_stack( 2214): [VERBOSE1:btm_ble_gap.cc(2886)] btm_ble_process_adv_pkt_cont skipped BDA 26:dc:b9:36:1c:5e
09-21 19:28:38.377 V/bt_stack( 2214): [VERBOSE1:btm_ble_gap.cc(2726)] btm_ble_process_ext_adv_pkt: bda=32:86:8f:48:1e:af
09-21 19:28:38.377 V/bt_stack( 2214): [VERBOSE1:btm_ble_gap.cc(2650)] btm_ble_process_adv_addr: bda=32:86:8f:48:1e:af
09-21 19:28:38.377 V/bt_stack( 2214): [VERBOSE1:btm_ble_gap.cc(2886)] btm_ble_process_adv_pkt_cont skipped BDA 32:86:8f:48:1e:af
01-01 09:08:30.782 D/mv2112_update_link( 0): 3.0x8109(100M): 0x0
01-01 09:08:30.788 D/mv2112_update_link( 0): link 0x0
09-21 19:28:38.382 V/bt_stack( 2214): [VERBOSE1:btm_ble_gap.cc(2726)] btm_ble_process_ext_adv_pkt: bda=0e:f4:16:09:e5:1e
09-21 19:28:38.382 V/bt_stack( 2214): [VERBOSE1:btm_ble_gap.cc(2650)] btm_ble_process_adv_addr: bda=0e:f4:16:09:e5:1e
09-21 19:28:38.382 V/bt_stack( 2214): [VERBOSE1:btm_ble_gap.cc(2886)] btm_ble_process_adv_pkt_cont skipped BDA 0e:f4:16:09:e5:1e
01-01 09:08:30.793 D/mv2112_read_status( 0): autoneg is disabled
09-21 19:28:38.394 V/bt_stack( 2214): [VERBOSE1:btm_ble_gap.cc(2726)] btm_ble_process_ext_adv_pkt: bda=39:ee:5c:41:ad:e7
09-21 19:28:38.394 V/bt_stack( 2214): [VERBOSE1:btm_ble_gap.cc(2650)] btm_ble_process_adv_addr: bda=39:ee:5c:41:ad:e7
09-21 19:28:38.394 V/bt_stack( 2214): [VERBOSE1:btm_ble_gap.cc(2886)] btm_ble_process_adv_pkt_cont skipped BDA 39:ee:5c:41:ad:e7
09-21 19:28:38.399 V/bt_stack( 2214): [VERBOSE1:btm_ble_gap.cc(2726)] btm_ble_process_ext_adv_pkt: bda=f4:2f:71:bc:ad:cf
09-21 19:28:38.399 V/bt_stack( 2214): [VERBOSE1:btm_ble_gap.cc(2650)] btm_ble_process_adv_addr: bda=f4:2f:71:bc:ad:cf
09-21 19:28:38.399 V/bt_stack( 2214): [VERBOSE1:btm_ble_gap.cc(2855)] Waiting for scan response f4:2f:71:bc:ad:cf
09-21 19:28:38.400 V/bt_stack( 2214): [VERBOSE1:btm_ble_gap.cc(2726)] btm_ble_process_ext_adv_pkt: bda=f4:2f:71:bc:ad:cf
09-21 19:28:38.400 V/bt_stack( 2214): [VERBOSE1:btm_ble_gap.cc(2650)] btm_ble_process_adv_addr: bda=f4:2f:71:bc:ad:cf
09-21 19:28:38.400 V/bt_stack( 2214): [VERBOSE1:btm_ble_gap.cc(2886)] btm_ble_process_adv_pkt_cont skipped BDA f4:2f:71:bc:ad:cf
09-21 19:28:38.408 V/bt_stack( 2214): [VERBOSE1:btm_ble_gap.cc(2726)] btm_ble_process_ext_adv_pkt: bda=3a:e8:48:a0:1d:6e
09-21 19:28:38.408 V/bt_stack( 2214): [VERBOSE1:btm_ble_gap.cc(2650)] btm_ble_process_adv_addr: bda=3a:e8:48:a0:1d:6e
09-21 19:28:38.409 V/bt_stack( 2214): [VERBOSE1:btm_ble_gap.cc(2886)] btm_ble_process_adv_pkt_cont skipped BDA 3a:e8:48:a0:1d:6e
09-21 19:28:38.414 V/bt_stack( 2214): [VERBOSE1:btm_ble_gap.cc(2726)] btm_ble_process_ext_adv_pkt: bda=04:7a:0b:1a:01:08
09-21 19:28:38.414 V/bt_stack( 2214): [VERBOSE1:btm_ble_gap.cc(2650)] btm_ble_process_adv_addr: bda=04:7a:0b:1a:01:08
09-21 19:28:38.414 V/bt_stack( 2214): [VERBOSE1:btm_ble_gap.cc(2886)] btm_ble_process_adv_pkt_cont skipped BDA 04:7a:0b:1a:01:08
09-21 19:28:38.416 V/bt_stack( 2214): [VERBOSE1:btm_ble_gap.cc(2726)] btm_ble_process_ext_adv_pkt: bda=38:92:a7:35:61:27
09-21 19:28:38.416 V/bt_stack( 2214): [VERBOSE1:btm_ble_gap.cc(2650)] btm_ble_process_adv_addr: bda=38:92:a7:35:61:27
09-21 19:28:38.416 V/bt_stack( 2214): [VERBOSE1:btm_ble_gap.cc(2886)] btm_ble_process_adv_pkt_cont skipped BDA 38:92:a7:35:61:27
09-21 19:28:38.417 V/bt_stack( 2214): [VERBOSE1:btm_ble_gap.cc(2726)] btm_ble_process_ext_adv_pkt: bda=72:5e:bd:47:09:e0
09-21 19:28:38.417 V/bt_stack( 2214): [VERBOSE1:btm_ble_gap.cc(2650)] btm_ble_process_adv_addr: bda=72:5e:bd:47:09:e0
09-21 19:28:38.418 V/bt_stack( 2214): [VERBOSE1:btm_ble_gap.cc(2886)] btm_ble_process_adv_pkt_cont skipped BDA 72:5e:bd:47:09:e0
09-21 19:28:38.419 V/bt_stack( 2214): [VERBOSE1:btm_ble_gap.cc(2726)] btm_ble_process_ext_adv_pkt: bda=21:2b:31:5e:59:18
09-21 19:28:38.419 V/bt_stack( 2214): [VERBOSE1:btm_ble_gap.cc(2650)] btm_ble_process_adv_addr: bda=21:2b:31:5e:59:18
09-21 19:28:38.419 V/bt_stack( 2214): [VERBOSE1:btm_ble_gap.cc(2886)] btm_ble_process_adv_pkt_cont skipped BDA 21:2b:31:5e:59:18
09-21 19:28:38.427 V/bt_stack( 2214): [VERBOSE1:btm_ble_gap.cc(2726)] btm_ble_process_ext_adv_pkt: bda=02:6c:0e:8e:c5:fb
09-21 19:28:38.428 V/bt_stack( 2214): [VERBOSE1:btm_ble_gap.cc(2650)] btm_ble_process_adv_addr: bda=02:6c:0e:8e:c5:fb
09-21 19:28:38.428 V/bt_stack( 2214): [VERBOSE1:btm_ble_gap.cc(2886)] btm_ble_process_adv_pkt_cont skipped BDA 02:6c:0e:8e:c5:fb
09-21 19:28:38.428 V/bt_stack( 2214): [VERBOSE1:btm_ble_gap.cc(2726)] btm_ble_process_ext_adv_pkt: bda=53:a3:80:c8:d3:e6
09-21 19:28:38.428 V/bt_stack( 2214): [VERBOSE1:btm_ble_gap.cc(2650)] btm_ble_process_adv_addr: bda=53:a3:80:c8:d3:e6
09-21 19:28:38.428 V/bt_stack( 2214): [VERBOSE1:btm_ble_gap.cc(2855)] Waiting for scan response 53:a3:80:c8:d3:e6
09-21 19:28:38.429 V/bt_stack( 2214): [VERBOSE1:btm_ble_gap.cc(2726)] btm_ble_process_ext_adv_pkt: bda=53:a3:80:c8:d3:e6
09-21 19:28:38.429 V/bt_stack( 2214): [VERBOSE1:btm_ble_gap.cc(2650)] btm_ble_process_adv_addr: bda=53:a3:80:c8:d3:e6
09-21 19:28:38.429 V/bt_stack( 2214): [VERBOSE1:btm_ble_gap.cc(2886)] btm_ble_process_adv_pkt_cont skipped BDA 53:a3:80:c8:d3:e6
