09-21 18:38:42.885 I/am_kill ( 1154): [0,3748,com.android.localtransport,975,Unable to freeze binder interface]
09-21 18:38:42.990 I/am_proc_died( 1154): [0,3748,com.android.localtransport,975,19]
09-21 18:38:53.920 I/am_freeze( 1154): [3887,com.android.traceur]
09-21 18:38:53.929 I/am_kill ( 1154): [0,3887,com.android.traceur,975,Unable to freeze binder interface]
09-21 18:38:54.039 I/am_proc_died( 1154): [0,3887,com.android.traceur,975,19]
09-21 18:38:54.041 I/am_uid_stopped( 1154): 10031
09-21 18:38:54.094 I/input_interaction( 1154): Interaction with: c27a430 com.android.launcher3/com.android.launcher3.uioverrides.QuickstepLauncher (server), 1da61d8 com.android.systemui.ImageWallpaper (server), swipe-up (server), edge-swipe (server), PointerEventDispatcher0 (server),
09-21 18:38:54.153 I/am_freeze( 1154): [3905,com.qualcomm.qti.qmmi]
09-21 18:38:54.161 I/am_kill ( 1154): [0,3905,com.qualcomm.qti.qmmi,999,Unable to freeze binder interface]
09-21 18:38:54.283 I/am_proc_died( 1154): [0,3905,com.qualcomm.qti.qmmi,999,19]
09-21 18:38:55.091 I/am_freeze( 1154): [3988,com.android.dynsystem]
09-21 18:38:55.100 I/am_kill ( 1154): [0,3988,com.android.dynsystem,995,Unable to freeze binder interface]
09-21 18:38:55.206 I/am_proc_died( 1154): [0,3988,com.android.dynsystem,995,19]
09-21 18:38:55.226 I/am_pss ( 1154): [3929,10068,com.qualcomm.qti.devicestatisticsservice,5441536,3764224,0,89333760,0,0,12]
09-21 18:38:55.282 I/am_freeze( 1154): [4005,com.android.dynsystem:dynsystem]
09-21 18:38:55.296 I/am_kill ( 1154): [0,4005,com.android.dynsystem:dynsystem,985,Unable to freeze binder interface]
09-21 18:38:55.391 I/service_manager_stats( 1154): [100,175,26055]
09-21 18:38:55.435 I/am_proc_died( 1154): [0,4005,com.android.dynsystem:dynsystem,985,19]
09-21 18:38:55.465 I/wm_task_moved( 1154): [32,1,7]
09-21 18:38:55.465 I/wm_task_to_front( 1154): [0,32]
09-21 18:38:55.466 I/wm_focused_root_task( 1154): [0,0,32,1,bringingFoundTaskToFront]
09-21 18:38:55.467 I/wm_set_resumed_activity( 1154): [0,com.android.settings/.Settings,bringingFoundTaskToFront]
09-21 18:38:55.468 I/wm_new_intent( 1154): [0,251337613,32,com.android.settings/.Settings,android.intent.action.MAIN,NULL,NULL,270532608]
09-21 18:38:55.473 I/wm_pause_activity( 1154): [0,185045071,com.android.launcher3/.uioverrides.QuickstepLauncher,userLeaving=true,pauseBackTasks]
09-21 18:38:55.481 I/wm_on_top_resumed_lost_called( 5169): [185045071,com.android.launcher3.uioverrides.QuickstepLauncher,topStateChangedWhenResumed]
09-21 18:38:55.483 I/wm_on_paused_called( 5169): [185045071,com.android.launcher3.uioverrides.QuickstepLauncher,performPause]
09-21 18:38:55.486 I/wm_set_resumed_activity( 1154): [0,com.android.settings/.Settings,resumeTopActivityInnerLocked]
09-21 18:38:55.486 I/wm_add_to_stopping( 1154): [0,185045071,com.android.launcher3/.uioverrides.QuickstepLauncher,makeInvisible]
09-21 18:38:55.489 I/wm_resume_activity( 1154): [0,251337613,32,com.android.settings/.Settings]
09-21 18:38:55.494 I/sysui_multi_action( 1154): [757,803,799,window_time_0,802,17]
09-21 18:38:55.511 I/wm_on_restart_called( 5296): [251337613,com.android.settings.Settings,performRestartActivity]
09-21 18:38:55.516 I/input_focus( 1154): [Focus leaving c27a430 com.android.launcher3/com.android.launcher3.uioverrides.QuickstepLauncher (server),reason=NO_WINDOW]
09-21 18:38:55.519 I/wm_on_start_called( 5296): [251337613,com.android.settings.Settings,handleStartActivity]
09-21 18:38:55.520 I/snet_event_log( 5296): [120484087,-1,]
09-21 18:38:55.521 I/wm_on_resume_called( 5296): [251337613,com.android.settings.Settings,RESUME_ACTIVITY]
09-21 18:38:55.521 I/sysui_multi_action( 5296): [757,35,758,1,833,0,1089,0]
09-21 18:38:55.523 I/sysui_multi_action( 5296): [757,46,758,1,833,0,1089,0]
09-21 18:38:55.546 I/wm_on_top_resumed_gained_called( 5296): [251337613,com.android.settings.Settings,topWhenResuming]
09-21 18:38:55.561 I/input_focus( 1154): [Focus request a97c62d com.android.settings/com.android.settings.Settings,reason=UpdateInputWindows]
09-21 18:38:55.593 I/sysui_multi_action( 1154): [319,89,321,85,322,134,325,684,757,761,758,9,759,1,806,com.android.settings,871,com.android.settings.Settings,904,com.android.launcher3,905,0,1320,4,1321,1]
09-21 18:38:55.581 I/auditd ( 590): type=1400 audit(0.0:249): avc: denied { read } for comm="Binder:590_2" name="wakeup58" dev="sysfs" ino=89789 scontext=u:r:system_suspend:s0 tcontext=u:object_r:sysfs:s0 tclass=dir permissive=0
09-21 18:38:55.621 I/input_focus( 1154): [Focus entering a97c62d com.android.settings/com.android.settings.Settings (server),reason=Window became focusable. Previous reason: NOT_VISIBLE]
09-21 18:38:55.581 I/auditd ( 590): type=1400 audit(0.0:250): avc: denied { read } for comm="Binder:590_2" name="wakeup4" dev="sysfs" ino=53034 scontext=u:r:system_suspend:s0 tcontext=u:object_r:sysfs:s0 tclass=dir permissive=0
09-21 18:38:55.585 I/auditd ( 590): type=1400 audit(0.0:251): avc: denied { read } for comm="Binder:590_2" name="wakeup38" dev="sysfs" ino=73018 scontext=u:r:system_suspend:s0 tcontext=u:object_r:sysfs:s0 tclass=dir permissive=0
09-21 18:38:55.585 I/auditd ( 590): type=1400 audit(0.0:252): avc: denied { read } for comm="Binder:590_2" name="wakeup28" dev="sysfs" ino=62645 scontext=u:r:system_suspend:s0 tcontext=u:object_r:sysfs:s0 tclass=dir permissive=0
09-21 18:38:55.585 I/auditd ( 590): type=1400 audit(0.0:253): avc: denied { read } for comm="Binder:590_2" name="wakeup56" dev="sysfs" ino=89717 scontext=u:r:system_suspend:s0 tcontext=u:object_r:sysfs:s0 tclass=dir permissive=0
09-21 18:38:56.091 I/wm_stop_activity( 1154): [0,185045071,com.android.launcher3/.uioverrides.QuickstepLauncher]
09-21 18:38:56.152 I/am_freeze( 1154): [4063,com.android.onetimeinitializer]
09-21 18:38:56.161 I/am_kill ( 1154): [0,4063,com.android.onetimeinitializer,975,Unable to freeze binder interface]
09-21 18:38:56.163 I/wm_on_stop_called( 5169): [185045071,com.android.launcher3.uioverrides.QuickstepLauncher,STOP_ACTIVITY_ITEM]
09-21 18:38:56.286 I/am_proc_died( 1154): [0,4063,com.android.onetimeinitializer,975,19]
09-21 18:38:56.287 I/am_uid_stopped( 1154): 10060
09-21 18:38:57.234 I/am_freeze( 1154): [4126,com.android.phone]
09-21 18:38:57.243 I/am_kill ( 1154): [0,4126,com.android.phone,965,Unable to freeze binder interface]
09-21 18:38:57.399 I/am_proc_died( 1154): [0,4126,com.android.phone,965,19]
09-21 18:38:58.548 I/input_interaction( 1154): Interaction with: a97c62d com.android.settings/com.android.settings.Settings (server), swipe-up (server), edge-swipe (server), PointerEventDispatcher0 (server),
09-21 18:38:59.690 I/input_interaction( 1154): Interaction with: e915a91 StatusBar (server), swipe-up (server), edge-swipe (server), PointerEventDispatcher0 (server),
09-21 18:38:59.702 I/sysui_multi_action( 2235): [757,803,799,panel_open,802,1]
09-21 18:38:59.704 I/sysui_multi_action( 2235): [757,1328,758,4,1326,65,1327,1,1329,0]
09-21 18:38:59.754 I/sysui_multi_action( 1154): [757,127,758,1]
09-21 18:38:59.754 I/sysui_multi_action( 1154): [757,804,799,note_load,801,3,802,1]
09-21 18:38:59.755 I/notification_panel_revealed( 1154): 3
09-21 18:38:59.756 I/sysui_multi_action( 2235): [757,111,758,2]
09-21 18:38:59.757 I/sysui_multi_action( 2235): [757,111,758,2]
09-21 18:38:59.791 I/input_focus( 1154): [Focus request f34a2a3 NotificationShade,reason=UpdateInputWindows]
09-21 18:38:59.802 I/sysui_multi_action( 2235): [757,111,758,1]
09-21 18:38:59.803 I/sysui_multi_action( 2235): [757,126,758,1,759,126,927,0,928,0,1593,0]
09-21 18:38:59.803 I/sysui_multi_action( 2235): [757,113,758,1,759,113,927,1,928,1,1593,0]
09-21 18:38:59.803 I/sysui_multi_action( 2235): [757,0,758,1,759,0,927,2,928,0,1593,0]
09-21 18:38:59.804 I/sysui_multi_action( 2235): [757,0,758,1,759,0,927,3,928,0,1593,0]
09-21 18:38:59.804 I/sysui_multi_action( 2235): [757,1706,758,1,759,1706,927,4,928,0,1593,0]
09-21 18:38:59.805 I/sysui_multi_action( 2235): [757,491,758,1,759,491,927,5,928,0,1311,-1,1593,0]
09-21 18:38:59.805 I/sysui_multi_action( 2235): [757,0,758,1,759,0,927,6,928,0,1593,0]
09-21 18:38:59.805 I/sysui_multi_action( 2235): [757,0,758,1,759,0,927,7,1593,0]
09-21 18:38:59.805 I/sysui_multi_action( 2235): [757,111,758,1]
09-21 18:38:59.805 I/sysui_multi_action( 2235): [757,126,758,1,759,126,927,0,928,0,1593,0]
09-21 18:38:59.806 I/sysui_multi_action( 2235): [757,113,758,1,759,113,927,1,928,1,1593,0]
09-21 18:38:59.806 I/sysui_multi_action( 2235): [757,0,758,1,759,0,927,2,928,0,1593,0]
09-21 18:38:59.806 I/sysui_multi_action( 2235): [757,0,758,1,759,0,927,3,928,0,1593,0]
09-21 18:38:59.810 I/input_focus( 1154): [Focus leaving a97c62d com.android.settings/com.android.settings.Settings (server),reason=Waiting for window because NOT_VISIBLE]
09-21 18:38:59.821 I/sysui_multi_action( 2235): [757,111,758,2]
09-21 18:38:59.821 I/sysui_multi_action( 2235): [757,111,758,2]
09-21 18:38:59.828 I/sysui_multi_action( 2235): [757,111,758,1]
09-21 18:38:59.828 I/sysui_multi_action( 2235): [757,126,758,1,759,126,927,0,928,0,1593,0]
09-21 18:38:59.828 I/sysui_multi_action( 2235): [757,113,758,1,759,113,927,1,928,1,1593,0]
09-21 18:38:59.828 I/sysui_multi_action( 2235): [757,0,758,1,759,0,927,2,928,0,1593,0]
09-21 18:38:59.828 I/sysui_multi_action( 2235): [757,0,758,1,759,0,927,3,928,0,1593,0]
09-21 18:38:59.828 I/sysui_multi_action( 2235): [757,1706,758,1,759,1706,927,4,928,0,1593,0]
09-21 18:38:59.829 I/sysui_multi_action( 2235): [757,491,758,1,759,491,927,5,928,0,1311,-1,1593,0]
09-21 18:38:59.829 I/sysui_multi_action( 2235): [757,0,758,1,759,0,927,6,928,0,1593,0]
09-21 18:38:59.829 I/input_focus( 1154): [Focus entering f34a2a3 NotificationShade (server),reason=Window became focusable. Previous reason: NOT_VISIBLE]
09-21 18:38:59.830 I/sysui_multi_action( 2235): [757,0,758,1,759,0,927,7,1593,0]
09-21 18:38:59.830 I/sysui_multi_action( 2235): [757,111,758,1]
09-21 18:38:59.830 I/sysui_multi_action( 2235): [757,126,758,1,759,126,927,0,928,0,1593,0]
09-21 18:38:59.830 I/sysui_multi_action( 2235): [757,113,758,1,759,113,927,1,928,1,1593,0]
09-21 18:38:59.830 I/sysui_multi_action( 2235): [757,0,758,1,759,0,927,2,928,0,1593,0]
09-21 18:38:59.830 I/sysui_multi_action( 2235): [757,0,758,1,759,0,927,3,928,0,1593,0]
09-21 18:38:59.843 I/sysui_multi_action( 2235): [757,111,758,2]
09-21 18:38:59.843 I/sysui_multi_action( 2235): [757,111,758,2]
09-21 18:38:59.850 I/sysui_multi_action( 2235): [757,111,758,1]
09-21 18:38:59.850 I/sysui_multi_action( 2235): [757,126,758,1,759,126,927,0,928,0,1593,0]
09-21 18:38:59.851 I/sysui_multi_action( 2235): [757,113,758,1,759,113,927,1,928,1,1593,0]
09-21 18:38:59.851 I/sysui_multi_action( 2235): [757,0,758,1,759,0,927,2,928,0,1593,0]
09-21 18:38:59.851 I/sysui_multi_action( 2235): [757,0,758,1,759,0,927,3,928,0,1593,0]
09-21 18:38:59.851 I/sysui_multi_action( 2235): [757,1706,758,1,759,1706,927,4,928,0,1593,0]
09-21 18:38:59.852 I/sysui_multi_action( 2235): [757,491,758,1,759,491,927,5,928,0,1311,-1,1593,0]
09-21 18:38:59.852 I/sysui_multi_action( 2235): [757,0,758,1,759,0,927,6,928,0,1593,0]
09-21 18:38:59.852 I/sysui_multi_action( 2235): [757,0,758,1,759,0,927,7,1593,0]
09-21 18:38:59.852 I/sysui_multi_action( 2235): [757,111,758,1]
09-21 18:38:59.852 I/sysui_multi_action( 2235): [757,126,758,1,759,126,927,0,928,0,1593,0]
09-21 18:38:59.852 I/sysui_multi_action( 2235): [757,113,758,1,759,113,927,1,928,1,1593,0]
09-21 18:38:59.852 I/sysui_multi_action( 2235): [757,0,758,1,759,0,927,2,928,0,1593,0]
09-21 18:38:59.852 I/sysui_multi_action( 2235): [757,0,758,1,759,0,927,3,928,0,1593,0]
09-21 18:38:59.861 I/sysui_multi_action( 2235): [757,111,758,2]
09-21 18:38:59.861 I/sysui_multi_action( 2235): [757,111,758,2]
09-21 18:38:59.865 I/sysui_multi_action( 2235): [757,111,758,1]
09-21 18:38:59.865 I/sysui_multi_action( 2235): [757,126,758,1,759,126,927,0,928,0,1593,0]
09-21 18:38:59.865 I/sysui_multi_action( 2235): [757,113,758,1,759,113,927,1,928,1,1593,0]
09-21 18:38:59.866 I/sysui_multi_action( 2235): [757,0,758,1,759,0,927,2,928,0,1593,0]
09-21 18:38:59.866 I/sysui_multi_action( 2235): [757,0,758,1,759,0,927,3,928,0,1593,0]
09-21 18:38:59.866 I/sysui_multi_action( 2235): [757,1706,758,1,759,1706,927,4,928,0,1593,0]
09-21 18:38:59.866 I/sysui_multi_action( 2235): [757,491,758,1,759,491,927,5,928,0,1311,-1,1593,0]
09-21 18:38:59.866 I/sysui_multi_action( 2235): [757,0,758,1,759,0,927,6,928,0,1593,0]
09-21 18:38:59.866 I/sysui_multi_action( 2235): [757,0,758,1,759,0,927,7,1593,0]
09-21 18:38:59.866 I/sysui_multi_action( 2235): [757,111,758,1]
09-21 18:38:59.866 I/sysui_multi_action( 2235): [757,126,758,1,759,126,927,0,928,0,1593,0]
09-21 18:38:59.867 I/sysui_multi_action( 2235): [757,113,758,1,759,113,927,1,928,1,1593,0]
09-21 18:38:59.867 I/sysui_multi_action( 2235): [757,0,758,1,759,0,927,2,928,0,1593,0]
09-21 18:38:59.867 I/sysui_multi_action( 2235): [757,0,758,1,759,0,927,3,928,0,1593,0]
09-21 18:38:59.876 I/sysui_multi_action( 2235): [757,111,758,2]
09-21 18:38:59.876 I/sysui_multi_action( 2235): [757,111,758,2]
09-21 18:38:59.880 I/sysui_multi_action( 2235): [757,111,758,1]
09-21 18:38:59.880 I/sysui_multi_action( 2235): [757,126,758,1,759,126,927,0,928,0,1593,0]
09-21 18:38:59.880 I/sysui_multi_action( 2235): [757,113,758,1,759,113,927,1,928,1,1593,0]
09-21 18:38:59.880 I/sysui_multi_action( 2235): [757,0,758,1,759,0,927,2,928,0,1593,0]
09-21 18:38:59.881 I/sysui_multi_action( 2235): [757,0,758,1,759,0,927,3,928,0,1593,0]
09-21 18:38:59.881 I/sysui_multi_action( 2235): [757,1706,758,1,759,1706,927,4,928,0,1593,0]
09-21 18:38:59.881 I/sysui_multi_action( 2235): [757,491,758,1,759,491,927,5,928,0,1311,-1,1593,0]
09-21 18:38:59.881 I/sysui_multi_action( 2235): [757,0,758,1,759,0,927,6,928,0,1593,0]
09-21 18:38:59.881 I/sysui_multi_action( 2235): [757,0,758,1,759,0,927,7,1593,0]
09-21 18:38:59.881 I/sysui_multi_action( 2235): [757,111,758,1]
09-21 18:38:59.881 I/sysui_multi_action( 2235): [757,126,758,1,759,126,927,0,928,0,1593,0]
09-21 18:38:59.882 I/sysui_multi_action( 2235): [757,113,758,1,759,113,927,1,928,1,1593,0]
09-21 18:38:59.882 I/sysui_multi_action( 2235): [757,0,758,1,759,0,927,2,928,0,1593,0]
09-21 18:38:59.882 I/sysui_multi_action( 2235): [757,0,758,1,759,0,927,3,928,0,1593,0]
09-21 18:38:59.892 I/sysui_multi_action( 2235): [757,111,758,2]
09-21 18:38:59.893 I/sysui_multi_action( 2235): [757,111,758,2]
09-21 18:38:59.897 I/sysui_multi_action( 2235): [757,111,758,1]
09-21 18:38:59.897 I/sysui_multi_action( 2235): [757,126,758,1,759,126,927,0,928,0,1593,0]
09-21 18:38:59.897 I/sysui_multi_action( 2235): [757,113,758,1,759,113,927,1,928,1,1593,0]
09-21 18:38:59.897 I/sysui_multi_action( 2235): [757,0,758,1,759,0,927,2,928,0,1593,0]
09-21 18:38:59.897 I/sysui_multi_action( 2235): [757,0,758,1,759,0,927,3,928,0,1593,0]
09-21 18:38:59.897 I/sysui_multi_action( 2235): [757,1706,758,1,759,1706,927,4,928,0,1593,0]
09-21 18:38:59.898 I/sysui_multi_action( 2235): [757,491,758,1,759,491,927,5,928,0,1311,-1,1593,0]
09-21 18:38:59.898 I/sysui_multi_action( 2235): [757,0,758,1,759,0,927,6,928,0,1593,0]
09-21 18:38:59.898 I/sysui_multi_action( 2235): [757,0,758,1,759,0,927,7,1593,0]
09-21 18:38:59.898 I/sysui_multi_action( 2235): [757,111,758,1]
09-21 18:38:59.898 I/sysui_multi_action( 2235): [757,126,758,1,759,126,927,0,928,0,1593,0]
09-21 18:38:59.898 I/sysui_multi_action( 2235): [757,113,758,1,759,113,927,1,928,1,1593,0]
09-21 18:38:59.898 I/sysui_multi_action( 2235): [757,0,758,1,759,0,927,2,928,0,1593,0]
09-21 18:38:59.898 I/sysui_multi_action( 2235): [757,0,758,1,759,0,927,3,928,0,1593,0]
09-21 18:38:59.909 I/sysui_multi_action( 2235): [757,111,758,2]
09-21 18:38:59.909 I/sysui_multi_action( 2235): [757,111,758,2]
09-21 18:38:59.914 I/sysui_multi_action( 2235): [757,111,758,1]
09-21 18:38:59.914 I/sysui_multi_action( 2235): [757,126,758,1,759,126,927,0,928,0,1593,0]
09-21 18:38:59.914 I/sysui_multi_action( 2235): [757,113,758,1,759,113,927,1,928,1,1593,0]
09-21 18:38:59.914 I/sysui_multi_action( 2235): [757,0,758,1,759,0,927,2,928,0,1593,0]
09-21 18:38:59.914 I/sysui_multi_action( 2235): [757,0,758,1,759,0,927,3,928,0,1593,0]
09-21 18:38:59.914 I/sysui_multi_action( 2235): [757,1706,758,1,759,1706,927,4,928,0,1593,0]
09-21 18:38:59.915 I/sysui_multi_action( 2235): [757,491,758,1,759,491,927,5,928,0,1311,-1,1593,0]
09-21 18:38:59.915 I/sysui_multi_action( 2235): [757,0,758,1,759,0,927,6,928,0,1593,0]
09-21 18:38:59.915 I/sysui_multi_action( 2235): [757,0,758,1,759,0,927,7,1593,0]
09-21 18:38:59.915 I/sysui_multi_action( 2235): [757,111,758,1]
09-21 18:38:59.915 I/sysui_multi_action( 2235): [757,126,758,1,759,126,927,0,928,0,1593,0]
09-21 18:38:59.915 I/sysui_multi_action( 2235): [757,113,758,1,759,113,927,1,928,1,1593,0]
09-21 18:38:59.915 I/sysui_multi_action( 2235): [757,0,758,1,759,0,927,2,928,0,1593,0]
09-21 18:38:59.915 I/sysui_multi_action( 2235): [757,0,758,1,759,0,927,3,928,0,1593,0]
09-21 18:39:00.337 I/sysui_multi_action( 1154): [757,128,758,1,793,62841794,794,0,795,62841794,796,26,798,0,806,android,857,DEVELOPER_IMPORTANT,858,4,947,0,1395,3,1500,62841791,1688,1]
09-21 18:39:00.337 I/sysui_multi_action( 1154): [757,804,799,note_freshness,801,62841794,802,1]
09-21 18:39:00.338 I/notification_visibility( 1154): [-1|android|26|null|1000,1,62841794,62841794,0,0]
09-21 18:39:00.338 I/sysui_multi_action( 1154): [757,128,758,1,793,62841698,794,0,795,62841698,796,55,798,1,806,android,857,DEVELOPER,858,2,947,0,1395,3,1500,62841697,1688,1]
09-21 18:39:00.339 I/sysui_multi_action( 1154): [757,804,799,note_freshness,801,62841698,802,1]
09-21 18:39:00.339 I/notification_visibility( 1154): [-1|android|55|null|1000,1,62841698,62841698,0,1]
09-21 18:39:00.340 I/sysui_multi_action( 1154): [757,128,758,1,793,62843036,794,0,795,62843036,796,32,798,2,806,android,857,USB,858,1,947,0,1395,3,1500,62842317,1688,1]
09-21 18:39:00.340 I/sysui_multi_action( 1154): [757,804,799,note_freshness,801,62843036,802,1]
09-21 18:39:00.340 I/notification_visibility( 1154): [-1|android|32|null|1000,1,62843036,62843036,0,2]
09-21 18:39:02.417 I/am_freeze( 1154): [4193,com.qualcomm.qti.qms.service.connectionsecurity]
09-21 18:39:02.435 I/am_freeze( 1154): [3202,com.qualcomm.qtil.aptxui]
09-21 18:39:02.442 I/am_kill ( 1154): [0,4193,com.qualcomm.qti.qms.service.connectionsecurity,955,Unable to freeze binder interface]
09-21 18:39:02.444 I/am_kill ( 1154): [0,3202,com.qualcomm.qtil.aptxui,955,Unable to freeze binder interface]
09-21 18:39:02.540 I/am_proc_died( 1154): [0,4193,com.qualcomm.qti.qms.service.connectionsecurity,955,19]
09-21 18:39:02.542 I/am_uid_stopped( 1154): 10058
09-21 18:39:02.547 I/am_proc_died( 1154): [0,3202,com.qualcomm.qtil.aptxui,955,19]
09-21 18:39:02.549 I/am_uid_stopped( 1154): 10092
09-21 18:39:02.565 I/am_pss ( 1154): [3007,10100,android.ext.services,13918208,6152192,0,125939712,0,5,12]
09-21 18:39:02.717 I/input_interaction( 1154): Interaction with: f34a2a3 NotificationShade (server), swipe-up (server), edge-swipe (server), PointerEventDispatcher0 (server),
09-21 18:39:02.876 I/am_wtf ( 1154): [0,1154,system_server,-1,DisplayDeviceConfig,requesting nits when no mapping exists.]
09-21 18:39:02.887 I/am_wtf ( 1154): [0,1154,system_server,-1,DisplayDeviceConfig,requesting nits when no mapping exists.]
09-21 18:39:02.905 I/am_wtf ( 1154): [0,1154,system_server,-1,DisplayDeviceConfig,requesting nits when no mapping exists.]
09-21 18:39:02.909 I/am_wtf ( 1154): [0,1154,system_server,-1,DisplayDeviceConfig,requesting nits when no mapping exists.]
09-21 18:39:02.927 I/am_wtf ( 1154): [0,1154,system_server,-1,DisplayDeviceConfig,requesting nits when no mapping exists.]
09-21 18:39:02.932 I/am_wtf ( 1154): [0,1154,system_server,-1,DisplayDeviceConfig,requesting nits when no mapping exists.]
09-21 18:39:02.940 I/am_wtf ( 1154): [0,1154,system_server,-1,DisplayDeviceConfig,requesting nits when no mapping exists.]
09-21 18:39:02.942 I/am_wtf ( 1154): [0,1154,system_server,-1,DisplayDeviceConfig,requesting nits when no mapping exists.]
09-21 18:39:02.954 I/am_wtf ( 1154): [0,1154,system_server,-1,DisplayDeviceConfig,requesting nits when no mapping exists.]
09-21 18:39:02.955 I/am_wtf ( 1154): [0,1154,system_server,-1,DisplayDeviceConfig,requesting nits when no mapping exists.]
09-21 18:39:02.976 I/am_wtf ( 1154): [0,1154,system_server,-1,DisplayDeviceConfig,requesting nits when no mapping exists.]
09-21 18:39:02.977 I/am_wtf ( 1154): [0,1154,system_server,-1,DisplayDeviceConfig,requesting nits when no mapping exists.]
09-21 18:39:02.989 I/am_wtf ( 1154): [0,1154,system_server,-1,DisplayDeviceConfig,requesting nits when no mapping exists.]
09-21 18:39:02.991 I/am_wtf ( 1154): [0,1154,system_server,-1,DisplayDeviceConfig,requesting nits when no mapping exists.]
09-21 18:39:03.012 I/am_wtf ( 1154): [0,1154,system_server,-1,DisplayDeviceConfig,requesting nits when no mapping exists.]
09-21 18:39:03.014 I/am_wtf ( 1154): [0,1154,system_server,-1,DisplayDeviceConfig,requesting nits when no mapping exists.]
09-21 18:39:03.027 I/am_wtf ( 1154): [0,1154,system_server,-1,DisplayDeviceConfig,requesting nits when no mapping exists.]
09-21 18:39:03.029 I/am_wtf ( 1154): [0,1154,system_server,-1,DisplayDeviceConfig,requesting nits when no mapping exists.]
09-21 18:39:03.042 I/am_wtf ( 1154): [0,1154,system_server,-1,DisplayDeviceConfig,requesting nits when no mapping exists.]
09-21 18:39:03.044 I/am_wtf ( 1154): [0,1154,system_server,-1,DisplayDeviceConfig,requesting nits when no mapping exists.]
09-21 18:39:03.059 I/am_wtf ( 1154): [0,1154,system_server,-1,DisplayDeviceConfig,requesting nits when no mapping exists.]
09-21 18:39:03.060 I/am_wtf ( 1154): [0,1154,system_server,-1,DisplayDeviceConfig,requesting nits when no mapping exists.]
09-21 18:39:03.074 I/am_wtf ( 1154): [0,1154,system_server,-1,DisplayDeviceConfig,requesting nits when no mapping exists.]
09-21 18:39:03.076 I/am_wtf ( 1154): [0,1154,system_server,-1,DisplayDeviceConfig,requesting nits when no mapping exists.]
09-21 18:39:03.088 I/am_wtf ( 1154): [0,1154,system_server,-1,DisplayDeviceConfig,requesting nits when no mapping exists.]
09-21 18:39:03.089 I/am_wtf ( 1154): [0,1154,system_server,-1,DisplayDeviceConfig,requesting nits when no mapping exists.]
09-21 18:39:03.111 I/am_wtf ( 1154): [0,1154,system_server,-1,DisplayDeviceConfig,requesting nits when no mapping exists.]
09-21 18:39:03.112 I/am_wtf ( 1154): [0,1154,system_server,-1,DisplayDeviceConfig,requesting nits when no mapping exists.]
09-21 18:39:03.127 I/am_wtf ( 1154): [0,1154,system_server,-1,DisplayDeviceConfig,requesting nits when no mapping exists.]
09-21 18:39:03.129 I/am_wtf ( 1154): [0,1154,system_server,-1,DisplayDeviceConfig,requesting nits when no mapping exists.]
09-21 18:39:03.142 I/am_wtf ( 1154): [0,1154,system_server,-1,DisplayDeviceConfig,requesting nits when no mapping exists.]
09-21 18:39:03.143 I/am_wtf ( 1154): [0,1154,system_server,-1,DisplayDeviceConfig,requesting nits when no mapping exists.]
09-21 18:39:03.159 I/am_wtf ( 1154): [0,1154,system_server,-1,DisplayDeviceConfig,requesting nits when no mapping exists.]
09-21 18:39:03.160 I/am_wtf ( 1154): [0,1154,system_server,-1,DisplayDeviceConfig,requesting nits when no mapping exists.]
09-21 18:39:03.172 I/am_wtf ( 1154): [0,1154,system_server,-1,DisplayDeviceConfig,requesting nits when no mapping exists.]
09-21 18:39:03.174 I/am_wtf ( 1154): [0,1154,system_server,-1,DisplayDeviceConfig,requesting nits when no mapping exists.]
09-21 18:39:03.194 I/am_wtf ( 1154): [0,1154,system_server,-1,DisplayDeviceConfig,requesting nits when no mapping exists.]
09-21 18:39:03.195 I/am_wtf ( 1154): [0,1154,system_server,-1,DisplayDeviceConfig,requesting nits when no mapping exists.]
09-21 18:39:03.205 I/am_wtf ( 1154): [0,1154,system_server,-1,DisplayDeviceConfig,requesting nits when no mapping exists.]
09-21 18:39:03.207 I/am_wtf ( 1154): [0,1154,system_server,-1,DisplayDeviceConfig,requesting nits when no mapping exists.]
09-21 18:39:03.241 I/am_wtf ( 1154): [0,1154,system_server,-1,DisplayDeviceConfig,requesting nits when no mapping exists.]
09-21 18:39:03.242 I/am_wtf ( 1154): [0,1154,system_server,-1,DisplayDeviceConfig,requesting nits when no mapping exists.]
09-21 18:39:03.319 I/sysui_multi_action( 2235): [757,219,758,4,759,28]
09-21 18:39:03.335 I/commit_sys_config_file( 1154): [display-state,644027]
09-21 18:39:03.556 I/commit_sys_config_file( 1154): [settings-1-0,17]
09-21 18:39:04.245 I/wm_task_moved( 1154): [1,0,0]
09-21 18:39:04.246 I/wm_task_moved( 1154): [1,0,6]
09-21 18:39:04.264 I/wm_on_restart_called( 5169): [185045071,com.android.launcher3.uioverrides.QuickstepLauncher,performRestartActivity]
09-21 18:39:04.286 I/wm_on_start_called( 5169): [185045071,com.android.launcher3.uioverrides.QuickstepLauncher,handleStartActivity]
09-21 18:39:04.302 I/view_enqueue_input_event( 2235): [Motion - Cancel,NotificationShade]
09-21 18:39:04.305 I/sysui_latency( 5169): [1,101]
09-21 18:39:04.305 I/input_interaction( 1154): Interaction with: swipe-up (server), edge-swipe (server), PointerEventDispatcher0 (server),
09-21 18:39:04.340 I/sysui_multi_action( 1154): [319,20,322,69,325,693,757,761,758,9,759,5,806,com.android.launcher3,871,com.android.launcher3.uioverrides.QuickstepLauncher,905,0,1320,4,1321,1]
09-21 18:39:04.355 I/input_focus( 1154): [Focus leaving f34a2a3 NotificationShade (server),reason=NOT_FOCUSABLE]
09-21 18:39:04.577 I/sysui_multi_action( 2235): [757,111,758,2]
09-21 18:39:04.577 I/sysui_multi_action( 2235): [757,111,758,2]
09-21 18:39:04.580 I/sysui_multi_action( 2235): [757,111,758,1]
09-21 18:39:04.581 I/sysui_multi_action( 2235): [757,126,758,1,759,126,927,0,928,0,1593,0]
09-21 18:39:04.581 I/sysui_multi_action( 2235): [757,113,758,1,759,113,927,1,928,1,1593,0]
09-21 18:39:04.581 I/sysui_multi_action( 2235): [757,0,758,1,759,0,927,2,928,0,1593,0]
09-21 18:39:04.581 I/sysui_multi_action( 2235): [757,0,758,1,759,0,927,3,928,0,1593,0]
09-21 18:39:04.581 I/sysui_multi_action( 2235): [757,1706,758,1,759,1706,927,4,928,0,1593,0]
09-21 18:39:04.582 I/sysui_multi_action( 2235): [757,491,758,1,759,491,927,5,928,0,1311,-1,1593,0]
09-21 18:39:04.582 I/sysui_multi_action( 2235): [757,0,758,1,759,0,927,6,928,0,1593,0]
09-21 18:39:04.582 I/sysui_multi_action( 2235): [757,0,758,1,759,0,927,7,1593,0]
09-21 18:39:04.582 I/sysui_multi_action( 2235): [757,111,758,1]
09-21 18:39:04.582 I/sysui_multi_action( 2235): [757,126,758,1,759,126,927,0,928,0,1593,0]
09-21 18:39:04.582 I/sysui_multi_action( 2235): [757,113,758,1,759,113,927,1,928,1,1593,0]
09-21 18:39:04.582 I/sysui_multi_action( 2235): [757,0,758,1,759,0,927,2,928,0,1593,0]
09-21 18:39:04.582 I/sysui_multi_action( 2235): [757,0,758,1,759,0,927,3,928,0,1593,0]
09-21 18:39:04.618 I/sysui_latency( 1154): [8,109]
09-21 18:39:04.631 I/sysui_multi_action( 2235): [757,111,758,2]
09-21 18:39:04.631 I/sysui_multi_action( 2235): [757,111,758,2]
09-21 18:39:04.636 I/sysui_multi_action( 2235): [757,111,758,1]
09-21 18:39:04.636 I/sysui_multi_action( 2235): [757,126,758,1,759,126,927,0,928,0,1593,0]
09-21 18:39:04.636 I/sysui_multi_action( 2235): [757,113,758,1,759,113,927,1,928,1,1593,0]
09-21 18:39:04.636 I/sysui_multi_action( 2235): [757,0,758,1,759,0,927,2,928,0,1593,0]
09-21 18:39:04.636 I/sysui_multi_action( 2235): [757,0,758,1,759,0,927,3,928,0,1593,0]
09-21 18:39:04.636 I/sysui_multi_action( 2235): [757,1706,758,1,759,1706,927,4,928,0,1593,0]
09-21 18:39:04.637 I/sysui_multi_action( 2235): [757,491,758,1,759,491,927,5,928,0,1311,-1,1593,0]
09-21 18:39:04.637 I/sysui_multi_action( 2235): [757,0,758,1,759,0,927,6,928,0,1593,0]
09-21 18:39:04.637 I/sysui_multi_action( 2235): [757,0,758,1,759,0,927,7,1593,0]
09-21 18:39:04.637 I/sysui_multi_action( 2235): [757,111,758,1]
09-21 18:39:04.637 I/sysui_multi_action( 2235): [757,126,758,1,759,126,927,0,928,0,1593,0]
09-21 18:39:04.637 I/sysui_multi_action( 2235): [757,113,758,1,759,113,927,1,928,1,1593,0]
09-21 18:39:04.637 I/sysui_multi_action( 2235): [757,0,758,1,759,0,927,2,928,0,1593,0]
09-21 18:39:04.637 I/sysui_multi_action( 2235): [757,0,758,1,759,0,927,3,928,0,1593,0]
09-21 18:39:04.647 I/sysui_multi_action( 2235): [757,111,758,2]
09-21 18:39:04.647 I/sysui_multi_action( 2235): [757,111,758,2]
09-21 18:39:04.651 I/sysui_multi_action( 2235): [757,111,758,1]
09-21 18:39:04.651 I/sysui_multi_action( 2235): [757,126,758,1,759,126,927,0,928,0,1593,1]
09-21 18:39:04.651 I/sysui_multi_action( 2235): [757,113,758,1,759,113,927,1,928,1,1593,1]
09-21 18:39:04.651 I/sysui_multi_action( 2235): [757,0,758,1,759,0,927,2,928,0,1593,1]
09-21 18:39:04.651 I/sysui_multi_action( 2235): [757,0,758,1,759,0,927,3,928,0,1593,1]
09-21 18:39:04.651 I/sysui_multi_action( 2235): [757,1706,758,1,759,1706,927,4,928,0,1593,1]
09-21 18:39:04.652 I/sysui_multi_action( 2235): [757,491,758,1,759,491,927,5,928,0,1311,-1,1593,1]
09-21 18:39:04.652 I/sysui_multi_action( 2235): [757,0,758,1,759,0,927,6,928,0,1593,1]
09-21 18:39:04.652 I/sysui_multi_action( 2235): [757,0,758,1,759,0,927,7,1593,1]
09-21 18:39:04.652 I/sysui_multi_action( 2235): [757,111,758,1]
09-21 18:39:04.652 I/sysui_multi_action( 2235): [757,126,758,1,759,126,927,0,928,0,1593,1]
09-21 18:39:04.652 I/sysui_multi_action( 2235): [757,113,758,1,759,113,927,1,928,1,1593,1]
09-21 18:39:04.652 I/sysui_multi_action( 2235): [757,0,758,1,759,0,927,2,928,0,1593,1]
09-21 18:39:04.653 I/sysui_multi_action( 2235): [757,0,758,1,759,0,927,3,928,0,1593,1]
09-21 18:39:04.657 I/sysui_multi_action( 2235): [757,111,758,2]
09-21 18:39:04.657 I/sysui_multi_action( 2235): [757,111,758,2]
09-21 18:39:04.661 I/sysui_multi_action( 2235): [757,111,758,1]
09-21 18:39:04.661 I/sysui_multi_action( 2235): [757,126,758,1,759,126,927,0,928,0,1593,1]
09-21 18:39:04.661 I/sysui_multi_action( 2235): [757,113,758,1,759,113,927,1,928,1,1593,1]
09-21 18:39:04.661 I/sysui_multi_action( 2235): [757,0,758,1,759,0,927,2,928,0,1593,1]
09-21 18:39:04.662 I/sysui_multi_action( 2235): [757,0,758,1,759,0,927,3,928,0,1593,1]
09-21 18:39:04.662 I/sysui_multi_action( 2235): [757,1706,758,1,759,1706,927,4,928,0,1593,1]
09-21 18:39:04.662 I/sysui_multi_action( 2235): [757,491,758,1,759,491,927,5,928,0,1311,-1,1593,1]
09-21 18:39:04.662 I/sysui_multi_action( 2235): [757,0,758,1,759,0,927,6,928,0,1593,1]
09-21 18:39:04.662 I/sysui_multi_action( 2235): [757,0,758,1,759,0,927,7,1593,1]
09-21 18:39:04.662 I/sysui_multi_action( 2235): [757,111,758,1]
09-21 18:39:04.662 I/sysui_multi_action( 2235): [757,126,758,1,759,126,927,0,928,0,1593,1]
09-21 18:39:04.662 I/sysui_multi_action( 2235): [757,113,758,1,759,113,927,1,928,1,1593,1]
09-21 18:39:04.662 I/sysui_multi_action( 2235): [757,0,758,1,759,0,927,2,928,0,1593,1]
09-21 18:39:04.663 I/sysui_multi_action( 2235): [757,0,758,1,759,0,927,3,928,0,1593,1]
09-21 18:39:04.681 I/sysui_multi_action( 2235): [757,111,758,2]
09-21 18:39:04.681 I/sysui_multi_action( 2235): [757,111,758,2]
09-21 18:39:04.685 I/sysui_multi_action( 2235): [757,111,758,1]
09-21 18:39:04.685 I/sysui_multi_action( 2235): [757,126,758,1,759,126,927,0,928,0,1593,1]
09-21 18:39:04.685 I/sysui_multi_action( 2235): [757,113,758,1,759,113,927,1,928,1,1593,1]
09-21 18:39:04.685 I/sysui_multi_action( 2235): [757,0,758,1,759,0,927,2,928,0,1593,1]
09-21 18:39:04.685 I/sysui_multi_action( 2235): [757,0,758,1,759,0,927,3,928,0,1593,1]
09-21 18:39:04.686 I/sysui_multi_action( 2235): [757,1706,758,1,759,1706,927,4,928,0,1593,1]
09-21 18:39:04.686 I/sysui_multi_action( 2235): [757,491,758,1,759,491,927,5,928,0,1311,-1,1593,1]
09-21 18:39:04.686 I/sysui_multi_action( 2235): [757,0,758,1,759,0,927,6,928,0,1593,1]
09-21 18:39:04.686 I/sysui_multi_action( 2235): [757,0,758,1,759,0,927,7,1593,1]
09-21 18:39:04.686 I/sysui_multi_action( 2235): [757,111,758,1]
09-21 18:39:04.686 I/sysui_multi_action( 2235): [757,126,758,1,759,126,927,0,928,0,1593,1]
09-21 18:39:04.686 I/sysui_multi_action( 2235): [757,113,758,1,759,113,927,1,928,1,1593,1]
09-21 18:39:04.686 I/sysui_multi_action( 2235): [757,0,758,1,759,0,927,2,928,0,1593,1]
09-21 18:39:04.687 I/sysui_multi_action( 2235): [757,0,758,1,759,0,927,3,928,0,1593,1]
09-21 18:39:04.713 I/sysui_multi_action( 2235): [757,111,758,2]
09-21 18:39:04.713 I/sysui_multi_action( 2235): [757,111,758,2]
09-21 18:39:04.719 I/sysui_multi_action( 2235): [757,111,758,1]
09-21 18:39:04.719 I/sysui_multi_action( 2235): [757,126,758,1,759,126,927,0,928,0,1593,1]
09-21 18:39:04.719 I/sysui_multi_action( 2235): [757,113,758,1,759,113,927,1,928,1,1593,1]
09-21 18:39:04.719 I/sysui_multi_action( 2235): [757,0,758,1,759,0,927,2,928,0,1593,1]
09-21 18:39:04.719 I/sysui_multi_action( 2235): [757,0,758,1,759,0,927,3,928,0,1593,1]
09-21 18:39:04.719 I/sysui_multi_action( 2235): [757,1706,758,1,759,1706,927,4,928,0,1593,1]
09-21 18:39:04.720 I/sysui_multi_action( 2235): [757,491,758,1,759,491,927,5,928,0,1311,-1,1593,0]
09-21 18:39:04.720 I/sysui_multi_action( 2235): [757,0,758,1,759,0,927,6,928,0,1593,0]
09-21 18:39:04.720 I/sysui_multi_action( 2235): [757,0,758,1,759,0,927,7,1593,0]
09-21 18:39:04.720 I/sysui_multi_action( 2235): [757,111,758,1]
09-21 18:39:04.720 I/sysui_multi_action( 2235): [757,126,758,1,759,126,927,0,928,0,1593,1]
09-21 18:39:04.720 I/sysui_multi_action( 2235): [757,113,758,1,759,113,927,1,928,1,1593,1]
09-21 18:39:04.720 I/sysui_multi_action( 2235): [757,0,758,1,759,0,927,2,928,0,1593,1]
09-21 18:39:04.720 I/sysui_multi_action( 2235): [757,0,758,1,759,0,927,3,928,0,1593,1]
09-21 18:39:04.747 I/sysui_multi_action( 2235): [757,111,758,2]
09-21 18:39:04.748 I/sysui_multi_action( 2235): [757,111,758,2]
09-21 18:39:04.751 I/sysui_multi_action( 2235): [757,111,758,1]
09-21 18:39:04.751 I/sysui_multi_action( 2235): [757,126,758,1,759,126,927,0,928,0,1593,0]
09-21 18:39:04.752 I/sysui_multi_action( 2235): [757,113,758,1,759,113,927,1,928,1,1593,0]
09-21 18:39:04.752 I/sysui_multi_action( 2235): [757,0,758,1,759,0,927,2,928,0,1593,0]
09-21 18:39:04.752 I/sysui_multi_action( 2235): [757,0,758,1,759,0,927,3,928,0,1593,0]
09-21 18:39:04.752 I/sysui_multi_action( 2235): [757,1706,758,1,759,1706,927,4,928,0,1593,0]
09-21 18:39:04.752 I/sysui_multi_action( 2235): [757,491,758,1,759,491,927,5,928,0,1311,-1,1593,0]
09-21 18:39:04.752 I/sysui_multi_action( 2235): [757,0,758,1,759,0,927,6,928,0,1593,0]
09-21 18:39:04.753 I/sysui_multi_action( 2235): [757,0,758,1,759,0,927,7,1593,0]
09-21 18:39:04.753 I/sysui_multi_action( 2235): [757,111,758,1]
09-21 18:39:04.753 I/sysui_multi_action( 2235): [757,126,758,1,759,126,927,0,928,0,1593,1]
09-21 18:39:04.753 I/sysui_multi_action( 2235): [757,113,758,1,759,113,927,1,928,1,1593,1]
09-21 18:39:04.753 I/sysui_multi_action( 2235): [757,0,758,1,759,0,927,2,928,0,1593,1]
09-21 18:39:04.753 I/sysui_multi_action( 2235): [757,0,758,1,759,0,927,3,928,0,1593,1]
09-21 18:39:04.779 I/sysui_multi_action( 2235): [757,111,758,2]
09-21 18:39:04.779 I/sysui_multi_action( 2235): [757,111,758,2]
09-21 18:39:04.784 I/sysui_multi_action( 2235): [757,111,758,1]
09-21 18:39:04.785 I/sysui_multi_action( 2235): [757,126,758,1,759,126,927,0,928,0,1593,1]
09-21 18:39:04.785 I/sysui_multi_action( 2235): [757,113,758,1,759,113,927,1,928,1,1593,1]
09-21 18:39:04.785 I/sysui_multi_action( 2235): [757,0,758,1,759,0,927,2,928,0,1593,1]
09-21 18:39:04.785 I/sysui_multi_action( 2235): [757,0,758,1,759,0,927,3,928,0,1593,1]
09-21 18:39:04.785 I/sysui_multi_action( 2235): [757,1706,758,1,759,1706,927,4,928,0,1593,1]
09-21 18:39:04.786 I/sysui_multi_action( 2235): [757,491,758,1,759,491,927,5,928,0,1311,-1,1593,0]
09-21 18:39:04.786 I/sysui_multi_action( 2235): [757,0,758,1,759,0,927,6,928,0,1593,0]
09-21 18:39:04.786 I/sysui_multi_action( 2235): [757,0,758,1,759,0,927,7,1593,0]
09-21 18:39:04.786 I/sysui_multi_action( 2235): [757,111,758,1]
09-21 18:39:04.786 I/sysui_multi_action( 2235): [757,126,758,1,759,126,927,0,928,0,1593,1]
09-21 18:39:04.786 I/sysui_multi_action( 2235): [757,113,758,1,759,113,927,1,928,1,1593,1]
09-21 18:39:04.786 I/sysui_multi_action( 2235): [757,0,758,1,759,0,927,2,928,0,1593,1]
09-21 18:39:04.786 I/sysui_multi_action( 2235): [757,0,758,1,759,0,927,3,928,0,1593,1]
09-21 18:39:04.812 I/sysui_multi_action( 1154): [757,128,758,2,793,62846269,794,4475,795,62846269,796,26,798,0,806,android,857,DEVELOPER_IMPORTANT,858,4,947,0,1395,3,1500,62846266,1688,1]
09-21 18:39:04.813 I/notification_visibility( 1154): [-1|android|26|null|1000,0,62846269,62846269,0,0]
09-21 18:39:04.813 I/sysui_multi_action( 1154): [757,128,758,2,793,62846173,794,4475,795,62846173,796,55,798,1,806,android,857,DEVELOPER,858,2,947,0,1395,3,1500,62846172,1688,1]
09-21 18:39:04.813 I/notification_visibility( 1154): [-1|android|55|null|1000,0,62846173,62846173,0,1]
09-21 18:39:04.813 I/sysui_multi_action( 1154): [757,128,758,2,793,62847509,794,4473,795,62847509,796,32,798,2,806,android,857,USB,858,1,947,0,1395,3,1500,62846790,1688,1]
09-21 18:39:04.813 I/notification_visibility( 1154): [-1|android|32|null|1000,0,62847509,62847509,0,2]
09-21 18:39:04.815 I/sysui_multi_action( 2235): [757,111,758,2]
09-21 18:39:04.815 I/sysui_multi_action( 2235): [757,111,758,2]
09-21 18:39:04.822 I/sysui_multi_action( 2235): [757,111,758,1]
09-21 18:39:04.822 I/sysui_multi_action( 2235): [757,126,758,1,759,126,927,0,928,0,1593,0]
09-21 18:39:04.822 I/sysui_multi_action( 2235): [757,113,758,1,759,113,927,1,928,1,1593,0]
09-21 18:39:04.823 I/sysui_multi_action( 2235): [757,0,758,1,759,0,927,2,928,0,1593,0]
09-21 18:39:04.823 I/sysui_multi_action( 2235): [757,0,758,1,759,0,927,3,928,0,1593,0]
09-21 18:39:04.823 I/sysui_multi_action( 2235): [757,1706,758,1,759,1706,927,4,928,0,1593,0]
09-21 18:39:04.824 I/sysui_multi_action( 2235): [757,491,758,1,759,491,927,5,928,0,1311,-1,1593,0]
09-21 18:39:04.824 I/sysui_multi_action( 2235): [757,0,758,1,759,0,927,6,928,0,1593,0]
09-21 18:39:04.824 I/sysui_multi_action( 2235): [757,0,758,1,759,0,927,7,1593,0]
09-21 18:39:04.824 I/sysui_multi_action( 2235): [757,111,758,1]
09-21 18:39:04.825 I/sysui_multi_action( 2235): [757,126,758,1,759,126,927,0,928,0,1593,0]
09-21 18:39:04.825 I/sysui_multi_action( 2235): [757,113,758,1,759,113,927,1,928,1,1593,0]
09-21 18:39:04.825 I/sysui_multi_action( 2235): [757,0,758,1,759,0,927,2,928,0,1593,0]
09-21 18:39:04.825 I/sysui_multi_action( 2235): [757,0,758,1,759,0,927,3,928,0,1593,0]
09-21 18:39:04.851 I/sysui_multi_action( 2235): [757,111,758,2]
09-21 18:39:04.851 I/sysui_multi_action( 2235): [757,111,758,2]
09-21 18:39:04.882 I/sysui_multi_action( 2235): [757,111,758,1]
09-21 18:39:04.883 I/sysui_multi_action( 2235): [757,126,758,1,759,126,927,0,928,0,1593,1]
09-21 18:39:04.883 I/sysui_multi_action( 2235): [757,113,758,1,759,113,927,1,928,1,1593,1]
09-21 18:39:04.883 I/sysui_multi_action( 2235): [757,0,758,1,759,0,927,2,928,0,1593,1]
09-21 18:39:04.883 I/sysui_multi_action( 2235): [757,0,758,1,759,0,927,3,928,0,1593,1]
09-21 18:39:04.883 I/sysui_multi_action( 2235): [757,1706,758,1,759,1706,927,4,928,0,1593,1]
09-21 18:39:04.884 I/sysui_multi_action( 2235): [757,491,758,1,759,491,927,5,928,0,1311,-1,1593,0]
09-21 18:39:04.884 I/sysui_multi_action( 2235): [757,0,758,1,759,0,927,6,928,0,1593,0]
09-21 18:39:04.884 I/sysui_multi_action( 2235): [757,0,758,1,759,0,927,7,1593,0]
09-21 18:39:04.884 I/sysui_multi_action( 2235): [757,111,758,1]
09-21 18:39:04.884 I/sysui_multi_action( 2235): [757,126,758,1,759,126,927,0,928,0,1593,1]
09-21 18:39:04.885 I/sysui_multi_action( 2235): [757,113,758,1,759,113,927,1,928,1,1593,1]
09-21 18:39:04.885 I/sysui_multi_action( 2235): [757,0,758,1,759,0,927,2,928,0,1593,1]
09-21 18:39:04.885 I/sysui_multi_action( 2235): [757,0,758,1,759,0,927,3,928,0,1593,1]
09-21 18:39:04.901 I/sysui_multi_action( 2235): [757,111,758,2]
09-21 18:39:04.901 I/sysui_multi_action( 2235): [757,111,758,2]
09-21 18:39:04.903 I/sysui_multi_action( 1154): [757,127,758,2]
09-21 18:39:04.903 I/notification_panel_hidden( 1154):
09-21 18:39:04.947 I/sysui_multi_action( 2235): [757,111,758,1]
09-21 18:39:04.947 I/sysui_multi_action( 2235): [757,126,758,1,759,126,927,0,928,0,1593,0]
09-21 18:39:04.947 I/sysui_multi_action( 2235): [757,113,758,1,759,113,927,1,928,1,1593,0]
09-21 18:39:04.947 I/sysui_multi_action( 2235): [757,0,758,1,759,0,927,2,928,0,1593,0]
09-21 18:39:04.947 I/sysui_multi_action( 2235): [757,0,758,1,759,0,927,3,928,0,1593,0]
09-21 18:39:04.947 I/sysui_multi_action( 2235): [757,1706,758,1,759,1706,927,4,928,0,1593,0]
09-21 18:39:04.948 I/sysui_multi_action( 2235): [757,491,758,1,759,491,927,5,928,0,1311,-1,1593,0]
09-21 18:39:04.948 I/sysui_multi_action( 2235): [757,0,758,1,759,0,927,6,928,0,1593,0]
09-21 18:39:04.948 I/sysui_multi_action( 2235): [757,0,758,1,759,0,927,7,1593,0]
09-21 18:39:04.948 I/sysui_multi_action( 2235): [757,111,758,1]
09-21 18:39:04.948 I/sysui_multi_action( 2235): [757,126,758,1,759,126,927,0,928,0,1593,0]
09-21 18:39:04.948 I/sysui_multi_action( 2235): [757,113,758,1,759,113,927,1,928,1,1593,0]
09-21 18:39:04.948 I/sysui_multi_action( 2235): [757,0,758,1,759,0,927,2,928,0,1593,0]
09-21 18:39:04.948 I/sysui_multi_action( 2235): [757,0,758,1,759,0,927,3,928,0,1593,0]
09-21 18:39:06.779 I/input_interaction( 1154): Interaction with: c27a430 com.android.launcher3/com.android.launcher3.uioverrides.QuickstepLauncher (server), swipe-up (server), edge-swipe (server), PointerEventDispatcher0 (server),
09-21 18:39:08.391 I/wm_task_moved( 1154): [1,1,8]
09-21 18:39:08.392 I/wm_on_top_resumed_lost_called( 5296): [251337613,com.android.settings.Settings,topStateChangedWhenResumed]
09-21 18:39:08.392 I/wm_focused_root_task( 1154): [0,0,1,32,startActivityFromRecents]
09-21 18:39:08.402 I/wm_task_moved( 1154): [23,1,8]
09-21 18:39:08.402 I/wm_task_to_front( 1154): [0,23]
09-21 18:39:08.402 I/wm_focused_root_task( 1154): [0,0,23,1,reuseOrNewTask]
09-21 18:39:08.402 I/wm_create_activity( 1154): [0,202481240,23,com.android.settings/.Settings,NULL,NULL,NULL,403705856]
09-21 18:39:08.407 I/wm_pause_activity( 1154): [0,251337613,com.android.settings/.Settings,userLeaving=true,pauseBackTasks]
09-21 18:39:08.412 I/input_focus( 1154): [Focus request c27a430 com.android.launcher3/com.android.launcher3.uioverrides.QuickstepLauncher,reason=UpdateInputWindows]
09-21 18:39:08.421 I/sysui_multi_action( 5296): [757,35,758,2,1089,12900]
09-21 18:39:08.427 I/sysui_multi_action( 5296): [757,46,758,2,1089,12904]
09-21 18:39:08.431 I/input_focus( 1154): [Focus entering c27a430 com.android.launcher3/com.android.launcher3.uioverrides.QuickstepLauncher (server),reason=setFocusedWindow]
09-21 18:39:08.433 I/wm_on_paused_called( 5296): [251337613,com.android.settings.Settings,performPause]
09-21 18:39:08.436 I/wm_add_to_stopping( 1154): [0,251337613,com.android.settings/.Settings,makeInvisible]
09-21 18:39:08.436 I/wm_restart_activity( 1154): [0,202481240,23,com.android.settings/.Settings]
09-21 18:39:08.437 I/wm_set_resumed_activity( 1154): [0,com.android.settings/.Settings,minimalResumeActivityLocked]
09-21 18:39:08.463 I/sysui_multi_action( 1154): [757,803,799,window_time_0,802,13]
09-21 18:39:08.488 I/wm_on_create_called( 5296): [202481240,com.android.settings.Settings,performCreate]
09-21 18:39:08.514 W/CarrierConfigManager( 5296): Error getting config for subId -1 ICarrierConfigLoader is null
09-21 18:39:08.553 I/wm_on_start_called( 5296): [202481240,com.android.settings.Settings,handleStartActivity]
09-21 18:39:08.553 I/snet_event_log( 5296): [120484087,-1,]
09-21 18:39:08.553 I/wm_on_resume_called( 5296): [202481240,com.android.settings.Settings,RESUME_ACTIVITY]
09-21 18:39:08.554 I/sysui_multi_action( 5296): [757,35,758,1,833,0,1089,64]
09-21 18:39:08.555 I/sysui_multi_action( 5296): [757,1729,758,4,854,isParalleledControllers:false,1089,65]
09-21 18:39:08.565 I/sysui_multi_action( 5296): [757,746,758,1,833,0,1089,63]
09-21 18:39:08.566 D/TelephonyRegistry( 1154): listen oscl: mHasNotifySubscriptionInfoChangedOccurred==false no callback
09-21 18:39:08.574 D/TelephonyRegistry( 1154): listen oscl: mHasNotifySubscriptionInfoChangedOccurred==false no callback
09-21 18:39:08.583 I/service_manager_stats( 5296): [100,149,698026]
09-21 18:39:08.592 I/sysui_multi_action( 5296): [757,1729,758,4,854,isParalleledControllers:false,1089,90]
09-21 18:39:08.606 I/wm_on_top_resumed_gained_called( 5296): [202481240,com.android.settings.Settings,topStateChangedWhenResumed]
09-21 18:39:08.699 I/wm_activity_launch_time( 1154): [0,202481240,com.android.settings/.Settings,304]
09-21 18:39:08.872 I/wm_task_moved( 1154): [1,0,6]
09-21 18:39:08.877 I/wm_add_to_stopping( 1154): [0,185045071,com.android.launcher3/.uioverrides.QuickstepLauncher,makeInvisible]
09-21 18:39:08.900 I/input_focus( 1154): [Focus leaving c27a430 com.android.launcher3/com.android.launcher3.uioverrides.QuickstepLauncher (server),reason=NOT_VISIBLE]
09-21 18:39:08.901 I/wm_stop_activity( 1154): [0,185045071,com.android.launcher3/.uioverrides.QuickstepLauncher]
09-21 18:39:08.902 I/wm_stop_activity( 1154): [0,251337613,com.android.settings/.Settings]
09-21 18:39:08.904 I/input_focus( 1154): [Focus request ff764eb com.android.settings/com.android.settings.Settings,reason=UpdateInputWindows]
09-21 18:39:08.912 I/wm_on_stop_called( 5296): [251337613,com.android.settings.Settings,STOP_ACTIVITY_ITEM]
09-21 18:39:08.917 I/input_focus( 1154): [Focus entering ff764eb com.android.settings/com.android.settings.Settings (server),reason=setFocusedWindow]
09-21 18:39:08.962 I/wm_on_stop_called( 5169): [185045071,com.android.launcher3.uioverrides.QuickstepLauncher,STOP_ACTIVITY_ITEM]
09-21 18:39:10.385 I/input_interaction( 1154): Interaction with: ff764eb com.android.settings/com.android.settings.Settings (server), swipe-up (server), edge-swipe (server), PointerEventDispatcher0 (server),
09-21 18:39:12.912 I/sysui_multi_action( 5296): [757,830,758,4,833,0,854,top_level_display,1089,0]
09-21 18:39:12.939 I/sysui_multi_action( 5296): [757,746,758,2,1089,4374]
09-21 18:39:12.985 I/am_pss ( 1154): [2235,10087,com.android.systemui,135168000,108265472,0,319918080,0,0,21]
09-21 18:39:12.995 I/sysui_multi_action( 5296): [757,46,758,1,833,0,1089,34]
09-21 18:39:13.004 I/sysui_multi_action( 5296): [757,1729,758,4,854,isParalleledControllers:false,1089,43]
09-21 18:39:13.270 I/am_freeze( 1154): [4257,com.qualcomm.qti.qms.service.trustzoneaccess]
09-21 18:39:13.279 I/am_kill ( 1154): [0,4257,com.qualcomm.qti.qms.service.trustzoneaccess,945,Unable to freeze binder interface]
09-21 18:39:13.388 I/am_proc_died( 1154): [0,4257,com.qualcomm.qti.qms.service.trustzoneaccess,945,19]
09-21 18:39:13.389 I/am_uid_stopped( 1154): 10055
09-21 18:39:13.416 I/am_pss ( 1154): [2214,1002,com.android.bluetooth,30528512,25710592,0,138457088,0,0,14]
09-21 18:39:13.429 I/am_pss ( 1154): [2564,1073,com.android.networkstack.process,11148288,8605696,0,105091072,0,0,11]
09-21 18:39:13.444 I/am_pss ( 1154): [2488,1001,.dataservices,8110080,6119424,0,94171136,0,0,11]
09-21 18:39:13.476 I/am_pss ( 1154): [1154,1000,system,223638528,130338816,0,564240384,0,0,27]
09-21 18:39:14.852 I/service_manager_stats( 1154): [100,114,19461]
09-21 18:39:18.193 I/sysui_multi_action( 5296): [757,830,758,4,833,0,854,dark_ui_mode,1089,0]
09-21 18:39:18.200 I/sysui_multi_action( 5296): [757,46,758,2,1089,5205]
09-21 18:39:18.244 I/sysui_multi_action( 5296): [757,1698,758,1,833,0,1089,32]
09-21 18:39:18.245 I/sysui_multi_action( 5296): [757,1729,758,4,854,isParalleledControllers:false,1089,34]
09-21 18:39:19.914 I/sysui_multi_action( 5296): [757,1698,758,2,1089,1669]
09-21 18:39:19.954 I/sysui_multi_action( 5296): [757,46,758,1,833,0,1089,0]
09-21 18:39:21.833 I/sysui_multi_action( 5296): [757,830,758,4,833,0,854,dark_ui_mode,1089,0]
09-21 18:39:21.838 I/configuration_changed( 1154): 512
09-21 18:39:21.906 I/wm_relaunch_resume_activity( 1154): [0,202481240,23,com.android.settings/.Settings]
09-21 18:39:21.914 I/wm_relaunch_activity( 1154): [0,185045071,10,com.android.launcher3/.uioverrides.QuickstepLauncher]
09-21 18:39:21.915 I/wm_add_to_stopping( 1154): [0,185045071,com.android.launcher3/.uioverrides.QuickstepLauncher,preloadRecents]
09-21 18:39:21.915 I/wm_on_top_resumed_lost_called( 5296): [202481240,com.android.settings.Settings,pausing]
09-21 18:39:21.917 I/sysui_multi_action( 5296): [757,35,758,2,1089,13364]
09-21 18:39:21.918 I/sysui_multi_action( 5296): [757,46,758,2,1089,1964]
09-21 18:39:21.919 I/wm_on_paused_called( 5296): [202481240,com.android.settings.Settings,performPause]
09-21 18:39:21.924 I/wm_on_stop_called( 5296): [202481240,com.android.settings.Settings,handleRelaunchActivity]
09-21 18:39:21.931 I/wm_on_destroy_called( 5296): [202481240,com.android.settings.Settings,performDestroy]
09-21 18:39:21.952 I/wm_on_destroy_called( 5169): [185045071,com.android.launcher3.uioverrides.QuickstepLauncher,performDestroy]
09-21 18:39:21.959 I/am_crash( 1154): [5296,0,com.android.settings,952745541,java.lang.NullPointerException,Attempt to invoke virtual method 'void com.google.android.material.appbar.CollapsingToolbarLayout.setTitle(java.lang.CharSequence)' on a null object reference,SettingsHomepageActivity.java,288]
09-21 18:39:21.962 I/wm_finish_activity( 1154): [0,202481240,23,com.android.settings/.Settings,force-crash]
09-21 18:39:21.962 I/wm_task_moved( 1154): [32,1,8]
09-21 18:39:21.962 I/wm_task_to_front( 1154): [0,32]
09-21 18:39:21.962 I/wm_focused_root_task( 1154): [0,0,32,23,finish-top adjustFocusToNextFocusableTask]
09-21 18:39:21.963 I/wm_pause_activity( 1154): [0,202481240,com.android.settings/.Settings,userLeaving=false,finish]
09-21 18:39:21.971 I/sysui_multi_action( 1154): [757,316,758,4,759,-1]
09-21 18:39:21.978 I/am_pss ( 1154): [3303,10021,com.sohu.inputmethod.sogou.car,67203072,40161280,0,142970880,0,7,12]
09-21 18:39:22.033 I/am_proc_died( 1154): [0,5296,com.android.settings,0,2]
09-21 18:39:22.033 I/wm_on_create_called( 5169): [185045071,com.android.launcher3.uioverrides.QuickstepLauncher,performCreate]
09-21 18:39:22.034 I/wm_on_start_called( 5169): [185045071,com.android.launcher3.uioverrides.QuickstepLauncher,handleStartActivity]
09-21 18:39:22.035 I/wm_on_resume_called( 5169): [185045071,com.android.launcher3.uioverrides.QuickstepLauncher,LIFECYCLER_RESUME_ACTIVITY]
