09-21 19:19:36.508 I/sysui_multi_action( 7947): [757,830,758,4,833,0,854,top_level_connected_devices,1089,0]
09-21 19:19:36.520 I/sysui_multi_action( 7947): [757,746,758,2,1089,1053]
09-21 19:19:36.809 I/sysui_multi_action( 7947): [757,747,758,1,833,0,1089,261]
09-21 19:19:36.816 I/sysui_multi_action( 7947): [757,1729,758,4,854,isParalleledControllers:false,1089,268]
09-21 19:19:37.629 I/service_manager_stats( 1154): [100,100,10385]
09-21 19:19:38.513 I/input_interaction( 1154): Interaction with: 4ca2f14 com.android.settings/com.android.settings.Settings (server), swipe-up (server), edge-swipe (server), PointerEventDispatcher0 (server),
09-21 19:19:38.922 I/input_interaction( 1154): Interaction with: 4ca2f14 com.android.settings/com.android.settings.Settings (server), PointerEventDispatcher0 (server),
09-21 19:19:39.391 I/input_interaction( 1154): Interaction with: 4ca2f14 com.android.settings/com.android.settings.Settings (server), swipe-up (server), edge-swipe (server), PointerEventDispatcher0 (server),
09-21 19:19:39.493 I/input_interaction( 1154): Interaction with: 4ca2f14 com.android.settings/com.android.settings.Settings (server), PointerEventDispatcher0 (server),
09-21 19:19:39.525 I/sysui_multi_action( 7947): [757,830,758,4,833,0,854,connected_bt,1089,0]
09-21 19:19:39.540 I/wm_task_moved( 1154): [47,1,7]
09-21 19:19:39.540 I/wm_set_resumed_activity( 1154): [0,com.android.settings/.Settings,positionChildAt]
09-21 19:19:39.540 I/wm_create_activity( 1154): [0,68745157,47,com.android.settings/.SubSettings,android.intent.action.MAIN,NULL,NULL,0]
09-21 19:19:39.544 I/wm_pause_activity( 1154): [0,133172576,com.android.settings/.Settings,userLeaving=true,resumeTopActivityInnerLocked]
09-21 19:19:39.550 I/wm_on_top_resumed_lost_called( 7947): [133172576,com.android.settings.Settings,topStateChangedWhenResumed]
09-21 19:19:39.553 I/sysui_multi_action( 7947): [757,35,758,2,1089,76476]
09-21 19:19:39.554 I/sysui_multi_action( 7947): [757,747,758,2,1089,2746]
09-21 19:19:39.555 I/wm_on_paused_called( 7947): [133172576,com.android.settings.Settings,performPause]
09-21 19:19:39.558 I/wm_add_to_stopping( 1154): [0,133172576,com.android.settings/.Settings,makeInvisible]
09-21 19:19:39.559 I/wm_restart_activity( 1154): [0,68745157,47,com.android.settings/.SubSettings]
09-21 19:19:39.561 I/wm_set_resumed_activity( 1154): [0,com.android.settings/.SubSettings,minimalResumeActivityLocked]
09-21 19:19:39.567 I/sysui_multi_action( 1154): [757,803,799,window_time_0,802,77]
09-21 19:19:39.591 I/input_focus( 1154): [Focus leaving 4ca2f14 com.android.settings/com.android.settings.Settings (server),reason=NO_WINDOW]
09-21 19:19:39.599 I/am_uid_active( 1154): 10094
09-21 19:19:39.708 I/wm_on_create_called( 7947): [68745157,com.android.settings.SubSettings,performCreate]
09-21 19:19:39.734 I/wm_on_start_called( 7947): [68745157,com.android.settings.SubSettings,handleStartActivity]
09-21 19:19:39.735 I/snet_event_log( 7947): [120484087,-1,]
09-21 19:19:39.738 I/wm_on_resume_called( 7947): [68745157,com.android.settings.SubSettings,RESUME_ACTIVITY]
09-21 19:19:39.805 I/sysui_multi_action( 7947): [757,1009,758,1,833,747,1089,187]
09-21 19:19:39.819 I/sysui_multi_action( 7947): [757,1729,758,4,854,isParalleledControllers:false,1089,201]
09-21 19:19:39.844 I/wm_on_top_resumed_gained_called( 7947): [68745157,com.android.settings.SubSettings,topStateChangedWhenResumed]
09-21 19:19:39.913 I/input_focus( 1154): [Focus request 5282179 com.android.settings/com.android.settings.SubSettings,reason=UpdateInputWindows]
09-21 19:19:39.964 I/wm_activity_launch_time( 1154): [0,68745157,com.android.settings/.SubSettings,428]
09-21 19:19:39.977 I/input_focus( 1154): [Focus entering 5282179 com.android.settings/com.android.settings.SubSettings (server),reason=Window became focusable. Previous reason: NOT_VISIBLE]
09-21 19:19:40.121 I/input_interaction( 1154): Interaction with: 5282179 com.android.settings/com.android.settings.SubSettings (server), PointerEventDispatcher0 (server),
09-21 19:19:40.369 I/wm_stop_activity( 1154): [0,133172576,com.android.settings/.Settings]
09-21 19:19:40.389 I/wm_on_stop_called( 7947): [133172576,com.android.settings.Settings,STOP_ACTIVITY_ITEM]
09-21 19:19:40.775 I/am_uid_active( 1154): 10098
09-21 19:19:42.317 I/input_interaction( 1154): Interaction with: 5282179 com.android.settings/com.android.settings.SubSettings (server), swipe-up (server), edge-swipe (server), PointerEventDispatcher0 (server),
09-21 19:19:42.429 I/input_interaction( 1154): Interaction with: 5282179 com.android.settings/com.android.settings.SubSettings (server), PointerEventDispatcher0 (server),
09-21 19:19:42.492 I/configuration_changed( 1154): 96
09-21 19:19:42.515 I/notification_enqueue( 1154): [1000,1154,android,19,NULL,-1,Notification(channel=PHYSICAL_KEYBOARD shortcut=null contentView=null vibrate=null sound=null defaults=0x0 flags=0x0 color=0x00000000 vis=PRIVATE),0]
09-21 19:19:42.561 I/wm_relaunch_resume_activity( 1154): [0,68745157,47,com.android.settings/.SubSettings]
09-21 19:19:42.579 I/dvm_lock_sample( 1154): [system_server,1,android.display,51,TaskChangeNotificationController.java,320,void com.android.server.wm.TaskChangeNotificationController.forAllRemoteListeners(com.android.server.wm.TaskChangeNotificationController$TaskStackConsumer, android.os.Message),,0,null,10]
09-21 19:19:42.590 I/wm_on_top_resumed_lost_called( 7947): [68745157,com.android.settings.SubSettings,pausing]
09-21 19:19:42.600 I/sysui_multi_action( 1154): [757,128,758,5,759,8,793,87,794,0,795,87,796,19,806,android,857,PHYSICAL_KEYBOARD,858,3,947,0,1500,87]
09-21 19:19:42.600 I/notification_canceled( 1154): [-1|android|19|null|1000,8,87,87,0,-1,-1,NULL]
09-21 19:19:42.609 I/sysui_multi_action( 7947): [757,1009,758,2,1089,2804]
09-21 19:19:42.611 I/wm_on_paused_called( 7947): [68745157,com.android.settings.SubSettings,performPause]
09-21 19:19:42.614 I/wm_on_stop_called( 7947): [68745157,com.android.settings.SubSettings,handleRelaunchActivity]
09-21 19:19:42.620 I/wm_on_destroy_called( 7947): [68745157,com.android.settings.SubSettings,performDestroy]
09-21 19:19:42.771 I/wm_on_create_called( 7947): [68745157,com.android.settings.SubSettings,performCreate]
09-21 19:19:42.793 I/wm_on_start_called( 7947): [68745157,com.android.settings.SubSettings,handleStartActivity]
09-21 19:19:42.794 I/snet_event_log( 7947): [120484087,-1,]
09-21 19:19:42.797 I/wm_on_resume_called( 7947): [68745157,com.android.settings.SubSettings,RESUME_ACTIVITY]
09-21 19:19:42.862 I/sysui_multi_action( 7947): [757,1009,758,1,833,747,1089,204]
09-21 19:19:42.870 I/sysui_multi_action( 7947): [757,1729,758,4,854,isParalleledControllers:false,1089,213]
09-21 19:19:42.873 I/wm_on_top_resumed_gained_called( 7947): [68745157,com.android.settings.SubSettings,topWhenResuming]
09-21 19:19:42.941 I/input_focus( 1154): [Focus request a0bb6 com.android.settings/com.android.settings.SubSettings,reason=UpdateInputWindows]
09-21 19:19:42.999 I/input_focus( 1154): [Focus entering a0bb6 com.android.settings/com.android.settings.SubSettings (server),reason=Window became focusable. Previous reason: NOT_VISIBLE]
09-21 19:19:43.029 I/sysui_latency( 1154): [6,504]
09-21 19:19:43.871 I/sysui_multi_action( 1154): [757,1717,758,1,759,0]
09-21 19:19:43.872 I/sysui_multi_action( 1154): [757,1717,758,2,759,0]
09-21 19:19:43.872 I/sysui_multi_action( 1154): [757,1717,758,3,759,0]
09-21 19:19:46.936 I/sysui_multi_action( 1154): [757,1717,758,1,759,0]
09-21 19:19:46.937 I/sysui_multi_action( 1154): [757,1717,758,2,759,0]
09-21 19:19:46.937 I/sysui_multi_action( 1154): [757,1717,758,3,759,0]
09-21 19:19:48.250 I/input_interaction( 1154): Interaction with: a0bb6 com.android.settings/com.android.settings.SubSettings (server), swipe-up (server), edge-swipe (server), PointerEventDispatcher0 (server),
09-21 19:19:48.381 I/wm_finish_activity( 1154): [0,68745157,47,com.android.settings/.SubSettings,app-request]
09-21 19:19:48.398 I/wm_pause_activity( 1154): [0,68745157,com.android.settings/.SubSettings,userLeaving=false,finish]
09-21 19:19:48.410 I/wm_on_top_resumed_lost_called( 7947): [68745157,com.android.settings.SubSettings,topStateChangedWhenResumed]
09-21 19:19:48.420 I/sysui_multi_action( 7947): [757,1009,758,2,1089,5552]
09-21 19:19:48.423 I/wm_on_paused_called( 7947): [68745157,com.android.settings.SubSettings,performPause]
09-21 19:19:48.424 I/wm_add_to_stopping( 1154): [0,68745157,com.android.settings/.SubSettings,completeFinishing]
09-21 19:19:48.426 I/wm_set_resumed_activity( 1154): [0,com.android.settings/.Settings,resumeTopActivityInnerLocked]
09-21 19:19:48.428 I/wm_relaunch_resume_activity( 1154): [0,133172576,47,com.android.settings/.Settings]
09-21 19:19:48.429 I/input_focus( 1154): [Focus leaving a0bb6 com.android.settings/com.android.settings.SubSettings (server),reason=NO_WINDOW]
09-21 19:19:48.438 I/sysui_multi_action( 1154): [757,803,799,window_time_0,802,8]
09-21 19:19:48.444 I/wm_on_destroy_called( 7947): [133172576,com.android.settings.Settings,performDestroy]
09-21 19:19:48.480 I/sysui_multi_action( 1154): [324,1,757,1090,758,13,806,com.android.settings,871,com.android.settings.Settings,1091,85459]
09-21 19:19:48.484 I/am_crash( 1154): [7947,0,com.android.settings,952745541,java.lang.NullPointerException,Attempt to invoke virtual method 'void com.google.android.material.appbar.CollapsingToolbarLayout.setTitle(java.lang.CharSequence)' on a null object reference,SettingsHomepageActivity.java,288]
09-21 19:19:48.491 I/wm_finish_activity( 1154): [0,133172576,47,com.android.settings/.Settings,force-crash]
09-21 19:19:48.492 I/wm_task_moved( 1154): [1,1,7]
09-21 19:19:48.492 I/wm_task_moved( 1154): [10,1,2147483647]
09-21 19:19:48.492 I/wm_task_to_front( 1154): [0,10]
09-21 19:19:48.492 I/wm_focused_root_task( 1154): [0,0,1,47,finish-top adjustFocusToNextFocusableTask]
09-21 19:19:48.493 I/wm_set_resumed_activity( 1154): [0,com.android.launcher3/.uioverrides.QuickstepLauncher,finish-top adjustFocusToNextFocusableTask]
09-21 19:19:48.509 I/wm_pause_activity( 1154): [0,133172576,com.android.settings/.Settings,userLeaving=false,finish]
09-21 19:19:48.513 I/sysui_multi_action( 1154): [757,316,758,4,759,-1]
09-21 19:19:48.628 I/am_proc_died( 1154): [0,7947,com.android.settings,0,2]
09-21 19:19:48.650 I/wm_task_removed( 1154): [47,removeChild:removeChild last r=ActivityRecord{7f00d60 u0 com.android.settings/.Settings t-1 f}} in t=Task{da7beea #47 type=standard A=1000:com.android.settings.root U=0 visible=false mode=fullscreen translucent=true sz=0}]
09-21 19:19:48.650 I/wm_task_removed( 1154): [47,removeChild]
09-21 19:19:48.654 I/wm_set_resumed_activity( 1154): [0,com.android.launcher3/.uioverrides.QuickstepLauncher,resumeTopActivityInnerLocked]
09-21 19:19:48.655 I/wm_resume_activity( 1154): [0,185045071,10,com.android.launcher3/.uioverrides.QuickstepLauncher]
09-21 19:19:48.681 I/wm_on_restart_called( 5169): [185045071,com.android.launcher3.uioverrides.QuickstepLauncher,performRestartActivity]
09-21 19:19:48.681 I/wm_on_start_called( 5169): [185045071,com.android.launcher3.uioverrides.QuickstepLauncher,handleStartActivity]
09-21 19:19:48.683 I/wm_on_resume_called( 5169): [185045071,com.android.launcher3.uioverrides.QuickstepLauncher,RESUME_ACTIVITY]
09-21 19:19:48.707 I/input_focus( 1154): [Focus request df9195e com.android.launcher3/com.android.launcher3.uioverrides.QuickstepLauncher,reason=UpdateInputWindows]
09-21 19:19:48.746 I/input_focus( 1154): [Focus entering df9195e com.android.launcher3/com.android.launcher3.uioverrides.QuickstepLauncher (server),reason=Window became focusable. Previous reason: NOT_VISIBLE]
09-21 19:19:48.994 I/wm_on_top_resumed_gained_called( 5169): [185045071,com.android.launcher3.uioverrides.QuickstepLauncher,topStateChangedWhenResumed]
09-21 19:19:49.783 I/commit_sys_config_file( 1154): [package-user-0,12]
09-21 19:19:51.074 I/input_interaction( 1154): Interaction with: df9195e com.android.launcher3/com.android.launcher3.uioverrides.QuickstepLauncher (server), 1da61d8 com.android.systemui.ImageWallpaper (server), swipe-up (server), edge-swipe (server), PointerEventDispatcher0 (server),
09-21 19:19:51.232 I/wm_task_created( 1154): [48,-1]
09-21 19:19:51.239 I/wm_task_moved( 1154): [48,1,7]
09-21 19:19:51.239 I/wm_task_to_front( 1154): [0,48]
09-21 19:19:51.239 I/wm_create_task( 1154): [0,48]
09-21 19:19:51.239 I/wm_create_activity( 1154): [0,233532098,48,com.android.settings/.Settings,android.intent.action.MAIN,NULL,NULL,270532608]
09-21 19:19:51.239 I/wm_task_moved( 1154): [48,1,7]
09-21 19:19:51.243 I/wm_pause_activity( 1154): [0,185045071,com.android.launcher3/.uioverrides.QuickstepLauncher,userLeaving=true,pauseBackTasks]
09-21 19:19:51.252 I/wm_on_top_resumed_lost_called( 5169): [185045071,com.android.launcher3.uioverrides.QuickstepLauncher,topStateChangedWhenResumed]
09-21 19:19:51.255 I/wm_on_paused_called( 5169): [185045071,com.android.launcher3.uioverrides.QuickstepLauncher,performPause]
09-21 19:19:51.262 I/wm_add_to_stopping( 1154): [0,185045071,com.android.launcher3/.uioverrides.QuickstepLauncher,makeInvisible]
09-21 19:19:51.281 I/sysui_multi_action( 1154): [757,803,799,window_time_0,802,3]
09-21 19:19:51.286 I/input_focus( 1154): [Focus leaving df9195e com.android.launcher3/com.android.launcher3.uioverrides.QuickstepLauncher (server),reason=NO_WINDOW]
09-21 19:19:51.347 I/am_proc_start( 1154): [0,8142,1000,com.android.settings,pre-top-activity,{com.android.settings/com.android.settings.Settings}]
09-21 19:19:51.450 I/am_proc_bound( 1154): [0,8142,com.android.settings]
09-21 19:19:51.458 I/wm_restart_activity( 1154): [0,233532098,48,com.android.settings/.Settings]
09-21 19:19:51.460 I/wm_set_resumed_activity( 1154): [0,com.android.settings/.Settings,minimalResumeActivityLocked]
09-21 19:19:51.742 I/wm_on_create_called( 8142): [233532098,com.android.settings.Settings,performCreate]
09-21 19:19:51.910 W/CarrierConfigManager( 8142): Error getting config for subId -1 ICarrierConfigLoader is null
09-21 19:19:52.024 I/wm_on_start_called( 8142): [233532098,com.android.settings.Settings,handleStartActivity]
09-21 19:19:52.027 I/snet_event_log( 8142): [120484087,-1,]
09-21 19:19:52.028 I/wm_on_resume_called( 8142): [233532098,com.android.settings.Settings,RESUME_ACTIVITY]
09-21 19:19:52.035 I/sysui_multi_action( 8142): [757,35,758,1,833,0,1089,285]
09-21 19:19:52.054 I/sysui_multi_action( 8142): [757,1729,758,4,854,isParalleledControllers:false,1089,306]
09-21 19:19:52.076 I/sysui_multi_action( 8142): [757,746,758,1,833,0,1089,220]
09-21 19:19:52.078 D/TelephonyRegistry( 1154): listen oscl: mHasNotifySubscriptionInfoChangedOccurred==false no callback
09-21 19:19:52.092 D/TelephonyRegistry( 1154): listen oscl: mHasNotifySubscriptionInfoChangedOccurred==false no callback
09-21 19:19:52.112 I/sysui_multi_action( 8142): [757,1729,758,4,854,isParalleledControllers:false,1089,256]
09-21 19:19:52.136 I/wm_on_top_resumed_gained_called( 8142): [233532098,com.android.settings.Settings,topStateChangedWhenResumed]
09-21 19:19:52.300 I/input_focus( 1154): [Focus request 401565c com.android.settings/com.android.settings.Settings,reason=UpdateInputWindows]
09-21 19:19:52.492 I/sysui_multi_action( 1154): [324,0,757,1090,758,12,806,com.android.settings,871,com.android.settings.Settings,1091,1277]
09-21 19:19:52.501 I/sysui_multi_action( 1154): [319,90,321,82,322,1277,325,3140,757,761,758,7,759,1,806,com.android.settings,871,com.android.settings.Settings,904,com.android.launcher3,905,0,945,240,1320,4,1321,1]
09-21 19:19:52.504 I/wm_activity_launch_time( 1154): [0,233532098,com.android.settings/.Settings,1277]
09-21 19:19:52.511 I/input_focus( 1154): [Focus entering 401565c com.android.settings/com.android.settings.Settings (server),reason=Window became focusable. Previous reason: NOT_VISIBLE]
09-21 19:19:52.596 I/wm_stop_activity( 1154): [0,185045071,com.android.launcher3/.uioverrides.QuickstepLauncher]
09-21 19:19:52.604 I/wm_on_stop_called( 5169): [185045071,com.android.launcher3.uioverrides.QuickstepLauncher,STOP_ACTIVITY_ITEM]
09-21 19:19:53.745 I/input_interaction( 1154): Interaction with: 401565c com.android.settings/com.android.settings.Settings (server), swipe-up (server), edge-swipe (server), PointerEventDispatcher0 (server),
09-21 19:19:53.889 I/sysui_multi_action( 8142): [757,830,758,4,833,0,854,top_level_network,1089,0]
09-21 19:19:53.908 I/sysui_multi_action( 8142): [757,746,758,2,1089,1832]
09-21 19:19:53.951 W/CarrierConfigManager( 8142): Error getting config for subId -1 ICarrierConfigLoader is null
09-21 19:19:54.072 I/sysui_multi_action( 8142): [757,746,758,1,833,0,1089,133]
09-21 19:19:54.073 D/TelephonyRegistry( 1154): listen oscl: mHasNotifySubscriptionInfoChangedOccurred==false no callback
09-21 19:19:54.085 D/TelephonyRegistry( 1154): listen oscl: mHasNotifySubscriptionInfoChangedOccurred==false no callback
09-21 19:19:54.112 I/sysui_multi_action( 8142): [757,1729,758,4,854,isParalleledControllers:false,1089,173]
09-21 19:19:54.857 I/sysui_multi_action( 8142): [757,830,758,4,833,0,854,top_level_connected_devices,1089,0]
09-21 19:19:54.883 I/sysui_multi_action( 8142): [757,746,758,2,1089,810]
09-21 19:19:55.230 I/sysui_multi_action( 8142): [757,747,758,1,833,0,1089,319]
09-21 19:19:55.239 I/sysui_multi_action( 8142): [757,1729,758,4,854,isParalleledControllers:false,1089,328]
09-21 19:19:56.577 I/sysui_multi_action( 8142): [757,830,758,4,833,0,854,saved_bt,1089,0]
09-21 19:19:57.265 I/configuration_changed( 1154): 96
09-21 19:19:57.335 I/wm_relaunch_resume_activity( 1154): [0,233532098,48,com.android.settings/.Settings]
09-21 19:19:57.470 I/wm_on_top_resumed_lost_called( 8142): [233532098,com.android.settings.Settings,pausing]
09-21 19:19:57.472 I/sysui_multi_action( 8142): [757,35,758,2,1089,5439]
09-21 19:19:57.474 I/sysui_multi_action( 8142): [757,747,758,2,1089,2244]
09-21 19:19:57.475 I/wm_on_paused_called( 8142): [233532098,com.android.settings.Settings,performPause]
09-21 19:19:57.484 I/wm_on_stop_called( 8142): [233532098,com.android.settings.Settings,handleRelaunchActivity]
09-21 19:19:57.502 I/wm_on_destroy_called( 8142): [233532098,com.android.settings.Settings,performDestroy]
09-21 19:19:57.526 I/dvm_lock_sample( 1154): [system_server,1,android.display,5,WindowManagerService.java,4968,void com.android.server.wm.WindowManagerService.reportFocusChanged(android.os.IBinder, android.os.IBinder),-,2036,void com.android.server.wm.WindowManagerService.removeWindow(com.android.server.wm.Session, android.view.IWindow),1]
09-21 19:19:57.571 I/am_crash( 1154): [8142,0,com.android.settings,952745541,java.lang.NullPointerException,Attempt to invoke virtual method 'void com.google.android.material.appbar.CollapsingToolbarLayout.setTitle(java.lang.CharSequence)' on a null object reference,SettingsHomepageActivity.java,288]
09-21 19:19:57.597 I/sysui_latency( 1154): [6,294]
09-21 19:19:57.599 I/wm_finish_activity( 1154): [0,233532098,48,com.android.settings/.Settings,force-crash]
09-21 19:19:57.600 I/wm_task_moved( 1154): [1,1,7]
09-21 19:19:57.601 I/wm_task_moved( 1154): [10,1,2147483647]
09-21 19:19:57.601 I/wm_task_to_front( 1154): [0,10]
09-21 19:19:57.601 I/wm_focused_root_task( 1154): [0,0,1,48,finish-top adjustFocusToNextFocusableTask]
09-21 19:19:57.603 I/wm_set_resumed_activity( 1154): [0,com.android.launcher3/.uioverrides.QuickstepLauncher,finish-top adjustFocusToNextFocusableTask]
09-21 19:19:57.604 I/wm_pause_activity( 1154): [0,233532098,com.android.settings/.Settings,userLeaving=false,finish]
09-21 19:19:57.660 I/input_focus( 1154): [Focus request b938f79 Application Error: com.android.settings,reason=UpdateInputWindows]
09-21 19:19:57.720 I/input_focus( 1154): [Focus entering b938f79 Application Error: com.android.settings (server),reason=Window became focusable. Previous reason: NOT_VISIBLE]
09-21 19:19:58.105 I/wm_add_to_stopping( 1154): [0,233532098,com.android.settings/.Settings,completeFinishing]
09-21 19:19:58.109 I/wm_set_resumed_activity( 1154): [0,com.android.launcher3/.uioverrides.QuickstepLauncher,resumeTopActivityInnerLocked]
09-21 19:19:58.111 I/wm_resume_activity( 1154): [0,185045071,10,com.android.launcher3/.uioverrides.QuickstepLauncher]
09-21 19:19:58.123 I/sysui_multi_action( 1154): [757,803,799,window_time_0,802,7]
09-21 19:19:58.148 I/am_pss ( 1154): [7425,1000,com.qti.diagservices,7267328,4182016,0,94265344,0,10,10]
09-21 19:19:58.147 I/wm_on_restart_called( 5169): [185045071,com.android.launcher3.uioverrides.QuickstepLauncher,performRestartActivity]
09-21 19:19:58.148 I/wm_on_start_called( 5169): [185045071,com.android.launcher3.uioverrides.QuickstepLauncher,handleStartActivity]
09-21 19:19:58.149 I/wm_on_resume_called( 5169): [185045071,com.android.launcher3.uioverrides.QuickstepLauncher,RESUME_ACTIVITY]
09-21 19:19:58.149 I/wm_on_top_resumed_gained_called( 5169): [185045071,com.android.launcher3.uioverrides.QuickstepLauncher,topWhenResuming]
09-21 19:19:58.198 I/wm_destroy_activity( 1154): [0,233532098,48,com.android.settings/.Settings,finish-imm:idle]
09-21 19:19:59.037 I/input_interaction( 1154): Interaction with: b938f79 Application Error: com.android.settings (server), PointerEventDispatcher0 (server),
09-21 19:20:01.418 I/service_manager_stats( 1154): [100,128,23789]
09-21 19:20:01.822 I/input_interaction( 1154): Interaction with: b938f79 Application Error: com.android.settings (server), swipe-up (server), edge-swipe (server), PointerEventDispatcher0 (server),
09-21 19:20:01.919 I/input_interaction( 1154): Interaction with: b938f79 Application Error: com.android.settings (server), PointerEventDispatcher0 (server),
09-21 19:20:01.922 I/sysui_multi_action( 1154): [757,316,758,4,759,1]
09-21 19:20:01.924 I/wm_destroy_activity( 1154): [0,233532098,48,com.android.settings/.Settings,finish-imm:handleAppCrashed]
09-21 19:20:01.926 I/wm_task_removed( 1154): [48,removeChild:removeChild last r=ActivityRecord{deb6ac2 u0 com.android.settings/.Settings t-1 f}} in t=Task{219e13c #48 type=standard A=1000:com.android.settings.root U=0 visible=false mode=fullscreen translucent=true sz=0}]
09-21 19:20:01.926 I/wm_task_removed( 1154): [48,removeChild]
09-21 19:20:01.937 I/am_kill ( 1154): [0,8142,com.android.settings,900,crash]
09-21 19:20:01.970 I/input_focus( 1154): [Focus request df9195e com.android.launcher3/com.android.launcher3.uioverrides.QuickstepLauncher,reason=UpdateInputWindows]
09-21 19:20:02.000 I/input_focus( 1154): [Focus entering df9195e com.android.launcher3/com.android.launcher3.uioverrides.QuickstepLauncher (server),reason=setFocusedWindow]
09-21 19:20:02.047 I/input_interaction( 1154): Interaction with: df9195e com.android.launcher3/com.android.launcher3.uioverrides.QuickstepLauncher (server), PointerEventDispatcher0 (server),
09-21 19:20:02.744 I/input_interaction( 1154): Interaction with: df9195e com.android.launcher3/com.android.launcher3.uioverrides.QuickstepLauncher (server), 1da61d8 com.android.systemui.ImageWallpaper (server), swipe-up (server), edge-swipe (server), PointerEventDispatcher0 (server),
09-21 19:20:02.824 I/input_interaction( 1154): Interaction with: df9195e com.android.launcher3/com.android.launcher3.uioverrides.QuickstepLauncher (server), PointerEventDispatcher0 (server),
09-21 19:20:03.205 I/input_interaction( 1154): Interaction with: df9195e com.android.launcher3/com.android.launcher3.uioverrides.QuickstepLauncher (server), 1da61d8 com.android.systemui.ImageWallpaper (server), swipe-up (server), edge-swipe (server), PointerEventDispatcher0 (server),
09-21 19:20:03.285 I/input_interaction( 1154): Interaction with: df9195e com.android.launcher3/com.android.launcher3.uioverrides.QuickstepLauncher (server), PointerEventDispatcher0 (server),
09-21 19:20:03.453 I/input_interaction( 1154): Interaction with: df9195e com.android.launcher3/com.android.launcher3.uioverrides.QuickstepLauncher (server), 1da61d8 com.android.systemui.ImageWallpaper (server), swipe-up (server), edge-swipe (server), PointerEventDispatcher0 (server),
09-21 19:20:03.557 I/input_interaction( 1154): Interaction with: df9195e com.android.launcher3/com.android.launcher3.uioverrides.QuickstepLauncher (server), PointerEventDispatcher0 (server),
09-21 19:20:04.274 I/input_interaction( 1154): Interaction with: df9195e com.android.launcher3/com.android.launcher3.uioverrides.QuickstepLauncher (server), 1da61d8 com.android.systemui.ImageWallpaper (server), swipe-up (server), edge-swipe (server), PointerEventDispatcher0 (server),
09-21 19:20:04.379 I/input_interaction( 1154): Interaction with: df9195e com.android.launcher3/com.android.launcher3.uioverrides.QuickstepLauncher (server), PointerEventDispatcher0 (server),
09-21 19:20:04.408 I/wm_task_created( 1154): [49,-1]
09-21 19:20:04.413 I/wm_task_moved( 1154): [49,1,7]
09-21 19:20:04.413 I/wm_task_to_front( 1154): [0,49]
09-21 19:20:04.413 I/wm_create_task( 1154): [0,49]
09-21 19:20:04.413 I/wm_create_activity( 1154): [0,252188647,49,com.android.settings/.Settings,android.intent.action.MAIN,NULL,NULL,270532608]
09-21 19:20:04.414 I/wm_task_moved( 1154): [49,1,7]
09-21 19:20:04.417 I/wm_pause_activity( 1154): [0,185045071,com.android.launcher3/.uioverrides.QuickstepLauncher,userLeaving=true,pauseBackTasks]
09-21 19:20:04.428 I/wm_on_top_resumed_lost_called( 5169): [185045071,com.android.launcher3.uioverrides.QuickstepLauncher,topStateChangedWhenResumed]
09-21 19:20:04.429 I/wm_on_paused_called( 5169): [185045071,com.android.launcher3.uioverrides.QuickstepLauncher,performPause]
09-21 19:20:04.436 I/wm_add_to_stopping( 1154): [0,185045071,com.android.launcher3/.uioverrides.QuickstepLauncher,makeInvisible]
09-21 19:20:04.468 I/input_focus( 1154): [Focus leaving df9195e com.android.launcher3/com.android.launcher3.uioverrides.QuickstepLauncher (server),reason=NO_WINDOW]
09-21 19:20:04.501 I/sysui_multi_action( 1154): [757,803,799,window_time_0,802,6]
09-21 19:20:04.594 I/am_proc_start( 1154): [0,8213,1000,com.android.settings,pre-top-activity,{com.android.settings/com.android.settings.Settings}]
09-21 19:20:04.686 I/am_proc_bound( 1154): [0,8213,com.android.settings]
09-21 19:20:04.694 I/wm_restart_activity( 1154): [0,252188647,49,com.android.settings/.Settings]
09-21 19:20:04.698 I/wm_set_resumed_activity( 1154): [0,com.android.settings/.Settings,minimalResumeActivityLocked]
09-21 19:20:04.981 I/wm_on_create_called( 8213): [252188647,com.android.settings.Settings,performCreate]
09-21 19:20:05.147 W/CarrierConfigManager( 8213): Error getting config for subId -1 ICarrierConfigLoader is null
09-21 19:20:05.256 I/wm_on_start_called( 8213): [252188647,com.android.settings.Settings,handleStartActivity]
09-21 19:20:05.260 I/snet_event_log( 8213): [120484087,-1,]
09-21 19:20:05.261 I/wm_on_resume_called( 8213): [252188647,com.android.settings.Settings,RESUME_ACTIVITY]
09-21 19:20:05.268 I/sysui_multi_action( 8213): [757,35,758,1,833,0,1089,278]
09-21 19:20:05.287 I/sysui_multi_action( 8213): [757,1729,758,4,854,isParalleledControllers:false,1089,299]
09-21 19:20:05.311 I/sysui_multi_action( 8213): [757,746,758,1,833,0,1089,215]
09-21 19:20:05.315 D/TelephonyRegistry( 1154): listen oscl: mHasNotifySubscriptionInfoChangedOccurred==false no callback
09-21 19:20:05.329 D/TelephonyRegistry( 1154): listen oscl: mHasNotifySubscriptionInfoChangedOccurred==false no callback
09-21 19:20:05.355 I/sysui_multi_action( 8213): [757,1729,758,4,854,isParalleledControllers:false,1089,259]
09-21 19:20:05.381 I/wm_on_top_resumed_gained_called( 8213): [252188647,com.android.settings.Settings,topStateChangedWhenResumed]
09-21 19:20:05.575 I/input_focus( 1154): [Focus request bce59d9 com.android.settings/com.android.settings.Settings,reason=UpdateInputWindows]
09-21 19:20:05.792 I/sysui_multi_action( 1154): [324,0,757,1090,758,12,806,com.android.settings,871,com.android.settings.Settings,1091,1406]
09-21 19:20:05.802 I/sysui_multi_action( 1154): [319,94,321,87,322,1406,325,3153,757,761,758,7,759,1,806,com.android.settings,871,com.android.settings.Settings,904,com.android.launcher3,905,0,945,305,1320,4,1321,1]
09-21 19:20:05.807 I/wm_activity_launch_time( 1154): [0,252188647,com.android.settings/.Settings,1406]
09-21 19:20:05.823 I/input_focus( 1154): [Focus entering bce59d9 com.android.settings/com.android.settings.Settings (server),reason=Window became focusable. Previous reason: NOT_VISIBLE]
09-21 19:20:05.826 I/input_interaction( 1154): Interaction with: bce59d9 com.android.settings/com.android.settings.Settings (server), PointerEventDispatcher0 (server),
09-21 19:20:05.899 I/wm_stop_activity( 1154): [0,185045071,com.android.launcher3/.uioverrides.QuickstepLauncher]
09-21 19:20:05.910 I/wm_on_stop_called( 5169): [185045071,com.android.launcher3.uioverrides.QuickstepLauncher,STOP_ACTIVITY_ITEM]
09-21 19:20:08.013 I/input_interaction( 1154): Interaction with: bce59d9 com.android.settings/com.android.settings.Settings (server), swipe-up (server), edge-swipe (server), PointerEventDispatcher0 (server),
09-21 19:20:08.102 I/input_interaction( 1154): Interaction with: bce59d9 com.android.settings/com.android.settings.Settings (server), PointerEventDispatcher0 (server),
09-21 19:20:08.122 I/sysui_multi_action( 8213): [757,830,758,4,833,0,854,top_level_connected_devices,1089,0]
09-21 19:20:08.139 I/sysui_multi_action( 8213): [757,746,758,2,1089,2828]
09-21 19:20:08.509 I/sysui_multi_action( 8213): [757,747,758,1,833,0,1089,341]
09-21 19:20:08.519 I/sysui_multi_action( 8213): [757,1729,758,4,854,isParalleledControllers:false,1089,351]
09-21 19:20:08.843 I/input_interaction( 1154): Interaction with: bce59d9 com.android.settings/com.android.settings.Settings (server), swipe-up (server), edge-swipe (server), PointerEventDispatcher0 (server),
09-21 19:20:08.933 I/input_interaction( 1154): Interaction with: bce59d9 com.android.settings/com.android.settings.Settings (server), PointerEventDispatcher0 (server),
09-21 19:20:09.055 I/sysui_multi_action( 8213): [757,830,758,4,833,0,854,top_level_network,1089,0]
09-21 19:20:09.104 I/sysui_multi_action( 8213): [757,747,758,2,1089,595]
09-21 19:20:09.140 W/CarrierConfigManager( 8213): Error getting config for subId -1 ICarrierConfigLoader is null
09-21 19:20:09.290 I/sysui_multi_action( 8213): [757,746,758,1,833,0,1089,165]
09-21 19:20:09.292 D/TelephonyRegistry( 1154): listen oscl: mHasNotifySubscriptionInfoChangedOccurred==false no callback
09-21 19:20:09.309 D/TelephonyRegistry( 1154): listen oscl: mHasNotifySubscriptionInfoChangedOccurred==false no callback
09-21 19:20:09.331 I/sysui_multi_action( 8213): [757,1729,758,4,854,isParalleledControllers:false,1089,206]
09-21 19:20:09.486 I/input_interaction( 1154): Interaction with: bce59d9 com.android.settings/com.android.settings.Settings (server), swipe-up (server), edge-swipe (server), PointerEventDispatcher0 (server),
09-21 19:20:09.599 I/input_interaction( 1154): Interaction with: bce59d9 com.android.settings/com.android.settings.Settings (server), PointerEventDispatcher0 (server),
09-21 19:20:09.604 I/sysui_multi_action( 8213): [757,830,758,4,833,0,854,top_level_connected_devices,1089,0]
09-21 19:20:09.617 I/sysui_multi_action( 8213): [757,746,758,2,1089,327]
09-21 19:20:09.873 I/sysui_multi_action( 8213): [757,747,758,1,833,0,1089,226]
09-21 19:20:09.878 I/sysui_multi_action( 8213): [757,1729,758,4,854,isParalleledControllers:false,1089,231]
09-21 19:20:17.324 I/am_pss ( 1154): [8213,1000,com.android.settings,84643840,70574080,0,219713536,0,2,24]
09-21 19:20:39.619 I/am_freeze( 1154): [3013,com.android.deskclock]
09-21 19:20:39.628 I/am_kill ( 1154): [0,3013,com.android.deskclock,900,Unable to freeze binder interface]
09-21 19:20:39.751 I/am_proc_died( 1154): [0,3013,com.android.deskclock,900,18]
09-21 19:20:39.752 I/am_uid_stopped( 1154): 10070
09-21 19:20:39.774 I/am_pss ( 1154): [8213,1000,com.android.settings,85639168,70598656,0,219713536,0,2,13]
09-21 19:20:45.633 I/am_uid_idle( 1154): 10094
09-21 19:20:55.998 I/am_uid_idle( 1154): 10098
09-21 19:21:02.037 I/netstats_mobile_sample( 1154): [0,0,0,0,0,0,0,0,0,0,0,0,1663759262037]
09-21 19:21:02.037 I/netstats_wifi_sample( 1154): [0,0,0,0,0,0,0,0,0,0,0,0,1663759262037]
09-21 19:21:03.632 I/sysui_multi_action( 1154): [757,1696,758,6,759,2]
09-21 19:21:03.637 I/am_wtf ( 1154): [0,1154,system_server,-1,DisplayDeviceConfig,requesting nits when no mapping exists.]
09-21 19:21:03.645 I/am_wtf ( 1154): [0,1154,system_server,-1,DisplayDeviceConfig,requesting nits when no mapping exists.]
09-21 19:21:03.652 I/am_wtf ( 1154): [0,1154,system_server,-1,DisplayDeviceConfig,requesting nits when no mapping exists.]
09-21 19:21:03.657 I/am_wtf ( 1154): [0,1154,system_server,-1,DisplayDeviceConfig,requesting nits when no mapping exists.]
09-21 19:21:03.668 I/am_wtf ( 1154): [0,1154,system_server,-1,DisplayDeviceConfig,requesting nits when no mapping exists.]
09-21 19:21:03.671 I/am_wtf ( 1154): [0,1154,system_server,-1,DisplayDeviceConfig,requesting nits when no mapping exists.]
09-21 19:21:03.676 I/am_wtf ( 1154): [0,1154,system_server,-1,DisplayDeviceConfig,requesting nits when no mapping exists.]
09-21 19:21:03.678 I/am_wtf ( 1154): [0,1154,system_server,-1,DisplayDeviceConfig,requesting nits when no mapping exists.]
09-21 19:21:03.693 I/am_wtf ( 1154): [0,1154,system_server,-1,DisplayDeviceConfig,requesting nits when no mapping exists.]
09-21 19:21:03.694 I/am_wtf ( 1154): [0,1154,system_server,-1,DisplayDeviceConfig,requesting nits when no mapping exists.]
09-21 19:21:03.709 I/am_wtf ( 1154): [0,1154,system_server,-1,DisplayDeviceConfig,requesting nits when no mapping exists.]
09-21 19:21:03.710 I/am_wtf ( 1154): [0,1154,system_server,-1,DisplayDeviceConfig,requesting nits when no mapping exists.]
09-21 19:21:03.727 I/am_wtf ( 1154): [0,1154,system_server,-1,DisplayDeviceConfig,requesting nits when no mapping exists.]
09-21 19:21:03.728 I/am_wtf ( 1154): [0,1154,system_server,-1,DisplayDeviceConfig,requesting nits when no mapping exists.]
09-21 19:21:03.743 I/am_wtf ( 1154): [0,1154,system_server,-1,DisplayDeviceConfig,requesting nits when no mapping exists.]
09-21 19:21:03.745 I/am_wtf ( 1154): [0,1154,system_server,-1,DisplayDeviceConfig,requesting nits when no mapping exists.]
09-21 19:21:03.761 I/am_wtf ( 1154): [0,1154,system_server,-1,DisplayDeviceConfig,requesting nits when no mapping exists.]
09-21 19:21:03.762 I/am_wtf ( 1154): [0,1154,system_server,-1,DisplayDeviceConfig,requesting nits when no mapping exists.]
09-21 19:21:03.777 I/am_wtf ( 1154): [0,1154,system_server,-1,DisplayDeviceConfig,requesting nits when no mapping exists.]
09-21 19:21:03.778 I/am_wtf ( 1154): [0,1154,system_server,-1,DisplayDeviceConfig,requesting nits when no mapping exists.]
09-21 19:21:03.793 I/am_wtf ( 1154): [0,1154,system_server,-1,DisplayDeviceConfig,requesting nits when no mapping exists.]
09-21 19:21:03.794 I/am_wtf ( 1154): [0,1154,system_server,-1,DisplayDeviceConfig,requesting nits when no mapping exists.]
09-21 19:21:03.810 I/am_wtf ( 1154): [0,1154,system_server,-1,DisplayDeviceConfig,requesting nits when no mapping exists.]
09-21 19:21:03.812 I/am_wtf ( 1154): [0,1154,system_server,-1,DisplayDeviceConfig,requesting nits when no mapping exists.]
09-21 19:21:03.827 I/am_wtf ( 1154): [0,1154,system_server,-1,DisplayDeviceConfig,requesting nits when no mapping exists.]
09-21 19:21:03.828 I/am_wtf ( 1154): [0,1154,system_server,-1,DisplayDeviceConfig,requesting nits when no mapping exists.]
09-21 19:21:03.844 I/am_wtf ( 1154): [0,1154,system_server,-1,DisplayDeviceConfig,requesting nits when no mapping exists.]
09-21 19:21:03.845 I/am_wtf ( 1154): [0,1154,system_server,-1,DisplayDeviceConfig,requesting nits when no mapping exists.]
09-21 19:21:03.861 I/am_wtf ( 1154): [0,1154,system_server,-1,DisplayDeviceConfig,requesting nits when no mapping exists.]
09-21 19:21:03.862 I/am_wtf ( 1154): [0,1154,system_server,-1,DisplayDeviceConfig,requesting nits when no mapping exists.]
09-21 19:21:10.635 I/sysui_multi_action( 1154): [757,222,758,1]
09-21 19:21:10.637 I/am_uid_running( 1154): 10070
09-21 19:21:10.719 I/am_proc_start( 1154): [0,8299,10070,com.android.deskclock,service,{com.android.deskclock/com.android.deskclock.Screensaver}]
09-21 19:21:10.812 I/am_proc_bound( 1154): [0,8299,com.android.deskclock]
09-21 19:21:10.819 I/am_uid_active( 1154): 10070
09-21 19:21:10.889 I/service_manager_stats( 1154): [100,102,69470]
09-21 19:21:10.896 I/wm_task_created( 1154): [50,-1]
09-21 19:21:10.904 I/wm_task_moved( 1154): [50,1,8]
09-21 19:21:10.904 I/wm_task_to_front( 1154): [0,50]
09-21 19:21:10.905 I/wm_create_task( 1154): [0,50]
09-21 19:21:10.905 I/wm_create_activity( 1154): [0,227193511,50,com.android.deskclock/android.service.dreams.DreamActivity,NULL,NULL,NULL,276824064]
09-21 19:21:10.905 I/wm_task_moved( 1154): [50,1,8]
09-21 19:21:10.905 I/wm_on_top_resumed_lost_called( 8213): [252188647,com.android.settings.Settings,topStateChangedWhenResumed]
09-21 19:21:10.909 I/wm_pause_activity( 1154): [0,252188647,com.android.settings/.Settings,userLeaving=true,pauseBackTasks]
09-21 19:21:10.917 I/sysui_multi_action( 8213): [757,35,758,2,1089,65651]
09-21 19:21:10.918 I/sysui_multi_action( 8213): [757,747,758,2,1089,61046]
09-21 19:21:10.919 I/wm_on_paused_called( 8213): [252188647,com.android.settings.Settings,performPause]
09-21 19:21:10.922 I/wm_add_to_stopping( 1154): [0,252188647,com.android.settings/.Settings,makeInvisible]
09-21 19:21:10.923 I/wm_restart_activity( 1154): [0,227193511,50,com.android.deskclock/android.service.dreams.DreamActivity]
09-21 19:21:10.925 I/wm_set_resumed_activity( 1154): [0,com.android.deskclock/android.service.dreams.DreamActivity,minimalResumeActivityLocked]
09-21 19:21:10.934 I/sysui_multi_action( 1154): [757,803,799,window_time_0,802,67]
09-21 19:21:10.944 I/input_focus( 1154): [Focus leaving bce59d9 com.android.settings/com.android.settings.Settings (server),reason=NO_WINDOW]
09-21 19:21:10.949 I/wm_on_create_called( 8299): [227193511,android.service.dreams.DreamActivity,performCreate]
09-21 19:21:10.949 I/wm_on_start_called( 8299): [227193511,android.service.dreams.DreamActivity,handleStartActivity]
09-21 19:21:10.950 I/wm_on_resume_called( 8299): [227193511,android.service.dreams.DreamActivity,RESUME_ACTIVITY]
09-21 19:21:10.971 I/wm_on_top_resumed_gained_called( 8299): [227193511,android.service.dreams.DreamActivity,topStateChangedWhenResumed]
09-21 19:21:11.018 I/sysui_multi_action( 2235): [757,111,758,2]
09-21 19:21:11.019 I/sysui_multi_action( 2235): [757,111,758,2]
09-21 19:21:11.021 I/input_focus( 1154): [Focus request ff388ec com.android.deskclock/android.service.dreams.DreamActivity,reason=UpdateInputWindows]
09-21 19:21:11.045 I/sysui_multi_action( 2235): [757,111,758,1]
09-21 19:21:11.045 I/sysui_multi_action( 2235): [757,126,758,1,759,126,927,0,928,0,1593,0]
09-21 19:21:11.046 I/sysui_multi_action( 2235): [757,113,758,1,759,113,927,1,928,1,1593,0]
09-21 19:21:11.046 I/sysui_multi_action( 2235): [757,0,758,1,759,0,927,2,928,0,1593,0]
09-21 19:21:11.046 I/sysui_multi_action( 2235): [757,0,758,1,759,0,927,3,928,0,1593,0]
09-21 19:21:11.046 I/sysui_multi_action( 2235): [757,1706,758,1,759,1706,927,4,928,0,1593,0]
09-21 19:21:11.046 I/sysui_multi_action( 2235): [757,491,758,1,759,491,927,5,928,0,1311,2,1593,0]
09-21 19:21:11.047 I/sysui_multi_action( 2235): [757,0,758,1,759,0,927,6,928,0,1593,0]
09-21 19:21:11.047 I/sysui_multi_action( 2235): [757,0,758,1,759,0,927,7,1593,0]
09-21 19:21:11.047 I/sysui_multi_action( 2235): [757,111,758,1]
09-21 19:21:11.047 I/sysui_multi_action( 2235): [757,126,758,1,759,126,927,0,928,0,1593,0]
09-21 19:21:11.047 I/sysui_multi_action( 2235): [757,113,758,1,759,113,927,1,928,1,1593,0]
09-21 19:21:11.048 I/sysui_multi_action( 2235): [757,0,758,1,759,0,927,2,928,0,1593,0]
09-21 19:21:11.048 I/sysui_multi_action( 2235): [757,0,758,1,759,0,927,3,928,0,1593,0]
09-21 19:21:11.117 I/sysui_multi_action( 1154): [757,1696,758,6,759,3]
09-21 19:21:11.121 I/sysui_multi_action( 1154): [319,225,322,215,325,3220,757,761,758,8,759,2,806,com.android.deskclock,871,android.service.dreams.DreamActivity,904,com.android.deskclock,905,0,1320,4,1321,1]
09-21 19:21:11.123 I/wm_activity_launch_time( 1154): [0,227193511,com.android.deskclock/android.service.dreams.DreamActivity,215]
09-21 19:21:11.128 I/input_focus( 1154): [Focus entering ff388ec com.android.deskclock/android.service.dreams.DreamActivity (server),reason=Window became focusable. Previous reason: NOT_VISIBLE]
09-21 19:21:11.136 I/am_wtf ( 1154): [0,1154,system_server,-1,DisplayDeviceConfig,requesting nits when no mapping exists.]
09-21 19:21:11.138 I/am_wtf ( 1154): [0,1154,system_server,-1,DisplayDeviceConfig,requesting nits when no mapping exists.]
09-21 19:21:11.147 I/am_wtf ( 1154): [0,1154,system_server,-1,DisplayDeviceConfig,requesting nits when no mapping exists.]
09-21 19:21:11.148 I/am_wtf ( 1154): [0,1154,system_server,-1,DisplayDeviceConfig,requesting nits when no mapping exists.]
09-21 19:21:11.162 I/am_wtf ( 1154): [0,1154,system_server,-1,DisplayDeviceConfig,requesting nits when no mapping exists.]
09-21 19:21:11.164 I/am_wtf ( 1154): [0,1154,system_server,-1,DisplayDeviceConfig,requesting nits when no mapping exists.]
09-21 19:21:11.179 I/am_wtf ( 1154): [0,1154,system_server,-1,DisplayDeviceConfig,requesting nits when no mapping exists.]
09-21 19:21:11.182 I/am_wtf ( 1154): [0,1154,system_server,-1,DisplayDeviceConfig,requesting nits when no mapping exists.]
09-21 19:21:11.197 I/am_wtf ( 1154): [0,1154,system_server,-1,DisplayDeviceConfig,requesting nits when no mapping exists.]
09-21 19:21:11.198 I/am_wtf ( 1154): [0,1154,system_server,-1,DisplayDeviceConfig,requesting nits when no mapping exists.]
09-21 19:21:11.212 I/am_wtf ( 1154): [0,1154,system_server,-1,DisplayDeviceConfig,requesting nits when no mapping exists.]
09-21 19:21:11.214 I/am_wtf ( 1154): [0,1154,system_server,-1,DisplayDeviceConfig,requesting nits when no mapping exists.]
09-21 19:21:11.228 I/am_wtf ( 1154): [0,1154,system_server,-1,DisplayDeviceConfig,requesting nits when no mapping exists.]
09-21 19:21:11.237 I/am_wtf ( 1154): [0,1154,system_server,-1,DisplayDeviceConfig,requesting nits when no mapping exists.]
09-21 19:21:11.246 I/am_wtf ( 1154): [0,1154,system_server,-1,DisplayDeviceConfig,requesting nits when no mapping exists.]
09-21 19:21:11.247 I/am_wtf ( 1154): [0,1154,system_server,-1,DisplayDeviceConfig,requesting nits when no mapping exists.]
09-21 19:21:11.269 I/am_wtf ( 1154): [0,1154,system_server,-1,DisplayDeviceConfig,requesting nits when no mapping exists.]
09-21 19:21:11.270 I/am_wtf ( 1154): [0,1154,system_server,-1,DisplayDeviceConfig,requesting nits when no mapping exists.]
09-21 19:21:11.278 I/am_wtf ( 1154): [0,1154,system_server,-1,DisplayDeviceConfig,requesting nits when no mapping exists.]
09-21 19:21:11.279 I/am_wtf ( 1154): [0,1154,system_server,-1,DisplayDeviceConfig,requesting nits when no mapping exists.]
09-21 19:21:11.302 I/am_wtf ( 1154): [0,1154,system_server,-1,DisplayDeviceConfig,requesting nits when no mapping exists.]
09-21 19:21:11.306 I/am_wtf ( 1154): [0,1154,system_server,-1,DisplayDeviceConfig,requesting nits when no mapping exists.]
09-21 19:21:11.319 I/am_wtf ( 1154): [0,1154,system_server,-1,DisplayDeviceConfig,requesting nits when no mapping exists.]
09-21 19:21:11.321 I/am_wtf ( 1154): [0,1154,system_server,-1,DisplayDeviceConfig,requesting nits when no mapping exists.]
09-21 19:21:11.331 I/am_wtf ( 1154): [0,1154,system_server,-1,DisplayDeviceConfig,requesting nits when no mapping exists.]
09-21 19:21:11.339 I/am_wtf ( 1154): [0,1154,system_server,-1,DisplayDeviceConfig,requesting nits when no mapping exists.]
09-21 19:21:11.349 I/am_wtf ( 1154): [0,1154,system_server,-1,DisplayDeviceConfig,requesting nits when no mapping exists.]
09-21 19:21:11.350 I/am_wtf ( 1154): [0,1154,system_server,-1,DisplayDeviceConfig,requesting nits when no mapping exists.]
09-21 19:21:11.619 I/wm_stop_activity( 1154): [0,252188647,com.android.settings/.Settings]
09-21 19:21:11.676 I/wm_on_stop_called( 8213): [252188647,com.android.settings.Settings,STOP_ACTIVITY_ITEM]
09-21 19:21:12.574 I/input_interaction( 1154): Interaction with: ff388ec com.android.deskclock/android.service.dreams.DreamActivity (server), swipe-up (server), edge-swipe (server), PointerEventDispatcher0 (server),
09-21 19:21:12.577 I/wm_finish_activity( 1154): [0,227193511,50,com.android.deskclock/android.service.dreams.DreamActivity,finish-activity]
09-21 19:21:12.577 I/wm_task_moved( 1154): [49,1,7]
09-21 19:21:12.577 I/wm_task_to_front( 1154): [0,49]
09-21 19:21:12.578 I/wm_focused_root_task( 1154): [0,0,49,50,finish-top adjustFocusToNextFocusableTask]
09-21 19:21:12.580 I/wm_pause_activity( 1154): [0,227193511,com.android.deskclock/android.service.dreams.DreamActivity,userLeaving=false,finish]
09-21 19:21:12.589 I/wm_on_top_resumed_lost_called( 8299): [227193511,android.service.dreams.DreamActivity,topStateChangedWhenResumed]
09-21 19:21:12.591 I/wm_on_paused_called( 8299): [227193511,android.service.dreams.DreamActivity,performPause]
09-21 19:21:12.592 I/wm_add_to_stopping( 1154): [0,227193511,com.android.deskclock/android.service.dreams.DreamActivity,completeFinishing]
09-21 19:21:12.596 I/wm_set_resumed_activity( 1154): [0,com.android.settings/.Settings,resumeTopActivityInnerLocked]
09-21 19:21:12.598 I/wm_resume_activity( 1154): [0,252188647,49,com.android.settings/.Settings]
09-21 19:21:12.604 I/sysui_multi_action( 1154): [757,803,799,window_time_0,802,2]
09-21 19:21:12.609 I/sysui_multi_action( 1154): [757,803,799,window_time_0,802,0]
09-21 19:21:12.616 I/view_enqueue_input_event( 8299): [Motion - Cancel,com.android.deskclock/android.service.dreams.DreamActivity]
09-21 19:21:12.616 I/input_focus( 1154): [Focus leaving ff388ec com.android.deskclock/android.service.dreams.DreamActivity (server),reason=NO_WINDOW]
09-21 19:21:12.623 I/wm_on_restart_called( 8213): [252188647,com.android.settings.Settings,performRestartActivity]
09-21 19:21:12.626 I/input_interaction( 1154): Interaction with: swipe-up (server), edge-swipe (server), PointerEventDispatcher0 (server),
09-21 19:21:12.662 I/wm_on_start_called( 8213): [252188647,com.android.settings.Settings,handleStartActivity]
09-21 19:21:12.662 I/snet_event_log( 8213): [120484087,-1,]
09-21 19:21:12.662 I/wm_on_resume_called( 8213): [252188647,com.android.settings.Settings,RESUME_ACTIVITY]
09-21 19:21:12.663 I/sysui_multi_action( 8213): [757,35,758,1,833,0,1089,0]
09-21 19:21:12.664 I/sysui_multi_action( 8213): [757,747,758,1,833,0,1089,0]
09-21 19:21:12.668 I/wm_on_top_resumed_gained_called( 8213): [252188647,com.android.settings.Settings,topWhenResuming]
09-21 19:21:12.688 I/input_focus( 1154): [Focus request bce59d9 com.android.settings/com.android.settings.Settings,reason=UpdateInputWindows]
09-21 19:21:12.732 I/input_focus( 1154): [Focus entering bce59d9 com.android.settings/com.android.settings.Settings (server),reason=Window became focusable. Previous reason: NOT_VISIBLE]
09-21 19:21:13.243 I/wm_destroy_activity( 1154): [0,227193511,50,com.android.deskclock/android.service.dreams.DreamActivity,finish-imm:idle]
09-21 19:21:13.262 I/wm_on_stop_called( 8299): [227193511,android.service.dreams.DreamActivity,LIFECYCLER_STOP_ACTIVITY]
09-21 19:21:13.264 I/wm_on_destroy_called( 8299): [227193511,android.service.dreams.DreamActivity,performDestroy]
09-21 19:21:13.271 I/sysui_multi_action( 1154): [757,222,758,2]
09-21 19:21:13.271 I/sysui_multi_action( 1154): [757,804,799,dreaming_minutes,801,0,802,1]
09-21 19:21:13.300 I/wm_task_removed( 1154): [50,removeChild:removeChild last r=ActivityRecord{d8ab2a7 u0 com.android.deskclock/android.service.dreams.DreamActivity t-1 f}} in t=Task{87206fa #50 type=dream A=10070:android:com.android.deskclock/dream U=0 visible=false mode=fullscreen translucent=true sz=0}]
09-21 19:21:13.300 I/wm_task_removed( 1154): [50,removeChild]
09-21 19:21:59.307 I/input_interaction( 1154): Interaction with: bce59d9 com.android.settings/com.android.settings.Settings (server), swipe-up (server), edge-swipe (server), PointerEventDispatcher0 (server),
09-21 19:22:04.300 I/input_interaction( 1154): Interaction with: bce59d9 com.android.settings/com.android.settings.Settings (server), PointerEventDispatcher0 (server),
09-21 19:22:04.310 I/input_interaction( 1154): Interaction with: e915a91 StatusBar (server), bce59d9 com.android.settings/com.android.settings.Settings (server), PointerEventDispatcher0 (server),
09-21 19:22:04.310 I/input_interaction( 1154): Interaction with: e915a91 StatusBar (server), PointerEventDispatcher0 (server),
09-21 19:22:04.382 I/input_interaction( 1154): Interaction with: bce59d9 com.android.settings/com.android.settings.Settings (server), e915a91 StatusBar (server), PointerEventDispatcher0 (server),
09-21 19:22:04.393 I/input_interaction( 1154): Interaction with: bce59d9 com.android.settings/com.android.settings.Settings (server), PointerEventDispatcher0 (server),
09-21 19:22:04.529 I/input_interaction( 1154): Interaction with: e915a91 StatusBar (server), bce59d9 com.android.settings/com.android.settings.Settings (server), PointerEventDispatcher0 (server),
09-21 19:22:04.539 I/input_interaction( 1154): Interaction with: e915a91 StatusBar (server), PointerEventDispatcher0 (server),
09-21 19:22:04.595 I/input_interaction( 1154): Interaction with: bce59d9 com.android.settings/com.android.settings.Settings (server), e915a91 StatusBar (server), PointerEventDispatcher0 (server),
09-21 19:22:04.607 I/input_interaction( 1154): Interaction with: bce59d9 com.android.settings/com.android.settings.Settings (server), PointerEventDispatcher0 (server),
09-21 19:22:09.298 I/input_interaction( 1154): Interaction with: bce59d9 com.android.settings/com.android.settings.Settings (server), swipe-up (server), edge-swipe (server), PointerEventDispatcher0 (server),
09-21 19:22:09.416 I/input_interaction( 1154): Interaction with: bce59d9 com.android.settings/com.android.settings.Settings (server), PointerEventDispatcher0 (server),
