09-21 19:22:09.426 I/sysui_multi_action( 8213): [757,830,758,4,833,0,854,top_level_notification,1089,0]
09-21 19:22:09.435 I/sysui_multi_action( 8213): [757,747,758,2,1089,56770]
09-21 19:22:09.484 I/sysui_multi_action( 8213): [757,337,758,1,833,0,1089,31]
09-21 19:22:09.488 I/sysui_multi_action( 8213): [757,1729,758,4,854,isParalleledControllers:false,1089,35]
09-21 19:22:10.110 I/input_interaction( 1154): Interaction with: bce59d9 com.android.settings/com.android.settings.Settings (server), swipe-up (server), edge-swipe (server), PointerEventDispatcher0 (server),
09-21 19:22:10.214 I/input_interaction( 1154): Interaction with: bce59d9 com.android.settings/com.android.settings.Settings (server), PointerEventDispatcher0 (server),
09-21 19:22:10.224 I/sysui_multi_action( 8213): [757,830,758,4,833,0,854,top_level_storage,1089,0]
09-21 19:22:10.229 I/sysui_multi_action( 8213): [757,337,758,2,1089,745]
09-21 19:22:10.261 I/sysui_multi_action( 8213): [757,745,758,1,833,0,1089,21]
09-21 19:22:10.262 I/sysui_multi_action( 8213): [757,1729,758,4,854,isParalleledControllers:false,1089,22]
09-21 19:22:12.033 I/service_manager_stats( 1154): [100,125,61145]
09-21 19:22:12.304 I/input_interaction( 1154): Interaction with: bce59d9 com.android.settings/com.android.settings.Settings (server), swipe-up (server), edge-swipe (server), PointerEventDispatcher0 (server),
09-21 19:22:12.713 I/input_interaction( 1154): Interaction with: bce59d9 com.android.settings/com.android.settings.Settings (server), PointerEventDispatcher0 (server),
09-21 19:22:13.111 I/input_interaction( 1154): Interaction with: bce59d9 com.android.settings/com.android.settings.Settings (server), swipe-up (server), edge-swipe (server), PointerEventDispatcher0 (server),
09-21 19:22:13.289 I/am_uid_idle( 1154): 10070
09-21 19:22:13.519 I/input_interaction( 1154): Interaction with: bce59d9 com.android.settings/com.android.settings.Settings (server), PointerEventDispatcher0 (server),
09-21 19:22:14.047 I/input_interaction( 1154): Interaction with: bce59d9 com.android.settings/com.android.settings.Settings (server), swipe-up (server), edge-swipe (server), PointerEventDispatcher0 (server),
09-21 19:22:14.140 I/input_interaction( 1154): Interaction with: bce59d9 com.android.settings/com.android.settings.Settings (server), PointerEventDispatcher0 (server),
09-21 19:22:14.152 I/sysui_multi_action( 8213): [757,830,758,4,833,0,854,top_level_system,1089,0]
09-21 19:22:14.168 I/sysui_multi_action( 8213): [757,745,758,2,1089,3907]
09-21 19:22:14.218 I/sysui_multi_action( 8213): [757,744,758,1,833,0,1089,37]
09-21 19:22:14.224 I/sysui_multi_action( 8213): [757,1729,758,4,854,isParalleledControllers:false,1089,43]
09-21 19:22:14.755 I/input_interaction( 1154): Interaction with: bce59d9 com.android.settings/com.android.settings.Settings (server), swipe-up (server), edge-swipe (server), PointerEventDispatcher0 (server),
09-21 19:22:14.877 I/input_interaction( 1154): Interaction with: bce59d9 com.android.settings/com.android.settings.Settings (server), PointerEventDispatcher0 (server),
09-21 19:22:14.883 I/sysui_multi_action( 8213): [757,830,758,4,833,0,854,top_level_privacy,1089,0]
09-21 19:22:14.893 I/sysui_multi_action( 8213): [757,744,758,2,1089,674]
09-21 19:22:14.929 I/sysui_multi_action( 8213): [757,1587,758,1,833,0,1089,27]
09-21 19:22:14.932 I/sysui_multi_action( 8213): [757,1729,758,4,854,isParalleledControllers:false,1089,31]
09-21 19:22:15.373 I/input_interaction( 1154): Interaction with: bce59d9 com.android.settings/com.android.settings.Settings (server), swipe-up (server), edge-swipe (server), PointerEventDispatcher0 (server),
09-21 19:22:15.466 I/input_interaction( 1154): Interaction with: bce59d9 com.android.settings/com.android.settings.Settings (server), PointerEventDispatcher0 (server),
09-21 19:22:15.497 I/sysui_multi_action( 8213): [757,830,758,4,833,0,854,top_level_security,1089,0]
09-21 19:22:15.518 I/sysui_multi_action( 8213): [757,1587,758,2,1089,589]
09-21 19:22:15.585 I/sysui_multi_action( 8213): [757,87,758,1,833,0,1089,58]
09-21 19:22:15.595 I/sysui_multi_action( 8213): [757,1729,758,4,854,isParalleledControllers:false,1089,68]
09-21 19:22:16.072 I/input_interaction( 1154): Interaction with: bce59d9 com.android.settings/com.android.settings.Settings (server), swipe-up (server), edge-swipe (server), PointerEventDispatcher0 (server),
09-21 19:22:16.476 I/input_interaction( 1154): Interaction with: bce59d9 com.android.settings/com.android.settings.Settings (server), PointerEventDispatcher0 (server),
09-21 19:22:16.908 I/input_interaction( 1154): Interaction with: bce59d9 com.android.settings/com.android.settings.Settings (server), swipe-up (server), edge-swipe (server), PointerEventDispatcher0 (server),
09-21 19:22:17.426 I/input_interaction( 1154): Interaction with: bce59d9 com.android.settings/com.android.settings.Settings (server), PointerEventDispatcher0 (server),
09-21 19:22:17.916 I/input_interaction( 1154): Interaction with: bce59d9 com.android.settings/com.android.settings.Settings (server), swipe-up (server), edge-swipe (server), PointerEventDispatcher0 (server),
09-21 19:22:18.032 I/input_interaction( 1154): Interaction with: bce59d9 com.android.settings/com.android.settings.Settings (server), PointerEventDispatcher0 (server),
09-21 19:22:18.046 I/sysui_multi_action( 8213): [757,830,758,4,833,0,854,top_level_connected_devices,1089,0]
09-21 19:22:18.058 I/sysui_multi_action( 8213): [757,87,758,2,1089,2472]
09-21 19:22:18.168 I/sysui_multi_action( 8213): [757,747,758,1,833,0,1089,102]
09-21 19:22:18.169 I/sysui_multi_action( 8213): [757,1729,758,4,854,isParalleledControllers:false,1089,104]
09-21 19:22:18.770 I/input_interaction( 1154): Interaction with: bce59d9 com.android.settings/com.android.settings.Settings (server), swipe-up (server), edge-swipe (server), PointerEventDispatcher0 (server),
09-21 19:22:18.889 I/input_interaction( 1154): Interaction with: bce59d9 com.android.settings/com.android.settings.Settings (server), PointerEventDispatcher0 (server),
09-21 19:22:18.902 I/sysui_multi_action( 8213): [757,830,758,4,833,0,854,top_level_apps,1089,0]
09-21 19:22:18.908 I/sysui_multi_action( 8213): [757,747,758,2,1089,740]
09-21 19:22:18.995 I/sysui_multi_action( 8213): [757,65,758,1,833,0,1089,72]
09-21 19:22:19.002 I/sysui_multi_action( 8213): [757,1729,758,4,854,isParalleledControllers:false,1089,80]
09-21 19:22:19.549 I/input_interaction( 1154): Interaction with: bce59d9 com.android.settings/com.android.settings.Settings (server), swipe-up (server), edge-swipe (server), PointerEventDispatcher0 (server),
09-21 19:22:20.076 I/input_interaction( 1154): Interaction with: bce59d9 com.android.settings/com.android.settings.Settings (server), PointerEventDispatcher0 (server),
09-21 19:22:20.484 I/input_interaction( 1154): Interaction with: bce59d9 com.android.settings/com.android.settings.Settings (server), swipe-up (server), edge-swipe (server), PointerEventDispatcher0 (server),
09-21 19:22:20.607 I/input_interaction( 1154): Interaction with: bce59d9 com.android.settings/com.android.settings.Settings (server), PointerEventDispatcher0 (server),
09-21 19:22:20.619 I/sysui_multi_action( 8213): [757,830,758,4,833,0,854,top_level_notification,1089,0]
09-21 19:22:20.631 I/sysui_multi_action( 8213): [757,65,758,2,1089,1636]
09-21 19:22:20.677 I/sysui_multi_action( 8213): [757,337,758,1,833,0,1089,35]
09-21 19:22:20.681 I/sysui_multi_action( 8213): [757,1729,758,4,854,isParalleledControllers:false,1089,40]
09-21 19:22:21.531 I/input_interaction( 1154): Interaction with: bce59d9 com.android.settings/com.android.settings.Settings (server), swipe-up (server), edge-swipe (server), PointerEventDispatcher0 (server),
09-21 19:22:21.667 I/input_interaction( 1154): Interaction with: bce59d9 com.android.settings/com.android.settings.Settings (server), PointerEventDispatcher0 (server),
09-21 19:22:21.673 I/sysui_multi_action( 8213): [757,830,758,4,833,0,854,top_level_storage,1089,0]
09-21 19:22:21.680 I/sysui_multi_action( 8213): [757,337,758,2,1089,1003]
09-21 19:22:21.723 I/sysui_multi_action( 8213): [757,745,758,1,833,0,1089,29]
09-21 19:22:21.724 I/sysui_multi_action( 8213): [757,1729,758,4,854,isParalleledControllers:false,1089,30]
09-21 19:22:22.384 I/input_interaction( 1154): Interaction with: bce59d9 com.android.settings/com.android.settings.Settings (server), swipe-up (server), edge-swipe (server), PointerEventDispatcher0 (server),
09-21 19:22:22.970 I/input_interaction( 1154): Interaction with: bce59d9 com.android.settings/com.android.settings.Settings (server), PointerEventDispatcher0 (server),
09-21 19:22:23.262 I/service_manager_stats( 1154): [100,103,11229]
09-21 19:22:23.373 I/input_interaction( 1154): Interaction with: bce59d9 com.android.settings/com.android.settings.Settings (server), swipe-up (server), edge-swipe (server), PointerEventDispatcher0 (server),
09-21 19:22:23.491 I/input_interaction( 1154): Interaction with: bce59d9 com.android.settings/com.android.settings.Settings (server), PointerEventDispatcher0 (server),
09-21 19:22:23.508 I/sysui_multi_action( 8213): [757,830,758,4,833,0,854,top_level_sound,1089,0]
09-21 19:22:23.521 I/sysui_multi_action( 8213): [757,745,758,2,1089,1799]
09-21 19:22:23.593 I/service_manager_stats( 8213): [100,104,3293036]
09-21 19:22:23.613 I/sysui_multi_action( 8213): [757,336,758,1,833,0,1089,81]
09-21 19:22:23.625 I/sysui_multi_action( 8213): [757,1729,758,4,854,isParalleledControllers:false,1089,93]
09-21 19:22:24.195 I/input_interaction( 1154): Interaction with: bce59d9 com.android.settings/com.android.settings.Settings (server), swipe-up (server), edge-swipe (server), PointerEventDispatcher0 (server),
09-21 19:22:24.322 I/input_interaction( 1154): Interaction with: bce59d9 com.android.settings/com.android.settings.Settings (server), PointerEventDispatcher0 (server),
09-21 19:22:24.338 I/sysui_multi_action( 8213): [757,830,758,4,833,0,854,top_level_display,1089,0]
09-21 19:22:24.362 I/sysui_multi_action( 8213): [757,336,758,2,1089,749]
09-21 19:22:24.414 I/sysui_multi_action( 8213): [757,46,758,1,833,0,1089,45]
09-21 19:22:24.424 I/sysui_multi_action( 8213): [757,1729,758,4,854,isParalleledControllers:false,1089,55]
09-21 19:22:25.095 I/input_interaction( 1154): Interaction with: bce59d9 com.android.settings/com.android.settings.Settings (server), swipe-up (server), edge-swipe (server), PointerEventDispatcher0 (server),
09-21 19:22:25.216 I/input_interaction( 1154): Interaction with: bce59d9 com.android.settings/com.android.settings.Settings (server), PointerEventDispatcher0 (server),
09-21 19:22:25.220 I/sysui_multi_action( 8213): [757,830,758,4,833,0,854,top_level_security,1089,0]
09-21 19:22:25.225 I/sysui_multi_action( 8213): [757,46,758,2,1089,810]
09-21 19:22:25.288 I/sysui_multi_action( 8213): [757,87,758,1,833,0,1089,50]
09-21 19:22:25.299 I/sysui_multi_action( 8213): [757,1729,758,4,854,isParalleledControllers:false,1089,61]
09-21 19:22:25.747 I/input_interaction( 1154): Interaction with: bce59d9 com.android.settings/com.android.settings.Settings (server), swipe-up (server), edge-swipe (server), PointerEventDispatcher0 (server),
09-21 19:22:26.288 I/input_interaction( 1154): Interaction with: bce59d9 com.android.settings/com.android.settings.Settings (server), PointerEventDispatcher0 (server),
09-21 19:22:26.820 I/input_interaction( 1154): Interaction with: bce59d9 com.android.settings/com.android.settings.Settings (server), swipe-up (server), edge-swipe (server), PointerEventDispatcher0 (server),
09-21 19:22:26.933 I/input_interaction( 1154): Interaction with: bce59d9 com.android.settings/com.android.settings.Settings (server), PointerEventDispatcher0 (server),
09-21 19:22:26.950 I/sysui_multi_action( 8213): [757,830,758,4,833,0,854,top_level_privacy,1089,0]
09-21 19:22:26.966 I/sysui_multi_action( 8213): [757,87,758,2,1089,1677]
09-21 19:22:27.010 I/sysui_multi_action( 8213): [757,1587,758,1,833,0,1089,37]
09-21 19:22:27.014 I/sysui_multi_action( 8213): [757,1729,758,4,854,isParalleledControllers:false,1089,41]
09-21 19:22:27.445 I/input_interaction( 1154): Interaction with: bce59d9 com.android.settings/com.android.settings.Settings (server), swipe-up (server), edge-swipe (server), PointerEventDispatcher0 (server),
09-21 19:22:27.556 I/input_interaction( 1154): Interaction with: bce59d9 com.android.settings/com.android.settings.Settings (server), PointerEventDispatcher0 (server),
09-21 19:22:27.574 I/sysui_multi_action( 8213): [757,830,758,4,833,0,854,top_level_security,1089,0]
09-21 19:22:27.579 I/sysui_multi_action( 8213): [757,1587,758,2,1089,569]
09-21 19:22:27.634 I/sysui_multi_action( 8213): [757,87,758,1,833,0,1089,46]
09-21 19:22:27.644 I/sysui_multi_action( 8213): [757,1729,758,4,854,isParalleledControllers:false,1089,56]
09-21 19:22:27.986 I/input_interaction( 1154): Interaction with: bce59d9 com.android.settings/com.android.settings.Settings (server), swipe-up (server), edge-swipe (server), PointerEventDispatcher0 (server),
09-21 19:22:28.414 I/input_interaction( 1154): Interaction with: bce59d9 com.android.settings/com.android.settings.Settings (server), PointerEventDispatcher0 (server),
09-21 19:22:28.953 I/input_interaction( 1154): Interaction with: bce59d9 com.android.settings/com.android.settings.Settings (server), swipe-up (server), edge-swipe (server), PointerEventDispatcher0 (server),
09-21 19:22:29.489 I/input_interaction( 1154): Interaction with: bce59d9 com.android.settings/com.android.settings.Settings (server), PointerEventDispatcher0 (server),
09-21 19:22:33.195 I/input_interaction( 1154): Interaction with: bce59d9 com.android.settings/com.android.settings.Settings (server), swipe-up (server), edge-swipe (server), PointerEventDispatcher0 (server),
09-21 19:22:33.297 I/input_interaction( 1154): Interaction with: bce59d9 com.android.settings/com.android.settings.Settings (server), PointerEventDispatcher0 (server),
09-21 19:22:33.315 I/sysui_multi_action( 8213): [757,830,758,4,833,0,854,top_level_connected_devices,1089,0]
09-21 19:22:33.320 I/sysui_multi_action( 8213): [757,87,758,2,1089,5686]
09-21 19:22:33.451 I/sysui_multi_action( 8213): [757,747,758,1,833,0,1089,116]
09-21 19:22:33.453 I/sysui_multi_action( 8213): [757,1729,758,4,854,isParalleledControllers:false,1089,119]
09-21 19:22:34.015 I/input_interaction( 1154): Interaction with: bce59d9 com.android.settings/com.android.settings.Settings (server), swipe-up (server), edge-swipe (server), PointerEventDispatcher0 (server),
09-21 19:22:34.156 I/input_interaction( 1154): Interaction with: bce59d9 com.android.settings/com.android.settings.Settings (server), PointerEventDispatcher0 (server),
09-21 19:22:34.164 I/sysui_multi_action( 8213): [757,830,758,4,833,0,854,top_level_network,1089,0]
09-21 19:22:34.169 I/sysui_multi_action( 8213): [757,747,758,2,1089,718]
09-21 19:22:34.191 W/CarrierConfigManager( 8213): Error getting config for subId -1 ICarrierConfigLoader is null
09-21 19:22:34.251 I/sysui_multi_action( 8213): [757,746,758,1,833,0,1089,68]
09-21 19:22:34.252 D/TelephonyRegistry( 1154): listen oscl: mHasNotifySubscriptionInfoChangedOccurred==false no callback
09-21 19:22:34.260 D/TelephonyRegistry( 1154): listen oscl: mHasNotifySubscriptionInfoChangedOccurred==false no callback
09-21 19:22:34.272 I/sysui_multi_action( 8213): [757,1729,758,4,854,isParalleledControllers:false,1089,90]
09-21 19:22:34.860 I/input_interaction( 1154): Interaction with: bce59d9 com.android.settings/com.android.settings.Settings (server), swipe-up (server), edge-swipe (server), PointerEventDispatcher0 (server),
09-21 19:22:34.973 I/input_interaction( 1154): Interaction with: bce59d9 com.android.settings/com.android.settings.Settings (server), PointerEventDispatcher0 (server),
09-21 19:22:34.994 I/sysui_multi_action( 8213): [757,830,758,4,833,0,854,top_level_connected_devices,1089,0]
09-21 19:22:35.007 I/sysui_multi_action( 8213): [757,746,758,2,1089,756]
09-21 19:22:35.119 I/sysui_multi_action( 8213): [757,747,758,1,833,0,1089,94]
09-21 19:22:35.121 I/sysui_multi_action( 8213): [757,1729,758,4,854,isParalleledControllers:false,1089,96]
09-21 19:22:35.932 I/input_interaction( 1154): Interaction with: bce59d9 com.android.settings/com.android.settings.Settings (server), swipe-up (server), edge-swipe (server), PointerEventDispatcher0 (server),
09-21 19:22:36.042 I/input_interaction( 1154): Interaction with: bce59d9 com.android.settings/com.android.settings.Settings (server), PointerEventDispatcher0 (server),
09-21 19:22:36.055 I/sysui_multi_action( 8213): [757,830,758,4,833,0,854,top_level_network,1089,0]
09-21 19:22:36.061 I/sysui_multi_action( 8213): [757,747,758,2,1089,941]
09-21 19:22:36.082 W/CarrierConfigManager( 8213): Error getting config for subId -1 ICarrierConfigLoader is null
09-21 19:22:36.144 I/sysui_multi_action( 8213): [757,746,758,1,833,0,1089,72]
09-21 19:22:36.144 D/TelephonyRegistry( 1154): listen oscl: mHasNotifySubscriptionInfoChangedOccurred==false no callback
09-21 19:22:36.148 D/TelephonyRegistry( 1154): listen oscl: mHasNotifySubscriptionInfoChangedOccurred==false no callback
09-21 19:22:36.159 I/sysui_multi_action( 8213): [757,1729,758,4,854,isParalleledControllers:false,1089,87]
09-21 19:22:36.760 I/input_interaction( 1154): Interaction with: bce59d9 com.android.settings/com.android.settings.Settings (server), swipe-up (server), edge-swipe (server), PointerEventDispatcher0 (server),
09-21 19:22:36.764 I/service_manager_stats( 1154): [100,113,13502]
09-21 19:22:36.898 I/input_interaction( 1154): Interaction with: bce59d9 com.android.settings/com.android.settings.Settings (server), PointerEventDispatcher0 (server),
09-21 19:22:36.904 I/sysui_multi_action( 8213): [757,830,758,4,833,0,854,top_level_connected_devices,1089,0]
09-21 19:22:36.918 I/sysui_multi_action( 8213): [757,746,758,2,1089,774]
09-21 19:22:37.023 I/sysui_multi_action( 8213): [757,747,758,1,833,0,1089,84]
09-21 19:22:37.025 I/sysui_multi_action( 8213): [757,1729,758,4,854,isParalleledControllers:false,1089,87]
09-21 19:23:24.168 I/sysui_multi_action( 1154): [757,128,758,5,759,8,793,65506864,794,706660,795,65506864,796,32,806,android,857,USB,858,1,947,0,1500,65506145,1688,1]
09-21 19:23:24.169 I/notification_canceled( 1154): [-1|android|32|null|1000,8,65506864,65506864,706660,-1,-1,NULL]
09-21 19:23:24.173 I/am_uid_running( 1154): 10026
09-21 19:23:24.180 I/sysui_multi_action( 1154): [757,128,758,5,759,8,793,65505637,794,706675,795,65505637,796,26,806,android,857,DEVELOPER_IMPORTANT,858,4,947,0,1500,65505634,1688,1]
09-21 19:23:24.181 I/notification_canceled( 1154): [-1|android|26|null|1000,8,65505637,65505637,706675,-1,-1,NULL]
09-21 19:23:24.226 I/am_proc_start( 1154): [0,8474,10026,android.process.media,broadcast,{com.android.mtp/com.android.mtp.MtpReceiver}]
09-21 19:23:24.275 I/am_proc_bound( 1154): [0,8474,android.process.media]
09-21 19:23:24.384 I/am_pss ( 1154): [8213,1000,com.android.settings,123935744,105476096,0,272883712,0,2,19]
09-21 19:23:30.833 I/sysui_multi_action( 1154): [757,1696,758,6,759,2]
09-21 19:23:30.853 I/am_wtf ( 1154): [0,1154,system_server,-1,DisplayDeviceConfig,requesting nits when no mapping exists.]
09-21 19:23:30.859 I/am_wtf ( 1154): [0,1154,system_server,-1,DisplayDeviceConfig,requesting nits when no mapping exists.]
09-21 19:23:30.869 I/am_wtf ( 1154): [0,1154,system_server,-1,DisplayDeviceConfig,requesting nits when no mapping exists.]
09-21 19:23:30.873 I/am_wtf ( 1154): [0,1154,system_server,-1,DisplayDeviceConfig,requesting nits when no mapping exists.]
09-21 19:23:30.880 I/am_wtf ( 1154): [0,1154,system_server,-1,DisplayDeviceConfig,requesting nits when no mapping exists.]
09-21 19:23:30.884 I/am_wtf ( 1154): [0,1154,system_server,-1,DisplayDeviceConfig,requesting nits when no mapping exists.]
09-21 19:23:30.897 I/am_wtf ( 1154): [0,1154,system_server,-1,DisplayDeviceConfig,requesting nits when no mapping exists.]
09-21 19:23:30.899 I/am_wtf ( 1154): [0,1154,system_server,-1,DisplayDeviceConfig,requesting nits when no mapping exists.]
09-21 19:23:30.913 I/am_wtf ( 1154): [0,1154,system_server,-1,DisplayDeviceConfig,requesting nits when no mapping exists.]
09-21 19:23:30.914 I/am_wtf ( 1154): [0,1154,system_server,-1,DisplayDeviceConfig,requesting nits when no mapping exists.]
09-21 19:23:30.930 I/am_wtf ( 1154): [0,1154,system_server,-1,DisplayDeviceConfig,requesting nits when no mapping exists.]
09-21 19:23:30.932 I/am_wtf ( 1154): [0,1154,system_server,-1,DisplayDeviceConfig,requesting nits when no mapping exists.]
09-21 19:23:30.947 I/am_wtf ( 1154): [0,1154,system_server,-1,DisplayDeviceConfig,requesting nits when no mapping exists.]
09-21 19:23:30.948 I/am_wtf ( 1154): [0,1154,system_server,-1,DisplayDeviceConfig,requesting nits when no mapping exists.]
09-21 19:23:30.964 I/am_wtf ( 1154): [0,1154,system_server,-1,DisplayDeviceConfig,requesting nits when no mapping exists.]
09-21 19:23:30.965 I/am_wtf ( 1154): [0,1154,system_server,-1,DisplayDeviceConfig,requesting nits when no mapping exists.]
09-21 19:23:30.981 I/am_wtf ( 1154): [0,1154,system_server,-1,DisplayDeviceConfig,requesting nits when no mapping exists.]
09-21 19:23:30.983 I/am_wtf ( 1154): [0,1154,system_server,-1,DisplayDeviceConfig,requesting nits when no mapping exists.]
09-21 19:23:30.997 I/am_wtf ( 1154): [0,1154,system_server,-1,DisplayDeviceConfig,requesting nits when no mapping exists.]
09-21 19:23:30.998 I/am_wtf ( 1154): [0,1154,system_server,-1,DisplayDeviceConfig,requesting nits when no mapping exists.]
09-21 19:23:31.014 I/am_wtf ( 1154): [0,1154,system_server,-1,DisplayDeviceConfig,requesting nits when no mapping exists.]
09-21 19:23:31.015 I/am_wtf ( 1154): [0,1154,system_server,-1,DisplayDeviceConfig,requesting nits when no mapping exists.]
09-21 19:23:31.030 I/am_wtf ( 1154): [0,1154,system_server,-1,DisplayDeviceConfig,requesting nits when no mapping exists.]
09-21 19:23:31.032 I/am_wtf ( 1154): [0,1154,system_server,-1,DisplayDeviceConfig,requesting nits when no mapping exists.]
09-21 19:23:31.047 I/am_wtf ( 1154): [0,1154,system_server,-1,DisplayDeviceConfig,requesting nits when no mapping exists.]
09-21 19:23:31.048 I/am_wtf ( 1154): [0,1154,system_server,-1,DisplayDeviceConfig,requesting nits when no mapping exists.]
09-21 19:23:31.064 I/am_wtf ( 1154): [0,1154,system_server,-1,DisplayDeviceConfig,requesting nits when no mapping exists.]
09-21 19:23:31.065 I/am_wtf ( 1154): [0,1154,system_server,-1,DisplayDeviceConfig,requesting nits when no mapping exists.]
09-21 19:23:36.589 I/am_freeze( 1154): [7408,com.android.music]
09-21 19:23:36.598 I/am_kill ( 1154): [0,7408,com.android.music,925,Unable to freeze binder interface]
09-21 19:23:36.702 I/am_proc_died( 1154): [0,7408,com.android.music,925,19]
09-21 19:23:36.704 I/am_uid_stopped( 1154): 10066
09-21 19:23:36.715 I/am_uid_running( 1154): 10066
09-21 19:23:36.724 I/am_pss ( 1154): [8299,10070,com.android.deskclock,22331392,14729216,0,135544832,0,19,12]
09-21 19:23:36.736 I/am_pss ( 1154): [6205,1000,com.thundercomm.microservice,10049536,7385088,0,94781440,0,10,11]
09-21 19:23:36.755 I/am_proc_start( 1154): [0,8497,10066,com.android.music,NULL,]
09-21 19:23:36.809 I/am_proc_bound( 1154): [0,8497,com.android.music]
09-21 19:23:37.840 I/sysui_multi_action( 1154): [757,222,758,1]
09-21 19:23:37.843 I/am_uid_active( 1154): 10070
09-21 19:23:37.869 I/wm_task_created( 1154): [51,-1]
09-21 19:23:37.875 I/wm_task_moved( 1154): [51,1,8]
09-21 19:23:37.875 I/wm_task_to_front( 1154): [0,51]
09-21 19:23:37.877 I/wm_create_task( 1154): [0,51]
09-21 19:23:37.877 I/wm_create_activity( 1154): [0,72224828,51,com.android.deskclock/android.service.dreams.DreamActivity,NULL,NULL,NULL,276824064]
09-21 19:23:37.877 I/wm_task_moved( 1154): [51,1,8]
09-21 19:23:37.877 I/wm_on_top_resumed_lost_called( 8213): [252188647,com.android.settings.Settings,topStateChangedWhenResumed]
09-21 19:23:37.883 I/wm_pause_activity( 1154): [0,252188647,com.android.settings/.Settings,userLeaving=true,pauseBackTasks]
09-21 19:23:37.895 I/sysui_multi_action( 8213): [757,35,758,2,1089,145231]
09-21 19:23:37.896 I/sysui_multi_action( 8213): [757,747,758,2,1089,60874]
09-21 19:23:37.897 I/wm_on_paused_called( 8213): [252188647,com.android.settings.Settings,performPause]
09-21 19:23:37.902 I/wm_add_to_stopping( 1154): [0,252188647,com.android.settings/.Settings,makeInvisible]
09-21 19:23:37.903 I/wm_restart_activity( 1154): [0,72224828,51,com.android.deskclock/android.service.dreams.DreamActivity]
09-21 19:23:37.907 I/wm_set_resumed_activity( 1154): [0,com.android.deskclock/android.service.dreams.DreamActivity,minimalResumeActivityLocked]
09-21 19:23:37.920 I/wm_on_create_called( 8299): [72224828,android.service.dreams.DreamActivity,performCreate]
09-21 19:23:37.921 I/wm_on_start_called( 8299): [72224828,android.service.dreams.DreamActivity,handleStartActivity]
09-21 19:23:37.921 I/wm_on_resume_called( 8299): [72224828,android.service.dreams.DreamActivity,RESUME_ACTIVITY]
09-21 19:23:37.928 I/wm_on_top_resumed_gained_called( 8299): [72224828,android.service.dreams.DreamActivity,topStateChangedWhenResumed]
09-21 19:23:37.934 I/input_focus( 1154): [Focus leaving bce59d9 com.android.settings/com.android.settings.Settings (server),reason=NO_WINDOW]
09-21 19:23:37.938 I/sysui_multi_action( 1154): [757,803,799,window_time_0,802,145]
09-21 19:23:37.948 I/sysui_multi_action( 2235): [757,111,758,2]
09-21 19:23:37.949 I/input_focus( 1154): [Focus request b9cd71a com.android.deskclock/android.service.dreams.DreamActivity,reason=UpdateInputWindows]
09-21 19:23:37.949 I/sysui_multi_action( 2235): [757,111,758,2]
09-21 19:23:37.959 I/notification_enqueue( 1154): [1000,1154,android,32,NULL,-1,Notification(channel=USB shortcut=null contentView=null vibrate=null sound=null tick defaults=0x0 flags=0x2 color=0x00000000 vis=PUBLIC),0]
09-21 19:23:37.968 I/notification_enqueue( 1154): [1000,1154,android,26,NULL,-1,Notification(channel=DEVELOPER_IMPORTANT shortcut=null contentView=null vibrate=null sound=null tick defaults=0x0 flags=0x2 color=0x00000000 vis=PUBLIC),0]
09-21 19:23:37.980 I/sysui_multi_action( 2235): [757,111,758,1]
09-21 19:23:37.980 I/sysui_multi_action( 2235): [757,126,758,1,759,126,927,0,928,0,1593,0]
09-21 19:23:37.980 I/sysui_multi_action( 2235): [757,113,758,1,759,113,927,1,928,1,1593,0]
09-21 19:23:37.980 I/sysui_multi_action( 2235): [757,0,758,1,759,0,927,2,928,0,1593,0]
09-21 19:23:37.980 I/sysui_multi_action( 2235): [757,0,758,1,759,0,927,3,928,0,1593,0]
09-21 19:23:37.980 I/sysui_multi_action( 2235): [757,1706,758,1,759,1706,927,4,928,0,1593,0]
09-21 19:23:37.981 I/sysui_multi_action( 1154): [757,1696,758,6,759,3]
09-21 19:23:37.982 I/sysui_multi_action( 2235): [757,491,758,1,759,491,927,5,928,0,1311,2,1593,0]
09-21 19:23:37.982 I/sysui_multi_action( 2235): [757,0,758,1,759,0,927,6,928,0,1593,0]
09-21 19:23:37.982 I/sysui_multi_action( 2235): [757,0,758,1,759,0,927,7,1593,0]
09-21 19:23:37.982 I/sysui_multi_action( 2235): [757,111,758,1]
09-21 19:23:37.982 I/sysui_multi_action( 2235): [757,126,758,1,759,126,927,0,928,0,1593,0]
09-21 19:23:37.982 I/sysui_multi_action( 2235): [757,113,758,1,759,113,927,1,928,1,1593,0]
09-21 19:23:37.982 I/sysui_multi_action( 2235): [757,0,758,1,759,0,927,2,928,0,1593,0]
09-21 19:23:37.982 I/sysui_multi_action( 2235): [757,0,758,1,759,0,927,3,928,0,1593,0]
09-21 19:23:37.983 I/sysui_multi_action( 1154): [319,103,322,97,325,3367,757,761,758,8,759,2,806,com.android.deskclock,871,android.service.dreams.DreamActivity,904,com.android.deskclock,905,0,1320,4,1321,1]
09-21 19:23:37.984 I/wm_activity_launch_time( 1154): [0,72224828,com.android.deskclock/android.service.dreams.DreamActivity,97]
09-21 19:23:37.987 I/am_wtf ( 1154): [0,1154,system_server,-1,DisplayDeviceConfig,requesting nits when no mapping exists.]
09-21 19:23:37.995 I/am_wtf ( 1154): [0,1154,system_server,-1,DisplayDeviceConfig,requesting nits when no mapping exists.]
09-21 19:23:38.004 I/input_focus( 1154): [Focus entering b9cd71a com.android.deskclock/android.service.dreams.DreamActivity (server),reason=Window became focusable. Previous reason: NOT_VISIBLE]
09-21 19:23:38.015 I/am_wtf ( 1154): [0,1154,system_server,-1,DisplayDeviceConfig,requesting nits when no mapping exists.]
09-21 19:23:38.023 I/am_wtf ( 1154): [0,1154,system_server,-1,DisplayDeviceConfig,requesting nits when no mapping exists.]
09-21 19:23:38.031 I/am_wtf ( 1154): [0,1154,system_server,-1,DisplayDeviceConfig,requesting nits when no mapping exists.]
09-21 19:23:38.033 I/am_wtf ( 1154): [0,1154,system_server,-1,DisplayDeviceConfig,requesting nits when no mapping exists.]
09-21 19:23:38.048 I/am_wtf ( 1154): [0,1154,system_server,-1,DisplayDeviceConfig,requesting nits when no mapping exists.]
09-21 19:23:38.051 I/am_wtf ( 1154): [0,1154,system_server,-1,DisplayDeviceConfig,requesting nits when no mapping exists.]
09-21 19:23:38.083 I/am_wtf ( 1154): [0,1154,system_server,-1,DisplayDeviceConfig,requesting nits when no mapping exists.]
09-21 19:23:38.085 I/am_wtf ( 1154): [0,1154,system_server,-1,DisplayDeviceConfig,requesting nits when no mapping exists.]
09-21 19:23:38.116 I/am_wtf ( 1154): [0,1154,system_server,-1,DisplayDeviceConfig,requesting nits when no mapping exists.]
09-21 19:23:38.117 I/am_wtf ( 1154): [0,1154,system_server,-1,DisplayDeviceConfig,requesting nits when no mapping exists.]
09-21 19:23:38.132 I/am_wtf ( 1154): [0,1154,system_server,-1,DisplayDeviceConfig,requesting nits when no mapping exists.]
09-21 19:23:38.133 I/am_wtf ( 1154): [0,1154,system_server,-1,DisplayDeviceConfig,requesting nits when no mapping exists.]
09-21 19:23:38.147 I/am_wtf ( 1154): [0,1154,system_server,-1,DisplayDeviceConfig,requesting nits when no mapping exists.]
09-21 19:23:38.149 I/am_wtf ( 1154): [0,1154,system_server,-1,DisplayDeviceConfig,requesting nits when no mapping exists.]
09-21 19:23:38.166 I/sysui_multi_action( 1154): [757,1501,758,1,793,209,794,0,795,209,796,32,806,android,857,USB,858,1,947,0,1500,0]
09-21 19:23:38.166 I/sysui_multi_action( 1154): [757,804,799,note_interruptive,801,0,802,1]
09-21 19:23:38.172 I/sysui_multi_action( 1154): [757,1501,758,1,793,212,794,0,795,212,796,26,806,android,857,DEVELOPER_IMPORTANT,858,4,947,0,1500,0]
09-21 19:23:38.172 I/sysui_multi_action( 1154): [757,804,799,note_interruptive,801,0,802,1]
09-21 19:23:38.268 I/am_wtf ( 1154): [0,1154,system_server,-1,DisplayDeviceConfig,requesting nits when no mapping exists.]
09-21 19:23:38.269 I/am_wtf ( 1154): [0,1154,system_server,-1,DisplayDeviceConfig,requesting nits when no mapping exists.]
09-21 19:23:38.270 I/am_wtf ( 1154): [0,1154,system_server,-1,DisplayDeviceConfig,requesting nits when no mapping exists.]
09-21 19:23:38.271 I/am_wtf ( 1154): [0,1154,system_server,-1,DisplayDeviceConfig,requesting nits when no mapping exists.]
09-21 19:23:38.271 I/am_wtf ( 1154): [0,1154,system_server,-1,DisplayDeviceConfig,requesting nits when no mapping exists.]
09-21 19:23:38.272 I/am_wtf ( 1154): [0,1154,system_server,-1,DisplayDeviceConfig,requesting nits when no mapping exists.]
09-21 19:23:38.475 I/wm_stop_activity( 1154): [0,252188647,com.android.settings/.Settings]
09-21 19:23:38.539 I/wm_on_stop_called( 8213): [252188647,com.android.settings.Settings,STOP_ACTIVITY_ITEM]
09-21 19:23:39.867 I/input_interaction( 1154): Interaction with: b9cd71a com.android.deskclock/android.service.dreams.DreamActivity (server), swipe-up (server), edge-swipe (server), PointerEventDispatcher0 (server),
09-21 19:23:39.873 I/wm_finish_activity( 1154): [0,72224828,51,com.android.deskclock/android.service.dreams.DreamActivity,finish-activity]
09-21 19:23:39.874 I/wm_task_moved( 1154): [49,1,7]
09-21 19:23:39.874 I/wm_task_to_front( 1154): [0,49]
09-21 19:23:39.875 I/wm_focused_root_task( 1154): [0,0,49,51,finish-top adjustFocusToNextFocusableTask]
09-21 19:23:39.877 I/wm_pause_activity( 1154): [0,72224828,com.android.deskclock/android.service.dreams.DreamActivity,userLeaving=false,finish]
09-21 19:23:39.890 I/wm_on_top_resumed_lost_called( 8299): [72224828,android.service.dreams.DreamActivity,topStateChangedWhenResumed]
09-21 19:23:39.892 I/sysui_multi_action( 1154): [757,803,799,window_time_0,802,2]
09-21 19:23:39.892 I/wm_on_paused_called( 8299): [72224828,android.service.dreams.DreamActivity,performPause]
09-21 19:23:39.893 I/wm_add_to_stopping( 1154): [0,72224828,com.android.deskclock/android.service.dreams.DreamActivity,completeFinishing]
09-21 19:23:39.897 I/wm_set_resumed_activity( 1154): [0,com.android.settings/.Settings,resumeTopActivityInnerLocked]
09-21 19:23:39.899 I/wm_resume_activity( 1154): [0,252188647,49,com.android.settings/.Settings]
09-21 19:23:39.902 I/input_focus( 1154): [Focus leaving b9cd71a com.android.deskclock/android.service.dreams.DreamActivity (server),reason=NO_WINDOW]
09-21 19:23:39.904 I/input_interaction( 1154): Interaction with: swipe-up (server), edge-swipe (server), PointerEventDispatcher0 (server),
09-21 19:23:39.907 I/view_enqueue_input_event( 8299): [Motion - Cancel,com.android.deskclock/android.service.dreams.DreamActivity]
09-21 19:23:39.916 I/sysui_multi_action( 1154): [757,803,799,window_time_0,802,0]
09-21 19:23:39.923 I/wm_on_restart_called( 8213): [252188647,com.android.settings.Settings,performRestartActivity]
09-21 19:23:39.960 I/wm_on_start_called( 8213): [252188647,com.android.settings.Settings,handleStartActivity]
09-21 19:23:39.961 I/snet_event_log( 8213): [120484087,-1,]
09-21 19:23:39.961 I/wm_on_resume_called( 8213): [252188647,com.android.settings.Settings,RESUME_ACTIVITY]
09-21 19:23:39.961 I/sysui_multi_action( 8213): [757,35,758,1,833,0,1089,0]
09-21 19:23:39.963 I/sysui_multi_action( 8213): [757,747,758,1,833,0,1089,0]
09-21 19:23:39.965 I/wm_on_top_resumed_gained_called( 8213): [252188647,com.android.settings.Settings,topWhenResuming]
09-21 19:23:39.986 I/input_focus( 1154): [Focus request bce59d9 com.android.settings/com.android.settings.Settings,reason=UpdateInputWindows]
09-21 19:23:39.981 I/auditd ( 590): type=1400 audit(0.0:606): avc: denied { read } for comm="Binder:590_2" name="wakeup58" dev="sysfs" ino=89789 scontext=u:r:system_suspend:s0 tcontext=u:object_r:sysfs:s0 tclass=dir permissive=0
09-21 19:23:40.018 I/dvm_lock_sample( 1154): [system_server,1,android.display,11,WindowManagerService.java,5184,void com.android.server.wm.WindowManagerService$H.handleMessage(android.os.Message),ActivityTaskManagerService.java,5276,void com.android.server.wm.ActivityTaskManagerService$LocalService.notifyKeyguardFlagsChanged(java.lang.Runnable, int),2]
09-21 19:23:40.021 I/input_focus( 1154): [Focus entering bce59d9 com.android.settings/com.android.settings.Settings (server),reason=setFocusedWindow]
09-21 19:23:39.981 I/auditd ( 590): type=1400 audit(0.0:607): avc: denied { read } for comm="Binder:590_2" name="wakeup4" dev="sysfs" ino=53034 scontext=u:r:system_suspend:s0 tcontext=u:object_r:sysfs:s0 tclass=dir permissive=0
09-21 19:23:39.985 I/auditd ( 590): type=1400 audit(0.0:608): avc: denied { read } for comm="Binder:590_2" name="wakeup38" dev="sysfs" ino=73018 scontext=u:r:system_suspend:s0 tcontext=u:object_r:sysfs:s0 tclass=dir permissive=0
09-21 19:23:39.985 I/auditd ( 590): type=1400 audit(0.0:609): avc: denied { read } for comm="Binder:590_2" name="wakeup28" dev="sysfs" ino=62645 scontext=u:r:system_suspend:s0 tcontext=u:object_r:sysfs:s0 tclass=dir permissive=0
09-21 19:23:39.985 I/auditd ( 590): type=1400 audit(0.0:610): avc: denied { read } for comm="Binder:590_2" name="wakeup56" dev="sysfs" ino=89717 scontext=u:r:system_suspend:s0 tcontext=u:object_r:sysfs:s0 tclass=dir permissive=0
09-21 19:23:40.531 I/wm_destroy_activity( 1154): [0,72224828,51,com.android.deskclock/android.service.dreams.DreamActivity,finish-imm:idle]
09-21 19:23:40.558 I/wm_on_stop_called( 8299): [72224828,android.service.dreams.DreamActivity,LIFECYCLER_STOP_ACTIVITY]
09-21 19:23:40.559 I/wm_on_destroy_called( 8299): [72224828,android.service.dreams.DreamActivity,performDestroy]
09-21 19:23:40.566 I/sysui_multi_action( 1154): [757,222,758,2]
09-21 19:23:40.566 I/sysui_multi_action( 1154): [757,804,799,dreaming_minutes,801,0,802,1]
09-21 19:23:40.585 I/wm_task_removed( 1154): [51,removeChild:removeChild last r=ActivityRecord{44e103c u0 com.android.deskclock/android.service.dreams.DreamActivity t-1 f}} in t=Task{9b910b1 #51 type=dream A=10070:android:com.android.deskclock/dream U=0 visible=false mode=fullscreen translucent=true sz=0}]
09-21 19:23:40.585 I/wm_task_removed( 1154): [51,removeChild]
09-21 19:24:03.138 I/input_interaction( 1154): Interaction with: bce59d9 com.android.settings/com.android.settings.Settings (server), PointerEventDispatcher0 (server),
09-21 19:24:03.141 I/input_interaction( 1154): Interaction with: e915a91 StatusBar (server), bce59d9 com.android.settings/com.android.settings.Settings (server), PointerEventDispatcher0 (server),
09-21 19:24:03.141 I/input_interaction( 1154): Interaction with: e915a91 StatusBar (server), PointerEventDispatcher0 (server),
09-21 19:24:03.209 I/input_interaction( 1154): Interaction with: bce59d9 com.android.settings/com.android.settings.Settings (server), e915a91 StatusBar (server), PointerEventDispatcher0 (server),
09-21 19:24:03.217 I/input_interaction( 1154): Interaction with: bce59d9 com.android.settings/com.android.settings.Settings (server), PointerEventDispatcher0 (server),
09-21 19:24:03.240 I/input_interaction( 1154): Interaction with: e915a91 StatusBar (server), bce59d9 com.android.settings/com.android.settings.Settings (server), PointerEventDispatcher0 (server),
09-21 19:24:03.250 I/input_interaction( 1154): Interaction with: e915a91 StatusBar (server), PointerEventDispatcher0 (server),
09-21 19:24:03.443 I/input_interaction( 1154): Interaction with: bce59d9 com.android.settings/com.android.settings.Settings (server), e915a91 StatusBar (server), PointerEventDispatcher0 (server),
09-21 19:24:03.453 I/input_interaction( 1154): Interaction with: bce59d9 com.android.settings/com.android.settings.Settings (server), PointerEventDispatcher0 (server),
09-21 19:24:11.204 I/am_pss ( 1154): [8474,10026,android.process.media,10737664,7667712,0,99868672,0,11,11]
09-21 19:24:11.288 I/service_manager_slow( 1154): [11,phone]
09-21 19:24:12.854 I/service_manager_stats( 1154): [100,137,96089]
09-21 19:24:25.582 I/input_interaction( 1154): Interaction with: bce59d9 com.android.settings/com.android.settings.Settings (server), swipe-up (server), edge-swipe (server), PointerEventDispatcher0 (server),
09-21 19:24:25.701 I/input_interaction( 1154): Interaction with: bce59d9 com.android.settings/com.android.settings.Settings (server), PointerEventDispatcher0 (server),
09-21 19:24:25.706 I/sysui_multi_action( 8213): [757,830,758,4,833,0,854,top_level_network,1089,0]
09-21 19:24:25.711 I/sysui_multi_action( 8213): [757,747,758,2,1089,45748]
09-21 19:24:25.731 W/CarrierConfigManager( 8213): Error getting config for subId -1 ICarrierConfigLoader is null
09-21 19:24:25.796 I/sysui_multi_action( 8213): [757,746,758,1,833,0,1089,75]
09-21 19:24:25.797 D/TelephonyRegistry( 1154): listen oscl: mHasNotifySubscriptionInfoChangedOccurred==false no callback
09-21 19:24:25.801 D/TelephonyRegistry( 1154): listen oscl: mHasNotifySubscriptionInfoChangedOccurred==false no callback
09-21 19:24:25.811 I/sysui_multi_action( 8213): [757,1729,758,4,854,isParalleledControllers:false,1089,90]
09-21 19:24:26.491 I/input_interaction( 1154): Interaction with: bce59d9 com.android.settings/com.android.settings.Settings (server), swipe-up (server), edge-swipe (server), PointerEventDispatcher0 (server),
09-21 19:24:26.610 I/input_interaction( 1154): Interaction with: bce59d9 com.android.settings/com.android.settings.Settings (server), PointerEventDispatcher0 (server),
09-21 19:24:26.619 I/sysui_multi_action( 8213): [757,830,758,4,833,0,854,top_level_connected_devices,1089,0]
09-21 19:24:26.631 I/sysui_multi_action( 8213): [757,746,758,2,1089,835]
09-21 19:24:26.745 I/sysui_multi_action( 8213): [757,747,758,1,833,0,1089,90]
09-21 19:24:26.747 I/sysui_multi_action( 8213): [757,1729,758,4,854,isParalleledControllers:false,1089,92]
09-21 19:24:27.731 I/input_interaction( 1154): Interaction with: bce59d9 com.android.settings/com.android.settings.Settings (server), swipe-up (server), edge-swipe (server), PointerEventDispatcher0 (server),
09-21 19:24:27.824 I/input_interaction( 1154): Interaction with: bce59d9 com.android.settings/com.android.settings.Settings (server), PointerEventDispatcher0 (server),
09-21 19:24:27.840 I/sysui_multi_action( 8213): [757,830,758,4,833,0,854,top_level_apps,1089,0]
09-21 19:24:27.846 I/sysui_multi_action( 8213): [757,747,758,2,1089,1101]
09-21 19:24:27.910 I/sysui_multi_action( 8213): [757,65,758,1,833,0,1089,51]
09-21 19:24:27.922 I/sysui_multi_action( 8213): [757,1729,758,4,854,isParalleledControllers:false,1089,64]
09-21 19:24:28.341 I/input_interaction( 1154): Interaction with: bce59d9 com.android.settings/com.android.settings.Settings (server), swipe-up (server), edge-swipe (server), PointerEventDispatcher0 (server),
09-21 19:24:28.455 I/input_interaction( 1154): Interaction with: bce59d9 com.android.settings/com.android.settings.Settings (server), PointerEventDispatcher0 (server),
09-21 19:24:28.458 I/sysui_multi_action( 8213): [757,830,758,4,833,0,854,top_level_connected_devices,1089,0]
09-21 19:24:28.461 I/sysui_multi_action( 8213): [757,65,758,2,1089,551]
09-21 19:24:28.560 I/sysui_multi_action( 8213): [757,747,758,1,833,0,1089,93]
09-21 19:24:28.563 I/sysui_multi_action( 8213): [757,1729,758,4,854,isParalleledControllers:false,1089,96]
09-21 19:24:28.901 I/input_interaction( 1154): Interaction with: bce59d9 com.android.settings/com.android.settings.Settings (server), swipe-up (server), edge-swipe (server), PointerEventDispatcher0 (server),
09-21 19:24:29.006 I/input_interaction( 1154): Interaction with: bce59d9 com.android.settings/com.android.settings.Settings (server), PointerEventDispatcher0 (server),
09-21 19:24:29.027 I/sysui_multi_action( 8213): [757,830,758,4,833,0,854,top_level_network,1089,0]
09-21 19:24:29.031 I/sysui_multi_action( 8213): [757,747,758,2,1089,470]
09-21 19:24:29.042 I/service_manager_stats( 8213): [100,72,125449]
09-21 19:24:29.042 W/CarrierConfigManager( 8213): Error getting config for subId -1 ICarrierConfigLoader is null
09-21 19:24:29.083 I/sysui_multi_action( 8213): [757,746,758,1,833,0,1089,45]
09-21 19:24:29.084 D/TelephonyRegistry( 1154): listen oscl: mHasNotifySubscriptionInfoChangedOccurred==false no callback
09-21 19:24:29.089 D/TelephonyRegistry( 1154): listen oscl: mHasNotifySubscriptionInfoChangedOccurred==false no callback
09-21 19:24:29.099 I/sysui_multi_action( 8213): [757,1729,758,4,854,isParalleledControllers:false,1089,61]
09-21 19:24:29.589 I/service_manager_stats( 1154): [100,108,16736]
09-21 19:24:30.278 I/input_interaction( 1154): Interaction with: bce59d9 com.android.settings/com.android.settings.Settings (server), swipe-up (server), edge-swipe (server), PointerEventDispatcher0 (server),
09-21 19:24:30.365 I/input_interaction( 1154): Interaction with: bce59d9 com.android.settings/com.android.settings.Settings (server), PointerEventDispatcher0 (server),
09-21 19:24:30.379 I/sysui_multi_action( 8213): [757,830,758,4,833,0,854,top_level_connected_devices,1089,0]
09-21 19:24:30.392 I/sysui_multi_action( 8213): [757,746,758,2,1089,1308]
09-21 19:24:30.500 I/sysui_multi_action( 8213): [757,747,758,1,833,0,1089,83]
09-21 19:24:30.502 I/sysui_multi_action( 8213): [757,1729,758,4,854,isParalleledControllers:false,1089,85]
09-21 19:24:40.581 I/am_uid_idle( 1154): 10070
09-21 19:25:24.487 I/sysui_multi_action( 1154): [757,1696,758,6,759,2]
09-21 19:25:24.496 I/am_wtf ( 1154): [0,1154,system_server,-1,DisplayDeviceConfig,requesting nits when no mapping exists.]
09-21 19:25:24.508 I/am_wtf ( 1154): [0,1154,system_server,-1,DisplayDeviceConfig,requesting nits when no mapping exists.]
09-21 19:25:24.517 I/am_wtf ( 1154): [0,1154,system_server,-1,DisplayDeviceConfig,requesting nits when no mapping exists.]
09-21 19:25:24.523 I/am_wtf ( 1154): [0,1154,system_server,-1,DisplayDeviceConfig,requesting nits when no mapping exists.]
09-21 19:25:24.527 I/am_wtf ( 1154): [0,1154,system_server,-1,DisplayDeviceConfig,requesting nits when no mapping exists.]
09-21 19:25:24.530 I/am_wtf ( 1154): [0,1154,system_server,-1,DisplayDeviceConfig,requesting nits when no mapping exists.]
09-21 19:25:24.537 I/am_wtf ( 1154): [0,1154,system_server,-1,DisplayDeviceConfig,requesting nits when no mapping exists.]
09-21 19:25:24.538 I/am_wtf ( 1154): [0,1154,system_server,-1,DisplayDeviceConfig,requesting nits when no mapping exists.]
09-21 19:25:24.553 I/am_wtf ( 1154): [0,1154,system_server,-1,DisplayDeviceConfig,requesting nits when no mapping exists.]
09-21 19:25:24.554 I/am_wtf ( 1154): [0,1154,system_server,-1,DisplayDeviceConfig,requesting nits when no mapping exists.]
09-21 19:25:24.571 I/am_wtf ( 1154): [0,1154,system_server,-1,DisplayDeviceConfig,requesting nits when no mapping exists.]
09-21 19:25:24.572 I/am_wtf ( 1154): [0,1154,system_server,-1,DisplayDeviceConfig,requesting nits when no mapping exists.]
09-21 19:25:24.587 I/am_wtf ( 1154): [0,1154,system_server,-1,DisplayDeviceConfig,requesting nits when no mapping exists.]
09-21 19:25:24.588 I/am_wtf ( 1154): [0,1154,system_server,-1,DisplayDeviceConfig,requesting nits when no mapping exists.]
09-21 19:25:24.603 I/am_wtf ( 1154): [0,1154,system_server,-1,DisplayDeviceConfig,requesting nits when no mapping exists.]
09-21 19:25:24.605 I/am_wtf ( 1154): [0,1154,system_server,-1,DisplayDeviceConfig,requesting nits when no mapping exists.]
09-21 19:25:24.621 I/am_wtf ( 1154): [0,1154,system_server,-1,DisplayDeviceConfig,requesting nits when no mapping exists.]
09-21 19:25:24.623 I/am_wtf ( 1154): [0,1154,system_server,-1,DisplayDeviceConfig,requesting nits when no mapping exists.]
09-21 19:25:24.638 I/am_wtf ( 1154): [0,1154,system_server,-1,DisplayDeviceConfig,requesting nits when no mapping exists.]
09-21 19:25:24.640 I/am_wtf ( 1154): [0,1154,system_server,-1,DisplayDeviceConfig,requesting nits when no mapping exists.]
09-21 19:25:24.653 I/am_wtf ( 1154): [0,1154,system_server,-1,DisplayDeviceConfig,requesting nits when no mapping exists.]
09-21 19:25:24.655 I/am_wtf ( 1154): [0,1154,system_server,-1,DisplayDeviceConfig,requesting nits when no mapping exists.]
09-21 19:25:24.670 I/am_wtf ( 1154): [0,1154,system_server,-1,DisplayDeviceConfig,requesting nits when no mapping exists.]
09-21 19:25:24.672 I/am_wtf ( 1154): [0,1154,system_server,-1,DisplayDeviceConfig,requesting nits when no mapping exists.]
09-21 19:25:24.687 I/am_wtf ( 1154): [0,1154,system_server,-1,DisplayDeviceConfig,requesting nits when no mapping exists.]
09-21 19:25:24.689 I/am_wtf ( 1154): [0,1154,system_server,-1,DisplayDeviceConfig,requesting nits when no mapping exists.]
09-21 19:25:24.704 I/am_wtf ( 1154): [0,1154,system_server,-1,DisplayDeviceConfig,requesting nits when no mapping exists.]
09-21 19:25:24.705 I/am_wtf ( 1154): [0,1154,system_server,-1,DisplayDeviceConfig,requesting nits when no mapping exists.]
09-21 19:25:31.490 I/sysui_multi_action( 1154): [757,222,758,1]
09-21 19:25:31.493 I/am_uid_active( 1154): 10070
09-21 19:25:31.511 I/wm_task_created( 1154): [52,-1]
09-21 19:25:31.515 I/am_pss ( 1154): [8474,10026,android.process.media,10749952,7680000,0,99880960,0,19,11]
09-21 19:25:31.516 I/wm_task_moved( 1154): [52,1,8]
09-21 19:25:31.516 I/wm_task_to_front( 1154): [0,52]
09-21 19:25:31.517 I/wm_create_task( 1154): [0,52]
09-21 19:25:31.517 I/wm_create_activity( 1154): [0,177338971,52,com.android.deskclock/android.service.dreams.DreamActivity,NULL,NULL,NULL,276824064]
09-21 19:25:31.517 I/wm_task_moved( 1154): [52,1,8]
09-21 19:25:31.517 I/wm_on_top_resumed_lost_called( 8213): [252188647,com.android.settings.Settings,topStateChangedWhenResumed]
09-21 19:25:31.521 I/wm_pause_activity( 1154): [0,252188647,com.android.settings/.Settings,userLeaving=true,pauseBackTasks]
09-21 19:25:31.528 I/am_pss ( 1154): [8497,10066,com.android.music,7453696,4628480,0,90591232,0,19,10]
09-21 19:25:31.531 I/sysui_multi_action( 8213): [757,35,758,2,1089,111569]
09-21 19:25:31.532 I/sysui_multi_action( 8213): [757,747,758,2,1089,61032]
09-21 19:25:31.533 I/wm_on_paused_called( 8213): [252188647,com.android.settings.Settings,performPause]
09-21 19:25:31.538 I/wm_add_to_stopping( 1154): [0,252188647,com.android.settings/.Settings,makeInvisible]
09-21 19:25:31.539 I/wm_restart_activity( 1154): [0,177338971,52,com.android.deskclock/android.service.dreams.DreamActivity]
09-21 19:25:31.541 I/wm_set_resumed_activity( 1154): [0,com.android.deskclock/android.service.dreams.DreamActivity,minimalResumeActivityLocked]
09-21 19:25:31.551 I/wm_on_create_called( 8299): [177338971,android.service.dreams.DreamActivity,performCreate]
09-21 19:25:31.551 I/sysui_multi_action( 1154): [757,803,799,window_time_0,802,111]
09-21 19:25:31.553 I/wm_on_start_called( 8299): [177338971,android.service.dreams.DreamActivity,handleStartActivity]
09-21 19:25:31.556 I/wm_on_resume_called( 8299): [177338971,android.service.dreams.DreamActivity,RESUME_ACTIVITY]
09-21 19:25:31.562 I/wm_on_top_resumed_gained_called( 8299): [177338971,android.service.dreams.DreamActivity,topStateChangedWhenResumed]
09-21 19:25:31.570 I/input_focus( 1154): [Focus leaving bce59d9 com.android.settings/com.android.settings.Settings (server),reason=NO_WINDOW]
09-21 19:25:31.590 I/sysui_multi_action( 2235): [757,111,758,2]
09-21 19:25:31.590 I/input_focus( 1154): [Focus request 283fe36 com.android.deskclock/android.service.dreams.DreamActivity,reason=UpdateInputWindows]
09-21 19:25:31.590 I/sysui_multi_action( 2235): [757,111,758,2]
09-21 19:25:31.620 I/sysui_multi_action( 2235): [757,111,758,1]
09-21 19:25:31.623 I/sysui_multi_action( 2235): [757,126,758,1,759,126,927,0,928,0,1593,0]
09-21 19:25:31.623 I/sysui_multi_action( 2235): [757,113,758,1,759,113,927,1,928,1,1593,0]
09-21 19:25:31.623 I/sysui_multi_action( 2235): [757,0,758,1,759,0,927,2,928,0,1593,0]
