09-21 19:16:55.265 I/input_interaction( 1154): Interaction with: 4446b4f com.android.settings/com.android.settings.SubSettings (server), swipe-up (server), edge-swipe (server), PointerEventDispatcher0 (server),
09-21 19:16:55.401 I/wm_finish_activity( 1154): [0,254528849,45,com.android.settings/.SubSettings,app-request]
09-21 19:16:55.424 I/wm_pause_activity( 1154): [0,254528849,com.android.settings/.SubSettings,userLeaving=false,finish]
09-21 19:16:55.437 I/wm_on_top_resumed_lost_called( 7737): [254528849,com.android.settings.SubSettings,topStateChangedWhenResumed]
09-21 19:16:55.442 I/sysui_multi_action( 7737): [757,1009,758,2,1089,645]
09-21 19:16:55.445 I/wm_on_paused_called( 7737): [254528849,com.android.settings.SubSettings,performPause]
09-21 19:16:55.446 I/wm_add_to_stopping( 1154): [0,254528849,com.android.settings/.SubSettings,completeFinishing]
09-21 19:16:55.448 I/wm_set_resumed_activity( 1154): [0,com.android.settings/.Settings,resumeTopActivityInnerLocked]
09-21 19:16:55.448 I/wm_relaunch_resume_activity( 1154): [0,98074301,45,com.android.settings/.Settings]
09-21 19:16:55.460 I/sysui_multi_action( 1154): [757,803,799,window_time_0,802,68]
09-21 19:16:55.464 I/input_focus( 1154): [Focus leaving 4446b4f com.android.settings/com.android.settings.SubSettings (server),reason=NO_WINDOW]
09-21 19:16:55.476 I/wm_on_destroy_called( 7737): [98074301,com.android.settings.Settings,performDestroy]
09-21 19:16:55.500 I/am_crash( 1154): [7737,0,com.android.settings,952745541,java.lang.NullPointerException,Attempt to invoke virtual method 'void com.google.android.material.appbar.CollapsingToolbarLayout.setTitle(java.lang.CharSequence)' on a null object reference,SettingsHomepageActivity.java,288]
09-21 19:16:55.503 I/wm_finish_activity( 1154): [0,98074301,45,com.android.settings/.Settings,force-crash]
09-21 19:16:55.503 I/wm_task_moved( 1154): [1,1,7]
09-21 19:16:55.503 I/wm_task_moved( 1154): [10,1,2147483647]
09-21 19:16:55.503 I/wm_task_to_front( 1154): [0,10]
09-21 19:16:55.503 I/wm_focused_root_task( 1154): [0,0,1,45,finish-top adjustFocusToNextFocusableTask]
09-21 19:16:55.503 I/wm_set_resumed_activity( 1154): [0,com.android.launcher3/.uioverrides.QuickstepLauncher,finish-top adjustFocusToNextFocusableTask]
09-21 19:16:55.513 I/wm_pause_activity( 1154): [0,98074301,com.android.settings/.Settings,userLeaving=false,finish]
09-21 19:16:55.517 I/sysui_multi_action( 1154): [757,316,758,4,759,-1]
09-21 19:16:55.609 I/am_proc_died( 1154): [0,7737,com.android.settings,0,2]
09-21 19:16:55.624 I/wm_set_resumed_activity( 1154): [0,com.android.launcher3/.uioverrides.QuickstepLauncher,resumeTopActivityInnerLocked]
09-21 19:16:55.627 I/wm_resume_activity( 1154): [0,185045071,10,com.android.launcher3/.uioverrides.QuickstepLauncher]
09-21 19:16:55.650 I/wm_on_restart_called( 5169): [185045071,com.android.launcher3.uioverrides.QuickstepLauncher,performRestartActivity]
09-21 19:16:55.650 I/wm_on_start_called( 5169): [185045071,com.android.launcher3.uioverrides.QuickstepLauncher,handleStartActivity]
09-21 19:16:55.651 I/wm_on_resume_called( 5169): [185045071,com.android.launcher3.uioverrides.QuickstepLauncher,RESUME_ACTIVITY]
09-21 19:16:55.671 I/input_focus( 1154): [Focus request df9195e com.android.launcher3/com.android.launcher3.uioverrides.QuickstepLauncher,reason=UpdateInputWindows]
09-21 19:16:55.700 I/input_focus( 1154): [Focus entering df9195e com.android.launcher3/com.android.launcher3.uioverrides.QuickstepLauncher (server),reason=setFocusedWindow]
09-21 19:16:55.710 I/wm_task_removed( 1154): [45,removeChild:removeChild last r=ActivityRecord{f2bcd51 u0 com.android.settings/.SubSettings t-1 f}} in t=Task{92023ac #45 type=standard A=1000:com.android.settings.root U=0 visible=false mode=fullscreen translucent=true sz=0}]
09-21 19:16:55.710 I/wm_task_removed( 1154): [45,removeChild]
09-21 19:16:55.825 I/service_manager_slow( 1154): [10,platform_compat]
09-21 19:16:56.005 I/wm_on_top_resumed_gained_called( 5169): [185045071,com.android.launcher3.uioverrides.QuickstepLauncher,topStateChangedWhenResumed]
09-21 19:16:57.357 I/input_interaction( 1154): Interaction with: df9195e com.android.launcher3/com.android.launcher3.uioverrides.QuickstepLauncher (server), 1da61d8 com.android.systemui.ImageWallpaper (server), swipe-up (server), edge-swipe (server), PointerEventDispatcher0 (server),
09-21 19:16:57.461 I/service_manager_stats( 1154): [100,125,73740]
09-21 19:16:57.505 I/wm_task_created( 1154): [46,-1]
09-21 19:16:57.514 I/wm_task_moved( 1154): [46,1,7]
09-21 19:16:57.514 I/wm_task_to_front( 1154): [0,46]
09-21 19:16:57.515 I/wm_create_task( 1154): [0,46]
09-21 19:16:57.515 I/wm_create_activity( 1154): [0,182115385,46,com.android.settings/.Settings,android.intent.action.MAIN,NULL,NULL,270532608]
09-21 19:16:57.515 I/wm_task_moved( 1154): [46,1,7]
09-21 19:16:57.518 I/wm_pause_activity( 1154): [0,185045071,com.android.launcher3/.uioverrides.QuickstepLauncher,userLeaving=true,pauseBackTasks]
09-21 19:16:57.523 I/wm_on_top_resumed_lost_called( 5169): [185045071,com.android.launcher3.uioverrides.QuickstepLauncher,topStateChangedWhenResumed]
09-21 19:16:57.525 I/wm_on_paused_called( 5169): [185045071,com.android.launcher3.uioverrides.QuickstepLauncher,performPause]
09-21 19:16:57.528 I/wm_add_to_stopping( 1154): [0,185045071,com.android.launcher3/.uioverrides.QuickstepLauncher,makeInvisible]
09-21 19:16:57.539 I/sysui_multi_action( 1154): [757,803,799,window_time_0,802,2]
09-21 19:16:57.552 I/input_focus( 1154): [Focus leaving df9195e com.android.launcher3/com.android.launcher3.uioverrides.QuickstepLauncher (server),reason=NO_WINDOW]
09-21 19:16:57.562 I/am_proc_start( 1154): [0,7853,1000,com.android.settings,pre-top-activity,{com.android.settings/com.android.settings.Settings}]
09-21 19:16:57.613 I/am_proc_bound( 1154): [0,7853,com.android.settings]
09-21 19:16:57.617 I/wm_restart_activity( 1154): [0,182115385,46,com.android.settings/.Settings]
09-21 19:16:57.618 I/wm_set_resumed_activity( 1154): [0,com.android.settings/.Settings,minimalResumeActivityLocked]
09-21 19:16:57.716 I/wm_on_create_called( 7853): [182115385,com.android.settings.Settings,performCreate]
09-21 19:16:57.776 W/CarrierConfigManager( 7853): Error getting config for subId -1 ICarrierConfigLoader is null
09-21 19:16:57.820 I/wm_on_start_called( 7853): [182115385,com.android.settings.Settings,handleStartActivity]
09-21 19:16:57.821 I/snet_event_log( 7853): [120484087,-1,]
09-21 19:16:57.822 I/wm_on_resume_called( 7853): [182115385,com.android.settings.Settings,RESUME_ACTIVITY]
09-21 19:16:57.824 I/sysui_multi_action( 7853): [757,35,758,1,833,0,1089,105]
09-21 19:16:57.830 I/sysui_multi_action( 7853): [757,1729,758,4,854,isParalleledControllers:false,1089,112]
09-21 19:16:57.843 I/sysui_multi_action( 7853): [757,746,758,1,833,0,1089,86]
09-21 19:16:57.845 D/TelephonyRegistry( 1154): listen oscl: mHasNotifySubscriptionInfoChangedOccurred==false no callback
09-21 19:16:57.855 D/TelephonyRegistry( 1154): listen oscl: mHasNotifySubscriptionInfoChangedOccurred==false no callback
09-21 19:16:57.875 I/sysui_multi_action( 7853): [757,1729,758,4,854,isParalleledControllers:false,1089,118]
09-21 19:16:57.865 I/auditd ( 590): type=1400 audit(0.0:504): avc: denied { read } for comm="Binder:590_2" name="wakeup58" dev="sysfs" ino=89789 scontext=u:r:system_suspend:s0 tcontext=u:object_r:sysfs:s0 tclass=dir permissive=0
09-21 19:16:57.903 I/wm_on_top_resumed_gained_called( 7853): [182115385,com.android.settings.Settings,topStateChangedWhenResumed]
09-21 19:16:57.865 I/auditd ( 590): type=1400 audit(0.0:505): avc: denied { read } for comm="Binder:590_2" name="wakeup4" dev="sysfs" ino=53034 scontext=u:r:system_suspend:s0 tcontext=u:object_r:sysfs:s0 tclass=dir permissive=0
09-21 19:16:57.865 I/auditd ( 590): type=1400 audit(0.0:506): avc: denied { read } for comm="Binder:590_2" name="wakeup38" dev="sysfs" ino=73018 scontext=u:r:system_suspend:s0 tcontext=u:object_r:sysfs:s0 tclass=dir permissive=0
09-21 19:16:57.869 I/auditd ( 590): type=1400 audit(0.0:507): avc: denied { read } for comm="Binder:590_2" name="wakeup28" dev="sysfs" ino=62645 scontext=u:r:system_suspend:s0 tcontext=u:object_r:sysfs:s0 tclass=dir permissive=0
09-21 19:16:57.980 I/input_focus( 1154): [Focus request b8a352 com.android.settings/com.android.settings.Settings,reason=UpdateInputWindows]
09-21 19:16:57.869 I/auditd ( 590): type=1400 audit(0.0:508): avc: denied { read } for comm="Binder:590_2" name="wakeup56" dev="sysfs" ino=89717 scontext=u:r:system_suspend:s0 tcontext=u:object_r:sysfs:s0 tclass=dir permissive=0
09-21 19:16:58.054 I/sysui_multi_action( 1154): [324,0,757,1090,758,12,806,com.android.settings,871,com.android.settings.Settings,1091,558]
09-21 19:16:58.061 I/sysui_multi_action( 1154): [319,92,321,87,322,558,325,2966,757,761,758,7,759,1,806,com.android.settings,871,com.android.settings.Settings,904,com.android.launcher3,905,0,945,120,1320,4,1321,1]
09-21 19:16:58.064 I/wm_activity_launch_time( 1154): [0,182115385,com.android.settings/.Settings,558]
09-21 19:16:58.088 I/input_focus( 1154): [Focus entering b8a352 com.android.settings/com.android.settings.Settings (server),reason=Window became focusable. Previous reason: NOT_VISIBLE]
09-21 19:16:58.169 I/wm_stop_activity( 1154): [0,185045071,com.android.launcher3/.uioverrides.QuickstepLauncher]
09-21 19:16:58.226 I/wm_on_stop_called( 5169): [185045071,com.android.launcher3.uioverrides.QuickstepLauncher,STOP_ACTIVITY_ITEM]
09-21 19:16:58.896 I/sysui_multi_action( 1154): [757,1717,758,1,759,0]
09-21 19:16:58.897 I/sysui_multi_action( 1154): [757,1717,758,2,759,0]
09-21 19:16:58.898 I/sysui_multi_action( 1154): [757,1717,758,3,759,0]
09-21 19:16:59.895 I/input_interaction( 1154): Interaction with: b8a352 com.android.settings/com.android.settings.Settings (server), swipe-up (server), edge-swipe (server), PointerEventDispatcher0 (server),
09-21 19:17:02.354 I/sysui_multi_action( 7853): [757,830,758,4,833,0,854,top_level_connected_devices,1089,0]
09-21 19:17:02.399 I/sysui_multi_action( 7853): [757,746,758,2,1089,4556]
09-21 19:17:02.525 I/sysui_multi_action( 7853): [757,747,758,1,833,0,1089,111]
09-21 19:17:02.529 I/sysui_multi_action( 7853): [757,1729,758,4,854,isParalleledControllers:false,1089,115]
09-21 19:17:04.864 I/commit_sys_config_file( 1154): [package-user-0,20]
09-21 19:17:05.116 I/sysui_multi_action( 7853): [757,830,758,4,833,0,854,saved_bt,1089,0]
09-21 19:17:25.286 I/am_pss ( 1154): [7853,1000,com.android.settings,85856256,71823360,0,220794880,0,2,25]
09-21 19:17:42.581 I/configuration_changed( 1154): 96
09-21 19:17:42.611 I/service_manager_slow( 1154): [15,platform_compat]
09-21 19:17:42.650 I/wm_relaunch_resume_activity( 1154): [0,182115385,46,com.android.settings/.Settings]
09-21 19:17:42.650 I/wm_on_top_resumed_lost_called( 7853): [182115385,com.android.settings.Settings,pausing]
09-21 19:17:42.653 I/sysui_multi_action( 7853): [757,35,758,2,1089,44829]
09-21 19:17:42.654 I/sysui_multi_action( 7853): [757,747,758,2,1089,40128]
09-21 19:17:42.655 I/wm_on_paused_called( 7853): [182115385,com.android.settings.Settings,performPause]
09-21 19:17:42.664 I/wm_on_stop_called( 7853): [182115385,com.android.settings.Settings,handleRelaunchActivity]
09-21 19:17:42.674 I/wm_on_destroy_called( 7853): [182115385,com.android.settings.Settings,performDestroy]
09-21 19:17:42.699 I/am_crash( 1154): [7853,0,com.android.settings,952745541,java.lang.NullPointerException,Attempt to invoke virtual method 'void com.google.android.material.appbar.CollapsingToolbarLayout.setTitle(java.lang.CharSequence)' on a null object reference,SettingsHomepageActivity.java,288]
09-21 19:17:42.701 I/wm_finish_activity( 1154): [0,182115385,46,com.android.settings/.Settings,force-crash]
09-21 19:17:42.702 I/wm_task_moved( 1154): [1,1,7]
09-21 19:17:42.702 I/wm_task_moved( 1154): [10,1,2147483647]
09-21 19:17:42.702 I/wm_task_to_front( 1154): [0,10]
09-21 19:17:42.702 I/wm_focused_root_task( 1154): [0,0,1,46,finish-top adjustFocusToNextFocusableTask]
09-21 19:17:42.702 I/wm_set_resumed_activity( 1154): [0,com.android.launcher3/.uioverrides.QuickstepLauncher,finish-top adjustFocusToNextFocusableTask]
09-21 19:17:42.703 I/wm_pause_activity( 1154): [0,182115385,com.android.settings/.Settings,userLeaving=false,finish]
09-21 19:17:42.744 I/sysui_latency( 1154): [6,117]
09-21 19:17:42.752 I/input_focus( 1154): [Focus request 7b8c0a0 Application Error: com.android.settings,reason=UpdateInputWindows]
09-21 19:17:42.794 I/input_focus( 1154): [Focus entering 7b8c0a0 Application Error: com.android.settings (server),reason=Window became focusable. Previous reason: NOT_VISIBLE]
09-21 19:17:43.204 I/wm_add_to_stopping( 1154): [0,182115385,com.android.settings/.Settings,completeFinishing]
09-21 19:17:43.208 I/wm_set_resumed_activity( 1154): [0,com.android.launcher3/.uioverrides.QuickstepLauncher,resumeTopActivityInnerLocked]
09-21 19:17:43.210 I/wm_resume_activity( 1154): [0,185045071,10,com.android.launcher3/.uioverrides.QuickstepLauncher]
09-21 19:17:43.222 I/sysui_multi_action( 1154): [757,803,799,window_time_0,802,46]
09-21 19:17:43.236 I/wm_on_restart_called( 5169): [185045071,com.android.launcher3.uioverrides.QuickstepLauncher,performRestartActivity]
09-21 19:17:43.236 I/wm_on_start_called( 5169): [185045071,com.android.launcher3.uioverrides.QuickstepLauncher,handleStartActivity]
09-21 19:17:43.237 I/wm_on_resume_called( 5169): [185045071,com.android.launcher3.uioverrides.QuickstepLauncher,RESUME_ACTIVITY]
09-21 19:17:43.237 I/wm_on_top_resumed_gained_called( 5169): [185045071,com.android.launcher3.uioverrides.QuickstepLauncher,topWhenResuming]
09-21 19:17:43.283 I/wm_destroy_activity( 1154): [0,182115385,46,com.android.settings/.Settings,finish-imm:idle]
09-21 19:17:43.403 I/input_interaction( 1154): Interaction with: 7b8c0a0 Application Error: com.android.settings (server), PointerEventDispatcher0 (server),
09-21 19:17:46.240 I/input_interaction( 1154): Interaction with: 7b8c0a0 Application Error: com.android.settings (server), swipe-up (server), edge-swipe (server), PointerEventDispatcher0 (server),
09-21 19:17:46.384 I/input_interaction( 1154): Interaction with: 7b8c0a0 Application Error: com.android.settings (server), PointerEventDispatcher0 (server),
09-21 19:17:46.391 I/sysui_multi_action( 1154): [757,316,758,4,759,1]
09-21 19:17:46.392 I/wm_destroy_activity( 1154): [0,182115385,46,com.android.settings/.Settings,finish-imm:handleAppCrashed]
09-21 19:17:46.393 I/wm_task_removed( 1154): [46,removeChild:removeChild last r=ActivityRecord{adadc39 u0 com.android.settings/.Settings t-1 f}} in t=Task{5272b18 #46 type=standard A=1000:com.android.settings.root U=0 visible=false mode=fullscreen translucent=true sz=0}]
09-21 19:17:46.393 I/wm_task_removed( 1154): [46,removeChild]
09-21 19:17:46.409 I/am_kill ( 1154): [0,7853,com.android.settings,900,crash]
09-21 19:17:46.417 I/input_focus( 1154): [Focus request df9195e com.android.launcher3/com.android.launcher3.uioverrides.QuickstepLauncher,reason=UpdateInputWindows]
09-21 19:17:46.441 I/input_focus( 1154): [Focus entering df9195e com.android.launcher3/com.android.launcher3.uioverrides.QuickstepLauncher (server),reason=setFocusedWindow]
09-21 19:17:46.550 I/input_interaction( 1154): Interaction with: df9195e com.android.launcher3/com.android.launcher3.uioverrides.QuickstepLauncher (server), PointerEventDispatcher0 (server),
09-21 19:17:47.360 I/input_interaction( 1154): Interaction with: df9195e com.android.launcher3/com.android.launcher3.uioverrides.QuickstepLauncher (server), 1da61d8 com.android.systemui.ImageWallpaper (server), swipe-up (server), edge-swipe (server), PointerEventDispatcher0 (server),
09-21 19:17:47.502 I/input_interaction( 1154): Interaction with: df9195e com.android.launcher3/com.android.launcher3.uioverrides.QuickstepLauncher (server), PointerEventDispatcher0 (server),
09-21 19:17:47.937 I/input_interaction( 1154): Interaction with: df9195e com.android.launcher3/com.android.launcher3.uioverrides.QuickstepLauncher (server), 1da61d8 com.android.systemui.ImageWallpaper (server), swipe-up (server), edge-swipe (server), PointerEventDispatcher0 (server),
09-21 19:17:48.025 I/input_interaction( 1154): Interaction with: df9195e com.android.launcher3/com.android.launcher3.uioverrides.QuickstepLauncher (server), PointerEventDispatcher0 (server),
09-21 19:17:49.725 I/input_interaction( 1154): Interaction with: df9195e com.android.launcher3/com.android.launcher3.uioverrides.QuickstepLauncher (server), 1da61d8 com.android.systemui.ImageWallpaper (server), swipe-up (server), edge-swipe (server), PointerEventDispatcher0 (server),
09-21 19:17:49.826 I/input_interaction( 1154): Interaction with: df9195e com.android.launcher3/com.android.launcher3.uioverrides.QuickstepLauncher (server), PointerEventDispatcher0 (server),
09-21 19:17:49.849 I/wm_task_created( 1154): [47,-1]
09-21 19:17:49.854 I/wm_task_moved( 1154): [47,1,7]
09-21 19:17:49.854 I/wm_task_to_front( 1154): [0,47]
09-21 19:17:49.854 I/wm_create_task( 1154): [0,47]
09-21 19:17:49.854 I/wm_create_activity( 1154): [0,133172576,47,com.android.settings/.Settings,android.intent.action.MAIN,NULL,NULL,270532608]
09-21 19:17:49.854 I/wm_task_moved( 1154): [47,1,7]
09-21 19:17:49.862 I/wm_pause_activity( 1154): [0,185045071,com.android.launcher3/.uioverrides.QuickstepLauncher,userLeaving=true,pauseBackTasks]
09-21 19:17:49.870 I/wm_on_top_resumed_lost_called( 5169): [185045071,com.android.launcher3.uioverrides.QuickstepLauncher,topStateChangedWhenResumed]
09-21 19:17:49.871 I/wm_on_paused_called( 5169): [185045071,com.android.launcher3.uioverrides.QuickstepLauncher,performPause]
09-21 19:17:49.874 I/wm_add_to_stopping( 1154): [0,185045071,com.android.launcher3/.uioverrides.QuickstepLauncher,makeInvisible]
09-21 19:17:49.894 I/input_focus( 1154): [Focus leaving df9195e com.android.launcher3/com.android.launcher3.uioverrides.QuickstepLauncher (server),reason=NO_WINDOW]
09-21 19:17:49.902 I/sysui_multi_action( 1154): [757,803,799,window_time_0,802,7]
09-21 19:17:49.924 I/am_proc_start( 1154): [0,7947,1000,com.android.settings,pre-top-activity,{com.android.settings/com.android.settings.Settings}]
09-21 19:17:49.966 I/am_proc_bound( 1154): [0,7947,com.android.settings]
09-21 19:17:49.970 I/wm_restart_activity( 1154): [0,133172576,47,com.android.settings/.Settings]
09-21 19:17:49.970 I/wm_set_resumed_activity( 1154): [0,com.android.settings/.Settings,minimalResumeActivityLocked]
09-21 19:17:50.067 I/wm_on_create_called( 7947): [133172576,com.android.settings.Settings,performCreate]
09-21 19:17:50.125 W/CarrierConfigManager( 7947): Error getting config for subId -1 ICarrierConfigLoader is null
09-21 19:17:50.174 I/wm_on_start_called( 7947): [133172576,com.android.settings.Settings,handleStartActivity]
09-21 19:17:50.175 I/snet_event_log( 7947): [120484087,-1,]
09-21 19:17:50.176 I/wm_on_resume_called( 7947): [133172576,com.android.settings.Settings,RESUME_ACTIVITY]
09-21 19:17:50.178 I/sysui_multi_action( 7947): [757,35,758,1,833,0,1089,108]
09-21 19:17:50.184 I/sysui_multi_action( 7947): [757,1729,758,4,854,isParalleledControllers:false,1089,115]
09-21 19:17:50.195 I/sysui_multi_action( 7947): [757,746,758,1,833,0,1089,89]
09-21 19:17:50.197 D/TelephonyRegistry( 1154): listen oscl: mHasNotifySubscriptionInfoChangedOccurred==false no callback
09-21 19:17:50.206 D/TelephonyRegistry( 1154): listen oscl: mHasNotifySubscriptionInfoChangedOccurred==false no callback
09-21 19:17:50.221 I/sysui_multi_action( 7947): [757,1729,758,4,854,isParalleledControllers:false,1089,115]
09-21 19:17:50.234 I/wm_on_top_resumed_gained_called( 7947): [133172576,com.android.settings.Settings,topStateChangedWhenResumed]
09-21 19:17:50.314 I/input_focus( 1154): [Focus request 4ca2f14 com.android.settings/com.android.settings.Settings,reason=UpdateInputWindows]
09-21 19:17:50.397 I/sysui_multi_action( 1154): [324,0,757,1090,758,12,806,com.android.settings,871,com.android.settings.Settings,1091,564]
09-21 19:17:50.415 I/sysui_multi_action( 1154): [319,85,321,81,322,564,325,3019,757,761,758,7,759,1,806,com.android.settings,871,com.android.settings.Settings,904,com.android.launcher3,905,0,945,135,1320,4,1321,1]
09-21 19:17:50.416 I/wm_activity_launch_time( 1154): [0,133172576,com.android.settings/.Settings,564]
09-21 19:17:50.431 I/input_focus( 1154): [Focus entering 4ca2f14 com.android.settings/com.android.settings.Settings (server),reason=Window became focusable. Previous reason: NOT_VISIBLE]
09-21 19:17:50.458 I/input_interaction( 1154): Interaction with: 4ca2f14 com.android.settings/com.android.settings.Settings (server), PointerEventDispatcher0 (server),
09-21 19:17:50.498 I/wm_stop_activity( 1154): [0,185045071,com.android.launcher3/.uioverrides.QuickstepLauncher]
09-21 19:17:50.513 I/wm_on_stop_called( 5169): [185045071,com.android.launcher3.uioverrides.QuickstepLauncher,STOP_ACTIVITY_ITEM]
09-21 19:17:52.762 I/service_manager_stats( 1154): [100,143,55301]
09-21 19:17:55.148 I/input_interaction( 1154): Interaction with: 4ca2f14 com.android.settings/com.android.settings.Settings (server), swipe-up (server), edge-swipe (server), PointerEventDispatcher0 (server),
09-21 19:17:55.217 I/view_enqueue_input_event( 7947): [Motion - Cancel,com.android.settings/com.android.settings.Settings]
09-21 19:17:55.223 I/input_interaction( 1154): Interaction with: swipe-up (server), edge-swipe (server), PointerEventDispatcher0 (server),
09-21 19:17:55.578 I/input_interaction( 1154): Interaction with: 4ca2f14 com.android.settings/com.android.settings.Settings (server), PointerEventDispatcher0 (server),
09-21 19:17:55.583 I/sysui_multi_action( 1154): [757,803,799,key_back_press,802,1]
09-21 19:17:55.601 I/wm_task_moved( 1154): [47,0,0]
09-21 19:17:55.608 I/wm_focused_root_task( 1154): [0,0,1,47,moveTaskToBackLocked]
09-21 19:17:55.609 I/wm_add_to_stopping( 1154): [0,133172576,com.android.settings/.Settings,makeInvisible]
09-21 19:17:55.611 I/wm_pause_activity( 1154): [0,133172576,com.android.settings/.Settings,userLeaving=false,pauseBackTasks]
09-21 19:17:55.615 I/wm_set_resumed_activity( 1154): [0,com.android.launcher3/.uioverrides.QuickstepLauncher,resumeTopActivityInnerLocked]
09-21 19:17:55.616 I/wm_resume_activity( 1154): [0,185045071,10,com.android.launcher3/.uioverrides.QuickstepLauncher]
09-21 19:17:55.620 I/wm_on_top_resumed_lost_called( 7947): [133172576,com.android.settings.Settings,topStateChangedWhenResumed]
09-21 19:17:55.627 I/sysui_multi_action( 7947): [757,35,758,2,1089,5449]
09-21 19:17:55.633 I/sysui_multi_action( 7947): [757,746,758,2,1089,5438]
09-21 19:17:55.634 I/input_focus( 1154): [Focus leaving 4ca2f14 com.android.settings/com.android.settings.Settings (server),reason=NO_WINDOW]
09-21 19:17:55.636 I/sysui_multi_action( 1154): [757,803,799,window_time_0,802,6]
09-21 19:17:55.636 I/am_uid_idle( 1154): 10094
09-21 19:17:55.643 I/wm_on_restart_called( 5169): [185045071,com.android.launcher3.uioverrides.QuickstepLauncher,performRestartActivity]
09-21 19:17:55.643 I/wm_on_start_called( 5169): [185045071,com.android.launcher3.uioverrides.QuickstepLauncher,handleStartActivity]
09-21 19:17:55.643 I/wm_on_resume_called( 5169): [185045071,com.android.launcher3.uioverrides.QuickstepLauncher,RESUME_ACTIVITY]
09-21 19:17:55.644 I/wm_on_top_resumed_gained_called( 5169): [185045071,com.android.launcher3.uioverrides.QuickstepLauncher,topStateChangedWhenResumed]
09-21 19:17:55.647 I/wm_on_paused_called( 7947): [133172576,com.android.settings.Settings,performPause]
09-21 19:17:55.663 I/input_focus( 1154): [Focus request df9195e com.android.launcher3/com.android.launcher3.uioverrides.QuickstepLauncher,reason=UpdateInputWindows]
09-21 19:17:55.693 I/input_focus( 1154): [Focus entering df9195e com.android.launcher3/com.android.launcher3.uioverrides.QuickstepLauncher (server),reason=Window became focusable. Previous reason: NOT_VISIBLE]
09-21 19:17:55.820 I/input_interaction( 1154): Interaction with: df9195e com.android.launcher3/com.android.launcher3.uioverrides.QuickstepLauncher (server), PointerEventDispatcher0 (server),
09-21 19:17:56.055 I/wm_stop_activity( 1154): [0,133172576,com.android.settings/.Settings]
09-21 19:17:56.098 I/wm_on_stop_called( 7947): [133172576,com.android.settings.Settings,STOP_ACTIVITY_ITEM]
09-21 19:17:56.531 I/input_interaction( 1154): Interaction with: df9195e com.android.launcher3/com.android.launcher3.uioverrides.QuickstepLauncher (server), 1da61d8 com.android.systemui.ImageWallpaper (server), swipe-up (server), edge-swipe (server), PointerEventDispatcher0 (server),
09-21 19:17:56.609 I/input_interaction( 1154): Interaction with: df9195e com.android.launcher3/com.android.launcher3.uioverrides.QuickstepLauncher (server), PointerEventDispatcher0 (server),
09-21 19:17:57.546 I/input_interaction( 1154): Interaction with: df9195e com.android.launcher3/com.android.launcher3.uioverrides.QuickstepLauncher (server), 1da61d8 com.android.systemui.ImageWallpaper (server), swipe-up (server), edge-swipe (server), PointerEventDispatcher0 (server),
09-21 19:17:57.668 I/input_interaction( 1154): Interaction with: df9195e com.android.launcher3/com.android.launcher3.uioverrides.QuickstepLauncher (server), PointerEventDispatcher0 (server),
09-21 19:17:57.679 I/wm_task_moved( 1154): [47,1,7]
09-21 19:17:57.679 I/wm_task_to_front( 1154): [0,47]
09-21 19:17:57.680 I/wm_focused_root_task( 1154): [0,0,47,1,bringingFoundTaskToFront]
09-21 19:17:57.680 I/wm_set_resumed_activity( 1154): [0,com.android.settings/.Settings,bringingFoundTaskToFront]
09-21 19:17:57.682 I/wm_new_intent( 1154): [0,133172576,47,com.android.settings/.Settings,android.intent.action.MAIN,NULL,NULL,270532608]
09-21 19:17:57.684 I/wm_pause_activity( 1154): [0,185045071,com.android.launcher3/.uioverrides.QuickstepLauncher,userLeaving=true,pauseBackTasks]
09-21 19:17:57.699 I/wm_on_top_resumed_lost_called( 5169): [185045071,com.android.launcher3.uioverrides.QuickstepLauncher,topStateChangedWhenResumed]
09-21 19:17:57.704 I/wm_on_paused_called( 5169): [185045071,com.android.launcher3.uioverrides.QuickstepLauncher,performPause]
09-21 19:17:57.708 I/wm_set_resumed_activity( 1154): [0,com.android.settings/.Settings,resumeTopActivityInnerLocked]
09-21 19:17:57.709 I/wm_add_to_stopping( 1154): [0,185045071,com.android.launcher3/.uioverrides.QuickstepLauncher,makeInvisible]
09-21 19:17:57.718 I/wm_resume_activity( 1154): [0,133172576,47,com.android.settings/.Settings]
09-21 19:17:57.739 I/input_focus( 1154): [Focus leaving df9195e com.android.launcher3/com.android.launcher3.uioverrides.QuickstepLauncher (server),reason=NO_WINDOW]
09-21 19:17:57.743 I/sysui_multi_action( 1154): [757,803,799,window_time_0,802,2]
09-21 19:17:57.743 I/wm_on_restart_called( 7947): [133172576,com.android.settings.Settings,performRestartActivity]
09-21 19:17:57.760 I/wm_on_start_called( 7947): [133172576,com.android.settings.Settings,handleStartActivity]
09-21 19:17:57.761 I/snet_event_log( 7947): [120484087,-1,]
09-21 19:17:57.761 I/wm_on_resume_called( 7947): [133172576,com.android.settings.Settings,RESUME_ACTIVITY]
09-21 19:17:57.762 I/sysui_multi_action( 7947): [757,35,758,1,833,0,1089,0]
09-21 19:17:57.771 I/sysui_multi_action( 7947): [757,746,758,1,833,0,1089,0]
09-21 19:17:57.778 D/TelephonyRegistry( 1154): listen oscl: mHasNotifySubscriptionInfoChangedOccurred==false no callback
09-21 19:17:57.783 D/TelephonyRegistry( 1154): listen oscl: mHasNotifySubscriptionInfoChangedOccurred==false no callback
09-21 19:17:57.795 I/wm_on_top_resumed_gained_called( 7947): [133172576,com.android.settings.Settings,topWhenResuming]
09-21 19:17:57.804 I/input_focus( 1154): [Focus request 4ca2f14 com.android.settings/com.android.settings.Settings,reason=UpdateInputWindows]
09-21 19:17:57.824 I/sysui_multi_action( 1154): [319,56,321,52,322,140,325,3027,757,761,758,9,759,4,806,com.android.settings,871,com.android.settings.Settings,904,com.android.launcher3,905,0,1320,4,1321,1]
09-21 19:17:57.830 I/input_focus( 1154): [Focus entering 4ca2f14 com.android.settings/com.android.settings.Settings (server),reason=setFocusedWindow]
09-21 19:17:58.021 I/input_interaction( 1154): Interaction with: 4ca2f14 com.android.settings/com.android.settings.Settings (server), PointerEventDispatcher0 (server),
09-21 19:17:58.280 I/wm_stop_activity( 1154): [0,185045071,com.android.launcher3/.uioverrides.QuickstepLauncher]
09-21 19:17:58.330 I/wm_on_stop_called( 5169): [185045071,com.android.launcher3.uioverrides.QuickstepLauncher,STOP_ACTIVITY_ITEM]
09-21 19:17:59.264 I/input_interaction( 1154): Interaction with: 4ca2f14 com.android.settings/com.android.settings.Settings (server), swipe-up (server), edge-swipe (server), PointerEventDispatcher0 (server),
09-21 19:17:59.332 I/view_enqueue_input_event( 7947): [Motion - Cancel,com.android.settings/com.android.settings.Settings]
09-21 19:17:59.337 I/input_interaction( 1154): Interaction with: swipe-up (server), edge-swipe (server), PointerEventDispatcher0 (server),
09-21 19:17:59.601 I/input_interaction( 1154): Interaction with: 4ca2f14 com.android.settings/com.android.settings.Settings (server), PointerEventDispatcher0 (server),
09-21 19:17:59.603 I/sysui_multi_action( 1154): [757,803,799,key_back_press,802,1]
09-21 19:17:59.612 I/wm_task_moved( 1154): [47,0,0]
09-21 19:17:59.617 I/wm_focused_root_task( 1154): [0,0,1,47,moveTaskToBackLocked]
09-21 19:17:59.618 I/wm_add_to_stopping( 1154): [0,133172576,com.android.settings/.Settings,makeInvisible]
09-21 19:17:59.619 I/wm_pause_activity( 1154): [0,133172576,com.android.settings/.Settings,userLeaving=false,pauseBackTasks]
09-21 19:17:59.622 I/wm_set_resumed_activity( 1154): [0,com.android.launcher3/.uioverrides.QuickstepLauncher,resumeTopActivityInnerLocked]
09-21 19:17:59.623 I/wm_resume_activity( 1154): [0,185045071,10,com.android.launcher3/.uioverrides.QuickstepLauncher]
09-21 19:17:59.628 I/wm_on_top_resumed_lost_called( 7947): [133172576,com.android.settings.Settings,topStateChangedWhenResumed]
09-21 19:17:59.629 I/wm_on_restart_called( 5169): [185045071,com.android.launcher3.uioverrides.QuickstepLauncher,performRestartActivity]
09-21 19:17:59.629 I/wm_on_start_called( 5169): [185045071,com.android.launcher3.uioverrides.QuickstepLauncher,handleStartActivity]
09-21 19:17:59.630 I/wm_on_resume_called( 5169): [185045071,com.android.launcher3.uioverrides.QuickstepLauncher,RESUME_ACTIVITY]
09-21 19:17:59.635 I/sysui_multi_action( 1154): [757,803,799,window_time_0,802,2]
09-21 19:17:59.635 I/input_focus( 1154): [Focus leaving 4ca2f14 com.android.settings/com.android.settings.Settings (server),reason=NO_WINDOW]
09-21 19:17:59.636 I/sysui_multi_action( 7947): [757,35,758,2,1089,1874]
09-21 19:17:59.643 I/sysui_multi_action( 7947): [757,746,758,2,1089,1873]
09-21 19:17:59.649 I/input_focus( 1154): [Focus request df9195e com.android.launcher3/com.android.launcher3.uioverrides.QuickstepLauncher,reason=UpdateInputWindows]
09-21 19:17:59.658 I/wm_on_top_resumed_gained_called( 5169): [185045071,com.android.launcher3.uioverrides.QuickstepLauncher,topStateChangedWhenResumed]
09-21 19:17:59.659 I/wm_on_paused_called( 7947): [133172576,com.android.settings.Settings,performPause]
09-21 19:17:59.686 I/input_focus( 1154): [Focus entering df9195e com.android.launcher3/com.android.launcher3.uioverrides.QuickstepLauncher (server),reason=Window became focusable. Previous reason: NOT_VISIBLE]
09-21 19:17:59.927 I/input_interaction( 1154): Interaction with: df9195e com.android.launcher3/com.android.launcher3.uioverrides.QuickstepLauncher (server), PointerEventDispatcher0 (server),
09-21 19:18:00.029 I/wm_stop_activity( 1154): [0,133172576,com.android.settings/.Settings]
09-21 19:18:00.080 I/wm_on_stop_called( 7947): [133172576,com.android.settings.Settings,STOP_ACTIVITY_ITEM]
09-21 19:18:00.510 I/input_interaction( 1154): Interaction with: df9195e com.android.launcher3/com.android.launcher3.uioverrides.QuickstepLauncher (server), 1da61d8 com.android.systemui.ImageWallpaper (server), swipe-up (server), edge-swipe (server), PointerEventDispatcher0 (server),
09-21 19:18:00.605 I/input_interaction( 1154): Interaction with: df9195e com.android.launcher3/com.android.launcher3.uioverrides.QuickstepLauncher (server), PointerEventDispatcher0 (server),
09-21 19:18:00.714 I/input_interaction( 1154): Interaction with: df9195e com.android.launcher3/com.android.launcher3.uioverrides.QuickstepLauncher (server), 1da61d8 com.android.systemui.ImageWallpaper (server), swipe-up (server), edge-swipe (server), PointerEventDispatcher0 (server),
09-21 19:18:00.816 I/input_interaction( 1154): Interaction with: df9195e com.android.launcher3/com.android.launcher3.uioverrides.QuickstepLauncher (server), PointerEventDispatcher0 (server),
09-21 19:18:01.344 I/input_interaction( 1154): Interaction with: df9195e com.android.launcher3/com.android.launcher3.uioverrides.QuickstepLauncher (server), 1da61d8 com.android.systemui.ImageWallpaper (server), swipe-up (server), edge-swipe (server), PointerEventDispatcher0 (server),
09-21 19:18:01.434 I/input_interaction( 1154): Interaction with: df9195e com.android.launcher3/com.android.launcher3.uioverrides.QuickstepLauncher (server), PointerEventDispatcher0 (server),
09-21 19:18:01.816 I/input_interaction( 1154): Interaction with: df9195e com.android.launcher3/com.android.launcher3.uioverrides.QuickstepLauncher (server), 1da61d8 com.android.systemui.ImageWallpaper (server), swipe-up (server), edge-swipe (server), PointerEventDispatcher0 (server),
09-21 19:18:01.883 I/input_interaction( 1154): Interaction with: df9195e com.android.launcher3/com.android.launcher3.uioverrides.QuickstepLauncher (server), PointerEventDispatcher0 (server),
09-21 19:18:01.996 I/input_interaction( 1154): Interaction with: df9195e com.android.launcher3/com.android.launcher3.uioverrides.QuickstepLauncher (server), 1da61d8 com.android.systemui.ImageWallpaper (server), swipe-up (server), edge-swipe (server), PointerEventDispatcher0 (server),
09-21 19:18:02.110 I/input_interaction( 1154): Interaction with: df9195e com.android.launcher3/com.android.launcher3.uioverrides.QuickstepLauncher (server), PointerEventDispatcher0 (server),
09-21 19:18:02.349 I/input_interaction( 1154): Interaction with: df9195e com.android.launcher3/com.android.launcher3.uioverrides.QuickstepLauncher (server), 1da61d8 com.android.systemui.ImageWallpaper (server), swipe-up (server), edge-swipe (server), PointerEventDispatcher0 (server),
09-21 19:18:02.424 I/input_interaction( 1154): Interaction with: df9195e com.android.launcher3/com.android.launcher3.uioverrides.QuickstepLauncher (server), PointerEventDispatcher0 (server),
09-21 19:18:02.539 I/input_interaction( 1154): Interaction with: df9195e com.android.launcher3/com.android.launcher3.uioverrides.QuickstepLauncher (server), 1da61d8 com.android.systemui.ImageWallpaper (server), swipe-up (server), edge-swipe (server), PointerEventDispatcher0 (server),
09-21 19:18:02.638 I/input_interaction( 1154): Interaction with: df9195e com.android.launcher3/com.android.launcher3.uioverrides.QuickstepLauncher (server), PointerEventDispatcher0 (server),
09-21 19:18:02.979 I/input_interaction( 1154): Interaction with: df9195e com.android.launcher3/com.android.launcher3.uioverrides.QuickstepLauncher (server), 1da61d8 com.android.systemui.ImageWallpaper (server), swipe-up (server), edge-swipe (server), PointerEventDispatcher0 (server),
09-21 19:18:03.054 I/input_interaction( 1154): Interaction with: df9195e com.android.launcher3/com.android.launcher3.uioverrides.QuickstepLauncher (server), PointerEventDispatcher0 (server),
09-21 19:18:03.147 I/input_interaction( 1154): Interaction with: df9195e com.android.launcher3/com.android.launcher3.uioverrides.QuickstepLauncher (server), 1da61d8 com.android.systemui.ImageWallpaper (server), swipe-up (server), edge-swipe (server), PointerEventDispatcher0 (server),
09-21 19:18:03.259 I/input_interaction( 1154): Interaction with: df9195e com.android.launcher3/com.android.launcher3.uioverrides.QuickstepLauncher (server), PointerEventDispatcher0 (server),
09-21 19:18:03.631 I/input_interaction( 1154): Interaction with: df9195e com.android.launcher3/com.android.launcher3.uioverrides.QuickstepLauncher (server), 1da61d8 com.android.systemui.ImageWallpaper (server), swipe-up (server), edge-swipe (server), PointerEventDispatcher0 (server),
09-21 19:18:03.743 I/input_interaction( 1154): Interaction with: df9195e com.android.launcher3/com.android.launcher3.uioverrides.QuickstepLauncher (server), PointerEventDispatcher0 (server),
09-21 19:18:04.900 I/input_interaction( 1154): Interaction with: df9195e com.android.launcher3/com.android.launcher3.uioverrides.QuickstepLauncher (server), 1da61d8 com.android.systemui.ImageWallpaper (server), swipe-up (server), edge-swipe (server), PointerEventDispatcher0 (server),
09-21 19:18:04.989 I/input_interaction( 1154): Interaction with: df9195e com.android.launcher3/com.android.launcher3.uioverrides.QuickstepLauncher (server), PointerEventDispatcher0 (server),
09-21 19:18:04.997 I/wm_task_moved( 1154): [47,1,7]
09-21 19:18:05.004 I/wm_task_to_front( 1154): [0,47]
09-21 19:18:05.004 I/wm_focused_root_task( 1154): [0,0,47,1,bringingFoundTaskToFront]
09-21 19:18:05.005 I/wm_set_resumed_activity( 1154): [0,com.android.settings/.Settings,bringingFoundTaskToFront]
09-21 19:18:05.005 I/wm_new_intent( 1154): [0,133172576,47,com.android.settings/.Settings,android.intent.action.MAIN,NULL,NULL,270532608]
09-21 19:18:05.008 I/wm_pause_activity( 1154): [0,185045071,com.android.launcher3/.uioverrides.QuickstepLauncher,userLeaving=true,pauseBackTasks]
09-21 19:18:05.025 I/wm_on_top_resumed_lost_called( 5169): [185045071,com.android.launcher3.uioverrides.QuickstepLauncher,topStateChangedWhenResumed]
09-21 19:18:05.029 I/wm_on_paused_called( 5169): [185045071,com.android.launcher3.uioverrides.QuickstepLauncher,performPause]
09-21 19:18:05.037 I/wm_set_resumed_activity( 1154): [0,com.android.settings/.Settings,resumeTopActivityInnerLocked]
09-21 19:18:05.037 I/wm_add_to_stopping( 1154): [0,185045071,com.android.launcher3/.uioverrides.QuickstepLauncher,makeInvisible]
09-21 19:18:05.038 I/wm_resume_activity( 1154): [0,133172576,47,com.android.settings/.Settings]
09-21 19:18:05.042 I/dvm_lock_sample( 1154): [system_server,0,Binder:1154_C,27,PowerManagerService.java,1555,void com.android.server.power.PowerManagerService.updateWakeLockWorkSourceInternal(android.os.IBinder, android.os.WorkSource, java.lang.String, int),-,1426,void com.android.server.power.PowerManagerService.acquireWakeLockInternal(android.os.IBinder, int, int, java.lang.String, java.lang.String, android.os.WorkSource, java.lang.String, int, int),5]
09-21 19:18:05.062 I/sysui_multi_action( 1154): [757,803,799,window_time_0,802,5]
09-21 19:18:05.065 I/wm_on_restart_called( 7947): [133172576,com.android.settings.Settings,performRestartActivity]
09-21 19:18:05.084 I/wm_on_start_called( 7947): [133172576,com.android.settings.Settings,handleStartActivity]
09-21 19:18:05.084 I/snet_event_log( 7947): [120484087,-1,]
09-21 19:18:05.085 I/wm_on_resume_called( 7947): [133172576,com.android.settings.Settings,RESUME_ACTIVITY]
09-21 19:18:05.085 I/sysui_multi_action( 7947): [757,35,758,1,833,0,1089,0]
09-21 19:18:05.087 I/input_focus( 1154): [Focus leaving df9195e com.android.launcher3/com.android.launcher3.uioverrides.QuickstepLauncher (server),reason=NO_WINDOW]
09-21 19:18:05.094 I/sysui_multi_action( 7947): [757,746,758,1,833,0,1089,0]
09-21 19:18:05.095 D/TelephonyRegistry( 1154): listen oscl: mHasNotifySubscriptionInfoChangedOccurred==false no callback
09-21 19:18:05.100 D/TelephonyRegistry( 1154): listen oscl: mHasNotifySubscriptionInfoChangedOccurred==false no callback
09-21 19:18:05.115 I/wm_on_top_resumed_gained_called( 7947): [133172576,com.android.settings.Settings,topWhenResuming]
09-21 19:18:05.125 I/input_focus( 1154): [Focus request 4ca2f14 com.android.settings/com.android.settings.Settings,reason=UpdateInputWindows]
09-21 19:18:05.146 I/sysui_multi_action( 1154): [319,53,321,46,322,141,325,3034,757,761,758,9,759,4,806,com.android.settings,871,com.android.settings.Settings,904,com.android.launcher3,905,0,1320,4,1321,1]
09-21 19:18:05.148 I/input_focus( 1154): [Focus entering 4ca2f14 com.android.settings/com.android.settings.Settings (server),reason=setFocusedWindow]
09-21 19:18:05.261 I/input_interaction( 1154): Interaction with: 4ca2f14 com.android.settings/com.android.settings.Settings (server), PointerEventDispatcher0 (server),
09-21 19:18:05.407 I/service_manager_stats( 1154): [100,93,12644]
09-21 19:18:05.613 I/wm_stop_activity( 1154): [0,185045071,com.android.launcher3/.uioverrides.QuickstepLauncher]
09-21 19:18:05.697 I/wm_on_stop_called( 5169): [185045071,com.android.launcher3.uioverrides.QuickstepLauncher,STOP_ACTIVITY_ITEM]
09-21 19:18:05.885 I/am_uid_idle( 1154): 10098
09-21 19:18:06.181 I/input_interaction( 1154): Interaction with: 4ca2f14 com.android.settings/com.android.settings.Settings (server), swipe-up (server), edge-swipe (server), PointerEventDispatcher0 (server),
09-21 19:18:06.498 I/input_interaction( 1154): Interaction with: 4ca2f14 com.android.settings/com.android.settings.Settings (server), PointerEventDispatcher0 (server),
09-21 19:18:06.946 I/input_interaction( 1154): Interaction with: 4ca2f14 com.android.settings/com.android.settings.Settings (server), swipe-up (server), edge-swipe (server), PointerEventDispatcher0 (server),
09-21 19:18:07.228 I/input_interaction( 1154): Interaction with: 4ca2f14 com.android.settings/com.android.settings.Settings (server), PointerEventDispatcher0 (server),
09-21 19:18:08.278 I/input_interaction( 1154): Interaction with: 4ca2f14 com.android.settings/com.android.settings.Settings (server), swipe-up (server), edge-swipe (server), PointerEventDispatcher0 (server),
09-21 19:18:08.365 I/input_interaction( 1154): Interaction with: 4ca2f14 com.android.settings/com.android.settings.Settings (server), PointerEventDispatcher0 (server),
09-21 19:18:08.384 I/sysui_multi_action( 7947): [757,830,758,4,833,0,854,top_level_system,1089,0]
09-21 19:18:08.399 I/sysui_multi_action( 7947): [757,746,758,2,1089,3304]
09-21 19:18:08.448 I/sysui_multi_action( 7947): [757,744,758,1,833,0,1089,21]
09-21 19:18:08.453 I/sysui_multi_action( 7947): [757,1729,758,4,854,isParalleledControllers:false,1089,26]
09-21 19:18:09.018 I/input_interaction( 1154): Interaction with: 4ca2f14 com.android.settings/com.android.settings.Settings (server), swipe-up (server), edge-swipe (server), PointerEventDispatcher0 (server),
09-21 19:18:09.120 I/input_interaction( 1154): Interaction with: 4ca2f14 com.android.settings/com.android.settings.Settings (server), PointerEventDispatcher0 (server),
09-21 19:18:09.150 I/sysui_multi_action( 7947): [757,830,758,4,833,0,854,top_level_about_device,1089,0]
09-21 19:18:09.155 I/sysui_multi_action( 7947): [757,744,758,2,1089,706]
09-21 19:18:09.209 I/sysui_multi_action( 7947): [757,40,758,1,833,0,1089,48]
09-21 19:18:09.210 W/FeatureConnector( 7947): [ImsConnector, 0] connect: not supported.
09-21 19:18:09.212 I/sysui_multi_action( 7947): [757,1729,758,4,854,isParalleledControllers:false,1089,51]
09-21 19:18:09.815 I/input_interaction( 1154): Interaction with: 4ca2f14 com.android.settings/com.android.settings.Settings (server), swipe-up (server), edge-swipe (server), PointerEventDispatcher0 (server),
09-21 19:18:10.088 I/input_interaction( 1154): Interaction with: 4ca2f14 com.android.settings/com.android.settings.Settings (server), PointerEventDispatcher0 (server),
09-21 19:18:10.593 I/input_interaction( 1154): Interaction with: 4ca2f14 com.android.settings/com.android.settings.Settings (server), swipe-up (server), edge-swipe (server), PointerEventDispatcher0 (server),
09-21 19:18:10.840 I/input_interaction( 1154): Interaction with: 4ca2f14 com.android.settings/com.android.settings.Settings (server), PointerEventDispatcher0 (server),
09-21 19:18:11.682 I/input_interaction( 1154): Interaction with: 4ca2f14 com.android.settings/com.android.settings.Settings (server), swipe-up (server), edge-swipe (server), PointerEventDispatcher0 (server),
09-21 19:18:11.763 I/input_interaction( 1154): Interaction with: 4ca2f14 com.android.settings/com.android.settings.Settings (server), PointerEventDispatcher0 (server),
09-21 19:18:11.789 I/sysui_multi_action( 7947): [757,848,758,4]
09-21 19:18:11.790 I/sysui_multi_action( 7947): [757,830,758,4,833,0,854,build_number,1089,0]
09-21 19:18:11.852 I/input_interaction( 1154): Interaction with: 4ca2f14 com.android.settings/com.android.settings.Settings (server), swipe-up (server), edge-swipe (server), PointerEventDispatcher0 (server),
09-21 19:18:11.969 I/input_interaction( 1154): Interaction with: 4ca2f14 com.android.settings/com.android.settings.Settings (server), PointerEventDispatcher0 (server),
09-21 19:18:11.983 I/sysui_multi_action( 7947): [757,848,758,4]
09-21 19:18:11.983 I/sysui_multi_action( 7947): [757,830,758,4,833,0,854,build_number,1089,0]
09-21 19:18:12.066 I/input_interaction( 1154): Interaction with: 4ca2f14 com.android.settings/com.android.settings.Settings (server), swipe-up (server), edge-swipe (server), PointerEventDispatcher0 (server),
09-21 19:18:12.173 I/input_interaction( 1154): Interaction with: 4ca2f14 com.android.settings/com.android.settings.Settings (server), PointerEventDispatcher0 (server),
09-21 19:18:12.210 I/sysui_multi_action( 7947): [757,848,758,4]
09-21 19:18:12.211 I/sysui_multi_action( 7947): [757,830,758,4,833,0,854,build_number,1089,0]
09-21 19:18:12.273 I/input_interaction( 1154): Interaction with: 4ca2f14 com.android.settings/com.android.settings.Settings (server), swipe-up (server), edge-swipe (server), PointerEventDispatcher0 (server),
09-21 19:18:12.370 I/input_interaction( 1154): Interaction with: 4ca2f14 com.android.settings/com.android.settings.Settings (server), PointerEventDispatcher0 (server),
09-21 19:18:12.397 I/sysui_multi_action( 7947): [757,848,758,4]
09-21 19:18:12.398 I/sysui_multi_action( 7947): [757,830,758,4,833,0,854,build_number,1089,0]
09-21 19:18:12.438 I/input_interaction( 1154): Interaction with: 4ca2f14 com.android.settings/com.android.settings.Settings (server), swipe-up (server), edge-swipe (server), PointerEventDispatcher0 (server),
09-21 19:18:12.541 I/input_interaction( 1154): Interaction with: 4ca2f14 com.android.settings/com.android.settings.Settings (server), PointerEventDispatcher0 (server),
09-21 19:18:12.566 I/sysui_multi_action( 7947): [757,848,758,4]
09-21 19:18:12.567 I/sysui_multi_action( 7947): [757,830,758,4,833,0,854,build_number,1089,0]
09-21 19:18:12.617 I/input_interaction( 1154): Interaction with: 4ca2f14 com.android.settings/com.android.settings.Settings (server), swipe-up (server), edge-swipe (server), PointerEventDispatcher0 (server),
09-21 19:18:12.726 I/input_interaction( 1154): Interaction with: 4ca2f14 com.android.settings/com.android.settings.Settings (server), PointerEventDispatcher0 (server),
09-21 19:18:12.748 I/sysui_multi_action( 7947): [757,848,758,4]
09-21 19:18:12.749 I/sysui_multi_action( 7947): [757,830,758,4,833,0,854,build_number,1089,0]
09-21 19:18:12.796 I/input_interaction( 1154): Interaction with: 4ca2f14 com.android.settings/com.android.settings.Settings (server), swipe-up (server), edge-swipe (server), PointerEventDispatcher0 (server),
09-21 19:18:12.902 I/input_interaction( 1154): Interaction with: 4ca2f14 com.android.settings/com.android.settings.Settings (server), PointerEventDispatcher0 (server),
09-21 19:18:12.942 I/sysui_multi_action( 7947): [757,848,758,4]
09-21 19:18:12.943 I/sysui_multi_action( 7947): [757,848,758,4]
09-21 19:18:12.944 I/am_uid_stopped( 1154): 2000
09-21 19:18:12.944 I/sysui_multi_action( 7947): [757,830,758,4,833,0,854,build_number,1089,0]
09-21 19:18:12.945 I/am_kill ( 1154): [0,4108,com.android.shell,945,change com.android.shell]
09-21 19:18:12.977 I/input_interaction( 1154): Interaction with: 4ca2f14 com.android.settings/com.android.settings.Settings (server), swipe-up (server), edge-swipe (server), PointerEventDispatcher0 (server),
09-21 19:18:12.979 I/am_uid_active( 1154): 10098
09-21 19:18:13.093 I/input_interaction( 1154): Interaction with: 4ca2f14 com.android.settings/com.android.settings.Settings (server), PointerEventDispatcher0 (server),
09-21 19:18:13.102 I/sysui_multi_action( 7947): [757,830,758,4,833,0,854,build_number,1089,0]
09-21 19:18:13.147 I/commit_sys_config_file( 1154): [settings-0-0,11]
09-21 19:18:15.341 I/service_manager_stats( 1154): [100,100,9934]
09-21 19:18:16.024 I/input_interaction( 1154): Interaction with: 4ca2f14 com.android.settings/com.android.settings.Settings (server), swipe-up (server), edge-swipe (server), PointerEventDispatcher0 (server),
09-21 19:18:16.117 I/input_interaction( 1154): Interaction with: 4ca2f14 com.android.settings/com.android.settings.Settings (server), PointerEventDispatcher0 (server),
09-21 19:18:16.120 I/wm_task_moved( 1154): [47,0,0]
09-21 19:18:16.124 I/wm_focused_root_task( 1154): [0,0,1,47,moveTaskToBackLocked]
09-21 19:18:16.125 I/wm_add_to_stopping( 1154): [0,133172576,com.android.settings/.Settings,makeInvisible]
09-21 19:18:16.128 I/wm_pause_activity( 1154): [0,133172576,com.android.settings/.Settings,userLeaving=false,pauseBackTasks]
09-21 19:18:16.132 I/wm_set_resumed_activity( 1154): [0,com.android.launcher3/.uioverrides.QuickstepLauncher,resumeTopActivityInnerLocked]
09-21 19:18:16.132 I/wm_resume_activity( 1154): [0,185045071,10,com.android.launcher3/.uioverrides.QuickstepLauncher]
09-21 19:18:16.135 I/wm_on_top_resumed_lost_called( 7947): [133172576,com.android.settings.Settings,topStateChangedWhenResumed]
09-21 19:18:16.145 I/sysui_multi_action( 1154): [757,803,799,window_time_0,802,11]
09-21 19:18:16.145 I/sysui_multi_action( 7947): [757,35,758,2,1089,11059]
09-21 19:18:16.147 I/sysui_multi_action( 7947): [757,40,758,2,1089,6938]
09-21 19:18:16.149 I/wm_on_restart_called( 5169): [185045071,com.android.launcher3.uioverrides.QuickstepLauncher,performRestartActivity]
