09-21 19:11:06.688 I/sysui_multi_action( 2235): [757,111,758,1]
09-21 19:11:06.688 I/sysui_multi_action( 2235): [757,126,758,1,759,126,927,0,928,0,1593,0]
09-21 19:11:06.689 I/sysui_multi_action( 2235): [757,113,758,1,759,113,927,1,928,1,1593,0]
09-21 19:11:06.689 I/sysui_multi_action( 2235): [757,0,758,1,759,0,927,2,928,0,1593,0]
09-21 19:11:06.689 I/sysui_multi_action( 2235): [757,0,758,1,759,0,927,3,928,0,1593,0]
09-21 19:11:06.693 I/input_focus( 1154): [Focus leaving df9195e com.android.launcher3/com.android.launcher3.uioverrides.QuickstepLauncher (server),reason=setFocusedWindow]
09-21 19:11:06.693 I/input_focus( 1154): [Focus entering f34a2a3 NotificationShade (server),reason=setFocusedWindow]
09-21 19:11:06.699 I/sysui_multi_action( 2235): [757,111,758,2]
09-21 19:11:06.700 I/sysui_multi_action( 2235): [757,111,758,2]
09-21 19:11:06.707 I/sysui_multi_action( 2235): [757,111,758,1]
09-21 19:11:06.707 I/sysui_multi_action( 2235): [757,126,758,1,759,126,927,0,928,0,1593,0]
09-21 19:11:06.707 I/sysui_multi_action( 2235): [757,113,758,1,759,113,927,1,928,1,1593,0]
09-21 19:11:06.707 I/sysui_multi_action( 2235): [757,0,758,1,759,0,927,2,928,0,1593,0]
09-21 19:11:06.707 I/sysui_multi_action( 2235): [757,0,758,1,759,0,927,3,928,0,1593,0]
09-21 19:11:06.708 I/sysui_multi_action( 2235): [757,1706,758,1,759,1706,927,4,928,0,1593,0]
09-21 19:11:06.708 I/sysui_multi_action( 2235): [757,491,758,1,759,491,927,5,928,0,1311,2,1593,0]
09-21 19:11:06.708 I/sysui_multi_action( 2235): [757,0,758,1,759,0,927,6,928,0,1593,0]
09-21 19:11:06.708 I/sysui_multi_action( 2235): [757,0,758,1,759,0,927,7,1593,0]
09-21 19:11:06.708 I/sysui_multi_action( 2235): [757,111,758,1]
09-21 19:11:06.708 I/sysui_multi_action( 2235): [757,126,758,1,759,126,927,0,928,0,1593,0]
09-21 19:11:06.709 I/sysui_multi_action( 2235): [757,113,758,1,759,113,927,1,928,1,1593,0]
09-21 19:11:06.709 I/sysui_multi_action( 2235): [757,0,758,1,759,0,927,2,928,0,1593,0]
09-21 19:11:06.709 I/sysui_multi_action( 2235): [757,0,758,1,759,0,927,3,928,0,1593,0]
09-21 19:11:06.716 I/sysui_multi_action( 2235): [757,111,758,2]
09-21 19:11:06.716 I/sysui_multi_action( 2235): [757,111,758,2]
09-21 19:11:06.720 I/sysui_multi_action( 2235): [757,111,758,1]
09-21 19:11:06.720 I/sysui_multi_action( 2235): [757,126,758,1,759,126,927,0,928,0,1593,0]
09-21 19:11:06.720 I/sysui_multi_action( 2235): [757,113,758,1,759,113,927,1,928,1,1593,0]
09-21 19:11:06.721 I/sysui_multi_action( 2235): [757,0,758,1,759,0,927,2,928,0,1593,0]
09-21 19:11:06.721 I/sysui_multi_action( 2235): [757,0,758,1,759,0,927,3,928,0,1593,0]
09-21 19:11:06.721 I/sysui_multi_action( 2235): [757,1706,758,1,759,1706,927,4,928,0,1593,0]
09-21 19:11:06.721 I/sysui_multi_action( 2235): [757,491,758,1,759,491,927,5,928,0,1311,2,1593,0]
09-21 19:11:06.721 I/sysui_multi_action( 2235): [757,0,758,1,759,0,927,6,928,0,1593,0]
09-21 19:11:06.721 I/sysui_multi_action( 2235): [757,0,758,1,759,0,927,7,1593,0]
09-21 19:11:06.721 I/sysui_multi_action( 2235): [757,111,758,1]
09-21 19:11:06.722 I/sysui_multi_action( 2235): [757,126,758,1,759,126,927,0,928,0,1593,0]
09-21 19:11:06.722 I/sysui_multi_action( 2235): [757,113,758,1,759,113,927,1,928,1,1593,0]
09-21 19:11:06.722 I/sysui_multi_action( 2235): [757,0,758,1,759,0,927,2,928,0,1593,0]
09-21 19:11:06.722 I/sysui_multi_action( 2235): [757,0,758,1,759,0,927,3,928,0,1593,0]
09-21 19:11:06.729 I/sysui_multi_action( 2235): [757,111,758,2]
09-21 19:11:06.729 I/sysui_multi_action( 2235): [757,111,758,2]
09-21 19:11:06.733 I/sysui_multi_action( 2235): [757,111,758,1]
09-21 19:11:06.733 I/sysui_multi_action( 2235): [757,126,758,1,759,126,927,0,928,0,1593,0]
09-21 19:11:06.733 I/sysui_multi_action( 2235): [757,113,758,1,759,113,927,1,928,1,1593,0]
09-21 19:11:06.733 I/sysui_multi_action( 2235): [757,0,758,1,759,0,927,2,928,0,1593,0]
09-21 19:11:06.733 I/sysui_multi_action( 2235): [757,0,758,1,759,0,927,3,928,0,1593,0]
09-21 19:11:06.733 I/sysui_multi_action( 2235): [757,1706,758,1,759,1706,927,4,928,0,1593,0]
09-21 19:11:06.734 I/sysui_multi_action( 2235): [757,491,758,1,759,491,927,5,928,0,1311,2,1593,0]
09-21 19:11:06.734 I/sysui_multi_action( 2235): [757,0,758,1,759,0,927,6,928,0,1593,0]
09-21 19:11:06.734 I/sysui_multi_action( 2235): [757,0,758,1,759,0,927,7,1593,0]
09-21 19:11:06.734 I/sysui_multi_action( 2235): [757,111,758,1]
09-21 19:11:06.734 I/sysui_multi_action( 2235): [757,126,758,1,759,126,927,0,928,0,1593,0]
09-21 19:11:06.734 I/sysui_multi_action( 2235): [757,113,758,1,759,113,927,1,928,1,1593,0]
09-21 19:11:06.735 I/sysui_multi_action( 2235): [757,0,758,1,759,0,927,2,928,0,1593,0]
09-21 19:11:06.735 I/sysui_multi_action( 2235): [757,0,758,1,759,0,927,3,928,0,1593,0]
09-21 19:11:06.742 I/sysui_multi_action( 2235): [757,111,758,2]
09-21 19:11:06.742 I/sysui_multi_action( 2235): [757,111,758,2]
09-21 19:11:06.746 I/sysui_multi_action( 2235): [757,111,758,1]
09-21 19:11:06.746 I/sysui_multi_action( 2235): [757,126,758,1,759,126,927,0,928,0,1593,0]
09-21 19:11:06.746 I/sysui_multi_action( 2235): [757,113,758,1,759,113,927,1,928,1,1593,0]
09-21 19:11:06.746 I/sysui_multi_action( 2235): [757,0,758,1,759,0,927,2,928,0,1593,0]
09-21 19:11:06.746 I/sysui_multi_action( 2235): [757,0,758,1,759,0,927,3,928,0,1593,0]
09-21 19:11:06.746 I/sysui_multi_action( 2235): [757,1706,758,1,759,1706,927,4,928,0,1593,0]
09-21 19:11:06.747 I/sysui_multi_action( 2235): [757,491,758,1,759,491,927,5,928,0,1311,2,1593,0]
09-21 19:11:06.747 I/sysui_multi_action( 2235): [757,0,758,1,759,0,927,6,928,0,1593,0]
09-21 19:11:06.747 I/sysui_multi_action( 2235): [757,0,758,1,759,0,927,7,1593,0]
09-21 19:11:06.747 I/sysui_multi_action( 2235): [757,111,758,1]
09-21 19:11:06.747 I/sysui_multi_action( 2235): [757,126,758,1,759,126,927,0,928,0,1593,0]
09-21 19:11:06.747 I/sysui_multi_action( 2235): [757,113,758,1,759,113,927,1,928,1,1593,0]
09-21 19:11:06.747 I/sysui_multi_action( 2235): [757,0,758,1,759,0,927,2,928,0,1593,0]
09-21 19:11:06.747 I/sysui_multi_action( 2235): [757,0,758,1,759,0,927,3,928,0,1593,0]
09-21 19:11:06.761 I/sysui_multi_action( 2235): [757,111,758,2]
09-21 19:11:06.761 I/sysui_multi_action( 2235): [757,111,758,2]
09-21 19:11:06.765 I/sysui_multi_action( 2235): [757,111,758,1]
09-21 19:11:06.765 I/sysui_multi_action( 2235): [757,126,758,1,759,126,927,0,928,0,1593,0]
09-21 19:11:06.765 I/sysui_multi_action( 2235): [757,113,758,1,759,113,927,1,928,1,1593,0]
09-21 19:11:06.765 I/sysui_multi_action( 2235): [757,0,758,1,759,0,927,2,928,0,1593,0]
09-21 19:11:06.765 I/sysui_multi_action( 2235): [757,0,758,1,759,0,927,3,928,0,1593,0]
09-21 19:11:06.766 I/sysui_multi_action( 2235): [757,1706,758,1,759,1706,927,4,928,0,1593,0]
09-21 19:11:06.766 I/sysui_multi_action( 2235): [757,491,758,1,759,491,927,5,928,0,1311,2,1593,0]
09-21 19:11:06.766 I/sysui_multi_action( 2235): [757,0,758,1,759,0,927,6,928,0,1593,0]
09-21 19:11:06.766 I/sysui_multi_action( 2235): [757,0,758,1,759,0,927,7,1593,0]
09-21 19:11:06.766 I/sysui_multi_action( 2235): [757,111,758,1]
09-21 19:11:06.766 I/sysui_multi_action( 2235): [757,126,758,1,759,126,927,0,928,0,1593,0]
09-21 19:11:06.767 I/sysui_multi_action( 2235): [757,113,758,1,759,113,927,1,928,1,1593,0]
09-21 19:11:06.767 I/sysui_multi_action( 2235): [757,0,758,1,759,0,927,2,928,0,1593,0]
09-21 19:11:06.767 I/sysui_multi_action( 2235): [757,0,758,1,759,0,927,3,928,0,1593,0]
09-21 19:11:06.774 I/sysui_multi_action( 2235): [757,111,758,2]
09-21 19:11:06.774 I/sysui_multi_action( 2235): [757,111,758,2]
09-21 19:11:06.778 I/sysui_multi_action( 2235): [757,111,758,1]
09-21 19:11:06.778 I/sysui_multi_action( 2235): [757,126,758,1,759,126,927,0,928,0,1593,0]
09-21 19:11:06.778 I/sysui_multi_action( 2235): [757,113,758,1,759,113,927,1,928,1,1593,0]
09-21 19:11:06.778 I/sysui_multi_action( 2235): [757,0,758,1,759,0,927,2,928,0,1593,0]
09-21 19:11:06.778 I/sysui_multi_action( 2235): [757,0,758,1,759,0,927,3,928,0,1593,0]
09-21 19:11:06.778 I/sysui_multi_action( 2235): [757,1706,758,1,759,1706,927,4,928,0,1593,0]
09-21 19:11:06.779 I/sysui_multi_action( 2235): [757,491,758,1,759,491,927,5,928,0,1311,2,1593,0]
09-21 19:11:06.779 I/sysui_multi_action( 2235): [757,0,758,1,759,0,927,6,928,0,1593,0]
09-21 19:11:06.779 I/sysui_multi_action( 2235): [757,0,758,1,759,0,927,7,1593,0]
09-21 19:11:06.779 I/sysui_multi_action( 2235): [757,111,758,1]
09-21 19:11:06.779 I/sysui_multi_action( 2235): [757,126,758,1,759,126,927,0,928,0,1593,0]
09-21 19:11:06.779 I/sysui_multi_action( 2235): [757,113,758,1,759,113,927,1,928,1,1593,0]
09-21 19:11:06.780 I/sysui_multi_action( 2235): [757,0,758,1,759,0,927,2,928,0,1593,0]
09-21 19:11:06.780 I/sysui_multi_action( 2235): [757,0,758,1,759,0,927,3,928,0,1593,0]
09-21 19:11:06.791 I/sysui_multi_action( 2235): [757,111,758,2]
09-21 19:11:06.791 I/sysui_multi_action( 2235): [757,111,758,2]
09-21 19:11:06.795 I/sysui_multi_action( 2235): [757,111,758,1]
09-21 19:11:06.796 I/sysui_multi_action( 2235): [757,126,758,1,759,126,927,0,928,0,1593,0]
09-21 19:11:06.796 I/sysui_multi_action( 2235): [757,113,758,1,759,113,927,1,928,1,1593,0]
09-21 19:11:06.796 I/sysui_multi_action( 2235): [757,0,758,1,759,0,927,2,928,0,1593,0]
09-21 19:11:06.796 I/sysui_multi_action( 2235): [757,0,758,1,759,0,927,3,928,0,1593,0]
09-21 19:11:06.796 I/sysui_multi_action( 2235): [757,1706,758,1,759,1706,927,4,928,0,1593,0]
09-21 19:11:06.796 I/sysui_multi_action( 2235): [757,491,758,1,759,491,927,5,928,0,1311,2,1593,0]
09-21 19:11:06.797 I/sysui_multi_action( 2235): [757,0,758,1,759,0,927,6,928,0,1593,0]
09-21 19:11:06.797 I/sysui_multi_action( 2235): [757,0,758,1,759,0,927,7,1593,0]
09-21 19:11:06.797 I/sysui_multi_action( 2235): [757,111,758,1]
09-21 19:11:06.797 I/sysui_multi_action( 2235): [757,126,758,1,759,126,927,0,928,0,1593,0]
09-21 19:11:06.797 I/sysui_multi_action( 2235): [757,113,758,1,759,113,927,1,928,1,1593,0]
09-21 19:11:06.797 I/sysui_multi_action( 2235): [757,0,758,1,759,0,927,2,928,0,1593,0]
09-21 19:11:06.797 I/sysui_multi_action( 2235): [757,0,758,1,759,0,927,3,928,0,1593,0]
09-21 19:11:06.808 I/sysui_multi_action( 2235): [757,111,758,2]
09-21 19:11:06.808 I/sysui_multi_action( 2235): [757,111,758,2]
09-21 19:11:06.812 I/sysui_multi_action( 2235): [757,111,758,1]
09-21 19:11:06.812 I/sysui_multi_action( 2235): [757,126,758,1,759,126,927,0,928,0,1593,0]
09-21 19:11:06.812 I/sysui_multi_action( 2235): [757,113,758,1,759,113,927,1,928,1,1593,0]
09-21 19:11:06.812 I/sysui_multi_action( 2235): [757,0,758,1,759,0,927,2,928,0,1593,0]
09-21 19:11:06.812 I/sysui_multi_action( 2235): [757,0,758,1,759,0,927,3,928,0,1593,0]
09-21 19:11:06.812 I/sysui_multi_action( 2235): [757,1706,758,1,759,1706,927,4,928,0,1593,0]
09-21 19:11:06.813 I/sysui_multi_action( 2235): [757,491,758,1,759,491,927,5,928,0,1311,2,1593,0]
09-21 19:11:06.813 I/sysui_multi_action( 2235): [757,0,758,1,759,0,927,6,928,0,1593,0]
09-21 19:11:06.813 I/sysui_multi_action( 2235): [757,0,758,1,759,0,927,7,1593,0]
09-21 19:11:06.813 I/sysui_multi_action( 2235): [757,111,758,1]
09-21 19:11:06.813 I/sysui_multi_action( 2235): [757,126,758,1,759,126,927,0,928,0,1593,0]
09-21 19:11:06.813 I/sysui_multi_action( 2235): [757,113,758,1,759,113,927,1,928,1,1593,0]
09-21 19:11:06.813 I/sysui_multi_action( 2235): [757,0,758,1,759,0,927,2,928,0,1593,0]
09-21 19:11:06.813 I/sysui_multi_action( 2235): [757,0,758,1,759,0,927,3,928,0,1593,0]
09-21 19:11:06.825 I/sysui_multi_action( 2235): [757,111,758,2]
09-21 19:11:06.825 I/sysui_multi_action( 2235): [757,111,758,2]
09-21 19:11:06.828 I/sysui_multi_action( 2235): [757,111,758,1]
09-21 19:11:06.829 I/sysui_multi_action( 2235): [757,126,758,1,759,126,927,0,928,0,1593,0]
09-21 19:11:06.829 I/sysui_multi_action( 2235): [757,113,758,1,759,113,927,1,928,1,1593,0]
09-21 19:11:06.829 I/sysui_multi_action( 2235): [757,0,758,1,759,0,927,2,928,0,1593,0]
09-21 19:11:06.829 I/sysui_multi_action( 2235): [757,0,758,1,759,0,927,3,928,0,1593,0]
09-21 19:11:06.829 I/sysui_multi_action( 2235): [757,1706,758,1,759,1706,927,4,928,0,1593,0]
09-21 19:11:06.829 I/sysui_multi_action( 2235): [757,491,758,1,759,491,927,5,928,0,1311,2,1593,0]
09-21 19:11:06.830 I/sysui_multi_action( 2235): [757,0,758,1,759,0,927,6,928,0,1593,0]
09-21 19:11:06.830 I/sysui_multi_action( 2235): [757,0,758,1,759,0,927,7,1593,0]
09-21 19:11:06.830 I/sysui_multi_action( 2235): [757,111,758,1]
09-21 19:11:06.830 I/sysui_multi_action( 2235): [757,126,758,1,759,126,927,0,928,0,1593,0]
09-21 19:11:06.830 I/sysui_multi_action( 2235): [757,113,758,1,759,113,927,1,928,1,1593,0]
09-21 19:11:06.830 I/sysui_multi_action( 2235): [757,0,758,1,759,0,927,2,928,0,1593,0]
09-21 19:11:06.830 I/sysui_multi_action( 2235): [757,0,758,1,759,0,927,3,928,0,1593,0]
09-21 19:11:06.841 I/sysui_multi_action( 2235): [757,111,758,2]
09-21 19:11:06.841 I/sysui_multi_action( 2235): [757,111,758,2]
09-21 19:11:06.845 I/sysui_multi_action( 2235): [757,111,758,1]
09-21 19:11:06.846 I/sysui_multi_action( 2235): [757,126,758,1,759,126,927,0,928,0,1593,0]
09-21 19:11:06.846 I/sysui_multi_action( 2235): [757,113,758,1,759,113,927,1,928,1,1593,0]
09-21 19:11:06.846 I/sysui_multi_action( 2235): [757,0,758,1,759,0,927,2,928,0,1593,0]
09-21 19:11:06.846 I/sysui_multi_action( 2235): [757,0,758,1,759,0,927,3,928,0,1593,0]
09-21 19:11:06.846 I/sysui_multi_action( 2235): [757,1706,758,1,759,1706,927,4,928,0,1593,0]
09-21 19:11:06.847 I/sysui_multi_action( 2235): [757,491,758,1,759,491,927,5,928,0,1311,2,1593,0]
09-21 19:11:06.847 I/sysui_multi_action( 2235): [757,0,758,1,759,0,927,6,928,0,1593,0]
09-21 19:11:06.847 I/sysui_multi_action( 2235): [757,0,758,1,759,0,927,7,1593,0]
09-21 19:11:06.847 I/sysui_multi_action( 2235): [757,111,758,1]
09-21 19:11:06.847 I/sysui_multi_action( 2235): [757,126,758,1,759,126,927,0,928,0,1593,0]
09-21 19:11:06.847 I/sysui_multi_action( 2235): [757,113,758,1,759,113,927,1,928,1,1593,0]
09-21 19:11:06.847 I/sysui_multi_action( 2235): [757,0,758,1,759,0,927,2,928,0,1593,0]
09-21 19:11:06.847 I/sysui_multi_action( 2235): [757,0,758,1,759,0,927,3,928,0,1593,0]
09-21 19:11:06.862 I/sysui_multi_action( 2235): [757,111,758,2]
09-21 19:11:06.862 I/sysui_multi_action( 2235): [757,111,758,2]
09-21 19:11:06.867 I/sysui_multi_action( 2235): [757,111,758,1]
09-21 19:11:06.867 I/sysui_multi_action( 2235): [757,126,758,1,759,126,927,0,928,0,1593,0]
09-21 19:11:06.867 I/sysui_multi_action( 2235): [757,113,758,1,759,113,927,1,928,1,1593,0]
09-21 19:11:06.867 I/sysui_multi_action( 2235): [757,0,758,1,759,0,927,2,928,0,1593,0]
09-21 19:11:06.867 I/sysui_multi_action( 2235): [757,0,758,1,759,0,927,3,928,0,1593,0]
09-21 19:11:06.867 I/sysui_multi_action( 2235): [757,1706,758,1,759,1706,927,4,928,0,1593,0]
09-21 19:11:06.868 I/sysui_multi_action( 2235): [757,491,758,1,759,491,927,5,928,0,1311,2,1593,0]
09-21 19:11:06.868 I/sysui_multi_action( 2235): [757,0,758,1,759,0,927,6,928,0,1593,0]
09-21 19:11:06.868 I/sysui_multi_action( 2235): [757,0,758,1,759,0,927,7,1593,0]
09-21 19:11:06.868 I/sysui_multi_action( 2235): [757,111,758,1]
09-21 19:11:06.868 I/sysui_multi_action( 2235): [757,126,758,1,759,126,927,0,928,0,1593,0]
09-21 19:11:06.868 I/sysui_multi_action( 2235): [757,113,758,1,759,113,927,1,928,1,1593,0]
09-21 19:11:06.868 I/sysui_multi_action( 2235): [757,0,758,1,759,0,927,2,928,0,1593,0]
09-21 19:11:06.868 I/sysui_multi_action( 2235): [757,0,758,1,759,0,927,3,928,0,1593,0]
09-21 19:11:07.709 I/sysui_multi_action( 1154): [757,128,758,1,793,64769166,794,0,795,64769166,796,26,798,0,806,android,857,DEVELOPER_IMPORTANT,858,4,947,0,1395,3,1500,64769163,1688,1]
09-21 19:11:07.709 I/sysui_multi_action( 1154): [757,804,799,note_freshness,801,64769166,802,1]
09-21 19:11:07.709 I/notification_visibility( 1154): [-1|android|26|null|1000,1,64769166,64769166,0,0]
09-21 19:11:07.711 I/sysui_multi_action( 1154): [757,128,758,1,793,64769071,794,0,795,64769071,796,55,798,1,806,android,857,DEVELOPER,858,2,947,0,1395,3,1500,64769070,1688,1]
09-21 19:11:07.711 I/sysui_multi_action( 1154): [757,804,799,note_freshness,801,64769071,802,1]
09-21 19:11:07.711 I/notification_visibility( 1154): [-1|android|55|null|1000,1,64769071,64769071,0,1]
09-21 19:11:07.712 I/sysui_multi_action( 1154): [757,128,758,1,793,64770407,794,0,795,64770407,796,32,798,2,806,android,857,USB,858,1,947,0,1395,3,1500,64769688,1688,1]
09-21 19:11:07.712 I/sysui_multi_action( 1154): [757,804,799,note_freshness,801,64770407,802,1]
09-21 19:11:07.712 I/notification_visibility( 1154): [-1|android|32|null|1000,1,64770407,64770407,0,2]
09-21 19:11:22.234 I/input_interaction( 1154): Interaction with: f34a2a3 NotificationShade (server), swipe-up (server), edge-swipe (server), PointerEventDispatcher0 (server),
09-21 19:11:22.363 I/view_enqueue_input_event( 2235): [Motion - Cancel,NotificationShade]
09-21 19:11:22.364 I/input_interaction( 1154): Interaction with: swipe-up (server), edge-swipe (server), PointerEventDispatcher0 (server),
09-21 19:11:23.648 I/input_interaction( 1154): Interaction with: f34a2a3 NotificationShade (server), swipe-up (server), edge-swipe (server), PointerEventDispatcher0 (server),
09-21 19:11:23.801 I/view_enqueue_input_event( 2235): [Motion - Cancel,NotificationShade]
09-21 19:11:23.808 I/input_interaction( 1154): Interaction with: swipe-up (server), edge-swipe (server), PointerEventDispatcher0 (server),
09-21 19:11:24.241 I/wm_new_intent( 1154): [0,185045071,10,com.android.launcher3/.uioverrides.QuickstepLauncher,android.intent.action.MAIN,NULL,NULL,268435712]
09-21 19:11:24.243 I/wm_task_moved( 1154): [1,1,7]
09-21 19:11:24.244 I/wm_set_resumed_activity( 1154): [0,com.android.launcher3/.uioverrides.QuickstepLauncher,positionChildAt]
09-21 19:11:24.250 I/wm_on_top_resumed_lost_called( 5169): [185045071,com.android.launcher3.uioverrides.QuickstepLauncher,pausing]
09-21 19:11:24.252 I/wm_on_paused_called( 5169): [185045071,com.android.launcher3.uioverrides.QuickstepLauncher,performPause]
09-21 19:11:24.254 I/wm_on_resume_called( 5169): [185045071,com.android.launcher3.uioverrides.QuickstepLauncher,LIFECYCLER_RESUME_ACTIVITY]
09-21 19:11:24.254 I/wm_on_top_resumed_gained_called( 5169): [185045071,com.android.launcher3.uioverrides.QuickstepLauncher,topWhenResuming]
09-21 19:11:24.289 I/input_focus( 1154): [Focus request df9195e com.android.launcher3/com.android.launcher3.uioverrides.QuickstepLauncher,reason=UpdateInputWindows]
09-21 19:11:24.291 I/am_pss ( 1154): [3013,10070,com.android.deskclock,36558848,25260032,0,167604224,0,18,14]
09-21 19:11:24.305 I/am_pss ( 1154): [6893,10066,com.android.music,7643136,4665344,0,90669056,0,19,11]
09-21 19:11:24.319 I/am_pss ( 1154): [6205,1000,com.thundercomm.microservice,10038272,7249920,0,94654464,0,10,12]
09-21 19:11:24.319 I/input_focus( 1154): [Focus leaving f34a2a3 NotificationShade (server),reason=NOT_FOCUSABLE]
09-21 19:11:24.320 I/input_focus( 1154): [Focus entering df9195e com.android.launcher3/com.android.launcher3.uioverrides.QuickstepLauncher (server),reason=setFocusedWindow]
09-21 19:11:24.535 I/sysui_multi_action( 2235): [757,111,758,2]
09-21 19:11:24.535 I/sysui_multi_action( 2235): [757,111,758,2]
09-21 19:11:24.542 I/sysui_multi_action( 2235): [757,111,758,1]
09-21 19:11:24.542 I/sysui_multi_action( 2235): [757,126,758,1,759,126,927,0,928,0,1593,0]
09-21 19:11:24.543 I/sysui_multi_action( 2235): [757,113,758,1,759,113,927,1,928,1,1593,0]
09-21 19:11:24.543 I/sysui_multi_action( 2235): [757,0,758,1,759,0,927,2,928,0,1593,0]
09-21 19:11:24.543 I/sysui_multi_action( 2235): [757,0,758,1,759,0,927,3,928,0,1593,0]
09-21 19:11:24.544 I/sysui_multi_action( 2235): [757,1706,758,1,759,1706,927,4,928,0,1593,0]
09-21 19:11:24.545 I/sysui_multi_action( 2235): [757,491,758,1,759,491,927,5,928,0,1311,2,1593,0]
09-21 19:11:24.545 I/sysui_multi_action( 2235): [757,0,758,1,759,0,927,6,928,0,1593,0]
09-21 19:11:24.545 I/sysui_multi_action( 2235): [757,0,758,1,759,0,927,7,1593,0]
09-21 19:11:24.545 I/sysui_multi_action( 2235): [757,111,758,1]
09-21 19:11:24.546 I/sysui_multi_action( 2235): [757,126,758,1,759,126,927,0,928,0,1593,0]
09-21 19:11:24.546 I/sysui_multi_action( 2235): [757,113,758,1,759,113,927,1,928,1,1593,0]
09-21 19:11:24.546 I/sysui_multi_action( 2235): [757,0,758,1,759,0,927,2,928,0,1593,1]
09-21 19:11:24.546 I/sysui_multi_action( 2235): [757,0,758,1,759,0,927,3,928,0,1593,1]
09-21 19:11:24.559 I/sysui_multi_action( 2235): [757,111,758,2]
09-21 19:11:24.559 I/sysui_multi_action( 2235): [757,111,758,2]
09-21 19:11:24.565 I/sysui_multi_action( 2235): [757,111,758,1]
09-21 19:11:24.565 I/sysui_multi_action( 2235): [757,126,758,1,759,126,927,0,928,0,1593,1]
09-21 19:11:24.565 I/sysui_multi_action( 2235): [757,113,758,1,759,113,927,1,928,1,1593,1]
09-21 19:11:24.565 I/sysui_multi_action( 2235): [757,0,758,1,759,0,927,2,928,0,1593,1]
09-21 19:11:24.566 I/sysui_multi_action( 2235): [757,0,758,1,759,0,927,3,928,0,1593,1]
09-21 19:11:24.566 I/sysui_multi_action( 2235): [757,1706,758,1,759,1706,927,4,928,0,1593,1]
09-21 19:11:24.566 I/sysui_multi_action( 2235): [757,491,758,1,759,491,927,5,928,0,1311,2,1593,1]
09-21 19:11:24.567 I/sysui_multi_action( 2235): [757,0,758,1,759,0,927,6,928,0,1593,1]
09-21 19:11:24.567 I/sysui_multi_action( 2235): [757,0,758,1,759,0,927,7,1593,1]
09-21 19:11:24.567 I/sysui_multi_action( 2235): [757,111,758,1]
09-21 19:11:24.567 I/sysui_multi_action( 2235): [757,126,758,1,759,126,927,0,928,0,1593,1]
09-21 19:11:24.567 I/sysui_multi_action( 2235): [757,113,758,1,759,113,927,1,928,1,1593,1]
09-21 19:11:24.568 I/sysui_multi_action( 2235): [757,0,758,1,759,0,927,2,928,0,1593,1]
09-21 19:11:24.568 I/sysui_multi_action( 2235): [757,0,758,1,759,0,927,3,928,0,1593,1]
09-21 19:11:24.576 I/sysui_multi_action( 2235): [757,111,758,2]
09-21 19:11:24.576 I/sysui_multi_action( 2235): [757,111,758,2]
09-21 19:11:24.580 I/sysui_multi_action( 2235): [757,111,758,1]
09-21 19:11:24.581 I/sysui_multi_action( 2235): [757,126,758,1,759,126,927,0,928,0,1593,0]
09-21 19:11:24.581 I/sysui_multi_action( 2235): [757,113,758,1,759,113,927,1,928,1,1593,0]
09-21 19:11:24.581 I/sysui_multi_action( 2235): [757,0,758,1,759,0,927,2,928,0,1593,0]
09-21 19:11:24.581 I/sysui_multi_action( 2235): [757,0,758,1,759,0,927,3,928,0,1593,0]
09-21 19:11:24.581 I/sysui_multi_action( 2235): [757,1706,758,1,759,1706,927,4,928,0,1593,0]
09-21 19:11:24.582 I/sysui_multi_action( 2235): [757,491,758,1,759,491,927,5,928,0,1311,2,1593,1]
09-21 19:11:24.582 I/sysui_multi_action( 2235): [757,0,758,1,759,0,927,6,928,0,1593,0]
09-21 19:11:24.582 I/sysui_multi_action( 2235): [757,0,758,1,759,0,927,7,1593,1]
09-21 19:11:24.582 I/sysui_multi_action( 2235): [757,111,758,1]
09-21 19:11:24.582 I/sysui_multi_action( 2235): [757,126,758,1,759,126,927,0,928,0,1593,0]
09-21 19:11:24.582 I/sysui_multi_action( 2235): [757,113,758,1,759,113,927,1,928,1,1593,0]
09-21 19:11:24.582 I/sysui_multi_action( 2235): [757,0,758,1,759,0,927,2,928,0,1593,0]
09-21 19:11:24.582 I/sysui_multi_action( 2235): [757,0,758,1,759,0,927,3,928,0,1593,0]
09-21 19:11:24.588 I/sysui_multi_action( 2235): [757,111,758,2]
09-21 19:11:24.588 I/sysui_multi_action( 2235): [757,111,758,2]
09-21 19:11:24.591 I/sysui_multi_action( 2235): [757,111,758,1]
09-21 19:11:24.591 I/sysui_multi_action( 2235): [757,126,758,1,759,126,927,0,928,0,1593,0]
09-21 19:11:24.592 I/sysui_multi_action( 2235): [757,113,758,1,759,113,927,1,928,1,1593,0]
09-21 19:11:24.592 I/sysui_multi_action( 2235): [757,0,758,1,759,0,927,2,928,0,1593,0]
09-21 19:11:24.592 I/sysui_multi_action( 2235): [757,0,758,1,759,0,927,3,928,0,1593,0]
09-21 19:11:24.592 I/sysui_multi_action( 2235): [757,1706,758,1,759,1706,927,4,928,0,1593,0]
09-21 19:11:24.592 I/sysui_multi_action( 2235): [757,491,758,1,759,491,927,5,928,0,1311,2,1593,0]
09-21 19:11:24.592 I/sysui_multi_action( 2235): [757,0,758,1,759,0,927,6,928,0,1593,0]
09-21 19:11:24.592 I/sysui_multi_action( 2235): [757,0,758,1,759,0,927,7,1593,0]
09-21 19:11:24.593 I/sysui_multi_action( 2235): [757,111,758,1]
09-21 19:11:24.593 I/sysui_multi_action( 2235): [757,126,758,1,759,126,927,0,928,0,1593,0]
09-21 19:11:24.593 I/sysui_multi_action( 2235): [757,113,758,1,759,113,927,1,928,1,1593,0]
09-21 19:11:24.593 I/sysui_multi_action( 2235): [757,0,758,1,759,0,927,2,928,0,1593,0]
09-21 19:11:24.593 I/sysui_multi_action( 2235): [757,0,758,1,759,0,927,3,928,0,1593,0]
09-21 19:11:24.601 I/sysui_multi_action( 2235): [757,111,758,2]
09-21 19:11:24.601 I/sysui_multi_action( 2235): [757,111,758,2]
09-21 19:11:24.605 I/sysui_multi_action( 2235): [757,111,758,1]
09-21 19:11:24.605 I/sysui_multi_action( 2235): [757,126,758,1,759,126,927,0,928,0,1593,1]
09-21 19:11:24.605 I/sysui_multi_action( 2235): [757,113,758,1,759,113,927,1,928,1,1593,1]
09-21 19:11:24.605 I/sysui_multi_action( 2235): [757,0,758,1,759,0,927,2,928,0,1593,1]
09-21 19:11:24.605 I/sysui_multi_action( 2235): [757,0,758,1,759,0,927,3,928,0,1593,1]
09-21 19:11:24.605 I/sysui_multi_action( 2235): [757,1706,758,1,759,1706,927,4,928,0,1593,1]
09-21 19:11:24.606 I/sysui_multi_action( 2235): [757,491,758,1,759,491,927,5,928,0,1311,2,1593,1]
09-21 19:11:24.606 I/sysui_multi_action( 2235): [757,0,758,1,759,0,927,6,928,0,1593,1]
09-21 19:11:24.606 I/sysui_multi_action( 2235): [757,0,758,1,759,0,927,7,1593,1]
09-21 19:11:24.606 I/sysui_multi_action( 2235): [757,111,758,1]
09-21 19:11:24.606 I/sysui_multi_action( 2235): [757,126,758,1,759,126,927,0,928,0,1593,1]
09-21 19:11:24.607 I/sysui_multi_action( 2235): [757,113,758,1,759,113,927,1,928,1,1593,1]
09-21 19:11:24.607 I/sysui_multi_action( 2235): [757,0,758,1,759,0,927,2,928,0,1593,1]
09-21 19:11:24.607 I/sysui_multi_action( 2235): [757,0,758,1,759,0,927,3,928,0,1593,1]
09-21 19:11:24.618 I/sysui_multi_action( 2235): [757,111,758,2]
09-21 19:11:24.618 I/sysui_multi_action( 2235): [757,111,758,2]
09-21 19:11:24.622 I/sysui_multi_action( 2235): [757,111,758,1]
09-21 19:11:24.622 I/sysui_multi_action( 2235): [757,126,758,1,759,126,927,0,928,0,1593,0]
09-21 19:11:24.622 I/sysui_multi_action( 2235): [757,113,758,1,759,113,927,1,928,1,1593,0]
09-21 19:11:24.622 I/sysui_multi_action( 2235): [757,0,758,1,759,0,927,2,928,0,1593,0]
09-21 19:11:24.622 I/sysui_multi_action( 2235): [757,0,758,1,759,0,927,3,928,0,1593,0]
09-21 19:11:24.622 I/sysui_multi_action( 2235): [757,1706,758,1,759,1706,927,4,928,0,1593,0]
09-21 19:11:24.623 I/sysui_multi_action( 2235): [757,491,758,1,759,491,927,5,928,0,1311,2,1593,0]
09-21 19:11:24.623 I/sysui_multi_action( 2235): [757,0,758,1,759,0,927,6,928,0,1593,0]
09-21 19:11:24.623 I/sysui_multi_action( 2235): [757,0,758,1,759,0,927,7,1593,0]
09-21 19:11:24.623 I/sysui_multi_action( 2235): [757,111,758,1]
09-21 19:11:24.623 I/sysui_multi_action( 2235): [757,126,758,1,759,126,927,0,928,0,1593,0]
09-21 19:11:24.623 I/sysui_multi_action( 2235): [757,113,758,1,759,113,927,1,928,1,1593,0]
09-21 19:11:24.623 I/sysui_multi_action( 2235): [757,0,758,1,759,0,927,2,928,0,1593,0]
09-21 19:11:24.623 I/sysui_multi_action( 2235): [757,0,758,1,759,0,927,3,928,0,1593,0]
09-21 19:11:24.635 I/sysui_multi_action( 2235): [757,111,758,2]
09-21 19:11:24.635 I/sysui_multi_action( 2235): [757,111,758,2]
09-21 19:11:24.639 I/sysui_multi_action( 2235): [757,111,758,1]
09-21 19:11:24.639 I/sysui_multi_action( 2235): [757,126,758,1,759,126,927,0,928,0,1593,1]
09-21 19:11:24.639 I/sysui_multi_action( 2235): [757,113,758,1,759,113,927,1,928,1,1593,1]
09-21 19:11:24.639 I/sysui_multi_action( 2235): [757,0,758,1,759,0,927,2,928,0,1593,1]
09-21 19:11:24.639 I/sysui_multi_action( 2235): [757,0,758,1,759,0,927,3,928,0,1593,1]
09-21 19:11:24.639 I/sysui_multi_action( 2235): [757,1706,758,1,759,1706,927,4,928,0,1593,1]
09-21 19:11:24.640 I/sysui_multi_action( 2235): [757,491,758,1,759,491,927,5,928,0,1311,2,1593,0]
09-21 19:11:24.640 I/sysui_multi_action( 2235): [757,0,758,1,759,0,927,6,928,0,1593,1]
09-21 19:11:24.640 I/sysui_multi_action( 2235): [757,0,758,1,759,0,927,7,1593,0]
09-21 19:11:24.640 I/sysui_multi_action( 2235): [757,111,758,1]
09-21 19:11:24.640 I/sysui_multi_action( 2235): [757,126,758,1,759,126,927,0,928,0,1593,1]
09-21 19:11:24.640 I/sysui_multi_action( 2235): [757,113,758,1,759,113,927,1,928,1,1593,1]
09-21 19:11:24.640 I/sysui_multi_action( 2235): [757,0,758,1,759,0,927,2,928,0,1593,1]
09-21 19:11:24.640 I/sysui_multi_action( 2235): [757,0,758,1,759,0,927,3,928,0,1593,1]
09-21 19:11:24.651 I/sysui_multi_action( 2235): [757,111,758,2]
09-21 19:11:24.651 I/sysui_multi_action( 2235): [757,111,758,2]
09-21 19:11:24.654 I/sysui_multi_action( 2235): [757,111,758,1]
09-21 19:11:24.655 I/sysui_multi_action( 2235): [757,126,758,1,759,126,927,0,928,0,1593,1]
09-21 19:11:24.655 I/sysui_multi_action( 2235): [757,113,758,1,759,113,927,1,928,1,1593,1]
09-21 19:11:24.655 I/sysui_multi_action( 2235): [757,0,758,1,759,0,927,2,928,0,1593,1]
09-21 19:11:24.655 I/sysui_multi_action( 2235): [757,0,758,1,759,0,927,3,928,0,1593,1]
09-21 19:11:24.655 I/sysui_multi_action( 2235): [757,1706,758,1,759,1706,927,4,928,0,1593,1]
09-21 19:11:24.655 I/sysui_multi_action( 2235): [757,491,758,1,759,491,927,5,928,0,1311,2,1593,1]
09-21 19:11:24.655 I/sysui_multi_action( 2235): [757,0,758,1,759,0,927,6,928,0,1593,1]
09-21 19:11:24.655 I/sysui_multi_action( 2235): [757,0,758,1,759,0,927,7,1593,1]
09-21 19:11:24.656 I/sysui_multi_action( 2235): [757,111,758,1]
09-21 19:11:24.656 I/sysui_multi_action( 2235): [757,126,758,1,759,126,927,0,928,0,1593,1]
09-21 19:11:24.656 I/sysui_multi_action( 2235): [757,113,758,1,759,113,927,1,928,1,1593,1]
09-21 19:11:24.656 I/sysui_multi_action( 2235): [757,0,758,1,759,0,927,2,928,0,1593,1]
09-21 19:11:24.656 I/sysui_multi_action( 2235): [757,0,758,1,759,0,927,3,928,0,1593,1]
09-21 19:11:24.667 I/sysui_multi_action( 2235): [757,111,758,2]
09-21 19:11:24.668 I/sysui_multi_action( 2235): [757,111,758,2]
09-21 19:11:24.671 I/sysui_multi_action( 2235): [757,111,758,1]
09-21 19:11:24.671 I/sysui_multi_action( 2235): [757,126,758,1,759,126,927,0,928,0,1593,1]
09-21 19:11:24.671 I/sysui_multi_action( 2235): [757,113,758,1,759,113,927,1,928,1,1593,1]
09-21 19:11:24.671 I/sysui_multi_action( 2235): [757,0,758,1,759,0,927,2,928,0,1593,1]
09-21 19:11:24.671 I/sysui_multi_action( 2235): [757,0,758,1,759,0,927,3,928,0,1593,1]
09-21 19:11:24.672 I/sysui_multi_action( 2235): [757,1706,758,1,759,1706,927,4,928,0,1593,1]
09-21 19:11:24.672 I/sysui_multi_action( 2235): [757,491,758,1,759,491,927,5,928,0,1311,2,1593,1]
09-21 19:11:24.672 I/sysui_multi_action( 2235): [757,0,758,1,759,0,927,6,928,0,1593,1]
09-21 19:11:24.672 I/sysui_multi_action( 2235): [757,0,758,1,759,0,927,7,1593,1]
09-21 19:11:24.672 I/sysui_multi_action( 2235): [757,111,758,1]
09-21 19:11:24.672 I/sysui_multi_action( 2235): [757,126,758,1,759,126,927,0,928,0,1593,1]
09-21 19:11:24.673 I/sysui_multi_action( 2235): [757,113,758,1,759,113,927,1,928,1,1593,1]
09-21 19:11:24.673 I/sysui_multi_action( 2235): [757,0,758,1,759,0,927,2,928,0,1593,1]
09-21 19:11:24.673 I/sysui_multi_action( 2235): [757,0,758,1,759,0,927,3,928,0,1593,1]
09-21 19:11:24.684 I/sysui_multi_action( 2235): [757,111,758,2]
09-21 19:11:24.684 I/sysui_multi_action( 2235): [757,111,758,2]
09-21 19:11:24.688 I/sysui_multi_action( 2235): [757,111,758,1]
09-21 19:11:24.688 I/sysui_multi_action( 2235): [757,126,758,1,759,126,927,0,928,0,1593,1]
09-21 19:11:24.688 I/sysui_multi_action( 2235): [757,113,758,1,759,113,927,1,928,1,1593,1]
09-21 19:11:24.688 I/sysui_multi_action( 2235): [757,0,758,1,759,0,927,2,928,0,1593,1]
09-21 19:11:24.688 I/sysui_multi_action( 2235): [757,0,758,1,759,0,927,3,928,0,1593,1]
09-21 19:11:24.688 I/sysui_multi_action( 2235): [757,1706,758,1,759,1706,927,4,928,0,1593,1]
09-21 19:11:24.689 I/sysui_multi_action( 2235): [757,491,758,1,759,491,927,5,928,0,1311,2,1593,1]
09-21 19:11:24.689 I/sysui_multi_action( 2235): [757,0,758,1,759,0,927,6,928,0,1593,1]
09-21 19:11:24.689 I/sysui_multi_action( 2235): [757,0,758,1,759,0,927,7,1593,1]
09-21 19:11:24.689 I/sysui_multi_action( 2235): [757,111,758,1]
09-21 19:11:24.689 I/sysui_multi_action( 2235): [757,126,758,1,759,126,927,0,928,0,1593,1]
09-21 19:11:24.689 I/sysui_multi_action( 2235): [757,113,758,1,759,113,927,1,928,1,1593,1]
09-21 19:11:24.689 I/sysui_multi_action( 2235): [757,0,758,1,759,0,927,2,928,0,1593,1]
09-21 19:11:24.689 I/sysui_multi_action( 2235): [757,0,758,1,759,0,927,3,928,0,1593,1]
09-21 19:11:24.701 I/sysui_multi_action( 2235): [757,111,758,2]
09-21 19:11:24.701 I/sysui_multi_action( 2235): [757,111,758,2]
09-21 19:11:24.705 I/sysui_multi_action( 2235): [757,111,758,1]
09-21 19:11:24.705 I/sysui_multi_action( 2235): [757,126,758,1,759,126,927,0,928,0,1593,0]
09-21 19:11:24.705 I/sysui_multi_action( 2235): [757,113,758,1,759,113,927,1,928,1,1593,0]
09-21 19:11:24.705 I/sysui_multi_action( 2235): [757,0,758,1,759,0,927,2,928,0,1593,0]
09-21 19:11:24.705 I/sysui_multi_action( 2235): [757,0,758,1,759,0,927,3,928,0,1593,0]
09-21 19:11:24.705 I/sysui_multi_action( 2235): [757,1706,758,1,759,1706,927,4,928,0,1593,0]
09-21 19:11:24.705 I/sysui_multi_action( 2235): [757,491,758,1,759,491,927,5,928,0,1311,2,1593,0]
09-21 19:11:24.705 I/sysui_multi_action( 2235): [757,0,758,1,759,0,927,6,928,0,1593,0]
09-21 19:11:24.706 I/sysui_multi_action( 2235): [757,0,758,1,759,0,927,7,1593,0]
09-21 19:11:24.706 I/sysui_multi_action( 2235): [757,111,758,1]
09-21 19:11:24.706 I/sysui_multi_action( 2235): [757,126,758,1,759,126,927,0,928,0,1593,0]
09-21 19:11:24.706 I/sysui_multi_action( 2235): [757,113,758,1,759,113,927,1,928,1,1593,0]
09-21 19:11:24.706 I/sysui_multi_action( 2235): [757,0,758,1,759,0,927,2,928,0,1593,0]
09-21 19:11:24.706 I/sysui_multi_action( 2235): [757,0,758,1,759,0,927,3,928,0,1593,0]
09-21 19:11:24.718 I/sysui_multi_action( 2235): [757,111,758,2]
09-21 19:11:24.718 I/sysui_multi_action( 2235): [757,111,758,2]
09-21 19:11:24.721 I/sysui_multi_action( 2235): [757,111,758,1]
09-21 19:11:24.721 I/sysui_multi_action( 2235): [757,126,758,1,759,126,927,0,928,0,1593,1]
09-21 19:11:24.721 I/sysui_multi_action( 2235): [757,113,758,1,759,113,927,1,928,1,1593,1]
09-21 19:11:24.721 I/sysui_multi_action( 2235): [757,0,758,1,759,0,927,2,928,0,1593,1]
09-21 19:11:24.721 I/sysui_multi_action( 2235): [757,0,758,1,759,0,927,3,928,0,1593,1]
09-21 19:11:24.721 I/sysui_multi_action( 2235): [757,1706,758,1,759,1706,927,4,928,0,1593,1]
09-21 19:11:24.722 I/sysui_multi_action( 2235): [757,491,758,1,759,491,927,5,928,0,1311,2,1593,0]
09-21 19:11:24.722 I/sysui_multi_action( 2235): [757,0,758,1,759,0,927,6,928,0,1593,0]
09-21 19:11:24.722 I/sysui_multi_action( 2235): [757,0,758,1,759,0,927,7,1593,0]
09-21 19:11:24.722 I/sysui_multi_action( 2235): [757,111,758,1]
09-21 19:11:24.722 I/sysui_multi_action( 2235): [757,126,758,1,759,126,927,0,928,0,1593,1]
09-21 19:11:24.722 I/sysui_multi_action( 2235): [757,113,758,1,759,113,927,1,928,1,1593,1]
09-21 19:11:24.722 I/sysui_multi_action( 2235): [757,0,758,1,759,0,927,2,928,0,1593,1]
09-21 19:11:24.723 I/sysui_multi_action( 2235): [757,0,758,1,759,0,927,3,928,0,1593,1]
09-21 19:11:24.734 I/sysui_multi_action( 2235): [757,111,758,2]
09-21 19:11:24.735 I/sysui_multi_action( 2235): [757,111,758,2]
09-21 19:11:24.738 I/sysui_multi_action( 2235): [757,111,758,1]
09-21 19:11:24.738 I/sysui_multi_action( 2235): [757,126,758,1,759,126,927,0,928,0,1593,1]
09-21 19:11:24.738 I/sysui_multi_action( 2235): [757,113,758,1,759,113,927,1,928,1,1593,1]
09-21 19:11:24.738 I/sysui_multi_action( 2235): [757,0,758,1,759,0,927,2,928,0,1593,1]
09-21 19:11:24.738 I/sysui_multi_action( 2235): [757,0,758,1,759,0,927,3,928,0,1593,1]
09-21 19:11:24.739 I/sysui_multi_action( 2235): [757,1706,758,1,759,1706,927,4,928,0,1593,1]
09-21 19:11:24.739 I/sysui_multi_action( 2235): [757,491,758,1,759,491,927,5,928,0,1311,2,1593,1]
09-21 19:11:24.739 I/sysui_multi_action( 2235): [757,0,758,1,759,0,927,6,928,0,1593,1]
09-21 19:11:24.739 I/sysui_multi_action( 2235): [757,0,758,1,759,0,927,7,1593,1]
09-21 19:11:24.739 I/sysui_multi_action( 2235): [757,111,758,1]
09-21 19:11:24.739 I/sysui_multi_action( 2235): [757,126,758,1,759,126,927,0,928,0,1593,1]
09-21 19:11:24.739 I/sysui_multi_action( 2235): [757,113,758,1,759,113,927,1,928,1,1593,1]
09-21 19:11:24.739 I/sysui_multi_action( 2235): [757,0,758,1,759,0,927,2,928,0,1593,1]
09-21 19:11:24.739 I/sysui_multi_action( 2235): [757,0,758,1,759,0,927,3,928,0,1593,1]
09-21 19:11:24.751 I/sysui_multi_action( 2235): [757,111,758,2]
09-21 19:11:24.751 I/sysui_multi_action( 2235): [757,111,758,2]
09-21 19:11:24.755 I/sysui_multi_action( 2235): [757,111,758,1]
09-21 19:11:24.755 I/sysui_multi_action( 2235): [757,126,758,1,759,126,927,0,928,0,1593,1]
09-21 19:11:24.755 I/sysui_multi_action( 2235): [757,113,758,1,759,113,927,1,928,1,1593,1]
09-21 19:11:24.755 I/sysui_multi_action( 2235): [757,0,758,1,759,0,927,2,928,0,1593,1]
09-21 19:11:24.755 I/sysui_multi_action( 2235): [757,0,758,1,759,0,927,3,928,0,1593,1]
09-21 19:11:24.755 I/sysui_multi_action( 2235): [757,1706,758,1,759,1706,927,4,928,0,1593,1]
09-21 19:11:24.755 I/sysui_multi_action( 2235): [757,491,758,1,759,491,927,5,928,0,1311,2,1593,1]
09-21 19:11:24.756 I/sysui_multi_action( 2235): [757,0,758,1,759,0,927,6,928,0,1593,1]
09-21 19:11:24.756 I/sysui_multi_action( 2235): [757,0,758,1,759,0,927,7,1593,1]
09-21 19:11:24.756 I/sysui_multi_action( 2235): [757,111,758,1]
09-21 19:11:24.756 I/sysui_multi_action( 2235): [757,126,758,1,759,126,927,0,928,0,1593,1]
09-21 19:11:24.756 I/sysui_multi_action( 2235): [757,113,758,1,759,113,927,1,928,1,1593,1]
09-21 19:11:24.756 I/sysui_multi_action( 2235): [757,0,758,1,759,0,927,2,928,0,1593,1]
09-21 19:11:24.756 I/sysui_multi_action( 2235): [757,0,758,1,759,0,927,3,928,0,1593,1]
09-21 19:11:24.760 I/sysui_multi_action( 1154): [757,128,758,2,793,64786217,794,17051,795,64786217,796,26,798,0,806,android,857,DEVELOPER_IMPORTANT,858,4,947,0,1395,3,1500,64786214,1688,1]
09-21 19:11:24.760 I/notification_visibility( 1154): [-1|android|26|null|1000,0,64786217,64786217,0,0]
09-21 19:11:24.760 I/sysui_multi_action( 1154): [757,128,758,2,793,64786120,794,17049,795,64786120,796,55,798,1,806,android,857,DEVELOPER,858,2,947,0,1395,3,1500,64786119,1688,1]
09-21 19:11:24.760 I/notification_visibility( 1154): [-1|android|55|null|1000,0,64786120,64786120,0,1]
09-21 19:11:24.760 I/sysui_multi_action( 1154): [757,128,758,2,793,64787456,794,17049,795,64787456,796,32,798,2,806,android,857,USB,858,1,947,0,1395,3,1500,64786737,1688,1]
09-21 19:11:24.761 I/notification_visibility( 1154): [-1|android|32|null|1000,0,64787456,64787456,0,2]
09-21 19:11:24.768 I/sysui_multi_action( 2235): [757,111,758,2]
09-21 19:11:24.768 I/sysui_multi_action( 2235): [757,111,758,2]
09-21 19:11:24.771 I/sysui_multi_action( 2235): [757,111,758,1]
09-21 19:11:24.772 I/sysui_multi_action( 2235): [757,126,758,1,759,126,927,0,928,0,1593,1]
09-21 19:11:24.772 I/sysui_multi_action( 2235): [757,113,758,1,759,113,927,1,928,1,1593,1]
09-21 19:11:24.772 I/sysui_multi_action( 2235): [757,0,758,1,759,0,927,2,928,0,1593,1]
09-21 19:11:24.772 I/sysui_multi_action( 2235): [757,0,758,1,759,0,927,3,928,0,1593,1]
09-21 19:11:24.772 I/sysui_multi_action( 2235): [757,1706,758,1,759,1706,927,4,928,0,1593,1]
09-21 19:11:24.772 I/sysui_multi_action( 2235): [757,491,758,1,759,491,927,5,928,0,1311,2,1593,1]
09-21 19:11:24.772 I/sysui_multi_action( 2235): [757,0,758,1,759,0,927,6,928,0,1593,1]
09-21 19:11:24.772 I/sysui_multi_action( 2235): [757,0,758,1,759,0,927,7,1593,1]
09-21 19:11:24.772 I/sysui_multi_action( 2235): [757,111,758,1]
09-21 19:11:24.773 I/sysui_multi_action( 2235): [757,126,758,1,759,126,927,0,928,0,1593,1]
09-21 19:11:24.773 I/sysui_multi_action( 2235): [757,113,758,1,759,113,927,1,928,1,1593,1]
09-21 19:11:24.773 I/sysui_multi_action( 2235): [757,0,758,1,759,0,927,2,928,0,1593,1]
09-21 19:11:24.773 I/sysui_multi_action( 2235): [757,0,758,1,759,0,927,3,928,0,1593,1]
09-21 19:11:24.784 I/sysui_multi_action( 2235): [757,111,758,2]
09-21 19:11:24.785 I/sysui_multi_action( 2235): [757,111,758,2]
09-21 19:11:24.788 I/sysui_multi_action( 2235): [757,111,758,1]
09-21 19:11:24.788 I/sysui_multi_action( 2235): [757,126,758,1,759,126,927,0,928,0,1593,0]
09-21 19:11:24.788 I/sysui_multi_action( 2235): [757,113,758,1,759,113,927,1,928,1,1593,0]
09-21 19:11:24.788 I/sysui_multi_action( 2235): [757,0,758,1,759,0,927,2,928,0,1593,0]
09-21 19:11:24.788 I/sysui_multi_action( 2235): [757,0,758,1,759,0,927,3,928,0,1593,0]
09-21 19:11:24.788 I/sysui_multi_action( 2235): [757,1706,758,1,759,1706,927,4,928,0,1593,0]
09-21 19:11:24.789 I/sysui_multi_action( 2235): [757,491,758,1,759,491,927,5,928,0,1311,2,1593,0]
09-21 19:11:24.789 I/sysui_multi_action( 2235): [757,0,758,1,759,0,927,6,928,0,1593,0]
09-21 19:11:24.789 I/sysui_multi_action( 2235): [757,0,758,1,759,0,927,7,1593,0]
09-21 19:11:24.789 I/sysui_multi_action( 2235): [757,111,758,1]
09-21 19:11:24.789 I/sysui_multi_action( 2235): [757,126,758,1,759,126,927,0,928,0,1593,1]
09-21 19:11:24.789 I/sysui_multi_action( 2235): [757,113,758,1,759,113,927,1,928,1,1593,1]
09-21 19:11:24.789 I/sysui_multi_action( 2235): [757,0,758,1,759,0,927,2,928,0,1593,1]
09-21 19:11:24.789 I/sysui_multi_action( 2235): [757,0,758,1,759,0,927,3,928,0,1593,1]
09-21 19:11:24.801 I/sysui_multi_action( 2235): [757,111,758,2]
09-21 19:11:24.801 I/sysui_multi_action( 2235): [757,111,758,2]
09-21 19:11:24.813 I/sysui_multi_action( 2235): [757,111,758,1]
09-21 19:11:24.813 I/sysui_multi_action( 2235): [757,126,758,1,759,126,927,0,928,0,1593,0]
09-21 19:11:24.813 I/sysui_multi_action( 2235): [757,113,758,1,759,113,927,1,928,1,1593,1]
09-21 19:11:24.814 I/sysui_multi_action( 2235): [757,0,758,1,759,0,927,2,928,0,1593,1]
09-21 19:11:24.814 I/sysui_multi_action( 2235): [757,0,758,1,759,0,927,3,928,0,1593,1]
09-21 19:11:24.814 I/sysui_multi_action( 2235): [757,1706,758,1,759,1706,927,4,928,0,1593,1]
09-21 19:11:24.814 I/sysui_multi_action( 2235): [757,491,758,1,759,491,927,5,928,0,1311,2,1593,0]
09-21 19:11:24.814 I/sysui_multi_action( 2235): [757,0,758,1,759,0,927,6,928,0,1593,0]
09-21 19:11:24.815 I/sysui_multi_action( 2235): [757,0,758,1,759,0,927,7,1593,0]
09-21 19:11:24.815 I/sysui_multi_action( 2235): [757,111,758,1]
09-21 19:11:24.815 I/sysui_multi_action( 2235): [757,126,758,1,759,126,927,0,928,0,1593,1]
09-21 19:11:24.815 I/sysui_multi_action( 2235): [757,113,758,1,759,113,927,1,928,1,1593,1]
09-21 19:11:24.815 I/sysui_multi_action( 2235): [757,0,758,1,759,0,927,2,928,0,1593,1]
09-21 19:11:24.815 I/sysui_multi_action( 2235): [757,0,758,1,759,0,927,3,928,0,1593,1]
09-21 19:11:24.820 I/sysui_multi_action( 2235): [757,111,758,2]
09-21 19:11:24.820 I/sysui_multi_action( 2235): [757,111,758,2]
09-21 19:11:24.821 I/sysui_multi_action( 1154): [757,127,758,2]
09-21 19:11:24.822 I/notification_panel_hidden( 1154):
09-21 19:11:24.832 I/sysui_multi_action( 2235): [757,111,758,1]
09-21 19:11:24.832 I/sysui_multi_action( 2235): [757,126,758,1,759,126,927,0,928,0,1593,1]
09-21 19:11:24.833 I/sysui_multi_action( 2235): [757,113,758,1,759,113,927,1,928,1,1593,1]
09-21 19:11:24.833 I/sysui_multi_action( 2235): [757,0,758,1,759,0,927,2,928,0,1593,1]
09-21 19:11:24.833 I/sysui_multi_action( 2235): [757,0,758,1,759,0,927,3,928,0,1593,1]
09-21 19:11:24.833 I/sysui_multi_action( 2235): [757,1706,758,1,759,1706,927,4,928,0,1593,1]
09-21 19:11:24.833 I/sysui_multi_action( 2235): [757,491,758,1,759,491,927,5,928,0,1311,2,1593,0]
09-21 19:11:24.833 I/sysui_multi_action( 2235): [757,0,758,1,759,0,927,6,928,0,1593,0]
09-21 19:11:24.833 I/sysui_multi_action( 2235): [757,0,758,1,759,0,927,7,1593,0]
09-21 19:11:24.833 I/sysui_multi_action( 2235): [757,111,758,1]
09-21 19:11:24.834 I/sysui_multi_action( 2235): [757,126,758,1,759,126,927,0,928,0,1593,1]
09-21 19:11:24.834 I/sysui_multi_action( 2235): [757,113,758,1,759,113,927,1,928,1,1593,1]
09-21 19:11:24.834 I/sysui_multi_action( 2235): [757,0,758,1,759,0,927,2,928,0,1593,1]
09-21 19:11:24.834 I/sysui_multi_action( 2235): [757,0,758,1,759,0,927,3,928,0,1593,1]
09-21 19:11:25.659 I/input_interaction( 1154): Interaction with: e915a91 StatusBar (server), swipe-up (server), edge-swipe (server), PointerEventDispatcher0 (server),
09-21 19:11:25.673 I/sysui_multi_action( 2235): [757,803,799,panel_open,802,1]
09-21 19:11:25.677 I/sysui_multi_action( 2235): [757,1328,758,4,1326,43,1327,1,1329,0]
09-21 19:11:25.800 I/sysui_multi_action( 1154): [757,127,758,1]
09-21 19:11:25.800 I/sysui_multi_action( 1154): [757,804,799,note_load,801,3,802,1]
09-21 19:11:25.801 I/notification_panel_revealed( 1154): 3
09-21 19:11:25.801 I/sysui_multi_action( 2235): [757,111,758,2]
09-21 19:11:25.802 I/sysui_multi_action( 2235): [757,111,758,2]
09-21 19:11:25.829 I/input_focus( 1154): [Focus request f34a2a3 NotificationShade,reason=UpdateInputWindows]
09-21 19:11:25.833 I/sysui_multi_action( 2235): [757,111,758,1]
09-21 19:11:25.833 I/sysui_multi_action( 2235): [757,126,758,1,759,126,927,0,928,0,1593,0]
09-21 19:11:25.833 I/sysui_multi_action( 2235): [757,113,758,1,759,113,927,1,928,1,1593,0]
09-21 19:11:25.833 I/sysui_multi_action( 2235): [757,0,758,1,759,0,927,2,928,0,1593,0]
09-21 19:11:25.833 I/sysui_multi_action( 2235): [757,0,758,1,759,0,927,3,928,0,1593,0]
09-21 19:11:25.834 I/sysui_multi_action( 2235): [757,1706,758,1,759,1706,927,4,928,0,1593,0]
09-21 19:11:25.834 I/sysui_multi_action( 2235): [757,491,758,1,759,491,927,5,928,0,1311,2,1593,0]
09-21 19:11:25.834 I/sysui_multi_action( 2235): [757,0,758,1,759,0,927,6,928,0,1593,0]
09-21 19:11:25.834 I/sysui_multi_action( 2235): [757,0,758,1,759,0,927,7,1593,0]
09-21 19:11:25.834 I/sysui_multi_action( 2235): [757,111,758,1]
09-21 19:11:25.835 I/sysui_multi_action( 2235): [757,126,758,1,759,126,927,0,928,0,1593,0]
09-21 19:11:25.835 I/sysui_multi_action( 2235): [757,113,758,1,759,113,927,1,928,1,1593,0]
09-21 19:11:25.835 I/sysui_multi_action( 2235): [757,0,758,1,759,0,927,2,928,0,1593,0]
09-21 19:11:25.835 I/sysui_multi_action( 2235): [757,0,758,1,759,0,927,3,928,0,1593,0]
09-21 19:11:25.847 I/sysui_multi_action( 2235): [757,111,758,2]
09-21 19:11:25.847 I/sysui_multi_action( 2235): [757,111,758,2]
09-21 19:11:25.851 I/sysui_multi_action( 2235): [757,111,758,1]
09-21 19:11:25.851 I/sysui_multi_action( 2235): [757,126,758,1,759,126,927,0,928,0,1593,0]
09-21 19:11:25.852 I/sysui_multi_action( 2235): [757,113,758,1,759,113,927,1,928,1,1593,0]
09-21 19:11:25.852 I/sysui_multi_action( 2235): [757,0,758,1,759,0,927,2,928,0,1593,0]
09-21 19:11:25.852 I/sysui_multi_action( 2235): [757,0,758,1,759,0,927,3,928,0,1593,0]
09-21 19:11:25.852 I/sysui_multi_action( 2235): [757,1706,758,1,759,1706,927,4,928,0,1593,0]
09-21 19:11:25.852 I/sysui_multi_action( 2235): [757,491,758,1,759,491,927,5,928,0,1311,2,1593,0]
09-21 19:11:25.852 I/sysui_multi_action( 2235): [757,0,758,1,759,0,927,6,928,0,1593,0]
09-21 19:11:25.852 I/sysui_multi_action( 2235): [757,0,758,1,759,0,927,7,1593,0]
09-21 19:11:25.853 I/sysui_multi_action( 2235): [757,111,758,1]
09-21 19:11:25.853 I/sysui_multi_action( 2235): [757,126,758,1,759,126,927,0,928,0,1593,0]
09-21 19:11:25.853 I/sysui_multi_action( 2235): [757,113,758,1,759,113,927,1,928,1,1593,0]
09-21 19:11:25.853 I/sysui_multi_action( 2235): [757,0,758,1,759,0,927,2,928,0,1593,0]
09-21 19:11:25.853 I/sysui_multi_action( 2235): [757,0,758,1,759,0,927,3,928,0,1593,0]
09-21 19:11:25.856 I/input_focus( 1154): [Focus leaving df9195e com.android.launcher3/com.android.launcher3.uioverrides.QuickstepLauncher (server),reason=setFocusedWindow]
09-21 19:11:25.856 I/input_focus( 1154): [Focus entering f34a2a3 NotificationShade (server),reason=setFocusedWindow]
09-21 19:11:25.865 I/sysui_multi_action( 2235): [757,111,758,2]
09-21 19:11:25.865 I/sysui_multi_action( 2235): [757,111,758,2]
09-21 19:11:25.871 I/sysui_multi_action( 2235): [757,111,758,1]
09-21 19:11:25.871 I/sysui_multi_action( 2235): [757,126,758,1,759,126,927,0,928,0,1593,0]
09-21 19:11:25.871 I/sysui_multi_action( 2235): [757,113,758,1,759,113,927,1,928,1,1593,0]
09-21 19:11:25.871 I/sysui_multi_action( 2235): [757,0,758,1,759,0,927,2,928,0,1593,0]
09-21 19:11:25.871 I/sysui_multi_action( 2235): [757,0,758,1,759,0,927,3,928,0,1593,0]
09-21 19:11:25.871 I/sysui_multi_action( 2235): [757,1706,758,1,759,1706,927,4,928,0,1593,0]
09-21 19:11:25.872 I/sysui_multi_action( 2235): [757,491,758,1,759,491,927,5,928,0,1311,2,1593,0]
09-21 19:11:25.872 I/sysui_multi_action( 2235): [757,0,758,1,759,0,927,6,928,0,1593,0]
09-21 19:11:25.872 I/sysui_multi_action( 2235): [757,0,758,1,759,0,927,7,1593,0]
09-21 19:11:25.872 I/sysui_multi_action( 2235): [757,111,758,1]
09-21 19:11:25.872 I/sysui_multi_action( 2235): [757,126,758,1,759,126,927,0,928,0,1593,0]
09-21 19:11:25.872 I/sysui_multi_action( 2235): [757,113,758,1,759,113,927,1,928,1,1593,0]
09-21 19:11:25.873 I/sysui_multi_action( 2235): [757,0,758,1,759,0,927,2,928,0,1593,0]
09-21 19:11:25.873 I/sysui_multi_action( 2235): [757,0,758,1,759,0,927,3,928,0,1593,0]
09-21 19:11:25.886 I/sysui_multi_action( 2235): [757,111,758,2]
09-21 19:11:25.887 I/sysui_multi_action( 2235): [757,111,758,2]
09-21 19:11:25.893 I/sysui_multi_action( 2235): [757,111,758,1]
09-21 19:11:25.893 I/sysui_multi_action( 2235): [757,126,758,1,759,126,927,0,928,0,1593,0]
09-21 19:11:25.893 I/sysui_multi_action( 2235): [757,113,758,1,759,113,927,1,928,1,1593,0]
09-21 19:11:25.893 I/sysui_multi_action( 2235): [757,0,758,1,759,0,927,2,928,0,1593,0]
09-21 19:11:25.893 I/sysui_multi_action( 2235): [757,0,758,1,759,0,927,3,928,0,1593,0]
09-21 19:11:25.893 I/sysui_multi_action( 2235): [757,1706,758,1,759,1706,927,4,928,0,1593,0]
09-21 19:11:25.894 I/sysui_multi_action( 2235): [757,491,758,1,759,491,927,5,928,0,1311,2,1593,0]
09-21 19:11:25.894 I/sysui_multi_action( 2235): [757,0,758,1,759,0,927,6,928,0,1593,0]
09-21 19:11:25.894 I/sysui_multi_action( 2235): [757,0,758,1,759,0,927,7,1593,0]
09-21 19:11:25.894 I/sysui_multi_action( 2235): [757,111,758,1]
09-21 19:11:25.894 I/sysui_multi_action( 2235): [757,126,758,1,759,126,927,0,928,0,1593,0]
09-21 19:11:25.894 I/sysui_multi_action( 2235): [757,113,758,1,759,113,927,1,928,1,1593,0]
09-21 19:11:25.894 I/sysui_multi_action( 2235): [757,0,758,1,759,0,927,2,928,0,1593,0]
09-21 19:11:25.895 I/sysui_multi_action( 2235): [757,0,758,1,759,0,927,3,928,0,1593,0]
