09-21 19:28:27.098 V/bt_stack( 2214): [VERBOSE1:btm_ble_gap.cc(2726)] btm_ble_process_ext_adv_pkt: bda=6b:f5:a9:e6:61:34
09-21 19:28:27.098 V/bt_stack( 2214): [VERBOSE1:btm_ble_gap.cc(2650)] btm_ble_process_adv_addr: bda=6b:f5:a9:e6:61:34
09-21 19:28:27.099 V/bt_stack( 2214): [VERBOSE1:btm_ble_gap.cc(2855)] Waiting for scan response 6b:f5:a9:e6:61:34
09-21 19:28:27.099 V/bt_stack( 2214): [VERBOSE1:btm_ble_gap.cc(2726)] btm_ble_process_ext_adv_pkt: bda=6b:f5:a9:e6:61:34
09-21 19:28:27.099 V/bt_stack( 2214): [VERBOSE1:btm_ble_gap.cc(2650)] btm_ble_process_adv_addr: bda=6b:f5:a9:e6:61:34
09-21 19:28:27.099 V/bt_stack( 2214): [VERBOSE1:btm_ble_gap.cc(2886)] btm_ble_process_adv_pkt_cont skipped BDA 6b:f5:a9:e6:61:34
09-21 19:28:27.104 V/bt_stack( 2214): [VERBOSE1:btm_ble_gap.cc(2726)] btm_ble_process_ext_adv_pkt: bda=6c:8c:d2:6e:7e:fd
09-21 19:28:27.105 V/bt_stack( 2214): [VERBOSE1:btm_ble_gap.cc(2650)] btm_ble_process_adv_addr: bda=6c:8c:d2:6e:7e:fd
09-21 19:28:27.105 V/bt_stack( 2214): [VERBOSE1:btm_ble_gap.cc(2855)] Waiting for scan response 6c:8c:d2:6e:7e:fd
09-21 19:28:27.105 V/bt_stack( 2214): [VERBOSE1:btm_ble_gap.cc(2726)] btm_ble_process_ext_adv_pkt: bda=40:b3:5d:d0:70:99
09-21 19:28:27.105 V/bt_stack( 2214): [VERBOSE1:btm_ble_gap.cc(2650)] btm_ble_process_adv_addr: bda=40:b3:5d:d0:70:99
09-21 19:28:27.105 V/bt_stack( 2214): [VERBOSE1:btm_ble_gap.cc(2886)] btm_ble_process_adv_pkt_cont skipped BDA 40:b3:5d:d0:70:99
09-21 19:28:27.108 V/bt_stack( 2214): [VERBOSE1:btm_ble_gap.cc(2726)] btm_ble_process_ext_adv_pkt: bda=24:e6:de:31:44:d4
09-21 19:28:27.108 V/bt_stack( 2214): [VERBOSE1:btm_ble_gap.cc(2650)] btm_ble_process_adv_addr: bda=24:e6:de:31:44:d4
09-21 19:28:27.108 V/bt_stack( 2214): [VERBOSE1:btm_ble_gap.cc(2886)] btm_ble_process_adv_pkt_cont skipped BDA 24:e6:de:31:44:d4
09-21 19:28:27.110 V/bt_stack( 2214): [VERBOSE1:btm_ble_gap.cc(2726)] btm_ble_process_ext_adv_pkt: bda=38:dc:cb:8e:be:99
09-21 19:28:27.111 V/bt_stack( 2214): [VERBOSE1:btm_ble_gap.cc(2650)] btm_ble_process_adv_addr: bda=38:dc:cb:8e:be:99
09-21 19:28:27.111 V/bt_stack( 2214): [VERBOSE1:btm_ble_gap.cc(2886)] btm_ble_process_adv_pkt_cont skipped BDA 38:dc:cb:8e:be:99
09-21 19:28:27.112 V/bt_stack( 2214): [VERBOSE1:btm_ble_gap.cc(2726)] btm_ble_process_ext_adv_pkt: bda=5c:24:32:dd:3e:3e
09-21 19:28:27.112 V/bt_stack( 2214): [VERBOSE1:btm_ble_gap.cc(2650)] btm_ble_process_adv_addr: bda=5c:24:32:dd:3e:3e
09-21 19:28:27.112 V/bt_stack( 2214): [VERBOSE1:btm_ble_gap.cc(2886)] btm_ble_process_adv_pkt_cont skipped BDA 5c:24:32:dd:3e:3e
09-21 19:28:27.115 V/bt_stack( 2214): [VERBOSE1:btm_ble_gap.cc(2726)] btm_ble_process_ext_adv_pkt: bda=21:2b:31:5e:59:18
09-21 19:28:27.115 V/bt_stack( 2214): [VERBOSE1:btm_ble_gap.cc(2650)] btm_ble_process_adv_addr: bda=21:2b:31:5e:59:18
09-21 19:28:27.115 V/bt_stack( 2214): [VERBOSE1:btm_ble_gap.cc(2886)] btm_ble_process_adv_pkt_cont skipped BDA 21:2b:31:5e:59:18
09-21 19:28:27.119 V/bt_stack( 2214): [VERBOSE1:btm_ble_gap.cc(2726)] btm_ble_process_ext_adv_pkt: bda=04:7a:0b:1a:01:08
09-21 19:28:27.119 V/bt_stack( 2214): [VERBOSE1:btm_ble_gap.cc(2650)] btm_ble_process_adv_addr: bda=04:7a:0b:1a:01:08
09-21 19:28:27.119 V/bt_stack( 2214): [VERBOSE1:btm_ble_gap.cc(2886)] btm_ble_process_adv_pkt_cont skipped BDA 04:7a:0b:1a:01:08
09-21 19:28:27.120 V/bt_stack( 2214): [VERBOSE1:btm_ble_gap.cc(2726)] btm_ble_process_ext_adv_pkt: bda=20:6e:43:6c:d3:ba
09-21 19:28:27.120 V/bt_stack( 2214): [VERBOSE1:btm_ble_gap.cc(2650)] btm_ble_process_adv_addr: bda=20:6e:43:6c:d3:ba
09-21 19:28:27.120 W/bt_btm_ble( 2214): btm_ble_process_adv_pkt_cont device no longer discoverable, discarding advertising packet
09-21 19:28:27.122 V/bt_stack( 2214): [VERBOSE1:btm_ble_gap.cc(2726)] btm_ble_process_ext_adv_pkt: bda=04:7a:0b:18:83:60
09-21 19:28:27.122 V/bt_stack( 2214): [VERBOSE1:btm_ble_gap.cc(2650)] btm_ble_process_adv_addr: bda=04:7a:0b:18:83:60
09-21 19:28:27.122 V/bt_stack( 2214): [VERBOSE1:btm_ble_gap.cc(2886)] btm_ble_process_adv_pkt_cont skipped BDA 04:7a:0b:18:83:60
09-21 19:28:27.128 V/bt_stack( 2214): [VERBOSE1:btm_ble_gap.cc(2726)] btm_ble_process_ext_adv_pkt: bda=7e:0b:6a:5f:d6:b7
09-21 19:28:27.128 V/bt_stack( 2214): [VERBOSE1:btm_ble_gap.cc(2650)] btm_ble_process_adv_addr: bda=7e:0b:6a:5f:d6:b7
09-21 19:28:27.128 V/bt_stack( 2214): [VERBOSE1:btm_ble_gap.cc(2855)] Waiting for scan response 7e:0b:6a:5f:d6:b7
09-21 19:28:27.128 V/bt_stack( 2214): [VERBOSE1:btm_ble_gap.cc(2726)] btm_ble_process_ext_adv_pkt: bda=7e:0b:6a:5f:d6:b7
09-21 19:28:27.128 V/bt_stack( 2214): [VERBOSE1:btm_ble_gap.cc(2650)] btm_ble_process_adv_addr: bda=7e:0b:6a:5f:d6:b7
09-21 19:28:27.128 V/bt_stack( 2214): [VERBOSE1:btm_ble_gap.cc(2886)] btm_ble_process_adv_pkt_cont skipped BDA 7e:0b:6a:5f:d6:b7
09-21 19:28:27.129 V/bt_stack( 2214): [VERBOSE1:btm_ble_gap.cc(2726)] btm_ble_process_ext_adv_pkt: bda=f4:2f:71:bc:ad:cf
09-21 19:28:27.129 V/bt_stack( 2214): [VERBOSE1:btm_ble_gap.cc(2650)] btm_ble_process_adv_addr: bda=f4:2f:71:bc:ad:cf
09-21 19:28:27.129 V/bt_stack( 2214): [VERBOSE1:btm_ble_gap.cc(2855)] Waiting for scan response f4:2f:71:bc:ad:cf
09-21 19:28:27.130 V/bt_stack( 2214): [VERBOSE1:btm_ble_gap.cc(2726)] btm_ble_process_ext_adv_pkt: bda=f4:2f:71:bc:ad:cf
09-21 19:28:27.130 V/bt_stack( 2214): [VERBOSE1:btm_ble_gap.cc(2650)] btm_ble_process_adv_addr: bda=f4:2f:71:bc:ad:cf
09-21 19:28:27.130 V/bt_stack( 2214): [VERBOSE1:btm_ble_gap.cc(2886)] btm_ble_process_adv_pkt_cont skipped BDA f4:2f:71:bc:ad:cf
09-21 19:28:27.131 V/bt_stack( 2214): [VERBOSE1:btm_ble_gap.cc(2726)] btm_ble_process_ext_adv_pkt: bda=38:92:a7:35:61:27
09-21 19:28:27.131 V/bt_stack( 2214): [VERBOSE1:btm_ble_gap.cc(2650)] btm_ble_process_adv_addr: bda=38:92:a7:35:61:27
09-21 19:28:27.131 V/bt_stack( 2214): [VERBOSE1:btm_ble_gap.cc(2886)] btm_ble_process_adv_pkt_cont skipped BDA 38:92:a7:35:61:27
09-21 19:28:27.137 V/bt_stack( 2214): [VERBOSE1:btm_ble_gap.cc(2726)] btm_ble_process_ext_adv_pkt: bda=0d:48:6f:53:8a:67
09-21 19:28:27.137 V/bt_stack( 2214): [VERBOSE1:btm_ble_gap.cc(2650)] btm_ble_process_adv_addr: bda=0d:48:6f:53:8a:67
09-21 19:28:27.137 V/bt_stack( 2214): [VERBOSE1:btm_ble_gap.cc(2886)] btm_ble_process_adv_pkt_cont skipped BDA 0d:48:6f:53:8a:67
09-21 19:28:27.149 V/bt_stack( 2214): [VERBOSE1:btm_ble_gap.cc(2726)] btm_ble_process_ext_adv_pkt: bda=3f:69:ec:48:74:e4
09-21 19:28:27.149 V/bt_stack( 2214): [VERBOSE1:btm_ble_gap.cc(2650)] btm_ble_process_adv_addr: bda=3f:69:ec:48:74:e4
09-21 19:28:27.149 V/bt_stack( 2214): [VERBOSE1:btm_ble_gap.cc(2886)] btm_ble_process_adv_pkt_cont skipped BDA 3f:69:ec:48:74:e4
09-21 19:28:27.150 V/bt_stack( 2214): [VERBOSE1:btm_ble_gap.cc(2726)] btm_ble_process_ext_adv_pkt: bda=53:a3:80:c8:d3:e6
09-21 19:28:27.150 V/bt_stack( 2214): [VERBOSE1:btm_ble_gap.cc(2650)] btm_ble_process_adv_addr: bda=53:a3:80:c8:d3:e6
09-21 19:28:27.150 V/bt_stack( 2214): [VERBOSE1:btm_ble_gap.cc(2855)] Waiting for scan response 53:a3:80:c8:d3:e6
09-21 19:28:27.150 V/bt_stack( 2214): [VERBOSE1:btm_ble_gap.cc(2726)] btm_ble_process_ext_adv_pkt: bda=53:a3:80:c8:d3:e6
09-21 19:28:27.150 V/bt_stack( 2214): [VERBOSE1:btm_ble_gap.cc(2650)] btm_ble_process_adv_addr: bda=53:a3:80:c8:d3:e6
09-21 19:28:27.151 V/bt_stack( 2214): [VERBOSE1:btm_ble_gap.cc(2886)] btm_ble_process_adv_pkt_cont skipped BDA 53:a3:80:c8:d3:e6
09-21 19:28:27.151 V/bt_stack( 2214): [VERBOSE1:btm_ble_gap.cc(2726)] btm_ble_process_ext_adv_pkt: bda=32:86:8f:48:1e:af
09-21 19:28:27.151 V/bt_stack( 2214): [VERBOSE1:btm_ble_gap.cc(2650)] btm_ble_process_adv_addr: bda=32:86:8f:48:1e:af
09-21 19:28:27.151 V/bt_stack( 2214): [VERBOSE1:btm_ble_gap.cc(2886)] btm_ble_process_adv_pkt_cont skipped BDA 32:86:8f:48:1e:af
09-21 19:28:27.195 V/bt_stack( 2214): [VERBOSE1:btm_ble_gap.cc(2726)] btm_ble_process_ext_adv_pkt: bda=3a:e8:48:a0:1d:6e
09-21 19:28:27.195 V/bt_stack( 2214): [VERBOSE1:btm_ble_gap.cc(2650)] btm_ble_process_adv_addr: bda=3a:e8:48:a0:1d:6e
09-21 19:28:27.195 V/bt_stack( 2214): [VERBOSE1:btm_ble_gap.cc(2886)] btm_ble_process_adv_pkt_cont skipped BDA 3a:e8:48:a0:1d:6e
09-21 19:28:27.202 V/bt_stack( 2214): [VERBOSE1:btm_ble_gap.cc(2726)] btm_ble_process_ext_adv_pkt: bda=64:b8:67:44:3f:71
09-21 19:28:27.202 V/bt_stack( 2214): [VERBOSE1:btm_ble_gap.cc(2650)] btm_ble_process_adv_addr: bda=64:b8:67:44:3f:71
09-21 19:28:27.202 V/bt_stack( 2214): [VERBOSE1:btm_ble_gap.cc(2855)] Waiting for scan response 64:b8:67:44:3f:71
09-21 19:28:27.203 V/bt_stack( 2214): [VERBOSE1:btm_ble_gap.cc(2726)] btm_ble_process_ext_adv_pkt: bda=64:b8:67:44:3f:71
09-21 19:28:27.203 V/bt_stack( 2214): [VERBOSE1:btm_ble_gap.cc(2650)] btm_ble_process_adv_addr: bda=64:b8:67:44:3f:71
09-21 19:28:27.203 V/bt_stack( 2214): [VERBOSE1:btm_ble_gap.cc(2886)] btm_ble_process_adv_pkt_cont skipped BDA 64:b8:67:44:3f:71
09-21 19:28:27.206 V/bt_stack( 2214): [VERBOSE1:btm_ble_gap.cc(2726)] btm_ble_process_ext_adv_pkt: bda=6a:79:1b:3a:2a:f6
09-21 19:28:27.206 V/bt_stack( 2214): [VERBOSE1:btm_ble_gap.cc(2650)] btm_ble_process_adv_addr: bda=6a:79:1b:3a:2a:f6
09-21 19:28:27.207 V/bt_stack( 2214): [VERBOSE1:btm_ble_gap.cc(2855)] Waiting for scan response 6a:79:1b:3a:2a:f6
09-21 19:28:27.208 V/bt_stack( 2214): [VERBOSE1:btm_ble_gap.cc(2726)] btm_ble_process_ext_adv_pkt: bda=3c:64:be:e3:17:01
09-21 19:28:27.208 V/bt_stack( 2214): [VERBOSE1:btm_ble_gap.cc(2650)] btm_ble_process_adv_addr: bda=3c:64:be:e3:17:01
09-21 19:28:27.208 V/bt_stack( 2214): [VERBOSE1:btm_ble_gap.cc(2886)] btm_ble_process_adv_pkt_cont skipped BDA 3c:64:be:e3:17:01
09-21 19:28:27.214 V/bt_stack( 2214): [VERBOSE1:btm_ble_gap.cc(2726)] btm_ble_process_ext_adv_pkt: bda=5c:24:32:dd:3e:3e
09-21 19:28:27.214 V/bt_stack( 2214): [VERBOSE1:btm_ble_gap.cc(2650)] btm_ble_process_adv_addr: bda=5c:24:32:dd:3e:3e
09-21 19:28:27.214 V/bt_stack( 2214): [VERBOSE1:btm_ble_gap.cc(2886)] btm_ble_process_adv_pkt_cont skipped BDA 5c:24:32:dd:3e:3e
09-21 19:28:27.216 V/bt_stack( 2214): [VERBOSE1:btm_ble_gap.cc(2726)] btm_ble_process_ext_adv_pkt: bda=f4:2f:71:bc:ad:cf
09-21 19:28:27.216 V/bt_stack( 2214): [VERBOSE1:btm_ble_gap.cc(2650)] btm_ble_process_adv_addr: bda=f4:2f:71:bc:ad:cf
09-21 19:28:27.216 V/bt_stack( 2214): [VERBOSE1:btm_ble_gap.cc(2855)] Waiting for scan response f4:2f:71:bc:ad:cf
09-21 19:28:27.217 V/bt_stack( 2214): [VERBOSE1:btm_ble_gap.cc(2726)] btm_ble_process_ext_adv_pkt: bda=f4:2f:71:bc:ad:cf
09-21 19:28:27.218 V/bt_stack( 2214): [VERBOSE1:btm_ble_gap.cc(2650)] btm_ble_process_adv_addr: bda=f4:2f:71:bc:ad:cf
09-21 19:28:27.218 V/bt_stack( 2214): [VERBOSE1:btm_ble_gap.cc(2886)] btm_ble_process_adv_pkt_cont skipped BDA f4:2f:71:bc:ad:cf
09-21 19:28:27.218 V/bt_stack( 2214): [VERBOSE1:btm_ble_gap.cc(2726)] btm_ble_process_ext_adv_pkt: bda=21:2b:31:5e:59:18
09-21 19:28:27.218 V/bt_stack( 2214): [VERBOSE1:btm_ble_gap.cc(2650)] btm_ble_process_adv_addr: bda=21:2b:31:5e:59:18
09-21 19:28:27.218 V/bt_stack( 2214): [VERBOSE1:btm_ble_gap.cc(2886)] btm_ble_process_adv_pkt_cont skipped BDA 21:2b:31:5e:59:18
09-21 19:28:27.220 V/bt_stack( 2214): [VERBOSE1:btm_ble_gap.cc(2726)] btm_ble_process_ext_adv_pkt: bda=38:dc:cb:8e:be:99
09-21 19:28:27.220 V/bt_stack( 2214): [VERBOSE1:btm_ble_gap.cc(2650)] btm_ble_process_adv_addr: bda=38:dc:cb:8e:be:99
09-21 19:28:27.220 V/bt_stack( 2214): [VERBOSE1:btm_ble_gap.cc(2886)] btm_ble_process_adv_pkt_cont skipped BDA 38:dc:cb:8e:be:99
09-21 19:28:27.222 V/bt_stack( 2214): [VERBOSE1:btm_ble_gap.cc(2726)] btm_ble_process_ext_adv_pkt: bda=39:ee:5c:41:ad:e7
09-21 19:28:27.222 V/bt_stack( 2214): [VERBOSE1:btm_ble_gap.cc(2650)] btm_ble_process_adv_addr: bda=39:ee:5c:41:ad:e7
09-21 19:28:27.222 V/bt_stack( 2214): [VERBOSE1:btm_ble_gap.cc(2886)] btm_ble_process_adv_pkt_cont skipped BDA 39:ee:5c:41:ad:e7
09-21 19:28:27.237 V/bt_stack( 2214): [VERBOSE1:btm_ble_gap.cc(2726)] btm_ble_process_ext_adv_pkt: bda=22:81:02:38:d2:78
09-21 19:28:27.237 V/bt_stack( 2214): [VERBOSE1:btm_ble_gap.cc(2650)] btm_ble_process_adv_addr: bda=22:81:02:38:d2:78
09-21 19:28:27.237 V/bt_stack( 2214): [VERBOSE1:btm_ble_gap.cc(2886)] btm_ble_process_adv_pkt_cont skipped BDA 22:81:02:38:d2:78
09-21 19:28:27.244 V/bt_stack( 2214): [VERBOSE1:btm_ble_gap.cc(2726)] btm_ble_process_ext_adv_pkt: bda=3f:69:ec:48:74:e4
09-21 19:28:27.244 V/bt_stack( 2214): [VERBOSE1:btm_ble_gap.cc(2650)] btm_ble_process_adv_addr: bda=3f:69:ec:48:74:e4
09-21 19:28:27.244 V/bt_stack( 2214): [VERBOSE1:btm_ble_gap.cc(2886)] btm_ble_process_adv_pkt_cont skipped BDA 3f:69:ec:48:74:e4
09-21 19:28:27.245 V/bt_stack( 2214): [VERBOSE1:btm_ble_gap.cc(2726)] btm_ble_process_ext_adv_pkt: bda=0d:48:6f:53:8a:67
09-21 19:28:27.245 V/bt_stack( 2214): [VERBOSE1:btm_ble_gap.cc(2650)] btm_ble_process_adv_addr: bda=0d:48:6f:53:8a:67
09-21 19:28:27.245 V/bt_stack( 2214): [VERBOSE1:btm_ble_gap.cc(2886)] btm_ble_process_adv_pkt_cont skipped BDA 0d:48:6f:53:8a:67
09-21 19:28:27.247 V/bt_stack( 2214): [VERBOSE1:btm_ble_gap.cc(2726)] btm_ble_process_ext_adv_pkt: bda=f4:2f:71:bc:ad:cf
09-21 19:28:27.248 V/bt_stack( 2214): [VERBOSE1:btm_ble_gap.cc(2650)] btm_ble_process_adv_addr: bda=f4:2f:71:bc:ad:cf
09-21 19:28:27.248 V/bt_stack( 2214): [VERBOSE1:btm_ble_gap.cc(2855)] Waiting for scan response f4:2f:71:bc:ad:cf
09-21 19:28:27.248 V/bt_stack( 2214): [VERBOSE1:btm_ble_gap.cc(2726)] btm_ble_process_ext_adv_pkt: bda=f4:2f:71:bc:ad:cf
09-21 19:28:27.248 V/bt_stack( 2214): [VERBOSE1:btm_ble_gap.cc(2650)] btm_ble_process_adv_addr: bda=f4:2f:71:bc:ad:cf
09-21 19:28:27.248 V/bt_stack( 2214): [VERBOSE1:btm_ble_gap.cc(2886)] btm_ble_process_adv_pkt_cont skipped BDA f4:2f:71:bc:ad:cf
09-21 19:28:27.250 V/bt_stack( 2214): [VERBOSE1:btm_ble_gap.cc(2726)] btm_ble_process_ext_adv_pkt: bda=32:86:8f:48:1e:af
09-21 19:28:27.250 V/bt_stack( 2214): [VERBOSE1:btm_ble_gap.cc(2650)] btm_ble_process_adv_addr: bda=32:86:8f:48:1e:af
09-21 19:28:27.250 V/bt_stack( 2214): [VERBOSE1:btm_ble_gap.cc(2886)] btm_ble_process_adv_pkt_cont skipped BDA 32:86:8f:48:1e:af
09-21 19:28:27.255 V/bt_stack( 2214): [VERBOSE1:btm_ble_gap.cc(2726)] btm_ble_process_ext_adv_pkt: bda=02:68:34:f9:72:c2
09-21 19:28:27.255 V/bt_stack( 2214): [VERBOSE1:btm_ble_gap.cc(2650)] btm_ble_process_adv_addr: bda=02:68:34:f9:72:c2
09-21 19:28:27.255 V/bt_stack( 2214): [VERBOSE1:btm_ble_gap.cc(2886)] btm_ble_process_adv_pkt_cont skipped BDA 02:68:34:f9:72:c2
09-21 19:28:27.257 V/bt_stack( 2214): [VERBOSE1:btm_ble_gap.cc(2726)] btm_ble_process_ext_adv_pkt: bda=04:a8:af:7c:64:e3
09-21 19:28:27.257 V/bt_stack( 2214): [VERBOSE1:btm_ble_gap.cc(2650)] btm_ble_process_adv_addr: bda=04:a8:af:7c:64:e3
09-21 19:28:27.257 V/bt_stack( 2214): [VERBOSE1:btm_ble_gap.cc(2886)] btm_ble_process_adv_pkt_cont skipped BDA 04:a8:af:7c:64:e3
09-21 19:28:27.258 V/bt_stack( 2214): [VERBOSE1:btm_ble_gap.cc(2726)] btm_ble_process_ext_adv_pkt: bda=14:71:2c:be:32:6e
09-21 19:28:27.258 V/bt_stack( 2214): [VERBOSE1:btm_ble_gap.cc(2650)] btm_ble_process_adv_addr: bda=14:71:2c:be:32:6e
09-21 19:28:27.258 V/bt_stack( 2214): [VERBOSE1:btm_ble_gap.cc(2886)] btm_ble_process_adv_pkt_cont skipped BDA 14:71:2c:be:32:6e
09-21 19:28:27.265 V/bt_stack( 2214): [VERBOSE1:btm_ble_gap.cc(2726)] btm_ble_process_ext_adv_pkt: bda=7e:0b:6a:5f:d6:b7
09-21 19:28:27.265 V/bt_stack( 2214): [VERBOSE1:btm_ble_gap.cc(2650)] btm_ble_process_adv_addr: bda=7e:0b:6a:5f:d6:b7
09-21 19:28:27.265 V/bt_stack( 2214): [VERBOSE1:btm_ble_gap.cc(2855)] Waiting for scan response 7e:0b:6a:5f:d6:b7
09-21 19:28:27.265 V/bt_stack( 2214): [VERBOSE1:btm_ble_gap.cc(2726)] btm_ble_process_ext_adv_pkt: bda=7e:0b:6a:5f:d6:b7
09-21 19:28:27.265 V/bt_stack( 2214): [VERBOSE1:btm_ble_gap.cc(2650)] btm_ble_process_adv_addr: bda=7e:0b:6a:5f:d6:b7
09-21 19:28:27.265 V/bt_stack( 2214): [VERBOSE1:btm_ble_gap.cc(2886)] btm_ble_process_adv_pkt_cont skipped BDA 7e:0b:6a:5f:d6:b7
09-21 19:28:27.270 V/bt_stack( 2214): [VERBOSE1:btm_ble_gap.cc(2726)] btm_ble_process_ext_adv_pkt: bda=16:cb:14:b0:6d:ca
09-21 19:28:27.270 V/bt_stack( 2214): [VERBOSE1:btm_ble_gap.cc(2650)] btm_ble_process_adv_addr: bda=16:cb:14:b0:6d:ca
09-21 19:28:27.270 V/bt_stack( 2214): [VERBOSE1:btm_ble_gap.cc(2886)] btm_ble_process_adv_pkt_cont skipped BDA 16:cb:14:b0:6d:ca
09-21 19:28:27.271 V/bt_stack( 2214): [VERBOSE1:btm_ble_gap.cc(2726)] btm_ble_process_ext_adv_pkt: bda=02:e2:c3:30:22:dc
09-21 19:28:27.271 V/bt_stack( 2214): [VERBOSE1:btm_ble_gap.cc(2650)] btm_ble_process_adv_addr: bda=02:e2:c3:30:22:dc
09-21 19:28:27.271 V/bt_stack( 2214): [VERBOSE1:btm_ble_gap.cc(2886)] btm_ble_process_adv_pkt_cont skipped BDA 02:e2:c3:30:22:dc
09-21 19:28:27.272 V/bt_stack( 2214): [VERBOSE1:btm_ble_gap.cc(2726)] btm_ble_process_ext_adv_pkt: bda=27:f6:ce:8f:4f:45
09-21 19:28:27.272 V/bt_stack( 2214): [VERBOSE1:btm_ble_gap.cc(2650)] btm_ble_process_adv_addr: bda=27:f6:ce:8f:4f:45
09-21 19:28:27.272 V/bt_stack( 2214): [VERBOSE1:btm_ble_gap.cc(2886)] btm_ble_process_adv_pkt_cont skipped BDA 27:f6:ce:8f:4f:45
09-21 19:28:27.283 V/bt_stack( 2214): [VERBOSE1:btm_ble_gap.cc(2726)] btm_ble_process_ext_adv_pkt: bda=f4:2f:71:bc:ad:cf
09-21 19:28:27.284 V/bt_stack( 2214): [VERBOSE1:btm_ble_gap.cc(2650)] btm_ble_process_adv_addr: bda=f4:2f:71:bc:ad:cf
09-21 19:28:27.284 V/bt_stack( 2214): [VERBOSE1:btm_ble_gap.cc(2855)] Waiting for scan response f4:2f:71:bc:ad:cf
09-21 19:28:27.284 V/bt_stack( 2214): [VERBOSE1:btm_ble_gap.cc(2726)] btm_ble_process_ext_adv_pkt: bda=f4:2f:71:bc:ad:cf
09-21 19:28:27.284 V/bt_stack( 2214): [VERBOSE1:btm_ble_gap.cc(2650)] btm_ble_process_adv_addr: bda=f4:2f:71:bc:ad:cf
09-21 19:28:27.284 V/bt_stack( 2214): [VERBOSE1:btm_ble_gap.cc(2886)] btm_ble_process_adv_pkt_cont skipped BDA f4:2f:71:bc:ad:cf
09-21 19:28:27.286 V/bt_stack( 2214): [VERBOSE1:btm_ble_gap.cc(2726)] btm_ble_process_ext_adv_pkt: bda=2f:6a:67:78:12:fc
09-21 19:28:27.286 V/bt_stack( 2214): [VERBOSE1:btm_ble_gap.cc(2650)] btm_ble_process_adv_addr: bda=2f:6a:67:78:12:fc
09-21 19:28:27.286 V/bt_stack( 2214): [VERBOSE1:btm_ble_gap.cc(2886)] btm_ble_process_adv_pkt_cont skipped BDA 2f:6a:67:78:12:fc
09-21 19:28:27.287 V/bt_stack( 2214): [VERBOSE1:btm_ble_gap.cc(2726)] btm_ble_process_ext_adv_pkt: bda=0e:f4:16:09:e5:1e
09-21 19:28:27.287 V/bt_stack( 2214): [VERBOSE1:btm_ble_gap.cc(2650)] btm_ble_process_adv_addr: bda=0e:f4:16:09:e5:1e
09-21 19:28:27.287 V/bt_stack( 2214): [VERBOSE1:btm_ble_gap.cc(2886)] btm_ble_process_adv_pkt_cont skipped BDA 0e:f4:16:09:e5:1e
09-21 19:28:27.293 V/bt_stack( 2214): [VERBOSE1:btm_ble_gap.cc(2726)] btm_ble_process_ext_adv_pkt: bda=59:8b:15:41:d3:83
09-21 19:28:27.293 V/bt_stack( 2214): [VERBOSE1:btm_ble_gap.cc(2650)] btm_ble_process_adv_addr: bda=59:8b:15:41:d3:83
09-21 19:28:27.293 V/bt_stack( 2214): [VERBOSE1:btm_ble_gap.cc(2855)] Waiting for scan response 59:8b:15:41:d3:83
09-21 19:28:27.294 V/bt_stack( 2214): [VERBOSE1:btm_ble_gap.cc(2726)] btm_ble_process_ext_adv_pkt: bda=59:8b:15:41:d3:83
09-21 19:28:27.294 V/bt_stack( 2214): [VERBOSE1:btm_ble_gap.cc(2650)] btm_ble_process_adv_addr: bda=59:8b:15:41:d3:83
09-21 19:28:27.294 V/bt_stack( 2214): [VERBOSE1:btm_ble_gap.cc(2886)] btm_ble_process_adv_pkt_cont skipped BDA 59:8b:15:41:d3:83
09-21 19:28:27.307 V/bt_stack( 2214): [VERBOSE1:btm_ble_gap.cc(2726)] btm_ble_process_ext_adv_pkt: bda=7f:d0:e5:89:0a:9e
09-21 19:28:27.307 V/bt_stack( 2214): [VERBOSE1:btm_ble_gap.cc(2650)] btm_ble_process_adv_addr: bda=7f:d0:e5:89:0a:9e
09-21 19:28:27.307 V/bt_stack( 2214): [VERBOSE1:btm_ble_gap.cc(2855)] Waiting for scan response 7f:d0:e5:89:0a:9e
09-21 19:28:27.308 V/bt_stack( 2214): [VERBOSE1:btm_ble_gap.cc(2726)] btm_ble_process_ext_adv_pkt: bda=69:8b:cd:09:3c:4c
09-21 19:28:27.308 V/bt_stack( 2214): [VERBOSE1:btm_ble_gap.cc(2650)] btm_ble_process_adv_addr: bda=69:8b:cd:09:3c:4c
09-21 19:28:27.308 V/bt_stack( 2214): [VERBOSE1:btm_ble_gap.cc(2855)] Waiting for scan response 69:8b:cd:09:3c:4c
09-21 19:28:27.309 V/bt_stack( 2214): [VERBOSE1:btm_ble_gap.cc(2726)] btm_ble_process_ext_adv_pkt: bda=69:8b:cd:09:3c:4c
09-21 19:28:27.309 V/bt_stack( 2214): [VERBOSE1:btm_ble_gap.cc(2650)] btm_ble_process_adv_addr: bda=69:8b:cd:09:3c:4c
09-21 19:28:27.309 V/bt_stack( 2214): [VERBOSE1:btm_ble_gap.cc(2886)] btm_ble_process_adv_pkt_cont skipped BDA 69:8b:cd:09:3c:4c
09-21 19:28:27.312 V/bt_stack( 2214): [VERBOSE1:btm_ble_gap.cc(2726)] btm_ble_process_ext_adv_pkt: bda=f4:2f:71:bc:ad:cf
09-21 19:28:27.312 V/bt_stack( 2214): [VERBOSE1:btm_ble_gap.cc(2650)] btm_ble_process_adv_addr: bda=f4:2f:71:bc:ad:cf
09-21 19:28:27.312 V/bt_stack( 2214): [VERBOSE1:btm_ble_gap.cc(2855)] Waiting for scan response f4:2f:71:bc:ad:cf
09-21 19:28:27.312 V/bt_stack( 2214): [VERBOSE1:btm_ble_gap.cc(2726)] btm_ble_process_ext_adv_pkt: bda=f4:2f:71:bc:ad:cf
09-21 19:28:27.312 V/bt_stack( 2214): [VERBOSE1:btm_ble_gap.cc(2650)] btm_ble_process_adv_addr: bda=f4:2f:71:bc:ad:cf
09-21 19:28:27.313 V/bt_stack( 2214): [VERBOSE1:btm_ble_gap.cc(2886)] btm_ble_process_adv_pkt_cont skipped BDA f4:2f:71:bc:ad:cf
09-21 19:28:27.313 V/bt_stack( 2214): [VERBOSE1:btm_ble_gap.cc(2726)] btm_ble_process_ext_adv_pkt: bda=5c:24:32:dd:3e:3e
09-21 19:28:27.313 V/bt_stack( 2214): [VERBOSE1:btm_ble_gap.cc(2650)] btm_ble_process_adv_addr: bda=5c:24:32:dd:3e:3e
09-21 19:28:27.313 V/bt_stack( 2214): [VERBOSE1:btm_ble_gap.cc(2886)] btm_ble_process_adv_pkt_cont skipped BDA 5c:24:32:dd:3e:3e
09-21 19:28:27.317 V/bt_stack( 2214): [VERBOSE1:btm_ble_gap.cc(2726)] btm_ble_process_ext_adv_pkt: bda=24:e6:de:31:44:d4
09-21 19:28:27.317 V/bt_stack( 2214): [VERBOSE1:btm_ble_gap.cc(2650)] btm_ble_process_adv_addr: bda=24:e6:de:31:44:d4
09-21 19:28:27.317 V/bt_stack( 2214): [VERBOSE1:btm_ble_gap.cc(2886)] btm_ble_process_adv_pkt_cont skipped BDA 24:e6:de:31:44:d4
09-21 19:28:27.318 V/bt_stack( 2214): [VERBOSE1:btm_ble_gap.cc(2726)] btm_ble_process_ext_adv_pkt: bda=21:2b:31:5e:59:18
09-21 19:28:27.318 V/bt_stack( 2214): [VERBOSE1:btm_ble_gap.cc(2650)] btm_ble_process_adv_addr: bda=21:2b:31:5e:59:18
09-21 19:28:27.318 V/bt_stack( 2214): [VERBOSE1:btm_ble_gap.cc(2886)] btm_ble_process_adv_pkt_cont skipped BDA 21:2b:31:5e:59:18
09-21 19:28:27.321 V/bt_stack( 2214): [VERBOSE1:btm_ble_gap.cc(2726)] btm_ble_process_ext_adv_pkt: bda=04:7a:0b:1a:01:08
09-21 19:28:27.322 V/bt_stack( 2214): [VERBOSE1:btm_ble_gap.cc(2650)] btm_ble_process_adv_addr: bda=04:7a:0b:1a:01:08
09-21 19:28:27.322 V/bt_stack( 2214): [VERBOSE1:btm_ble_gap.cc(2886)] btm_ble_process_adv_pkt_cont skipped BDA 04:7a:0b:1a:01:08
09-21 19:28:27.322 V/bt_stack( 2214): [VERBOSE1:btm_ble_gap.cc(2726)] btm_ble_process_ext_adv_pkt: bda=39:ee:5c:41:ad:e7
09-21 19:28:27.322 V/bt_stack( 2214): [VERBOSE1:btm_ble_gap.cc(2650)] btm_ble_process_adv_addr: bda=39:ee:5c:41:ad:e7
09-21 19:28:27.322 V/bt_stack( 2214): [VERBOSE1:btm_ble_gap.cc(2886)] btm_ble_process_adv_pkt_cont skipped BDA 39:ee:5c:41:ad:e7
09-21 19:28:27.327 V/bt_stack( 2214): [VERBOSE1:btm_ble_gap.cc(2726)] btm_ble_process_ext_adv_pkt: bda=e2:48:b6:97:c5:3c
09-21 19:28:27.327 V/bt_stack( 2214): [VERBOSE1:btm_ble_gap.cc(2650)] btm_ble_process_adv_addr: bda=e2:48:b6:97:c5:3c
09-21 19:28:27.327 W/bt_btm_ble( 2214): btm_ble_process_adv_pkt_cont device no longer discoverable, discarding advertising packet
09-21 19:28:27.328 V/bt_stack( 2214): [VERBOSE1:btm_ble_gap.cc(2726)] btm_ble_process_ext_adv_pkt: bda=04:7a:0b:18:83:60
09-21 19:28:27.328 V/bt_stack( 2214): [VERBOSE1:btm_ble_gap.cc(2650)] btm_ble_process_adv_addr: bda=04:7a:0b:18:83:60
09-21 19:28:27.328 V/bt_stack( 2214): [VERBOSE1:btm_ble_gap.cc(2886)] btm_ble_process_adv_pkt_cont skipped BDA 04:7a:0b:18:83:60
09-21 19:28:27.328 V/bt_stack( 2214): [VERBOSE1:btm_ble_gap.cc(2726)] btm_ble_process_ext_adv_pkt: bda=38:dc:cb:8e:be:99
09-21 19:28:27.328 V/bt_stack( 2214): [VERBOSE1:btm_ble_gap.cc(2650)] btm_ble_process_adv_addr: bda=38:dc:cb:8e:be:99
09-21 19:28:27.329 V/bt_stack( 2214): [VERBOSE1:btm_ble_gap.cc(2886)] btm_ble_process_adv_pkt_cont skipped BDA 38:dc:cb:8e:be:99
09-21 19:28:27.408 I/vendor.qti.bluetooth@1.0-ibs_handler( 839): ProcessIbsCmd: Received IBS_SLEEP_IND: 0xFE
09-21 19:28:27.408 D/vendor.qti.bluetooth@1.0-ibs_handler( 839): SerialClockVote: vote for UART CLK OFF
09-21 19:28:27.558 D/vendor.qti.bluetooth@1.0-wake_lock( 839): Release wakelock is released
09-21 19:28:27.592 I/am_uid_idle( 1154): 10094
09-21 19:28:27.839 I/mpu_uart( 671): [MSG-P:RECV]:No message received in 1000 ms
01-01 09:08:20.404 D/ ( 0): mv2112_read_status
01-01 09:08:20.408 D/mv2112_update_link( 0): 3.0x901(1G): 0x80
01-01 09:08:20.414 D/mv2112_update_link( 0): 3.0x8109(100M): 0x0
01-01 09:08:20.420 D/mv2112_update_link( 0): link 0x0
01-01 09:08:20.425 D/mv2112_read_status( 0): autoneg is disabled
09-21 19:28:28.487 D/vendor.qti.bluetooth@1.0-ibs_handler( 839): SerialClockVote: vote for UART CLK ON
09-21 19:28:28.488 D/vendor.qti.bluetooth@1.0-wake_lock( 839): Acquire wakelock is acquired
09-21 19:28:28.488 I/vendor.qti.bluetooth@1.0-ibs_handler( 839): DeviceWakeUp: Writing IBS_WAKE_IND
09-21 19:28:28.490 I/vendor.qti.bluetooth@1.0-ibs_handler( 839): ProcessIbsCmd: Received IBS_WAKE_ACK: 0xFC
09-21 19:28:28.490 I/vendor.qti.bluetooth@1.0-ibs_handler( 839): ProcessIbsCmd: Signal wack_cond_
09-21 19:28:28.490 D/vendor.qti.bluetooth@1.0-ibs_handler( 839): DeviceWakeUp: Unblocked from waiting for FC, pthread_cond_timedwait ret = 0
09-21 19:28:28.492 I/vendor.qti.bluetooth@1.0-ibs_handler( 839): ProcessIbsCmd: Received IBS_WAKE_IND: 0xFD
09-21 19:28:28.492 I/vendor.qti.bluetooth@1.0-ibs_handler( 839): ProcessIbsCmd: Writing IBS_WAKE_ACK
09-21 19:28:28.576 I/vendor.qti.bluetooth@1.0-ibs_handler( 839): ProcessIbsCmd: Received IBS_SLEEP_IND: 0xFE
09-21 19:28:28.840 I/mpu_uart( 671): [MSG-P:RECV]:No message received in 1000 ms
01-01 09:08:21.427 D/ ( 0): mv2112_read_status
01-01 09:08:21.431 D/mv2112_update_link( 0): 3.0x901(1G): 0x80
01-01 09:08:21.439 D/mv2112_update_link( 0): 3.0x8109(100M): 0x0
01-01 09:08:21.444 D/mv2112_update_link( 0): link 0x0
01-01 09:08:21.449 D/mv2112_read_status( 0): autoneg is disabled
09-21 19:28:29.495 I/vendor.qti.bluetooth@1.0-ibs_handler( 839): DeviceSleep: TX Awake, Sending SLEEP_IND
09-21 19:28:29.496 D/vendor.qti.bluetooth@1.0-ibs_handler( 839): SerialClockVote: vote for UART CLK OFF
09-21 19:28:29.647 D/vendor.qti.bluetooth@1.0-wake_lock( 839): Release wakelock is released
09-21 19:28:29.841 I/mpu_uart( 671): [MSG-P:R]:recv sync frame timeout
09-21 19:28:29.844 I/mpu_uart( 671): [MSG-P:RECV]:No message received in 1000 ms
01-01 09:08:22.451 D/ ( 0): mv2112_read_status
01-01 09:08:22.455 D/mv2112_update_link( 0): 3.0x901(1G): 0x80
01-01 09:08:22.462 D/mv2112_update_link( 0): 3.0x8109(100M): 0x0
01-01 09:08:22.468 D/mv2112_update_link( 0): link 0x0
01-01 09:08:22.473 D/mv2112_read_status( 0): autoneg is disabled
09-21 19:28:30.844 I/mpu_uart( 671): [MSG-P:RECV]:No message received in 1000 ms
09-21 19:28:30.925 I/vendor.qti.bluetooth@1.0-ibs_handler( 839): ProcessIbsCmd: Received IBS_WAKE_IND: 0xFD
09-21 19:28:30.926 D/vendor.qti.bluetooth@1.0-ibs_handler( 839): SerialClockVote: vote for UART CLK ON
09-21 19:28:30.926 D/vendor.qti.bluetooth@1.0-wake_lock( 839): Acquire wakelock is acquired
09-21 19:28:30.926 I/vendor.qti.bluetooth@1.0-ibs_handler( 839): ProcessIbsCmd: Writing IBS_WAKE_ACK
09-21 19:28:30.929 W/bt_btm ( 2214): btm_process_inq_results: BDA: 8c:34:01:38:f0:44
09-21 19:28:30.930 W/bt_btm ( 2214): btm_process_inq_results: Dev class: 5a-02-0c
09-21 19:28:30.930 V/bt_stack( 2214): [VERBOSE1:btm_inq.cc(1033)] BTM_InqDbRead: bd addr 8c:34:01:38:f0:44
09-21 19:28:30.930 D/bt_btif_config( 2214): btif_get_device_type: Device [8c:34:01:38:f0:44] type 1
09-21 19:28:30.932 D/BluetoothRemoteDevices( 2214): Property type: 2
09-21 19:28:30.932 D/BluetoothRemoteDevices( 2214): Remote Address is:8C:34:01:38:F0:44
09-21 19:28:30.932 D/BluetoothRemoteDevices( 2214): Property type: 1
09-21 19:28:30.933 D/BluetoothRemoteDevices( 2214): Skip name update for 8C:34:01:38:F0:44
09-21 19:28:30.933 D/BluetoothRemoteDevices( 2214): Property type: 4
09-21 19:28:30.933 D/BluetoothRemoteDevices( 2214): Skip class update for 8C:34:01:38:F0:44
09-21 19:28:30.933 D/BluetoothRemoteDevices( 2214): Property type: 5
09-21 19:28:30.933 D/BluetoothRemoteDevices( 2214): BT_PROPERTY_TYPE_OF_DEVICE 8C:34:01:38:F0:44
09-21 19:28:30.934 D/BluetoothRemoteDevices( 2214): Property type: 11
09-21 19:28:30.934 D/BluetoothRemoteDevices( 2214): deviceFoundCallback: Remote Address is:8C:34:01:38:F0:44
09-21 19:28:30.948 D/HearingAidService( 2214): getActiveDevices
09-21 19:28:30.950 E/BluetoothDatabase( 2214): getCustomMeta: device 8C:34:01:38:F0:44 is not in cache
09-21 19:28:30.952 E/BluetoothDatabase( 2214): getCustomMeta: device 8C:34:01:38:F0:44 is not in cache
09-21 19:28:30.952 W/BluetoothDatabase( 2214): Invalid metadata key 17
09-21 19:28:30.952 E/BluetoothDatabase( 2214): getCustomMeta: meta key invalid 17
09-21 19:28:30.953 D/AdaptiveHomepageIcon( 8794): Setting background color -3411720
09-21 19:28:30.957 D/BluetoothSap( 8794): getConnectionState(8C:34:01:38:F0:44)
09-21 19:28:30.958 V/SapService( 2214): getConnectionState()
09-21 19:28:30.962 E/BluetoothDatabase( 2214): getCustomMeta: device 8C:34:01:38:F0:44 is not in cache
09-21 19:28:30.964 E/BluetoothDatabase( 2214): getCustomMeta: device 8C:34:01:38:F0:44 is not in cache
09-21 19:28:30.965 W/BluetoothDatabase( 2214): Invalid metadata key 17
09-21 19:28:30.965 E/BluetoothDatabase( 2214): getCustomMeta: meta key invalid 17
09-21 19:28:30.965 D/AdaptiveHomepageIcon( 8794): Setting background color -3411720
09-21 19:28:30.968 D/BluetoothSap( 8794): getConnectionState(8C:34:01:38:F0:44)
09-21 19:28:30.968 V/SapService( 2214): getConnectionState()
09-21 19:28:30.971 D/BluetoothEventManager( 8794): DeviceFoundHandler created new CachedBluetoothDevice
09-21 19:28:30.972 E/BluetoothDatabase( 2214): getCustomMeta: device 8C:34:01:38:F0:44 is not in cache
09-21 19:28:30.973 E/BluetoothDatabase( 2214): getCustomMeta: device 8C:34:01:38:F0:44 is not in cache
09-21 19:28:30.974 W/BluetoothDatabase( 2214): Invalid metadata key 17
09-21 19:28:30.974 E/BluetoothDatabase( 2214): getCustomMeta: meta key invalid 17
09-21 19:28:30.974 D/AdaptiveHomepageIcon( 8794): Setting background color -3411720
09-21 19:28:30.977 D/BluetoothSap( 8794): getConnectionState(8C:34:01:38:F0:44)
09-21 19:28:30.977 V/SapService( 2214): getConnectionState()
09-21 19:28:30.981 E/BluetoothDatabase( 2214): getCustomMeta: device 8C:34:01:38:F0:44 is not in cache
09-21 19:28:30.982 E/BluetoothDatabase( 2214): getCustomMeta: device 8C:34:01:38:F0:44 is not in cache
09-21 19:28:30.983 W/BluetoothDatabase( 2214): Invalid metadata key 17
09-21 19:28:30.983 E/BluetoothDatabase( 2214): getCustomMeta: meta key invalid 17
09-21 19:28:30.983 D/AdaptiveHomepageIcon( 8794): Setting background color -3411720
09-21 19:28:30.986 D/BluetoothSap( 8794): getConnectionState(8C:34:01:38:F0:44)
09-21 19:28:30.987 V/SapService( 2214): getConnectionState()
09-21 19:28:31.010 I/vendor.qti.bluetooth@1.0-ibs_handler( 839): ProcessIbsCmd: Received IBS_SLEEP_IND: 0xFE
09-21 19:28:31.010 D/vendor.qti.bluetooth@1.0-ibs_handler( 839): SerialClockVote: vote for UART CLK OFF
01-01 09:08:23.507 D/ ( 0): mv2112_read_status
01-01 09:08:23.512 D/mv2112_update_link( 0): 3.0x901(1G): 0x80
01-01 09:08:23.522 D/mv2112_update_link( 0): 3.0x8109(100M): 0x0
01-01 09:08:23.527 D/mv2112_update_link( 0): link 0x0
01-01 09:08:23.531 D/mv2112_read_status( 0): autoneg is disabled
09-21 19:28:31.161 D/vendor.qti.bluetooth@1.0-wake_lock( 839): Release wakelock is released
01-01 09:08:23.880 I/init ( 0): starting service 'qvrd_vndr'...
01-01 09:08:23.886 I/init ( 0): Created socket '/dev/socket/qvrservice_vndr', mode 660, user 1000, group 1000
01-01 09:08:23.897 I/init ( 0): Created socket '/dev/socket/qvrservice_vndr_camera', mode 660, user 1000, group 1000
01-01 09:08:23.922 I/init ( 0): starting service 'sxrd'...
01-01 09:08:23.936 I/init ( 0): starting service 'vendor.light-hal-2-0'...
09-21 19:28:31.552 F/linker ( 8852): CANNOT LINK EXECUTABLE "/vendor/bin/hw/sxrservice": library "vendor.qti.hardware.qxr-V1-ndk_platform.so" not found: needed by main executable
09-21 19:28:31.564 I/hwservicemanager( 519): getTransport: Cannot find entry android.hardware.light@2.0::ILight/default in either framework or device VINTF manifest.
01-01 09:08:23.959 I/init ( 0): Service 'sxrd' (pid 8852) exited with status 1
01-01 09:08:23.965 I/init ( 0): Sending signal 9 to service 'sxrd' (pid 8852) process group...
01-01 09:08:23.973 I/libprocessgroup( 0): Successfully killed process cgroup uid 1000 pid 8852 in 0ms
09-21 19:28:31.567 F/linker ( 8851): CANNOT LINK EXECUTABLE "/vendor/bin/hw/qvrservice": library "vendor.qti.hardware.qxr-V1-ndk_platform.so" not found: needed by /vendor/lib64/libqvrservice.so in namespace (default)
09-21 19:28:31.571 E/light ( 8853): light_open lights keyboard failed: -22
09-21 19:28:31.571 E/light ( 8853): Light passthrough failed to load legacy HAL.
09-21 19:28:31.571 E/light ( 8853): light_open lights buttons failed: -22
09-21 19:28:31.571 E/light ( 8853): Light passthrough failed to load legacy HAL.
09-21 19:28:31.573 E/light ( 8853): light_open lights bluetooth failed: -22
09-21 19:28:31.573 E/light ( 8853): Light passthrough failed to load legacy HAL.
09-21 19:28:31.574 E/light ( 8853): light_open lights wifi failed: -22
09-21 19:28:31.574 E/light ( 8853): Light passthrough failed to load legacy HAL.
09-21 19:28:31.580 I/hwservicemanager( 519): getTransport: Cannot find entry android.hardware.light@2.0::ILight/default in either framework or device VINTF manifest.
09-21 19:28:31.580 E/HidlServiceManagement( 8853): Service android.hardware.light@2.0::ILight/default must be in VINTF manifest in order to register/get.
09-21 19:28:31.580 E/LegacySupport( 8853): Could not register service android.hardware.light@2.0::ILight/default (-2147483648).
01-01 09:08:23.987 I/init ( 0): Service 'qvrd_vndr' (pid 8851) exited with status 1
01-01 09:08:23.994 I/init ( 0): Sending signal 9 to service 'qvrd_vndr' (pid 8851) process group...
09-21 19:28:31.636 I/vendor.qti.bluetooth@1.0-ibs_handler( 839): ProcessIbsCmd: Received IBS_WAKE_IND: 0xFD
09-21 19:28:31.636 D/vendor.qti.bluetooth@1.0-ibs_handler( 839): SerialClockVote: vote for UART CLK ON
09-21 19:28:31.636 D/vendor.qti.bluetooth@1.0-wake_lock( 839): Acquire wakelock is acquired
09-21 19:28:31.637 I/vendor.qti.bluetooth@1.0-ibs_handler( 839): ProcessIbsCmd: Writing IBS_WAKE_ACK
09-21 19:28:31.638 V/bt_stack( 2214): [VERBOSE1:btm_inq.cc(1033)] BTM_InqDbRead: bd addr 64:b8:67:44:3f:71
09-21 19:28:31.639 V/bt_stack( 2214): [VERBOSE1:btm_inq.cc(1033)] BTM_InqDbRead: bd addr cc:15:31:d1:6b:35
09-21 19:28:31.639 V/bt_stack( 2214): [VERBOSE1:btm_inq.cc(1033)] BTM_InqDbRead: bd addr 55:bb:d8:47:be:26
09-21 19:28:31.639 V/bt_stack( 2214): [VERBOSE1:btm_inq.cc(1033)] BTM_InqDbRead: bd addr 8c:34:01:38:f0:44
09-21 19:28:31.639 V/bt_stack( 2214): [VERBOSE1:btm_inq.cc(1033)] BTM_InqDbRead: bd addr d5:54:91:be:f4:71
09-21 19:28:31.640 V/bt_stack( 2214): [VERBOSE1:btm_inq.cc(1033)] BTM_InqDbRead: bd addr e2:48:b6:97:c5:3c
09-21 19:28:31.640 V/bt_stack( 2214): [VERBOSE1:btm_inq.cc(1033)] BTM_InqDbRead: bd addr 53:a3:80:c8:d3:e6
09-21 19:28:31.640 V/bt_stack( 2214): [VERBOSE1:btm_inq.cc(1033)] BTM_InqDbRead: bd addr 62:7e:5d:bf:53:cf
09-21 19:28:31.640 V/bt_stack( 2214): [VERBOSE1:btm_inq.cc(1033)] BTM_InqDbRead: bd addr 69:8b:cd:09:3c:4c
09-21 19:28:31.640 V/bt_stack( 2214): [VERBOSE1:btm_inq.cc(1033)] BTM_InqDbRead: bd addr fa:2f:20:cd:e7:20
09-21 19:28:31.640 V/bt_stack( 2214): [VERBOSE1:btm_inq.cc(1033)] BTM_InqDbRead: bd addr c0:7f:76:aa:cc:c4
09-21 19:28:31.641 V/bt_stack( 2214): [VERBOSE1:btm_inq.cc(1033)] BTM_InqDbRead: bd addr e4:bc:af:a8:ac:75
09-21 19:28:31.641 V/bt_stack( 2214): [VERBOSE1:btm_inq.cc(1033)] BTM_InqDbRead: bd addr 40:b3:5d:d0:70:99
09-21 19:28:31.641 V/bt_stack( 2214): [VERBOSE1:btm_inq.cc(1033)] BTM_InqDbRead: bd addr f8:e7:a1:59:3e:85
09-21 19:28:31.641 V/bt_stack( 2214): [VERBOSE1:btm_inq.cc(1033)] BTM_InqDbRead: bd addr 6b:42:90:69:31:af
09-21 19:28:31.641 V/bt_stack( 2214): [VERBOSE1:btm_inq.cc(1033)] BTM_InqDbRead: bd addr cf:25:c7:e0:99:ac
09-21 19:28:31.641 V/bt_stack( 2214): [VERBOSE1:btm_inq.cc(1033)] BTM_InqDbRead: bd addr 7a:b0:04:0b:8e:cb
09-21 19:28:31.642 V/bt_stack( 2214): [VERBOSE1:btm_inq.cc(1033)] BTM_InqDbRead: bd addr c2:d6:f9:f4:85:2c
09-21 19:28:31.642 V/bt_stack( 2214): [VERBOSE1:btm_inq.cc(1033)] BTM_InqDbRead: bd addr e0:4d:c4:13:9d:a0
09-21 19:28:31.642 V/bt_stack( 2214): [VERBOSE1:btm_inq.cc(1033)] BTM_InqDbRead: bd addr c1:62:10:b8:51:b4
09-21 19:28:31.642 V/bt_stack( 2214): [VERBOSE1:btm_inq.cc(1033)] BTM_InqDbRead: bd addr 0e:5e:84:fe:3c:2f
09-21 19:28:31.642 V/bt_stack( 2214): [VERBOSE1:btm_inq.cc(1033)] BTM_InqDbRead: bd addr 14:c3:01:de:68:45
09-21 19:28:31.642 V/bt_stack( 2214): [VERBOSE1:btm_inq.cc(1033)] BTM_InqDbRead: bd addr ca:c6:f6:aa:a0:05
09-21 19:28:31.643 V/bt_stack( 2214): [VERBOSE1:btm_inq.cc(1033)] BTM_InqDbRead: bd addr 46:43:79:77:c4:17
09-21 19:28:31.643 V/bt_stack( 2214): [VERBOSE1:btm_inq.cc(1033)] BTM_InqDbRead: bd addr 4f:e6:b0:ef:50:08
09-21 19:28:31.643 V/bt_stack( 2214): [VERBOSE1:btm_inq.cc(1033)] BTM_InqDbRead: bd addr 5c:24:32:dd:3e:3e
09-21 19:28:31.643 V/bt_stack( 2214): [VERBOSE1:btm_inq.cc(1033)] BTM_InqDbRead: bd addr 38:92:a7:35:61:27
09-21 19:28:31.643 V/bt_stack( 2214): [VERBOSE1:btm_inq.cc(1033)] BTM_InqDbRead: bd addr 2b:52:ec:a8:82:25
09-21 19:28:31.643 V/bt_stack( 2214): [VERBOSE1:btm_inq.cc(1033)] BTM_InqDbRead: bd addr 18:6b:0a:0a:1c:97
09-21 19:28:31.644 V/bt_stack( 2214): [VERBOSE1:btm_inq.cc(1033)] BTM_InqDbRead: bd addr d4:d7:cf:69:89:2a
09-21 19:28:31.644 V/bt_stack( 2214): [VERBOSE1:btm_inq.cc(959)] BTM_ReadRemoteDeviceName: bd addr d4:d7:cf:69:89:2a
09-21 19:28:31.644 V/bt_stack( 2214): [VERBOSE1:btm_acl.cc(3014)] connecting_bda: 18:5e:0f:24:6f:07
09-21 19:28:31.645 I/vendor.qti.bluetooth@1.0-ibs_handler( 839): DeviceWakeUp: Writing IBS_WAKE_IND
09-21 19:28:31.645 I/vendor.qti.bluetooth@1.0-ibs_handler( 839): ProcessIbsCmd: Received IBS_WAKE_ACK: 0xFC
09-21 19:28:31.645 I/vendor.qti.bluetooth@1.0-ibs_handler( 839): ProcessIbsCmd: Signal wack_cond_
09-21 19:28:31.646 D/vendor.qti.bluetooth@1.0-ibs_handler( 839): DeviceWakeUp: Unblocked from waiting for FC, pthread_cond_timedwait ret = 0
09-21 19:28:31.730 I/vendor.qti.bluetooth@1.0-ibs_handler( 839): ProcessIbsCmd: Received IBS_SLEEP_IND: 0xFE
09-21 19:28:31.844 I/mpu_uart( 671): [MSG-P:RECV]:No message received in 1000 ms
01-01 09:08:24.564 D/ ( 0): mv2112_read_status
01-01 09:08:24.567 D/mv2112_update_link( 0): 3.0x901(1G): 0x80
01-01 09:08:24.573 D/mv2112_update_link( 0): 3.0x8109(100M): 0x0
01-01 09:08:24.578 D/mv2112_update_link( 0): link 0x0
01-01 09:08:24.582 D/mv2112_read_status( 0): autoneg is disabled
09-21 19:28:32.650 I/vendor.qti.bluetooth@1.0-ibs_handler( 839): DeviceSleep: TX Awake, Sending SLEEP_IND
09-21 19:28:32.650 D/vendor.qti.bluetooth@1.0-ibs_handler( 839): SerialClockVote: vote for UART CLK OFF
09-21 19:28:32.801 D/vendor.qti.bluetooth@1.0-wake_lock( 839): Release wakelock is released
09-21 19:28:32.845 I/mpu_uart( 671): [MSG-P:R]:recv sync frame timeout
09-21 19:28:32.845 I/mpu_uart( 671): [MSG-P:RECV]:No message received in 1000 ms
09-21 19:28:32.866 I/vendor.qti.bluetooth@1.0-ibs_handler( 839): ProcessIbsCmd: Received IBS_WAKE_IND: 0xFD
09-21 19:28:32.866 D/vendor.qti.bluetooth@1.0-ibs_handler( 839): SerialClockVote: vote for UART CLK ON
09-21 19:28:32.867 D/vendor.qti.bluetooth@1.0-wake_lock( 839): Acquire wakelock is acquired
09-21 19:28:32.867 I/vendor.qti.bluetooth@1.0-ibs_handler( 839): ProcessIbsCmd: Writing IBS_WAKE_ACK
09-21 19:28:32.948 I/vendor.qti.bluetooth@1.0-ibs_handler( 839): ProcessIbsCmd: Received IBS_SLEEP_IND: 0xFE
09-21 19:28:32.948 D/vendor.qti.bluetooth@1.0-ibs_handler( 839): SerialClockVote: vote for UART CLK OFF
09-21 19:28:33.098 D/vendor.qti.bluetooth@1.0-wake_lock( 839): Release wakelock is released
09-21 19:28:33.112 I/vendor.qti.bluetooth@1.0-ibs_handler( 839): ProcessIbsCmd: Received IBS_WAKE_IND: 0xFD
09-21 19:28:33.112 D/vendor.qti.bluetooth@1.0-ibs_handler( 839): SerialClockVote: vote for UART CLK ON
09-21 19:28:33.113 D/vendor.qti.bluetooth@1.0-wake_lock( 839): Acquire wakelock is acquired
09-21 19:28:33.113 I/vendor.qti.bluetooth@1.0-ibs_handler( 839): ProcessIbsCmd: Writing IBS_WAKE_ACK
09-21 19:28:33.115 V/bt_stack( 2214): [VERBOSE1:btm_inq.cc(1033)] BTM_InqDbRead: bd addr d4:d7:cf:69:89:2a
09-21 19:28:33.116 E/bt_btm ( 2214): Ignoring RNR as the state is not BTM_SEC_STATE_GETTING_NAME
09-21 19:28:33.116 V/bt_stack( 2214): [VERBOSE1:btm_inq.cc(1033)] BTM_InqDbRead: bd addr ee:18:ed:5a:20:98
09-21 19:28:33.116 V/bt_stack( 2214): [VERBOSE1:btm_inq.cc(1033)] BTM_InqDbRead: bd addr 7f:b7:9e:09:d8:de
09-21 19:28:33.116 V/bt_stack( 2214): [VERBOSE1:btm_inq.cc(1033)] BTM_InqDbRead: bd addr 3e:f6:cd:92:56:e7
09-21 19:28:33.116 V/bt_stack( 2214): [VERBOSE1:btm_inq.cc(1033)] BTM_InqDbRead: bd addr 6e:c2:c3:30:e9:18
09-21 19:28:33.116 V/bt_stack( 2214): [VERBOSE1:btm_inq.cc(1033)] BTM_InqDbRead: bd addr 20:6e:43:6c:d3:ba
09-21 19:28:33.117 V/bt_stack( 2214): [VERBOSE1:btm_inq.cc(1033)] BTM_InqDbRead: bd addr e7:44:2c:db:c2:6b
09-21 19:28:33.117 V/bt_stack( 2214): [VERBOSE1:btm_inq.cc(1033)] BTM_InqDbRead: bd addr b8:8e:82:95:89:37
09-21 19:28:33.117 V/bt_stack( 2214): [VERBOSE1:btm_inq.cc(1033)] BTM_InqDbRead: bd addr 72:5e:bd:47:09:e0
09-21 19:28:33.117 V/bt_stack( 2214): [VERBOSE1:btm_inq.cc(1033)] BTM_InqDbRead: bd addr 3e:bf:94:1f:7c:fa
09-21 19:28:33.117 V/bt_stack( 2214): [VERBOSE1:btm_inq.cc(1033)] BTM_InqDbRead: bd addr e9:ea:6b:61:e8:53
09-21 19:28:33.135 D/BluetoothAdapterService( 2214): startDiscovery
09-21 19:28:33.136 W/bt_btif ( 2214): bta_dm_check_av:0
09-21 19:28:33.136 I/vendor.qti.bluetooth@1.0-ibs_handler( 839): DeviceWakeUp: Writing IBS_WAKE_IND
09-21 19:28:33.137 I/vendor.qti.bluetooth@1.0-ibs_handler( 839): ProcessIbsCmd: Received IBS_WAKE_ACK: 0xFC
09-21 19:28:33.138 I/vendor.qti.bluetooth@1.0-ibs_handler( 839): ProcessIbsCmd: Signal wack_cond_
09-21 19:28:33.138 D/vendor.qti.bluetooth@1.0-ibs_handler( 839): DeviceWakeUp: Unblocked from waiting for FC, pthread_cond_timedwait ret = 0
09-21 19:28:33.158 D/bt_hci ( 2214): update_command_response_timer command_response_timer not scheduled
09-21 19:28:33.163 V/bt_stack( 2214): [VERBOSE1:btm_ble_gap.cc(2726)] btm_ble_process_ext_adv_pkt: bda=2f:6a:67:78:12:fc
09-21 19:28:33.164 V/bt_stack( 2214): [VERBOSE1:btm_ble_gap.cc(2650)] btm_ble_process_adv_addr: bda=2f:6a:67:78:12:fc
09-21 19:28:33.164 W/bt_btm_ble( 2214): btm_ble_process_adv_pkt_cont device no longer discoverable, discarding advertising packet
09-21 19:28:33.164 D/bt_hci ( 2214): update_command_response_timer command_response_timer not scheduled
09-21 19:28:33.169 V/bt_stack( 2214): [VERBOSE1:btm_ble_gap.cc(2726)] btm_ble_process_ext_adv_pkt: bda=e8:15:21:46:72:02
09-21 19:28:33.169 V/bt_stack( 2214): [VERBOSE1:btm_ble_gap.cc(2650)] btm_ble_process_adv_addr: bda=e8:15:21:46:72:02
09-21 19:28:33.169 W/bt_btm_ble( 2214): btm_ble_process_adv_pkt_cont device no longer discoverable, discarding advertising packet
09-21 19:28:33.172 V/bt_stack( 2214): [VERBOSE1:btm_ble_gap.cc(2726)] btm_ble_process_ext_adv_pkt: bda=38:dc:cb:8e:be:99
09-21 19:28:33.172 V/bt_stack( 2214): [VERBOSE1:btm_ble_gap.cc(2650)] btm_ble_process_adv_addr: bda=38:dc:cb:8e:be:99
09-21 19:28:33.172 W/bt_btm_ble( 2214): btm_ble_process_adv_pkt_cont device no longer discoverable, discarding advertising packet
09-21 19:28:33.173 V/bt_stack( 2214): [VERBOSE1:btm_ble_gap.cc(2726)] btm_ble_process_ext_adv_pkt: bda=02:68:34:f9:72:c2
09-21 19:28:33.173 V/bt_stack( 2214): [VERBOSE1:btm_ble_gap.cc(2650)] btm_ble_process_adv_addr: bda=02:68:34:f9:72:c2
09-21 19:28:33.173 W/bt_btm_ble( 2214): btm_ble_process_adv_pkt_cont device no longer discoverable, discarding advertising packet
09-21 19:28:33.173 E/BluetoothDatabase( 2214): getCustomMeta: device 8C:34:01:38:F0:44 is not in cache
09-21 19:28:33.175 E/BluetoothDatabase( 2214): getCustomMeta: device 8C:34:01:38:F0:44 is not in cache
09-21 19:28:33.176 W/BluetoothDatabase( 2214): Invalid metadata key 17
09-21 19:28:33.176 E/BluetoothDatabase( 2214): getCustomMeta: meta key invalid 17
09-21 19:28:33.176 D/AdaptiveHomepageIcon( 8794): Setting background color -3411720
09-21 19:28:33.179 D/BluetoothSap( 8794): getConnectionState(8C:34:01:38:F0:44)
09-21 19:28:33.180 V/SapService( 2214): getConnectionState()
09-21 19:28:33.183 E/BluetoothDatabase( 2214): getCustomMeta: device 53:A3:80:C8:D3:E6 is not in cache
09-21 19:28:33.185 E/BluetoothDatabase( 2214): getCustomMeta: device 53:A3:80:C8:D3:E6 is not in cache
09-21 19:28:33.186 W/BluetoothDatabase( 2214): Invalid metadata key 17
09-21 19:28:33.186 E/BluetoothDatabase( 2214): getCustomMeta: meta key invalid 17
09-21 19:28:33.186 D/AdaptiveHomepageIcon( 8794): Setting background color -3216682
09-21 19:28:33.189 D/BluetoothSap( 8794): getConnectionState(53:A3:80:C8:D3:E6)
01-01 09:08:25.591 D/ ( 0): mv2112_read_status
01-01 09:08:25.595 D/mv2112_update_link( 0): 3.0x901(1G): 0x80
09-21 19:28:33.189 V/SapService( 2214): getConnectionState()
09-21 19:28:33.192 E/BluetoothDatabase( 2214): getCustomMeta: device D5:54:91:BE:F4:71 is not in cache
09-21 19:28:33.194 E/BluetoothDatabase( 2214): getCustomMeta: device D5:54:91:BE:F4:71 is not in cache
01-01 09:08:25.602 D/mv2112_update_link( 0): 3.0x8109(100M): 0x0
01-01 09:08:25.608 D/mv2112_update_link( 0): link 0x0
09-21 19:28:33.194 W/BluetoothDatabase( 2214): Invalid metadata key 17
09-21 19:28:33.194 E/BluetoothDatabase( 2214): getCustomMeta: meta key invalid 17
09-21 19:28:33.195 D/AdaptiveHomepageIcon( 8794): Setting background color -73784
09-21 19:28:33.195 V/bt_stack( 2214): [VERBOSE1:btm_ble_gap.cc(2726)] btm_ble_process_ext_adv_pkt: bda=c8:b2:fc:5a:01:d2
09-21 19:28:33.195 V/bt_stack( 2214): [VERBOSE1:btm_ble_gap.cc(2650)] btm_ble_process_adv_addr: bda=c8:b2:fc:5a:01:d2
09-21 19:28:33.195 W/bt_btm_ble( 2214): btm_ble_process_adv_pkt_cont device no longer discoverable, discarding advertising packet
09-21 19:28:33.198 D/BluetoothSap( 8794): getConnectionState(D5:54:91:BE:F4:71)
09-21 19:28:33.198 V/SapService( 2214): getConnectionState()
09-21 19:28:33.202 E/BluetoothDatabase( 2214): getCustomMeta: device 55:BB:D8:47:BE:26 is not in cache
09-21 19:28:33.202 V/bt_stack( 2214): [VERBOSE1:btm_ble_gap.cc(2726)] btm_ble_process_ext_adv_pkt: bda=38:92:a7:35:61:27
09-21 19:28:33.202 V/bt_stack( 2214): [VERBOSE1:btm_ble_gap.cc(2650)] btm_ble_process_adv_addr: bda=38:92:a7:35:61:27
09-21 19:28:33.203 W/bt_btm_ble( 2214): btm_ble_process_adv_pkt_cont device no longer discoverable, discarding advertising packet
09-21 19:28:33.203 V/bt_stack( 2214): [VERBOSE1:btm_ble_gap.cc(2726)] btm_ble_process_ext_adv_pkt: bda=2d:2c:55:e8:e3:41
09-21 19:28:33.203 V/bt_stack( 2214): [VERBOSE1:btm_ble_gap.cc(2650)] btm_ble_process_adv_addr: bda=2d:2c:55:e8:e3:41
09-21 19:28:33.203 W/bt_btm_ble( 2214): btm_ble_process_adv_pkt_cont device no longer discoverable, discarding advertising packet
09-21 19:28:33.204 E/BluetoothDatabase( 2214): getCustomMeta: device 55:BB:D8:47:BE:26 is not in cache
01-01 09:08:25.612 D/mv2112_read_status( 0): autoneg is disabled
09-21 19:28:33.204 W/BluetoothDatabase( 2214): Invalid metadata key 17
09-21 19:28:33.205 E/BluetoothDatabase( 2214): getCustomMeta: meta key invalid 17
09-21 19:28:33.205 D/AdaptiveHomepageIcon( 8794): Setting background color -69693
09-21 19:28:33.207 V/bt_stack( 2214): [VERBOSE1:btm_ble_gap.cc(2726)] btm_ble_process_ext_adv_pkt: bda=0d:48:6f:53:8a:67
09-21 19:28:33.207 V/bt_stack( 2214): [VERBOSE1:btm_ble_gap.cc(2650)] btm_ble_process_adv_addr: bda=0d:48:6f:53:8a:67
09-21 19:28:33.207 W/bt_btm_ble( 2214): btm_ble_process_adv_pkt_cont device no longer discoverable, discarding advertising packet
09-21 19:28:33.208 D/BluetoothSap( 8794): getConnectionState(55:BB:D8:47:BE:26)
09-21 19:28:33.209 V/SapService( 2214): getConnectionState()
09-21 19:28:33.212 V/bt_stack( 2214): [VERBOSE1:btm_ble_gap.cc(2726)] btm_ble_process_ext_adv_pkt: bda=3f:69:ec:48:74:e4
09-21 19:28:33.212 V/bt_stack( 2214): [VERBOSE1:btm_ble_gap.cc(2650)] btm_ble_process_adv_addr: bda=3f:69:ec:48:74:e4
09-21 19:28:33.212 W/bt_btm_ble( 2214): btm_ble_process_adv_pkt_cont device no longer discoverable, discarding advertising packet
09-21 19:28:33.212 V/bt_stack( 2214): [VERBOSE1:btm_ble_gap.cc(2726)] btm_ble_process_ext_adv_pkt: bda=10:5c:01:bc:5e:23
09-21 19:28:33.212 V/bt_stack( 2214): [VERBOSE1:btm_ble_gap.cc(2650)] btm_ble_process_adv_addr: bda=10:5c:01:bc:5e:23
09-21 19:28:33.212 W/bt_btm_ble( 2214): btm_ble_process_adv_pkt_cont device no longer discoverable, discarding advertising packet
09-21 19:28:33.213 E/BluetoothDatabase( 2214): getCustomMeta: device 6B:42:90:69:31:AF is not in cache
09-21 19:28:33.213 V/bt_stack( 2214): [VERBOSE1:btm_ble_gap.cc(2726)] btm_ble_process_ext_adv_pkt: bda=24:e6:de:31:44:d4
09-21 19:28:33.213 V/bt_stack( 2214): [VERBOSE1:btm_ble_gap.cc(2650)] btm_ble_process_adv_addr: bda=24:e6:de:31:44:d4
09-21 19:28:33.213 W/bt_btm_ble( 2214): btm_ble_process_adv_pkt_cont device no longer discoverable, discarding advertising packet
09-21 19:28:33.214 E/BluetoothDatabase( 2214): getCustomMeta: device 6B:42:90:69:31:AF is not in cache
09-21 19:28:33.215 W/BluetoothDatabase( 2214): Invalid metadata key 17
09-21 19:28:33.215 E/BluetoothDatabase( 2214): getCustomMeta: meta key invalid 17
09-21 19:28:33.215 D/AdaptiveHomepageIcon( 8794): Setting background color -339249
09-21 19:28:33.216 V/bt_stack( 2214): [VERBOSE1:btm_ble_gap.cc(2726)] btm_ble_process_ext_adv_pkt: bda=3c:64:be:e3:17:01
09-21 19:28:33.216 V/bt_stack( 2214): [VERBOSE1:btm_ble_gap.cc(2650)] btm_ble_process_adv_addr: bda=3c:64:be:e3:17:01
09-21 19:28:33.216 W/bt_btm_ble( 2214): btm_ble_process_adv_pkt_cont device no longer discoverable, discarding advertising packet
09-21 19:28:33.218 D/BluetoothSap( 8794): getConnectionState(6B:42:90:69:31:AF)
09-21 19:28:33.218 V/SapService( 2214): getConnectionState()
09-21 19:28:33.220 V/bt_stack( 2214): [VERBOSE1:btm_ble_gap.cc(2726)] btm_ble_process_ext_adv_pkt: bda=13:c6:1d:8c:6e:7b
