09-21 18:35:28.131 I/am_proc_bound( 1154): [0,5296,com.android.settings]
09-21 18:35:28.134 I/wm_restart_activity( 1154): [0,251337613,32,com.android.settings/.Settings]
09-21 18:35:28.136 I/wm_set_resumed_activity( 1154): [0,com.android.settings/.Settings,minimalResumeActivityLocked]
09-21 18:35:28.234 I/wm_on_create_called( 5296): [251337613,com.android.settings.Settings,performCreate]
09-21 18:35:28.251 I/service_manager_slow( 5296): [10,location]
09-21 18:35:28.317 W/CarrierConfigManager( 5296): Error getting config for subId -1 ICarrierConfigLoader is null
09-21 18:35:28.363 I/wm_on_start_called( 5296): [251337613,com.android.settings.Settings,handleStartActivity]
09-21 18:35:28.365 I/snet_event_log( 5296): [120484087,-1,]
09-21 18:35:28.365 I/wm_on_resume_called( 5296): [251337613,com.android.settings.Settings,RESUME_ACTIVITY]
09-21 18:35:28.368 I/sysui_multi_action( 5296): [757,35,758,1,833,0,1089,131]
09-21 18:35:28.374 I/sysui_multi_action( 5296): [757,1729,758,4,854,isParalleledControllers:false,1089,139]
09-21 18:35:28.401 I/sysui_multi_action( 5296): [757,746,758,1,833,0,1089,115]
09-21 18:35:28.406 D/TelephonyRegistry( 1154): listen oscl: mHasNotifySubscriptionInfoChangedOccurred==false no callback
09-21 18:35:28.412 D/TelephonyRegistry( 1154): listen oscl: mHasNotifySubscriptionInfoChangedOccurred==false no callback
09-21 18:35:28.426 I/sysui_multi_action( 5296): [757,1729,758,4,854,isParalleledControllers:false,1089,140]
09-21 18:35:28.439 I/wm_on_top_resumed_gained_called( 5296): [251337613,com.android.settings.Settings,topStateChangedWhenResumed]
09-21 18:35:28.524 I/input_focus( 1154): [Focus request a97c62d com.android.settings/com.android.settings.Settings,reason=UpdateInputWindows]
09-21 18:35:28.638 I/sysui_multi_action( 1154): [324,0,757,1090,758,12,806,com.android.settings,871,com.android.settings.Settings,1091,750]
09-21 18:35:28.645 I/wm_stop_activity( 1154): [0,185045071,com.android.launcher3/.uioverrides.QuickstepLauncher]
09-21 18:35:28.647 I/sysui_multi_action( 1154): [319,95,321,91,322,750,325,477,757,761,758,7,759,1,806,com.android.settings,871,com.android.settings.Settings,904,com.android.launcher3,905,0,945,245,1320,4,1321,1]
09-21 18:35:28.648 I/wm_activity_launch_time( 1154): [0,251337613,com.android.settings/.Settings,750]
09-21 18:35:28.653 I/input_focus( 1154): [Focus entering a97c62d com.android.settings/com.android.settings.Settings (server),reason=Window became focusable. Previous reason: NOT_VISIBLE]
09-21 18:35:28.661 I/wm_on_stop_called( 5169): [185045071,com.android.launcher3.uioverrides.QuickstepLauncher,STOP_ACTIVITY_ITEM]
09-21 18:35:30.778 I/input_interaction( 1154): Interaction with: a97c62d com.android.settings/com.android.settings.Settings (server), edge-swipe (server), swipe-up (server), PointerEventDispatcher0 (server),
09-21 18:35:32.305 I/am_uid_idle( 1154): 10094
09-21 18:35:33.958 I/sysui_multi_action( 5296): [757,830,758,4,833,0,854,top_level_about_device,1089,0]
09-21 18:35:33.986 I/sysui_multi_action( 5296): [757,746,758,2,1089,5584]
09-21 18:35:34.036 I/sysui_multi_action( 5296): [757,40,758,1,833,0,1089,32]
09-21 18:35:34.037 W/FeatureConnector( 5296): [ImsConnector, 0] connect: not supported.
09-21 18:35:34.038 I/sysui_multi_action( 5296): [757,1729,758,4,854,isParalleledControllers:false,1089,35]
09-21 18:35:34.996 I/sysui_multi_action( 5296): [757,830,758,4,833,0,854,top_level_system,1089,0]
09-21 18:35:35.019 I/sysui_multi_action( 5296): [757,40,758,2,1089,983]
09-21 18:35:35.067 I/sysui_multi_action( 5296): [757,744,758,1,833,0,1089,29]
09-21 18:35:35.072 I/sysui_multi_action( 5296): [757,1729,758,4,854,isParalleledControllers:false,1089,35]
09-21 18:35:35.830 I/sysui_multi_action( 5296): [757,830,758,4,833,0,854,top_level_privacy,1089,0]
09-21 18:35:35.836 I/sysui_multi_action( 5296): [757,744,758,2,1089,769]
09-21 18:35:35.855 I/service_manager_slow( 5296): [13,lock_settings]
09-21 18:35:35.881 I/sysui_multi_action( 5296): [757,1587,758,1,833,0,1089,39]
09-21 18:35:35.885 I/sysui_multi_action( 5296): [757,1729,758,4,854,isParalleledControllers:false,1089,43]
09-21 18:35:36.396 I/sysui_multi_action( 5296): [757,830,758,4,833,0,854,top_level_security,1089,0]
09-21 18:35:36.402 I/sysui_multi_action( 5296): [757,1587,758,2,1089,522]
09-21 18:35:36.464 I/sysui_multi_action( 5296): [757,87,758,1,833,0,1089,53]
09-21 18:35:36.485 I/sysui_multi_action( 5296): [757,1729,758,4,854,isParalleledControllers:false,1089,75]
09-21 18:35:36.918 I/sysui_multi_action( 5296): [757,830,758,4,833,0,854,top_level_display,1089,0]
09-21 18:35:36.926 I/sysui_multi_action( 5296): [757,87,758,2,1089,462]
09-21 18:35:36.995 I/sysui_multi_action( 5296): [757,46,758,1,833,0,1089,61]
09-21 18:35:37.008 I/sysui_multi_action( 5296): [757,1729,758,4,854,isParalleledControllers:false,1089,74]
09-21 18:35:39.359 I/view_enqueue_input_event( 5296): [Motion - Cancel,com.android.settings/com.android.settings.Settings]
09-21 18:35:39.371 I/input_interaction( 1154): Interaction with: edge-swipe (server), swipe-up (server), PointerEventDispatcher0 (server),
09-21 18:35:39.637 I/sysui_multi_action( 1154): [757,803,799,key_back_press,802,1]
09-21 18:35:39.641 I/input_interaction( 1154): Interaction with: a97c62d com.android.settings/com.android.settings.Settings (server), PointerEventDispatcher0 (server),
09-21 18:35:39.645 I/wm_task_moved( 1154): [32,0,0]
09-21 18:35:39.648 I/wm_focused_root_task( 1154): [0,0,1,32,moveTaskToBackLocked]
09-21 18:35:39.648 I/wm_add_to_stopping( 1154): [0,251337613,com.android.settings/.Settings,makeInvisible]
09-21 18:35:39.651 I/wm_pause_activity( 1154): [0,251337613,com.android.settings/.Settings,userLeaving=false,pauseBackTasks]
09-21 18:35:39.654 I/wm_set_resumed_activity( 1154): [0,com.android.launcher3/.uioverrides.QuickstepLauncher,resumeTopActivityInnerLocked]
09-21 18:35:39.655 I/wm_resume_activity( 1154): [0,185045071,10,com.android.launcher3/.uioverrides.QuickstepLauncher]
09-21 18:35:39.656 I/wm_on_top_resumed_lost_called( 5296): [251337613,com.android.settings.Settings,topStateChangedWhenResumed]
09-21 18:35:39.661 I/sysui_multi_action( 5296): [757,35,758,2,1089,11294]
09-21 18:35:39.665 I/input_focus( 1154): [Focus leaving a97c62d com.android.settings/com.android.settings.Settings (server),reason=NO_WINDOW]
09-21 18:35:39.670 I/sysui_multi_action( 5296): [757,46,758,2,1089,2676]
09-21 18:35:39.672 I/sysui_multi_action( 1154): [757,803,799,window_time_0,802,12]
09-21 18:35:39.675 I/wm_on_paused_called( 5296): [251337613,com.android.settings.Settings,performPause]
09-21 18:35:39.681 I/wm_on_restart_called( 5169): [185045071,com.android.launcher3.uioverrides.QuickstepLauncher,performRestartActivity]
09-21 18:35:39.681 I/wm_on_start_called( 5169): [185045071,com.android.launcher3.uioverrides.QuickstepLauncher,handleStartActivity]
09-21 18:35:39.682 I/wm_on_resume_called( 5169): [185045071,com.android.launcher3.uioverrides.QuickstepLauncher,RESUME_ACTIVITY]
09-21 18:35:39.683 I/wm_on_top_resumed_gained_called( 5169): [185045071,com.android.launcher3.uioverrides.QuickstepLauncher,topStateChangedWhenResumed]
09-21 18:35:39.700 I/am_pss ( 1154): [5296,1000,com.android.settings,90311680,77516800,0,240865280,0,2,14]
09-21 18:35:39.704 I/input_focus( 1154): [Focus request 6566642 com.android.launcher3/com.android.launcher3.uioverrides.QuickstepLauncher,reason=UpdateInputWindows]
09-21 18:35:39.747 I/input_focus( 1154): [Focus entering 6566642 com.android.launcher3/com.android.launcher3.uioverrides.QuickstepLauncher (server),reason=Window became focusable. Previous reason: NOT_VISIBLE]
09-21 18:35:40.090 I/wm_stop_activity( 1154): [0,251337613,com.android.settings/.Settings]
09-21 18:35:40.138 I/wm_on_stop_called( 5296): [251337613,com.android.settings.Settings,STOP_ACTIVITY_ITEM]
09-21 18:36:32.676 I/sysui_multi_action( 1154): [757,1696,758,6,759,2]
09-21 18:36:32.679 I/am_wtf ( 1154): [0,1154,system_server,-1,DisplayDeviceConfig,requesting nits when no mapping exists.]
09-21 18:36:32.688 I/am_wtf ( 1154): [0,1154,system_server,-1,DisplayDeviceConfig,requesting nits when no mapping exists.]
09-21 18:36:39.659 I/sysui_multi_action( 1154): [757,222,758,1]
09-21 18:36:39.670 I/am_uid_active( 1154): 10070
09-21 18:36:39.700 I/wm_task_created( 1154): [33,-1]
09-21 18:36:39.705 I/wm_task_moved( 1154): [33,1,8]
09-21 18:36:39.706 I/wm_task_to_front( 1154): [0,33]
09-21 18:36:39.706 I/wm_create_task( 1154): [0,33]
09-21 18:36:39.707 I/wm_create_activity( 1154): [0,232738094,33,com.android.deskclock/android.service.dreams.DreamActivity,NULL,NULL,NULL,276824064]
09-21 18:36:39.707 I/am_pss ( 1154): [5296,1000,com.android.settings,52643840,40476672,0,201973760,0,15,14]
09-21 18:36:39.707 I/wm_task_moved( 1154): [33,1,8]
09-21 18:36:39.709 I/wm_pause_activity( 1154): [0,185045071,com.android.launcher3/.uioverrides.QuickstepLauncher,userLeaving=true,pauseBackTasks]
09-21 18:36:39.710 I/wm_on_top_resumed_lost_called( 5169): [185045071,com.android.launcher3.uioverrides.QuickstepLauncher,topStateChangedWhenResumed]
09-21 18:36:39.716 I/wm_on_paused_called( 5169): [185045071,com.android.launcher3.uioverrides.QuickstepLauncher,performPause]
09-21 18:36:39.722 I/am_pss ( 1154): [5223,1000,com.thundercomm.microservice,22542336,18087936,0,146718720,0,10,11]
09-21 18:36:39.731 I/wm_add_to_stopping( 1154): [0,185045071,com.android.launcher3/.uioverrides.QuickstepLauncher,makeInvisible]
09-21 18:36:39.732 I/wm_restart_activity( 1154): [0,232738094,33,com.android.deskclock/android.service.dreams.DreamActivity]
09-21 18:36:39.734 I/wm_set_resumed_activity( 1154): [0,com.android.deskclock/android.service.dreams.DreamActivity,minimalResumeActivityLocked]
09-21 18:36:39.741 I/am_pss ( 1154): [5169,10081,com.android.launcher3,83015680,69099520,0,226877440,0,2,15]
09-21 18:36:39.757 I/wm_on_create_called( 3013): [232738094,android.service.dreams.DreamActivity,performCreate]
09-21 18:36:39.757 I/wm_on_start_called( 3013): [232738094,android.service.dreams.DreamActivity,handleStartActivity]
09-21 18:36:39.759 I/wm_on_resume_called( 3013): [232738094,android.service.dreams.DreamActivity,RESUME_ACTIVITY]
09-21 18:36:39.763 I/input_focus( 1154): [Focus leaving 6566642 com.android.launcher3/com.android.launcher3.uioverrides.QuickstepLauncher (server),reason=NO_WINDOW]
09-21 18:36:39.769 I/wm_on_top_resumed_gained_called( 3013): [232738094,android.service.dreams.DreamActivity,topStateChangedWhenResumed]
09-21 18:36:39.780 I/sysui_multi_action( 1154): [757,803,799,window_time_0,802,60]
09-21 18:36:39.795 I/input_focus( 1154): [Focus request 2098165 com.android.deskclock/android.service.dreams.DreamActivity,reason=UpdateInputWindows]
09-21 18:36:39.795 I/sysui_multi_action( 2235): [757,111,758,2]
09-21 18:36:39.796 I/sysui_multi_action( 2235): [757,111,758,2]
09-21 18:36:39.806 I/am_wtf ( 1154): [0,2235,com.android.systemui,818462221,KeyguardBouncer,onFullyShown when view was null]
09-21 18:36:39.824 I/sysui_multi_action( 2235): [757,196,758,2,759,0]
09-21 18:36:39.825 I/sysui_status_bar_state( 2235): [0,0,1,0,0,1]
09-21 18:36:39.832 I/sysui_multi_action( 1154): [757,1696,758,6,759,3]
09-21 18:36:39.832 I/sysui_multi_action( 1154): [319,135,322,132,325,549,757,761,758,8,759,2,806,com.android.deskclock,871,android.service.dreams.DreamActivity,904,com.android.deskclock,905,0,1320,4,1321,1]
09-21 18:36:39.834 I/wm_activity_launch_time( 1154): [0,232738094,com.android.deskclock/android.service.dreams.DreamActivity,132]
09-21 18:36:39.840 I/am_wtf ( 1154): [0,1154,system_server,-1,DisplayDeviceConfig,requesting nits when no mapping exists.]
09-21 18:36:39.842 I/sysui_multi_action( 2235): [757,111,758,1]
09-21 18:36:39.842 I/sysui_multi_action( 2235): [757,126,758,1,759,126,927,0,928,0,1593,0]
09-21 18:36:39.843 I/sysui_multi_action( 2235): [757,113,758,1,759,113,927,1,928,1,1593,0]
09-21 18:36:39.843 I/sysui_multi_action( 2235): [757,0,758,1,759,0,927,2,928,0,1593,0]
09-21 18:36:39.843 I/sysui_multi_action( 2235): [757,0,758,1,759,0,927,3,928,0,1593,0]
09-21 18:36:39.843 I/sysui_multi_action( 2235): [757,1706,758,1,759,1706,927,4,928,0,1593,0]
09-21 18:36:39.843 I/sysui_multi_action( 2235): [757,491,758,1,759,491,927,5,928,0,1311,-1,1593,0]
09-21 18:36:39.843 I/sysui_multi_action( 2235): [757,0,758,1,759,0,927,6,928,0,1593,0]
09-21 18:36:39.843 I/sysui_multi_action( 2235): [757,0,758,1,759,0,927,7,1593,0]
09-21 18:36:39.843 I/sysui_multi_action( 2235): [757,111,758,1]
09-21 18:36:39.844 I/sysui_multi_action( 2235): [757,126,758,1,759,126,927,0,928,0,1593,0]
09-21 18:36:39.844 I/sysui_multi_action( 2235): [757,113,758,1,759,113,927,1,928,1,1593,0]
09-21 18:36:39.844 I/sysui_multi_action( 2235): [757,0,758,1,759,0,927,2,928,0,1593,0]
09-21 18:36:39.844 I/sysui_multi_action( 2235): [757,0,758,1,759,0,927,3,928,0,1593,0]
09-21 18:36:39.844 I/am_wtf ( 1154): [0,1154,system_server,-1,DisplayDeviceConfig,requesting nits when no mapping exists.]
09-21 18:36:39.857 I/am_wtf ( 1154): [0,1154,system_server,-1,DisplayDeviceConfig,requesting nits when no mapping exists.]
09-21 18:36:39.858 I/am_wtf ( 1154): [0,1154,system_server,-1,DisplayDeviceConfig,requesting nits when no mapping exists.]
09-21 18:36:39.873 I/am_wtf ( 1154): [0,1154,system_server,-1,DisplayDeviceConfig,requesting nits when no mapping exists.]
09-21 18:36:39.874 I/input_focus( 1154): [Focus entering 2098165 com.android.deskclock/android.service.dreams.DreamActivity (server),reason=Window became focusable. Previous reason: NOT_VISIBLE]
09-21 18:36:39.875 I/am_wtf ( 1154): [0,1154,system_server,-1,DisplayDeviceConfig,requesting nits when no mapping exists.]
09-21 18:36:39.907 I/am_wtf ( 1154): [0,1154,system_server,-1,DisplayDeviceConfig,requesting nits when no mapping exists.]
09-21 18:36:39.917 I/service_manager_slow( 1154): [10,dropbox]
09-21 18:36:39.918 I/am_wtf ( 1154): [0,1154,system_server,-1,DisplayDeviceConfig,requesting nits when no mapping exists.]
09-21 18:36:39.923 I/am_wtf ( 1154): [0,1154,system_server,-1,DisplayDeviceConfig,requesting nits when no mapping exists.]
09-21 18:36:39.925 I/am_wtf ( 1154): [0,1154,system_server,-1,DisplayDeviceConfig,requesting nits when no mapping exists.]
09-21 18:36:39.943 I/am_wtf ( 1154): [0,1154,system_server,-1,DisplayDeviceConfig,requesting nits when no mapping exists.]
09-21 18:36:39.944 I/am_wtf ( 1154): [0,1154,system_server,-1,DisplayDeviceConfig,requesting nits when no mapping exists.]
09-21 18:36:39.959 I/am_wtf ( 1154): [0,1154,system_server,-1,DisplayDeviceConfig,requesting nits when no mapping exists.]
09-21 18:36:39.960 I/am_wtf ( 1154): [0,1154,system_server,-1,DisplayDeviceConfig,requesting nits when no mapping exists.]
09-21 18:36:39.974 I/am_wtf ( 1154): [0,1154,system_server,-1,DisplayDeviceConfig,requesting nits when no mapping exists.]
09-21 18:36:39.976 I/am_wtf ( 1154): [0,1154,system_server,-1,DisplayDeviceConfig,requesting nits when no mapping exists.]
09-21 18:36:39.992 I/am_wtf ( 1154): [0,1154,system_server,-1,DisplayDeviceConfig,requesting nits when no mapping exists.]
09-21 18:36:39.994 I/am_wtf ( 1154): [0,1154,system_server,-1,DisplayDeviceConfig,requesting nits when no mapping exists.]
09-21 18:36:40.010 I/am_wtf ( 1154): [0,1154,system_server,-1,DisplayDeviceConfig,requesting nits when no mapping exists.]
09-21 18:36:40.012 I/am_wtf ( 1154): [0,1154,system_server,-1,DisplayDeviceConfig,requesting nits when no mapping exists.]
09-21 18:36:40.026 I/am_wtf ( 1154): [0,1154,system_server,-1,DisplayDeviceConfig,requesting nits when no mapping exists.]
09-21 18:36:40.027 I/am_wtf ( 1154): [0,1154,system_server,-1,DisplayDeviceConfig,requesting nits when no mapping exists.]
09-21 18:36:40.041 I/am_wtf ( 1154): [0,1154,system_server,-1,DisplayDeviceConfig,requesting nits when no mapping exists.]
09-21 18:36:40.043 I/am_wtf ( 1154): [0,1154,system_server,-1,DisplayDeviceConfig,requesting nits when no mapping exists.]
09-21 18:36:40.062 I/am_wtf ( 1154): [0,1154,system_server,-1,DisplayDeviceConfig,requesting nits when no mapping exists.]
09-21 18:36:40.063 I/am_wtf ( 1154): [0,1154,system_server,-1,DisplayDeviceConfig,requesting nits when no mapping exists.]
09-21 18:36:40.076 I/am_wtf ( 1154): [0,1154,system_server,-1,DisplayDeviceConfig,requesting nits when no mapping exists.]
09-21 18:36:40.078 I/am_wtf ( 1154): [0,1154,system_server,-1,DisplayDeviceConfig,requesting nits when no mapping exists.]
09-21 18:36:40.090 I/am_wtf ( 1154): [0,1154,system_server,-1,DisplayDeviceConfig,requesting nits when no mapping exists.]
09-21 18:36:40.092 I/service_manager_stats( 1154): [100,145,112396]
09-21 18:36:40.092 I/am_wtf ( 1154): [0,1154,system_server,-1,DisplayDeviceConfig,requesting nits when no mapping exists.]
09-21 18:36:40.111 I/am_wtf ( 1154): [0,1154,system_server,-1,DisplayDeviceConfig,requesting nits when no mapping exists.]
09-21 18:36:40.112 I/am_wtf ( 1154): [0,1154,system_server,-1,DisplayDeviceConfig,requesting nits when no mapping exists.]
09-21 18:36:40.133 I/wm_stop_activity( 1154): [0,185045071,com.android.launcher3/.uioverrides.QuickstepLauncher]
09-21 18:36:40.134 I/am_wtf ( 1154): [0,1154,system_server,-1,DisplayDeviceConfig,requesting nits when no mapping exists.]
09-21 18:36:40.135 I/am_wtf ( 1154): [0,1154,system_server,-1,DisplayDeviceConfig,requesting nits when no mapping exists.]
09-21 18:36:40.141 I/am_wtf ( 1154): [0,1154,system_server,-1,DisplayDeviceConfig,requesting nits when no mapping exists.]
09-21 18:36:40.143 I/am_wtf ( 1154): [0,1154,system_server,-1,DisplayDeviceConfig,requesting nits when no mapping exists.]
09-21 18:36:40.159 I/am_wtf ( 1154): [0,1154,system_server,-1,DisplayDeviceConfig,requesting nits when no mapping exists.]
09-21 18:36:40.161 I/am_wtf ( 1154): [0,1154,system_server,-1,DisplayDeviceConfig,requesting nits when no mapping exists.]
09-21 18:36:40.170 I/wm_on_stop_called( 5169): [185045071,com.android.launcher3.uioverrides.QuickstepLauncher,STOP_ACTIVITY_ITEM]
09-21 18:36:40.175 I/am_wtf ( 1154): [0,1154,system_server,-1,DisplayDeviceConfig,requesting nits when no mapping exists.]
09-21 18:36:40.176 I/am_wtf ( 1154): [0,1154,system_server,-1,DisplayDeviceConfig,requesting nits when no mapping exists.]
09-21 18:36:40.192 I/am_wtf ( 1154): [0,1154,system_server,-1,DisplayDeviceConfig,requesting nits when no mapping exists.]
09-21 18:36:40.195 I/am_wtf ( 1154): [0,1154,system_server,-1,DisplayDeviceConfig,requesting nits when no mapping exists.]
09-21 18:36:40.209 I/am_wtf ( 1154): [0,1154,system_server,-1,DisplayDeviceConfig,requesting nits when no mapping exists.]
09-21 18:36:40.211 I/am_wtf ( 1154): [0,1154,system_server,-1,DisplayDeviceConfig,requesting nits when no mapping exists.]
09-21 18:36:40.227 I/am_wtf ( 1154): [0,1154,system_server,-1,DisplayDeviceConfig,requesting nits when no mapping exists.]
09-21 18:36:40.229 I/am_wtf ( 1154): [0,1154,system_server,-1,DisplayDeviceConfig,requesting nits when no mapping exists.]
09-21 18:36:40.243 I/am_wtf ( 1154): [0,1154,system_server,-1,DisplayDeviceConfig,requesting nits when no mapping exists.]
09-21 18:36:40.244 I/am_wtf ( 1154): [0,1154,system_server,-1,DisplayDeviceConfig,requesting nits when no mapping exists.]
09-21 18:36:40.260 I/am_wtf ( 1154): [0,1154,system_server,-1,DisplayDeviceConfig,requesting nits when no mapping exists.]
09-21 18:36:40.262 I/am_wtf ( 1154): [0,1154,system_server,-1,DisplayDeviceConfig,requesting nits when no mapping exists.]
09-21 18:36:40.275 I/am_wtf ( 1154): [0,1154,system_server,-1,DisplayDeviceConfig,requesting nits when no mapping exists.]
09-21 18:36:40.277 I/am_wtf ( 1154): [0,1154,system_server,-1,DisplayDeviceConfig,requesting nits when no mapping exists.]
09-21 18:36:40.293 I/am_wtf ( 1154): [0,1154,system_server,-1,DisplayDeviceConfig,requesting nits when no mapping exists.]
09-21 18:36:40.294 I/am_wtf ( 1154): [0,1154,system_server,-1,DisplayDeviceConfig,requesting nits when no mapping exists.]
09-21 18:36:40.308 I/am_wtf ( 1154): [0,1154,system_server,-1,DisplayDeviceConfig,requesting nits when no mapping exists.]
09-21 18:36:40.310 I/am_wtf ( 1154): [0,1154,system_server,-1,DisplayDeviceConfig,requesting nits when no mapping exists.]
09-21 18:36:40.327 I/am_wtf ( 1154): [0,1154,system_server,-1,DisplayDeviceConfig,requesting nits when no mapping exists.]
09-21 18:36:40.328 I/am_wtf ( 1154): [0,1154,system_server,-1,DisplayDeviceConfig,requesting nits when no mapping exists.]
09-21 18:36:40.344 I/am_wtf ( 1154): [0,1154,system_server,-1,DisplayDeviceConfig,requesting nits when no mapping exists.]
09-21 18:36:40.345 I/am_wtf ( 1154): [0,1154,system_server,-1,DisplayDeviceConfig,requesting nits when no mapping exists.]
09-21 18:36:40.358 I/am_wtf ( 1154): [0,1154,system_server,-1,DisplayDeviceConfig,requesting nits when no mapping exists.]
09-21 18:36:40.360 I/am_wtf ( 1154): [0,1154,system_server,-1,DisplayDeviceConfig,requesting nits when no mapping exists.]
09-21 18:36:40.376 I/am_wtf ( 1154): [0,1154,system_server,-1,DisplayDeviceConfig,requesting nits when no mapping exists.]
09-21 18:36:40.378 I/am_wtf ( 1154): [0,1154,system_server,-1,DisplayDeviceConfig,requesting nits when no mapping exists.]
09-21 18:36:40.394 I/am_wtf ( 1154): [0,1154,system_server,-1,DisplayDeviceConfig,requesting nits when no mapping exists.]
09-21 18:36:40.396 I/am_wtf ( 1154): [0,1154,system_server,-1,DisplayDeviceConfig,requesting nits when no mapping exists.]
09-21 18:36:40.411 I/am_wtf ( 1154): [0,1154,system_server,-1,DisplayDeviceConfig,requesting nits when no mapping exists.]
09-21 18:36:40.413 I/am_wtf ( 1154): [0,1154,system_server,-1,DisplayDeviceConfig,requesting nits when no mapping exists.]
09-21 18:36:40.433 I/am_wtf ( 1154): [0,1154,system_server,-1,DisplayDeviceConfig,requesting nits when no mapping exists.]
09-21 18:36:40.434 I/am_wtf ( 1154): [0,1154,system_server,-1,DisplayDeviceConfig,requesting nits when no mapping exists.]
09-21 18:36:40.445 I/am_wtf ( 1154): [0,1154,system_server,-1,DisplayDeviceConfig,requesting nits when no mapping exists.]
09-21 18:36:40.446 I/am_wtf ( 1154): [0,1154,system_server,-1,DisplayDeviceConfig,requesting nits when no mapping exists.]
09-21 18:36:40.466 I/am_wtf ( 1154): [0,1154,system_server,-1,DisplayDeviceConfig,requesting nits when no mapping exists.]
09-21 18:36:40.468 I/am_wtf ( 1154): [0,1154,system_server,-1,DisplayDeviceConfig,requesting nits when no mapping exists.]
09-21 18:36:40.477 I/am_wtf ( 1154): [0,1154,system_server,-1,DisplayDeviceConfig,requesting nits when no mapping exists.]
09-21 18:36:40.479 I/am_wtf ( 1154): [0,1154,system_server,-1,DisplayDeviceConfig,requesting nits when no mapping exists.]
09-21 18:36:40.494 I/am_wtf ( 1154): [0,1154,system_server,-1,DisplayDeviceConfig,requesting nits when no mapping exists.]
09-21 18:36:40.497 I/am_wtf ( 1154): [0,1154,system_server,-1,DisplayDeviceConfig,requesting nits when no mapping exists.]
09-21 18:36:40.509 I/am_wtf ( 1154): [0,1154,system_server,-1,DisplayDeviceConfig,requesting nits when no mapping exists.]
09-21 18:36:40.515 I/am_wtf ( 1154): [0,1154,system_server,-1,DisplayDeviceConfig,requesting nits when no mapping exists.]
09-21 18:36:40.525 I/am_wtf ( 1154): [0,1154,system_server,-1,DisplayDeviceConfig,requesting nits when no mapping exists.]
09-21 18:36:40.526 I/am_wtf ( 1154): [0,1154,system_server,-1,DisplayDeviceConfig,requesting nits when no mapping exists.]
09-21 18:36:40.543 I/am_wtf ( 1154): [0,1154,system_server,-1,DisplayDeviceConfig,requesting nits when no mapping exists.]
09-21 18:36:40.545 I/am_wtf ( 1154): [0,1154,system_server,-1,DisplayDeviceConfig,requesting nits when no mapping exists.]
09-21 18:36:40.562 I/am_wtf ( 1154): [0,1154,system_server,-1,DisplayDeviceConfig,requesting nits when no mapping exists.]
09-21 18:36:40.563 I/am_wtf ( 1154): [0,1154,system_server,-1,DisplayDeviceConfig,requesting nits when no mapping exists.]
09-21 18:36:40.576 I/am_wtf ( 1154): [0,1154,system_server,-1,DisplayDeviceConfig,requesting nits when no mapping exists.]
09-21 18:36:40.578 I/am_wtf ( 1154): [0,1154,system_server,-1,DisplayDeviceConfig,requesting nits when no mapping exists.]
09-21 18:36:40.592 I/am_wtf ( 1154): [0,1154,system_server,-1,DisplayDeviceConfig,requesting nits when no mapping exists.]
09-21 18:36:40.593 I/am_wtf ( 1154): [0,1154,system_server,-1,DisplayDeviceConfig,requesting nits when no mapping exists.]
09-21 18:36:40.609 I/am_wtf ( 1154): [0,1154,system_server,-1,DisplayDeviceConfig,requesting nits when no mapping exists.]
09-21 18:36:40.611 I/am_wtf ( 1154): [0,1154,system_server,-1,DisplayDeviceConfig,requesting nits when no mapping exists.]
09-21 18:36:40.627 I/am_wtf ( 1154): [0,1154,system_server,-1,DisplayDeviceConfig,requesting nits when no mapping exists.]
09-21 18:36:40.628 I/am_wtf ( 1154): [0,1154,system_server,-1,DisplayDeviceConfig,requesting nits when no mapping exists.]
09-21 18:36:40.649 I/am_wtf ( 1154): [0,1154,system_server,-1,DisplayDeviceConfig,requesting nits when no mapping exists.]
09-21 18:36:40.651 I/am_wtf ( 1154): [0,1154,system_server,-1,DisplayDeviceConfig,requesting nits when no mapping exists.]
09-21 18:36:40.660 I/am_wtf ( 1154): [0,1154,system_server,-1,DisplayDeviceConfig,requesting nits when no mapping exists.]
09-21 18:36:40.663 I/am_wtf ( 1154): [0,1154,system_server,-1,DisplayDeviceConfig,requesting nits when no mapping exists.]
09-21 18:36:40.682 I/am_wtf ( 1154): [0,1154,system_server,-1,DisplayDeviceConfig,requesting nits when no mapping exists.]
09-21 18:36:40.683 I/am_wtf ( 1154): [0,1154,system_server,-1,DisplayDeviceConfig,requesting nits when no mapping exists.]
09-21 18:36:40.692 I/am_wtf ( 1154): [0,1154,system_server,-1,DisplayDeviceConfig,requesting nits when no mapping exists.]
09-21 18:36:40.693 I/am_wtf ( 1154): [0,1154,system_server,-1,DisplayDeviceConfig,requesting nits when no mapping exists.]
09-21 18:36:40.710 I/am_wtf ( 1154): [0,1154,system_server,-1,DisplayDeviceConfig,requesting nits when no mapping exists.]
09-21 18:36:40.711 I/am_wtf ( 1154): [0,1154,system_server,-1,DisplayDeviceConfig,requesting nits when no mapping exists.]
09-21 18:36:40.727 I/am_wtf ( 1154): [0,1154,system_server,-1,DisplayDeviceConfig,requesting nits when no mapping exists.]
09-21 18:36:40.729 I/am_wtf ( 1154): [0,1154,system_server,-1,DisplayDeviceConfig,requesting nits when no mapping exists.]
09-21 18:36:40.743 I/am_wtf ( 1154): [0,1154,system_server,-1,DisplayDeviceConfig,requesting nits when no mapping exists.]
09-21 18:36:40.744 I/am_wtf ( 1154): [0,1154,system_server,-1,DisplayDeviceConfig,requesting nits when no mapping exists.]
09-21 18:36:40.759 I/am_wtf ( 1154): [0,1154,system_server,-1,DisplayDeviceConfig,requesting nits when no mapping exists.]
09-21 18:36:40.765 I/am_wtf ( 1154): [0,1154,system_server,-1,DisplayDeviceConfig,requesting nits when no mapping exists.]
09-21 18:36:40.776 I/am_wtf ( 1154): [0,1154,system_server,-1,DisplayDeviceConfig,requesting nits when no mapping exists.]
09-21 18:36:40.778 I/am_wtf ( 1154): [0,1154,system_server,-1,DisplayDeviceConfig,requesting nits when no mapping exists.]
09-21 18:36:40.795 I/am_wtf ( 1154): [0,1154,system_server,-1,DisplayDeviceConfig,requesting nits when no mapping exists.]
09-21 18:36:40.796 I/am_wtf ( 1154): [0,1154,system_server,-1,DisplayDeviceConfig,requesting nits when no mapping exists.]
09-21 18:36:41.702 I/input_interaction( 1154): Interaction with: 2098165 com.android.deskclock/android.service.dreams.DreamActivity (server), edge-swipe (server), swipe-up (server), PointerEventDispatcher0 (server),
09-21 18:36:41.706 I/wm_finish_activity( 1154): [0,232738094,33,com.android.deskclock/android.service.dreams.DreamActivity,finish-activity]
09-21 18:36:41.707 I/wm_task_moved( 1154): [1,1,7]
09-21 18:36:41.708 I/wm_task_moved( 1154): [10,1,2147483647]
09-21 18:36:41.708 I/wm_task_to_front( 1154): [0,10]
09-21 18:36:41.708 I/wm_focused_root_task( 1154): [0,0,1,33,finish-top adjustFocusToNextFocusableTask]
09-21 18:36:41.708 I/wm_set_resumed_activity( 1154): [0,com.android.launcher3/.uioverrides.QuickstepLauncher,finish-top adjustFocusToNextFocusableTask]
09-21 18:36:41.709 I/wm_pause_activity( 1154): [0,232738094,com.android.deskclock/android.service.dreams.DreamActivity,userLeaving=false,finish]
09-21 18:36:41.721 I/sysui_multi_action( 1154): [757,803,799,window_time_0,802,2]
09-21 18:36:41.722 I/wm_on_top_resumed_lost_called( 3013): [232738094,android.service.dreams.DreamActivity,topStateChangedWhenResumed]
09-21 18:36:41.724 I/wm_on_paused_called( 3013): [232738094,android.service.dreams.DreamActivity,performPause]
09-21 18:36:41.726 I/wm_add_to_stopping( 1154): [0,232738094,com.android.deskclock/android.service.dreams.DreamActivity,completeFinishing]
09-21 18:36:41.733 I/wm_set_resumed_activity( 1154): [0,com.android.launcher3/.uioverrides.QuickstepLauncher,resumeTopActivityInnerLocked]
09-21 18:36:41.734 I/wm_resume_activity( 1154): [0,185045071,10,com.android.launcher3/.uioverrides.QuickstepLauncher]
09-21 18:36:41.736 I/wm_on_restart_called( 5169): [185045071,com.android.launcher3.uioverrides.QuickstepLauncher,performRestartActivity]
09-21 18:36:41.737 I/wm_on_start_called( 5169): [185045071,com.android.launcher3.uioverrides.QuickstepLauncher,handleStartActivity]
09-21 18:36:41.738 I/wm_on_resume_called( 5169): [185045071,com.android.launcher3.uioverrides.QuickstepLauncher,RESUME_ACTIVITY]
09-21 18:36:41.738 I/wm_on_top_resumed_gained_called( 5169): [185045071,com.android.launcher3.uioverrides.QuickstepLauncher,topWhenResuming]
09-21 18:36:41.742 I/sysui_multi_action( 1154): [757,803,799,window_time_0,802,0]
09-21 18:36:41.750 I/view_enqueue_input_event( 3013): [Motion - Cancel,com.android.deskclock/android.service.dreams.DreamActivity]
09-21 18:36:41.750 I/input_focus( 1154): [Focus leaving 2098165 com.android.deskclock/android.service.dreams.DreamActivity (server),reason=NO_WINDOW]
09-21 18:36:41.760 I/input_interaction( 1154): Interaction with: edge-swipe (server), swipe-up (server), PointerEventDispatcher0 (server),
09-21 18:36:41.761 I/input_focus( 1154): [Focus request 6566642 com.android.launcher3/com.android.launcher3.uioverrides.QuickstepLauncher,reason=UpdateInputWindows]
09-21 18:36:41.779 I/input_focus( 1154): [Focus entering 6566642 com.android.launcher3/com.android.launcher3.uioverrides.QuickstepLauncher (server),reason=setFocusedWindow]
09-21 18:36:42.021 I/wm_destroy_activity( 1154): [0,232738094,33,com.android.deskclock/android.service.dreams.DreamActivity,finish-imm:idle]
09-21 18:36:42.044 I/wm_on_stop_called( 3013): [232738094,android.service.dreams.DreamActivity,LIFECYCLER_STOP_ACTIVITY]
09-21 18:36:42.045 I/wm_on_destroy_called( 3013): [232738094,android.service.dreams.DreamActivity,performDestroy]
09-21 18:36:42.051 I/sysui_multi_action( 1154): [757,222,758,2]
09-21 18:36:42.052 I/sysui_multi_action( 1154): [757,804,799,dreaming_minutes,801,0,802,1]
09-21 18:36:42.075 I/wm_task_removed( 1154): [33,removeChild:removeChild last r=ActivityRecord{ddf4d2e u0 com.android.deskclock/android.service.dreams.DreamActivity t-1 f}} in t=Task{4933724 #33 type=dream A=10070:android:com.android.deskclock/dream U=0 visible=false mode=fullscreen translucent=true sz=0}]
09-21 18:36:42.075 I/wm_task_removed( 1154): [33,removeChild]
09-21 18:36:43.173 I/input_interaction( 1154): Interaction with: 6566642 com.android.launcher3/com.android.launcher3.uioverrides.QuickstepLauncher (server), 1da61d8 com.android.systemui.ImageWallpaper (server), edge-swipe (server), swipe-up (server), PointerEventDispatcher0 (server),
09-21 18:36:45.986 I/input_interaction( 1154): Interaction with: e915a91 StatusBar (server), edge-swipe (server), swipe-up (server), PointerEventDispatcher0 (server),
09-21 18:36:46.002 I/sysui_multi_action( 2235): [757,803,799,panel_open,802,1]
09-21 18:36:46.004 I/sysui_multi_action( 2235): [757,1328,758,4,1326,45,1327,1,1329,0]
09-21 18:36:46.093 I/service_manager_stats( 1154): [100,110,6000]
09-21 18:36:46.144 I/sysui_multi_action( 1154): [757,127,758,1]
09-21 18:36:46.144 I/sysui_multi_action( 1154): [757,804,799,note_load,801,3,802,1]
09-21 18:36:46.146 I/sysui_multi_action( 2235): [757,111,758,2]
09-21 18:36:46.146 I/notification_panel_revealed( 1154): 3
09-21 18:36:46.147 I/sysui_multi_action( 2235): [757,111,758,2]
09-21 18:36:46.179 I/input_focus( 1154): [Focus request f34a2a3 NotificationShade,reason=UpdateInputWindows]
09-21 18:36:46.183 I/sysui_multi_action( 2235): [757,111,758,1]
09-21 18:36:46.183 I/sysui_multi_action( 2235): [757,126,758,1,759,126,927,0,928,0,1593,0]
09-21 18:36:46.184 I/sysui_multi_action( 2235): [757,113,758,1,759,113,927,1,928,1,1593,0]
09-21 18:36:46.184 I/sysui_multi_action( 2235): [757,0,758,1,759,0,927,2,928,0,1593,0]
09-21 18:36:46.184 I/sysui_multi_action( 2235): [757,0,758,1,759,0,927,3,928,0,1593,0]
09-21 18:36:46.184 I/sysui_multi_action( 2235): [757,1706,758,1,759,1706,927,4,928,0,1593,0]
09-21 18:36:46.185 I/sysui_multi_action( 2235): [757,491,758,1,759,491,927,5,928,0,1311,-1,1593,0]
09-21 18:36:46.185 I/sysui_multi_action( 2235): [757,0,758,1,759,0,927,6,928,0,1593,0]
09-21 18:36:46.186 I/sysui_multi_action( 2235): [757,0,758,1,759,0,927,7,1593,0]
09-21 18:36:46.186 I/sysui_multi_action( 2235): [757,111,758,1]
09-21 18:36:46.186 I/sysui_multi_action( 2235): [757,126,758,1,759,126,927,0,928,0,1593,0]
09-21 18:36:46.186 I/sysui_multi_action( 2235): [757,113,758,1,759,113,927,1,928,1,1593,0]
09-21 18:36:46.186 I/sysui_multi_action( 2235): [757,0,758,1,759,0,927,2,928,0,1593,0]
09-21 18:36:46.186 I/sysui_multi_action( 2235): [757,0,758,1,759,0,927,3,928,0,1593,0]
09-21 18:36:46.206 I/input_focus( 1154): [Focus leaving 6566642 com.android.launcher3/com.android.launcher3.uioverrides.QuickstepLauncher (server),reason=Waiting for window because NOT_VISIBLE]
09-21 18:36:46.223 I/sysui_multi_action( 2235): [757,111,758,2]
09-21 18:36:46.223 I/sysui_multi_action( 2235): [757,111,758,2]
09-21 18:36:46.223 I/input_focus( 1154): [Focus entering f34a2a3 NotificationShade (server),reason=Window became focusable. Previous reason: NOT_VISIBLE]
09-21 18:36:46.230 I/sysui_multi_action( 2235): [757,111,758,1]
09-21 18:36:46.231 I/sysui_multi_action( 2235): [757,126,758,1,759,126,927,0,928,0,1593,0]
09-21 18:36:46.231 I/sysui_multi_action( 2235): [757,113,758,1,759,113,927,1,928,1,1593,0]
09-21 18:36:46.231 I/sysui_multi_action( 2235): [757,0,758,1,759,0,927,2,928,0,1593,0]
09-21 18:36:46.231 I/sysui_multi_action( 2235): [757,0,758,1,759,0,927,3,928,0,1593,0]
09-21 18:36:46.231 I/sysui_multi_action( 2235): [757,1706,758,1,759,1706,927,4,928,0,1593,0]
09-21 18:36:46.232 I/sysui_multi_action( 2235): [757,491,758,1,759,491,927,5,928,0,1311,-1,1593,0]
09-21 18:36:46.232 I/sysui_multi_action( 2235): [757,0,758,1,759,0,927,6,928,0,1593,0]
09-21 18:36:46.232 I/sysui_multi_action( 2235): [757,0,758,1,759,0,927,7,1593,0]
09-21 18:36:46.232 I/sysui_multi_action( 2235): [757,111,758,1]
09-21 18:36:46.232 I/sysui_multi_action( 2235): [757,126,758,1,759,126,927,0,928,0,1593,0]
09-21 18:36:46.233 I/sysui_multi_action( 2235): [757,113,758,1,759,113,927,1,928,1,1593,0]
09-21 18:36:46.233 I/sysui_multi_action( 2235): [757,0,758,1,759,0,927,2,928,0,1593,0]
09-21 18:36:46.233 I/sysui_multi_action( 2235): [757,0,758,1,759,0,927,3,928,0,1593,0]
09-21 18:36:46.258 I/sysui_multi_action( 2235): [757,111,758,2]
09-21 18:36:46.258 I/sysui_multi_action( 2235): [757,111,758,2]
09-21 18:36:46.265 I/sysui_multi_action( 2235): [757,111,758,1]
09-21 18:36:46.265 I/sysui_multi_action( 2235): [757,126,758,1,759,126,927,0,928,0,1593,0]
09-21 18:36:46.265 I/sysui_multi_action( 2235): [757,113,758,1,759,113,927,1,928,1,1593,0]
09-21 18:36:46.265 I/sysui_multi_action( 2235): [757,0,758,1,759,0,927,2,928,0,1593,0]
09-21 18:36:46.265 I/sysui_multi_action( 2235): [757,0,758,1,759,0,927,3,928,0,1593,0]
09-21 18:36:46.266 I/sysui_multi_action( 2235): [757,1706,758,1,759,1706,927,4,928,0,1593,0]
09-21 18:36:46.266 I/sysui_multi_action( 2235): [757,491,758,1,759,491,927,5,928,0,1311,-1,1593,0]
09-21 18:36:46.266 I/sysui_multi_action( 2235): [757,0,758,1,759,0,927,6,928,0,1593,0]
09-21 18:36:46.266 I/sysui_multi_action( 2235): [757,0,758,1,759,0,927,7,1593,0]
09-21 18:36:46.266 I/sysui_multi_action( 2235): [757,111,758,1]
09-21 18:36:46.266 I/sysui_multi_action( 2235): [757,126,758,1,759,126,927,0,928,0,1593,0]
09-21 18:36:46.266 I/sysui_multi_action( 2235): [757,113,758,1,759,113,927,1,928,1,1593,0]
09-21 18:36:46.267 I/sysui_multi_action( 2235): [757,0,758,1,759,0,927,2,928,0,1593,0]
09-21 18:36:46.267 I/sysui_multi_action( 2235): [757,0,758,1,759,0,927,3,928,0,1593,0]
09-21 18:36:46.285 I/sysui_multi_action( 2235): [757,111,758,2]
09-21 18:36:46.285 I/sysui_multi_action( 2235): [757,111,758,2]
09-21 18:36:46.290 I/sysui_multi_action( 2235): [757,111,758,1]
09-21 18:36:46.290 I/sysui_multi_action( 2235): [757,126,758,1,759,126,927,0,928,0,1593,0]
09-21 18:36:46.290 I/sysui_multi_action( 2235): [757,113,758,1,759,113,927,1,928,1,1593,0]
09-21 18:36:46.291 I/sysui_multi_action( 2235): [757,0,758,1,759,0,927,2,928,0,1593,0]
09-21 18:36:46.291 I/sysui_multi_action( 2235): [757,0,758,1,759,0,927,3,928,0,1593,0]
09-21 18:36:46.291 I/sysui_multi_action( 2235): [757,1706,758,1,759,1706,927,4,928,0,1593,0]
09-21 18:36:46.291 I/sysui_multi_action( 2235): [757,491,758,1,759,491,927,5,928,0,1311,-1,1593,0]
09-21 18:36:46.291 I/sysui_multi_action( 2235): [757,0,758,1,759,0,927,6,928,0,1593,0]
09-21 18:36:46.291 I/sysui_multi_action( 2235): [757,0,758,1,759,0,927,7,1593,0]
09-21 18:36:46.291 I/sysui_multi_action( 2235): [757,111,758,1]
09-21 18:36:46.292 I/sysui_multi_action( 2235): [757,126,758,1,759,126,927,0,928,0,1593,0]
09-21 18:36:46.292 I/sysui_multi_action( 2235): [757,113,758,1,759,113,927,1,928,1,1593,0]
09-21 18:36:46.292 I/sysui_multi_action( 2235): [757,0,758,1,759,0,927,2,928,0,1593,0]
09-21 18:36:46.292 I/sysui_multi_action( 2235): [757,0,758,1,759,0,927,3,928,0,1593,0]
09-21 18:36:46.309 I/sysui_multi_action( 2235): [757,111,758,2]
09-21 18:36:46.309 I/sysui_multi_action( 2235): [757,111,758,2]
09-21 18:36:46.313 I/sysui_multi_action( 2235): [757,111,758,1]
09-21 18:36:46.313 I/sysui_multi_action( 2235): [757,126,758,1,759,126,927,0,928,0,1593,0]
09-21 18:36:46.313 I/sysui_multi_action( 2235): [757,113,758,1,759,113,927,1,928,1,1593,0]
09-21 18:36:46.313 I/sysui_multi_action( 2235): [757,0,758,1,759,0,927,2,928,0,1593,0]
09-21 18:36:46.313 I/sysui_multi_action( 2235): [757,0,758,1,759,0,927,3,928,0,1593,0]
09-21 18:36:46.313 I/sysui_multi_action( 2235): [757,1706,758,1,759,1706,927,4,928,0,1593,0]
09-21 18:36:46.314 I/sysui_multi_action( 2235): [757,491,758,1,759,491,927,5,928,0,1311,-1,1593,0]
09-21 18:36:46.314 I/sysui_multi_action( 2235): [757,0,758,1,759,0,927,6,928,0,1593,0]
09-21 18:36:46.314 I/sysui_multi_action( 2235): [757,0,758,1,759,0,927,7,1593,0]
09-21 18:36:46.314 I/sysui_multi_action( 2235): [757,111,758,1]
09-21 18:36:46.314 I/sysui_multi_action( 2235): [757,126,758,1,759,126,927,0,928,0,1593,0]
09-21 18:36:46.314 I/sysui_multi_action( 2235): [757,113,758,1,759,113,927,1,928,1,1593,0]
09-21 18:36:46.314 I/sysui_multi_action( 2235): [757,0,758,1,759,0,927,2,928,0,1593,0]
09-21 18:36:46.314 I/sysui_multi_action( 2235): [757,0,758,1,759,0,927,3,928,0,1593,0]
09-21 18:36:46.330 I/sysui_multi_action( 2235): [757,111,758,2]
09-21 18:36:46.331 I/sysui_multi_action( 2235): [757,111,758,2]
09-21 18:36:46.335 I/sysui_multi_action( 2235): [757,111,758,1]
09-21 18:36:46.335 I/sysui_multi_action( 2235): [757,126,758,1,759,126,927,0,928,0,1593,0]
09-21 18:36:46.335 I/sysui_multi_action( 2235): [757,113,758,1,759,113,927,1,928,1,1593,0]
09-21 18:36:46.335 I/sysui_multi_action( 2235): [757,0,758,1,759,0,927,2,928,0,1593,0]
09-21 18:36:46.335 I/sysui_multi_action( 2235): [757,0,758,1,759,0,927,3,928,0,1593,0]
09-21 18:36:46.335 I/sysui_multi_action( 2235): [757,1706,758,1,759,1706,927,4,928,0,1593,0]
09-21 18:36:46.335 I/sysui_multi_action( 2235): [757,491,758,1,759,491,927,5,928,0,1311,-1,1593,0]
09-21 18:36:46.335 I/sysui_multi_action( 2235): [757,0,758,1,759,0,927,6,928,0,1593,0]
09-21 18:36:46.335 I/sysui_multi_action( 2235): [757,0,758,1,759,0,927,7,1593,0]
09-21 18:36:46.335 I/sysui_multi_action( 2235): [757,111,758,1]
09-21 18:36:46.336 I/sysui_multi_action( 2235): [757,126,758,1,759,126,927,0,928,0,1593,0]
09-21 18:36:46.336 I/sysui_multi_action( 2235): [757,113,758,1,759,113,927,1,928,1,1593,0]
09-21 18:36:46.336 I/sysui_multi_action( 2235): [757,0,758,1,759,0,927,2,928,0,1593,0]
09-21 18:36:46.336 I/sysui_multi_action( 2235): [757,0,758,1,759,0,927,3,928,0,1593,0]
09-21 18:36:46.350 I/sysui_multi_action( 2235): [757,111,758,2]
09-21 18:36:46.350 I/sysui_multi_action( 2235): [757,111,758,2]
09-21 18:36:46.354 I/sysui_multi_action( 2235): [757,111,758,1]
09-21 18:36:46.354 I/sysui_multi_action( 2235): [757,126,758,1,759,126,927,0,928,0,1593,0]
09-21 18:36:46.354 I/sysui_multi_action( 2235): [757,113,758,1,759,113,927,1,928,1,1593,0]
09-21 18:36:46.354 I/sysui_multi_action( 2235): [757,0,758,1,759,0,927,2,928,0,1593,0]
09-21 18:36:46.354 I/sysui_multi_action( 2235): [757,0,758,1,759,0,927,3,928,0,1593,0]
09-21 18:36:46.354 I/sysui_multi_action( 2235): [757,1706,758,1,759,1706,927,4,928,0,1593,0]
09-21 18:36:46.355 I/sysui_multi_action( 2235): [757,491,758,1,759,491,927,5,928,0,1311,-1,1593,0]
09-21 18:36:46.355 I/sysui_multi_action( 2235): [757,0,758,1,759,0,927,6,928,0,1593,0]
09-21 18:36:46.355 I/sysui_multi_action( 2235): [757,0,758,1,759,0,927,7,1593,0]
09-21 18:36:46.355 I/sysui_multi_action( 2235): [757,111,758,1]
09-21 18:36:46.355 I/sysui_multi_action( 2235): [757,126,758,1,759,126,927,0,928,0,1593,0]
09-21 18:36:46.355 I/sysui_multi_action( 2235): [757,113,758,1,759,113,927,1,928,1,1593,0]
09-21 18:36:46.355 I/sysui_multi_action( 2235): [757,0,758,1,759,0,927,2,928,0,1593,0]
09-21 18:36:46.355 I/sysui_multi_action( 2235): [757,0,758,1,759,0,927,3,928,0,1593,0]
09-21 18:36:46.371 I/sysui_multi_action( 2235): [757,111,758,2]
09-21 18:36:46.371 I/sysui_multi_action( 2235): [757,111,758,2]
09-21 18:36:46.375 I/sysui_multi_action( 2235): [757,111,758,1]
09-21 18:36:46.375 I/sysui_multi_action( 2235): [757,126,758,1,759,126,927,0,928,0,1593,0]
09-21 18:36:46.375 I/sysui_multi_action( 2235): [757,113,758,1,759,113,927,1,928,1,1593,0]
09-21 18:36:46.375 I/sysui_multi_action( 2235): [757,0,758,1,759,0,927,2,928,0,1593,0]
09-21 18:36:46.375 I/sysui_multi_action( 2235): [757,0,758,1,759,0,927,3,928,0,1593,0]
09-21 18:36:46.375 I/sysui_multi_action( 2235): [757,1706,758,1,759,1706,927,4,928,0,1593,0]
09-21 18:36:46.375 I/sysui_multi_action( 2235): [757,491,758,1,759,491,927,5,928,0,1311,-1,1593,0]
09-21 18:36:46.375 I/sysui_multi_action( 2235): [757,0,758,1,759,0,927,6,928,0,1593,0]
09-21 18:36:46.376 I/sysui_multi_action( 2235): [757,0,758,1,759,0,927,7,1593,0]
09-21 18:36:46.376 I/sysui_multi_action( 2235): [757,111,758,1]
09-21 18:36:46.376 I/sysui_multi_action( 2235): [757,126,758,1,759,126,927,0,928,0,1593,0]
09-21 18:36:46.376 I/sysui_multi_action( 2235): [757,113,758,1,759,113,927,1,928,1,1593,0]
09-21 18:36:46.376 I/sysui_multi_action( 2235): [757,0,758,1,759,0,927,2,928,0,1593,0]
09-21 18:36:46.376 I/sysui_multi_action( 2235): [757,0,758,1,759,0,927,3,928,0,1593,0]
09-21 18:36:46.391 I/sysui_multi_action( 2235): [757,111,758,2]
09-21 18:36:46.391 I/sysui_multi_action( 2235): [757,111,758,2]
09-21 18:36:46.395 I/sysui_multi_action( 2235): [757,111,758,1]
09-21 18:36:46.395 I/sysui_multi_action( 2235): [757,126,758,1,759,126,927,0,928,0,1593,0]
09-21 18:36:46.396 I/sysui_multi_action( 2235): [757,113,758,1,759,113,927,1,928,1,1593,0]
09-21 18:36:46.396 I/sysui_multi_action( 2235): [757,0,758,1,759,0,927,2,928,0,1593,0]
09-21 18:36:46.396 I/sysui_multi_action( 2235): [757,0,758,1,759,0,927,3,928,0,1593,0]
09-21 18:36:46.396 I/sysui_multi_action( 2235): [757,1706,758,1,759,1706,927,4,928,0,1593,0]
09-21 18:36:46.396 I/sysui_multi_action( 2235): [757,491,758,1,759,491,927,5,928,0,1311,-1,1593,0]
09-21 18:36:46.396 I/sysui_multi_action( 2235): [757,0,758,1,759,0,927,6,928,0,1593,0]
09-21 18:36:46.396 I/sysui_multi_action( 2235): [757,0,758,1,759,0,927,7,1593,0]
09-21 18:36:46.396 I/sysui_multi_action( 2235): [757,111,758,1]
09-21 18:36:46.396 I/sysui_multi_action( 2235): [757,126,758,1,759,126,927,0,928,0,1593,0]
09-21 18:36:46.397 I/sysui_multi_action( 2235): [757,113,758,1,759,113,927,1,928,1,1593,0]
09-21 18:36:46.397 I/sysui_multi_action( 2235): [757,0,758,1,759,0,927,2,928,0,1593,0]
09-21 18:36:46.397 I/sysui_multi_action( 2235): [757,0,758,1,759,0,927,3,928,0,1593,0]
09-21 18:36:46.415 I/sysui_multi_action( 2235): [757,111,758,2]
09-21 18:36:46.416 I/sysui_multi_action( 2235): [757,111,758,2]
09-21 18:36:46.420 I/sysui_multi_action( 2235): [757,111,758,1]
09-21 18:36:46.420 I/sysui_multi_action( 2235): [757,126,758,1,759,126,927,0,928,0,1593,0]
09-21 18:36:46.421 I/sysui_multi_action( 2235): [757,113,758,1,759,113,927,1,928,1,1593,0]
09-21 18:36:46.421 I/sysui_multi_action( 2235): [757,0,758,1,759,0,927,2,928,0,1593,0]
09-21 18:36:46.421 I/sysui_multi_action( 2235): [757,0,758,1,759,0,927,3,928,0,1593,0]
09-21 18:36:46.421 I/sysui_multi_action( 2235): [757,1706,758,1,759,1706,927,4,928,0,1593,0]
09-21 18:36:46.421 I/sysui_multi_action( 2235): [757,491,758,1,759,491,927,5,928,0,1311,-1,1593,0]
09-21 18:36:46.421 I/sysui_multi_action( 2235): [757,0,758,1,759,0,927,6,928,0,1593,0]
09-21 18:36:46.421 I/sysui_multi_action( 2235): [757,0,758,1,759,0,927,7,1593,0]
09-21 18:36:46.421 I/sysui_multi_action( 2235): [757,111,758,1]
09-21 18:36:46.421 I/sysui_multi_action( 2235): [757,126,758,1,759,126,927,0,928,0,1593,0]
09-21 18:36:46.422 I/sysui_multi_action( 2235): [757,113,758,1,759,113,927,1,928,1,1593,0]
09-21 18:36:46.422 I/sysui_multi_action( 2235): [757,0,758,1,759,0,927,2,928,0,1593,0]
09-21 18:36:46.422 I/sysui_multi_action( 2235): [757,0,758,1,759,0,927,3,928,0,1593,0]
09-21 18:36:46.440 I/sysui_multi_action( 2235): [757,111,758,2]
09-21 18:36:46.440 I/sysui_multi_action( 2235): [757,111,758,2]
09-21 18:36:46.446 I/sysui_multi_action( 2235): [757,111,758,1]
09-21 18:36:46.446 I/sysui_multi_action( 2235): [757,126,758,1,759,126,927,0,928,0,1593,0]
09-21 18:36:46.446 I/sysui_multi_action( 2235): [757,113,758,1,759,113,927,1,928,1,1593,0]
09-21 18:36:46.446 I/sysui_multi_action( 2235): [757,0,758,1,759,0,927,2,928,0,1593,0]
09-21 18:36:46.446 I/sysui_multi_action( 2235): [757,0,758,1,759,0,927,3,928,0,1593,0]
09-21 18:36:46.446 I/sysui_multi_action( 2235): [757,1706,758,1,759,1706,927,4,928,0,1593,0]
09-21 18:36:46.447 I/sysui_multi_action( 2235): [757,491,758,1,759,491,927,5,928,0,1311,-1,1593,0]
09-21 18:36:46.447 I/sysui_multi_action( 2235): [757,0,758,1,759,0,927,6,928,0,1593,0]
09-21 18:36:46.447 I/sysui_multi_action( 2235): [757,0,758,1,759,0,927,7,1593,0]
09-21 18:36:46.447 I/sysui_multi_action( 2235): [757,111,758,1]
09-21 18:36:46.447 I/sysui_multi_action( 2235): [757,126,758,1,759,126,927,0,928,0,1593,0]
09-21 18:36:46.447 I/sysui_multi_action( 2235): [757,113,758,1,759,113,927,1,928,1,1593,0]
09-21 18:36:46.447 I/sysui_multi_action( 2235): [757,0,758,1,759,0,927,2,928,0,1593,0]
09-21 18:36:46.447 I/sysui_multi_action( 2235): [757,0,758,1,759,0,927,3,928,0,1593,0]
09-21 18:36:46.460 I/sysui_multi_action( 2235): [757,111,758,2]
09-21 18:36:46.461 I/sysui_multi_action( 2235): [757,111,758,2]
09-21 18:36:46.464 I/sysui_multi_action( 2235): [757,111,758,1]
09-21 18:36:46.465 I/sysui_multi_action( 2235): [757,126,758,1,759,126,927,0,928,0,1593,0]
09-21 18:36:46.465 I/sysui_multi_action( 2235): [757,113,758,1,759,113,927,1,928,1,1593,0]
09-21 18:36:46.465 I/sysui_multi_action( 2235): [757,0,758,1,759,0,927,2,928,0,1593,0]
09-21 18:36:46.465 I/sysui_multi_action( 2235): [757,0,758,1,759,0,927,3,928,0,1593,0]
09-21 18:36:46.465 I/sysui_multi_action( 2235): [757,1706,758,1,759,1706,927,4,928,0,1593,0]
09-21 18:36:46.465 I/sysui_multi_action( 2235): [757,491,758,1,759,491,927,5,928,0,1311,-1,1593,0]
09-21 18:36:46.465 I/sysui_multi_action( 2235): [757,0,758,1,759,0,927,6,928,0,1593,0]
09-21 18:36:46.465 I/sysui_multi_action( 2235): [757,0,758,1,759,0,927,7,1593,0]
09-21 18:36:46.465 I/sysui_multi_action( 2235): [757,111,758,1]
09-21 18:36:46.466 I/sysui_multi_action( 2235): [757,126,758,1,759,126,927,0,928,0,1593,0]
09-21 18:36:46.466 I/sysui_multi_action( 2235): [757,113,758,1,759,113,927,1,928,1,1593,0]
09-21 18:36:46.466 I/sysui_multi_action( 2235): [757,0,758,1,759,0,927,2,928,0,1593,0]
09-21 18:36:46.466 I/sysui_multi_action( 2235): [757,0,758,1,759,0,927,3,928,0,1593,0]
09-21 18:36:46.478 I/sysui_multi_action( 2235): [757,111,758,2]
09-21 18:36:46.478 I/sysui_multi_action( 2235): [757,111,758,2]
09-21 18:36:46.483 I/sysui_multi_action( 2235): [757,111,758,1]
09-21 18:36:46.483 I/sysui_multi_action( 2235): [757,126,758,1,759,126,927,0,928,0,1593,0]
09-21 18:36:46.483 I/sysui_multi_action( 2235): [757,113,758,1,759,113,927,1,928,1,1593,0]
09-21 18:36:46.483 I/sysui_multi_action( 2235): [757,0,758,1,759,0,927,2,928,0,1593,0]
09-21 18:36:46.483 I/sysui_multi_action( 2235): [757,0,758,1,759,0,927,3,928,0,1593,0]
09-21 18:36:46.483 I/sysui_multi_action( 2235): [757,1706,758,1,759,1706,927,4,928,0,1593,0]
09-21 18:36:46.483 I/sysui_multi_action( 2235): [757,491,758,1,759,491,927,5,928,0,1311,-1,1593,0]
09-21 18:36:46.483 I/sysui_multi_action( 2235): [757,0,758,1,759,0,927,6,928,0,1593,0]
09-21 18:36:46.483 I/sysui_multi_action( 2235): [757,0,758,1,759,0,927,7,1593,0]
09-21 18:36:46.484 I/sysui_multi_action( 2235): [757,111,758,1]
09-21 18:36:46.484 I/sysui_multi_action( 2235): [757,126,758,1,759,126,927,0,928,0,1593,0]
09-21 18:36:46.484 I/sysui_multi_action( 2235): [757,113,758,1,759,113,927,1,928,1,1593,0]
09-21 18:36:46.484 I/sysui_multi_action( 2235): [757,0,758,1,759,0,927,2,928,0,1593,0]
09-21 18:36:46.484 I/sysui_multi_action( 2235): [757,0,758,1,759,0,927,3,928,0,1593,0]
09-21 18:36:46.496 I/sysui_multi_action( 2235): [757,111,758,2]
09-21 18:36:46.496 I/sysui_multi_action( 2235): [757,111,758,2]
09-21 18:36:46.500 I/sysui_multi_action( 2235): [757,111,758,1]
