--------- beginning of radio
09-21 01:11:32.442 D/TelephonyRegistry( 1154): listen oscl: mHasNotifySubscriptionInfoChangedOccurred==false no callback
09-21 01:11:33.828 D/TelephonyRegistry( 1154): listen oscl: mHasNotifySubscriptionInfoChangedOccurred==false no callback
09-21 01:11:33.984 D/TelephonyRegistry( 1154): listen oscl: mHasNotifySubscriptionInfoChangedOccurred==false no callback
09-21 01:11:33.987 D/TelephonyRegistry( 1154): listen oscl: mHasNotifySubscriptionInfoChangedOccurred==false no callback
09-21 01:11:34.025 D/TelephonyRegistry( 1154): listen oscl: mHasNotifySubscriptionInfoChangedOccurred==false no callback
09-21 01:11:34.146 D/TelephonyRegistry( 1154): listen oscl: mHasNotifySubscriptionInfoChangedOccurred==false no callback
09-21 01:11:34.178 W/CarrierConfigManager( 1154): Error getting config for subId -1 ICarrierConfigLoader is null
09-21 01:11:34.290 D/TelephonyRegistry( 1154): systemRunning register for intents
09-21 01:11:35.055 D/TelephonyRegistry( 1154): listen oscl: mHasNotifySubscriptionInfoChangedOccurred==false no callback
09-21 01:11:35.306 W/CarrierConfigManager( 2235): Error getting config for subId -1 ICarrierConfigLoader is null
09-21 01:11:35.344 D/TelephonyRegistry( 1154): listen oscl: mHasNotifySubscriptionInfoChangedOccurred==false no callback
09-21 01:11:37.695 D/TelephonyRegistry( 1154): listen oscl: mHasNotifySubscriptionInfoChangedOccurred==false no callback
09-21 01:11:37.704 W/CarrierConfigManager( 1154): Error getting config for subId -1 ICarrierConfigLoader is null
09-21 01:11:38.005 D/TelephonyRegistry( 1154): notifyCellLocationForSubscriber: subId=2147483647 cellIdentity=null
09-21 01:11:39.089 D/TelephonyRegistry( 1154): listen oscl: mHasNotifySubscriptionInfoChangedOccurred==false no callback
09-21 01:11:40.425 D/TelephonyRegistry( 1154): listen oscl: mHasNotifySubscriptionInfoChangedOccurred==false no callback
09-21 01:11:43.966 W/CarrierConfigManager( 1154): Error getting config for subId -1 ICarrierConfigLoader is null
09-21 01:11:43.996 W/CarrierConfigManager( 1154): Error getting config for subId -1 ICarrierConfigLoader is null
09-21 01:11:56.246 D/TelephonyRegistry( 1154): listen oscl: mHasNotifySubscriptionInfoChangedOccurred==false no callback
09-21 01:11:59.139 D/CAT ( 4126): BootCompletedReceiver: [ACTION_BOOT_COMPLETED]
09-21 01:11:59.146 D/CAT ( 4126): StkAppService: onCreate()+
09-21 01:11:59.147 D/CAT ( 4126): StkAppService: simCount: 1
09-21 01:11:59.148 D/CAT ( 4126): StkAppService: slotId: 0
09-21 01:11:59.151 D/CAT ( 4126): StkAppService: onStart sim id: 0, op: 5, *****
09-21 01:11:59.152 D/CAT ( 4126): StkAppService: mStkService is: -1
09-21 01:11:59.163 D/CAT ( 4126): StkAppInstaller: SIM Toolkit is disabled
09-21 01:11:59.169 D/CAT ( 4126): StkAppService: onDestroy()
09-21 01:12:25.680 W/CarrierConfigManager( 2801): Error getting config for subId -1 ICarrierConfigLoader is null
09-21 01:12:25.786 D/TelephonyRegistry( 1154): listen oscl: mHasNotifySubscriptionInfoChangedOccurred==false no callback
09-21 01:12:25.802 D/TelephonyRegistry( 1154): listen oscl: mHasNotifySubscriptionInfoChangedOccurred==false no callback
09-21 18:31:18.128 W/CarrierConfigManager( 2801): Error getting config for subId -1 ICarrierConfigLoader is null
09-21 18:31:18.190 D/TelephonyRegistry( 1154): listen oscl: mHasNotifySubscriptionInfoChangedOccurred==false no callback
09-21 18:31:18.196 D/TelephonyRegistry( 1154): listen oscl: mHasNotifySubscriptionInfoChangedOccurred==false no callback --------- beginning of events
09-21 18:31:39.906 I/sysui_multi_action( 2235): [757,0,758,1,759,0,927,3,928,0,1593,0]
09-21 18:31:39.906 I/sysui_multi_action( 2235): [757,1706,758,1,759,1706,927,4,928,0,1593,0]
09-21 18:31:39.907 I/sysui_multi_action( 2235): [757,491,758,1,759,491,927,5,928,0,1311,-1,1593,0]
09-21 18:31:39.907 I/sysui_multi_action( 2235): [757,0,758,1,759,0,927,6,928,0,1593,0]
09-21 18:31:39.907 I/sysui_multi_action( 2235): [757,0,758,1,759,0,927,7,1593,0]
09-21 18:31:39.907 I/sysui_multi_action( 2235): [757,111,758,1]
09-21 18:31:39.907 I/sysui_multi_action( 2235): [757,126,758,1,759,126,927,0,928,0,1593,0]
09-21 18:31:39.908 I/sysui_multi_action( 2235): [757,113,758,1,759,113,927,1,928,1,1593,0]
09-21 18:31:39.908 I/sysui_multi_action( 2235): [757,0,758,1,759,0,927,2,928,0,1593,0]
09-21 18:31:39.908 I/sysui_multi_action( 2235): [757,0,758,1,759,0,927,3,928,0,1593,0]
09-21 18:31:39.926 I/sysui_multi_action( 2235): [757,111,758,2]
09-21 18:31:39.927 I/sysui_multi_action( 2235): [757,111,758,2]
09-21 18:31:39.933 I/sysui_multi_action( 2235): [757,111,758,1]
09-21 18:31:39.933 I/sysui_multi_action( 2235): [757,126,758,1,759,126,927,0,928,0,1593,0]
09-21 18:31:39.933 I/sysui_multi_action( 2235): [757,113,758,1,759,113,927,1,928,1,1593,0]
09-21 18:31:39.933 I/sysui_multi_action( 2235): [757,0,758,1,759,0,927,2,928,0,1593,0]
09-21 18:31:39.933 I/sysui_multi_action( 2235): [757,0,758,1,759,0,927,3,928,0,1593,0]
09-21 18:31:39.933 I/sysui_multi_action( 2235): [757,1706,758,1,759,1706,927,4,928,0,1593,0]
09-21 18:31:39.934 I/sysui_multi_action( 2235): [757,491,758,1,759,491,927,5,928,0,1311,-1,1593,0]
09-21 18:31:39.934 I/sysui_multi_action( 2235): [757,0,758,1,759,0,927,6,928,0,1593,0]
09-21 18:31:39.934 I/sysui_multi_action( 2235): [757,0,758,1,759,0,927,7,1593,0]
09-21 18:31:39.934 I/sysui_multi_action( 2235): [757,111,758,1]
09-21 18:31:39.934 I/sysui_multi_action( 2235): [757,126,758,1,759,126,927,0,928,0,1593,0]
09-21 18:31:39.934 I/sysui_multi_action( 2235): [757,113,758,1,759,113,927,1,928,1,1593,0]
09-21 18:31:39.934 I/sysui_multi_action( 2235): [757,0,758,1,759,0,927,2,928,0,1593,0]
09-21 18:31:39.935 I/sysui_multi_action( 2235): [757,0,758,1,759,0,927,3,928,0,1593,0]
09-21 18:31:39.955 I/sysui_multi_action( 2235): [757,111,758,2]
09-21 18:31:39.955 I/sysui_multi_action( 2235): [757,111,758,2]
09-21 18:31:39.961 I/sysui_multi_action( 2235): [757,111,758,1]
09-21 18:31:39.961 I/sysui_multi_action( 2235): [757,126,758,1,759,126,927,0,928,0,1593,0]
09-21 18:31:39.961 I/sysui_multi_action( 2235): [757,113,758,1,759,113,927,1,928,1,1593,0]
09-21 18:31:39.961 I/sysui_multi_action( 2235): [757,0,758,1,759,0,927,2,928,0,1593,0]
09-21 18:31:39.961 I/sysui_multi_action( 2235): [757,0,758,1,759,0,927,3,928,0,1593,0]
09-21 18:31:39.961 I/sysui_multi_action( 2235): [757,1706,758,1,759,1706,927,4,928,0,1593,0]
09-21 18:31:39.962 I/sysui_multi_action( 2235): [757,491,758,1,759,491,927,5,928,0,1311,-1,1593,0]
09-21 18:31:39.962 I/sysui_multi_action( 2235): [757,0,758,1,759,0,927,6,928,0,1593,0]
09-21 18:31:39.962 I/sysui_multi_action( 2235): [757,0,758,1,759,0,927,7,1593,0]
09-21 18:31:39.962 I/sysui_multi_action( 2235): [757,111,758,1]
09-21 18:31:39.962 I/sysui_multi_action( 2235): [757,126,758,1,759,126,927,0,928,0,1593,0]
09-21 18:31:39.963 I/sysui_multi_action( 2235): [757,113,758,1,759,113,927,1,928,1,1593,0]
09-21 18:31:39.963 I/sysui_multi_action( 2235): [757,0,758,1,759,0,927,2,928,0,1593,0]
09-21 18:31:39.963 I/sysui_multi_action( 2235): [757,0,758,1,759,0,927,3,928,0,1593,0]
09-21 18:31:39.984 I/sysui_multi_action( 2235): [757,111,758,2]
09-21 18:31:39.984 I/sysui_multi_action( 2235): [757,111,758,2]
09-21 18:31:39.991 I/sysui_multi_action( 2235): [757,111,758,1]
09-21 18:31:39.991 I/sysui_multi_action( 2235): [757,126,758,1,759,126,927,0,928,0,1593,0]
09-21 18:31:39.991 I/sysui_multi_action( 2235): [757,113,758,1,759,113,927,1,928,1,1593,0]
09-21 18:31:39.991 I/sysui_multi_action( 2235): [757,0,758,1,759,0,927,2,928,0,1593,0]
09-21 18:31:39.991 I/sysui_multi_action( 2235): [757,0,758,1,759,0,927,3,928,0,1593,0]
09-21 18:31:39.991 I/sysui_multi_action( 2235): [757,1706,758,1,759,1706,927,4,928,0,1593,0]
09-21 18:31:39.992 I/sysui_multi_action( 2235): [757,491,758,1,759,491,927,5,928,0,1311,-1,1593,0]
09-21 18:31:39.992 I/sysui_multi_action( 2235): [757,0,758,1,759,0,927,6,928,0,1593,0]
09-21 18:31:39.992 I/sysui_multi_action( 2235): [757,0,758,1,759,0,927,7,1593,0]
09-21 18:31:39.992 I/sysui_multi_action( 2235): [757,111,758,1]
09-21 18:31:39.992 I/sysui_multi_action( 2235): [757,126,758,1,759,126,927,0,928,0,1593,0]
09-21 18:31:39.992 I/sysui_multi_action( 2235): [757,113,758,1,759,113,927,1,928,1,1593,0]
09-21 18:31:39.992 I/sysui_multi_action( 2235): [757,0,758,1,759,0,927,2,928,0,1593,0]
09-21 18:31:39.993 I/sysui_multi_action( 2235): [757,0,758,1,759,0,927,3,928,0,1593,0]
09-21 18:31:40.361 I/sysui_multi_action( 1154): [757,128,758,1,793,62401818,794,0,795,62401818,796,26,798,0,806,android,857,DEVELOPER_IMPORTANT,858,4,947,0,1395,3,1500,62401815,1688,1]
09-21 18:31:40.362 I/sysui_multi_action( 1154): [757,804,799,note_freshness,801,62401818,802,1]
09-21 18:31:40.366 I/notification_visibility( 1154): [-1|android|26|null|1000,1,62401818,62401818,0,0]
09-21 18:31:40.367 I/sysui_multi_action( 1154): [757,128,758,1,793,62401727,794,0,795,62401727,796,55,798,1,806,android,857,DEVELOPER,858,2,947,0,1395,3,1500,62401726,1688,1]
09-21 18:31:40.367 I/sysui_multi_action( 1154): [757,804,799,note_freshness,801,62401727,802,1]
09-21 18:31:40.367 I/notification_visibility( 1154): [-1|android|55|null|1000,1,62401727,62401727,0,1]
09-21 18:31:40.368 I/sysui_multi_action( 1154): [757,128,758,1,793,62403064,794,0,795,62403064,796,32,798,2,806,android,857,USB,858,1,947,0,1395,3,1500,62402345,1688,1]
09-21 18:31:40.368 I/sysui_multi_action( 1154): [757,804,799,note_freshness,801,62403064,802,1]
09-21 18:31:40.368 I/notification_visibility( 1154): [-1|android|32|null|1000,1,62403064,62403064,0,2]
09-21 18:31:40.548 I/sysui_multi_action( 2235): [757,111,758,2]
09-21 18:31:40.549 I/sysui_multi_action( 2235): [757,111,758,2]
09-21 18:31:40.559 I/sysui_multi_action( 2235): [757,111,758,1]
09-21 18:31:40.560 I/sysui_multi_action( 2235): [757,126,758,1,759,126,927,0,928,0,1593,0]
09-21 18:31:40.560 I/sysui_multi_action( 2235): [757,113,758,1,759,113,927,1,928,1,1593,0]
09-21 18:31:40.560 I/sysui_multi_action( 2235): [757,0,758,1,759,0,927,2,928,0,1593,0]
09-21 18:31:40.560 I/sysui_multi_action( 2235): [757,0,758,1,759,0,927,3,928,0,1593,0]
09-21 18:31:40.561 I/sysui_multi_action( 2235): [757,1706,758,1,759,1706,927,4,928,0,1593,0]
09-21 18:31:40.562 I/sysui_multi_action( 2235): [757,491,758,1,759,491,927,5,928,0,1311,-1,1593,0]
09-21 18:31:40.562 I/sysui_multi_action( 2235): [757,0,758,1,759,0,927,6,928,0,1593,0]
09-21 18:31:40.562 I/sysui_multi_action( 2235): [757,0,758,1,759,0,927,7,1593,0]
09-21 18:31:40.562 I/sysui_multi_action( 2235): [757,111,758,1]
09-21 18:31:40.563 I/sysui_multi_action( 2235): [757,126,758,1,759,126,927,0,928,0,1593,0]
09-21 18:31:40.563 I/sysui_multi_action( 2235): [757,113,758,1,759,113,927,1,928,1,1593,0]
09-21 18:31:40.563 I/sysui_multi_action( 2235): [757,0,758,1,759,0,927,2,928,0,1593,0]
09-21 18:31:40.563 I/sysui_multi_action( 2235): [757,0,758,1,759,0,927,3,928,0,1593,0]
09-21 18:31:40.586 I/sysui_multi_action( 2235): [757,111,758,2]
09-21 18:31:40.587 I/sysui_multi_action( 2235): [757,111,758,2]
09-21 18:31:40.592 I/sysui_multi_action( 2235): [757,111,758,1]
09-21 18:31:40.593 I/sysui_multi_action( 2235): [757,126,758,1,759,126,927,0,928,0,1593,0]
09-21 18:31:40.593 I/sysui_multi_action( 2235): [757,113,758,1,759,113,927,1,928,1,1593,0]
09-21 18:31:40.593 I/sysui_multi_action( 2235): [757,0,758,1,759,0,927,2,928,0,1593,0]
09-21 18:31:40.593 I/sysui_multi_action( 2235): [757,0,758,1,759,0,927,3,928,0,1593,0]
09-21 18:31:40.593 I/sysui_multi_action( 2235): [757,1706,758,1,759,1706,927,4,928,0,1593,0]
09-21 18:31:40.594 I/sysui_multi_action( 2235): [757,491,758,1,759,491,927,5,928,0,1311,-1,1593,0]
09-21 18:31:40.594 I/sysui_multi_action( 2235): [757,0,758,1,759,0,927,6,928,0,1593,0]
09-21 18:31:40.594 I/sysui_multi_action( 2235): [757,0,758,1,759,0,927,7,1593,0]
09-21 18:31:40.594 I/sysui_multi_action( 2235): [757,111,758,1]
09-21 18:31:40.594 I/sysui_multi_action( 2235): [757,126,758,1,759,126,927,0,928,0,1593,0]
09-21 18:31:40.594 I/sysui_multi_action( 2235): [757,113,758,1,759,113,927,1,928,1,1593,0]
09-21 18:31:40.594 I/sysui_multi_action( 2235): [757,0,758,1,759,0,927,2,928,0,1593,0]
09-21 18:31:40.594 I/sysui_multi_action( 2235): [757,0,758,1,759,0,927,3,928,0,1593,0]
09-21 18:31:40.615 I/sysui_multi_action( 2235): [757,111,758,2]
09-21 18:31:40.615 I/sysui_multi_action( 2235): [757,111,758,2]
09-21 18:31:40.620 I/sysui_multi_action( 2235): [757,111,758,1]
09-21 18:31:40.621 I/sysui_multi_action( 2235): [757,126,758,1,759,126,927,0,928,0,1593,0]
09-21 18:31:40.621 I/sysui_multi_action( 2235): [757,113,758,1,759,113,927,1,928,1,1593,0]
09-21 18:31:40.621 I/sysui_multi_action( 2235): [757,0,758,1,759,0,927,2,928,0,1593,0]
09-21 18:31:40.621 I/sysui_multi_action( 2235): [757,0,758,1,759,0,927,3,928,0,1593,0]
09-21 18:31:40.622 I/sysui_multi_action( 2235): [757,1706,758,1,759,1706,927,4,928,0,1593,0]
09-21 18:31:40.622 I/sysui_multi_action( 2235): [757,491,758,1,759,491,927,5,928,0,1311,-1,1593,0]
09-21 18:31:40.622 I/sysui_multi_action( 2235): [757,0,758,1,759,0,927,6,928,0,1593,0]
09-21 18:31:40.622 I/sysui_multi_action( 2235): [757,0,758,1,759,0,927,7,1593,0]
09-21 18:31:40.623 I/sysui_multi_action( 2235): [757,111,758,1]
09-21 18:31:40.623 I/sysui_multi_action( 2235): [757,126,758,1,759,126,927,0,928,0,1593,0]
09-21 18:31:40.623 I/sysui_multi_action( 2235): [757,113,758,1,759,113,927,1,928,1,1593,0]
09-21 18:31:40.623 I/sysui_multi_action( 2235): [757,0,758,1,759,0,927,2,928,0,1593,0]
09-21 18:31:40.623 I/sysui_multi_action( 2235): [757,0,758,1,759,0,927,3,928,0,1593,0]
09-21 18:31:40.641 I/sysui_multi_action( 2235): [757,111,758,2]
09-21 18:31:40.641 I/sysui_multi_action( 2235): [757,111,758,2]
09-21 18:31:40.646 I/sysui_multi_action( 2235): [757,111,758,1]
09-21 18:31:40.647 I/sysui_multi_action( 2235): [757,126,758,1,759,126,927,0,928,0,1593,0]
09-21 18:31:40.647 I/sysui_multi_action( 2235): [757,113,758,1,759,113,927,1,928,1,1593,0]
09-21 18:31:40.647 I/sysui_multi_action( 2235): [757,0,758,1,759,0,927,2,928,0,1593,0]
09-21 18:31:40.647 I/sysui_multi_action( 2235): [757,0,758,1,759,0,927,3,928,0,1593,0]
09-21 18:31:40.647 I/sysui_multi_action( 2235): [757,1706,758,1,759,1706,927,4,928,0,1593,0]
09-21 18:31:40.648 I/sysui_multi_action( 2235): [757,491,758,1,759,491,927,5,928,0,1311,-1,1593,0]
09-21 18:31:40.648 I/sysui_multi_action( 2235): [757,0,758,1,759,0,927,6,928,0,1593,0]
09-21 18:31:40.648 I/sysui_multi_action( 2235): [757,0,758,1,759,0,927,7,1593,0]
09-21 18:31:40.648 I/sysui_multi_action( 2235): [757,111,758,1]
09-21 18:31:40.648 I/sysui_multi_action( 2235): [757,126,758,1,759,126,927,0,928,0,1593,0]
09-21 18:31:40.648 I/sysui_multi_action( 2235): [757,113,758,1,759,113,927,1,928,1,1593,0]
09-21 18:31:40.648 I/sysui_multi_action( 2235): [757,0,758,1,759,0,927,2,928,0,1593,0]
09-21 18:31:40.648 I/sysui_multi_action( 2235): [757,0,758,1,759,0,927,3,928,0,1593,0]
09-21 18:31:40.667 I/sysui_multi_action( 2235): [757,111,758,2]
09-21 18:31:40.667 I/sysui_multi_action( 2235): [757,111,758,2]
09-21 18:31:40.672 I/sysui_multi_action( 2235): [757,111,758,1]
09-21 18:31:40.673 I/sysui_multi_action( 2235): [757,126,758,1,759,126,927,0,928,0,1593,0]
09-21 18:31:40.673 I/sysui_multi_action( 2235): [757,113,758,1,759,113,927,1,928,1,1593,0]
09-21 18:31:40.673 I/sysui_multi_action( 2235): [757,0,758,1,759,0,927,2,928,0,1593,0]
09-21 18:31:40.673 I/sysui_multi_action( 2235): [757,0,758,1,759,0,927,3,928,0,1593,0]
09-21 18:31:40.673 I/sysui_multi_action( 2235): [757,1706,758,1,759,1706,927,4,928,0,1593,0]
09-21 18:31:40.674 I/sysui_multi_action( 2235): [757,491,758,1,759,491,927,5,928,0,1311,-1,1593,0]
09-21 18:31:40.674 I/sysui_multi_action( 2235): [757,0,758,1,759,0,927,6,928,0,1593,0]
09-21 18:31:40.674 I/sysui_multi_action( 2235): [757,0,758,1,759,0,927,7,1593,0]
09-21 18:31:40.674 I/sysui_multi_action( 2235): [757,111,758,1]
09-21 18:31:40.674 I/sysui_multi_action( 2235): [757,126,758,1,759,126,927,0,928,0,1593,0]
09-21 18:31:40.675 I/sysui_multi_action( 2235): [757,113,758,1,759,113,927,1,928,1,1593,0]
09-21 18:31:40.675 I/sysui_multi_action( 2235): [757,0,758,1,759,0,927,2,928,0,1593,0]
09-21 18:31:40.675 I/sysui_multi_action( 2235): [757,0,758,1,759,0,927,3,928,0,1593,0]
09-21 18:31:40.696 I/sysui_multi_action( 2235): [757,111,758,2]
09-21 18:31:40.697 I/sysui_multi_action( 2235): [757,111,758,2]
09-21 18:31:40.702 I/sysui_multi_action( 2235): [757,111,758,1]
09-21 18:31:40.702 I/sysui_multi_action( 2235): [757,126,758,1,759,126,927,0,928,0,1593,0]
09-21 18:31:40.702 I/sysui_multi_action( 2235): [757,113,758,1,759,113,927,1,928,1,1593,0]
09-21 18:31:40.702 I/sysui_multi_action( 2235): [757,0,758,1,759,0,927,2,928,0,1593,0]
09-21 18:31:40.702 I/sysui_multi_action( 2235): [757,0,758,1,759,0,927,3,928,0,1593,0]
09-21 18:31:40.702 I/sysui_multi_action( 2235): [757,1706,758,1,759,1706,927,4,928,0,1593,0]
09-21 18:31:40.703 I/sysui_multi_action( 2235): [757,491,758,1,759,491,927,5,928,0,1311,-1,1593,0]
09-21 18:31:40.703 I/sysui_multi_action( 2235): [757,0,758,1,759,0,927,6,928,0,1593,0]
09-21 18:31:40.703 I/sysui_multi_action( 2235): [757,0,758,1,759,0,927,7,1593,0]
09-21 18:31:40.703 I/sysui_multi_action( 2235): [757,111,758,1]
09-21 18:31:40.704 I/sysui_multi_action( 2235): [757,126,758,1,759,126,927,0,928,0,1593,0]
09-21 18:31:40.704 I/sysui_multi_action( 2235): [757,113,758,1,759,113,927,1,928,1,1593,0]
09-21 18:31:40.704 I/sysui_multi_action( 2235): [757,0,758,1,759,0,927,2,928,0,1593,0]
09-21 18:31:40.704 I/sysui_multi_action( 2235): [757,0,758,1,759,0,927,3,928,0,1593,0]
09-21 18:31:40.721 I/sysui_multi_action( 2235): [757,111,758,2]
09-21 18:31:40.721 I/sysui_multi_action( 2235): [757,111,758,2]
09-21 18:31:40.726 I/sysui_multi_action( 2235): [757,111,758,1]
09-21 18:31:40.726 I/sysui_multi_action( 2235): [757,126,758,1,759,126,927,0,928,0,1593,0]
09-21 18:31:40.727 I/sysui_multi_action( 2235): [757,113,758,1,759,113,927,1,928,1,1593,0]
09-21 18:31:40.727 I/sysui_multi_action( 2235): [757,0,758,1,759,0,927,2,928,0,1593,0]
09-21 18:31:40.727 I/sysui_multi_action( 2235): [757,0,758,1,759,0,927,3,928,0,1593,0]
09-21 18:31:40.727 I/sysui_multi_action( 2235): [757,1706,758,1,759,1706,927,4,928,0,1593,0]
09-21 18:31:40.727 I/sysui_multi_action( 2235): [757,491,758,1,759,491,927,5,928,0,1311,-1,1593,0]
09-21 18:31:40.727 I/sysui_multi_action( 2235): [757,0,758,1,759,0,927,6,928,0,1593,0]
09-21 18:31:40.727 I/sysui_multi_action( 2235): [757,0,758,1,759,0,927,7,1593,0]
09-21 18:31:40.727 I/sysui_multi_action( 2235): [757,111,758,1]
09-21 18:31:40.728 I/sysui_multi_action( 2235): [757,126,758,1,759,126,927,0,928,0,1593,0]
09-21 18:31:40.728 I/sysui_multi_action( 2235): [757,113,758,1,759,113,927,1,928,1,1593,0]
09-21 18:31:40.728 I/sysui_multi_action( 2235): [757,0,758,1,759,0,927,2,928,0,1593,0]
09-21 18:31:40.728 I/sysui_multi_action( 2235): [757,0,758,1,759,0,927,3,928,0,1593,0]
09-21 18:31:40.744 I/sysui_multi_action( 2235): [757,111,758,2]
09-21 18:31:40.744 I/sysui_multi_action( 2235): [757,111,758,2]
09-21 18:31:40.748 I/sysui_multi_action( 2235): [757,111,758,1]
09-21 18:31:40.748 I/sysui_multi_action( 2235): [757,126,758,1,759,126,927,0,928,0,1593,0]
09-21 18:31:40.749 I/sysui_multi_action( 2235): [757,113,758,1,759,113,927,1,928,1,1593,0]
09-21 18:31:40.749 I/sysui_multi_action( 2235): [757,0,758,1,759,0,927,2,928,0,1593,0]
09-21 18:31:40.749 I/sysui_multi_action( 2235): [757,0,758,1,759,0,927,3,928,0,1593,0]
09-21 18:31:40.749 I/sysui_multi_action( 2235): [757,1706,758,1,759,1706,927,4,928,0,1593,0]
09-21 18:31:40.749 I/sysui_multi_action( 2235): [757,491,758,1,759,491,927,5,928,0,1311,-1,1593,0]
09-21 18:31:40.749 I/sysui_multi_action( 2235): [757,0,758,1,759,0,927,6,928,0,1593,0]
09-21 18:31:40.749 I/sysui_multi_action( 2235): [757,0,758,1,759,0,927,7,1593,0]
09-21 18:31:40.750 I/sysui_multi_action( 2235): [757,111,758,1]
09-21 18:31:40.750 I/sysui_multi_action( 2235): [757,126,758,1,759,126,927,0,928,0,1593,0]
09-21 18:31:40.750 I/sysui_multi_action( 2235): [757,113,758,1,759,113,927,1,928,1,1593,0]
09-21 18:31:40.750 I/sysui_multi_action( 2235): [757,0,758,1,759,0,927,2,928,0,1593,0]
09-21 18:31:40.750 I/sysui_multi_action( 2235): [757,0,758,1,759,0,927,3,928,0,1593,0]
09-21 18:31:40.764 I/sysui_multi_action( 2235): [757,111,758,2]
09-21 18:31:40.764 I/sysui_multi_action( 2235): [757,111,758,2]
09-21 18:31:40.768 I/sysui_multi_action( 2235): [757,111,758,1]
09-21 18:31:40.769 I/sysui_multi_action( 2235): [757,126,758,1,759,126,927,0,928,0,1593,0]
09-21 18:31:40.769 I/sysui_multi_action( 2235): [757,113,758,1,759,113,927,1,928,1,1593,0]
09-21 18:31:40.769 I/sysui_multi_action( 2235): [757,0,758,1,759,0,927,2,928,0,1593,0]
09-21 18:31:40.769 I/sysui_multi_action( 2235): [757,0,758,1,759,0,927,3,928,0,1593,0]
09-21 18:31:40.769 I/sysui_multi_action( 2235): [757,1706,758,1,759,1706,927,4,928,0,1593,0]
09-21 18:31:40.769 I/sysui_multi_action( 2235): [757,491,758,1,759,491,927,5,928,0,1311,-1,1593,0]
09-21 18:31:40.769 I/sysui_multi_action( 2235): [757,0,758,1,759,0,927,6,928,0,1593,0]
09-21 18:31:40.770 I/sysui_multi_action( 2235): [757,0,758,1,759,0,927,7,1593,0]
09-21 18:31:40.770 I/sysui_multi_action( 2235): [757,111,758,1]
09-21 18:31:40.770 I/sysui_multi_action( 2235): [757,126,758,1,759,126,927,0,928,0,1593,0]
09-21 18:31:40.770 I/sysui_multi_action( 2235): [757,113,758,1,759,113,927,1,928,1,1593,0]
09-21 18:31:40.770 I/sysui_multi_action( 2235): [757,0,758,1,759,0,927,2,928,0,1593,0]
09-21 18:31:40.770 I/sysui_multi_action( 2235): [757,0,758,1,759,0,927,3,928,0,1593,0]
09-21 18:31:40.784 I/sysui_multi_action( 2235): [757,111,758,2]
09-21 18:31:40.785 I/sysui_multi_action( 2235): [757,111,758,2]
09-21 18:31:40.789 I/sysui_multi_action( 2235): [757,111,758,1]
09-21 18:31:40.789 I/sysui_multi_action( 2235): [757,126,758,1,759,126,927,0,928,0,1593,0]
09-21 18:31:40.789 I/sysui_multi_action( 2235): [757,113,758,1,759,113,927,1,928,1,1593,0]
09-21 18:31:40.789 I/sysui_multi_action( 2235): [757,0,758,1,759,0,927,2,928,0,1593,0]
09-21 18:31:40.789 I/sysui_multi_action( 2235): [757,0,758,1,759,0,927,3,928,0,1593,0]
09-21 18:31:40.789 I/sysui_multi_action( 2235): [757,1706,758,1,759,1706,927,4,928,0,1593,0]
09-21 18:31:40.790 I/sysui_multi_action( 2235): [757,491,758,1,759,491,927,5,928,0,1311,-1,1593,0]
09-21 18:31:40.790 I/sysui_multi_action( 2235): [757,0,758,1,759,0,927,6,928,0,1593,0]
09-21 18:31:40.790 I/sysui_multi_action( 2235): [757,0,758,1,759,0,927,7,1593,0]
09-21 18:31:40.790 I/sysui_multi_action( 2235): [757,111,758,1]
09-21 18:31:40.790 I/sysui_multi_action( 2235): [757,126,758,1,759,126,927,0,928,0,1593,0]
09-21 18:31:40.790 I/sysui_multi_action( 2235): [757,113,758,1,759,113,927,1,928,1,1593,0]
09-21 18:31:40.790 I/sysui_multi_action( 2235): [757,0,758,1,759,0,927,2,928,0,1593,0]
09-21 18:31:40.790 I/sysui_multi_action( 2235): [757,0,758,1,759,0,927,3,928,0,1593,0]
09-21 18:31:40.805 I/sysui_multi_action( 2235): [757,111,758,2]
09-21 18:31:40.805 I/sysui_multi_action( 2235): [757,111,758,2]
09-21 18:31:40.816 I/input_focus( 1154): [Focus request 6bd75d9 com.android.launcher3/com.android.launcher3.uioverrides.QuickstepLauncher,reason=UpdateInputWindows]
09-21 18:31:40.818 I/sysui_multi_action( 2235): [757,111,758,1]
09-21 18:31:40.818 I/sysui_multi_action( 2235): [757,126,758,1,759,126,927,0,928,0,1593,0]
09-21 18:31:40.818 I/sysui_multi_action( 2235): [757,113,758,1,759,113,927,1,928,1,1593,0]
09-21 18:31:40.818 I/sysui_multi_action( 2235): [757,0,758,1,759,0,927,2,928,0,1593,0]
09-21 18:31:40.818 I/sysui_multi_action( 2235): [757,0,758,1,759,0,927,3,928,0,1593,0]
09-21 18:31:40.818 I/sysui_multi_action( 2235): [757,1706,758,1,759,1706,927,4,928,0,1593,0]
09-21 18:31:40.819 I/sysui_multi_action( 2235): [757,491,758,1,759,491,927,5,928,0,1311,-1,1593,0]
09-21 18:31:40.819 I/sysui_multi_action( 2235): [757,0,758,1,759,0,927,6,928,0,1593,0]
09-21 18:31:40.819 I/sysui_multi_action( 2235): [757,0,758,1,759,0,927,7,1593,0]
09-21 18:31:40.819 I/sysui_multi_action( 2235): [757,111,758,1]
09-21 18:31:40.819 I/sysui_multi_action( 2235): [757,126,758,1,759,126,927,0,928,0,1593,0]
09-21 18:31:40.819 I/sysui_multi_action( 2235): [757,113,758,1,759,113,927,1,928,1,1593,0]
09-21 18:31:40.819 I/sysui_multi_action( 2235): [757,0,758,1,759,0,927,2,928,0,1593,0]
09-21 18:31:40.819 I/sysui_multi_action( 2235): [757,0,758,1,759,0,927,3,928,0,1593,0]
09-21 18:31:40.834 I/sysui_multi_action( 2235): [757,111,758,2]
09-21 18:31:40.835 I/sysui_multi_action( 2235): [757,111,758,2]
09-21 18:31:40.837 I/sysui_multi_action( 1154): [757,128,758,2,793,62402294,794,476,795,62402294,796,26,798,0,806,android,857,DEVELOPER_IMPORTANT,858,4,947,0,1395,3,1500,62402291,1688,1]
09-21 18:31:40.837 I/notification_visibility( 1154): [-1|android|26|null|1000,0,62402294,62402294,0,0]
09-21 18:31:40.838 I/sysui_multi_action( 1154): [757,128,758,2,793,62402198,794,471,795,62402198,796,55,798,1,806,android,857,DEVELOPER,858,2,947,0,1395,3,1500,62402197,1688,1]
09-21 18:31:40.838 I/notification_visibility( 1154): [-1|android|55|null|1000,0,62402198,62402198,0,1]
09-21 18:31:40.838 I/sysui_multi_action( 1154): [757,128,758,2,793,62403534,794,470,795,62403534,796,32,798,2,806,android,857,USB,858,1,947,0,1395,3,1500,62402815,1688,1]
09-21 18:31:40.838 I/notification_visibility( 1154): [-1|android|32|null|1000,0,62403534,62403534,0,2]
09-21 18:31:40.839 I/sysui_multi_action( 1154): [757,127,758,2]
09-21 18:31:40.840 I/notification_panel_hidden( 1154):
09-21 18:31:40.841 I/input_focus( 1154): [Focus leaving f34a2a3 NotificationShade (server),reason=NOT_FOCUSABLE]
09-21 18:31:40.844 I/input_focus( 1154): [Focus entering 6bd75d9 com.android.launcher3/com.android.launcher3.uioverrides.QuickstepLauncher (server),reason=setFocusedWindow]
09-21 18:31:40.866 I/sysui_multi_action( 2235): [757,111,758,1]
09-21 18:31:40.866 I/sysui_multi_action( 2235): [757,126,758,1,759,126,927,0,928,0,1593,0]
09-21 18:31:40.867 I/sysui_multi_action( 2235): [757,113,758,1,759,113,927,1,928,1,1593,0]
09-21 18:31:40.867 I/sysui_multi_action( 2235): [757,0,758,1,759,0,927,2,928,0,1593,0]
09-21 18:31:40.867 I/sysui_multi_action( 2235): [757,0,758,1,759,0,927,3,928,0,1593,0]
09-21 18:31:40.867 I/sysui_multi_action( 2235): [757,1706,758,1,759,1706,927,4,928,0,1593,0]
09-21 18:31:40.867 I/sysui_multi_action( 2235): [757,491,758,1,759,491,927,5,928,0,1311,-1,1593,0]
09-21 18:31:40.867 I/sysui_multi_action( 2235): [757,0,758,1,759,0,927,6,928,0,1593,0]
09-21 18:31:40.867 I/sysui_multi_action( 2235): [757,0,758,1,759,0,927,7,1593,0]
09-21 18:31:40.868 I/sysui_multi_action( 2235): [757,111,758,1]
09-21 18:31:40.868 I/sysui_multi_action( 2235): [757,126,758,1,759,126,927,0,928,0,1593,0]
09-21 18:31:40.868 I/sysui_multi_action( 2235): [757,113,758,1,759,113,927,1,928,1,1593,0]
09-21 18:31:40.868 I/sysui_multi_action( 2235): [757,0,758,1,759,0,927,2,928,0,1593,0]
09-21 18:31:40.868 I/sysui_multi_action( 2235): [757,0,758,1,759,0,927,3,928,0,1593,0]
09-21 18:31:41.279 I/input_interaction( 1154): Interaction with: 5fc2921 com.android.settings/com.android.settings.Settings (server), edge-swipe (server), swipe-up (server), PointerEventDispatcher0 (server),
09-21 18:31:41.284 I/wm_task_moved( 1154): [11,1,6]
09-21 18:31:41.286 I/wm_task_to_front( 1154): [0,11]
09-21 18:31:41.296 I/wm_set_resumed_activity( 1154): [0,com.android.settings/.Settings,positionChildAt]
09-21 18:31:41.297 I/wm_focused_root_task( 1154): [0,0,11,1,setFocusedTask]
09-21 18:31:41.297 I/wm_on_top_resumed_lost_called( 2731): [185045071,com.android.launcher3.uioverrides.QuickstepLauncher,topStateChangedWhenResumed]
09-21 18:31:41.297 I/wm_set_resumed_activity( 1154): [0,com.android.settings/.Settings,setFocusedTask]
09-21 18:31:41.300 I/wm_on_top_resumed_gained_called( 2801): [165594471,com.android.settings.Settings,topStateChangedWhenResumed]
09-21 18:31:41.304 I/input_focus( 1154): [Focus request 5fc2921 com.android.settings/com.android.settings.Settings,reason=UpdateInputWindows]
09-21 18:31:41.323 I/input_focus( 1154): [Focus leaving 6bd75d9 com.android.launcher3/com.android.launcher3.uioverrides.QuickstepLauncher (server),reason=setFocusedWindow]
09-21 18:31:41.324 I/input_focus( 1154): [Focus entering 5fc2921 com.android.settings/com.android.settings.Settings (server),reason=setFocusedWindow]
09-21 18:31:41.501 I/service_manager_stats( 1154): [100,138,25407]
09-21 18:31:42.555 I/input_interaction( 1154): Interaction with: e915a91 StatusBar (server), edge-swipe (server), swipe-up (server), PointerEventDispatcher0 (server),
09-21 18:31:42.576 I/sysui_multi_action( 2235): [757,803,799,panel_open,802,1]
09-21 18:31:42.581 I/sysui_multi_action( 2235): [757,1328,758,4,1326,51,1327,2,1329,0]
09-21 18:31:42.621 I/sysui_multi_action( 1154): [757,127,758,1]
09-21 18:31:42.622 I/sysui_multi_action( 1154): [757,804,799,note_load,801,3,802,1]
09-21 18:31:42.622 I/notification_panel_revealed( 1154): 3
09-21 18:31:42.622 I/sysui_multi_action( 2235): [757,111,758,2]
09-21 18:31:42.623 I/sysui_multi_action( 2235): [757,111,758,2]
09-21 18:31:42.650 I/input_focus( 1154): [Focus request f34a2a3 NotificationShade,reason=UpdateInputWindows]
09-21 18:31:42.657 I/sysui_multi_action( 2235): [757,111,758,1]
09-21 18:31:42.658 I/sysui_multi_action( 2235): [757,126,758,1,759,126,927,0,928,0,1593,0]
09-21 18:31:42.658 I/sysui_multi_action( 2235): [757,113,758,1,759,113,927,1,928,1,1593,0]
09-21 18:31:42.658 I/sysui_multi_action( 2235): [757,0,758,1,759,0,927,2,928,0,1593,0]
09-21 18:31:42.658 I/sysui_multi_action( 2235): [757,0,758,1,759,0,927,3,928,0,1593,0]
09-21 18:31:42.658 I/sysui_multi_action( 2235): [757,1706,758,1,759,1706,927,4,928,0,1593,0]
09-21 18:31:42.659 I/sysui_multi_action( 2235): [757,491,758,1,759,491,927,5,928,0,1311,-1,1593,0]
09-21 18:31:42.659 I/sysui_multi_action( 2235): [757,0,758,1,759,0,927,6,928,0,1593,0]
09-21 18:31:42.659 I/sysui_multi_action( 2235): [757,0,758,1,759,0,927,7,1593,0]
09-21 18:31:42.659 I/sysui_multi_action( 2235): [757,111,758,1]
09-21 18:31:42.660 I/sysui_multi_action( 2235): [757,126,758,1,759,126,927,0,928,0,1593,0]
09-21 18:31:42.660 I/sysui_multi_action( 2235): [757,113,758,1,759,113,927,1,928,1,1593,0]
09-21 18:31:42.660 I/sysui_multi_action( 2235): [757,0,758,1,759,0,927,2,928,0,1593,0]
09-21 18:31:42.660 I/sysui_multi_action( 2235): [757,0,758,1,759,0,927,3,928,0,1593,0]
09-21 18:31:42.678 I/input_focus( 1154): [Focus leaving 5fc2921 com.android.settings/com.android.settings.Settings (server),reason=Waiting for window because NOT_VISIBLE]
09-21 18:31:42.680 I/sysui_multi_action( 2235): [757,111,758,2]
09-21 18:31:42.680 I/sysui_multi_action( 2235): [757,111,758,2]
09-21 18:31:42.686 I/sysui_multi_action( 2235): [757,111,758,1]
09-21 18:31:42.686 I/sysui_multi_action( 2235): [757,126,758,1,759,126,927,0,928,0,1593,0]
09-21 18:31:42.686 I/sysui_multi_action( 2235): [757,113,758,1,759,113,927,1,928,1,1593,0]
09-21 18:31:42.687 I/sysui_multi_action( 2235): [757,0,758,1,759,0,927,2,928,0,1593,0]
09-21 18:31:42.687 I/sysui_multi_action( 2235): [757,0,758,1,759,0,927,3,928,0,1593,0]
09-21 18:31:42.687 I/sysui_multi_action( 2235): [757,1706,758,1,759,1706,927,4,928,0,1593,0]
09-21 18:31:42.687 I/sysui_multi_action( 2235): [757,491,758,1,759,491,927,5,928,0,1311,-1,1593,0]
09-21 18:31:42.687 I/sysui_multi_action( 2235): [757,0,758,1,759,0,927,6,928,0,1593,0]
09-21 18:31:42.687 I/sysui_multi_action( 2235): [757,0,758,1,759,0,927,7,1593,0]
09-21 18:31:42.688 I/sysui_multi_action( 2235): [757,111,758,1]
09-21 18:31:42.688 I/sysui_multi_action( 2235): [757,126,758,1,759,126,927,0,928,0,1593,0]
09-21 18:31:42.688 I/sysui_multi_action( 2235): [757,113,758,1,759,113,927,1,928,1,1593,0]
09-21 18:31:42.688 I/sysui_multi_action( 2235): [757,0,758,1,759,0,927,2,928,0,1593,0]
09-21 18:31:42.688 I/sysui_multi_action( 2235): [757,0,758,1,759,0,927,3,928,0,1593,0]
09-21 18:31:42.694 I/input_focus( 1154): [Focus entering f34a2a3 NotificationShade (server),reason=Window became focusable. Previous reason: NOT_VISIBLE]
09-21 18:31:42.712 I/sysui_multi_action( 2235): [757,111,758,2]
09-21 18:31:42.712 I/sysui_multi_action( 2235): [757,111,758,2]
09-21 18:31:42.721 I/sysui_multi_action( 2235): [757,111,758,1]
09-21 18:31:42.721 I/sysui_multi_action( 2235): [757,126,758,1,759,126,927,0,928,0,1593,0]
09-21 18:31:42.721 I/sysui_multi_action( 2235): [757,113,758,1,759,113,927,1,928,1,1593,0]
09-21 18:31:42.721 I/sysui_multi_action( 2235): [757,0,758,1,759,0,927,2,928,0,1593,0]
09-21 18:31:42.721 I/sysui_multi_action( 2235): [757,0,758,1,759,0,927,3,928,0,1593,0]
09-21 18:31:42.721 I/sysui_multi_action( 2235): [757,1706,758,1,759,1706,927,4,928,0,1593,0]
09-21 18:31:42.722 I/sysui_multi_action( 2235): [757,491,758,1,759,491,927,5,928,0,1311,-1,1593,0]
09-21 18:31:42.722 I/sysui_multi_action( 2235): [757,0,758,1,759,0,927,6,928,0,1593,0]
09-21 18:31:42.722 I/sysui_multi_action( 2235): [757,0,758,1,759,0,927,7,1593,0]
09-21 18:31:42.722 I/sysui_multi_action( 2235): [757,111,758,1]
09-21 18:31:42.723 I/sysui_multi_action( 2235): [757,126,758,1,759,126,927,0,928,0,1593,0]
09-21 18:31:42.723 I/sysui_multi_action( 2235): [757,113,758,1,759,113,927,1,928,1,1593,0]
09-21 18:31:42.723 I/sysui_multi_action( 2235): [757,0,758,1,759,0,927,2,928,0,1593,0]
09-21 18:31:42.723 I/sysui_multi_action( 2235): [757,0,758,1,759,0,927,3,928,0,1593,0]
09-21 18:31:42.742 I/sysui_multi_action( 2235): [757,111,758,2]
09-21 18:31:42.742 I/sysui_multi_action( 2235): [757,111,758,2]
09-21 18:31:42.747 I/sysui_multi_action( 2235): [757,111,758,1]
09-21 18:31:42.747 I/sysui_multi_action( 2235): [757,126,758,1,759,126,927,0,928,0,1593,0]
09-21 18:31:42.748 I/sysui_multi_action( 2235): [757,113,758,1,759,113,927,1,928,1,1593,0]
09-21 18:31:42.748 I/sysui_multi_action( 2235): [757,0,758,1,759,0,927,2,928,0,1593,0]
09-21 18:31:42.748 I/sysui_multi_action( 2235): [757,0,758,1,759,0,927,3,928,0,1593,0]
09-21 18:31:42.748 I/sysui_multi_action( 2235): [757,1706,758,1,759,1706,927,4,928,0,1593,0]
09-21 18:31:42.748 I/sysui_multi_action( 2235): [757,491,758,1,759,491,927,5,928,0,1311,-1,1593,0]
09-21 18:31:42.748 I/sysui_multi_action( 2235): [757,0,758,1,759,0,927,6,928,0,1593,0]
09-21 18:31:42.749 I/sysui_multi_action( 2235): [757,0,758,1,759,0,927,7,1593,0]
09-21 18:31:42.749 I/sysui_multi_action( 2235): [757,111,758,1]
09-21 18:31:42.749 I/sysui_multi_action( 2235): [757,126,758,1,759,126,927,0,928,0,1593,0]
09-21 18:31:42.749 I/sysui_multi_action( 2235): [757,113,758,1,759,113,927,1,928,1,1593,0]
09-21 18:31:42.749 I/sysui_multi_action( 2235): [757,0,758,1,759,0,927,2,928,0,1593,0]
09-21 18:31:42.749 I/sysui_multi_action( 2235): [757,0,758,1,759,0,927,3,928,0,1593,0]
09-21 18:31:42.768 I/sysui_multi_action( 2235): [757,111,758,2]
09-21 18:31:42.768 I/sysui_multi_action( 2235): [757,111,758,2]
09-21 18:31:42.774 I/sysui_multi_action( 2235): [757,111,758,1]
09-21 18:31:42.774 I/sysui_multi_action( 2235): [757,126,758,1,759,126,927,0,928,0,1593,0]
09-21 18:31:42.774 I/sysui_multi_action( 2235): [757,113,758,1,759,113,927,1,928,1,1593,0]
09-21 18:31:42.774 I/sysui_multi_action( 2235): [757,0,758,1,759,0,927,2,928,0,1593,0]
09-21 18:31:42.774 I/sysui_multi_action( 2235): [757,0,758,1,759,0,927,3,928,0,1593,0]
09-21 18:31:42.774 I/sysui_multi_action( 2235): [757,1706,758,1,759,1706,927,4,928,0,1593,0]
09-21 18:31:42.775 I/sysui_multi_action( 2235): [757,491,758,1,759,491,927,5,928,0,1311,-1,1593,0]
09-21 18:31:42.775 I/sysui_multi_action( 2235): [757,0,758,1,759,0,927,6,928,0,1593,0]
09-21 18:31:42.775 I/sysui_multi_action( 2235): [757,0,758,1,759,0,927,7,1593,0]
09-21 18:31:42.775 I/sysui_multi_action( 2235): [757,111,758,1]
09-21 18:31:42.776 I/sysui_multi_action( 2235): [757,126,758,1,759,126,927,0,928,0,1593,0]
09-21 18:31:42.776 I/sysui_multi_action( 2235): [757,113,758,1,759,113,927,1,928,1,1593,0]
09-21 18:31:42.776 I/sysui_multi_action( 2235): [757,0,758,1,759,0,927,2,928,0,1593,0]
09-21 18:31:42.776 I/sysui_multi_action( 2235): [757,0,758,1,759,0,927,3,928,0,1593,0]
09-21 18:31:43.202 I/sysui_multi_action( 1154): [757,128,758,1,793,62404659,794,0,795,62404659,796,26,798,0,806,android,857,DEVELOPER_IMPORTANT,858,4,947,0,1395,3,1500,62404656,1688,1]
09-21 18:31:43.203 I/sysui_multi_action( 1154): [757,804,799,note_freshness,801,62404659,802,1]
09-21 18:31:43.203 I/notification_visibility( 1154): [-1|android|26|null|1000,1,62404659,62404659,0,0]
09-21 18:31:43.204 I/sysui_multi_action( 1154): [757,128,758,1,793,62404564,794,0,795,62404564,796,55,798,1,806,android,857,DEVELOPER,858,2,947,0,1395,3,1500,62404563,1688,1]
09-21 18:31:43.205 I/sysui_multi_action( 1154): [757,804,799,note_freshness,801,62404564,802,1]
09-21 18:31:43.207 I/notification_visibility( 1154): [-1|android|55|null|1000,1,62404564,62404564,0,1]
09-21 18:31:43.207 I/sysui_multi_action( 1154): [757,128,758,1,793,62405903,794,0,795,62405903,796,32,798,2,806,android,857,USB,858,1,947,0,1395,3,1500,62405184,1688,1]
09-21 18:31:43.208 I/sysui_multi_action( 1154): [757,804,799,note_freshness,801,62405903,802,1]
09-21 18:31:43.208 I/notification_visibility( 1154): [-1|android|32|null|1000,1,62405903,62405903,0,2]
09-21 18:31:44.719 I/input_interaction( 1154): Interaction with: f34a2a3 NotificationShade (server), edge-swipe (server), swipe-up (server), PointerEventDispatcher0 (server),
09-21 18:31:45.134 I/sysui_multi_action( 2235): [757,366,758,4,759,126,927,0,928,0,1592,0,1593,1]
09-21 18:31:45.178 I/wm_task_created( 1154): [12,-1]
09-21 18:31:45.185 I/wm_task_moved( 1154): [12,1,7]
09-21 18:31:45.185 I/wm_task_to_front( 1154): [0,12]
09-21 18:31:45.186 I/wm_create_task( 1154): [0,12]
09-21 18:31:45.186 I/wm_create_activity( 1154): [0,237470964,12,com.android.settings/.Settings$WifiSettingsActivity,android.settings.WIFI_SETTINGS,NULL,NULL,335544320]
09-21 18:31:45.186 I/wm_task_moved( 1154): [12,1,7]
09-21 18:31:45.186 I/wm_on_top_resumed_lost_called( 2801): [165594471,com.android.settings.Settings,topStateChangedWhenResumed]
09-21 18:31:45.191 I/wm_pause_activity( 1154): [0,185045071,com.android.launcher3/.uioverrides.QuickstepLauncher,userLeaving=true,pauseBackTasks]
09-21 18:31:45.192 I/wm_on_paused_called( 2731): [185045071,com.android.launcher3.uioverrides.QuickstepLauncher,performPause]
09-21 18:31:45.203 I/dvm_lock_sample( 1154): [system_server,1,android.display,23,TaskChangeNotificationController.java,320,void com.android.server.wm.TaskChangeNotificationController.forAllRemoteListeners(com.android.server.wm.TaskChangeNotificationController$TaskStackConsumer, android.os.Message),-,342,void com.android.server.wm.TaskChangeNotificationController.forAllLocalListeners(com.android.server.wm.TaskChangeNotificationController$TaskStackConsumer, android.os.Message),4]
09-21 18:31:45.203 I/dvm_lock_sample( 1154): [system_server,1,android.anim,22,WindowAnimator.java,103,void com.android.server.wm.WindowAnimator.lambda$new$1$WindowAnimator(long),TaskChangeNotificationController.java,342,void com.android.server.wm.TaskChangeNotificationController.forAllLocalListeners(com.android.server.wm.TaskChangeNotificationController$TaskStackConsumer, android.os.Message),4]
09-21 18:31:45.208 I/wm_add_to_stopping( 1154): [0,185045071,com.android.launcher3/.uioverrides.QuickstepLauncher,makeInvisible]
09-21 18:31:45.208 I/wm_restart_activity( 1154): [0,237470964,12,com.android.settings/.Settings$WifiSettingsActivity]
09-21 18:31:45.211 I/wm_set_resumed_activity( 1154): [0,com.android.settings/.Settings$WifiSettingsActivity,minimalResumeActivityLocked]
09-21 18:31:45.228 I/sysui_multi_action( 1154): [757,803,799,window_time_0,802,41]
09-21 18:31:45.254 I/am_uid_active( 1154): 10094
09-21 18:31:45.335 I/netstats_mobile_sample( 1154): [0,0,0,0,0,0,0,0,0,0,0,0,1663756305335]
09-21 18:31:45.336 I/netstats_wifi_sample( 1154): [0,0,0,0,0,0,0,0,0,0,0,0,1663756305335]
09-21 18:31:45.367 I/netstats_mobile_sample( 1154): [0,0,0,0,0,0,0,0,0,0,0,0,1663756305367]
09-21 18:31:45.367 I/netstats_wifi_sample( 1154): [0,0,0,0,0,0,0,0,0,0,0,0,1663756305367]
09-21 18:31:45.372 I/wm_on_create_called( 2801): [237470964,com.android.settings.Settings$WifiSettingsActivity,performCreate]
09-21 18:31:45.390 I/am_crash( 1154): [2801,0,com.android.settings,952745541,java.lang.ClassCastException,com.android.settings.Settings$WifiSettingsActivity cannot be cast to com.android.settings.homepage.SettingsHomepageActivity,WifiSettings.java,229]
09-21 18:31:45.394 I/wm_finish_activity( 1154): [0,237470964,12,com.android.settings/.Settings$WifiSettingsActivity,force-crash]
09-21 18:31:45.395 I/wm_task_moved( 1154): [11,1,7]
09-21 18:31:45.395 I/wm_task_to_front( 1154): [0,11]
09-21 18:31:45.400 I/wm_set_resumed_activity( 1154): [0,com.android.settings/.Settings,positionChildAt]
09-21 18:31:45.401 I/wm_focused_root_task( 1154): [0,0,11,12,finish-top adjustFocusToNextFocusableTask]
09-21 18:31:45.401 I/wm_set_resumed_activity( 1154): [0,com.android.settings/.Settings,finish-top]
09-21 18:31:45.412 I/wm_pause_activity( 1154): [0,237470964,com.android.settings/.Settings$WifiSettingsActivity,userLeaving=false,finish]
09-21 18:31:45.417 I/sysui_multi_action( 1154): [757,316,758,4,759,-1]
09-21 18:31:45.422 I/sysui_multi_action( 1154): [757,1144,758,8,806,com.android.settings,871,com.android.settings.Settings$WifiSettingsActivity]
09-21 18:31:45.829 I/am_proc_died( 1154): [0,2801,com.android.settings,0,2]
09-21 18:31:45.845 I/sysui_multi_action( 2235): [757,111,758,2]
09-21 18:31:45.846 I/sysui_multi_action( 2235): [757,111,758,2]
09-21 18:31:45.864 I/wm_task_removed( 1154): [12,removeChild:removeChild last r=ActivityRecord{e2784f4 u0 com.android.settings/.Settings$WifiSettingsActivity t-1 f}} in t=Task{3ede519 #12 type=standard A=1000:com.android.settings U=0 visible=false mode=fullscreen translucent=true sz=0}]
09-21 18:31:45.864 I/wm_task_removed( 1154): [12,removeChild]
09-21 18:31:45.865 I/wm_finish_activity( 1154): [0,165594471,11,com.android.settings/.Settings,proc died without state saved]
09-21 18:31:45.869 I/wm_task_removed( 1154): [11,removeChild:removeChild last r=ActivityRecord{9dec567 u0 com.android.settings/.Settings t-1 f}} in t=Task{4e0ebf1 #11 type=standard A=1000:com.android.settings.root U=0 visible=false mode=freeform translucent=true sz=0}]
09-21 18:31:45.869 I/wm_task_removed( 1154): [11,removeChild]
09-21 18:31:45.871 I/wm_set_resumed_activity( 1154): [0,com.android.launcher3/.uioverrides.QuickstepLauncher,resumeTopActivityInnerLocked]
09-21 18:31:45.871 I/wm_resume_activity( 1154): [0,185045071,10,com.android.launcher3/.uioverrides.QuickstepLauncher]
09-21 18:31:45.887 I/sysui_multi_action( 2235): [757,111,758,1]
09-21 18:31:45.888 I/sysui_multi_action( 2235): [757,126,758,1,759,126,927,0,928,0,1593,1]
09-21 18:31:45.888 I/sysui_multi_action( 2235): [757,113,758,1,759,113,927,1,928,1,1593,1]
09-21 18:31:45.888 I/sysui_multi_action( 2235): [757,0,758,1,759,0,927,2,928,0,1593,1]
09-21 18:31:45.888 I/sysui_multi_action( 2235): [757,0,758,1,759,0,927,3,928,0,1593,1]
09-21 18:31:45.888 I/sysui_multi_action( 2235): [757,1706,758,1,759,1706,927,4,928,0,1593,1]
09-21 18:31:45.889 I/sysui_multi_action( 2235): [757,491,758,1,759,491,927,5,928,0,1311,-1,1593,0]
09-21 18:31:45.889 I/input_focus( 1154): [Focus request 6bd75d9 com.android.launcher3/com.android.launcher3.uioverrides.QuickstepLauncher,reason=UpdateInputWindows]
09-21 18:31:45.889 I/sysui_multi_action( 2235): [757,0,758,1,759,0,927,6,928,0,1593,0]
09-21 18:31:45.889 I/sysui_multi_action( 2235): [757,0,758,1,759,0,927,7,1593,0]
09-21 18:31:45.889 I/sysui_multi_action( 2235): [757,111,758,1]
09-21 18:31:45.889 I/sysui_multi_action( 2235): [757,126,758,1,759,126,927,0,928,0,1593,1]
09-21 18:31:45.889 I/sysui_multi_action( 2235): [757,113,758,1,759,113,927,1,928,1,1593,1]
09-21 18:31:45.890 I/sysui_multi_action( 2235): [757,0,758,1,759,0,927,2,928,0,1593,1]
09-21 18:31:45.890 I/sysui_multi_action( 2235): [757,0,758,1,759,0,927,3,928,0,1593,1]
09-21 18:31:45.903 I/wm_on_resume_called( 2731): [185045071,com.android.launcher3.uioverrides.QuickstepLauncher,RESUME_ACTIVITY]
09-21 18:31:45.904 I/wm_on_top_resumed_gained_called( 2731): [185045071,com.android.launcher3.uioverrides.QuickstepLauncher,topStateChangedWhenResumed]
09-21 18:31:45.914 I/sysui_multi_action( 1154): [757,128,758,2,793,62407371,794,2712,795,62407371,796,26,798,0,806,android,857,DEVELOPER_IMPORTANT,858,4,947,0,1395,3,1500,62407368,1688,1]
09-21 18:31:45.915 I/notification_visibility( 1154): [-1|android|26|null|1000,0,62407371,62407371,0,0]
09-21 18:31:45.915 I/sysui_multi_action( 1154): [757,128,758,2,793,62407275,794,2711,795,62407275,796,55,798,1,806,android,857,DEVELOPER,858,2,947,0,1395,3,1500,62407274,1688,1]
09-21 18:31:45.915 I/notification_visibility( 1154): [-1|android|55|null|1000,0,62407275,62407275,0,1]
09-21 18:31:45.915 I/sysui_multi_action( 1154): [757,128,758,2,793,62408611,794,2708,795,62408611,796,32,798,2,806,android,857,USB,858,1,947,0,1395,3,1500,62407892,1688,1]
09-21 18:31:45.915 I/notification_visibility( 1154): [-1|android|32|null|1000,0,62408611,62408611,0,2]
09-21 18:31:45.917 I/sysui_multi_action( 2235): [757,111,758,2]
09-21 18:31:45.917 I/sysui_multi_action( 2235): [757,111,758,2]
09-21 18:31:45.920 I/input_focus( 1154): [Focus leaving f34a2a3 NotificationShade (server),reason=NOT_FOCUSABLE]
09-21 18:31:45.922 I/sysui_multi_action( 1154): [757,127,758,2]
09-21 18:31:45.922 I/notification_panel_hidden( 1154):
09-21 18:31:45.923 I/input_focus( 1154): [Focus request 6bd75d9 com.android.launcher3/com.android.launcher3.uioverrides.QuickstepLauncher,reason=UpdateInputWindows]
09-21 18:31:45.952 I/input_focus( 1154): [Focus entering 6bd75d9 com.android.launcher3/com.android.launcher3.uioverrides.QuickstepLauncher (server),reason=Window became focusable. Previous reason: NOT_FOCUSABLE]
09-21 18:31:45.955 I/sysui_multi_action( 2235): [757,111,758,1]
09-21 18:31:45.955 I/sysui_multi_action( 2235): [757,126,758,1,759,126,927,0,928,0,1593,1]
09-21 18:31:45.955 I/sysui_multi_action( 2235): [757,113,758,1,759,113,927,1,928,1,1593,1]
09-21 18:31:45.956 I/sysui_multi_action( 2235): [757,0,758,1,759,0,927,2,928,0,1593,1]
09-21 18:31:45.956 I/sysui_multi_action( 2235): [757,0,758,1,759,0,927,3,928,0,1593,1]
09-21 18:31:45.956 I/sysui_multi_action( 2235): [757,1706,758,1,759,1706,927,4,928,0,1593,1]
09-21 18:31:45.956 I/sysui_multi_action( 2235): [757,491,758,1,759,491,927,5,928,0,1311,-1,1593,0]
09-21 18:31:45.956 I/sysui_multi_action( 2235): [757,0,758,1,759,0,927,6,928,0,1593,0]
09-21 18:31:45.956 I/sysui_multi_action( 2235): [757,0,758,1,759,0,927,7,1593,0]
09-21 18:31:45.957 I/sysui_multi_action( 2235): [757,111,758,1]
09-21 18:31:45.957 I/sysui_multi_action( 2235): [757,126,758,1,759,126,927,0,928,0,1593,1]
09-21 18:31:45.957 I/sysui_multi_action( 2235): [757,113,758,1,759,113,927,1,928,1,1593,1]
09-21 18:31:45.957 I/sysui_multi_action( 2235): [757,0,758,1,759,0,927,2,928,0,1593,1]
09-21 18:31:45.957 I/sysui_multi_action( 2235): [757,0,758,1,759,0,927,3,928,0,1593,1]
09-21 18:31:46.931 I/input_interaction( 1154): Interaction with: 6bd75d9 com.android.launcher3/com.android.launcher3.uioverrides.QuickstepLauncher (server), 1da61d8 com.android.systemui.ImageWallpaper (server), edge-swipe (server), swipe-up (server), PointerEventDispatcher0 (server),
09-21 18:31:51.118 I/wm_task_created( 1154): [13,-1]
09-21 18:31:51.144 I/wm_task_moved( 1154): [13,1,6]
09-21 18:31:51.144 I/wm_task_to_front( 1154): [0,13]
09-21 18:31:51.146 I/wm_create_task( 1154): [0,13]
09-21 18:31:51.146 I/wm_create_activity( 1154): [0,181722282,13,com.android.music/.VideoBrowserActivity,android.intent.action.MAIN,NULL,NULL,270532608]
09-21 18:31:51.146 I/wm_task_moved( 1154): [13,1,6]
09-21 18:31:51.152 I/wm_pause_activity( 1154): [0,185045071,com.android.launcher3/.uioverrides.QuickstepLauncher,userLeaving=true,pauseBackTasks]
09-21 18:31:51.161 I/wm_on_top_resumed_lost_called( 2731): [185045071,com.android.launcher3.uioverrides.QuickstepLauncher,topStateChangedWhenResumed]
09-21 18:31:51.164 I/am_uid_running( 1154): 10066
09-21 18:31:51.169 I/wm_on_paused_called( 2731): [185045071,com.android.launcher3.uioverrides.QuickstepLauncher,performPause]
09-21 18:31:51.184 I/wm_add_to_stopping( 1154): [0,185045071,com.android.launcher3/.uioverrides.QuickstepLauncher,makeInvisible]
09-21 18:31:51.188 I/sysui_multi_action( 1154): [757,803,799,window_time_0,802,6]
09-21 18:31:51.209 I/am_proc_start( 1154): [0,4580,10066,com.android.music,pre-top-activity,{com.android.music/com.android.music.VideoBrowserActivity}]
09-21 18:31:51.231 I/input_focus( 1154): [Focus leaving 6bd75d9 com.android.launcher3/com.android.launcher3.uioverrides.QuickstepLauncher (server),reason=NO_WINDOW]
09-21 18:31:51.276 I/am_proc_bound( 1154): [0,4580,com.android.music]
09-21 18:31:51.280 I/wm_restart_activity( 1154): [0,181722282,13,com.android.music/.VideoBrowserActivity]
09-21 18:31:51.281 I/wm_set_resumed_activity( 1154): [0,com.android.music/.VideoBrowserActivity,minimalResumeActivityLocked]
09-21 18:31:51.283 I/am_uid_active( 1154): 10066
09-21 18:31:51.383 I/wm_on_create_called( 4580): [181722282,com.android.music.VideoBrowserActivity,performCreate]
09-21 18:31:51.384 I/wm_on_start_called( 4580): [181722282,com.android.music.VideoBrowserActivity,handleStartActivity]
09-21 18:31:51.385 I/wm_on_resume_called( 4580): [181722282,com.android.music.VideoBrowserActivity,RESUME_ACTIVITY]
09-21 18:31:51.398 I/wm_on_top_resumed_gained_called( 4580): [181722282,com.android.music.VideoBrowserActivity,topStateChangedWhenResumed]
09-21 18:31:51.410 I/input_focus( 1154): [Focus request be31eae com.android.music/com.android.music.VideoBrowserActivity,reason=UpdateInputWindows]
09-21 18:31:51.511 I/sysui_multi_action( 1154): [319,151,321,147,322,388,325,260,757,761,758,7,759,1,806,com.android.music,871,com.android.music.VideoBrowserActivity,904,com.android.launcher3,905,0,945,171,1320,4,1321,1]
09-21 18:31:51.518 I/input_focus( 1154): [Focus entering be31eae com.android.music/com.android.music.VideoBrowserActivity (server),reason=Window became focusable. Previous reason: NOT_VISIBLE]
