09-21 19:14:36.135 I/wm_on_stop_called( 7242): [34652995,com.android.settings.Settings,handleRelaunchActivity]
09-21 19:14:36.139 I/wm_on_destroy_called( 7242): [34652995,com.android.settings.Settings,performDestroy]
09-21 19:14:36.161 I/sysui_multi_action( 1154): [324,1,757,1090,758,13,806,com.android.settings,871,com.android.settings.Settings,1091,93999]
09-21 19:14:36.163 I/am_crash( 1154): [7242,0,com.android.settings,952745541,java.lang.NullPointerException,Attempt to invoke virtual method 'void com.google.android.material.appbar.CollapsingToolbarLayout.setTitle(java.lang.CharSequence)' on a null object reference,SettingsHomepageActivity.java,288]
09-21 19:14:36.176 I/wm_finish_activity( 1154): [0,34652995,41,com.android.settings/.Settings,force-crash]
09-21 19:14:36.176 I/wm_task_moved( 1154): [1,1,7]
09-21 19:14:36.177 I/wm_task_moved( 1154): [10,1,2147483647]
09-21 19:14:36.177 I/wm_task_to_front( 1154): [0,10]
09-21 19:14:36.177 I/wm_focused_root_task( 1154): [0,0,1,41,finish-top adjustFocusToNextFocusableTask]
09-21 19:14:36.178 I/wm_set_resumed_activity( 1154): [0,com.android.launcher3/.uioverrides.QuickstepLauncher,finish-top adjustFocusToNextFocusableTask]
09-21 19:14:36.178 I/wm_pause_activity( 1154): [0,34652995,com.android.settings/.Settings,userLeaving=false,finish]
09-21 19:14:36.181 I/sysui_multi_action( 1154): [757,316,758,4,759,-1]
09-21 19:14:36.236 I/sysui_latency( 1154): [6,133]
09-21 19:14:36.254 I/am_proc_died( 1154): [0,7242,com.android.settings,0,2]
09-21 19:14:36.264 I/wm_task_removed( 1154): [41,removeChild:removeChild last r=ActivityRecord{210c343 u0 com.android.settings/.Settings t-1 f}} in t=Task{d5ccdb5 #41 type=standard A=1000:com.android.settings.root U=0 visible=false mode=fullscreen translucent=true sz=0}]
09-21 19:14:36.264 I/wm_task_removed( 1154): [41,removeChild]
09-21 19:14:36.268 I/wm_set_resumed_activity( 1154): [0,com.android.launcher3/.uioverrides.QuickstepLauncher,resumeTopActivityInnerLocked]
09-21 19:14:36.269 I/wm_resume_activity( 1154): [0,185045071,10,com.android.launcher3/.uioverrides.QuickstepLauncher]
09-21 19:14:36.292 I/wm_on_restart_called( 5169): [185045071,com.android.launcher3.uioverrides.QuickstepLauncher,performRestartActivity]
09-21 19:14:36.292 I/wm_on_start_called( 5169): [185045071,com.android.launcher3.uioverrides.QuickstepLauncher,handleStartActivity]
09-21 19:14:36.293 I/wm_on_resume_called( 5169): [185045071,com.android.launcher3.uioverrides.QuickstepLauncher,RESUME_ACTIVITY]
09-21 19:14:36.303 I/input_focus( 1154): [Focus request df9195e com.android.launcher3/com.android.launcher3.uioverrides.QuickstepLauncher,reason=UpdateInputWindows]
09-21 19:14:36.330 I/input_focus( 1154): [Focus entering df9195e com.android.launcher3/com.android.launcher3.uioverrides.QuickstepLauncher (server),reason=setFocusedWindow]
09-21 19:14:36.680 I/wm_on_top_resumed_gained_called( 5169): [185045071,com.android.launcher3.uioverrides.QuickstepLauncher,topStateChangedWhenResumed]
09-21 19:14:36.879 I/input_interaction( 1154): Interaction with: df9195e com.android.launcher3/com.android.launcher3.uioverrides.QuickstepLauncher (server), PointerEventDispatcher0 (server),
09-21 19:14:37.682 I/input_interaction( 1154): Interaction with: e915a91 StatusBar (server), df9195e com.android.launcher3/com.android.launcher3.uioverrides.QuickstepLauncher (server), PointerEventDispatcher0 (server),
09-21 19:14:37.692 I/input_interaction( 1154): Interaction with: e915a91 StatusBar (server), PointerEventDispatcher0 (server),
09-21 19:14:37.771 I/input_interaction( 1154): Interaction with: df9195e com.android.launcher3/com.android.launcher3.uioverrides.QuickstepLauncher (server), e915a91 StatusBar (server), PointerEventDispatcher0 (server),
09-21 19:14:37.783 I/input_interaction( 1154): Interaction with: df9195e com.android.launcher3/com.android.launcher3.uioverrides.QuickstepLauncher (server), PointerEventDispatcher0 (server),
09-21 19:14:38.717 I/service_manager_stats( 1154): [100,142,98835]
09-21 19:14:38.956 I/input_interaction( 1154): Interaction with: df9195e com.android.launcher3/com.android.launcher3.uioverrides.QuickstepLauncher (server), 1da61d8 com.android.systemui.ImageWallpaper (server), swipe-up (server), edge-swipe (server), PointerEventDispatcher0 (server),
09-21 19:14:39.062 I/input_interaction( 1154): Interaction with: df9195e com.android.launcher3/com.android.launcher3.uioverrides.QuickstepLauncher (server), PointerEventDispatcher0 (server),
09-21 19:14:39.588 I/input_interaction( 1154): Interaction with: df9195e com.android.launcher3/com.android.launcher3.uioverrides.QuickstepLauncher (server), 1da61d8 com.android.systemui.ImageWallpaper (server), swipe-up (server), edge-swipe (server), PointerEventDispatcher0 (server),
09-21 19:14:39.674 I/input_interaction( 1154): Interaction with: df9195e com.android.launcher3/com.android.launcher3.uioverrides.QuickstepLauncher (server), PointerEventDispatcher0 (server),
09-21 19:14:39.777 I/input_interaction( 1154): Interaction with: df9195e com.android.launcher3/com.android.launcher3.uioverrides.QuickstepLauncher (server), 1da61d8 com.android.systemui.ImageWallpaper (server), swipe-up (server), edge-swipe (server), PointerEventDispatcher0 (server),
09-21 19:14:39.890 I/input_interaction( 1154): Interaction with: df9195e com.android.launcher3/com.android.launcher3.uioverrides.QuickstepLauncher (server), PointerEventDispatcher0 (server),
09-21 19:14:40.927 I/input_interaction( 1154): Interaction with: df9195e com.android.launcher3/com.android.launcher3.uioverrides.QuickstepLauncher (server), 1da61d8 com.android.systemui.ImageWallpaper (server), swipe-up (server), edge-swipe (server), PointerEventDispatcher0 (server),
09-21 19:14:41.013 I/view_enqueue_input_event( 5169): [Motion - Cancel,com.android.launcher3/com.android.launcher3.uioverrides.QuickstepLauncher]
09-21 19:14:41.013 I/input_interaction( 1154): Interaction with: df9195e com.android.launcher3/com.android.launcher3.uioverrides.QuickstepLauncher (server), PointerEventDispatcher0 (server),
09-21 19:14:42.870 I/input_interaction( 1154): Interaction with: df9195e com.android.launcher3/com.android.launcher3.uioverrides.QuickstepLauncher (server), 1da61d8 com.android.systemui.ImageWallpaper (server), swipe-up (server), edge-swipe (server), PointerEventDispatcher0 (server),
09-21 19:14:42.983 I/input_interaction( 1154): Interaction with: df9195e com.android.launcher3/com.android.launcher3.uioverrides.QuickstepLauncher (server), PointerEventDispatcher0 (server),
09-21 19:14:43.608 I/input_interaction( 1154): Interaction with: df9195e com.android.launcher3/com.android.launcher3.uioverrides.QuickstepLauncher (server), 1da61d8 com.android.systemui.ImageWallpaper (server), swipe-up (server), edge-swipe (server), PointerEventDispatcher0 (server),
09-21 19:14:43.780 I/wm_task_created( 1154): [43,-1]
09-21 19:14:43.784 I/wm_task_moved( 1154): [43,1,7]
09-21 19:14:43.784 I/wm_task_to_front( 1154): [0,43]
09-21 19:14:43.784 I/wm_create_task( 1154): [0,43]
09-21 19:14:43.784 I/wm_create_activity( 1154): [0,227795004,43,com.android.settings/.Settings,android.intent.action.MAIN,NULL,NULL,270532608]
09-21 19:14:43.784 I/wm_task_moved( 1154): [43,1,7]
09-21 19:14:43.787 I/wm_pause_activity( 1154): [0,185045071,com.android.launcher3/.uioverrides.QuickstepLauncher,userLeaving=true,pauseBackTasks]
09-21 19:14:43.795 I/wm_on_top_resumed_lost_called( 5169): [185045071,com.android.launcher3.uioverrides.QuickstepLauncher,topStateChangedWhenResumed]
09-21 19:14:43.804 I/wm_on_paused_called( 5169): [185045071,com.android.launcher3.uioverrides.QuickstepLauncher,performPause]
09-21 19:14:43.806 I/wm_add_to_stopping( 1154): [0,185045071,com.android.launcher3/.uioverrides.QuickstepLauncher,makeInvisible]
09-21 19:14:43.831 I/sysui_multi_action( 1154): [757,803,799,window_time_0,802,11]
09-21 19:14:43.849 I/input_focus( 1154): [Focus leaving df9195e com.android.launcher3/com.android.launcher3.uioverrides.QuickstepLauncher (server),reason=NO_WINDOW]
09-21 19:14:43.886 I/am_proc_start( 1154): [0,7515,1000,com.android.settings,pre-top-activity,{com.android.settings/com.android.settings.Settings}]
09-21 19:14:43.943 I/am_proc_bound( 1154): [0,7515,com.android.settings]
09-21 19:14:43.948 I/wm_restart_activity( 1154): [0,227795004,43,com.android.settings/.Settings]
09-21 19:14:43.951 I/wm_set_resumed_activity( 1154): [0,com.android.settings/.Settings,minimalResumeActivityLocked]
09-21 19:14:44.054 I/wm_on_create_called( 7515): [227795004,com.android.settings.Settings,performCreate]
09-21 19:14:44.120 W/CarrierConfigManager( 7515): Error getting config for subId -1 ICarrierConfigLoader is null
09-21 19:14:44.165 I/wm_on_start_called( 7515): [227795004,com.android.settings.Settings,handleStartActivity]
09-21 19:14:44.167 I/snet_event_log( 7515): [120484087,-1,]
09-21 19:14:44.167 I/wm_on_resume_called( 7515): [227795004,com.android.settings.Settings,RESUME_ACTIVITY]
09-21 19:14:44.170 I/sysui_multi_action( 7515): [757,35,758,1,833,0,1089,113]
09-21 19:14:44.176 I/sysui_multi_action( 7515): [757,1729,758,4,854,isParalleledControllers:false,1089,119]
09-21 19:14:44.192 I/sysui_multi_action( 7515): [757,746,758,1,833,0,1089,91]
09-21 19:14:44.194 D/TelephonyRegistry( 1154): listen oscl: mHasNotifySubscriptionInfoChangedOccurred==false no callback
09-21 19:14:44.205 D/TelephonyRegistry( 1154): listen oscl: mHasNotifySubscriptionInfoChangedOccurred==false no callback
09-21 19:14:44.221 I/sysui_multi_action( 7515): [757,1729,758,4,854,isParalleledControllers:false,1089,120]
09-21 19:14:44.236 I/wm_on_top_resumed_gained_called( 7515): [227795004,com.android.settings.Settings,topStateChangedWhenResumed]
09-21 19:14:44.312 I/input_focus( 1154): [Focus request f7e8630 com.android.settings/com.android.settings.Settings,reason=UpdateInputWindows]
09-21 19:14:44.413 I/sysui_multi_action( 1154): [324,0,757,1090,758,12,806,com.android.settings,871,com.android.settings.Settings,1091,650]
09-21 19:14:44.448 I/wm_stop_activity( 1154): [0,185045071,com.android.launcher3/.uioverrides.QuickstepLauncher]
09-21 19:14:44.451 I/sysui_multi_action( 1154): [319,94,321,89,322,650,325,2833,757,761,758,7,759,1,806,com.android.settings,871,com.android.settings.Settings,904,com.android.launcher3,905,0,945,183,1320,4,1321,1]
09-21 19:14:44.452 I/input_focus( 1154): [Focus entering f7e8630 com.android.settings/com.android.settings.Settings (server),reason=Window became focusable. Previous reason: NOT_VISIBLE]
09-21 19:14:44.455 I/wm_activity_launch_time( 1154): [0,227795004,com.android.settings/.Settings,650]
09-21 19:14:44.503 I/wm_on_stop_called( 5169): [185045071,com.android.launcher3.uioverrides.QuickstepLauncher,STOP_ACTIVITY_ITEM]
09-21 19:14:44.641 I/input_interaction( 1154): Interaction with: f7e8630 com.android.settings/com.android.settings.Settings (server), PointerEventDispatcher0 (server),
09-21 19:14:46.661 I/input_interaction( 1154): Interaction with: f7e8630 com.android.settings/com.android.settings.Settings (server), swipe-up (server), edge-swipe (server), PointerEventDispatcher0 (server),
09-21 19:14:46.739 I/input_interaction( 1154): Interaction with: f7e8630 com.android.settings/com.android.settings.Settings (server), PointerEventDispatcher0 (server),
09-21 19:14:46.762 I/sysui_multi_action( 7515): [757,830,758,4,833,0,854,top_level_network,1089,0]
09-21 19:14:46.775 I/sysui_multi_action( 7515): [757,746,758,2,1089,2582]
09-21 19:14:46.800 W/CarrierConfigManager( 7515): Error getting config for subId -1 ICarrierConfigLoader is null
09-21 19:14:46.843 I/sysui_multi_action( 7515): [757,746,758,1,833,0,1089,48]
09-21 19:14:46.844 D/TelephonyRegistry( 1154): listen oscl: mHasNotifySubscriptionInfoChangedOccurred==false no callback
09-21 19:14:46.849 D/TelephonyRegistry( 1154): listen oscl: mHasNotifySubscriptionInfoChangedOccurred==false no callback
09-21 19:14:46.860 I/sysui_multi_action( 7515): [757,1729,758,4,854,isParalleledControllers:false,1089,64]
09-21 19:14:47.671 I/input_interaction( 1154): Interaction with: f7e8630 com.android.settings/com.android.settings.Settings (server), swipe-up (server), edge-swipe (server), PointerEventDispatcher0 (server),
09-21 19:14:47.780 I/input_interaction( 1154): Interaction with: f7e8630 com.android.settings/com.android.settings.Settings (server), PointerEventDispatcher0 (server),
09-21 19:14:47.796 I/sysui_multi_action( 7515): [757,830,758,4,833,0,854,top_level_connected_devices,1089,0]
09-21 19:14:47.815 I/sysui_multi_action( 7515): [757,746,758,2,1089,971]
09-21 19:14:47.943 I/sysui_multi_action( 7515): [757,747,758,1,833,0,1089,103]
09-21 19:14:47.946 I/sysui_multi_action( 7515): [757,1729,758,4,854,isParalleledControllers:false,1089,105]
09-21 19:14:48.404 I/input_interaction( 1154): Interaction with: f7e8630 com.android.settings/com.android.settings.Settings (server), swipe-up (server), edge-swipe (server), PointerEventDispatcher0 (server),
09-21 19:14:48.509 I/input_interaction( 1154): Interaction with: f7e8630 com.android.settings/com.android.settings.Settings (server), PointerEventDispatcher0 (server),
09-21 19:14:48.530 I/sysui_multi_action( 7515): [757,830,758,4,833,0,854,top_level_apps,1089,0]
09-21 19:14:48.535 I/sysui_multi_action( 7515): [757,747,758,2,1089,592]
09-21 19:14:48.614 I/sysui_multi_action( 7515): [757,65,758,1,833,0,1089,66]
09-21 19:14:48.623 I/sysui_multi_action( 7515): [757,1729,758,4,854,isParalleledControllers:false,1089,75]
09-21 19:14:49.746 I/input_interaction( 1154): Interaction with: f7e8630 com.android.settings/com.android.settings.Settings (server), swipe-up (server), edge-swipe (server), PointerEventDispatcher0 (server),
09-21 19:14:49.857 I/input_interaction( 1154): Interaction with: f7e8630 com.android.settings/com.android.settings.Settings (server), PointerEventDispatcher0 (server),
09-21 19:14:49.870 I/sysui_multi_action( 7515): [757,830,758,4,833,0,854,top_level_connected_devices,1089,0]
09-21 19:14:49.876 I/sysui_multi_action( 7515): [757,65,758,2,1089,1262]
09-21 19:14:49.978 I/sysui_multi_action( 7515): [757,747,758,1,833,0,1089,88]
09-21 19:14:49.981 I/sysui_multi_action( 7515): [757,1729,758,4,854,isParalleledControllers:false,1089,92]
09-21 19:14:54.344 I/service_manager_stats( 1154): [100,96,15626]
09-21 19:14:55.146 I/input_interaction( 1154): Interaction with: f7e8630 com.android.settings/com.android.settings.Settings (server), swipe-up (server), edge-swipe (server), PointerEventDispatcher0 (server),
09-21 19:14:55.210 I/input_interaction( 1154): Interaction with: f7e8630 com.android.settings/com.android.settings.Settings (server), PointerEventDispatcher0 (server),
09-21 19:14:55.230 I/sysui_multi_action( 7515): [757,830,758,4,833,0,854,connected_bt,1089,0]
09-21 19:14:55.242 I/wm_task_moved( 1154): [43,1,7]
09-21 19:14:55.242 I/wm_set_resumed_activity( 1154): [0,com.android.settings/.Settings,positionChildAt]
09-21 19:14:55.242 I/wm_create_activity( 1154): [0,127037338,43,com.android.settings/.SubSettings,android.intent.action.MAIN,NULL,NULL,0]
09-21 19:14:55.254 I/wm_pause_activity( 1154): [0,227795004,com.android.settings/.Settings,userLeaving=true,resumeTopActivityInnerLocked]
09-21 19:14:55.268 I/wm_on_top_resumed_lost_called( 7515): [227795004,com.android.settings.Settings,topStateChangedWhenResumed]
09-21 19:14:55.271 I/sysui_multi_action( 7515): [757,35,758,2,1089,11101]
09-21 19:14:55.273 I/sysui_multi_action( 7515): [757,747,758,2,1089,5295]
09-21 19:14:55.276 I/wm_on_paused_called( 7515): [227795004,com.android.settings.Settings,performPause]
09-21 19:14:55.279 I/wm_add_to_stopping( 1154): [0,227795004,com.android.settings/.Settings,makeInvisible]
09-21 19:14:55.279 I/wm_restart_activity( 1154): [0,127037338,43,com.android.settings/.SubSettings]
09-21 19:14:55.281 I/wm_set_resumed_activity( 1154): [0,com.android.settings/.SubSettings,minimalResumeActivityLocked]
09-21 19:14:55.288 I/sysui_multi_action( 1154): [757,803,799,window_time_0,802,11]
09-21 19:14:55.295 I/input_focus( 1154): [Focus leaving f7e8630 com.android.settings/com.android.settings.Settings (server),reason=NO_WINDOW]
09-21 19:14:55.304 I/am_uid_running( 1154): 10094
09-21 19:14:55.322 I/am_pss ( 1154): [7515,1000,com.android.settings,171215872,141901824,0,351182848,0,2,17]
09-21 19:14:55.331 I/am_proc_start( 1154): [0,7578,10094,com.qualcomm.qti.qccauthmgr,content provider,{com.qualcomm.qti.qccauthmgr/com.qualcomm.qti.qccauthmgr.providers.SMQContentProvider}]
09-21 19:14:55.334 I/am_pss ( 1154): [7425,1000,com.qti.diagservices,7291904,4169728,0,94253056,0,10,10]
09-21 19:14:55.347 I/am_pss ( 1154): [7408,10066,com.android.music,7431168,4587520,0,90566656,0,19,10]
09-21 19:14:55.362 I/wm_on_create_called( 7515): [127037338,com.android.settings.SubSettings,performCreate]
09-21 19:14:55.373 I/wm_on_start_called( 7515): [127037338,com.android.settings.SubSettings,handleStartActivity]
09-21 19:14:55.373 I/snet_event_log( 7515): [120484087,-1,]
09-21 19:14:55.375 I/wm_on_resume_called( 7515): [127037338,com.android.settings.SubSettings,RESUME_ACTIVITY]
09-21 19:14:55.380 I/am_proc_bound( 1154): [0,7578,com.qualcomm.qti.qccauthmgr]
09-21 19:14:55.385 I/am_uid_active( 1154): 10094
09-21 19:14:55.397 I/sysui_multi_action( 7515): [757,1009,758,1,833,747,1089,70]
09-21 19:14:55.400 I/sysui_multi_action( 7515): [757,1729,758,4,854,isParalleledControllers:false,1089,74]
09-21 19:14:55.406 I/wm_on_top_resumed_gained_called( 7515): [127037338,com.android.settings.SubSettings,topStateChangedWhenResumed]
09-21 19:14:55.428 I/input_focus( 1154): [Focus request 3d552bb com.android.settings/com.android.settings.SubSettings,reason=UpdateInputWindows]
09-21 19:14:55.449 I/wm_activity_launch_time( 1154): [0,127037338,com.android.settings/.SubSettings,211]
09-21 19:14:55.461 I/input_focus( 1154): [Focus entering 3d552bb com.android.settings/com.android.settings.SubSettings (server),reason=setFocusedWindow]
09-21 19:14:55.662 I/input_interaction( 1154): Interaction with: 3d552bb com.android.settings/com.android.settings.SubSettings (server), PointerEventDispatcher0 (server),
09-21 19:14:55.851 I/wm_stop_activity( 1154): [0,227795004,com.android.settings/.Settings]
09-21 19:14:55.875 I/wm_on_stop_called( 7515): [227795004,com.android.settings.Settings,STOP_ACTIVITY_ITEM]
09-21 19:14:56.474 I/am_uid_running( 1154): 10098
09-21 19:14:56.521 I/am_proc_start( 1154): [0,7601,10098,com.android.permissioncontroller,service,{com.android.permissioncontroller/com.android.permissioncontroller.permission.service.PermissionControllerServiceImpl}]
09-21 19:14:56.566 I/am_proc_bound( 1154): [0,7601,com.android.permissioncontroller]
09-21 19:14:56.571 I/am_uid_active( 1154): 10098
09-21 19:14:56.921 I/input_interaction( 1154): Interaction with: 3d552bb com.android.settings/com.android.settings.SubSettings (server), swipe-up (server), edge-swipe (server), PointerEventDispatcher0 (server),
09-21 19:14:57.668 I/input_interaction( 1154): Interaction with: 3d552bb com.android.settings/com.android.settings.SubSettings (server), PointerEventDispatcher0 (server),
09-21 19:14:59.528 I/sysui_multi_action( 1154): [757,1717,758,1,759,0]
09-21 19:14:59.529 I/sysui_multi_action( 1154): [757,1717,758,2,759,0]
09-21 19:14:59.530 I/sysui_multi_action( 1154): [757,1717,758,3,759,0]
09-21 19:15:00.194 I/input_interaction( 1154): Interaction with: 3d552bb com.android.settings/com.android.settings.SubSettings (server), swipe-up (server), edge-swipe (server), PointerEventDispatcher0 (server),
09-21 19:15:00.297 I/input_interaction( 1154): Interaction with: 3d552bb com.android.settings/com.android.settings.SubSettings (server), PointerEventDispatcher0 (server),
09-21 19:15:01.307 I/input_interaction( 1154): Interaction with: 3d552bb com.android.settings/com.android.settings.SubSettings (server), swipe-up (server), edge-swipe (server), PointerEventDispatcher0 (server),
09-21 19:15:03.199 I/input_interaction( 1154): Interaction with: 3d552bb com.android.settings/com.android.settings.SubSettings (server), PointerEventDispatcher0 (server),
09-21 19:15:05.479 I/commit_sys_config_file( 1154): [package-user-0,17]
09-21 19:15:06.216 I/input_interaction( 1154): Interaction with: 3d552bb com.android.settings/com.android.settings.SubSettings (server), swipe-up (server), edge-swipe (server), PointerEventDispatcher0 (server),
09-21 19:15:06.291 I/input_interaction( 1154): Interaction with: 3d552bb com.android.settings/com.android.settings.SubSettings (server), PointerEventDispatcher0 (server),
09-21 19:15:06.359 I/am_pss ( 1154): [7515,1000,com.android.settings,175735808,144879616,0,358621184,0,2,19]
09-21 19:15:06.374 I/configuration_changed( 1154): 96
09-21 19:15:06.399 I/notification_enqueue( 1154): [1000,1154,android,19,NULL,-1,Notification(channel=PHYSICAL_KEYBOARD shortcut=null contentView=null vibrate=null sound=null defaults=0x0 flags=0x0 color=0x00000000 vis=PRIVATE),0]
09-21 19:15:06.410 I/sysui_multi_action( 1154): [757,128,758,5,759,8,793,12,794,0,795,12,796,19,806,android,857,PHYSICAL_KEYBOARD,858,3,947,0,1500,12]
09-21 19:15:06.410 I/notification_canceled( 1154): [-1|android|19|null|1000,8,12,12,0,-1,-1,NULL]
09-21 19:15:06.411 I/service_manager_stats( 1154): [100,110,12068]
09-21 19:15:06.450 I/wm_relaunch_resume_activity( 1154): [0,127037338,43,com.android.settings/.SubSettings]
09-21 19:15:06.471 I/wm_on_top_resumed_lost_called( 7515): [127037338,com.android.settings.SubSettings,pausing]
09-21 19:15:06.474 I/sysui_multi_action( 7515): [757,1009,758,2,1089,11077]
09-21 19:15:06.476 I/wm_on_paused_called( 7515): [127037338,com.android.settings.SubSettings,performPause]
09-21 19:15:06.479 I/wm_on_stop_called( 7515): [127037338,com.android.settings.SubSettings,handleRelaunchActivity]
09-21 19:15:06.486 I/wm_on_destroy_called( 7515): [127037338,com.android.settings.SubSettings,performDestroy]
09-21 19:15:06.549 I/wm_on_create_called( 7515): [127037338,com.android.settings.SubSettings,performCreate]
09-21 19:15:06.559 I/wm_on_start_called( 7515): [127037338,com.android.settings.SubSettings,handleStartActivity]
09-21 19:15:06.559 I/snet_event_log( 7515): [120484087,-1,]
09-21 19:15:06.560 I/wm_on_resume_called( 7515): [127037338,com.android.settings.SubSettings,RESUME_ACTIVITY]
09-21 19:15:06.584 I/sysui_multi_action( 7515): [757,1009,758,1,833,747,1089,81]
09-21 19:15:06.588 I/sysui_multi_action( 7515): [757,1729,758,4,854,isParalleledControllers:false,1089,86]
09-21 19:15:06.590 I/wm_on_top_resumed_gained_called( 7515): [127037338,com.android.settings.SubSettings,topWhenResuming]
09-21 19:15:06.622 I/input_focus( 1154): [Focus request 3679341 com.android.settings/com.android.settings.SubSettings,reason=UpdateInputWindows]
09-21 19:15:06.654 I/sysui_latency( 1154): [6,236]
09-21 19:15:06.661 I/input_focus( 1154): [Focus entering 3679341 com.android.settings/com.android.settings.SubSettings (server),reason=setFocusedWindow]
09-21 19:15:10.024 I/input_interaction( 1154): Interaction with: 3679341 com.android.settings/com.android.settings.SubSettings (server), swipe-up (server), edge-swipe (server), PointerEventDispatcher0 (server),
09-21 19:15:10.190 I/wm_finish_activity( 1154): [0,127037338,43,com.android.settings/.SubSettings,app-request]
09-21 19:15:10.214 I/wm_pause_activity( 1154): [0,127037338,com.android.settings/.SubSettings,userLeaving=false,finish]
09-21 19:15:10.224 I/dvm_lock_sample( 1154): [system_server,1,Binder:1154_B,24,WindowManagerService.java,2228,int com.android.server.wm.WindowManagerService.relayoutWindow(com.android.server.wm.Session, android.view.IWindow, android.view.WindowManager$LayoutParams, int, int, int, int, long, android.window.ClientWindowFrames, android.util.MergedConfiguration, android.view.SurfaceControl, android.view.InsetsState, android.view.InsetsSourceControl[], android.graphics.Point),ActivityClientController.java,456,boolean com.android.server.wm.ActivityClientController.finishActivity(android.os.IBinder, int, android.content.Intent, int),4]
09-21 19:15:10.225 I/wm_on_top_resumed_lost_called( 7515): [127037338,com.android.settings.SubSettings,topStateChangedWhenResumed]
09-21 19:15:10.233 I/sysui_multi_action( 7515): [757,1009,758,2,1089,3649]
09-21 19:15:10.234 I/wm_on_paused_called( 7515): [127037338,com.android.settings.SubSettings,performPause]
09-21 19:15:10.234 I/wm_add_to_stopping( 1154): [0,127037338,com.android.settings/.SubSettings,completeFinishing]
09-21 19:15:10.235 I/wm_set_resumed_activity( 1154): [0,com.android.settings/.Settings,resumeTopActivityInnerLocked]
09-21 19:15:10.236 I/wm_relaunch_resume_activity( 1154): [0,227795004,43,com.android.settings/.Settings]
09-21 19:15:10.239 I/sysui_multi_action( 1154): [757,803,799,window_time_0,802,15]
09-21 19:15:10.243 I/wm_on_destroy_called( 7515): [227795004,com.android.settings.Settings,performDestroy]
09-21 19:15:10.244 I/input_focus( 1154): [Focus leaving 3679341 com.android.settings/com.android.settings.SubSettings (server),reason=NO_WINDOW]
09-21 19:15:10.263 I/am_crash( 1154): [7515,0,com.android.settings,952745541,java.lang.NullPointerException,Attempt to invoke virtual method 'void com.google.android.material.appbar.CollapsingToolbarLayout.setTitle(java.lang.CharSequence)' on a null object reference,SettingsHomepageActivity.java,288]
09-21 19:15:10.266 I/wm_finish_activity( 1154): [0,227795004,43,com.android.settings/.Settings,force-crash]
09-21 19:15:10.266 I/wm_task_moved( 1154): [1,1,7]
09-21 19:15:10.267 I/wm_task_moved( 1154): [10,1,2147483647]
09-21 19:15:10.267 I/wm_task_to_front( 1154): [0,10]
09-21 19:15:10.267 I/wm_focused_root_task( 1154): [0,0,1,43,finish-top adjustFocusToNextFocusableTask]
09-21 19:15:10.267 I/wm_set_resumed_activity( 1154): [0,com.android.launcher3/.uioverrides.QuickstepLauncher,finish-top adjustFocusToNextFocusableTask]
09-21 19:15:10.284 I/wm_pause_activity( 1154): [0,227795004,com.android.settings/.Settings,userLeaving=false,finish]
09-21 19:15:10.320 I/input_focus( 1154): [Focus request 2159953 Application Error: com.android.settings,reason=UpdateInputWindows]
09-21 19:15:10.362 I/input_focus( 1154): [Focus entering 2159953 Application Error: com.android.settings (server),reason=Window became focusable. Previous reason: NOT_VISIBLE]
09-21 19:15:10.674 I/sysui_multi_action( 1154): [757,1717,758,1,759,0]
09-21 19:15:10.675 I/sysui_multi_action( 1154): [757,1717,758,2,759,0]
09-21 19:15:10.675 I/sysui_multi_action( 1154): [757,1717,758,3,759,0]
09-21 19:15:10.786 I/wm_add_to_stopping( 1154): [0,227795004,com.android.settings/.Settings,completeFinishing]
09-21 19:15:10.793 I/wm_set_resumed_activity( 1154): [0,com.android.launcher3/.uioverrides.QuickstepLauncher,resumeTopActivityInnerLocked]
09-21 19:15:10.794 I/wm_resume_activity( 1154): [0,185045071,10,com.android.launcher3/.uioverrides.QuickstepLauncher]
09-21 19:15:10.806 I/sysui_multi_action( 1154): [757,803,799,window_time_0,802,1]
09-21 19:15:10.825 I/wm_on_restart_called( 5169): [185045071,com.android.launcher3.uioverrides.QuickstepLauncher,performRestartActivity]
09-21 19:15:10.825 I/wm_on_start_called( 5169): [185045071,com.android.launcher3.uioverrides.QuickstepLauncher,handleStartActivity]
09-21 19:15:10.826 I/wm_on_resume_called( 5169): [185045071,com.android.launcher3.uioverrides.QuickstepLauncher,RESUME_ACTIVITY]
09-21 19:15:10.826 I/wm_on_top_resumed_gained_called( 5169): [185045071,com.android.launcher3.uioverrides.QuickstepLauncher,topWhenResuming]
09-21 19:15:10.857 I/wm_destroy_activity( 1154): [0,227795004,43,com.android.settings/.Settings,finish-imm:idle]
09-21 19:15:10.859 I/wm_destroy_activity( 1154): [0,127037338,43,com.android.settings/.SubSettings,finish-imm:idle]
09-21 19:15:12.793 I/input_interaction( 1154): Interaction with: 2159953 Application Error: com.android.settings (server), swipe-up (server), edge-swipe (server), PointerEventDispatcher0 (server),
09-21 19:15:12.940 I/sysui_multi_action( 1154): [757,316,758,4,759,1]
09-21 19:15:12.942 I/wm_destroy_activity( 1154): [0,127037338,43,com.android.settings/.SubSettings,finish-imm:handleAppCrashed]
09-21 19:15:12.945 I/wm_destroy_activity( 1154): [0,227795004,43,com.android.settings/.Settings,finish-imm:handleAppCrashed]
09-21 19:15:12.957 I/am_kill ( 1154): [0,7515,com.android.settings,900,crash]
09-21 19:15:12.979 I/wm_task_removed( 1154): [43,removeChild:removeChild last r=ActivityRecord{7926f9a u0 com.android.settings/.SubSettings t-1 f}} in t=Task{fb89ae6 #43 type=standard A=1000:com.android.settings.root U=0 visible=false mode=fullscreen translucent=true sz=0}]
09-21 19:15:12.979 I/wm_task_removed( 1154): [43,removeChild]
09-21 19:15:12.982 I/input_focus( 1154): [Focus request df9195e com.android.launcher3/com.android.launcher3.uioverrides.QuickstepLauncher,reason=UpdateInputWindows]
09-21 19:15:12.990 I/input_focus( 1154): [Focus entering df9195e com.android.launcher3/com.android.launcher3.uioverrides.QuickstepLauncher (server),reason=setFocusedWindow]
09-21 19:15:16.643 I/commit_sys_config_file( 1154): [package-user-0,13]
09-21 19:15:16.759 I/input_interaction( 1154): Interaction with: df9195e com.android.launcher3/com.android.launcher3.uioverrides.QuickstepLauncher (server), 1da61d8 com.android.systemui.ImageWallpaper (server), swipe-up (server), edge-swipe (server), PointerEventDispatcher0 (server),
09-21 19:15:16.914 I/wm_task_created( 1154): [44,-1]
09-21 19:15:16.925 I/wm_task_moved( 1154): [44,1,7]
09-21 19:15:16.925 I/wm_task_to_front( 1154): [0,44]
09-21 19:15:16.926 I/wm_create_task( 1154): [0,44]
09-21 19:15:16.926 I/wm_create_activity( 1154): [0,41173116,44,com.android.settings/.Settings,android.intent.action.MAIN,NULL,NULL,270532608]
09-21 19:15:16.926 I/wm_task_moved( 1154): [44,1,7]
09-21 19:15:16.945 I/service_manager_slow( 1154): [19,platform_compat]
09-21 19:15:16.948 I/wm_pause_activity( 1154): [0,185045071,com.android.launcher3/.uioverrides.QuickstepLauncher,userLeaving=true,pauseBackTasks]
09-21 19:15:16.955 I/wm_on_top_resumed_lost_called( 5169): [185045071,com.android.launcher3.uioverrides.QuickstepLauncher,topStateChangedWhenResumed]
09-21 19:15:16.971 I/wm_on_paused_called( 5169): [185045071,com.android.launcher3.uioverrides.QuickstepLauncher,performPause]
09-21 19:15:16.973 I/wm_add_to_stopping( 1154): [0,185045071,com.android.launcher3/.uioverrides.QuickstepLauncher,makeInvisible]
09-21 19:15:16.978 I/input_focus( 1154): [Focus leaving df9195e com.android.launcher3/com.android.launcher3.uioverrides.QuickstepLauncher (server),reason=NO_WINDOW]
09-21 19:15:16.980 I/sysui_multi_action( 1154): [757,803,799,window_time_0,802,6]
09-21 19:15:16.996 I/am_proc_start( 1154): [0,7664,1000,com.android.settings,pre-top-activity,{com.android.settings/com.android.settings.Settings}]
09-21 19:15:17.041 I/am_proc_bound( 1154): [0,7664,com.android.settings]
09-21 19:15:17.045 I/wm_restart_activity( 1154): [0,41173116,44,com.android.settings/.Settings]
09-21 19:15:17.046 I/wm_set_resumed_activity( 1154): [0,com.android.settings/.Settings,minimalResumeActivityLocked]
09-21 19:15:17.144 I/wm_on_create_called( 7664): [41173116,com.android.settings.Settings,performCreate]
09-21 19:15:17.213 W/CarrierConfigManager( 7664): Error getting config for subId -1 ICarrierConfigLoader is null
09-21 19:15:17.262 I/wm_on_start_called( 7664): [41173116,com.android.settings.Settings,handleStartActivity]
09-21 19:15:17.263 I/snet_event_log( 7664): [120484087,-1,]
09-21 19:15:17.264 I/wm_on_resume_called( 7664): [41173116,com.android.settings.Settings,RESUME_ACTIVITY]
09-21 19:15:17.266 I/sysui_multi_action( 7664): [757,35,758,1,833,0,1089,119]
09-21 19:15:17.272 I/sysui_multi_action( 7664): [757,1729,758,4,854,isParalleledControllers:false,1089,126]
09-21 19:15:17.282 I/sysui_multi_action( 7664): [757,746,758,1,833,0,1089,98]
09-21 19:15:17.288 D/TelephonyRegistry( 1154): listen oscl: mHasNotifySubscriptionInfoChangedOccurred==false no callback
09-21 19:15:17.301 D/TelephonyRegistry( 1154): listen oscl: mHasNotifySubscriptionInfoChangedOccurred==false no callback
09-21 19:15:17.312 I/sysui_multi_action( 7664): [757,1729,758,4,854,isParalleledControllers:false,1089,128]
09-21 19:15:17.324 I/wm_on_top_resumed_gained_called( 7664): [41173116,com.android.settings.Settings,topStateChangedWhenResumed]
09-21 19:15:17.402 I/input_focus( 1154): [Focus request d46c270 com.android.settings/com.android.settings.Settings,reason=UpdateInputWindows]
09-21 19:15:17.480 I/sysui_multi_action( 1154): [324,0,757,1090,758,12,806,com.android.settings,871,com.android.settings.Settings,1091,582]
09-21 19:15:17.498 I/sysui_multi_action( 1154): [319,95,321,91,322,582,325,2866,757,761,758,7,759,1,806,com.android.settings,871,com.android.settings.Settings,904,com.android.launcher3,905,0,945,145,1320,4,1321,1]
09-21 19:15:17.501 I/wm_activity_launch_time( 1154): [0,41173116,com.android.settings/.Settings,582]
09-21 19:15:17.513 I/input_focus( 1154): [Focus entering d46c270 com.android.settings/com.android.settings.Settings (server),reason=Window became focusable. Previous reason: NOT_VISIBLE]
09-21 19:15:17.649 I/wm_stop_activity( 1154): [0,185045071,com.android.launcher3/.uioverrides.QuickstepLauncher]
09-21 19:15:17.653 I/wm_on_stop_called( 5169): [185045071,com.android.launcher3.uioverrides.QuickstepLauncher,STOP_ACTIVITY_ITEM]
09-21 19:15:22.104 I/input_interaction( 1154): Interaction with: d46c270 com.android.settings/com.android.settings.Settings (server), swipe-up (server), edge-swipe (server), PointerEventDispatcher0 (server),
09-21 19:15:22.252 I/sysui_multi_action( 7664): [757,830,758,4,833,0,854,top_level_network,1089,0]
09-21 19:15:22.280 I/sysui_multi_action( 7664): [757,746,758,2,1089,4996]
09-21 19:15:22.310 W/CarrierConfigManager( 7664): Error getting config for subId -1 ICarrierConfigLoader is null
09-21 19:15:22.355 I/sysui_multi_action( 7664): [757,746,758,1,833,0,1089,57]
09-21 19:15:22.356 D/TelephonyRegistry( 1154): listen oscl: mHasNotifySubscriptionInfoChangedOccurred==false no callback
09-21 19:15:22.360 D/TelephonyRegistry( 1154): listen oscl: mHasNotifySubscriptionInfoChangedOccurred==false no callback
09-21 19:15:22.370 I/sysui_multi_action( 7664): [757,1729,758,4,854,isParalleledControllers:false,1089,72]
09-21 19:15:23.323 I/sysui_multi_action( 7664): [757,830,758,4,833,0,854,top_level_connected_devices,1089,0]
09-21 19:15:23.347 I/sysui_multi_action( 7664): [757,746,758,2,1089,992]
09-21 19:15:23.475 I/sysui_multi_action( 7664): [757,747,758,1,833,0,1089,107]
09-21 19:15:23.485 I/sysui_multi_action( 7664): [757,1729,758,4,854,isParalleledControllers:false,1089,118]
09-21 19:15:27.388 I/am_pss ( 1154): [7664,1000,com.android.settings,85285888,71139328,0,220188672,0,2,23]
09-21 19:15:31.036 I/sysui_multi_action( 7664): [757,830,758,4,833,0,854,saved_bt,1089,0]
09-21 19:15:31.187 I/am_pss ( 1154): [7578,10094,com.qualcomm.qti.qccauthmgr,7269376,4382720,0,95031296,0,19,10]
09-21 19:15:31.784 I/configuration_changed( 1154): 96
09-21 19:15:31.820 I/wm_relaunch_resume_activity( 1154): [0,41173116,44,com.android.settings/.Settings]
09-21 19:15:31.832 I/wm_on_top_resumed_lost_called( 7664): [41173116,com.android.settings.Settings,pausing]
09-21 19:15:31.833 I/sysui_multi_action( 7664): [757,35,758,2,1089,14567]
09-21 19:15:31.834 I/sysui_multi_action( 7664): [757,747,758,2,1089,8359]
09-21 19:15:31.834 I/wm_on_paused_called( 7664): [41173116,com.android.settings.Settings,performPause]
09-21 19:15:31.838 I/wm_on_stop_called( 7664): [41173116,com.android.settings.Settings,handleRelaunchActivity]
09-21 19:15:31.846 I/wm_on_destroy_called( 7664): [41173116,com.android.settings.Settings,performDestroy]
09-21 19:15:31.869 I/am_crash( 1154): [7664,0,com.android.settings,952745541,java.lang.NullPointerException,Attempt to invoke virtual method 'void com.google.android.material.appbar.CollapsingToolbarLayout.setTitle(java.lang.CharSequence)' on a null object reference,SettingsHomepageActivity.java,288]
09-21 19:15:31.871 I/wm_finish_activity( 1154): [0,41173116,44,com.android.settings/.Settings,force-crash]
09-21 19:15:31.871 I/wm_task_moved( 1154): [1,1,7]
09-21 19:15:31.872 I/wm_task_moved( 1154): [10,1,2147483647]
09-21 19:15:31.872 I/wm_task_to_front( 1154): [0,10]
09-21 19:15:31.872 I/wm_focused_root_task( 1154): [0,0,1,44,finish-top adjustFocusToNextFocusableTask]
09-21 19:15:31.872 I/wm_set_resumed_activity( 1154): [0,com.android.launcher3/.uioverrides.QuickstepLauncher,finish-top adjustFocusToNextFocusableTask]
09-21 19:15:31.872 I/wm_pause_activity( 1154): [0,41173116,com.android.settings/.Settings,userLeaving=false,finish]
09-21 19:15:31.874 I/sysui_multi_action( 1154): [757,316,758,4,759,-1]
09-21 19:15:31.917 I/sysui_latency( 1154): [6,111]
09-21 19:15:31.922 I/am_proc_died( 1154): [0,7664,com.android.settings,0,2]
09-21 19:15:31.928 I/wm_task_removed( 1154): [44,removeChild:removeChild last r=ActivityRecord{274407c u0 com.android.settings/.Settings t-1 f}} in t=Task{5abf926 #44 type=standard A=1000:com.android.settings.root U=0 visible=false mode=fullscreen translucent=true sz=0}]
09-21 19:15:31.928 I/wm_task_removed( 1154): [44,removeChild]
09-21 19:15:31.930 I/wm_set_resumed_activity( 1154): [0,com.android.launcher3/.uioverrides.QuickstepLauncher,resumeTopActivityInnerLocked]
09-21 19:15:31.931 I/wm_resume_activity( 1154): [0,185045071,10,com.android.launcher3/.uioverrides.QuickstepLauncher]
09-21 19:15:31.954 I/wm_on_restart_called( 5169): [185045071,com.android.launcher3.uioverrides.QuickstepLauncher,performRestartActivity]
09-21 19:15:31.954 I/wm_on_start_called( 5169): [185045071,com.android.launcher3.uioverrides.QuickstepLauncher,handleStartActivity]
09-21 19:15:31.955 I/wm_on_resume_called( 5169): [185045071,com.android.launcher3.uioverrides.QuickstepLauncher,RESUME_ACTIVITY]
09-21 19:15:31.968 I/input_focus( 1154): [Focus request df9195e com.android.launcher3/com.android.launcher3.uioverrides.QuickstepLauncher,reason=UpdateInputWindows]
09-21 19:15:31.996 I/input_focus( 1154): [Focus entering df9195e com.android.launcher3/com.android.launcher3.uioverrides.QuickstepLauncher (server),reason=setFocusedWindow]
09-21 19:15:32.374 I/wm_on_top_resumed_gained_called( 5169): [185045071,com.android.launcher3.uioverrides.QuickstepLauncher,topStateChangedWhenResumed]
09-21 19:15:34.890 I/input_interaction( 1154): Interaction with: df9195e com.android.launcher3/com.android.launcher3.uioverrides.QuickstepLauncher (server), 1da61d8 com.android.systemui.ImageWallpaper (server), swipe-up (server), edge-swipe (server), PointerEventDispatcher0 (server),
09-21 19:15:35.054 I/wm_task_created( 1154): [45,-1]
09-21 19:15:35.065 I/wm_task_moved( 1154): [45,1,7]
09-21 19:15:35.065 I/wm_task_to_front( 1154): [0,45]
09-21 19:15:35.066 I/wm_create_task( 1154): [0,45]
09-21 19:15:35.066 I/wm_create_activity( 1154): [0,98074301,45,com.android.settings/.Settings,android.intent.action.MAIN,NULL,NULL,270532608]
09-21 19:15:35.066 I/wm_task_moved( 1154): [45,1,7]
09-21 19:15:35.069 I/wm_pause_activity( 1154): [0,185045071,com.android.launcher3/.uioverrides.QuickstepLauncher,userLeaving=true,pauseBackTasks]
09-21 19:15:35.082 I/wm_on_top_resumed_lost_called( 5169): [185045071,com.android.launcher3.uioverrides.QuickstepLauncher,topStateChangedWhenResumed]
09-21 19:15:35.084 I/wm_on_paused_called( 5169): [185045071,com.android.launcher3.uioverrides.QuickstepLauncher,performPause]
09-21 19:15:35.088 I/wm_add_to_stopping( 1154): [0,185045071,com.android.launcher3/.uioverrides.QuickstepLauncher,makeInvisible]
09-21 19:15:35.102 I/sysui_multi_action( 1154): [757,803,799,window_time_0,802,18]
09-21 19:15:35.105 I/input_focus( 1154): [Focus leaving df9195e com.android.launcher3/com.android.launcher3.uioverrides.QuickstepLauncher (server),reason=NO_WINDOW]
09-21 19:15:35.117 I/am_proc_start( 1154): [0,7737,1000,com.android.settings,pre-top-activity,{com.android.settings/com.android.settings.Settings}]
09-21 19:15:35.168 I/am_proc_bound( 1154): [0,7737,com.android.settings]
09-21 19:15:35.172 I/wm_restart_activity( 1154): [0,98074301,45,com.android.settings/.Settings]
09-21 19:15:35.173 I/wm_set_resumed_activity( 1154): [0,com.android.settings/.Settings,minimalResumeActivityLocked]
09-21 19:15:35.266 I/wm_on_create_called( 7737): [98074301,com.android.settings.Settings,performCreate]
09-21 19:15:35.329 W/CarrierConfigManager( 7737): Error getting config for subId -1 ICarrierConfigLoader is null
09-21 19:15:35.379 I/dvm_lock_sample( 1154): [system_server,1,Binder:1154_19,7,BatteryUsageStatsProvider.java,122,java.util.List com.android.internal.os.BatteryUsageStatsProvider.getBatteryUsageStats(java.util.List),BatteryStatsImpl.java,14303,int com.android.internal.os.BatteryStatsImpl.getHighDischargeAmountSinceCharge(),1]
09-21 19:15:35.379 I/wm_on_start_called( 7737): [98074301,com.android.settings.Settings,handleStartActivity]
09-21 19:15:35.380 I/snet_event_log( 7737): [120484087,-1,]
09-21 19:15:35.381 I/wm_on_resume_called( 7737): [98074301,com.android.settings.Settings,RESUME_ACTIVITY]
09-21 19:15:35.383 I/sysui_multi_action( 7737): [757,35,758,1,833,0,1089,114]
09-21 19:15:35.389 I/sysui_multi_action( 7737): [757,1729,758,4,854,isParalleledControllers:false,1089,121]
09-21 19:15:35.402 I/sysui_multi_action( 7737): [757,746,758,1,833,0,1089,96]
09-21 19:15:35.403 D/TelephonyRegistry( 1154): listen oscl: mHasNotifySubscriptionInfoChangedOccurred==false no callback
09-21 19:15:35.414 D/TelephonyRegistry( 1154): listen oscl: mHasNotifySubscriptionInfoChangedOccurred==false no callback
09-21 19:15:35.425 I/sysui_multi_action( 7737): [757,1729,758,4,854,isParalleledControllers:false,1089,119]
09-21 19:15:35.436 I/wm_on_top_resumed_gained_called( 7737): [98074301,com.android.settings.Settings,topStateChangedWhenResumed]
09-21 19:15:35.513 I/input_focus( 1154): [Focus request 69e7421 com.android.settings/com.android.settings.Settings,reason=UpdateInputWindows]
09-21 19:15:35.591 I/sysui_multi_action( 1154): [324,0,757,1090,758,12,806,com.android.settings,871,com.android.settings.Settings,1091,550]
09-21 19:15:35.602 I/sysui_multi_action( 1154): [319,86,321,80,322,550,325,2884,757,761,758,7,759,1,806,com.android.settings,871,com.android.settings.Settings,904,com.android.launcher3,905,0,945,129,1320,4,1321,1]
09-21 19:15:35.612 I/wm_activity_launch_time( 1154): [0,98074301,com.android.settings/.Settings,550]
09-21 19:15:35.624 I/input_focus( 1154): [Focus entering 69e7421 com.android.settings/com.android.settings.Settings (server),reason=Window became focusable. Previous reason: NOT_VISIBLE]
09-21 19:15:35.719 I/wm_stop_activity( 1154): [0,185045071,com.android.launcher3/.uioverrides.QuickstepLauncher]
09-21 19:15:35.737 I/wm_on_stop_called( 5169): [185045071,com.android.launcher3.uioverrides.QuickstepLauncher,STOP_ACTIVITY_ITEM]
09-21 19:15:36.050 I/input_interaction( 1154): Interaction with: 69e7421 com.android.settings/com.android.settings.Settings (server), PointerEventDispatcher0 (server),
09-21 19:15:38.370 I/input_interaction( 1154): Interaction with: 69e7421 com.android.settings/com.android.settings.Settings (server), swipe-up (server), edge-swipe (server), PointerEventDispatcher0 (server),
09-21 19:15:38.525 I/sysui_multi_action( 7737): [757,830,758,4,833,0,854,top_level_connected_devices,1089,0]
09-21 19:15:38.554 I/sysui_multi_action( 7737): [757,746,758,2,1089,3151]
09-21 19:15:38.570 I/input_interaction( 1154): Interaction with: 69e7421 com.android.settings/com.android.settings.Settings (server), PointerEventDispatcher0 (server),
09-21 19:15:38.683 I/sysui_multi_action( 7737): [757,747,758,1,833,0,1089,99]
09-21 19:15:38.685 I/sysui_multi_action( 7737): [757,1729,758,4,854,isParalleledControllers:false,1089,102]
09-21 19:15:43.721 I/service_manager_stats( 1154): [100,145,37310]
09-21 19:15:46.953 I/input_interaction( 1154): Interaction with: 69e7421 com.android.settings/com.android.settings.Settings (server), swipe-up (server), edge-swipe (server), PointerEventDispatcher0 (server),
09-21 19:15:47.052 I/input_interaction( 1154): Interaction with: 69e7421 com.android.settings/com.android.settings.Settings (server), PointerEventDispatcher0 (server),
09-21 19:15:47.071 I/sysui_multi_action( 7737): [757,830,758,4,833,0,854,connected_bt,1089,0]
09-21 19:15:47.081 I/wm_task_moved( 1154): [45,1,7]
09-21 19:15:47.081 I/wm_set_resumed_activity( 1154): [0,com.android.settings/.Settings,positionChildAt]
09-21 19:15:47.081 I/wm_create_activity( 1154): [0,254528849,45,com.android.settings/.SubSettings,android.intent.action.MAIN,NULL,NULL,0]
09-21 19:15:47.083 I/wm_pause_activity( 1154): [0,98074301,com.android.settings/.Settings,userLeaving=true,resumeTopActivityInnerLocked]
09-21 19:15:47.092 I/wm_on_top_resumed_lost_called( 7737): [98074301,com.android.settings.Settings,topStateChangedWhenResumed]
09-21 19:15:47.100 I/sysui_multi_action( 7737): [757,35,758,2,1089,11718]
09-21 19:15:47.102 I/sysui_multi_action( 7737): [757,747,758,2,1089,8419]
09-21 19:15:47.102 I/wm_on_paused_called( 7737): [98074301,com.android.settings.Settings,performPause]
09-21 19:15:47.104 I/wm_add_to_stopping( 1154): [0,98074301,com.android.settings/.Settings,makeInvisible]
09-21 19:15:47.104 I/wm_restart_activity( 1154): [0,254528849,45,com.android.settings/.SubSettings]
09-21 19:15:47.106 I/wm_set_resumed_activity( 1154): [0,com.android.settings/.SubSettings,minimalResumeActivityLocked]
09-21 19:15:47.111 I/sysui_multi_action( 1154): [757,803,799,window_time_0,802,12]
09-21 19:15:47.133 I/input_focus( 1154): [Focus leaving 69e7421 com.android.settings/com.android.settings.Settings (server),reason=NO_WINDOW]
09-21 19:15:47.142 I/am_pss ( 1154): [7737,1000,com.android.settings,82023424,67928064,0,217600000,0,2,13]
09-21 19:15:47.155 I/am_pss ( 1154): [7601,10098,com.android.permissioncontroller,14332928,11444224,0,101122048,0,19,9]
09-21 19:15:47.181 I/wm_on_create_called( 7737): [254528849,com.android.settings.SubSettings,performCreate]
09-21 19:15:47.190 I/wm_on_start_called( 7737): [254528849,com.android.settings.SubSettings,handleStartActivity]
09-21 19:15:47.190 I/snet_event_log( 7737): [120484087,-1,]
09-21 19:15:47.192 I/wm_on_resume_called( 7737): [254528849,com.android.settings.SubSettings,RESUME_ACTIVITY]
09-21 19:15:47.218 I/sysui_multi_action( 7737): [757,1009,758,1,833,747,1089,71]
09-21 19:15:47.223 I/sysui_multi_action( 7737): [757,1729,758,4,854,isParalleledControllers:false,1089,76]
09-21 19:15:47.230 I/wm_on_top_resumed_gained_called( 7737): [254528849,com.android.settings.SubSettings,topStateChangedWhenResumed]
09-21 19:15:47.255 I/input_focus( 1154): [Focus request 6b14145 com.android.settings/com.android.settings.SubSettings,reason=UpdateInputWindows]
09-21 19:15:47.275 I/wm_activity_launch_time( 1154): [0,254528849,com.android.settings/.SubSettings,197]
09-21 19:15:47.284 I/input_focus( 1154): [Focus entering 6b14145 com.android.settings/com.android.settings.SubSettings (server),reason=setFocusedWindow]
09-21 19:15:47.337 I/input_interaction( 1154): Interaction with: 6b14145 com.android.settings/com.android.settings.SubSettings (server), PointerEventDispatcher0 (server),
09-21 19:15:47.671 I/wm_stop_activity( 1154): [0,98074301,com.android.settings/.Settings]
09-21 19:15:47.686 I/wm_on_stop_called( 7737): [98074301,com.android.settings.Settings,STOP_ACTIVITY_ITEM]
09-21 19:15:51.293 I/sysui_multi_action( 1154): [757,1717,758,1,759,0]
09-21 19:15:51.294 I/sysui_multi_action( 1154): [757,1717,758,2,759,0]
09-21 19:15:51.294 I/sysui_multi_action( 1154): [757,1717,758,3,759,0]
09-21 19:15:57.272 I/commit_sys_config_file( 1154): [package-user-0,17]
09-21 19:16:53.152 I/am_uid_idle( 1154): 10094
09-21 19:16:54.586 I/configuration_changed( 1154): 96
09-21 19:16:54.587 I/notification_enqueue( 1154): [1000,1154,android,19,NULL,-1,Notification(channel=PHYSICAL_KEYBOARD shortcut=null contentView=null vibrate=null sound=null defaults=0x0 flags=0x0 color=0x00000000 vis=PRIVATE),0]
09-21 19:16:54.588 I/sysui_multi_action( 1154): [757,128,758,5,759,8,793,2,794,0,795,2,796,19,806,android,857,PHYSICAL_KEYBOARD,858,3,947,0,1500,2]
09-21 19:16:54.588 I/notification_canceled( 1154): [-1|android|19|null|1000,8,2,2,0,-1,-1,NULL]
09-21 19:16:54.599 I/am_pss ( 1154): [7737,1000,com.android.settings,91525120,76992512,0,228335616,0,2,16]
09-21 19:16:54.642 I/wm_relaunch_resume_activity( 1154): [0,254528849,45,com.android.settings/.SubSettings]
09-21 19:16:54.643 I/wm_on_top_resumed_lost_called( 7737): [254528849,com.android.settings.SubSettings,pausing]
09-21 19:16:54.665 I/sysui_multi_action( 7737): [757,1009,758,2,1089,67445]
09-21 19:16:54.669 I/wm_on_paused_called( 7737): [254528849,com.android.settings.SubSettings,performPause]
09-21 19:16:54.677 I/wm_on_stop_called( 7737): [254528849,com.android.settings.SubSettings,handleRelaunchActivity]
09-21 19:16:54.688 I/wm_on_destroy_called( 7737): [254528849,com.android.settings.SubSettings,performDestroy]
09-21 19:16:54.758 I/am_uid_active( 1154): 10094
09-21 19:16:54.763 I/wm_on_create_called( 7737): [254528849,com.android.settings.SubSettings,performCreate]
09-21 19:16:54.772 I/wm_on_start_called( 7737): [254528849,com.android.settings.SubSettings,handleStartActivity]
09-21 19:16:54.773 I/snet_event_log( 7737): [120484087,-1,]
09-21 19:16:54.774 I/wm_on_resume_called( 7737): [254528849,com.android.settings.SubSettings,RESUME_ACTIVITY]
09-21 19:16:54.797 I/sysui_multi_action( 7737): [757,1009,758,1,833,747,1089,86]
09-21 19:16:54.801 I/sysui_multi_action( 7737): [757,1729,758,4,854,isParalleledControllers:false,1089,91]
09-21 19:16:54.803 I/wm_on_top_resumed_gained_called( 7737): [254528849,com.android.settings.SubSettings,topWhenResuming]
09-21 19:16:54.833 I/input_focus( 1154): [Focus request 4446b4f com.android.settings/com.android.settings.SubSettings,reason=UpdateInputWindows]
09-21 19:16:54.866 I/input_focus( 1154): [Focus entering 4446b4f com.android.settings/com.android.settings.SubSettings (server),reason=setFocusedWindow]
09-21 19:16:54.880 I/sysui_latency( 1154): [6,270]
