09-21 19:18:16.150 I/wm_on_start_called( 5169): [185045071,com.android.launcher3.uioverrides.QuickstepLauncher,handleStartActivity]
09-21 19:18:16.152 I/wm_on_resume_called( 5169): [185045071,com.android.launcher3.uioverrides.QuickstepLauncher,RESUME_ACTIVITY]
09-21 19:18:16.153 I/wm_on_top_resumed_gained_called( 5169): [185045071,com.android.launcher3.uioverrides.QuickstepLauncher,topStateChangedWhenResumed]
09-21 19:18:16.154 I/wm_on_paused_called( 7947): [133172576,com.android.settings.Settings,performPause]
09-21 19:18:16.157 I/input_focus( 1154): [Focus leaving 4ca2f14 com.android.settings/com.android.settings.Settings (server),reason=NO_WINDOW]
09-21 19:18:16.167 I/input_focus( 1154): [Focus request df9195e com.android.launcher3/com.android.launcher3.uioverrides.QuickstepLauncher,reason=UpdateInputWindows]
09-21 19:18:16.177 I/am_pss ( 1154): [7947,1000,com.android.settings,94237696,80343040,0,229457920,0,2,15]
09-21 19:18:16.208 I/input_focus( 1154): [Focus entering df9195e com.android.launcher3/com.android.launcher3.uioverrides.QuickstepLauncher (server),reason=Window became focusable. Previous reason: NOT_VISIBLE]
09-21 19:18:16.295 I/input_interaction( 1154): Interaction with: df9195e com.android.launcher3/com.android.launcher3.uioverrides.QuickstepLauncher (server), PointerEventDispatcher0 (server),
09-21 19:18:16.552 I/wm_stop_activity( 1154): [0,133172576,com.android.settings/.Settings]
09-21 19:18:16.589 I/wm_on_stop_called( 7947): [133172576,com.android.settings.Settings,STOP_ACTIVITY_ITEM]
09-21 19:18:17.871 I/input_interaction( 1154): Interaction with: df9195e com.android.launcher3/com.android.launcher3.uioverrides.QuickstepLauncher (server), 1da61d8 com.android.systemui.ImageWallpaper (server), swipe-up (server), edge-swipe (server), PointerEventDispatcher0 (server),
09-21 19:18:17.974 I/input_interaction( 1154): Interaction with: df9195e com.android.launcher3/com.android.launcher3.uioverrides.QuickstepLauncher (server), PointerEventDispatcher0 (server),
09-21 19:18:17.984 I/wm_task_moved( 1154): [47,1,7]
09-21 19:18:17.984 I/wm_task_to_front( 1154): [0,47]
09-21 19:18:17.986 I/wm_focused_root_task( 1154): [0,0,47,1,bringingFoundTaskToFront]
09-21 19:18:17.986 I/wm_set_resumed_activity( 1154): [0,com.android.settings/.Settings,bringingFoundTaskToFront]
09-21 19:18:17.987 I/wm_new_intent( 1154): [0,133172576,47,com.android.settings/.Settings,android.intent.action.MAIN,NULL,NULL,270532608]
09-21 19:18:17.990 I/wm_pause_activity( 1154): [0,185045071,com.android.launcher3/.uioverrides.QuickstepLauncher,userLeaving=true,pauseBackTasks]
09-21 19:18:18.000 I/wm_on_top_resumed_lost_called( 5169): [185045071,com.android.launcher3.uioverrides.QuickstepLauncher,topStateChangedWhenResumed]
09-21 19:18:18.008 I/wm_on_paused_called( 5169): [185045071,com.android.launcher3.uioverrides.QuickstepLauncher,performPause]
09-21 19:18:18.014 I/wm_set_resumed_activity( 1154): [0,com.android.settings/.Settings,resumeTopActivityInnerLocked]
09-21 19:18:18.015 I/wm_add_to_stopping( 1154): [0,185045071,com.android.launcher3/.uioverrides.QuickstepLauncher,makeInvisible]
09-21 19:18:18.016 I/wm_resume_activity( 1154): [0,133172576,47,com.android.settings/.Settings]
09-21 19:18:18.019 I/wm_on_restart_called( 7947): [133172576,com.android.settings.Settings,performRestartActivity]
09-21 19:18:18.021 I/dvm_lock_sample( 1154): [system_server,0,Binder:1154_16,11,WindowManagerService.java,2651,void com.android.server.wm.WindowManagerService.finishDrawingWindow(com.android.server.wm.Session, android.view.IWindow, android.view.SurfaceControl$Transaction),ActivityClientController.java,174,void com.android.server.wm.ActivityClientController.activityPaused(android.os.IBinder),2]
09-21 19:18:18.044 I/wm_on_start_called( 7947): [133172576,com.android.settings.Settings,handleStartActivity]
09-21 19:18:18.047 I/snet_event_log( 7947): [120484087,-1,]
09-21 19:18:18.047 I/wm_on_resume_called( 7947): [133172576,com.android.settings.Settings,RESUME_ACTIVITY]
09-21 19:18:18.048 I/sysui_multi_action( 7947): [757,35,758,1,833,0,1089,0]
09-21 19:18:18.051 I/sysui_multi_action( 7947): [757,40,758,1,833,0,1089,0]
09-21 19:18:18.051 I/sysui_multi_action( 1154): [757,803,799,window_time_0,802,2]
09-21 19:18:18.051 W/FeatureConnector( 7947): [ImsConnector, 0] connect: not supported.
09-21 19:18:18.055 I/wm_on_top_resumed_gained_called( 7947): [133172576,com.android.settings.Settings,topWhenResuming]
09-21 19:18:18.056 I/input_focus( 1154): [Focus leaving df9195e com.android.launcher3/com.android.launcher3.uioverrides.QuickstepLauncher (server),reason=NO_WINDOW]
09-21 19:18:18.072 I/input_focus( 1154): [Focus request 4ca2f14 com.android.settings/com.android.settings.Settings,reason=UpdateInputWindows]
09-21 19:18:18.101 I/input_interaction( 1154): Interaction with: 4ca2f14 com.android.settings/com.android.settings.Settings (server), PointerEventDispatcher0 (server),
09-21 19:18:18.102 I/input_focus( 1154): [Focus entering 4ca2f14 com.android.settings/com.android.settings.Settings (server),reason=setFocusedWindow]
09-21 19:18:18.125 I/sysui_multi_action( 1154): [319,55,321,51,322,108,325,3047,757,761,758,9,759,4,806,com.android.settings,871,com.android.settings.Settings,904,com.android.launcher3,905,0,1320,4,1321,1]
09-21 19:18:18.600 I/wm_stop_activity( 1154): [0,185045071,com.android.launcher3/.uioverrides.QuickstepLauncher]
09-21 19:18:18.637 I/wm_on_stop_called( 5169): [185045071,com.android.launcher3.uioverrides.QuickstepLauncher,STOP_ACTIVITY_ITEM]
09-21 19:18:19.087 I/input_interaction( 1154): Interaction with: 4ca2f14 com.android.settings/com.android.settings.Settings (server), swipe-up (server), edge-swipe (server), PointerEventDispatcher0 (server),
09-21 19:18:19.190 I/input_interaction( 1154): Interaction with: 4ca2f14 com.android.settings/com.android.settings.Settings (server), PointerEventDispatcher0 (server),
09-21 19:18:19.203 I/sysui_multi_action( 7947): [757,830,758,4,833,0,854,top_level_about_device,1089,0]
09-21 19:18:19.206 I/sysui_multi_action( 7947): [757,40,758,2,1089,1156]
09-21 19:18:19.250 I/sysui_multi_action( 7947): [757,40,758,1,833,0,1089,32]
09-21 19:18:19.250 W/FeatureConnector( 7947): [ImsConnector, 0] connect: not supported.
09-21 19:18:19.252 I/sysui_multi_action( 7947): [757,1729,758,4,854,isParalleledControllers:false,1089,35]
09-21 19:18:19.931 I/input_interaction( 1154): Interaction with: 4ca2f14 com.android.settings/com.android.settings.Settings (server), swipe-up (server), edge-swipe (server), PointerEventDispatcher0 (server),
09-21 19:18:20.034 I/input_interaction( 1154): Interaction with: 4ca2f14 com.android.settings/com.android.settings.Settings (server), PointerEventDispatcher0 (server),
09-21 19:18:20.054 I/sysui_multi_action( 7947): [757,830,758,4,833,0,854,top_level_system,1089,0]
09-21 19:18:20.059 I/sysui_multi_action( 7947): [757,40,758,2,1089,809]
09-21 19:18:20.091 I/sysui_multi_action( 7947): [757,744,758,1,833,0,1089,18]
09-21 19:18:20.093 I/sysui_multi_action( 7947): [757,1729,758,4,854,isParalleledControllers:false,1089,21]
09-21 19:18:21.844 I/input_interaction( 1154): Interaction with: 4ca2f14 com.android.settings/com.android.settings.Settings (server), swipe-up (server), edge-swipe (server), PointerEventDispatcher0 (server),
09-21 19:18:21.957 I/input_interaction( 1154): Interaction with: 4ca2f14 com.android.settings/com.android.settings.Settings (server), PointerEventDispatcher0 (server),
09-21 19:18:21.974 I/wm_task_moved( 1154): [47,0,0]
09-21 19:18:21.979 I/wm_focused_root_task( 1154): [0,0,1,47,moveTaskToBackLocked]
09-21 19:18:21.980 I/wm_add_to_stopping( 1154): [0,133172576,com.android.settings/.Settings,makeInvisible]
09-21 19:18:21.982 I/wm_pause_activity( 1154): [0,133172576,com.android.settings/.Settings,userLeaving=false,pauseBackTasks]
09-21 19:18:21.985 I/wm_set_resumed_activity( 1154): [0,com.android.launcher3/.uioverrides.QuickstepLauncher,resumeTopActivityInnerLocked]
09-21 19:18:21.986 I/wm_resume_activity( 1154): [0,185045071,10,com.android.launcher3/.uioverrides.QuickstepLauncher]
09-21 19:18:21.988 I/wm_on_restart_called( 5169): [185045071,com.android.launcher3.uioverrides.QuickstepLauncher,performRestartActivity]
09-21 19:18:21.988 I/wm_on_top_resumed_lost_called( 7947): [133172576,com.android.settings.Settings,topStateChangedWhenResumed]
09-21 19:18:21.990 I/wm_on_start_called( 5169): [185045071,com.android.launcher3.uioverrides.QuickstepLauncher,handleStartActivity]
09-21 19:18:21.991 I/wm_on_resume_called( 5169): [185045071,com.android.launcher3.uioverrides.QuickstepLauncher,RESUME_ACTIVITY]
09-21 19:18:21.998 I/sysui_multi_action( 7947): [757,35,758,2,1089,3951]
09-21 19:18:22.000 I/sysui_multi_action( 7947): [757,744,758,2,1089,1909]
09-21 19:18:22.001 I/wm_on_paused_called( 7947): [133172576,com.android.settings.Settings,performPause]
09-21 19:18:22.004 I/input_focus( 1154): [Focus leaving 4ca2f14 com.android.settings/com.android.settings.Settings (server),reason=NO_WINDOW]
09-21 19:18:22.007 I/sysui_multi_action( 1154): [757,803,799,window_time_0,802,4]
09-21 19:18:22.015 I/input_focus( 1154): [Focus request df9195e com.android.launcher3/com.android.launcher3.uioverrides.QuickstepLauncher,reason=UpdateInputWindows]
09-21 19:18:22.023 I/wm_on_top_resumed_gained_called( 5169): [185045071,com.android.launcher3.uioverrides.QuickstepLauncher,topStateChangedWhenResumed]
09-21 19:18:22.039 I/input_focus( 1154): [Focus entering df9195e com.android.launcher3/com.android.launcher3.uioverrides.QuickstepLauncher (server),reason=setFocusedWindow]
09-21 19:18:22.374 I/input_interaction( 1154): Interaction with: df9195e com.android.launcher3/com.android.launcher3.uioverrides.QuickstepLauncher (server), PointerEventDispatcher0 (server),
09-21 19:18:22.402 I/wm_stop_activity( 1154): [0,133172576,com.android.settings/.Settings]
09-21 19:18:22.442 I/wm_on_stop_called( 7947): [133172576,com.android.settings.Settings,STOP_ACTIVITY_ITEM]
09-21 19:18:22.922 I/input_interaction( 1154): Interaction with: df9195e com.android.launcher3/com.android.launcher3.uioverrides.QuickstepLauncher (server), 1da61d8 com.android.systemui.ImageWallpaper (server), swipe-up (server), edge-swipe (server), PointerEventDispatcher0 (server),
09-21 19:18:23.004 I/commit_sys_config_file( 1154): [package-user-0,9]
09-21 19:18:23.014 I/input_interaction( 1154): Interaction with: df9195e com.android.launcher3/com.android.launcher3.uioverrides.QuickstepLauncher (server), PointerEventDispatcher0 (server),
09-21 19:18:23.023 I/wm_task_moved( 1154): [47,1,7]
09-21 19:18:23.024 I/wm_task_to_front( 1154): [0,47]
09-21 19:18:23.025 I/wm_focused_root_task( 1154): [0,0,47,1,bringingFoundTaskToFront]
09-21 19:18:23.025 I/wm_set_resumed_activity( 1154): [0,com.android.settings/.Settings,bringingFoundTaskToFront]
09-21 19:18:23.026 I/wm_new_intent( 1154): [0,133172576,47,com.android.settings/.Settings,android.intent.action.MAIN,NULL,NULL,270532608]
09-21 19:18:23.030 I/wm_pause_activity( 1154): [0,185045071,com.android.launcher3/.uioverrides.QuickstepLauncher,userLeaving=true,pauseBackTasks]
09-21 19:18:23.038 I/wm_on_top_resumed_lost_called( 5169): [185045071,com.android.launcher3.uioverrides.QuickstepLauncher,topStateChangedWhenResumed]
09-21 19:18:23.041 I/wm_on_paused_called( 5169): [185045071,com.android.launcher3.uioverrides.QuickstepLauncher,performPause]
09-21 19:18:23.050 I/wm_set_resumed_activity( 1154): [0,com.android.settings/.Settings,resumeTopActivityInnerLocked]
09-21 19:18:23.051 I/wm_add_to_stopping( 1154): [0,185045071,com.android.launcher3/.uioverrides.QuickstepLauncher,makeInvisible]
09-21 19:18:23.053 I/wm_resume_activity( 1154): [0,133172576,47,com.android.settings/.Settings]
09-21 19:18:23.070 I/dvm_lock_sample( 1154): [system_server,1,android.display,11,TaskChangeNotificationController.java,199,void com.android.server.wm.TaskChangeNotificationController$MainHandler.handleMessage(android.os.Message),,0,null,2]
09-21 19:18:23.071 I/sysui_multi_action( 1154): [757,803,799,window_time_0,802,1]
09-21 19:18:23.071 I/wm_on_restart_called( 7947): [133172576,com.android.settings.Settings,performRestartActivity]
09-21 19:18:23.075 I/wm_on_start_called( 7947): [133172576,com.android.settings.Settings,handleStartActivity]
09-21 19:18:23.076 I/snet_event_log( 7947): [120484087,-1,]
09-21 19:18:23.076 I/wm_on_resume_called( 7947): [133172576,com.android.settings.Settings,RESUME_ACTIVITY]
09-21 19:18:23.077 I/sysui_multi_action( 7947): [757,35,758,1,833,0,1089,0]
09-21 19:18:23.079 I/sysui_multi_action( 7947): [757,744,758,1,833,0,1089,0]
09-21 19:18:23.081 I/wm_on_top_resumed_gained_called( 7947): [133172576,com.android.settings.Settings,topWhenResuming]
09-21 19:18:23.085 I/input_focus( 1154): [Focus leaving df9195e com.android.launcher3/com.android.launcher3.uioverrides.QuickstepLauncher (server),reason=NO_WINDOW]
09-21 19:18:23.092 I/input_focus( 1154): [Focus request 4ca2f14 com.android.settings/com.android.settings.Settings,reason=UpdateInputWindows]
09-21 19:18:23.114 I/sysui_multi_action( 1154): [319,57,321,51,322,85,325,3052,757,761,758,9,759,4,806,com.android.settings,871,com.android.settings.Settings,904,com.android.launcher3,905,0,1320,4,1321,1]
09-21 19:18:23.125 I/input_focus( 1154): [Focus entering 4ca2f14 com.android.settings/com.android.settings.Settings (server),reason=Window became focusable. Previous reason: NOT_VISIBLE]
09-21 19:18:23.135 I/input_interaction( 1154): Interaction with: 4ca2f14 com.android.settings/com.android.settings.Settings (server), PointerEventDispatcher0 (server),
09-21 19:18:23.655 I/wm_stop_activity( 1154): [0,185045071,com.android.launcher3/.uioverrides.QuickstepLauncher]
09-21 19:18:23.724 I/wm_on_stop_called( 5169): [185045071,com.android.launcher3.uioverrides.QuickstepLauncher,STOP_ACTIVITY_ITEM]
09-21 19:18:24.102 I/input_interaction( 1154): Interaction with: 4ca2f14 com.android.settings/com.android.settings.Settings (server), swipe-up (server), edge-swipe (server), PointerEventDispatcher0 (server),
09-21 19:18:24.185 I/input_interaction( 1154): Interaction with: 4ca2f14 com.android.settings/com.android.settings.Settings (server), PointerEventDispatcher0 (server),
09-21 19:18:24.199 I/sysui_multi_action( 7947): [757,830,758,4,833,0,854,top_level_system,1089,0]
09-21 19:18:24.205 I/sysui_multi_action( 7947): [757,744,758,2,1089,1126]
09-21 19:18:24.243 I/sysui_multi_action( 7947): [757,744,758,1,833,0,1089,26]
09-21 19:18:24.245 I/sysui_multi_action( 7947): [757,1729,758,4,854,isParalleledControllers:false,1089,29]
09-21 19:18:25.182 I/input_interaction( 1154): Interaction with: 4ca2f14 com.android.settings/com.android.settings.Settings (server), swipe-up (server), edge-swipe (server), PointerEventDispatcher0 (server),
09-21 19:18:25.681 I/input_interaction( 1154): Interaction with: 4ca2f14 com.android.settings/com.android.settings.Settings (server), PointerEventDispatcher0 (server),
09-21 19:18:26.504 I/service_manager_stats( 1154): [100,116,11164]
09-21 19:18:28.704 I/input_interaction( 1154): Interaction with: 4ca2f14 com.android.settings/com.android.settings.Settings (server), swipe-up (server), edge-swipe (server), PointerEventDispatcher0 (server),
09-21 19:18:28.823 I/input_interaction( 1154): Interaction with: 4ca2f14 com.android.settings/com.android.settings.Settings (server), PointerEventDispatcher0 (server),
09-21 19:18:28.830 I/sysui_multi_action( 7947): [757,830,758,4,833,0,854,top_level_system,1089,0]
09-21 19:18:28.836 I/sysui_multi_action( 7947): [757,744,758,2,1089,4592]
09-21 19:18:28.869 I/sysui_multi_action( 7947): [757,744,758,1,833,0,1089,20]
09-21 19:18:28.871 I/sysui_multi_action( 7947): [757,1729,758,4,854,isParalleledControllers:false,1089,23]
09-21 19:18:29.427 I/input_interaction( 1154): Interaction with: 4ca2f14 com.android.settings/com.android.settings.Settings (server), swipe-up (server), edge-swipe (server), PointerEventDispatcher0 (server),
09-21 19:18:29.517 I/input_interaction( 1154): Interaction with: 4ca2f14 com.android.settings/com.android.settings.Settings (server), PointerEventDispatcher0 (server),
09-21 19:18:29.533 I/sysui_multi_action( 7947): [757,830,758,4,833,0,854,top_level_about_device,1089,0]
09-21 19:18:29.538 I/sysui_multi_action( 7947): [757,744,758,2,1089,670]
09-21 19:18:29.591 I/sysui_multi_action( 7947): [757,40,758,1,833,0,1089,44]
09-21 19:18:29.592 W/FeatureConnector( 7947): [ImsConnector, 0] connect: not supported.
09-21 19:18:29.594 I/sysui_multi_action( 7947): [757,1729,758,4,854,isParalleledControllers:false,1089,47]
09-21 19:18:30.596 I/input_interaction( 1154): Interaction with: 4ca2f14 com.android.settings/com.android.settings.Settings (server), swipe-up (server), edge-swipe (server), PointerEventDispatcher0 (server),
09-21 19:18:30.966 I/input_interaction( 1154): Interaction with: 4ca2f14 com.android.settings/com.android.settings.Settings (server), PointerEventDispatcher0 (server),
09-21 19:18:31.494 I/input_interaction( 1154): Interaction with: 4ca2f14 com.android.settings/com.android.settings.Settings (server), swipe-up (server), edge-swipe (server), PointerEventDispatcher0 (server),
09-21 19:18:31.890 I/input_interaction( 1154): Interaction with: 4ca2f14 com.android.settings/com.android.settings.Settings (server), PointerEventDispatcher0 (server),
09-21 19:18:32.352 I/input_interaction( 1154): Interaction with: 4ca2f14 com.android.settings/com.android.settings.Settings (server), swipe-up (server), edge-swipe (server), PointerEventDispatcher0 (server),
09-21 19:18:32.688 I/input_interaction( 1154): Interaction with: 4ca2f14 com.android.settings/com.android.settings.Settings (server), PointerEventDispatcher0 (server),
09-21 19:18:33.406 I/input_interaction( 1154): Interaction with: 4ca2f14 com.android.settings/com.android.settings.Settings (server), swipe-up (server), edge-swipe (server), PointerEventDispatcher0 (server),
09-21 19:18:33.488 I/input_interaction( 1154): Interaction with: 4ca2f14 com.android.settings/com.android.settings.Settings (server), PointerEventDispatcher0 (server),
09-21 19:18:33.511 I/sysui_multi_action( 7947): [757,848,758,4]
09-21 19:18:33.512 I/sysui_multi_action( 7947): [757,830,758,4,833,0,854,build_number,1089,0]
09-21 19:18:33.596 I/input_interaction( 1154): Interaction with: 4ca2f14 com.android.settings/com.android.settings.Settings (server), swipe-up (server), edge-swipe (server), PointerEventDispatcher0 (server),
09-21 19:18:33.703 I/input_interaction( 1154): Interaction with: 4ca2f14 com.android.settings/com.android.settings.Settings (server), PointerEventDispatcher0 (server),
09-21 19:18:33.731 I/sysui_multi_action( 7947): [757,848,758,4]
09-21 19:18:33.732 I/sysui_multi_action( 7947): [757,830,758,4,833,0,854,build_number,1089,0]
09-21 19:18:33.812 I/input_interaction( 1154): Interaction with: 4ca2f14 com.android.settings/com.android.settings.Settings (server), swipe-up (server), edge-swipe (server), PointerEventDispatcher0 (server),
09-21 19:18:33.920 I/input_interaction( 1154): Interaction with: 4ca2f14 com.android.settings/com.android.settings.Settings (server), PointerEventDispatcher0 (server),
09-21 19:18:33.946 I/sysui_multi_action( 7947): [757,848,758,4]
09-21 19:18:33.947 I/sysui_multi_action( 7947): [757,830,758,4,833,0,854,build_number,1089,0]
09-21 19:18:34.635 I/input_interaction( 1154): Interaction with: 4ca2f14 com.android.settings/com.android.settings.Settings (server), swipe-up (server), edge-swipe (server), PointerEventDispatcher0 (server),
09-21 19:18:34.726 I/input_interaction( 1154): Interaction with: 4ca2f14 com.android.settings/com.android.settings.Settings (server), PointerEventDispatcher0 (server),
09-21 19:18:34.751 I/sysui_multi_action( 7947): [757,848,758,4]
09-21 19:18:34.752 I/sysui_multi_action( 7947): [757,830,758,4,833,0,854,build_number,1089,0]
09-21 19:18:34.806 I/input_interaction( 1154): Interaction with: 4ca2f14 com.android.settings/com.android.settings.Settings (server), swipe-up (server), edge-swipe (server), PointerEventDispatcher0 (server),
09-21 19:18:34.921 I/input_interaction( 1154): Interaction with: 4ca2f14 com.android.settings/com.android.settings.Settings (server), PointerEventDispatcher0 (server),
09-21 19:18:34.934 I/sysui_multi_action( 7947): [757,848,758,4]
09-21 19:18:34.935 I/sysui_multi_action( 7947): [757,830,758,4,833,0,854,build_number,1089,0]
09-21 19:18:34.982 I/input_interaction( 1154): Interaction with: 4ca2f14 com.android.settings/com.android.settings.Settings (server), swipe-up (server), edge-swipe (server), PointerEventDispatcher0 (server),
09-21 19:18:35.098 I/input_interaction( 1154): Interaction with: 4ca2f14 com.android.settings/com.android.settings.Settings (server), PointerEventDispatcher0 (server),
09-21 19:18:35.112 I/sysui_multi_action( 7947): [757,848,758,4]
09-21 19:18:35.113 I/sysui_multi_action( 7947): [757,830,758,4,833,0,854,build_number,1089,0]
09-21 19:18:35.163 I/input_interaction( 1154): Interaction with: 4ca2f14 com.android.settings/com.android.settings.Settings (server), swipe-up (server), edge-swipe (server), PointerEventDispatcher0 (server),
09-21 19:18:35.281 I/input_interaction( 1154): Interaction with: 4ca2f14 com.android.settings/com.android.settings.Settings (server), PointerEventDispatcher0 (server),
09-21 19:18:35.300 I/sysui_multi_action( 7947): [757,848,758,4]
09-21 19:18:35.300 I/sysui_multi_action( 7947): [757,830,758,4,833,0,854,build_number,1089,0]
09-21 19:18:35.648 I/input_interaction( 1154): Interaction with: 4ca2f14 com.android.settings/com.android.settings.Settings (server), swipe-up (server), edge-swipe (server), PointerEventDispatcher0 (server),
09-21 19:18:35.737 I/input_interaction( 1154): Interaction with: 4ca2f14 com.android.settings/com.android.settings.Settings (server), PointerEventDispatcher0 (server),
09-21 19:18:35.770 I/sysui_multi_action( 7947): [757,848,758,4]
09-21 19:18:35.771 I/sysui_multi_action( 7947): [757,830,758,4,833,0,854,build_number,1089,0]
09-21 19:18:35.831 I/input_interaction( 1154): Interaction with: 4ca2f14 com.android.settings/com.android.settings.Settings (server), swipe-up (server), edge-swipe (server), PointerEventDispatcher0 (server),
09-21 19:18:35.946 I/input_interaction( 1154): Interaction with: 4ca2f14 com.android.settings/com.android.settings.Settings (server), PointerEventDispatcher0 (server),
09-21 19:18:35.963 I/sysui_multi_action( 7947): [757,848,758,4]
09-21 19:18:35.963 I/sysui_multi_action( 7947): [757,830,758,4,833,0,854,build_number,1089,0]
09-21 19:18:36.005 I/input_interaction( 1154): Interaction with: 4ca2f14 com.android.settings/com.android.settings.Settings (server), swipe-up (server), edge-swipe (server), PointerEventDispatcher0 (server),
09-21 19:18:36.121 I/input_interaction( 1154): Interaction with: 4ca2f14 com.android.settings/com.android.settings.Settings (server), PointerEventDispatcher0 (server),
09-21 19:18:36.138 I/sysui_multi_action( 7947): [757,848,758,4]
09-21 19:18:36.139 I/sysui_multi_action( 7947): [757,830,758,4,833,0,854,build_number,1089,0]
09-21 19:18:36.695 I/service_manager_stats( 1154): [100,93,10190]
09-21 19:18:36.951 I/input_interaction( 1154): Interaction with: 4ca2f14 com.android.settings/com.android.settings.Settings (server), swipe-up (server), edge-swipe (server), PointerEventDispatcher0 (server),
09-21 19:18:37.068 I/input_interaction( 1154): Interaction with: 4ca2f14 com.android.settings/com.android.settings.Settings (server), PointerEventDispatcher0 (server),
09-21 19:18:37.070 I/sysui_multi_action( 7947): [757,830,758,4,833,0,854,top_level_system,1089,0]
09-21 19:18:37.075 I/sysui_multi_action( 7947): [757,40,758,2,1089,7483]
09-21 19:18:37.105 I/sysui_multi_action( 7947): [757,744,758,1,833,0,1089,19]
09-21 19:18:37.107 I/sysui_multi_action( 7947): [757,1729,758,4,854,isParalleledControllers:false,1089,22]
09-21 19:18:38.058 I/input_interaction( 1154): Interaction with: 4ca2f14 com.android.settings/com.android.settings.Settings (server), swipe-up (server), edge-swipe (server), PointerEventDispatcher0 (server),
09-21 19:18:38.531 I/input_interaction( 1154): Interaction with: 4ca2f14 com.android.settings/com.android.settings.Settings (server), PointerEventDispatcher0 (server),
09-21 19:18:38.897 I/input_interaction( 1154): Interaction with: 4ca2f14 com.android.settings/com.android.settings.Settings (server), swipe-up (server), edge-swipe (server), PointerEventDispatcher0 (server),
09-21 19:18:39.294 I/input_interaction( 1154): Interaction with: 4ca2f14 com.android.settings/com.android.settings.Settings (server), PointerEventDispatcher0 (server),
09-21 19:18:40.904 I/input_interaction( 1154): Interaction with: 4ca2f14 com.android.settings/com.android.settings.Settings (server), swipe-up (server), edge-swipe (server), PointerEventDispatcher0 (server),
09-21 19:18:41.295 I/input_interaction( 1154): Interaction with: 4ca2f14 com.android.settings/com.android.settings.Settings (server), PointerEventDispatcher0 (server),
09-21 19:18:44.796 I/input_interaction( 1154): Interaction with: 4ca2f14 com.android.settings/com.android.settings.Settings (server), swipe-up (server), edge-swipe (server), PointerEventDispatcher0 (server),
09-21 19:18:44.907 I/input_interaction( 1154): Interaction with: 4ca2f14 com.android.settings/com.android.settings.Settings (server), PointerEventDispatcher0 (server),
09-21 19:18:44.916 I/sysui_multi_action( 7947): [757,830,758,4,833,0,854,top_level_system,1089,0]
09-21 19:18:44.920 I/sysui_multi_action( 7947): [757,744,758,2,1089,7815]
09-21 19:18:44.959 I/sysui_multi_action( 7947): [757,744,758,1,833,0,1089,31]
09-21 19:18:44.962 I/sysui_multi_action( 7947): [757,1729,758,4,854,isParalleledControllers:false,1089,33]
09-21 19:18:45.323 I/input_interaction( 1154): Interaction with: 4ca2f14 com.android.settings/com.android.settings.Settings (server), swipe-up (server), edge-swipe (server), PointerEventDispatcher0 (server),
09-21 19:18:45.414 I/input_interaction( 1154): Interaction with: 4ca2f14 com.android.settings/com.android.settings.Settings (server), PointerEventDispatcher0 (server),
09-21 19:18:45.432 I/sysui_multi_action( 7947): [757,830,758,4,833,0,854,top_level_privacy,1089,0]
09-21 19:18:45.438 I/sysui_multi_action( 7947): [757,744,758,2,1089,477]
09-21 19:18:45.484 I/sysui_multi_action( 7947): [757,1587,758,1,833,0,1089,41]
09-21 19:18:45.491 I/sysui_multi_action( 7947): [757,1729,758,4,854,isParalleledControllers:false,1089,47]
09-21 19:18:46.436 I/input_interaction( 1154): Interaction with: 4ca2f14 com.android.settings/com.android.settings.Settings (server), swipe-up (server), edge-swipe (server), PointerEventDispatcher0 (server),
09-21 19:18:46.576 I/input_interaction( 1154): Interaction with: 4ca2f14 com.android.settings/com.android.settings.Settings (server), PointerEventDispatcher0 (server),
09-21 19:18:46.580 I/sysui_multi_action( 7947): [757,830,758,4,833,0,854,top_level_system,1089,0]
09-21 19:18:46.591 I/sysui_multi_action( 7947): [757,1587,758,2,1089,1106]
09-21 19:18:46.617 I/sysui_multi_action( 7947): [757,744,758,1,833,0,1089,17]
09-21 19:18:46.619 I/sysui_multi_action( 7947): [757,1729,758,4,854,isParalleledControllers:false,1089,20]
09-21 19:18:47.223 I/input_interaction( 1154): Interaction with: 4ca2f14 com.android.settings/com.android.settings.Settings (server), swipe-up (server), edge-swipe (server), PointerEventDispatcher0 (server),
09-21 19:18:47.339 I/input_interaction( 1154): Interaction with: 4ca2f14 com.android.settings/com.android.settings.Settings (server), PointerEventDispatcher0 (server),
09-21 19:18:47.346 I/sysui_multi_action( 7947): [757,830,758,4,833,0,854,top_level_about_device,1089,0]
09-21 19:18:47.355 I/sysui_multi_action( 7947): [757,744,758,2,1089,738]
09-21 19:18:47.403 I/sysui_multi_action( 7947): [757,40,758,1,833,0,1089,41]
09-21 19:18:47.403 W/FeatureConnector( 7947): [ImsConnector, 0] connect: not supported.
09-21 19:18:47.405 I/sysui_multi_action( 7947): [757,1729,758,4,854,isParalleledControllers:false,1089,44]
09-21 19:18:48.392 I/input_interaction( 1154): Interaction with: 4ca2f14 com.android.settings/com.android.settings.Settings (server), swipe-up (server), edge-swipe (server), PointerEventDispatcher0 (server),
09-21 19:18:48.778 I/input_interaction( 1154): Interaction with: 4ca2f14 com.android.settings/com.android.settings.Settings (server), PointerEventDispatcher0 (server),
09-21 19:18:49.179 I/input_interaction( 1154): Interaction with: 4ca2f14 com.android.settings/com.android.settings.Settings (server), swipe-up (server), edge-swipe (server), PointerEventDispatcher0 (server),
09-21 19:18:49.643 I/input_interaction( 1154): Interaction with: 4ca2f14 com.android.settings/com.android.settings.Settings (server), PointerEventDispatcher0 (server),
09-21 19:18:50.103 I/input_interaction( 1154): Interaction with: 4ca2f14 com.android.settings/com.android.settings.Settings (server), swipe-up (server), edge-swipe (server), PointerEventDispatcher0 (server),
09-21 19:18:50.409 I/service_manager_stats( 1154): [100,98,13714]
09-21 19:18:50.577 I/input_interaction( 1154): Interaction with: 4ca2f14 com.android.settings/com.android.settings.Settings (server), PointerEventDispatcher0 (server),
09-21 19:18:53.256 I/input_interaction( 1154): Interaction with: 4ca2f14 com.android.settings/com.android.settings.Settings (server), swipe-up (server), edge-swipe (server), PointerEventDispatcher0 (server),
09-21 19:18:53.367 I/input_interaction( 1154): Interaction with: 4ca2f14 com.android.settings/com.android.settings.Settings (server), PointerEventDispatcher0 (server),
09-21 19:18:53.379 I/sysui_multi_action( 7947): [757,848,758,4]
09-21 19:18:53.380 I/sysui_multi_action( 7947): [757,830,758,4,833,0,854,build_number,1089,0]
09-21 19:18:53.477 I/input_interaction( 1154): Interaction with: 4ca2f14 com.android.settings/com.android.settings.Settings (server), swipe-up (server), edge-swipe (server), PointerEventDispatcher0 (server),
09-21 19:18:53.606 I/input_interaction( 1154): Interaction with: 4ca2f14 com.android.settings/com.android.settings.Settings (server), PointerEventDispatcher0 (server),
09-21 19:18:53.619 I/sysui_multi_action( 7947): [757,848,758,4]
09-21 19:18:53.620 I/sysui_multi_action( 7947): [757,830,758,4,833,0,854,build_number,1089,0]
09-21 19:18:54.257 I/input_interaction( 1154): Interaction with: 4ca2f14 com.android.settings/com.android.settings.Settings (server), swipe-up (server), edge-swipe (server), PointerEventDispatcher0 (server),
09-21 19:18:54.345 I/input_interaction( 1154): Interaction with: 4ca2f14 com.android.settings/com.android.settings.Settings (server), PointerEventDispatcher0 (server),
09-21 19:18:54.377 I/sysui_multi_action( 7947): [757,848,758,4]
09-21 19:18:54.378 I/sysui_multi_action( 7947): [757,830,758,4,833,0,854,build_number,1089,0]
09-21 19:18:54.760 I/input_interaction( 1154): Interaction with: 4ca2f14 com.android.settings/com.android.settings.Settings (server), swipe-up (server), edge-swipe (server), PointerEventDispatcher0 (server),
09-21 19:18:54.884 I/input_interaction( 1154): Interaction with: 4ca2f14 com.android.settings/com.android.settings.Settings (server), PointerEventDispatcher0 (server),
09-21 19:18:54.901 I/sysui_multi_action( 7947): [757,848,758,4]
09-21 19:18:54.903 I/sysui_multi_action( 7947): [757,830,758,4,833,0,854,build_number,1089,0]
09-21 19:18:54.942 I/input_interaction( 1154): Interaction with: 4ca2f14 com.android.settings/com.android.settings.Settings (server), swipe-up (server), edge-swipe (server), PointerEventDispatcher0 (server),
09-21 19:18:55.056 I/input_interaction( 1154): Interaction with: 4ca2f14 com.android.settings/com.android.settings.Settings (server), PointerEventDispatcher0 (server),
09-21 19:18:55.075 I/sysui_multi_action( 7947): [757,848,758,4]
09-21 19:18:55.076 I/sysui_multi_action( 7947): [757,830,758,4,833,0,854,build_number,1089,0]
09-21 19:18:55.119 I/input_interaction( 1154): Interaction with: 4ca2f14 com.android.settings/com.android.settings.Settings (server), swipe-up (server), edge-swipe (server), PointerEventDispatcher0 (server),
09-21 19:18:55.242 I/input_interaction( 1154): Interaction with: 4ca2f14 com.android.settings/com.android.settings.Settings (server), PointerEventDispatcher0 (server),
09-21 19:18:55.273 I/sysui_multi_action( 7947): [757,848,758,4]
09-21 19:18:55.274 I/sysui_multi_action( 7947): [757,830,758,4,833,0,854,build_number,1089,0]
09-21 19:18:56.154 I/input_interaction( 1154): Interaction with: 4ca2f14 com.android.settings/com.android.settings.Settings (server), swipe-up (server), edge-swipe (server), PointerEventDispatcher0 (server),
09-21 19:18:56.284 I/input_interaction( 1154): Interaction with: 4ca2f14 com.android.settings/com.android.settings.Settings (server), PointerEventDispatcher0 (server),
09-21 19:18:56.672 I/input_interaction( 1154): Interaction with: 4ca2f14 com.android.settings/com.android.settings.Settings (server), swipe-up (server), edge-swipe (server), PointerEventDispatcher0 (server),
09-21 19:18:56.779 I/input_interaction( 1154): Interaction with: 4ca2f14 com.android.settings/com.android.settings.Settings (server), PointerEventDispatcher0 (server),
09-21 19:18:58.453 I/input_interaction( 1154): Interaction with: 4ca2f14 com.android.settings/com.android.settings.Settings (server), swipe-up (server), edge-swipe (server), PointerEventDispatcher0 (server),
09-21 19:18:58.553 I/input_interaction( 1154): Interaction with: 4ca2f14 com.android.settings/com.android.settings.Settings (server), PointerEventDispatcher0 (server),
09-21 19:18:58.565 I/sysui_multi_action( 7947): [757,830,758,4,833,0,854,top_level_system,1089,0]
09-21 19:18:58.572 I/sysui_multi_action( 7947): [757,40,758,2,1089,11169]
09-21 19:18:58.614 I/sysui_multi_action( 7947): [757,744,758,1,833,0,1089,29]
09-21 19:18:58.619 I/sysui_multi_action( 7947): [757,1729,758,4,854,isParalleledControllers:false,1089,33]
09-21 19:18:59.365 I/input_interaction( 1154): Interaction with: 4ca2f14 com.android.settings/com.android.settings.Settings (server), swipe-up (server), edge-swipe (server), PointerEventDispatcher0 (server),
09-21 19:18:59.490 I/input_interaction( 1154): Interaction with: 4ca2f14 com.android.settings/com.android.settings.Settings (server), PointerEventDispatcher0 (server),
09-21 19:18:59.494 I/sysui_multi_action( 7947): [757,830,758,4,833,0,854,top_level_about_device,1089,0]
09-21 19:18:59.508 I/sysui_multi_action( 7947): [757,744,758,2,1089,893]
09-21 19:18:59.550 I/sysui_multi_action( 7947): [757,40,758,1,833,0,1089,36]
09-21 19:18:59.551 W/FeatureConnector( 7947): [ImsConnector, 0] connect: not supported.
09-21 19:18:59.553 I/sysui_multi_action( 7947): [757,1729,758,4,854,isParalleledControllers:false,1089,38]
09-21 19:19:01.004 I/input_interaction( 1154): Interaction with: 4ca2f14 com.android.settings/com.android.settings.Settings (server), swipe-up (server), edge-swipe (server), PointerEventDispatcher0 (server),
09-21 19:19:01.106 I/input_interaction( 1154): Interaction with: 4ca2f14 com.android.settings/com.android.settings.Settings (server), PointerEventDispatcher0 (server),
09-21 19:19:01.120 I/sysui_multi_action( 7947): [757,830,758,4,833,0,854,top_level_about_device,1089,0]
09-21 19:19:01.123 I/sysui_multi_action( 7947): [757,40,758,2,1089,1572]
09-21 19:19:01.157 I/sysui_multi_action( 7947): [757,40,758,1,833,0,1089,27]
09-21 19:19:01.157 W/FeatureConnector( 7947): [ImsConnector, 0] connect: not supported.
09-21 19:19:01.159 I/sysui_multi_action( 7947): [757,1729,758,4,854,isParalleledControllers:false,1089,30]
09-21 19:19:02.129 I/input_interaction( 1154): Interaction with: 4ca2f14 com.android.settings/com.android.settings.Settings (server), swipe-up (server), edge-swipe (server), PointerEventDispatcher0 (server),
09-21 19:19:02.490 I/input_interaction( 1154): Interaction with: 4ca2f14 com.android.settings/com.android.settings.Settings (server), PointerEventDispatcher0 (server),
09-21 19:19:02.651 I/service_manager_stats( 1154): [100,108,12243]
09-21 19:19:02.974 I/input_interaction( 1154): Interaction with: 4ca2f14 com.android.settings/com.android.settings.Settings (server), swipe-up (server), edge-swipe (server), PointerEventDispatcher0 (server),
09-21 19:19:03.276 I/input_interaction( 1154): Interaction with: 4ca2f14 com.android.settings/com.android.settings.Settings (server), PointerEventDispatcher0 (server),
09-21 19:19:03.832 I/input_interaction( 1154): Interaction with: 4ca2f14 com.android.settings/com.android.settings.Settings (server), swipe-up (server), edge-swipe (server), PointerEventDispatcher0 (server),
09-21 19:19:04.416 I/input_interaction( 1154): Interaction with: 4ca2f14 com.android.settings/com.android.settings.Settings (server), PointerEventDispatcher0 (server),
09-21 19:19:05.450 I/input_interaction( 1154): Interaction with: 4ca2f14 com.android.settings/com.android.settings.Settings (server), swipe-up (server), edge-swipe (server), PointerEventDispatcher0 (server),
09-21 19:19:05.565 I/input_interaction( 1154): Interaction with: 4ca2f14 com.android.settings/com.android.settings.Settings (server), PointerEventDispatcher0 (server),
09-21 19:19:05.571 I/sysui_multi_action( 7947): [757,830,758,4,833,0,854,top_level_about_device,1089,0]
09-21 19:19:05.576 I/sysui_multi_action( 7947): [757,40,758,2,1089,4419]
09-21 19:19:05.644 I/sysui_multi_action( 7947): [757,40,758,1,833,0,1089,59]
09-21 19:19:05.646 W/FeatureConnector( 7947): [ImsConnector, 0] connect: not supported.
09-21 19:19:05.651 I/sysui_multi_action( 7947): [757,1729,758,4,854,isParalleledControllers:false,1089,66]
09-21 19:19:07.036 I/input_interaction( 1154): Interaction with: 4ca2f14 com.android.settings/com.android.settings.Settings (server), swipe-up (server), edge-swipe (server), PointerEventDispatcher0 (server),
09-21 19:19:07.393 I/input_interaction( 1154): Interaction with: 4ca2f14 com.android.settings/com.android.settings.Settings (server), PointerEventDispatcher0 (server),
09-21 19:19:08.365 I/input_interaction( 1154): Interaction with: 4ca2f14 com.android.settings/com.android.settings.Settings (server), swipe-up (server), edge-swipe (server), PointerEventDispatcher0 (server),
09-21 19:19:08.488 I/input_interaction( 1154): Interaction with: 4ca2f14 com.android.settings/com.android.settings.Settings (server), PointerEventDispatcher0 (server),
09-21 19:19:08.492 I/sysui_multi_action( 7947): [757,830,758,4,833,0,854,top_level_system,1089,0]
09-21 19:19:08.499 I/sysui_multi_action( 7947): [757,40,758,2,1089,2855]
09-21 19:19:08.542 I/sysui_multi_action( 7947): [757,744,758,1,833,0,1089,31]
09-21 19:19:08.546 I/sysui_multi_action( 7947): [757,1729,758,4,854,isParalleledControllers:false,1089,34]
09-21 19:19:10.101 I/input_interaction( 1154): Interaction with: 4ca2f14 com.android.settings/com.android.settings.Settings (server), swipe-up (server), edge-swipe (server), PointerEventDispatcher0 (server),
09-21 19:19:10.250 I/input_interaction( 1154): Interaction with: 4ca2f14 com.android.settings/com.android.settings.Settings (server), PointerEventDispatcher0 (server),
09-21 19:19:10.257 I/sysui_multi_action( 7947): [757,830,758,4,833,0,854,top_level_about_device,1089,0]
09-21 19:19:10.273 I/sysui_multi_action( 7947): [757,744,758,2,1089,1730]
09-21 19:19:10.318 I/sysui_multi_action( 7947): [757,40,758,1,833,0,1089,39]
09-21 19:19:10.319 W/FeatureConnector( 7947): [ImsConnector, 0] connect: not supported.
09-21 19:19:10.321 I/sysui_multi_action( 7947): [757,1729,758,4,854,isParalleledControllers:false,1089,42]
09-21 19:19:11.423 I/input_interaction( 1154): Interaction with: 4ca2f14 com.android.settings/com.android.settings.Settings (server), swipe-up (server), edge-swipe (server), PointerEventDispatcher0 (server),
09-21 19:19:12.001 I/input_interaction( 1154): Interaction with: 4ca2f14 com.android.settings/com.android.settings.Settings (server), PointerEventDispatcher0 (server),
09-21 19:19:12.355 I/input_interaction( 1154): Interaction with: 4ca2f14 com.android.settings/com.android.settings.Settings (server), swipe-up (server), edge-swipe (server), PointerEventDispatcher0 (server),
09-21 19:19:12.954 I/input_interaction( 1154): Interaction with: 4ca2f14 com.android.settings/com.android.settings.Settings (server), PointerEventDispatcher0 (server),
09-21 19:19:13.350 I/input_interaction( 1154): Interaction with: 4ca2f14 com.android.settings/com.android.settings.Settings (server), swipe-up (server), edge-swipe (server), PointerEventDispatcher0 (server),
09-21 19:19:13.742 I/input_interaction( 1154): Interaction with: 4ca2f14 com.android.settings/com.android.settings.Settings (server), PointerEventDispatcher0 (server),
09-21 19:19:14.008 I/input_interaction( 1154): Interaction with: 4ca2f14 com.android.settings/com.android.settings.Settings (server), swipe-up (server), edge-swipe (server), PointerEventDispatcher0 (server),
09-21 19:19:14.111 I/service_manager_stats( 1154): [100,89,11460]
09-21 19:19:14.304 I/input_interaction( 1154): Interaction with: e915a91 StatusBar (server), 4ca2f14 com.android.settings/com.android.settings.Settings (server), PointerEventDispatcher0 (server),
09-21 19:19:14.304 I/input_interaction( 1154): Interaction with: e915a91 StatusBar (server), PointerEventDispatcher0 (server),
09-21 19:19:14.424 I/input_interaction( 1154): Interaction with: 4ca2f14 com.android.settings/com.android.settings.Settings (server), e915a91 StatusBar (server), PointerEventDispatcher0 (server),
09-21 19:19:14.435 I/input_interaction( 1154): Interaction with: 4ca2f14 com.android.settings/com.android.settings.Settings (server), PointerEventDispatcher0 (server),
09-21 19:19:14.754 I/input_interaction( 1154): Interaction with: 4ca2f14 com.android.settings/com.android.settings.Settings (server), swipe-up (server), edge-swipe (server), PointerEventDispatcher0 (server),
09-21 19:19:15.113 I/input_interaction( 1154): Interaction with: 4ca2f14 com.android.settings/com.android.settings.Settings (server), PointerEventDispatcher0 (server),
09-21 19:19:15.677 I/input_interaction( 1154): Interaction with: 4ca2f14 com.android.settings/com.android.settings.Settings (server), swipe-up (server), edge-swipe (server), PointerEventDispatcher0 (server),
09-21 19:19:15.789 I/input_interaction( 1154): Interaction with: 4ca2f14 com.android.settings/com.android.settings.Settings (server), PointerEventDispatcher0 (server),
09-21 19:19:15.808 I/sysui_multi_action( 7947): [757,830,758,4,833,0,854,top_level_system,1089,0]
09-21 19:19:15.814 I/sysui_multi_action( 7947): [757,40,758,2,1089,5496]
09-21 19:19:15.856 I/sysui_multi_action( 7947): [757,744,758,1,833,0,1089,30]
09-21 19:19:15.859 I/sysui_multi_action( 7947): [757,1729,758,4,854,isParalleledControllers:false,1089,34]
09-21 19:19:20.984 I/input_interaction( 1154): Interaction with: 4ca2f14 com.android.settings/com.android.settings.Settings (server), swipe-up (server), edge-swipe (server), PointerEventDispatcher0 (server),
09-21 19:19:21.615 I/input_interaction( 1154): Interaction with: 4ca2f14 com.android.settings/com.android.settings.Settings (server), PointerEventDispatcher0 (server),
09-21 19:19:21.625 I/service_manager_slow( 1154): [10,phone]
09-21 19:19:22.302 I/input_interaction( 1154): Interaction with: 4ca2f14 com.android.settings/com.android.settings.Settings (server), swipe-up (server), edge-swipe (server), PointerEventDispatcher0 (server),
09-21 19:19:22.768 I/input_interaction( 1154): Interaction with: 4ca2f14 com.android.settings/com.android.settings.Settings (server), PointerEventDispatcher0 (server),
09-21 19:19:23.733 I/input_interaction( 1154): Interaction with: 4ca2f14 com.android.settings/com.android.settings.Settings (server), swipe-up (server), edge-swipe (server), PointerEventDispatcher0 (server),
09-21 19:19:24.136 I/input_interaction( 1154): Interaction with: 4ca2f14 com.android.settings/com.android.settings.Settings (server), PointerEventDispatcher0 (server),
09-21 19:19:24.914 I/input_interaction( 1154): Interaction with: 4ca2f14 com.android.settings/com.android.settings.Settings (server), swipe-up (server), edge-swipe (server), PointerEventDispatcher0 (server),
09-21 19:19:25.036 I/input_interaction( 1154): Interaction with: 4ca2f14 com.android.settings/com.android.settings.Settings (server), PointerEventDispatcher0 (server),
09-21 19:19:25.040 I/sysui_multi_action( 7947): [757,830,758,4,833,0,854,top_level_about_device,1089,0]
09-21 19:19:25.051 I/sysui_multi_action( 7947): [757,744,758,2,1089,9195]
09-21 19:19:25.115 I/sysui_multi_action( 7947): [757,40,758,1,833,0,1089,56]
09-21 19:19:25.115 W/FeatureConnector( 7947): [ImsConnector, 0] connect: not supported.
09-21 19:19:25.122 I/sysui_multi_action( 7947): [757,1729,758,4,854,isParalleledControllers:false,1089,63]
09-21 19:19:25.833 I/input_interaction( 1154): Interaction with: 4ca2f14 com.android.settings/com.android.settings.Settings (server), swipe-up (server), edge-swipe (server), PointerEventDispatcher0 (server),
09-21 19:19:26.358 I/input_interaction( 1154): Interaction with: 4ca2f14 com.android.settings/com.android.settings.Settings (server), PointerEventDispatcher0 (server),
09-21 19:19:26.700 I/input_interaction( 1154): Interaction with: 4ca2f14 com.android.settings/com.android.settings.Settings (server), swipe-up (server), edge-swipe (server), PointerEventDispatcher0 (server),
09-21 19:19:27.032 I/input_interaction( 1154): Interaction with: 4ca2f14 com.android.settings/com.android.settings.Settings (server), PointerEventDispatcher0 (server),
09-21 19:19:27.244 I/service_manager_stats( 1154): [100,115,13133]
09-21 19:19:27.467 I/input_interaction( 1154): Interaction with: 4ca2f14 com.android.settings/com.android.settings.Settings (server), swipe-up (server), edge-swipe (server), PointerEventDispatcher0 (server),
09-21 19:19:27.869 I/input_interaction( 1154): Interaction with: 4ca2f14 com.android.settings/com.android.settings.Settings (server), PointerEventDispatcher0 (server),
09-21 19:19:28.129 I/am_uid_idle( 1154): 10098
09-21 19:19:29.725 I/input_interaction( 1154): Interaction with: 4ca2f14 com.android.settings/com.android.settings.Settings (server), swipe-up (server), edge-swipe (server), PointerEventDispatcher0 (server),
09-21 19:19:30.277 I/input_interaction( 1154): Interaction with: 4ca2f14 com.android.settings/com.android.settings.Settings (server), PointerEventDispatcher0 (server),
09-21 19:19:30.638 I/input_interaction( 1154): Interaction with: 4ca2f14 com.android.settings/com.android.settings.Settings (server), swipe-up (server), edge-swipe (server), PointerEventDispatcher0 (server),
09-21 19:19:31.385 I/input_interaction( 1154): Interaction with: 4ca2f14 com.android.settings/com.android.settings.Settings (server), PointerEventDispatcher0 (server),
09-21 19:19:31.640 I/input_interaction( 1154): Interaction with: 4ca2f14 com.android.settings/com.android.settings.Settings (server), swipe-up (server), edge-swipe (server), PointerEventDispatcher0 (server),
09-21 19:19:32.089 I/input_interaction( 1154): Interaction with: 4ca2f14 com.android.settings/com.android.settings.Settings (server), PointerEventDispatcher0 (server),
09-21 19:19:32.515 I/input_interaction( 1154): Interaction with: 4ca2f14 com.android.settings/com.android.settings.Settings (server), swipe-up (server), edge-swipe (server), PointerEventDispatcher0 (server),
09-21 19:19:32.982 I/input_interaction( 1154): Interaction with: 4ca2f14 com.android.settings/com.android.settings.Settings (server), PointerEventDispatcher0 (server),
09-21 19:19:33.417 I/input_interaction( 1154): Interaction with: 4ca2f14 com.android.settings/com.android.settings.Settings (server), swipe-up (server), edge-swipe (server), PointerEventDispatcher0 (server),
09-21 19:19:33.492 I/storage_state( 1154): [41217664-9172-527a-b3d5-edabb50a7d69,0,0,46891986944,48316284928]
09-21 19:19:33.912 I/input_interaction( 1154): Interaction with: 4ca2f14 com.android.settings/com.android.settings.Settings (server), PointerEventDispatcher0 (server),
09-21 19:19:34.270 I/input_interaction( 1154): Interaction with: 4ca2f14 com.android.settings/com.android.settings.Settings (server), swipe-up (server), edge-swipe (server), PointerEventDispatcher0 (server),
09-21 19:19:34.835 I/input_interaction( 1154): Interaction with: 4ca2f14 com.android.settings/com.android.settings.Settings (server), PointerEventDispatcher0 (server),
09-21 19:19:35.182 I/input_interaction( 1154): Interaction with: 4ca2f14 com.android.settings/com.android.settings.Settings (server), swipe-up (server), edge-swipe (server), PointerEventDispatcher0 (server),
09-21 19:19:35.306 I/input_interaction( 1154): Interaction with: 4ca2f14 com.android.settings/com.android.settings.Settings (server), PointerEventDispatcher0 (server),
09-21 19:19:35.321 I/sysui_multi_action( 7947): [757,830,758,4,833,0,854,top_level_network,1089,0]
09-21 19:19:35.333 I/sysui_multi_action( 7947): [757,40,758,2,1089,10218]
09-21 19:19:35.359 W/CarrierConfigManager( 7947): Error getting config for subId -1 ICarrierConfigLoader is null
09-21 19:19:35.386 I/am_pss ( 1154): [7947,1000,com.android.settings,99554304,84180992,0,234557440,0,2,15]
09-21 19:19:35.468 I/sysui_multi_action( 7947): [757,746,758,1,833,0,1089,123]
09-21 19:19:35.470 D/TelephonyRegistry( 1154): listen oscl: mHasNotifySubscriptionInfoChangedOccurred==false no callback
09-21 19:19:35.479 D/TelephonyRegistry( 1154): listen oscl: mHasNotifySubscriptionInfoChangedOccurred==false no callback
09-21 19:19:35.489 I/service_manager_stats( 7947): [100,124,3124932]
09-21 19:19:35.502 I/sysui_multi_action( 7947): [757,1729,758,4,854,isParalleledControllers:false,1089,157]
09-21 19:19:36.388 I/input_interaction( 1154): Interaction with: 4ca2f14 com.android.settings/com.android.settings.Settings (server), swipe-up (server), edge-swipe (server), PointerEventDispatcher0 (server),
09-21 19:19:36.496 I/input_interaction( 1154): Interaction with: 4ca2f14 com.android.settings/com.android.settings.Settings (server), PointerEventDispatcher0 (server),
