09-22 22:34:01.337 E/LegacySupport( 4718): Could not register service android.hardware.light@2.0::ILight/default (-2147483648).
09-22 22:34:01.406 I/mpu_uart( 655): [MSG-P:RECV]:No message received in 1000 ms
09-22 22:34:01.652 I/mpu_uart( 655): [MSG-P:R]:recv sync frame timeout
09-22 22:34:02.331 F/linker ( 4719): CANNOT LINK EXECUTABLE "/vendor/bin/hw/qvrservice": library "vendor.qti.hardware.qxr-V1-ndk_platform.so" not found: needed by /vendor/lib64/libqvrservice.so in namespace (default)
09-22 22:34:02.331 F/linker ( 4720): CANNOT LINK EXECUTABLE "/vendor/bin/hw/sxrservice": library "vendor.qti.hardware.qxr-V1-ndk_platform.so" not found: needed by main executable
09-22 22:34:02.407 I/mpu_uart( 655): [MSG-P:RECV]:No message received in 1000 ms
09-22 22:34:03.407 I/mpu_uart( 655): [MSG-P:RECV]:No message received in 1000 ms
09-22 22:34:04.408 I/mpu_uart( 655): [MSG-P:RECV]:No message received in 1000 ms
09-22 22:34:04.654 I/mpu_uart( 655): [MSG-P:R]:recv sync frame timeout
09-22 22:34:05.408 I/mpu_uart( 655): [MSG-P:RECV]:No message received in 1000 ms
09-22 22:34:06.348 I/hwservicemanager( 513): getTransport: Cannot find entry android.hardware.light@2.0::ILight/default in either framework or device VINTF manifest.
09-22 22:34:06.350 E/light ( 4721): light_open lights keyboard failed: -22
09-22 22:34:06.350 E/light ( 4721): Light passthrough failed to load legacy HAL.
09-22 22:34:06.351 E/light ( 4721): light_open lights buttons failed: -22
09-22 22:34:06.351 E/light ( 4721): Light passthrough failed to load legacy HAL.
09-22 22:34:06.352 E/light ( 4721): light_open lights bluetooth failed: -22
09-22 22:34:06.352 E/light ( 4721): Light passthrough failed to load legacy HAL.
09-22 22:34:06.352 E/light ( 4721): light_open lights wifi failed: -22
09-22 22:34:06.352 E/light ( 4721): Light passthrough failed to load legacy HAL.
09-22 22:34:06.353 I/hwservicemanager( 513): getTransport: Cannot find entry android.hardware.light@2.0::ILight/default in either framework or device VINTF manifest.
09-22 22:34:06.353 E/HidlServiceManagement( 4721): Service android.hardware.light@2.0::ILight/default must be in VINTF manifest in order to register/get.
09-22 22:34:06.353 E/LegacySupport( 4721): Could not register service android.hardware.light@2.0::ILight/default (-2147483648).
09-22 22:34:06.409 I/mpu_uart( 655): [MSG-P:RECV]:No message received in 1000 ms
09-22 22:34:07.340 F/linker ( 4722): CANNOT LINK EXECUTABLE "/vendor/bin/hw/qvrservice": library "vendor.qti.hardware.qxr-V1-ndk_platform.so" not found: needed by /vendor/lib64/libqvrservice.so in namespace (default)
09-22 22:34:07.340 F/linker ( 4723): CANNOT LINK EXECUTABLE "/vendor/bin/hw/sxrservice": library "vendor.qti.hardware.qxr-V1-ndk_platform.so" not found: needed by main executable
09-22 22:34:07.409 I/mpu_uart( 655): [MSG-P:RECV]:No message received in 1000 ms
09-22 22:34:07.655 I/mpu_uart( 655): [MSG-P:R]:recv sync frame timeout
09-22 22:34:08.409 I/mpu_uart( 655): [MSG-P:RECV]:No message received in 1000 ms
09-22 22:34:09.410 I/mpu_uart( 655): [MSG-P:RECV]:No message received in 1000 ms
09-22 22:34:10.410 I/mpu_uart( 655): [MSG-P:RECV]:No message received in 1000 ms
09-22 22:34:10.658 I/mpu_uart( 655): [MSG-P:R]:recv sync frame timeout
09-22 22:34:11.353 I/hwservicemanager( 513): getTransport: Cannot find entry android.hardware.light@2.0::ILight/default in either framework or device VINTF manifest.
09-22 22:34:11.355 E/light ( 4724): light_open lights keyboard failed: -22
09-22 22:34:11.355 E/light ( 4724): Light passthrough failed to load legacy HAL.
09-22 22:34:11.355 E/light ( 4724): light_open lights buttons failed: -22
09-22 22:34:11.355 E/light ( 4724): Light passthrough failed to load legacy HAL.
09-22 22:34:11.356 E/light ( 4724): light_open lights bluetooth failed: -22
09-22 22:34:11.356 E/light ( 4724): Light passthrough failed to load legacy HAL.
09-22 22:34:11.357 E/light ( 4724): light_open lights wifi failed: -22
09-22 22:34:11.357 E/light ( 4724): Light passthrough failed to load legacy HAL.
09-22 22:34:11.357 I/hwservicemanager( 513): getTransport: Cannot find entry android.hardware.light@2.0::ILight/default in either framework or device VINTF manifest.
09-22 22:34:11.357 E/HidlServiceManagement( 4724): Service android.hardware.light@2.0::ILight/default must be in VINTF manifest in order to register/get.
09-22 22:34:11.357 E/LegacySupport( 4724): Could not register service android.hardware.light@2.0::ILight/default (-2147483648).
09-22 22:34:11.411 I/mpu_uart( 655): [MSG-P:RECV]:No message received in 1000 ms
09-22 22:34:12.345 F/linker ( 4726): CANNOT LINK EXECUTABLE "/vendor/bin/hw/sxrservice": library "vendor.qti.hardware.qxr-V1-ndk_platform.so" not found: needed by main executable
09-22 22:34:12.345 F/linker ( 4725): CANNOT LINK EXECUTABLE "/vendor/bin/hw/qvrservice": library "vendor.qti.hardware.qxr-V1-ndk_platform.so" not found: needed by /vendor/lib64/libqvrservice.so in namespace (default)
09-22 22:34:12.411 I/mpu_uart( 655): [MSG-P:RECV]:No message received in 1000 ms
09-22 22:34:13.411 I/mpu_uart( 655): [MSG-P:RECV]:No message received in 1000 ms
09-22 22:34:13.662 I/mpu_uart( 655): [MSG-P:R]:recv sync frame timeout
09-22 22:34:14.412 I/mpu_uart( 655): [MSG-P:RECV]:No message received in 1000 ms
09-22 22:34:15.412 I/mpu_uart( 655): [MSG-P:RECV]:No message received in 1000 ms
09-22 22:34:15.599 I/OpenGLRenderer( 2203): Davey! duration=9223371573973ms; Flags=0, FrameTimelineVsyncId=24072, IntendedVsync=462880822630, Vsync=462880822630, InputEventId=0, HandleInputStart=462881736697, AnimationStart=462881739457, PerformTraversalsStart=462881742113, DrawStart=462928335655, FrameDeadline=462897489296, FrameInterval=462881729978, FrameStartTime=16666666, SyncQueued=462928931280, SyncStart=462928994561, IssueDrawCommandsStart=462929609717, SwapBuffers=462931895134, FrameCompleted=9223372036854775807, DequeueBufferDuration=24010, QueueBufferDuration=536042, GpuCompleted=9223372036854775807, SwapBuffersCompleted=462932877947, DisplayPresentTime=0,
09-22 22:34:16.367 I/hwservicemanager( 513): getTransport: Cannot find entry android.hardware.light@2.0::ILight/default in either framework or device VINTF manifest.
09-22 22:34:16.369 E/light ( 4727): light_open lights keyboard failed: -22
09-22 22:34:16.369 E/light ( 4727): Light passthrough failed to load legacy HAL.
09-22 22:34:16.369 E/light ( 4727): light_open lights buttons failed: -22
09-22 22:34:16.369 E/light ( 4727): Light passthrough failed to load legacy HAL.
09-22 22:34:16.370 E/light ( 4727): light_open lights bluetooth failed: -22
09-22 22:34:16.370 E/light ( 4727): Light passthrough failed to load legacy HAL.
09-22 22:34:16.371 E/light ( 4727): light_open lights wifi failed: -22
09-22 22:34:16.371 E/light ( 4727): Light passthrough failed to load legacy HAL.
09-22 22:34:16.371 I/hwservicemanager( 513): getTransport: Cannot find entry android.hardware.light@2.0::ILight/default in either framework or device VINTF manifest.
09-22 22:34:16.371 E/HidlServiceManagement( 4727): Service android.hardware.light@2.0::ILight/default must be in VINTF manifest in order to register/get.
09-22 22:34:16.371 E/LegacySupport( 4727): Could not register service android.hardware.light@2.0::ILight/default (-2147483648).
09-22 22:34:16.413 I/mpu_uart( 655): [MSG-P:RECV]:No message received in 1000 ms
09-22 22:34:16.665 I/mpu_uart( 655): [MSG-P:R]:recv sync frame timeout
09-22 22:34:17.355 F/linker ( 4729): CANNOT LINK EXECUTABLE "/vendor/bin/hw/sxrservice": library "vendor.qti.hardware.qxr-V1-ndk_platform.so" not found: needed by main executable
09-22 22:34:17.356 F/linker ( 4728): CANNOT LINK EXECUTABLE "/vendor/bin/hw/qvrservice": library "vendor.qti.hardware.qxr-V1-ndk_platform.so" not found: needed by /vendor/lib64/libqvrservice.so in namespace (default)
09-22 22:34:17.413 I/mpu_uart( 655): [MSG-P:RECV]:No message received in 1000 ms
09-22 22:34:18.414 I/mpu_uart( 655): [MSG-P:RECV]:No message received in 1000 ms
09-22 22:34:19.414 I/mpu_uart( 655): [MSG-P:RECV]:No message received in 1000 ms
09-22 22:34:19.666 I/mpu_uart( 655): [MSG-P:R]:recv sync frame timeout
09-22 22:34:20.414 I/mpu_uart( 655): [MSG-P:RECV]:No message received in 1000 ms
09-22 22:34:21.201 V/DisplayPowerController[0]( 1451): Brightness [0.05] reason changing to: 'manual [ dim ]', previous reason: 'manual'.
09-22 22:34:21.201 I/sysui_multi_action( 1451): [757,1696,758,6,759,2]
09-22 22:34:21.201 W/PowerManagerService( 1451): Screen on took 53025 ms
09-22 22:34:21.211 E/DisplayDeviceConfig( 1451): requesting nits when no mapping exists.
09-22 22:34:21.212 E/DisplayDeviceConfig( 1451): requesting nits when no mapping exists.
09-22 22:34:21.213 I/am_wtf ( 1451): [0,1451,system_server,-1,DisplayDeviceConfig,requesting nits when no mapping exists.]
09-22 22:34:21.215 I/DropBoxManagerService( 1451): add tag=system_server_wtf isTagEnabled=true flags=0x2
09-22 22:34:21.217 I/am_wtf ( 1451): [0,1451,system_server,-1,DisplayDeviceConfig,requesting nits when no mapping exists.]
09-22 22:34:21.217 I/DropBoxManagerService( 1451): add tag=system_server_wtf isTagEnabled=true flags=0x2
09-22 22:34:21.228 E/DisplayDeviceConfig( 1451): requesting nits when no mapping exists.
09-22 22:34:21.228 E/DisplayDeviceConfig( 1451): requesting nits when no mapping exists.
09-22 22:34:21.228 I/am_wtf ( 1451): [0,1451,system_server,-1,DisplayDeviceConfig,requesting nits when no mapping exists.]
09-22 22:34:21.229 I/DropBoxManagerService( 1451): add tag=system_server_wtf isTagEnabled=true flags=0x2
09-22 22:34:21.230 I/am_wtf ( 1451): [0,1451,system_server,-1,DisplayDeviceConfig,requesting nits when no mapping exists.]
09-22 22:34:21.231 I/DropBoxManagerService( 1451): add tag=system_server_wtf isTagEnabled=true flags=0x2
09-22 22:34:21.245 E/DisplayDeviceConfig( 1451): requesting nits when no mapping exists.
09-22 22:34:21.245 E/DisplayDeviceConfig( 1451): requesting nits when no mapping exists.
09-22 22:34:21.245 I/am_wtf ( 1451): [0,1451,system_server,-1,DisplayDeviceConfig,requesting nits when no mapping exists.]
09-22 22:34:21.246 I/DropBoxManagerService( 1451): add tag=system_server_wtf isTagEnabled=true flags=0x2
09-22 22:34:21.247 I/am_wtf ( 1451): [0,1451,system_server,-1,DisplayDeviceConfig,requesting nits when no mapping exists.]
09-22 22:34:21.261 E/DisplayDeviceConfig( 1451): requesting nits when no mapping exists.
09-22 22:34:21.262 E/DisplayDeviceConfig( 1451): requesting nits when no mapping exists.
09-22 22:34:21.262 I/am_wtf ( 1451): [0,1451,system_server,-1,DisplayDeviceConfig,requesting nits when no mapping exists.]
09-22 22:34:21.263 I/am_wtf ( 1451): [0,1451,system_server,-1,DisplayDeviceConfig,requesting nits when no mapping exists.]
09-22 22:34:21.278 E/DisplayDeviceConfig( 1451): requesting nits when no mapping exists.
09-22 22:34:21.278 E/DisplayDeviceConfig( 1451): requesting nits when no mapping exists.
09-22 22:34:21.279 I/am_wtf ( 1451): [0,1451,system_server,-1,DisplayDeviceConfig,requesting nits when no mapping exists.]
09-22 22:34:21.279 I/am_wtf ( 1451): [0,1451,system_server,-1,DisplayDeviceConfig,requesting nits when no mapping exists.]
09-22 22:34:21.294 E/DisplayDeviceConfig( 1451): requesting nits when no mapping exists.
09-22 22:34:21.295 E/DisplayDeviceConfig( 1451): requesting nits when no mapping exists.
09-22 22:34:21.295 I/am_wtf ( 1451): [0,1451,system_server,-1,DisplayDeviceConfig,requesting nits when no mapping exists.]
09-22 22:34:21.296 I/am_wtf ( 1451): [0,1451,system_server,-1,DisplayDeviceConfig,requesting nits when no mapping exists.]
09-22 22:34:21.311 E/DisplayDeviceConfig( 1451): requesting nits when no mapping exists.
09-22 22:34:21.312 E/DisplayDeviceConfig( 1451): requesting nits when no mapping exists.
09-22 22:34:21.312 I/am_wtf ( 1451): [0,1451,system_server,-1,DisplayDeviceConfig,requesting nits when no mapping exists.]
09-22 22:34:21.313 I/am_wtf ( 1451): [0,1451,system_server,-1,DisplayDeviceConfig,requesting nits when no mapping exists.]
09-22 22:34:21.328 E/DisplayDeviceConfig( 1451): requesting nits when no mapping exists.
09-22 22:34:21.329 E/DisplayDeviceConfig( 1451): requesting nits when no mapping exists.
09-22 22:34:21.329 I/am_wtf ( 1451): [0,1451,system_server,-1,DisplayDeviceConfig,requesting nits when no mapping exists.]
09-22 22:34:21.330 I/am_wtf ( 1451): [0,1451,system_server,-1,DisplayDeviceConfig,requesting nits when no mapping exists.]
09-22 22:34:21.344 E/DisplayDeviceConfig( 1451): requesting nits when no mapping exists.
09-22 22:34:21.345 E/DisplayDeviceConfig( 1451): requesting nits when no mapping exists.
09-22 22:34:21.345 I/am_wtf ( 1451): [0,1451,system_server,-1,DisplayDeviceConfig,requesting nits when no mapping exists.]
09-22 22:34:21.346 I/am_wtf ( 1451): [0,1451,system_server,-1,DisplayDeviceConfig,requesting nits when no mapping exists.]
09-22 22:34:21.361 E/DisplayDeviceConfig( 1451): requesting nits when no mapping exists.
09-22 22:34:21.362 E/DisplayDeviceConfig( 1451): requesting nits when no mapping exists.
09-22 22:34:21.362 I/am_wtf ( 1451): [0,1451,system_server,-1,DisplayDeviceConfig,requesting nits when no mapping exists.]
09-22 22:34:21.363 I/am_wtf ( 1451): [0,1451,system_server,-1,DisplayDeviceConfig,requesting nits when no mapping exists.]
09-22 22:34:21.372 I/hwservicemanager( 513): getTransport: Cannot find entry android.hardware.light@2.0::ILight/default in either framework or device VINTF manifest.
09-22 22:34:21.373 E/light ( 4730): light_open lights keyboard failed: -22
09-22 22:34:21.374 E/light ( 4730): Light passthrough failed to load legacy HAL.
09-22 22:34:21.374 E/light ( 4730): light_open lights buttons failed: -22
09-22 22:34:21.374 E/light ( 4730): Light passthrough failed to load legacy HAL.
09-22 22:34:21.375 E/light ( 4730): light_open lights bluetooth failed: -22
09-22 22:34:21.375 E/light ( 4730): Light passthrough failed to load legacy HAL.
09-22 22:34:21.376 E/light ( 4730): light_open lights wifi failed: -22
09-22 22:34:21.376 E/light ( 4730): Light passthrough failed to load legacy HAL.
09-22 22:34:21.376 I/hwservicemanager( 513): getTransport: Cannot find entry android.hardware.light@2.0::ILight/default in either framework or device VINTF manifest.
09-22 22:34:21.376 E/HidlServiceManagement( 4730): Service android.hardware.light@2.0::ILight/default must be in VINTF manifest in order to register/get.
09-22 22:34:21.376 E/LegacySupport( 4730): Could not register service android.hardware.light@2.0::ILight/default (-2147483648).
09-22 22:34:21.378 E/DisplayDeviceConfig( 1451): requesting nits when no mapping exists.
09-22 22:34:21.378 E/DisplayDeviceConfig( 1451): requesting nits when no mapping exists.
09-22 22:34:21.378 I/am_wtf ( 1451): [0,1451,system_server,-1,DisplayDeviceConfig,requesting nits when no mapping exists.]
09-22 22:34:21.378 I/am_wtf ( 1451): [0,1451,system_server,-1,DisplayDeviceConfig,requesting nits when no mapping exists.]
09-22 22:34:21.395 E/DisplayDeviceConfig( 1451): requesting nits when no mapping exists.
09-22 22:34:21.395 I/am_wtf ( 1451): [0,1451,system_server,-1,DisplayDeviceConfig,requesting nits when no mapping exists.]
09-22 22:34:21.396 E/DisplayDeviceConfig( 1451): requesting nits when no mapping exists.
09-22 22:34:21.396 I/am_wtf ( 1451): [0,1451,system_server,-1,DisplayDeviceConfig,requesting nits when no mapping exists.]
09-22 22:34:21.411 E/DisplayDeviceConfig( 1451): requesting nits when no mapping exists.
09-22 22:34:21.412 E/DisplayDeviceConfig( 1451): requesting nits when no mapping exists.
09-22 22:34:21.412 I/am_wtf ( 1451): [0,1451,system_server,-1,DisplayDeviceConfig,requesting nits when no mapping exists.]
09-22 22:34:21.413 I/am_wtf ( 1451): [0,1451,system_server,-1,DisplayDeviceConfig,requesting nits when no mapping exists.]
09-22 22:34:21.415 I/mpu_uart( 655): [MSG-P:RECV]:No message received in 1000 ms
09-22 22:34:21.428 E/DisplayDeviceConfig( 1451): requesting nits when no mapping exists.
09-22 22:34:21.429 I/am_wtf ( 1451): [0,1451,system_server,-1,DisplayDeviceConfig,requesting nits when no mapping exists.]
09-22 22:34:21.430 E/DisplayDeviceConfig( 1451): requesting nits when no mapping exists.
09-22 22:34:21.431 I/am_wtf ( 1451): [0,1451,system_server,-1,DisplayDeviceConfig,requesting nits when no mapping exists.]
09-22 22:34:21.445 E/DisplayDeviceConfig( 1451): requesting nits when no mapping exists.
09-22 22:34:21.446 E/DisplayDeviceConfig( 1451): requesting nits when no mapping exists.
09-22 22:34:21.446 I/am_wtf ( 1451): [0,1451,system_server,-1,DisplayDeviceConfig,requesting nits when no mapping exists.]
09-22 22:34:21.447 I/am_wtf ( 1451): [0,1451,system_server,-1,DisplayDeviceConfig,requesting nits when no mapping exists.]
09-22 22:34:21.461 E/DisplayDeviceConfig( 1451): requesting nits when no mapping exists.
09-22 22:34:21.462 E/DisplayDeviceConfig( 1451): requesting nits when no mapping exists.
09-22 22:34:21.462 I/am_wtf ( 1451): [0,1451,system_server,-1,DisplayDeviceConfig,requesting nits when no mapping exists.]
09-22 22:34:21.463 I/service_manager_stats( 1451): [100,61,73393]
09-22 22:34:21.463 I/am_wtf ( 1451): [0,1451,system_server,-1,DisplayDeviceConfig,requesting nits when no mapping exists.]
09-22 22:34:21.478 E/DisplayDeviceConfig( 1451): requesting nits when no mapping exists.
09-22 22:34:21.479 E/DisplayDeviceConfig( 1451): requesting nits when no mapping exists.
09-22 22:34:21.479 I/am_wtf ( 1451): [0,1451,system_server,-1,DisplayDeviceConfig,requesting nits when no mapping exists.]
09-22 22:34:21.480 I/am_wtf ( 1451): [0,1451,system_server,-1,DisplayDeviceConfig,requesting nits when no mapping exists.]
09-22 22:34:21.495 E/DisplayDeviceConfig( 1451): requesting nits when no mapping exists.
09-22 22:34:21.496 E/DisplayDeviceConfig( 1451): requesting nits when no mapping exists.
09-22 22:34:21.496 I/am_wtf ( 1451): [0,1451,system_server,-1,DisplayDeviceConfig,requesting nits when no mapping exists.]
09-22 22:34:21.497 I/am_wtf ( 1451): [0,1451,system_server,-1,DisplayDeviceConfig,requesting nits when no mapping exists.]
09-22 22:34:21.512 E/DisplayDeviceConfig( 1451): requesting nits when no mapping exists.
09-22 22:34:21.513 I/am_wtf ( 1451): [0,1451,system_server,-1,DisplayDeviceConfig,requesting nits when no mapping exists.]
09-22 22:34:21.514 E/DisplayDeviceConfig( 1451): requesting nits when no mapping exists.
09-22 22:34:21.515 I/am_wtf ( 1451): [0,1451,system_server,-1,DisplayDeviceConfig,requesting nits when no mapping exists.]
09-22 22:34:21.529 E/DisplayDeviceConfig( 1451): requesting nits when no mapping exists.
09-22 22:34:21.529 E/DisplayDeviceConfig( 1451): requesting nits when no mapping exists.
09-22 22:34:21.529 I/am_wtf ( 1451): [0,1451,system_server,-1,DisplayDeviceConfig,requesting nits when no mapping exists.]
09-22 22:34:21.530 I/am_wtf ( 1451): [0,1451,system_server,-1,DisplayDeviceConfig,requesting nits when no mapping exists.]
09-22 22:34:21.545 E/DisplayDeviceConfig( 1451): requesting nits when no mapping exists.
09-22 22:34:21.546 I/am_wtf ( 1451): [0,1451,system_server,-1,DisplayDeviceConfig,requesting nits when no mapping exists.]
09-22 22:34:21.547 E/DisplayDeviceConfig( 1451): requesting nits when no mapping exists.
09-22 22:34:21.548 I/am_wtf ( 1451): [0,1451,system_server,-1,DisplayDeviceConfig,requesting nits when no mapping exists.]
09-22 22:34:21.562 E/DisplayDeviceConfig( 1451): requesting nits when no mapping exists.
09-22 22:34:21.562 E/DisplayDeviceConfig( 1451): requesting nits when no mapping exists.
09-22 22:34:21.562 I/am_wtf ( 1451): [0,1451,system_server,-1,DisplayDeviceConfig,requesting nits when no mapping exists.]
09-22 22:34:21.563 I/am_wtf ( 1451): [0,1451,system_server,-1,DisplayDeviceConfig,requesting nits when no mapping exists.]
09-22 22:34:21.579 E/DisplayDeviceConfig( 1451): requesting nits when no mapping exists.
09-22 22:34:21.579 E/DisplayDeviceConfig( 1451): requesting nits when no mapping exists.
09-22 22:34:21.579 I/am_wtf ( 1451): [0,1451,system_server,-1,DisplayDeviceConfig,requesting nits when no mapping exists.]
09-22 22:34:21.580 I/am_wtf ( 1451): [0,1451,system_server,-1,DisplayDeviceConfig,requesting nits when no mapping exists.]
09-22 22:34:21.595 E/DisplayDeviceConfig( 1451): requesting nits when no mapping exists.
09-22 22:34:21.595 I/am_wtf ( 1451): [0,1451,system_server,-1,DisplayDeviceConfig,requesting nits when no mapping exists.]
09-22 22:34:21.596 E/DisplayDeviceConfig( 1451): requesting nits when no mapping exists.
09-22 22:34:21.596 I/am_wtf ( 1451): [0,1451,system_server,-1,DisplayDeviceConfig,requesting nits when no mapping exists.]
09-22 22:34:21.612 E/DisplayDeviceConfig( 1451): requesting nits when no mapping exists.
09-22 22:34:21.612 E/DisplayDeviceConfig( 1451): requesting nits when no mapping exists.
09-22 22:34:21.612 I/am_wtf ( 1451): [0,1451,system_server,-1,DisplayDeviceConfig,requesting nits when no mapping exists.]
09-22 22:34:21.614 I/am_wtf ( 1451): [0,1451,system_server,-1,DisplayDeviceConfig,requesting nits when no mapping exists.]
09-22 22:34:21.616 I/OpenGLRenderer( 2203): Davey! duration=9223371567972ms; Flags=0, FrameTimelineVsyncId=24134, IntendedVsync=468882016257, Vsync=468882016257, InputEventId=0, HandleInputStart=468882742476, AnimationStart=468882746069, PerformTraversalsStart=468882748569, DrawStart=468938843726, FrameDeadline=468898682923, FrameInterval=468882731121, FrameStartTime=16666666, SyncQueued=468939857892, SyncStart=468940076903, IssueDrawCommandsStart=468941086955, SwapBuffers=468944171382, FrameCompleted=9223372036854775807, DequeueBufferDuration=49375, QueueBufferDuration=770156, GpuCompleted=9223372036854775807, SwapBuffersCompleted=468945526642, DisplayPresentTime=0,
09-22 22:34:21.629 E/DisplayDeviceConfig( 1451): requesting nits when no mapping exists.
09-22 22:34:21.629 E/DisplayDeviceConfig( 1451): requesting nits when no mapping exists.
09-22 22:34:21.629 I/am_wtf ( 1451): [0,1451,system_server,-1,DisplayDeviceConfig,requesting nits when no mapping exists.]
09-22 22:34:21.630 I/am_wtf ( 1451): [0,1451,system_server,-1,DisplayDeviceConfig,requesting nits when no mapping exists.]
09-22 22:34:21.647 E/DisplayDeviceConfig( 1451): requesting nits when no mapping exists.
09-22 22:34:21.647 I/am_wtf ( 1451): [0,1451,system_server,-1,DisplayDeviceConfig,requesting nits when no mapping exists.]
09-22 22:34:21.648 E/DisplayDeviceConfig( 1451): requesting nits when no mapping exists.
09-22 22:34:21.648 I/am_wtf ( 1451): [0,1451,system_server,-1,DisplayDeviceConfig,requesting nits when no mapping exists.]
09-22 22:34:21.661 E/DisplayDeviceConfig( 1451): requesting nits when no mapping exists.
09-22 22:34:21.661 E/DisplayDeviceConfig( 1451): requesting nits when no mapping exists.
09-22 22:34:21.661 I/am_wtf ( 1451): [0,1451,system_server,-1,DisplayDeviceConfig,requesting nits when no mapping exists.]
09-22 22:34:21.663 I/am_wtf ( 1451): [0,1451,system_server,-1,DisplayDeviceConfig,requesting nits when no mapping exists.]
09-22 22:34:21.678 E/DisplayDeviceConfig( 1451): requesting nits when no mapping exists.
09-22 22:34:21.679 I/am_wtf ( 1451): [0,1451,system_server,-1,DisplayDeviceConfig,requesting nits when no mapping exists.]
09-22 22:34:21.680 E/DisplayDeviceConfig( 1451): requesting nits when no mapping exists.
09-22 22:34:21.680 I/am_wtf ( 1451): [0,1451,system_server,-1,DisplayDeviceConfig,requesting nits when no mapping exists.]
09-22 22:34:21.694 E/DisplayDeviceConfig( 1451): requesting nits when no mapping exists.
09-22 22:34:21.695 I/am_wtf ( 1451): [0,1451,system_server,-1,DisplayDeviceConfig,requesting nits when no mapping exists.]
09-22 22:34:21.695 E/DisplayDeviceConfig( 1451): requesting nits when no mapping exists.
09-22 22:34:21.696 I/am_wtf ( 1451): [0,1451,system_server,-1,DisplayDeviceConfig,requesting nits when no mapping exists.]
09-22 22:34:21.711 E/DisplayDeviceConfig( 1451): requesting nits when no mapping exists.
09-22 22:34:21.711 I/am_wtf ( 1451): [0,1451,system_server,-1,DisplayDeviceConfig,requesting nits when no mapping exists.]
09-22 22:34:21.712 E/DisplayDeviceConfig( 1451): requesting nits when no mapping exists.
09-22 22:34:21.712 I/am_wtf ( 1451): [0,1451,system_server,-1,DisplayDeviceConfig,requesting nits when no mapping exists.]
09-22 22:34:21.728 E/DisplayDeviceConfig( 1451): requesting nits when no mapping exists.
09-22 22:34:21.729 I/am_wtf ( 1451): [0,1451,system_server,-1,DisplayDeviceConfig,requesting nits when no mapping exists.]
09-22 22:34:21.729 E/DisplayDeviceConfig( 1451): requesting nits when no mapping exists.
09-22 22:34:21.730 I/am_wtf ( 1451): [0,1451,system_server,-1,DisplayDeviceConfig,requesting nits when no mapping exists.]
09-22 22:34:21.745 E/DisplayDeviceConfig( 1451): requesting nits when no mapping exists.
09-22 22:34:21.745 E/DisplayDeviceConfig( 1451): requesting nits when no mapping exists.
09-22 22:34:21.745 I/am_wtf ( 1451): [0,1451,system_server,-1,DisplayDeviceConfig,requesting nits when no mapping exists.]
09-22 22:34:21.746 I/am_wtf ( 1451): [0,1451,system_server,-1,DisplayDeviceConfig,requesting nits when no mapping exists.]
09-22 22:34:21.761 E/DisplayDeviceConfig( 1451): requesting nits when no mapping exists.
09-22 22:34:21.762 E/DisplayDeviceConfig( 1451): requesting nits when no mapping exists.
09-22 22:34:21.762 I/am_wtf ( 1451): [0,1451,system_server,-1,DisplayDeviceConfig,requesting nits when no mapping exists.]
09-22 22:34:21.763 I/am_wtf ( 1451): [0,1451,system_server,-1,DisplayDeviceConfig,requesting nits when no mapping exists.]
09-22 22:34:21.764 W/System ( 1451): A resource failed to call close.
09-22 22:34:21.765 W/System ( 1451): A resource failed to call release.
09-22 22:34:21.779 E/DisplayDeviceConfig( 1451): requesting nits when no mapping exists.
09-22 22:34:21.779 I/am_wtf ( 1451): [0,1451,system_server,-1,DisplayDeviceConfig,requesting nits when no mapping exists.]
09-22 22:34:21.781 E/DisplayDeviceConfig( 1451): requesting nits when no mapping exists.
09-22 22:34:21.781 I/am_wtf ( 1451): [0,1451,system_server,-1,DisplayDeviceConfig,requesting nits when no mapping exists.]
09-22 22:34:21.795 E/DisplayDeviceConfig( 1451): requesting nits when no mapping exists.
09-22 22:34:21.795 I/am_wtf ( 1451): [0,1451,system_server,-1,DisplayDeviceConfig,requesting nits when no mapping exists.]
09-22 22:34:21.795 E/DisplayDeviceConfig( 1451): requesting nits when no mapping exists.
09-22 22:34:21.797 I/am_wtf ( 1451): [0,1451,system_server,-1,DisplayDeviceConfig,requesting nits when no mapping exists.]
09-22 22:34:21.812 E/DisplayDeviceConfig( 1451): requesting nits when no mapping exists.
09-22 22:34:21.812 I/am_wtf ( 1451): [0,1451,system_server,-1,DisplayDeviceConfig,requesting nits when no mapping exists.]
09-22 22:34:21.812 E/DisplayDeviceConfig( 1451): requesting nits when no mapping exists.
09-22 22:34:21.813 I/am_wtf ( 1451): [0,1451,system_server,-1,DisplayDeviceConfig,requesting nits when no mapping exists.]
09-22 22:34:21.828 E/DisplayDeviceConfig( 1451): requesting nits when no mapping exists.
09-22 22:34:21.829 I/am_wtf ( 1451): [0,1451,system_server,-1,DisplayDeviceConfig,requesting nits when no mapping exists.]
09-22 22:34:21.829 E/DisplayDeviceConfig( 1451): requesting nits when no mapping exists.
09-22 22:34:21.830 I/am_wtf ( 1451): [0,1451,system_server,-1,DisplayDeviceConfig,requesting nits when no mapping exists.]
09-22 22:34:21.845 E/DisplayDeviceConfig( 1451): requesting nits when no mapping exists.
09-22 22:34:21.845 I/am_wtf ( 1451): [0,1451,system_server,-1,DisplayDeviceConfig,requesting nits when no mapping exists.]
09-22 22:34:21.845 E/DisplayDeviceConfig( 1451): requesting nits when no mapping exists.
09-22 22:34:21.846 I/am_wtf ( 1451): [0,1451,system_server,-1,DisplayDeviceConfig,requesting nits when no mapping exists.]
09-22 22:34:21.861 E/DisplayDeviceConfig( 1451): requesting nits when no mapping exists.
09-22 22:34:21.862 I/am_wtf ( 1451): [0,1451,system_server,-1,DisplayDeviceConfig,requesting nits when no mapping exists.]
09-22 22:34:21.862 E/DisplayDeviceConfig( 1451): requesting nits when no mapping exists.
09-22 22:34:21.863 I/am_wtf ( 1451): [0,1451,system_server,-1,DisplayDeviceConfig,requesting nits when no mapping exists.]
09-22 22:34:21.878 E/DisplayDeviceConfig( 1451): requesting nits when no mapping exists.
09-22 22:34:21.879 I/am_wtf ( 1451): [0,1451,system_server,-1,DisplayDeviceConfig,requesting nits when no mapping exists.]
09-22 22:34:21.879 E/DisplayDeviceConfig( 1451): requesting nits when no mapping exists.
09-22 22:34:21.880 I/am_wtf ( 1451): [0,1451,system_server,-1,DisplayDeviceConfig,requesting nits when no mapping exists.]
09-22 22:34:21.895 E/DisplayDeviceConfig( 1451): requesting nits when no mapping exists.
09-22 22:34:21.896 I/am_wtf ( 1451): [0,1451,system_server,-1,DisplayDeviceConfig,requesting nits when no mapping exists.]
09-22 22:34:21.896 E/DisplayDeviceConfig( 1451): requesting nits when no mapping exists.
09-22 22:34:21.897 I/am_wtf ( 1451): [0,1451,system_server,-1,DisplayDeviceConfig,requesting nits when no mapping exists.]
09-22 22:34:21.912 E/DisplayDeviceConfig( 1451): requesting nits when no mapping exists.
09-22 22:34:21.912 I/am_wtf ( 1451): [0,1451,system_server,-1,DisplayDeviceConfig,requesting nits when no mapping exists.]
09-22 22:34:21.912 E/DisplayDeviceConfig( 1451): requesting nits when no mapping exists.
09-22 22:34:21.913 I/am_wtf ( 1451): [0,1451,system_server,-1,DisplayDeviceConfig,requesting nits when no mapping exists.]
09-22 22:34:21.928 E/DisplayDeviceConfig( 1451): requesting nits when no mapping exists.
09-22 22:34:21.929 I/am_wtf ( 1451): [0,1451,system_server,-1,DisplayDeviceConfig,requesting nits when no mapping exists.]
09-22 22:34:21.929 E/DisplayDeviceConfig( 1451): requesting nits when no mapping exists.
09-22 22:34:21.930 I/am_wtf ( 1451): [0,1451,system_server,-1,DisplayDeviceConfig,requesting nits when no mapping exists.]
09-22 22:34:21.945 E/DisplayDeviceConfig( 1451): requesting nits when no mapping exists.
09-22 22:34:21.946 I/am_wtf ( 1451): [0,1451,system_server,-1,DisplayDeviceConfig,requesting nits when no mapping exists.]
09-22 22:34:21.946 E/DisplayDeviceConfig( 1451): requesting nits when no mapping exists.
09-22 22:34:21.947 I/am_wtf ( 1451): [0,1451,system_server,-1,DisplayDeviceConfig,requesting nits when no mapping exists.]
09-22 22:34:21.962 E/DisplayDeviceConfig( 1451): requesting nits when no mapping exists.
09-22 22:34:21.963 E/DisplayDeviceConfig( 1451): requesting nits when no mapping exists.
09-22 22:34:21.963 I/am_wtf ( 1451): [0,1451,system_server,-1,DisplayDeviceConfig,requesting nits when no mapping exists.]
09-22 22:34:21.964 I/am_wtf ( 1451): [0,1451,system_server,-1,DisplayDeviceConfig,requesting nits when no mapping exists.]
09-22 22:34:21.979 E/DisplayDeviceConfig( 1451): requesting nits when no mapping exists.
09-22 22:34:21.979 E/DisplayDeviceConfig( 1451): requesting nits when no mapping exists.
09-22 22:34:21.979 I/am_wtf ( 1451): [0,1451,system_server,-1,DisplayDeviceConfig,requesting nits when no mapping exists.]
09-22 22:34:21.980 I/am_wtf ( 1451): [0,1451,system_server,-1,DisplayDeviceConfig,requesting nits when no mapping exists.]
09-22 22:34:21.995 E/DisplayDeviceConfig( 1451): requesting nits when no mapping exists.
09-22 22:34:21.996 I/am_wtf ( 1451): [0,1451,system_server,-1,DisplayDeviceConfig,requesting nits when no mapping exists.]
09-22 22:34:21.996 E/DisplayDeviceConfig( 1451): requesting nits when no mapping exists.
09-22 22:34:21.997 I/am_wtf ( 1451): [0,1451,system_server,-1,DisplayDeviceConfig,requesting nits when no mapping exists.]
09-22 22:34:22.012 E/DisplayDeviceConfig( 1451): requesting nits when no mapping exists.
09-22 22:34:22.012 I/am_wtf ( 1451): [0,1451,system_server,-1,DisplayDeviceConfig,requesting nits when no mapping exists.]
09-22 22:34:22.012 E/DisplayDeviceConfig( 1451): requesting nits when no mapping exists.
09-22 22:34:22.013 I/am_wtf ( 1451): [0,1451,system_server,-1,DisplayDeviceConfig,requesting nits when no mapping exists.]
09-22 22:34:22.029 E/DisplayDeviceConfig( 1451): requesting nits when no mapping exists.
09-22 22:34:22.029 E/DisplayDeviceConfig( 1451): requesting nits when no mapping exists.
09-22 22:34:22.029 I/am_wtf ( 1451): [0,1451,system_server,-1,DisplayDeviceConfig,requesting nits when no mapping exists.]
09-22 22:34:22.030 I/am_wtf ( 1451): [0,1451,system_server,-1,DisplayDeviceConfig,requesting nits when no mapping exists.]
09-22 22:34:22.045 E/DisplayDeviceConfig( 1451): requesting nits when no mapping exists.
09-22 22:34:22.046 I/am_wtf ( 1451): [0,1451,system_server,-1,DisplayDeviceConfig,requesting nits when no mapping exists.]
09-22 22:34:22.046 E/DisplayDeviceConfig( 1451): requesting nits when no mapping exists.
09-22 22:34:22.047 I/am_wtf ( 1451): [0,1451,system_server,-1,DisplayDeviceConfig,requesting nits when no mapping exists.]
09-22 22:34:22.062 E/DisplayDeviceConfig( 1451): requesting nits when no mapping exists.
09-22 22:34:22.063 E/DisplayDeviceConfig( 1451): requesting nits when no mapping exists.
09-22 22:34:22.063 I/am_wtf ( 1451): [0,1451,system_server,-1,DisplayDeviceConfig,requesting nits when no mapping exists.]
09-22 22:34:22.064 I/am_wtf ( 1451): [0,1451,system_server,-1,DisplayDeviceConfig,requesting nits when no mapping exists.]
09-22 22:34:22.079 E/DisplayDeviceConfig( 1451): requesting nits when no mapping exists.
09-22 22:34:22.079 E/DisplayDeviceConfig( 1451): requesting nits when no mapping exists.
09-22 22:34:22.079 I/am_wtf ( 1451): [0,1451,system_server,-1,DisplayDeviceConfig,requesting nits when no mapping exists.]
09-22 22:34:22.080 I/am_wtf ( 1451): [0,1451,system_server,-1,DisplayDeviceConfig,requesting nits when no mapping exists.]
09-22 22:34:22.095 E/DisplayDeviceConfig( 1451): requesting nits when no mapping exists.
09-22 22:34:22.096 I/am_wtf ( 1451): [0,1451,system_server,-1,DisplayDeviceConfig,requesting nits when no mapping exists.]
09-22 22:34:22.096 E/DisplayDeviceConfig( 1451): requesting nits when no mapping exists.
09-22 22:34:22.097 I/am_wtf ( 1451): [0,1451,system_server,-1,DisplayDeviceConfig,requesting nits when no mapping exists.]
09-22 22:34:22.112 E/DisplayDeviceConfig( 1451): requesting nits when no mapping exists.
09-22 22:34:22.113 I/am_wtf ( 1451): [0,1451,system_server,-1,DisplayDeviceConfig,requesting nits when no mapping exists.]
09-22 22:34:22.113 E/DisplayDeviceConfig( 1451): requesting nits when no mapping exists.
09-22 22:34:22.114 I/am_wtf ( 1451): [0,1451,system_server,-1,DisplayDeviceConfig,requesting nits when no mapping exists.]
09-22 22:34:22.129 E/DisplayDeviceConfig( 1451): requesting nits when no mapping exists.
09-22 22:34:22.129 I/am_wtf ( 1451): [0,1451,system_server,-1,DisplayDeviceConfig,requesting nits when no mapping exists.]
09-22 22:34:22.129 E/DisplayDeviceConfig( 1451): requesting nits when no mapping exists.
09-22 22:34:22.131 I/am_wtf ( 1451): [0,1451,system_server,-1,DisplayDeviceConfig,requesting nits when no mapping exists.]
09-22 22:34:22.146 E/DisplayDeviceConfig( 1451): requesting nits when no mapping exists.
09-22 22:34:22.146 I/am_wtf ( 1451): [0,1451,system_server,-1,DisplayDeviceConfig,requesting nits when no mapping exists.]
09-22 22:34:22.146 E/DisplayDeviceConfig( 1451): requesting nits when no mapping exists.
09-22 22:34:22.147 I/am_wtf ( 1451): [0,1451,system_server,-1,DisplayDeviceConfig,requesting nits when no mapping exists.]
09-22 22:34:22.162 E/DisplayDeviceConfig( 1451): requesting nits when no mapping exists.
09-22 22:34:22.163 E/DisplayDeviceConfig( 1451): requesting nits when no mapping exists.
09-22 22:34:22.163 I/am_wtf ( 1451): [0,1451,system_server,-1,DisplayDeviceConfig,requesting nits when no mapping exists.]
09-22 22:34:22.164 I/am_wtf ( 1451): [0,1451,system_server,-1,DisplayDeviceConfig,requesting nits when no mapping exists.]
09-22 22:34:22.364 F/linker ( 4732): CANNOT LINK EXECUTABLE "/vendor/bin/hw/sxrservice": library "vendor.qti.hardware.qxr-V1-ndk_platform.so" not found: needed by main executable
09-22 22:34:22.364 F/linker ( 4731): CANNOT LINK EXECUTABLE "/vendor/bin/hw/qvrservice": library "vendor.qti.hardware.qxr-V1-ndk_platform.so" not found: needed by /vendor/lib64/libqvrservice.so in namespace (default)
09-22 22:34:22.415 I/mpu_uart( 655): [MSG-P:RECV]:No message received in 1000 ms
09-22 22:34:22.618 I/OpenGLRenderer( 2203): Davey! duration=9223371566971ms; Flags=0, FrameTimelineVsyncId=24175, IntendedVsync=469883331706, Vsync=469883331706, InputEventId=0, HandleInputStart=469884176538, AnimationStart=469884180913, PerformTraversalsStart=469884183933, DrawStart=469939613308, FrameDeadline=469899998372, FrameInterval=469884163621, FrameStartTime=16666666, SyncQueued=469940662163, SyncStart=469940741225, IssueDrawCommandsStart=469941790965, SwapBuffers=469944922788, FrameCompleted=9223372036854775807, DequeueBufferDuration=49895, QueueBufferDuration=820104, GpuCompleted=9223372036854775807, SwapBuffersCompleted=469946257944, DisplayPresentTime=0,
09-22 22:34:22.670 I/mpu_uart( 655): [MSG-P:R]:recv sync frame timeout
09-22 22:34:23.416 I/mpu_uart( 655): [MSG-P:RECV]:No message received in 1000 ms
09-22 22:34:24.416 I/mpu_uart( 655): [MSG-P:RECV]:No message received in 1000 ms
09-22 22:34:25.417 I/mpu_uart( 655): [MSG-P:RECV]:No message received in 1000 ms
09-22 22:34:25.673 I/mpu_uart( 655): [MSG-P:R]:recv sync frame timeout
09-22 22:34:26.384 I/hwservicemanager( 513): getTransport: Cannot find entry android.hardware.light@2.0::ILight/default in either framework or device VINTF manifest.
09-22 22:34:26.386 E/light ( 4733): light_open lights keyboard failed: -22
09-22 22:34:26.386 E/light ( 4733): Light passthrough failed to load legacy HAL.
09-22 22:34:26.387 E/light ( 4733): light_open lights buttons failed: -22
09-22 22:34:26.387 E/light ( 4733): Light passthrough failed to load legacy HAL.
09-22 22:34:26.388 E/light ( 4733): light_open lights bluetooth failed: -22
09-22 22:34:26.388 E/light ( 4733): Light passthrough failed to load legacy HAL.
09-22 22:34:26.388 E/light ( 4733): light_open lights wifi failed: -22
09-22 22:34:26.388 E/light ( 4733): Light passthrough failed to load legacy HAL.
09-22 22:34:26.389 I/hwservicemanager( 513): getTransport: Cannot find entry android.hardware.light@2.0::ILight/default in either framework or device VINTF manifest.
09-22 22:34:26.389 E/HidlServiceManagement( 4733): Service android.hardware.light@2.0::ILight/default must be in VINTF manifest in order to register/get.
09-22 22:34:26.389 E/LegacySupport( 4733): Could not register service android.hardware.light@2.0::ILight/default (-2147483648).
09-22 22:34:26.417 I/mpu_uart( 655): [MSG-P:RECV]:No message received in 1000 ms
09-22 22:34:27.371 F/linker ( 4735): CANNOT LINK EXECUTABLE "/vendor/bin/hw/sxrservice": library "vendor.qti.hardware.qxr-V1-ndk_platform.so" not found: needed by main executable
09-22 22:34:27.372 F/linker ( 4734): CANNOT LINK EXECUTABLE "/vendor/bin/hw/qvrservice": library "vendor.qti.hardware.qxr-V1-ndk_platform.so" not found: needed by /vendor/lib64/libqvrservice.so in namespace (default)
09-22 22:34:27.417 I/mpu_uart( 655): [MSG-P:RECV]:No message received in 1000 ms
09-22 22:34:28.198 I/am_uid_idle( 1451): 10066
09-22 22:34:28.418 I/mpu_uart( 655): [MSG-P:RECV]:No message received in 1000 ms
09-22 22:34:28.422 I/PowerManagerService( 1451): Napping display group (groupId=0, uid=1000)...
09-22 22:34:28.422 I/PowerManagerService( 1451): Nap time (uid 1000)...
09-22 22:34:28.424 I/DreamManagerService( 1451): Entering dreamland.
09-22 22:34:28.426 I/PowerManagerService( 1451): Dreaming...
09-22 22:34:28.427 I/DreamController( 1451): Starting dream: name=ComponentInfo{com.android.deskclock/com.android.deskclock.Screensaver}, isTest=false, canDoze=false, userId=0
09-22 22:34:28.427 I/sysui_multi_action( 1451): [757,222,758,1]
09-22 22:34:28.430 I/am_uid_active( 1451): 10066
09-22 22:34:28.432 D/CompatibilityInfo( 1451): mCompatibilityFlags - 4
09-22 22:34:28.432 D/CompatibilityInfo( 1451): applicationDensity - 240
09-22 22:34:28.432 D/CompatibilityInfo( 1451): applicationScale - 1.0
09-22 22:34:28.433 V/ShadeControllerImpl( 1803): NotificationShadeWindow: com.android.systemui.statusbar.phone.NotificationShadeWindowView{6600874 I.E...... ......ID 0,0-2380,1020} canPanelBeCollapsed(): false
09-22 22:34:28.438 I/ActivityTaskManager( 1451): START u0 {flg=0x10000000 pkg=com.android.deskclock cmp=com.android.deskclock/android.service.dreams.DreamActivity (has extras)} from uid 10066
09-22 22:34:28.439 I/EventSequenceValidator( 1451): inc AccIntentStartedEvents to 2
09-22 22:34:28.440 I/wm_task_created( 1451): [20,-1]
09-22 22:34:28.440 W/ActivityTaskManager( 1451): Can't find TaskDisplayArea to determine support for multi window. Task id=20 attached=false
09-22 22:34:28.444 I/wm_task_moved( 1451): [20,1,9]
09-22 22:34:28.444 I/wm_task_to_front( 1451): [0,20]
09-22 22:34:28.445 I/wm_create_task( 1451): [0,20]
09-22 22:34:28.445 I/wm_create_activity( 1451): [0,110618533,20,com.android.deskclock/android.service.dreams.DreamActivity,NULL,NULL,NULL,276824064]
09-22 22:34:28.445 I/wm_task_moved( 1451): [20,1,9]
09-22 22:34:28.445 I/wm_on_top_resumed_lost_called( 2203): [2744048,com.android.settings.Settings,topStateChangedWhenResumed]
09-22 22:34:28.445 D/CompatibilityInfo( 1451): mCompatibilityFlags - 4
09-22 22:34:28.445 D/CompatibilityInfo( 1451): applicationDensity - 240
09-22 22:34:28.445 D/CompatibilityInfo( 1451): applicationScale - 1.0
09-22 22:34:28.446 D/ActivityTrigger( 1451): ActivityTrigger activityPauseTrigger
09-22 22:34:28.447 I/wm_pause_activity( 1451): [0,89524022,com.android.launcher3/.uioverrides.QuickstepLauncher,userLeaving=true,pauseBackTasks]
09-22 22:34:28.449 I/wm_on_paused_called( 2392): [89524022,com.android.launcher3.uioverrides.QuickstepLauncher,performPause]
09-22 22:34:28.453 I/ActivityTaskManager( 1451): The Process com.android.deskclock Already Exists in BG. So sending its PID: 2538
09-22 22:34:28.453 W/ActivityTaskManager( 1451): Tried to set launchTime (0) < mLastActivityLaunchTime (394947)
09-22 22:34:28.453 I/wm_add_to_stopping( 1451): [0,89524022,com.android.launcher3/.uioverrides.QuickstepLauncher,makeInvisible]
09-22 22:34:28.454 I/wm_restart_activity( 1451): [0,110618533,20,com.android.deskclock/android.service.dreams.DreamActivity]
09-22 22:34:28.454 D/CompatibilityInfo( 1451): mCompatibilityFlags - 4
09-22 22:34:28.454 D/CompatibilityInfo( 1451): applicationDensity - 240
09-22 22:34:28.454 D/CompatibilityInfo( 1451): applicationScale - 1.0
09-22 22:34:28.456 I/wm_set_resumed_activity( 1451): [0,com.android.deskclock/android.service.dreams.DreamActivity,minimalResumeActivityLocked]
09-22 22:34:28.468 I/wm_on_create_called( 2538): [110618533,android.service.dreams.DreamActivity,performCreate]
09-22 22:34:28.468 I/sysui_multi_action( 1451): [757,803,799,window_time_2,802,60]
09-22 22:34:28.468 I/wm_on_start_called( 2538): [110618533,android.service.dreams.DreamActivity,handleStartActivity]
09-22 22:34:28.469 I/wm_on_resume_called( 2538): [110618533,android.service.dreams.DreamActivity,RESUME_ACTIVITY]
09-22 22:34:28.472 W/WindowManager( 1451): Failed looking up window session=Session{6a8f65b 2538:u0a10066} callers=com.android.server.wm.WindowManagerService.windowForClientLocked:5626 com.android.server.wm.Session.insetsModified:629 android.view.IWindowSession$Stub.onTransact:1151
09-22 22:34:28.474 D/KeyguardViewMediator( 1803): setOccluded true
09-22 22:34:28.475 V/KeyguardUpdateMonitor( 1803): startListeningForFingerprint()
09-22 22:34:28.477 D/KeyguardViewMediator( 1803): adjustStatusBarLocked: mShowing=false mOccluded=true isSecure=false force=false --> flags=0x0
09-22 22:34:28.478 I/wm_on_top_resumed_gained_called( 2538): [110618533,android.service.dreams.DreamActivity,topStateChangedWhenResumed]
09-22 22:34:28.480 E/ThemeUtils( 2538): View class androidx.appcompat.widget.AppCompatImageView is an AppCompat widget that can only be used with a Theme.AppCompat theme (or descendant).
09-22 22:34:28.481 E/ThemeUtils( 2538): View class androidx.appcompat.widget.AppCompatImageView is an AppCompat widget that can only be used with a Theme.AppCompat theme (or descendant).
09-22 22:34:28.482 E/ThemeUtils( 2538): View class androidx.appcompat.widget.AppCompatImageView is an AppCompat widget that can only be used with a Theme.AppCompat theme (or descendant).
09-22 22:34:28.482 E/ThemeUtils( 2538): View class androidx.appcompat.widget.AppCompatImageView is an AppCompat widget that can only be used with a Theme.AppCompat theme (or descendant).
09-22 22:34:28.497 I/input_focus( 1451): [Focus request 6445921 com.android.deskclock/android.service.dreams.DreamActivity,reason=UpdateInputWindows]
09-22 22:34:28.513 V/DisplayPowerController[0]( 1451): Brightness [1.0] reason changing to: 'manual', previous reason: 'manual [ dim ]'.
09-22 22:34:28.513 I/sysui_multi_action( 1451): [757,1696,758,6,759,3]
09-22 22:34:28.514 I/EventSequenceValidator( 1451): dec AccIntentStartedEvents to 1
09-22 22:34:28.516 I/sysui_multi_action( 1451): [319,70,322,69,325,475,757,761,758,8,759,2,806,com.android.deskclock,871,android.service.dreams.DreamActivity,904,com.android.deskclock,905,0,1320,4,1321,1]
09-22 22:34:28.517 I/wm_activity_launch_time( 1451): [0,110618533,com.android.deskclock/android.service.dreams.DreamActivity,69]
09-22 22:34:28.518 I/ActivityTaskManager( 1451): Displayed com.android.deskclock/android.service.dreams.DreamActivity: +69ms
09-22 22:34:28.519 I/input_focus( 1451): [Focus leaving cc12349 com.android.settings/com.android.settings.Settings (server),reason=Waiting for window because NOT_VISIBLE]
09-22 22:34:28.527 E/DisplayDeviceConfig( 1451): requesting nits when no mapping exists.
09-22 22:34:28.527 E/DisplayDeviceConfig( 1451): requesting nits when no mapping exists.
09-22 22:34:28.527 I/am_wtf ( 1451): [0,1451,system_server,-1,DisplayDeviceConfig,requesting nits when no mapping exists.]
09-22 22:34:28.529 I/am_wtf ( 1451): [0,1451,system_server,-1,DisplayDeviceConfig,requesting nits when no mapping exists.]
09-22 22:34:28.545 E/DisplayDeviceConfig( 1451): requesting nits when no mapping exists.
09-22 22:34:28.545 I/input_focus( 1451): [Focus entering 6445921 com.android.deskclock/android.service.dreams.DreamActivity (server),reason=Window became focusable. Previous reason: NOT_VISIBLE]
09-22 22:34:28.545 E/DisplayDeviceConfig( 1451): requesting nits when no mapping exists.
09-22 22:34:28.546 I/am_wtf ( 1451): [0,1451,system_server,-1,DisplayDeviceConfig,requesting nits when no mapping exists.]
09-22 22:34:28.548 D/Sogou ( 3087): onUnbindInput finish
09-22 22:34:28.549 D/Sogou ( 3087): onFinishInput:
09-22 22:34:28.552 I/am_wtf ( 1451): [0,1451,system_server,-1,DisplayDeviceConfig,requesting nits when no mapping exists.]
09-22 22:34:28.563 E/DisplayDeviceConfig( 1451): requesting nits when no mapping exists.
09-22 22:34:28.564 E/DisplayDeviceConfig( 1451): requesting nits when no mapping exists.
09-22 22:34:28.564 I/am_wtf ( 1451): [0,1451,system_server,-1,DisplayDeviceConfig,requesting nits when no mapping exists.]
09-22 22:34:28.564 I/am_wtf ( 1451): [0,1451,system_server,-1,DisplayDeviceConfig,requesting nits when no mapping exists.]
09-22 22:34:28.577 E/DisplayDeviceConfig( 1451): requesting nits when no mapping exists.
09-22 22:34:28.577 E/DisplayDeviceConfig( 1451): requesting nits when no mapping exists.
09-22 22:34:28.577 I/am_wtf ( 1451): [0,1451,system_server,-1,DisplayDeviceConfig,requesting nits when no mapping exists.]
09-22 22:34:28.578 I/am_wtf ( 1451): [0,1451,system_server,-1,DisplayDeviceConfig,requesting nits when no mapping exists.]
09-22 22:34:28.595 E/DisplayDeviceConfig( 1451): requesting nits when no mapping exists.
09-22 22:34:28.596 E/DisplayDeviceConfig( 1451): requesting nits when no mapping exists.
09-22 22:34:28.596 I/am_wtf ( 1451): [0,1451,system_server,-1,DisplayDeviceConfig,requesting nits when no mapping exists.]
09-22 22:34:28.597 I/am_wtf ( 1451): [0,1451,system_server,-1,DisplayDeviceConfig,requesting nits when no mapping exists.]
09-22 22:34:28.612 E/DisplayDeviceConfig( 1451): requesting nits when no mapping exists.
09-22 22:34:28.612 E/DisplayDeviceConfig( 1451): requesting nits when no mapping exists.
09-22 22:34:28.612 I/am_wtf ( 1451): [0,1451,system_server,-1,DisplayDeviceConfig,requesting nits when no mapping exists.]
09-22 22:34:28.613 I/am_wtf ( 1451): [0,1451,system_server,-1,DisplayDeviceConfig,requesting nits when no mapping exists.]
09-22 22:34:28.628 E/DisplayDeviceConfig( 1451): requesting nits when no mapping exists.
09-22 22:34:28.629 E/DisplayDeviceConfig( 1451): requesting nits when no mapping exists.
09-22 22:34:28.629 I/am_wtf ( 1451): [0,1451,system_server,-1,DisplayDeviceConfig,requesting nits when no mapping exists.]
09-22 22:34:28.629 I/am_wtf ( 1451): [0,1451,system_server,-1,DisplayDeviceConfig,requesting nits when no mapping exists.]
09-22 22:34:28.644 E/DisplayDeviceConfig( 1451): requesting nits when no mapping exists.
09-22 22:34:28.644 E/DisplayDeviceConfig( 1451): requesting nits when no mapping exists.
09-22 22:34:28.644 I/am_wtf ( 1451): [0,1451,system_server,-1,DisplayDeviceConfig,requesting nits when no mapping exists.]
09-22 22:34:28.645 I/service_manager_stats( 1451): [100,62,7182]
09-22 22:34:28.645 I/am_wtf ( 1451): [0,1451,system_server,-1,DisplayDeviceConfig,requesting nits when no mapping exists.]
09-22 22:34:28.663 E/DisplayDeviceConfig( 1451): requesting nits when no mapping exists.
09-22 22:34:28.664 E/DisplayDeviceConfig( 1451): requesting nits when no mapping exists.
09-22 22:34:28.664 I/am_wtf ( 1451): [0,1451,system_server,-1,DisplayDeviceConfig,requesting nits when no mapping exists.]
09-22 22:34:28.665 I/am_wtf ( 1451): [0,1451,system_server,-1,DisplayDeviceConfig,requesting nits when no mapping exists.]
09-22 22:34:28.674 I/mpu_uart( 655): [MSG-P:R]:recv sync frame timeout
09-22 22:34:28.680 E/DisplayDeviceConfig( 1451): requesting nits when no mapping exists.
