09-22 22:31:12.340 V/MediaRouter( 1803): Selecting route: RouteInfo{ name=平板电脑, description=null, status=null, category=RouteCategory{ name=系统 types=ROUTE_TYPE_LIVE_AUDIO ROUTE_TYPE_LIVE_VIDEO groupable=false }, supportedTypes=ROUTE_TYPE_LIVE_AUDIO ROUTE_TYPE_LIVE_VIDEO , presentationDisplay=null }
09-22 22:31:12.341 I/CCodec ( 1200): setting up 'default' as default (vendor) store
09-22 22:31:12.342 V/C2Store ( 1244): in init
09-22 22:31:12.342 V/C2Store ( 1244): loading dll
09-22 22:31:12.345 I/mpu_uart( 655): [MSG-P:RECV]:No message received in 1000 ms
09-22 22:31:12.346 I/CCodec ( 1200): Created component [c2.android.vorbis.decoder]
09-22 22:31:12.346 D/CCodecConfig( 1200): read media type: audio/vorbis
09-22 22:31:12.348 D/ReflectedParamUpdater( 1200): extent() != 1 for single value type: algo.buffers.max-count.values
09-22 22:31:12.348 D/ReflectedParamUpdater( 1200): extent() != 1 for single value type: output.subscribed-indices.values
09-22 22:31:12.348 D/ReflectedParamUpdater( 1200): extent() != 1 for single value type: input.buffers.allocator-ids.values
09-22 22:31:12.349 D/ReflectedParamUpdater( 1200): extent() != 1 for single value type: output.buffers.allocator-ids.values
09-22 22:31:12.349 D/ReflectedParamUpdater( 1200): extent() != 1 for single value type: algo.buffers.allocator-ids.values
09-22 22:31:12.349 D/ReflectedParamUpdater( 1200): extent() != 1 for single value type: output.buffers.pool-ids.values
09-22 22:31:12.349 D/ReflectedParamUpdater( 1200): extent() != 1 for single value type: algo.buffers.pool-ids.values
09-22 22:31:12.350 E/NotificationService( 1451): Muting recently noisy 0|com.android.systemui|2048|null|10081
09-22 22:31:12.351 D/InterruptionStateProvider( 1803): No bubble up: not allowed to bubble: 0|com.android.systemui|2048|null|10081
09-22 22:31:12.351 I/CCodecConfig( 1200): query failed after returning 7 values (BAD_INDEX)
09-22 22:31:12.351 D/CCodecConfig( 1200): c2 config diff is Dict {
09-22 22:31:12.351 D/CCodecConfig( 1200): c2::u32 coded.bitrate.value = 64000
09-22 22:31:12.351 D/CCodecConfig( 1200): c2::u32 input.buffers.max-size.value = 32768
09-22 22:31:12.351 D/CCodecConfig( 1200): c2::u32 input.delay.value = 0
09-22 22:31:12.351 D/CCodecConfig( 1200): string input.media-type.value = "audio/vorbis"
09-22 22:31:12.351 D/CCodecConfig( 1200): string output.media-type.value = "audio/raw"
09-22 22:31:12.351 D/CCodecConfig( 1200): c2::u32 raw.channel-count.value = 1
09-22 22:31:12.351 D/CCodecConfig( 1200): c2::u32 raw.sample-rate.value = 48000
09-22 22:31:12.351 D/CCodecConfig( 1200): }
09-22 22:31:12.351 D/InterruptionStateProvider( 1803): No heads up: unimportant notification: 0|com.android.systemui|2048|null|10081
09-22 22:31:12.352 D/CCodec ( 1200): [c2.android.vorbis.decoder] buffers are bound to CCodec for this session
09-22 22:31:12.352 D/CCodecConfig( 1200): no c2 equivalents for durationUs
09-22 22:31:12.352 D/CCodecConfig( 1200): no c2 equivalents for csd-1
09-22 22:31:12.352 D/CCodecConfig( 1200): no c2 equivalents for language
09-22 22:31:12.352 D/CCodecConfig( 1200): no c2 equivalents for file-format
09-22 22:31:12.352 D/CCodecConfig( 1200): no c2 equivalents for flags
09-22 22:31:12.353 D/CCodecConfig( 1200): config failed => CORRUPTED
09-22 22:31:12.353 D/CCodecConfig( 1200): c2 config diff is c2::u32 coded.bitrate.value = 70000
09-22 22:31:12.354 W/Codec2Client( 1200): query -- param skipped: index = 1107298332.
09-22 22:31:12.354 D/CCodec ( 1200): setup formats input: AMessage(what = 0x00000000) = {
09-22 22:31:12.354 D/CCodec ( 1200): int32_t bitrate = 70000
09-22 22:31:12.354 D/CCodec ( 1200): int32_t channel-count = 1
09-22 22:31:12.354 D/CCodec ( 1200): int32_t max-input-size = 65307
09-22 22:31:12.354 D/CCodec ( 1200): string mime = "audio/vorbis"
09-22 22:31:12.354 D/CCodec ( 1200): int32_t sample-rate = 48000
09-22 22:31:12.354 D/CCodec ( 1200): }
09-22 22:31:12.354 D/CCodec ( 1200): setup formats output: AMessage(what = 0x00000000) = {
09-22 22:31:12.354 D/CCodec ( 1200): int32_t channel-count = 1
09-22 22:31:12.354 D/CCodec ( 1200): string mime = "audio/raw"
09-22 22:31:12.354 D/CCodec ( 1200): int32_t sample-rate = 48000
09-22 22:31:12.354 D/CCodec ( 1200): int32_t android._config-pcm-encoding = 2
09-22 22:31:12.354 D/CCodec ( 1200): }
09-22 22:31:12.354 I/CCodecConfig( 1200): query failed after returning 7 values (BAD_INDEX)
09-22 22:31:12.354 I/MediaCodec( 1200): MediaCodec will operate in async mode
09-22 22:31:12.354 D/MediaCodec( 1200): keep callback message for reclaim
09-22 22:31:12.354 W/Codec2Client( 1200): query -- param skipped: index = 1342179345.
09-22 22:31:12.354 W/Codec2Client( 1200): query -- param skipped: index = 2415921170.
09-22 22:31:12.355 D/PeopleSpaceWidgetMgr( 1803): Sbn doesn't contain valid PeopleTileKey: null/0/com.android.systemui
09-22 22:31:12.356 D/BufferPoolAccessor2.0( 1244): Destruction - bufferpool2 0xb40000763561ada8 cached: 0/0M, 0/0% in use; allocs: 97, 96% recycled; transfers: 96, 96% unfetched
09-22 22:31:12.356 D/CCodecBufferChannel( 1200): [c2.android.vorbis.decoder#709] Created input block pool with allocatorID 16 => poolID 31 - OK (0)
09-22 22:31:12.357 I/CCodecBufferChannel( 1200): [c2.android.vorbis.decoder#709] Created output block pool with allocatorID 16 => poolID 40 - OK
09-22 22:31:12.357 D/CCodecBufferChannel( 1200): [c2.android.vorbis.decoder#709] Configured output block pool ids 40 => OK
09-22 22:31:12.357 D/CCodecBufferChannel( 1200): [c2.android.vorbis.decoder#709] start: updating output delay 0
09-22 22:31:12.357 D/BufferPoolAccessor2.0( 1200): Destruction - bufferpool2 0xecc83e08 cached: 0/0M, 0/0% in use; allocs: 102, 92% recycled; transfers: 198, 96% unfetched
09-22 22:31:12.358 I/CCodecBufferChannel( 1200): pipelineRoom(3) is <= numClientBuffers(3). Not signalling any more buffers to client
09-22 22:31:12.358 D/SimpleC2Component( 1244): Using output block pool with poolID 40 => got 40 - 0
09-22 22:31:12.359 I/CCodecBufferChannel( 1200): pipelineRoom(2) is <= numClientBuffers(2). Not signalling any more buffers to client
09-22 22:31:12.359 I/CCodecBufferChannel( 1200): pipelineRoom(1) is <= numClientBuffers(1). Not signalling any more buffers to client
09-22 22:31:12.365 I/ExtendedNuUtils( 1200): Both src and dst missing for bit-width
09-22 22:31:12.365 I/ExtendedNuUtils( 1200): Overriding durationUs: with 64 bit src value 1728000
09-22 22:31:12.365 I/ExtendedNuUtils( 1200): Both src and dst missing for channel-mask
09-22 22:31:12.366 D/InterruptionStateProvider( 1803): No bubble up: not allowed to bubble: 0|com.android.systemui|2048|null|10081
09-22 22:31:12.367 D/InterruptionStateProvider( 1803): No heads up: unimportant notification: 0|com.android.systemui|2048|null|10081
09-22 22:31:12.368 E/NotificationService( 1451): Muting recently noisy 0|com.android.systemui|2048|null|10081
09-22 22:31:12.369 D/audio_hw_primary( 812): adev_get_parameters:vr_audio_mode_on
09-22 22:31:12.369 I/audio_hw_primary( 812): getting vr mode to 0
09-22 22:31:12.369 D/audio_hw_primary( 812): adev_get_parameters: exit: returns - vr_audio_mode_on=false
09-22 22:31:12.369 I/hash_map_utils( 914): system/bt/osi/src/hash_map_utils.cc:81 hash_map_utils_dump_string_keys_string_values: key: 'vr_audio_mode_on' value: ''
09-22 22:31:12.371 D/AudioFlinger( 914): Client defaulted notificationFrames to 12000 for frameCount 24000
09-22 22:31:12.371 D/PeopleSpaceWidgetMgr( 1803): Sbn doesn't contain valid PeopleTileKey: null/0/com.android.systemui
09-22 22:31:12.372 D/AF::TrackHandle( 914): OpPlayAudio: track:70 usage:5 not muted
09-22 22:31:12.376 D/audio_hw_primary( 812): out_set_parameters: enter: usecase(1: low-latency-playback) kvpairs: suspend_playback=false
09-22 22:31:12.376 D/audio_hw_extn( 812): audio_extn_fm_set_parameters: Enter
09-22 22:31:12.376 W/audio_hw_primary( 812): out_write: underrun(127) frames_by_time(46555) > out->last_fifo_frames_remaining(384)
09-22 22:31:12.383 D/InterruptionStateProvider( 1803): No bubble up: not allowed to bubble: 0|com.android.systemui|2048|null|10081
09-22 22:31:12.384 D/InterruptionStateProvider( 1803): No heads up: unimportant notification: 0|com.android.systemui|2048|null|10081
09-22 22:31:12.385 E/NotificationService( 1451): Muting recently noisy 0|com.android.systemui|2048|null|10081
09-22 22:31:12.389 D/PeopleSpaceWidgetMgr( 1803): Sbn doesn't contain valid PeopleTileKey: null/0/com.android.systemui
09-22 22:31:12.398 D/InterruptionStateProvider( 1803): No bubble up: not allowed to bubble: 0|com.android.systemui|2048|null|10081
09-22 22:31:12.398 D/InterruptionStateProvider( 1803): No heads up: unimportant notification: 0|com.android.systemui|2048|null|10081
09-22 22:31:12.403 D/PeopleSpaceWidgetMgr( 1803): Sbn doesn't contain valid PeopleTileKey: null/0/com.android.systemui
09-22 22:31:12.404 D/audio_hw_primary( 812): out_set_parameters: enter: usecase(1: low-latency-playback) kvpairs: suspend_playback=true
09-22 22:31:12.404 D/audio_hw_extn( 812): audio_extn_fm_set_parameters: Enter
09-22 22:31:12.407 I/EffectsFactory( 812): EffectCreate() create_effect
09-22 22:31:12.409 D/audio_hw_primary( 812): out_set_parameters: enter: usecase(1: low-latency-playback) kvpairs: suspend_playback=false
09-22 22:31:12.409 D/audio_hw_extn( 812): audio_extn_fm_set_parameters: Enter
09-22 22:31:12.409 D/AudioTrack( 1200): getTimestamp_l(46): device stall time corrected using current time 279746729162
09-22 22:31:12.410 D/msm8974_platform( 812): platform_split_snd_device: snd_device(2) num devices(1) new_snd_devices(0)
09-22 22:31:12.410 D/ACDB-LOADER( 812): ACDB -> send_audvoltable
09-22 22:31:12.410 D/ACDB-LOADER( 812): ACDB -> ACDB_CMD_GET_AUDPROC_INSTANCE_GAIN_DEP_STEP_TABLE_SIZE
09-22 22:31:12.410 D/ACDB-LOADER( 812): ACDB -> ACDB_CMD_GET_AUDPROC_INSTANCE_GAIN_DEP_STEP_TABLE, vol index 5
09-22 22:31:12.410 D/ACDB-LOADER( 812): ACDB -> AUDIO_SET_VOL_CAL cal type = 40
09-22 22:31:12.411 W/audio_hw_primary( 812): out_write: underrun(128) frames_by_time(477) > out->last_fifo_frames_remaining(384)
09-22 22:31:12.411 D/audio_hw_primary( 812): out_set_parameters: enter: usecase(1: low-latency-playback) kvpairs: suspend_playback=true
09-22 22:31:12.411 D/audio_hw_extn( 812): audio_extn_fm_set_parameters: Enter
09-22 22:31:12.417 D/Avrcp_ext( 1802): AudioManager Player: AudioPlaybackConfiguration piid:71 deviceId:0 type:android.media.SoundPool u/pid:1000/1451 state:idle attr:AudioAttributes: usage=USAGE_ASSISTANCE_SONIFICATION content=CONTENT_TYPE_SONIFICATION flags=0x800 tags= bundle=null sessionId:0
09-22 22:31:12.417 D/Avrcp_ext( 1802): AudioManager Player: AudioPlaybackConfiguration piid:199 deviceId:3 type:android.media.MediaPlayer u/pid:10081/1803 state:started attr:AudioAttributes: usage=USAGE_NOTIFICATION content=CONTENT_TYPE_SONIFICATION flags=0x800 tags= bundle=null sessionId:0
09-22 22:31:12.418 D/Avrcp_ext( 1802): AudioManager Player in started state: com.android.systemui
09-22 22:31:12.418 D/Avrcp_ext( 1802): AudioManager Active Player: com.android.systemui
09-22 22:31:12.418 D/Avrcp_ext( 1802): AudioManager Player: AudioPlaybackConfiguration piid:79 deviceId:0 type:android.media.SoundPool u/pid:10081/1803 state:idle attr:AudioAttributes: usage=USAGE_ASSISTANCE_SONIFICATION content=CONTENT_TYPE_SONIFICATION flags=0x800 tags= bundle=null sessionId:0
09-22 22:31:12.418 D/Avrcp_ext( 1802): AudioManager isPlaying: true, mAudioPlaybackIsActive = true
09-22 22:31:12.420 E/NotificationService( 1451): Muting recently noisy 0|com.android.systemui|2048|null|10081
09-22 22:31:12.424 D/audio_hw_primary( 812): out_set_parameters: enter: usecase(1: low-latency-playback) kvpairs: suspend_playback=false
09-22 22:31:12.424 D/audio_hw_extn( 812): audio_extn_fm_set_parameters: Enter
09-22 22:31:12.431 D/audio_hw_primary( 812): out_set_parameters: enter: usecase(1: low-latency-playback) kvpairs: suspend_playback=true
09-22 22:31:12.432 D/audio_hw_extn( 812): audio_extn_fm_set_parameters: Enter
09-22 22:31:12.437 D/InterruptionStateProvider( 1803): No bubble up: not allowed to bubble: 0|com.android.systemui|2048|null|10081
09-22 22:31:12.438 D/InterruptionStateProvider( 1803): No heads up: unimportant notification: 0|com.android.systemui|2048|null|10081
09-22 22:31:12.444 D/PeopleSpaceWidgetMgr( 1803): Sbn doesn't contain valid PeopleTileKey: null/0/com.android.systemui
09-22 22:31:12.448 D/audio_hw_primary( 812): out_set_parameters: enter: usecase(1: low-latency-playback) kvpairs: suspend_playback=false
09-22 22:31:12.448 D/audio_hw_extn( 812): audio_extn_fm_set_parameters: Enter
09-22 22:31:12.448 D/msm8974_platform( 812): platform_split_snd_device: snd_device(2) num devices(1) new_snd_devices(0)
09-22 22:31:12.448 D/ACDB-LOADER( 812): ACDB -> send_audvoltable
09-22 22:31:12.448 D/ACDB-LOADER( 812): ACDB -> ACDB_CMD_GET_AUDPROC_INSTANCE_GAIN_DEP_STEP_TABLE_SIZE
09-22 22:31:12.448 D/ACDB-LOADER( 812): ACDB -> ACDB_CMD_GET_AUDPROC_INSTANCE_GAIN_DEP_STEP_TABLE, vol index 2
09-22 22:31:12.448 D/ACDB-LOADER( 812): ACDB -> AUDIO_SET_VOL_CAL cal type = 40
09-22 22:31:12.646 I/input_interaction( 1451): Interaction with: cc12349 com.android.settings/com.android.settings.Settings (server), edge-swipe (server), swipe-up (server), PointerEventDispatcher0 (server),
09-22 22:31:12.759 I/InputDispatcher( 1451): Monitor swipe-up (server) is stealing touch from [cc12349 com.android.settings/com.android.settings.Settings (server), ]
09-22 22:31:12.759 I/view_enqueue_input_event( 2203): [Motion - Cancel,com.android.settings/com.android.settings.Settings]
09-22 22:31:12.763 I/input_interaction( 1451): Interaction with: edge-swipe (server), swipe-up (server), PointerEventDispatcher0 (server),
09-22 22:31:13.272 I/ActivityTaskManager( 1451): START u0 {act=android.intent.action.MAIN cat=[android.intent.category.HOME] flg=0x10000000 cmp=com.android.launcher3/.uioverrides.QuickstepLauncher} from uid 10076
09-22 22:31:13.272 I/EventSequenceValidator( 1451): Transition from INIT to INTENT_STARTED
09-22 22:31:13.280 I/wm_task_moved( 1451): [1,1,8]
09-22 22:31:13.282 I/wm_set_resumed_activity( 1451): [0,com.android.launcher3/.uioverrides.QuickstepLauncher,positionChildAt]
09-22 22:31:13.282 I/wm_task_moved( 1451): [8,1,2147483647]
09-22 22:31:13.282 I/wm_task_to_front( 1451): [0,8]
09-22 22:31:13.281 I/wm_on_top_resumed_lost_called( 2203): [2744048,com.android.settings.Settings,topStateChangedWhenResumed]
09-22 22:31:13.282 I/wm_focused_root_task( 1451): [0,0,1,9,bringingFoundTaskToFront]
09-22 22:31:13.282 I/wm_set_resumed_activity( 1451): [0,com.android.launcher3/.uioverrides.QuickstepLauncher,bringingFoundTaskToFront]
09-22 22:31:13.283 I/wm_new_intent( 1451): [0,89524022,8,com.android.launcher3/.uioverrides.QuickstepLauncher,android.intent.action.MAIN,NULL,NULL,268435712]
09-22 22:31:13.284 I/wm_task_moved( 1451): [1,1,8]
09-22 22:31:13.284 I/wm_set_resumed_activity( 1451): [0,com.android.launcher3/.uioverrides.QuickstepLauncher,positionChildAt]
09-22 22:31:13.289 I/input_focus( 1451): [Focus request fc61119 com.android.launcher3/com.android.launcher3.uioverrides.QuickstepLauncher,reason=UpdateInputWindows]
09-22 22:31:13.292 I/wm_on_paused_called( 2392): [89524022,com.android.launcher3.uioverrides.QuickstepLauncher,performPause]
09-22 22:31:13.295 I/EventSequenceValidator( 1451): Transition from INTENT_STARTED to INTENT_FAILED
09-22 22:31:13.297 I/wm_on_resume_called( 2392): [89524022,com.android.launcher3.uioverrides.QuickstepLauncher,LIFECYCLER_RESUME_ACTIVITY]
09-22 22:31:13.299 V/ShadeControllerImpl( 1803): NotificationShadeWindow: com.android.systemui.statusbar.phone.NotificationShadeWindowView{6600874 I.E...... ......ID 0,0-2380,1020} canPanelBeCollapsed(): false
09-22 22:31:13.306 I/wm_on_top_resumed_gained_called( 2392): [89524022,com.android.launcher3.uioverrides.QuickstepLauncher,topStateChangedWhenResumed]
09-22 22:31:13.310 I/input_focus( 1451): [Focus leaving cc12349 com.android.settings/com.android.settings.Settings (server),reason=setFocusedWindow]
09-22 22:31:13.311 I/input_focus( 1451): [Focus entering fc61119 com.android.launcher3/com.android.launcher3.uioverrides.QuickstepLauncher (server),reason=setFocusedWindow]
09-22 22:31:13.314 I/OpenGLRenderer( 2392): Davey! duration=9223371756241ms; Flags=0, FrameTimelineVsyncId=18349, IntendedVsync=280613142428, Vsync=280629809094, InputEventId=0, HandleInputStart=280636520568, AnimationStart=280636572912, PerformTraversalsStart=280638980620, DrawStart=280643132339, FrameDeadline=280629809094, FrameInterval=280636514422, FrameStartTime=16666666, SyncQueued=280643230256, SyncStart=280643289787, IssueDrawCommandsStart=280643542547, SwapBuffers=280645452339, FrameCompleted=9223372036854775807, DequeueBufferDuration=30052, QueueBufferDuration=2896146, GpuCompleted=9223372036854775807, SwapBuffersCompleted=280649059370, DisplayPresentTime=0,
09-22 22:31:13.320 D/Sogou ( 3087): onUnbindInput finish
09-22 22:31:13.320 D/Sogou ( 3087): onFinishInput:
09-22 22:31:13.323 I/am_pss ( 1451): [4288,10024,com.android.documentsui,36231168,28241920,0,166604800,0,18,9]
09-22 22:31:13.331 I/am_pss ( 1451): [4321,2000,com.android.shell,6219776,4366336,0,92827648,0,19,6]
09-22 22:31:13.345 I/mpu_uart( 655): [MSG-P:RECV]:No message received in 1000 ms
09-22 22:31:13.494 I/mpu_uart( 655): [MSG-P:R]:recv sync frame timeout
09-22 22:31:13.670 I/input_interaction( 1451): Interaction with: cc12349 com.android.settings/com.android.settings.Settings (server), edge-swipe (server), swipe-up (server), PointerEventDispatcher0 (server),
09-22 22:31:13.671 I/wm_task_moved( 1451): [9,1,8]
09-22 22:31:13.671 I/wm_task_to_front( 1451): [0,9]
09-22 22:31:13.675 I/wm_set_resumed_activity( 1451): [0,com.android.settings/.Settings,positionChildAt]
09-22 22:31:13.675 I/wm_focused_root_task( 1451): [0,0,9,1,setFocusedTask]
09-22 22:31:13.675 I/wm_set_resumed_activity( 1451): [0,com.android.settings/.Settings,setFocusedTask]
09-22 22:31:13.676 I/input_focus( 1451): [Focus request cc12349 com.android.settings/com.android.settings.Settings,reason=UpdateInputWindows]
09-22 22:31:13.678 I/wm_on_top_resumed_lost_called( 2392): [89524022,com.android.launcher3.uioverrides.QuickstepLauncher,topStateChangedWhenResumed]
09-22 22:31:13.679 I/wm_on_top_resumed_gained_called( 2203): [2744048,com.android.settings.Settings,topStateChangedWhenResumed]
09-22 22:31:13.694 I/input_focus( 1451): [Focus leaving fc61119 com.android.launcher3/com.android.launcher3.uioverrides.QuickstepLauncher (server),reason=setFocusedWindow]
09-22 22:31:13.694 I/input_focus( 1451): [Focus entering cc12349 com.android.settings/com.android.settings.Settings (server),reason=setFocusedWindow]
09-22 22:31:13.704 D/Sogou ( 3087): onUnbindInput finish
09-22 22:31:13.705 D/Sogou ( 3087): onFinishInput:
09-22 22:31:13.743 D/CCodecBufferChannel( 1200): [c2.android.vorbis.decoder#709] buffers after EOS ignored (0 us)
09-22 22:31:13.746 D/AudioTrack( 1200): stop(46): called with 82980 frames delivered
09-22 22:31:14.175 D/audio_hw_primary( 812): out_set_parameters: enter: usecase(1: low-latency-playback) kvpairs: suspend_playback=true
09-22 22:31:14.175 D/audio_hw_extn( 812): audio_extn_fm_set_parameters: Enter
09-22 22:31:14.186 D/audio_hw_primary( 812): out_set_parameters: enter: usecase(1: low-latency-playback) kvpairs: suspend_playback=false
09-22 22:31:14.186 D/audio_hw_extn( 812): audio_extn_fm_set_parameters: Enter
09-22 22:31:14.195 D/audio_hw_primary( 812): out_set_parameters: enter: usecase(1: low-latency-playback) kvpairs: suspend_playback=true
09-22 22:31:14.195 D/audio_hw_extn( 812): audio_extn_fm_set_parameters: Enter
09-22 22:31:14.205 D/audio_hw_primary( 812): out_set_parameters: enter: usecase(1: low-latency-playback) kvpairs: suspend_playback=false
09-22 22:31:14.205 D/audio_hw_extn( 812): audio_extn_fm_set_parameters: Enter
09-22 22:31:14.215 D/audio_hw_primary( 812): out_set_parameters: enter: usecase(1: low-latency-playback) kvpairs: suspend_playback=true
09-22 22:31:14.215 D/audio_hw_extn( 812): audio_extn_fm_set_parameters: Enter
09-22 22:31:14.217 I/MediaFocusControl( 1451): abandonAudioFocus() from uid/pid 10081/1803 clientId=android.media.AudioManager@191395
09-22 22:31:14.218 D/Avrcp_ext( 1802): AudioManager Player: AudioPlaybackConfiguration piid:71 deviceId:0 type:android.media.SoundPool u/pid:1000/1451 state:idle attr:AudioAttributes: usage=USAGE_ASSISTANCE_SONIFICATION content=CONTENT_TYPE_SONIFICATION flags=0x800 tags= bundle=null sessionId:0
09-22 22:31:14.218 D/Avrcp_ext( 1802): AudioManager Player: AudioPlaybackConfiguration piid:199 deviceId:3 type:android.media.MediaPlayer u/pid:10081/1803 state:stopped attr:AudioAttributes: usage=USAGE_NOTIFICATION content=CONTENT_TYPE_SONIFICATION flags=0x800 tags= bundle=null sessionId:0
09-22 22:31:14.218 D/Avrcp_ext( 1802): AudioManager Player: AudioPlaybackConfiguration piid:79 deviceId:0 type:android.media.SoundPool u/pid:10081/1803 state:idle attr:AudioAttributes: usage=USAGE_ASSISTANCE_SONIFICATION content=CONTENT_TYPE_SONIFICATION flags=0x800 tags= bundle=null sessionId:0
09-22 22:31:14.218 V/MediaPlayer( 1803): resetDrmState: mDrmInfo=null mDrmProvisioningThread=null mPrepareDrmInProgress=false mActiveDrmScheme=false
09-22 22:31:14.218 D/Avrcp_ext( 1802): AudioManager isPlaying: false, mAudioPlaybackIsActive = true
09-22 22:31:14.218 V/MediaPlayer( 1803): cleanDrmObj: mDrmObj=null mDrmSessionId=null
09-22 22:31:14.218 D/Avrcp_ext( 1802): AudioManager Reset Active Player
09-22 22:31:14.218 D/NuPlayerDriver( 1200): reset(0xed2c2130) at state 6
09-22 22:31:14.219 D/audio_hw_primary( 812): out_set_parameters: enter: usecase(1: low-latency-playback) kvpairs: suspend_playback=false
09-22 22:31:14.219 D/audio_hw_extn( 812): audio_extn_fm_set_parameters: Enter
09-22 22:31:14.220 V/Avrcp_ext( 1802): updateCurrentMediaState: mMediaController: MediaController (com.android.systemui@dc49a66) null
09-22 22:31:14.220 W/Avrcp_ext( 1802): isMusicActive: false getBluetoothPlayState: 2 A2dp State: 11 mAudioPlaybackIsActive: false
09-22 22:31:14.220 D/Avrcp_ext( 1802): isMusicActive = false mAudioPlaybackIsActive = false player state = null
09-22 22:31:14.221 I/Avrcp_ext( 1802): Skipping update due to invalid playback state
09-22 22:31:14.221 V/Avrcp_ext( 1802): updatePlaybackState, state: null device: null
09-22 22:31:14.221 V/Avrcp_ext( 1802): Device: no name:
09-22 22:31:14.221 V/Avrcp_ext( 1802): Device: no name:
09-22 22:31:14.221 V/Avrcp_ext( 1802): Device: no name:
09-22 22:31:14.221 V/Avrcp_ext( 1802): Device: no name:
09-22 22:31:14.221 V/Avrcp_ext( 1802): Device: no name:
09-22 22:31:14.221 V/Avrcp_ext( 1802): updatePlayerStateAndPosition, old=PlaybackState {state=2, position=-1, buffered position=0, speed=0.0, updated=69121, actions=0, custom actions=[], active item id=-1, error=null}, state=null
09-22 22:31:14.221 I/Avrcp_ext( 1802): updatePlayerStateAndPosition: device: state = null
09-22 22:31:14.221 D/Avrcp_ext( 1802): AudioManager Player: AudioPlaybackConfiguration piid:71 deviceId:0 type:android.media.SoundPool u/pid:1000/1451 state:idle attr:AudioAttributes: usage=USAGE_ASSISTANCE_SONIFICATION content=CONTENT_TYPE_SONIFICATION flags=0x800 tags= bundle=null sessionId:0
09-22 22:31:14.221 D/Avrcp_ext( 1802): AudioManager Player: AudioPlaybackConfiguration piid:79 deviceId:0 type:android.media.SoundPool u/pid:10081/1803 state:idle attr:AudioAttributes: usage=USAGE_ASSISTANCE_SONIFICATION content=CONTENT_TYPE_SONIFICATION flags=0x800 tags= bundle=null sessionId:0
09-22 22:31:14.221 D/Avrcp_ext( 1802): AudioManager isPlaying: false, mAudioPlaybackIsActive = false
09-22 22:31:14.221 I/hw-BpHwBinder( 1200): onLastStrongRef automatically unlinking death recipients
09-22 22:31:14.221 D/Avrcp_ext( 1802): AudioManager Reset Active Player
09-22 22:31:14.222 I/hw-BpHwBinder( 1244): onLastStrongRef automatically unlinking death recipients
09-22 22:31:14.222 V/C2Store ( 1244): in ~ComponentModule
09-22 22:31:14.223 V/C2Store ( 1244): unloading dll
09-22 22:31:14.224 D/NuPlayerDriver( 1200): notifyResetComplete(0xed2c2130)
09-22 22:31:14.225 W/AMessage( 1200): failed to post message as target looper for handler 0 is gone.
09-22 22:31:14.263 D/audio_hw_primary( 812): out_set_parameters: enter: usecase(1: low-latency-playback) kvpairs: suspend_playback=true
09-22 22:31:14.263 D/audio_hw_extn( 812): audio_extn_fm_set_parameters: Enter
09-22 22:31:14.271 D/msm8974_platform( 812): platform_split_snd_device: snd_device(2) num devices(1) new_snd_devices(0)
09-22 22:31:14.271 D/ACDB-LOADER( 812): ACDB -> send_audvoltable
09-22 22:31:14.271 D/ACDB-LOADER( 812): ACDB -> ACDB_CMD_GET_AUDPROC_INSTANCE_GAIN_DEP_STEP_TABLE_SIZE
09-22 22:31:14.271 D/ACDB-LOADER( 812): ACDB -> ACDB_CMD_GET_AUDPROC_INSTANCE_GAIN_DEP_STEP_TABLE, vol index 0
09-22 22:31:14.271 D/ACDB-LOADER( 812): ACDB -> AUDIO_SET_VOL_CAL cal type = 40
09-22 22:31:14.272 D/msm8974_platform( 812): platform_split_snd_device: snd_device(2) num devices(1) new_snd_devices(0)
09-22 22:31:14.345 I/mpu_uart( 655): [MSG-P:RECV]:No message received in 1000 ms
09-22 22:31:14.680 I/InputDispatcher( 1451): Monitor swipe-up (server) is stealing touch from [cc12349 com.android.settings/com.android.settings.Settings (server), ]
09-22 22:31:14.682 I/view_enqueue_input_event( 2203): [Motion - Cancel,com.android.settings/com.android.settings.Settings]
09-22 22:31:14.692 I/input_interaction( 1451): Interaction with: edge-swipe (server), swipe-up (server), PointerEventDispatcher0 (server),
09-22 22:31:15.174 I/ActivityTaskManager( 1451): START u0 {act=android.intent.action.MAIN cat=[android.intent.category.HOME] flg=0x10000000 cmp=com.android.launcher3/.uioverrides.QuickstepLauncher} from uid 10076
09-22 22:31:15.175 I/EventSequenceValidator( 1451): Transition from INTENT_FAILED to INTENT_STARTED
09-22 22:31:15.176 I/wm_task_moved( 1451): [1,1,8]
09-22 22:31:15.178 I/wm_set_resumed_activity( 1451): [0,com.android.launcher3/.uioverrides.QuickstepLauncher,positionChildAt]
09-22 22:31:15.178 I/wm_task_moved( 1451): [8,1,2147483647]
09-22 22:31:15.179 I/wm_task_to_front( 1451): [0,8]
09-22 22:31:15.179 I/wm_focused_root_task( 1451): [0,0,1,9,bringingFoundTaskToFront]
09-22 22:31:15.179 I/wm_set_resumed_activity( 1451): [0,com.android.launcher3/.uioverrides.QuickstepLauncher,bringingFoundTaskToFront]
09-22 22:31:15.179 I/wm_new_intent( 1451): [0,89524022,8,com.android.launcher3/.uioverrides.QuickstepLauncher,android.intent.action.MAIN,NULL,NULL,268435712]
09-22 22:31:15.180 I/wm_task_moved( 1451): [1,1,8]
09-22 22:31:15.180 I/wm_set_resumed_activity( 1451): [0,com.android.launcher3/.uioverrides.QuickstepLauncher,positionChildAt]
09-22 22:31:15.182 I/wm_on_top_resumed_lost_called( 2203): [2744048,com.android.settings.Settings,topStateChangedWhenResumed]
09-22 22:31:15.184 I/input_focus( 1451): [Focus request fc61119 com.android.launcher3/com.android.launcher3.uioverrides.QuickstepLauncher,reason=UpdateInputWindows]
09-22 22:31:15.186 I/wm_on_paused_called( 2392): [89524022,com.android.launcher3.uioverrides.QuickstepLauncher,performPause]
09-22 22:31:15.186 I/EventSequenceValidator( 1451): Transition from INTENT_STARTED to INTENT_FAILED
09-22 22:31:15.187 I/wm_on_resume_called( 2392): [89524022,com.android.launcher3.uioverrides.QuickstepLauncher,LIFECYCLER_RESUME_ACTIVITY]
09-22 22:31:15.190 V/ShadeControllerImpl( 1803): NotificationShadeWindow: com.android.systemui.statusbar.phone.NotificationShadeWindowView{6600874 I.E...... ......ID 0,0-2380,1020} canPanelBeCollapsed(): false
09-22 22:31:15.192 I/wm_on_top_resumed_gained_called( 2392): [89524022,com.android.launcher3.uioverrides.QuickstepLauncher,topStateChangedWhenResumed]
09-22 22:31:15.199 I/input_focus( 1451): [Focus leaving cc12349 com.android.settings/com.android.settings.Settings (server),reason=setFocusedWindow]
09-22 22:31:15.199 I/input_focus( 1451): [Focus entering fc61119 com.android.launcher3/com.android.launcher3.uioverrides.QuickstepLauncher (server),reason=setFocusedWindow]
09-22 22:31:15.204 D/Sogou ( 3087): onUnbindInput finish
09-22 22:31:15.204 D/Sogou ( 3087): onFinishInput:
09-22 22:31:15.204 I/OpenGLRenderer( 2392): Davey! duration=9223371754336ms; Flags=0, FrameTimelineVsyncId=18521, IntendedVsync=282517699429, Vsync=282517699429, InputEventId=0, HandleInputStart=282525189005, AnimationStart=282525218640, PerformTraversalsStart=282526195724, DrawStart=282529616401, FrameDeadline=282551032761, FrameInterval=282525184578, FrameStartTime=16666666, SyncQueued=282529716349, SyncStart=282529802651, IssueDrawCommandsStart=282530073745, SwapBuffers=282532369005, FrameCompleted=9223372036854775807, DequeueBufferDuration=39479, QueueBufferDuration=656771, GpuCompleted=9223372036854775807, SwapBuffersCompleted=282533594109, DisplayPresentTime=0,
09-22 22:31:15.264 D/audio_hw_primary( 812): out_set_parameters: enter: usecase(1: low-latency-playback) kvpairs: suspend_playback=false
09-22 22:31:15.264 D/audio_hw_extn( 812): audio_extn_fm_set_parameters: Enter
09-22 22:31:15.266 W/audio_hw_primary( 812): out_write: underrun(129) frames_by_time(48248) > out->last_fifo_frames_remaining(384)
09-22 22:31:15.310 D/audio_hw_primary( 812): out_set_parameters: enter: usecase(1: low-latency-playback) kvpairs: suspend_playback=true
09-22 22:31:15.310 D/audio_hw_extn( 812): audio_extn_fm_set_parameters: Enter
09-22 22:31:15.345 I/mpu_uart( 655): [MSG-P:RECV]:No message received in 1000 ms
09-22 22:31:15.478 D/BufferPoolAccessor2.0( 1200): bufferpool2 0xecc82f68 : 0(0 size) total buffers - 0(0 size) used buffers - 95/103 (recycle/alloc) - 8/198 (fetch/transfer)
09-22 22:31:15.479 D/BufferPoolAccessor2.0( 1200): evictor expired: 1, evicted: 1
09-22 22:31:15.481 D/BufferPoolAccessor2.0( 1244): bufferpool2 0xb40000763561ec18 : 0(0 size) total buffers - 0(0 size) used buffers - 93/97 (recycle/alloc) - 4/96 (fetch/transfer)
09-22 22:31:15.481 D/BufferPoolAccessor2.0( 1244): evictor expired: 1, evicted: 1
09-22 22:31:15.531 I/input_interaction( 1451): Interaction with: cc12349 com.android.settings/com.android.settings.Settings (server), edge-swipe (server), swipe-up (server), PointerEventDispatcher0 (server),
09-22 22:31:15.532 I/wm_task_moved( 1451): [9,1,8]
09-22 22:31:15.533 I/wm_task_to_front( 1451): [0,9]
09-22 22:31:15.537 I/wm_set_resumed_activity( 1451): [0,com.android.settings/.Settings,positionChildAt]
09-22 22:31:15.537 I/wm_focused_root_task( 1451): [0,0,9,1,setFocusedTask]
09-22 22:31:15.537 I/wm_set_resumed_activity( 1451): [0,com.android.settings/.Settings,setFocusedTask]
09-22 22:31:15.538 I/input_focus( 1451): [Focus request cc12349 com.android.settings/com.android.settings.Settings,reason=UpdateInputWindows]
09-22 22:31:15.540 I/wm_on_top_resumed_lost_called( 2392): [89524022,com.android.launcher3.uioverrides.QuickstepLauncher,topStateChangedWhenResumed]
09-22 22:31:15.543 I/wm_on_top_resumed_gained_called( 2203): [2744048,com.android.settings.Settings,topStateChangedWhenResumed]
09-22 22:31:15.565 I/input_focus( 1451): [Focus leaving fc61119 com.android.launcher3/com.android.launcher3.uioverrides.QuickstepLauncher (server),reason=setFocusedWindow]
09-22 22:31:15.565 I/input_focus( 1451): [Focus entering cc12349 com.android.settings/com.android.settings.Settings (server),reason=setFocusedWindow]
09-22 22:31:15.572 D/Sogou ( 3087): onUnbindInput finish
09-22 22:31:15.574 D/Sogou ( 3087): onFinishInput:
09-22 22:31:16.042 I/hwservicemanager( 513): getTransport: Cannot find entry android.hardware.light@2.0::ILight/default in either framework or device VINTF manifest.
09-22 22:31:16.044 E/light ( 4470): light_open lights keyboard failed: -22
09-22 22:31:16.044 E/light ( 4470): Light passthrough failed to load legacy HAL.
09-22 22:31:16.045 E/light ( 4470): light_open lights buttons failed: -22
09-22 22:31:16.045 E/light ( 4470): Light passthrough failed to load legacy HAL.
09-22 22:31:16.046 E/light ( 4470): light_open lights bluetooth failed: -22
09-22 22:31:16.046 E/light ( 4470): Light passthrough failed to load legacy HAL.
09-22 22:31:16.046 E/light ( 4470): light_open lights wifi failed: -22
09-22 22:31:16.046 E/light ( 4470): Light passthrough failed to load legacy HAL.
09-22 22:31:16.046 I/hwservicemanager( 513): getTransport: Cannot find entry android.hardware.light@2.0::ILight/default in either framework or device VINTF manifest.
09-22 22:31:16.047 E/HidlServiceManagement( 4470): Service android.hardware.light@2.0::ILight/default must be in VINTF manifest in order to register/get.
09-22 22:31:16.047 E/LegacySupport( 4470): Could not register service android.hardware.light@2.0::ILight/default (-2147483648).
09-22 22:31:16.311 D/audio_hw_primary( 812): out_set_parameters: enter: usecase(1: low-latency-playback) kvpairs: suspend_playback=false
09-22 22:31:16.311 D/audio_hw_extn( 812): audio_extn_fm_set_parameters: Enter
09-22 22:31:16.311 W/audio_hw_primary( 812): out_write: underrun(130) frames_by_time(48144) > out->last_fifo_frames_remaining(384)
09-22 22:31:16.334 I/InputDispatcher( 1451): Monitor swipe-up (server) is stealing touch from [cc12349 com.android.settings/com.android.settings.Settings (server), ]
09-22 22:31:16.334 I/input_interaction( 1451): Interaction with: edge-swipe (server), swipe-up (server), PointerEventDispatcher0 (server),
09-22 22:31:16.335 I/view_enqueue_input_event( 2203): [Motion - Cancel,com.android.settings/com.android.settings.Settings]
09-22 22:31:16.346 I/mpu_uart( 655): [MSG-P:RECV]:No message received in 1000 ms
09-22 22:31:16.349 D/audio_hw_primary( 812): out_set_parameters: enter: usecase(1: low-latency-playback) kvpairs: suspend_playback=true
09-22 22:31:16.349 D/audio_hw_extn( 812): audio_extn_fm_set_parameters: Enter
09-22 22:31:16.498 I/mpu_uart( 655): [MSG-P:R]:recv sync frame timeout
09-22 22:31:16.789 I/ActivityTaskManager( 1451): START u0 {act=android.intent.action.MAIN cat=[android.intent.category.HOME] flg=0x10000000 cmp=com.android.launcher3/.uioverrides.QuickstepLauncher} from uid 10076
09-22 22:31:16.789 I/EventSequenceValidator( 1451): Transition from INTENT_FAILED to INTENT_STARTED
09-22 22:31:16.791 I/wm_task_moved( 1451): [1,1,8]
09-22 22:31:16.792 I/wm_on_top_resumed_lost_called( 2203): [2744048,com.android.settings.Settings,topStateChangedWhenResumed]
09-22 22:31:16.792 I/wm_set_resumed_activity( 1451): [0,com.android.launcher3/.uioverrides.QuickstepLauncher,positionChildAt]
09-22 22:31:16.792 I/wm_task_moved( 1451): [8,1,2147483647]
09-22 22:31:16.793 I/wm_task_to_front( 1451): [0,8]
09-22 22:31:16.793 I/wm_focused_root_task( 1451): [0,0,1,9,bringingFoundTaskToFront]
09-22 22:31:16.793 I/wm_set_resumed_activity( 1451): [0,com.android.launcher3/.uioverrides.QuickstepLauncher,bringingFoundTaskToFront]
09-22 22:31:16.793 I/wm_new_intent( 1451): [0,89524022,8,com.android.launcher3/.uioverrides.QuickstepLauncher,android.intent.action.MAIN,NULL,NULL,268435712]
09-22 22:31:16.794 I/wm_task_moved( 1451): [1,1,8]
09-22 22:31:16.794 I/wm_set_resumed_activity( 1451): [0,com.android.launcher3/.uioverrides.QuickstepLauncher,positionChildAt]
09-22 22:31:16.800 I/input_focus( 1451): [Focus request fc61119 com.android.launcher3/com.android.launcher3.uioverrides.QuickstepLauncher,reason=UpdateInputWindows]
09-22 22:31:16.802 I/EventSequenceValidator( 1451): Transition from INTENT_STARTED to INTENT_FAILED
09-22 22:31:16.803 I/wm_on_paused_called( 2392): [89524022,com.android.launcher3.uioverrides.QuickstepLauncher,performPause]
09-22 22:31:16.804 I/wm_on_resume_called( 2392): [89524022,com.android.launcher3.uioverrides.QuickstepLauncher,LIFECYCLER_RESUME_ACTIVITY]
09-22 22:31:16.805 I/wm_on_top_resumed_gained_called( 2392): [89524022,com.android.launcher3.uioverrides.QuickstepLauncher,topStateChangedWhenResumed]
09-22 22:31:16.808 V/ShadeControllerImpl( 1803): NotificationShadeWindow: com.android.systemui.statusbar.phone.NotificationShadeWindowView{6600874 I.E...... ......ID 0,0-2380,1020} canPanelBeCollapsed(): false
09-22 22:31:16.818 I/input_focus( 1451): [Focus leaving cc12349 com.android.settings/com.android.settings.Settings (server),reason=setFocusedWindow]
09-22 22:31:16.818 I/input_focus( 1451): [Focus entering fc61119 com.android.launcher3/com.android.launcher3.uioverrides.QuickstepLauncher (server),reason=setFocusedWindow]
09-22 22:31:16.820 D/Sogou ( 3087): onUnbindInput finish
09-22 22:31:16.821 D/Sogou ( 3087): onFinishInput:
09-22 22:31:17.075 F/linker ( 4472): CANNOT LINK EXECUTABLE "/vendor/bin/hw/sxrservice": library "vendor.qti.hardware.qxr-V1-ndk_platform.so" not found: needed by main executable
09-22 22:31:17.075 F/linker ( 4471): CANNOT LINK EXECUTABLE "/vendor/bin/hw/qvrservice": library "vendor.qti.hardware.qxr-V1-ndk_platform.so" not found: needed by /vendor/lib64/libqvrservice.so in namespace (default)
09-22 22:31:17.214 I/input_interaction( 1451): Interaction with: 2329d16 StatusBar (server), edge-swipe (server), swipe-up (server), PointerEventDispatcher0 (server),
09-22 22:31:17.221 I/sysui_multi_action( 1803): [757,803,799,panel_open,802,1]
09-22 22:31:17.223 I/sysui_multi_action( 1803): [757,1328,758,4,1326,39,1327,2,1329,0]
09-22 22:31:17.261 I/sysui_multi_action( 1451): [757,127,758,1]
09-22 22:31:17.261 D/StatusBar( 1803): disable disable2
09-22 22:31:17.261 I/sysui_multi_action( 1451): [757,804,799,note_load,801,2,802,1]
09-22 22:31:17.261 I/notification_panel_revealed( 1451): 2
09-22 22:31:17.265 I/notification_enqueue( 1451): [10081,1803,com.android.systemui,2048,NULL,0,Notification(channel=updateNotification shortcut=null contentView=null vibrate=null sound=null defaults=0x0 flags=0x0 color=0x00000000 vis=PRIVATE),1]
09-22 22:31:17.265 I/sysui_multi_action( 1803): [757,111,758,2]
09-22 22:31:17.265 I/sysui_multi_action( 1803): [757,111,758,2]
09-22 22:31:17.274 W/RingtonePlayer( 1803): STOP command without a player
09-22 22:31:17.283 I/input_focus( 1451): [Focus request f3befb5 NotificationShade,reason=UpdateInputWindows]
09-22 22:31:17.290 I/sysui_multi_action( 1803): [757,111,758,1]
09-22 22:31:17.291 I/sysui_multi_action( 1803): [757,126,758,1,759,126,927,0,928,0,1593,0]
09-22 22:31:17.291 I/sysui_multi_action( 1803): [757,113,758,1,759,113,927,1,928,1,1593,0]
09-22 22:31:17.291 I/sysui_multi_action( 1803): [757,0,758,1,759,0,927,2,928,0,1593,0]
09-22 22:31:17.291 I/sysui_multi_action( 1803): [757,0,758,1,759,0,927,3,928,0,1593,0]
09-22 22:31:17.291 I/sysui_multi_action( 1803): [757,1706,758,1,759,1706,927,4,928,0,1593,0]
09-22 22:31:17.292 I/sysui_multi_action( 1803): [757,491,758,1,759,491,927,5,928,0,1311,-1,1593,0]
09-22 22:31:17.292 I/sysui_multi_action( 1803): [757,0,758,1,759,0,927,6,928,0,1593,0]
09-22 22:31:17.292 I/sysui_multi_action( 1803): [757,111,758,1]
09-22 22:31:17.292 I/sysui_multi_action( 1803): [757,126,758,1,759,126,927,0,928,0,1593,0]
09-22 22:31:17.292 I/sysui_multi_action( 1803): [757,113,758,1,759,113,927,1,928,1,1593,0]
09-22 22:31:17.292 I/sysui_multi_action( 1803): [757,0,758,1,759,0,927,2,928,0,1593,0]
09-22 22:31:17.292 I/sysui_multi_action( 1803): [757,0,758,1,759,0,927,3,928,0,1593,0]
09-22 22:31:17.296 W/View ( 1803): requestLayout() improperly called by com.android.systemui.util.animation.UniqueObjectHostView{24dc5a4 V.E...... ......ID 0,0-666,156} during layout: running second layout pass
09-22 22:31:17.304 I/input_focus( 1451): [Focus leaving fc61119 com.android.launcher3/com.android.launcher3.uioverrides.QuickstepLauncher (server),reason=Waiting for window because NOT_VISIBLE]
09-22 22:31:17.313 I/sysui_multi_action( 1803): [757,111,758,2]
09-22 22:31:17.313 I/notification_enqueue( 1451): [10081,1803,com.android.systemui,2048,NULL,0,Notification(channel=updateNotification shortcut=null contentView=null vibrate=null sound=null defaults=0x0 flags=0x0 color=0x00000000 vis=PRIVATE),1]
09-22 22:31:17.313 I/sysui_multi_action( 1803): [757,111,758,2]
09-22 22:31:17.319 I/sysui_multi_action( 1803): [757,111,758,1]
09-22 22:31:17.319 I/sysui_multi_action( 1803): [757,126,758,1,759,126,927,0,928,0,1593,0]
09-22 22:31:17.319 I/sysui_multi_action( 1803): [757,113,758,1,759,113,927,1,928,1,1593,0]
09-22 22:31:17.319 I/sysui_multi_action( 1803): [757,0,758,1,759,0,927,2,928,0,1593,0]
09-22 22:31:17.319 I/sysui_multi_action( 1803): [757,0,758,1,759,0,927,3,928,0,1593,0]
09-22 22:31:17.319 I/sysui_multi_action( 1803): [757,1706,758,1,759,1706,927,4,928,0,1593,0]
09-22 22:31:17.320 I/sysui_multi_action( 1803): [757,491,758,1,759,491,927,5,928,0,1311,-1,1593,0]
09-22 22:31:17.320 I/sysui_multi_action( 1803): [757,0,758,1,759,0,927,6,928,0,1593,0]
09-22 22:31:17.320 I/sysui_multi_action( 1803): [757,111,758,1]
09-22 22:31:17.320 I/sysui_multi_action( 1803): [757,126,758,1,759,126,927,0,928,0,1593,0]
09-22 22:31:17.320 I/sysui_multi_action( 1803): [757,113,758,1,759,113,927,1,928,1,1593,0]
09-22 22:31:17.320 I/sysui_multi_action( 1803): [757,0,758,1,759,0,927,2,928,0,1593,0]
09-22 22:31:17.320 I/sysui_multi_action( 1803): [757,0,758,1,759,0,927,3,928,0,1593,0]
09-22 22:31:17.320 I/input_focus( 1451): [Focus entering f3befb5 NotificationShade (server),reason=Window became focusable. Previous reason: NOT_VISIBLE]
09-22 22:31:17.323 W/View ( 1803): requestLayout() improperly called by com.android.systemui.util.animation.UniqueObjectHostView{24dc5a4 V.E...... ......ID 0,0-666,156} during layout: running second layout pass
09-22 22:31:17.339 I/sysui_multi_action( 1803): [757,111,758,2]
09-22 22:31:17.339 I/notification_enqueue( 1451): [10081,1803,com.android.systemui,2048,NULL,0,Notification(channel=updateNotification shortcut=null contentView=null vibrate=null sound=null defaults=0x0 flags=0x0 color=0x00000000 vis=PRIVATE),1]
09-22 22:31:17.339 I/sysui_multi_action( 1803): [757,111,758,2]
09-22 22:31:17.345 I/sysui_multi_action( 1803): [757,111,758,1]
09-22 22:31:17.345 I/sysui_multi_action( 1803): [757,126,758,1,759,126,927,0,928,0,1593,0]
09-22 22:31:17.345 I/sysui_multi_action( 1803): [757,113,758,1,759,113,927,1,928,1,1593,0]
09-22 22:31:17.345 I/sysui_multi_action( 1803): [757,0,758,1,759,0,927,2,928,0,1593,0]
09-22 22:31:17.345 I/sysui_multi_action( 1803): [757,0,758,1,759,0,927,3,928,0,1593,0]
09-22 22:31:17.345 I/sysui_multi_action( 1803): [757,1706,758,1,759,1706,927,4,928,0,1593,0]
09-22 22:31:17.346 I/sysui_multi_action( 1803): [757,491,758,1,759,491,927,5,928,0,1311,-1,1593,0]
09-22 22:31:17.346 I/mpu_uart( 655): [MSG-P:RECV]:No message received in 1000 ms
09-22 22:31:17.346 I/sysui_multi_action( 1803): [757,0,758,1,759,0,927,6,928,0,1593,0]
09-22 22:31:17.346 I/sysui_multi_action( 1803): [757,111,758,1]
09-22 22:31:17.346 I/sysui_multi_action( 1803): [757,126,758,1,759,126,927,0,928,0,1593,0]
09-22 22:31:17.346 I/sysui_multi_action( 1803): [757,113,758,1,759,113,927,1,928,1,1593,0]
09-22 22:31:17.346 I/sysui_multi_action( 1803): [757,0,758,1,759,0,927,2,928,0,1593,0]
09-22 22:31:17.346 I/sysui_multi_action( 1803): [757,0,758,1,759,0,927,3,928,0,1593,0]
09-22 22:31:17.348 W/View ( 1803): requestLayout() improperly called by com.android.systemui.util.animation.UniqueObjectHostView{24dc5a4 V.E...... ......ID 0,0-666,156} during layout: running second layout pass
09-22 22:31:17.350 D/audio_hw_primary( 812): out_set_parameters: enter: usecase(1: low-latency-playback) kvpairs: suspend_playback=false
09-22 22:31:17.350 D/audio_hw_extn( 812): audio_extn_fm_set_parameters: Enter
09-22 22:31:17.350 D/audio_hw_primary( 812): out_standby: enter: stream (0xe45464c0) usecase(1: low-latency-playback)
09-22 22:31:17.361 I/sysui_multi_action( 1803): [757,111,758,2]
09-22 22:31:17.361 I/sysui_multi_action( 1803): [757,111,758,2]
09-22 22:31:17.361 I/notification_enqueue( 1451): [10081,1803,com.android.systemui,2048,NULL,0,Notification(channel=updateNotification shortcut=null contentView=null vibrate=null sound=null defaults=0x0 flags=0x0 color=0x00000000 vis=PRIVATE),1]
09-22 22:31:17.365 I/sysui_multi_action( 1803): [757,111,758,1]
09-22 22:31:17.365 I/sysui_multi_action( 1803): [757,126,758,1,759,126,927,0,928,0,1593,0]
09-22 22:31:17.365 I/sysui_multi_action( 1803): [757,113,758,1,759,113,927,1,928,1,1593,0]
09-22 22:31:17.365 I/sysui_multi_action( 1803): [757,0,758,1,759,0,927,2,928,0,1593,0]
09-22 22:31:17.365 I/sysui_multi_action( 1803): [757,0,758,1,759,0,927,3,928,0,1593,0]
09-22 22:31:17.365 I/sysui_multi_action( 1803): [757,1706,758,1,759,1706,927,4,928,0,1593,0]
09-22 22:31:17.365 I/sysui_multi_action( 1803): [757,491,758,1,759,491,927,5,928,0,1311,-1,1593,0]
09-22 22:31:17.365 I/sysui_multi_action( 1803): [757,0,758,1,759,0,927,6,928,0,1593,0]
09-22 22:31:17.365 I/sysui_multi_action( 1803): [757,111,758,1]
09-22 22:31:17.365 I/sysui_multi_action( 1803): [757,126,758,1,759,126,927,0,928,0,1593,0]
09-22 22:31:17.365 I/sysui_multi_action( 1803): [757,113,758,1,759,113,927,1,928,1,1593,0]
09-22 22:31:17.365 I/sysui_multi_action( 1803): [757,0,758,1,759,0,927,2,928,0,1593,0]
09-22 22:31:17.365 I/sysui_multi_action( 1803): [757,0,758,1,759,0,927,3,928,0,1593,0]
09-22 22:31:17.367 W/View ( 1803): requestLayout() improperly called by com.android.systemui.util.animation.UniqueObjectHostView{24dc5a4 V.E...... ......ID 0,0-666,156} during layout: running second layout pass
09-22 22:31:17.369 D/audio_hw_primary( 812): disable_audio_route: reset and update mixer path: low-latency-playback
09-22 22:31:17.370 E/soundtrigger( 812): audio_extn_sound_trigger_update_stream_status: invalid input device 0x0, for event 2
09-22 22:31:17.370 D/soundtrigger( 812): audio_extn_sound_trigger_update_stream_status: uc_info->id 1 of type 0 for Event 2, with Raise=0
09-22 22:31:17.370 D/msm8974_platform( 812): platform_split_snd_device: snd_device(2) num devices(0) new_snd_devices(0)
09-22 22:31:17.370 I/msm8974_platform( 812): platform_get_custom_mtmx_params: no matching param with id 0 ip_ch 2 op_ch 2 uc_id 1 snd_dev 2
09-22 22:31:17.370 D/hardware_info( 812): hw_info_append_hw_type : device_name = speaker
09-22 22:31:17.370 D/audio_hw_primary( 812): disable_snd_device: snd_device(2: speaker)
09-22 22:31:17.370 D/msm8974_platform( 812): platform_split_snd_device: snd_device(2) num devices(0) new_snd_devices(0)
09-22 22:31:17.370 I/soundtrigger( 812): audio_extn_sound_trigger_update_device_status: device 0x2 of type 0 for Event 0, with Raise=0
09-22 22:31:17.370 D/audio_hw_primary( 812): out_standby: exit
09-22 22:31:17.378 I/sysui_multi_action( 1803): [757,111,758,2]
09-22 22:31:17.378 I/sysui_multi_action( 1803): [757,111,758,2]
09-22 22:31:17.378 I/notification_enqueue( 1451): [10081,1803,com.android.systemui,2048,NULL,0,Notification(channel=updateNotification shortcut=null contentView=null vibrate=null sound=null defaults=0x0 flags=0x0 color=0x00000000 vis=PRIVATE),1]
09-22 22:31:17.381 I/sysui_multi_action( 1803): [757,111,758,1]
09-22 22:31:17.381 I/sysui_multi_action( 1803): [757,126,758,1,759,126,927,0,928,0,1593,0]
09-22 22:31:17.381 I/sysui_multi_action( 1803): [757,113,758,1,759,113,927,1,928,1,1593,0]
09-22 22:31:17.381 I/sysui_multi_action( 1803): [757,0,758,1,759,0,927,2,928,0,1593,0]
09-22 22:31:17.381 I/sysui_multi_action( 1803): [757,0,758,1,759,0,927,3,928,0,1593,0]
09-22 22:31:17.381 I/sysui_multi_action( 1803): [757,1706,758,1,759,1706,927,4,928,0,1593,0]
09-22 22:31:17.382 I/sysui_multi_action( 1803): [757,491,758,1,759,491,927,5,928,0,1311,-1,1593,0]
09-22 22:31:17.382 I/sysui_multi_action( 1803): [757,0,758,1,759,0,927,6,928,0,1593,0]
09-22 22:31:17.382 I/sysui_multi_action( 1803): [757,111,758,1]
09-22 22:31:17.382 I/sysui_multi_action( 1803): [757,126,758,1,759,126,927,0,928,0,1593,0]
09-22 22:31:17.382 I/sysui_multi_action( 1803): [757,113,758,1,759,113,927,1,928,1,1593,0]
09-22 22:31:17.382 I/sysui_multi_action( 1803): [757,0,758,1,759,0,927,2,928,0,1593,0]
09-22 22:31:17.382 I/sysui_multi_action( 1803): [757,0,758,1,759,0,927,3,928,0,1593,0]
09-22 22:31:17.383 W/View ( 1803): requestLayout() improperly called by com.android.systemui.util.animation.UniqueObjectHostView{24dc5a4 V.E...... ......ID 0,0-666,156} during layout: running second layout pass
09-22 22:31:17.393 I/sysui_multi_action( 1803): [757,111,758,2]
09-22 22:31:17.393 I/sysui_multi_action( 1803): [757,111,758,2]
09-22 22:31:17.393 I/notification_enqueue( 1451): [10081,1803,com.android.systemui,2048,NULL,0,Notification(channel=updateNotification shortcut=null contentView=null vibrate=null sound=null defaults=0x0 flags=0x0 color=0x00000000 vis=PRIVATE),1]
09-22 22:31:17.396 I/sysui_multi_action( 1803): [757,111,758,1]
09-22 22:31:17.396 I/sysui_multi_action( 1803): [757,126,758,1,759,126,927,0,928,0,1593,0]
09-22 22:31:17.396 I/sysui_multi_action( 1803): [757,113,758,1,759,113,927,1,928,1,1593,0]
09-22 22:31:17.396 I/sysui_multi_action( 1803): [757,0,758,1,759,0,927,2,928,0,1593,0]
09-22 22:31:17.397 I/sysui_multi_action( 1803): [757,0,758,1,759,0,927,3,928,0,1593,0]
09-22 22:31:17.397 I/sysui_multi_action( 1803): [757,1706,758,1,759,1706,927,4,928,0,1593,0]
09-22 22:31:17.397 I/sysui_multi_action( 1803): [757,491,758,1,759,491,927,5,928,0,1311,-1,1593,0]
09-22 22:31:17.397 I/sysui_multi_action( 1803): [757,0,758,1,759,0,927,6,928,0,1593,0]
09-22 22:31:17.397 I/sysui_multi_action( 1803): [757,111,758,1]
09-22 22:31:17.397 I/sysui_multi_action( 1803): [757,126,758,1,759,126,927,0,928,0,1593,0]
09-22 22:31:17.397 I/sysui_multi_action( 1803): [757,113,758,1,759,113,927,1,928,1,1593,0]
09-22 22:31:17.397 I/sysui_multi_action( 1803): [757,0,758,1,759,0,927,2,928,0,1593,0]
09-22 22:31:17.397 I/sysui_multi_action( 1803): [757,0,758,1,759,0,927,3,928,0,1593,0]
09-22 22:31:17.399 W/View ( 1803): requestLayout() improperly called by com.android.systemui.util.animation.UniqueObjectHostView{24dc5a4 V.E...... ......ID 0,0-666,156} during layout: running second layout pass
09-22 22:31:17.409 I/sysui_multi_action( 1803): [757,111,758,2]
09-22 22:31:17.409 I/sysui_multi_action( 1803): [757,111,758,2]
09-22 22:31:17.409 I/notification_enqueue( 1451): [10081,1803,com.android.systemui,2048,NULL,0,Notification(channel=updateNotification shortcut=null contentView=null vibrate=null sound=null defaults=0x0 flags=0x0 color=0x00000000 vis=PRIVATE),1]
