09-22 22:31:30.717 I/BpBinder( 927): onLastStrongRef automatically unlinking death recipients:
09-22 22:31:30.735 I/BpBinder( 927): onLastStrongRef automatically unlinking death recipients:
09-22 22:31:30.739 D/vendor.qti.vibrator( 883): Vibrator perform effect 2
09-22 22:31:30.740 D/vendor.qti.vibrator( 883): QTI Vibrator off
09-22 22:31:30.750 I/BpBinder( 927): onLastStrongRef automatically unlinking death recipients:
09-22 22:31:30.767 I/BpBinder( 927): onLastStrongRef automatically unlinking death recipients:
09-22 22:31:30.784 I/BpBinder( 927): onLastStrongRef automatically unlinking death recipients:
09-22 22:31:30.800 I/BpBinder( 927): onLastStrongRef automatically unlinking death recipients:
09-22 22:31:30.817 I/BpBinder( 927): onLastStrongRef automatically unlinking death recipients:
09-22 22:31:30.834 I/BpBinder( 927): onLastStrongRef automatically unlinking death recipients:
09-22 22:31:30.854 I/BpBinder( 927): onLastStrongRef automatically unlinking death recipients:
09-22 22:31:30.867 I/BpBinder( 927): onLastStrongRef automatically unlinking death recipients:
09-22 22:31:30.885 I/BpBinder( 927): onLastStrongRef automatically unlinking death recipients:
09-22 22:31:30.901 I/BpBinder( 927): onLastStrongRef automatically unlinking death recipients:
09-22 22:31:30.917 I/BpBinder( 927): onLastStrongRef automatically unlinking death recipients:
09-22 22:31:30.970 I/sysui_multi_action( 1451): [757,803,799,key_back_press,802,1]
09-22 22:31:30.972 I/BpBinder( 927): onLastStrongRef automatically unlinking death recipients:
09-22 22:31:30.972 I/input_interaction( 1451): Interaction with: cc12349 com.android.settings/com.android.settings.Settings (server), PointerEventDispatcher0 (server),
09-22 22:31:30.974 D/vendor.qti.vibrator( 883): Vibrator perform effect 0
09-22 22:31:30.974 I/ActivityTaskManager( 1451): moveTaskToBack: Task{bdc83fa #9 type=standard A=1000:com.android.settings.root U=0 visible=true mode=freeform translucent=false sz=1}
09-22 22:31:30.974 D/vendor.qti.vibrator( 883): QTI Vibrator off
09-22 22:31:30.975 I/wm_task_moved( 1451): [9,0,0]
09-22 22:31:30.978 I/wm_focused_root_task( 1451): [0,0,1,9,moveTaskToBackLocked]
09-22 22:31:30.979 I/wm_on_top_resumed_lost_called( 2203): [2744048,com.android.settings.Settings,topStateChangedWhenResumed]
09-22 22:31:30.979 I/input_focus( 1451): [Focus request fc61119 com.android.launcher3/com.android.launcher3.uioverrides.QuickstepLauncher,reason=UpdateInputWindows]
09-22 22:31:30.984 I/wm_on_top_resumed_gained_called( 2392): [89524022,com.android.launcher3.uioverrides.QuickstepLauncher,topStateChangedWhenResumed]
09-22 22:31:30.985 I/input_focus( 1451): [Focus leaving cc12349 com.android.settings/com.android.settings.Settings (server),reason=setFocusedWindow]
09-22 22:31:30.985 I/input_focus( 1451): [Focus entering fc61119 com.android.launcher3/com.android.launcher3.uioverrides.QuickstepLauncher (server),reason=setFocusedWindow]
09-22 22:31:30.992 D/Sogou ( 3087): onUnbindInput finish
09-22 22:31:30.993 D/Sogou ( 3087): onFinishInput:
09-22 22:31:31.061 I/hwservicemanager( 513): getTransport: Cannot find entry android.hardware.light@2.0::ILight/default in either framework or device VINTF manifest.
09-22 22:31:31.063 E/light ( 4530): light_open lights keyboard failed: -22
09-22 22:31:31.064 E/light ( 4530): Light passthrough failed to load legacy HAL.
09-22 22:31:31.064 E/light ( 4530): light_open lights buttons failed: -22
09-22 22:31:31.064 E/light ( 4530): Light passthrough failed to load legacy HAL.
09-22 22:31:31.065 E/light ( 4530): light_open lights bluetooth failed: -22
09-22 22:31:31.065 E/light ( 4530): Light passthrough failed to load legacy HAL.
09-22 22:31:31.066 E/light ( 4530): light_open lights wifi failed: -22
09-22 22:31:31.066 E/light ( 4530): Light passthrough failed to load legacy HAL.
09-22 22:31:31.066 I/hwservicemanager( 513): getTransport: Cannot find entry android.hardware.light@2.0::ILight/default in either framework or device VINTF manifest.
09-22 22:31:31.066 E/HidlServiceManagement( 4530): Service android.hardware.light@2.0::ILight/default must be in VINTF manifest in order to register/get.
09-22 22:31:31.066 E/LegacySupport( 4530): Could not register service android.hardware.light@2.0::ILight/default (-2147483648).
09-22 22:31:31.355 D/audio_hw_primary( 812): out_set_parameters: enter: usecase(1: low-latency-playback) kvpairs: suspend_playback=false
09-22 22:31:31.355 D/audio_hw_extn( 812): audio_extn_fm_set_parameters: Enter
09-22 22:31:31.356 W/audio_hw_primary( 812): out_write: underrun(141) frames_by_time(48151) > out->last_fifo_frames_remaining(384)
09-22 22:31:31.356 I/mpu_uart( 655): [MSG-P:RECV]:No message received in 1000 ms
09-22 22:31:31.396 D/audio_hw_primary( 812): out_set_parameters: enter: usecase(1: low-latency-playback) kvpairs: suspend_playback=true
09-22 22:31:31.397 D/audio_hw_extn( 812): audio_extn_fm_set_parameters: Enter
09-22 22:31:31.510 I/mpu_uart( 655): [MSG-P:R]:recv sync frame timeout
09-22 22:31:31.953 I/input_interaction( 1451): Interaction with: cc12349 com.android.settings/com.android.settings.Settings (server), edge-swipe (server), swipe-up (server), PointerEventDispatcher0 (server),
09-22 22:31:31.956 I/wm_task_moved( 1451): [9,1,8]
09-22 22:31:31.956 I/wm_task_to_front( 1451): [0,9]
09-22 22:31:31.961 I/wm_set_resumed_activity( 1451): [0,com.android.settings/.Settings,positionChildAt]
09-22 22:31:31.961 I/wm_focused_root_task( 1451): [0,0,9,1,setFocusedTask]
09-22 22:31:31.961 I/wm_set_resumed_activity( 1451): [0,com.android.settings/.Settings,setFocusedTask]
09-22 22:31:31.961 I/wm_on_top_resumed_lost_called( 2392): [89524022,com.android.launcher3.uioverrides.QuickstepLauncher,topStateChangedWhenResumed]
09-22 22:31:31.962 I/input_focus( 1451): [Focus request cc12349 com.android.settings/com.android.settings.Settings,reason=UpdateInputWindows]
09-22 22:31:31.962 I/wm_on_top_resumed_gained_called( 2203): [2744048,com.android.settings.Settings,topStateChangedWhenResumed]
09-22 22:31:31.988 I/input_focus( 1451): [Focus leaving fc61119 com.android.launcher3/com.android.launcher3.uioverrides.QuickstepLauncher (server),reason=setFocusedWindow]
09-22 22:31:31.988 I/input_focus( 1451): [Focus entering cc12349 com.android.settings/com.android.settings.Settings (server),reason=setFocusedWindow]
09-22 22:31:31.994 D/Sogou ( 3087): onUnbindInput finish
09-22 22:31:31.994 D/Sogou ( 3087): onFinishInput:
09-22 22:31:32.086 F/linker ( 4531): CANNOT LINK EXECUTABLE "/vendor/bin/hw/qvrservice": library "vendor.qti.hardware.qxr-V1-ndk_platform.so" not found: needed by /vendor/lib64/libqvrservice.so in namespace (default)
09-22 22:31:32.087 F/linker ( 4532): CANNOT LINK EXECUTABLE "/vendor/bin/hw/sxrservice": library "vendor.qti.hardware.qxr-V1-ndk_platform.so" not found: needed by main executable
09-22 22:31:32.356 I/mpu_uart( 655): [MSG-P:RECV]:No message received in 1000 ms
09-22 22:31:32.397 D/audio_hw_primary( 812): out_set_parameters: enter: usecase(1: low-latency-playback) kvpairs: suspend_playback=false
09-22 22:31:32.397 D/audio_hw_extn( 812): audio_extn_fm_set_parameters: Enter
09-22 22:31:32.398 D/audio_hw_primary( 812): out_standby: enter: stream (0xe45464c0) usecase(1: low-latency-playback)
09-22 22:31:32.419 D/audio_hw_primary( 812): disable_audio_route: reset and update mixer path: low-latency-playback
09-22 22:31:32.420 E/soundtrigger( 812): audio_extn_sound_trigger_update_stream_status: invalid input device 0x0, for event 2
09-22 22:31:32.420 D/soundtrigger( 812): audio_extn_sound_trigger_update_stream_status: uc_info->id 1 of type 0 for Event 2, with Raise=0
09-22 22:31:32.420 D/msm8974_platform( 812): platform_split_snd_device: snd_device(2) num devices(0) new_snd_devices(0)
09-22 22:31:32.420 I/msm8974_platform( 812): platform_get_custom_mtmx_params: no matching param with id 0 ip_ch 2 op_ch 2 uc_id 1 snd_dev 2
09-22 22:31:32.420 D/hardware_info( 812): hw_info_append_hw_type : device_name = speaker
09-22 22:31:32.420 D/audio_hw_primary( 812): disable_snd_device: snd_device(2: speaker)
09-22 22:31:32.420 D/msm8974_platform( 812): platform_split_snd_device: snd_device(2) num devices(0) new_snd_devices(0)
09-22 22:31:32.420 I/soundtrigger( 812): audio_extn_sound_trigger_update_device_status: device 0x2 of type 0 for Event 0, with Raise=0
09-22 22:31:32.420 D/audio_hw_primary( 812): out_standby: exit
09-22 22:31:32.482 D/BufferPoolAccessor2.0( 1200): evictor expired: 1, evicted: 0
09-22 22:31:32.484 D/BufferPoolAccessor2.0( 1244): evictor expired: 1, evicted: 0
09-22 22:31:33.357 I/mpu_uart( 655): [MSG-P:RECV]:No message received in 1000 ms
09-22 22:31:33.390 I/InputDispatcher( 1451): Monitor swipe-up (server) is stealing touch from [cc12349 com.android.settings/com.android.settings.Settings (server), ]
09-22 22:31:33.390 I/view_enqueue_input_event( 2203): [Motion - Cancel,com.android.settings/com.android.settings.Settings]
09-22 22:31:33.403 I/input_interaction( 1451): Interaction with: edge-swipe (server), swipe-up (server), PointerEventDispatcher0 (server),
09-22 22:31:33.872 I/ActivityTaskManager( 1451): START u0 {act=android.intent.action.MAIN cat=[android.intent.category.HOME] flg=0x10000000 cmp=com.android.launcher3/.uioverrides.QuickstepLauncher} from uid 10076
09-22 22:31:33.872 I/EventSequenceValidator( 1451): Transition from INTENT_FAILED to INTENT_STARTED
09-22 22:31:33.875 I/wm_task_moved( 1451): [1,1,8]
09-22 22:31:33.876 I/wm_on_top_resumed_lost_called( 2203): [2744048,com.android.settings.Settings,topStateChangedWhenResumed]
09-22 22:31:33.876 I/wm_set_resumed_activity( 1451): [0,com.android.launcher3/.uioverrides.QuickstepLauncher,positionChildAt]
09-22 22:31:33.876 I/wm_task_moved( 1451): [8,1,2147483647]
09-22 22:31:33.876 I/wm_task_to_front( 1451): [0,8]
09-22 22:31:33.876 I/wm_focused_root_task( 1451): [0,0,1,9,bringingFoundTaskToFront]
09-22 22:31:33.876 I/wm_set_resumed_activity( 1451): [0,com.android.launcher3/.uioverrides.QuickstepLauncher,bringingFoundTaskToFront]
09-22 22:31:33.876 I/wm_new_intent( 1451): [0,89524022,8,com.android.launcher3/.uioverrides.QuickstepLauncher,android.intent.action.MAIN,NULL,NULL,268435712]
09-22 22:31:33.877 I/wm_task_moved( 1451): [1,1,8]
09-22 22:31:33.877 I/wm_set_resumed_activity( 1451): [0,com.android.launcher3/.uioverrides.QuickstepLauncher,positionChildAt]
09-22 22:31:33.882 I/input_focus( 1451): [Focus request fc61119 com.android.launcher3/com.android.launcher3.uioverrides.QuickstepLauncher,reason=UpdateInputWindows]
09-22 22:31:33.885 I/EventSequenceValidator( 1451): Transition from INTENT_STARTED to INTENT_FAILED
09-22 22:31:33.885 I/wm_on_paused_called( 2392): [89524022,com.android.launcher3.uioverrides.QuickstepLauncher,performPause]
09-22 22:31:33.887 I/wm_on_resume_called( 2392): [89524022,com.android.launcher3.uioverrides.QuickstepLauncher,LIFECYCLER_RESUME_ACTIVITY]
09-22 22:31:33.890 V/ShadeControllerImpl( 1803): NotificationShadeWindow: com.android.systemui.statusbar.phone.NotificationShadeWindowView{6600874 I.E...... ......ID 0,0-2380,1020} canPanelBeCollapsed(): false
09-22 22:31:33.900 I/wm_on_top_resumed_gained_called( 2392): [89524022,com.android.launcher3.uioverrides.QuickstepLauncher,topStateChangedWhenResumed]
09-22 22:31:33.908 I/input_focus( 1451): [Focus leaving cc12349 com.android.settings/com.android.settings.Settings (server),reason=setFocusedWindow]
09-22 22:31:33.908 I/input_focus( 1451): [Focus entering fc61119 com.android.launcher3/com.android.launcher3.uioverrides.QuickstepLauncher (server),reason=setFocusedWindow]
09-22 22:31:33.918 D/Sogou ( 3087): onUnbindInput finish
09-22 22:31:33.918 D/Sogou ( 3087): onFinishInput:
09-22 22:31:33.919 I/am_pss ( 1451): [4288,10024,com.android.documentsui,36227072,28254208,0,166617088,0,18,9]
09-22 22:31:33.927 I/am_pss ( 1451): [4321,2000,com.android.shell,6219776,4366336,0,92827648,0,19,7]
09-22 22:31:34.357 I/mpu_uart( 655): [MSG-P:RECV]:No message received in 1000 ms
09-22 22:31:34.405 I/input_interaction( 1451): Interaction with: cc12349 com.android.settings/com.android.settings.Settings (server), edge-swipe (server), swipe-up (server), PointerEventDispatcher0 (server),
09-22 22:31:34.407 I/wm_task_moved( 1451): [9,1,8]
09-22 22:31:34.407 I/wm_task_to_front( 1451): [0,9]
09-22 22:31:34.410 I/wm_set_resumed_activity( 1451): [0,com.android.settings/.Settings,positionChildAt]
09-22 22:31:34.410 I/wm_focused_root_task( 1451): [0,0,9,1,setFocusedTask]
09-22 22:31:34.410 I/wm_set_resumed_activity( 1451): [0,com.android.settings/.Settings,setFocusedTask]
09-22 22:31:34.413 I/wm_on_top_resumed_lost_called( 2392): [89524022,com.android.launcher3.uioverrides.QuickstepLauncher,topStateChangedWhenResumed]
09-22 22:31:34.414 I/input_focus( 1451): [Focus request cc12349 com.android.settings/com.android.settings.Settings,reason=UpdateInputWindows]
09-22 22:31:34.414 I/wm_on_top_resumed_gained_called( 2203): [2744048,com.android.settings.Settings,topStateChangedWhenResumed]
09-22 22:31:34.443 I/input_focus( 1451): [Focus leaving fc61119 com.android.launcher3/com.android.launcher3.uioverrides.QuickstepLauncher (server),reason=setFocusedWindow]
09-22 22:31:34.443 I/input_focus( 1451): [Focus entering cc12349 com.android.settings/com.android.settings.Settings (server),reason=setFocusedWindow]
09-22 22:31:34.449 D/Sogou ( 3087): onUnbindInput finish
09-22 22:31:34.450 D/Sogou ( 3087): onFinishInput:
09-22 22:31:34.483 D/BufferPoolAccessor2.0( 1200): bufferpool2 0xecc83aa8 : 0(0 size) total buffers - 0(0 size) used buffers - 94/102 (recycle/alloc) - 8/198 (fetch/transfer)
09-22 22:31:34.483 D/BufferPoolAccessor2.0( 1200): evictor expired: 1, evicted: 1
09-22 22:31:34.485 D/BufferPoolAccessor2.0( 1244): bufferpool2 0xb400007635619d78 : 0(0 size) total buffers - 0(0 size) used buffers - 93/97 (recycle/alloc) - 4/96 (fetch/transfer)
09-22 22:31:34.485 D/BufferPoolAccessor2.0( 1244): evictor expired: 1, evicted: 1
09-22 22:31:34.510 I/mpu_uart( 655): [MSG-P:R]:recv sync frame timeout
09-22 22:31:35.357 I/mpu_uart( 655): [MSG-P:RECV]:No message received in 1000 ms
09-22 22:31:35.445 I/InputDispatcher( 1451): Monitor swipe-up (server) is stealing touch from [cc12349 com.android.settings/com.android.settings.Settings (server), ]
09-22 22:31:35.446 I/view_enqueue_input_event( 2203): [Motion - Cancel,com.android.settings/com.android.settings.Settings]
09-22 22:31:35.456 I/input_interaction( 1451): Interaction with: edge-swipe (server), swipe-up (server), PointerEventDispatcher0 (server),
09-22 22:31:36.070 I/hwservicemanager( 513): getTransport: Cannot find entry android.hardware.light@2.0::ILight/default in either framework or device VINTF manifest.
09-22 22:31:36.072 E/light ( 4533): light_open lights keyboard failed: -22
09-22 22:31:36.072 E/light ( 4533): Light passthrough failed to load legacy HAL.
09-22 22:31:36.073 E/light ( 4533): light_open lights buttons failed: -22
09-22 22:31:36.073 E/light ( 4533): Light passthrough failed to load legacy HAL.
09-22 22:31:36.074 E/light ( 4533): light_open lights bluetooth failed: -22
09-22 22:31:36.074 E/light ( 4533): Light passthrough failed to load legacy HAL.
09-22 22:31:36.074 E/light ( 4533): light_open lights wifi failed: -22
09-22 22:31:36.074 E/light ( 4533): Light passthrough failed to load legacy HAL.
09-22 22:31:36.075 I/hwservicemanager( 513): getTransport: Cannot find entry android.hardware.light@2.0::ILight/default in either framework or device VINTF manifest.
09-22 22:31:36.075 E/HidlServiceManagement( 4533): Service android.hardware.light@2.0::ILight/default must be in VINTF manifest in order to register/get.
09-22 22:31:36.075 E/LegacySupport( 4533): Could not register service android.hardware.light@2.0::ILight/default (-2147483648).
09-22 22:31:36.198 I/input_interaction( 1451): Interaction with: 2329d16 StatusBar (server), edge-swipe (server), swipe-up (server), PointerEventDispatcher0 (server),
09-22 22:31:36.204 I/sysui_multi_action( 1803): [757,803,799,panel_open,802,1]
09-22 22:31:36.205 I/sysui_multi_action( 1803): [757,1328,758,4,1326,53,1327,3,1329,0]
09-22 22:31:36.271 I/sysui_multi_action( 1451): [757,127,758,1]
09-22 22:31:36.271 D/StatusBar( 1803): disable disable2
09-22 22:31:36.271 I/sysui_multi_action( 1451): [757,804,799,note_load,801,2,802,1]
09-22 22:31:36.271 I/notification_panel_revealed( 1451): 2
09-22 22:31:36.276 I/sysui_multi_action( 1803): [757,111,758,2]
09-22 22:31:36.276 I/sysui_multi_action( 1803): [757,111,758,2]
09-22 22:31:36.278 I/notification_enqueue( 1451): [10081,1803,com.android.systemui,2048,NULL,0,Notification(channel=updateNotification shortcut=null contentView=null vibrate=null sound=null defaults=0x0 flags=0x0 color=0x00000000 vis=PRIVATE),1]
09-22 22:31:36.285 W/RingtonePlayer( 1803): STOP command without a player
09-22 22:31:36.291 I/input_focus( 1451): [Focus request f3befb5 NotificationShade,reason=UpdateInputWindows]
09-22 22:31:36.298 I/sysui_multi_action( 1803): [757,111,758,1]
09-22 22:31:36.298 I/sysui_multi_action( 1803): [757,126,758,1,759,126,927,0,928,0,1593,1]
09-22 22:31:36.299 I/sysui_multi_action( 1803): [757,113,758,1,759,113,927,1,928,1,1593,1]
09-22 22:31:36.299 I/sysui_multi_action( 1803): [757,0,758,1,759,0,927,2,928,0,1593,1]
09-22 22:31:36.299 I/sysui_multi_action( 1803): [757,0,758,1,759,0,927,3,928,0,1593,1]
09-22 22:31:36.299 I/sysui_multi_action( 1803): [757,1706,758,1,759,1706,927,4,928,0,1593,1]
09-22 22:31:36.299 I/sysui_multi_action( 1803): [757,491,758,1,759,491,927,5,928,0,1311,-1,1593,0]
09-22 22:31:36.300 I/sysui_multi_action( 1803): [757,0,758,1,759,0,927,6,928,0,1593,0]
09-22 22:31:36.300 I/sysui_multi_action( 1803): [757,111,758,1]
09-22 22:31:36.300 I/sysui_multi_action( 1803): [757,126,758,1,759,126,927,0,928,0,1593,1]
09-22 22:31:36.300 I/sysui_multi_action( 1803): [757,113,758,1,759,113,927,1,928,1,1593,1]
09-22 22:31:36.300 I/sysui_multi_action( 1803): [757,0,758,1,759,0,927,2,928,0,1593,1]
09-22 22:31:36.300 I/sysui_multi_action( 1803): [757,0,758,1,759,0,927,3,928,0,1593,1]
09-22 22:31:36.304 W/View ( 1803): requestLayout() improperly called by com.android.systemui.util.animation.UniqueObjectHostView{24dc5a4 V.E...... ......ID 0,0-666,156} during layout: running second layout pass
09-22 22:31:36.315 I/input_focus( 1451): [Focus leaving cc12349 com.android.settings/com.android.settings.Settings (server),reason=Waiting for window because NOT_VISIBLE]
09-22 22:31:36.320 I/sysui_multi_action( 1803): [757,111,758,2]
09-22 22:31:36.320 I/sysui_multi_action( 1803): [757,111,758,2]
09-22 22:31:36.320 I/notification_enqueue( 1451): [10081,1803,com.android.systemui,2048,NULL,0,Notification(channel=updateNotification shortcut=null contentView=null vibrate=null sound=null defaults=0x0 flags=0x0 color=0x00000000 vis=PRIVATE),1]
09-22 22:31:36.325 I/sysui_multi_action( 1803): [757,111,758,1]
09-22 22:31:36.326 I/sysui_multi_action( 1803): [757,126,758,1,759,126,927,0,928,0,1593,1]
09-22 22:31:36.326 I/sysui_multi_action( 1803): [757,113,758,1,759,113,927,1,928,1,1593,1]
09-22 22:31:36.326 I/sysui_multi_action( 1803): [757,0,758,1,759,0,927,2,928,0,1593,1]
09-22 22:31:36.326 I/sysui_multi_action( 1803): [757,0,758,1,759,0,927,3,928,0,1593,1]
09-22 22:31:36.326 I/sysui_multi_action( 1803): [757,1706,758,1,759,1706,927,4,928,0,1593,1]
09-22 22:31:36.326 I/sysui_multi_action( 1803): [757,491,758,1,759,491,927,5,928,0,1311,-1,1593,0]
09-22 22:31:36.326 I/sysui_multi_action( 1803): [757,0,758,1,759,0,927,6,928,0,1593,0]
09-22 22:31:36.326 I/sysui_multi_action( 1803): [757,111,758,1]
09-22 22:31:36.326 I/sysui_multi_action( 1803): [757,126,758,1,759,126,927,0,928,0,1593,1]
09-22 22:31:36.326 I/sysui_multi_action( 1803): [757,113,758,1,759,113,927,1,928,1,1593,1]
09-22 22:31:36.326 I/sysui_multi_action( 1803): [757,0,758,1,759,0,927,2,928,0,1593,1]
09-22 22:31:36.326 I/sysui_multi_action( 1803): [757,0,758,1,759,0,927,3,928,0,1593,1]
09-22 22:31:36.328 W/View ( 1803): requestLayout() improperly called by com.android.systemui.util.animation.UniqueObjectHostView{24dc5a4 V.E...... ......ID 0,0-666,156} during layout: running second layout pass
09-22 22:31:36.332 I/input_focus( 1451): [Focus entering f3befb5 NotificationShade (server),reason=Window became focusable. Previous reason: NOT_VISIBLE]
09-22 22:31:36.344 I/sysui_multi_action( 1803): [757,111,758,2]
09-22 22:31:36.344 I/notification_enqueue( 1451): [10081,1803,com.android.systemui,2048,NULL,0,Notification(channel=updateNotification shortcut=null contentView=null vibrate=null sound=null defaults=0x0 flags=0x0 color=0x00000000 vis=PRIVATE),1]
09-22 22:31:36.344 I/sysui_multi_action( 1803): [757,111,758,2]
09-22 22:31:36.350 I/sysui_multi_action( 1803): [757,111,758,1]
09-22 22:31:36.350 I/sysui_multi_action( 1803): [757,126,758,1,759,126,927,0,928,0,1593,1]
09-22 22:31:36.350 I/sysui_multi_action( 1803): [757,113,758,1,759,113,927,1,928,1,1593,1]
09-22 22:31:36.350 I/sysui_multi_action( 1803): [757,0,758,1,759,0,927,2,928,0,1593,1]
09-22 22:31:36.350 I/sysui_multi_action( 1803): [757,0,758,1,759,0,927,3,928,0,1593,1]
09-22 22:31:36.350 I/sysui_multi_action( 1803): [757,1706,758,1,759,1706,927,4,928,0,1593,1]
09-22 22:31:36.350 I/sysui_multi_action( 1803): [757,491,758,1,759,491,927,5,928,0,1311,-1,1593,0]
09-22 22:31:36.350 I/sysui_multi_action( 1803): [757,0,758,1,759,0,927,6,928,0,1593,0]
09-22 22:31:36.350 I/sysui_multi_action( 1803): [757,111,758,1]
09-22 22:31:36.350 I/sysui_multi_action( 1803): [757,126,758,1,759,126,927,0,928,0,1593,1]
09-22 22:31:36.350 I/sysui_multi_action( 1803): [757,113,758,1,759,113,927,1,928,1,1593,1]
09-22 22:31:36.350 I/sysui_multi_action( 1803): [757,0,758,1,759,0,927,2,928,0,1593,1]
09-22 22:31:36.351 I/sysui_multi_action( 1803): [757,0,758,1,759,0,927,3,928,0,1593,1]
09-22 22:31:36.352 W/View ( 1803): requestLayout() improperly called by com.android.systemui.util.animation.UniqueObjectHostView{24dc5a4 V.E...... ......ID 0,0-666,156} during layout: running second layout pass
09-22 22:31:36.358 I/mpu_uart( 655): [MSG-P:RECV]:No message received in 1000 ms
09-22 22:31:36.364 I/sysui_multi_action( 1803): [757,111,758,2]
09-22 22:31:36.364 I/sysui_multi_action( 1803): [757,111,758,2]
09-22 22:31:36.364 I/notification_enqueue( 1451): [10081,1803,com.android.systemui,2048,NULL,0,Notification(channel=updateNotification shortcut=null contentView=null vibrate=null sound=null defaults=0x0 flags=0x0 color=0x00000000 vis=PRIVATE),1]
09-22 22:31:36.368 I/sysui_multi_action( 1803): [757,111,758,1]
09-22 22:31:36.368 I/sysui_multi_action( 1803): [757,126,758,1,759,126,927,0,928,0,1593,1]
09-22 22:31:36.368 I/sysui_multi_action( 1803): [757,113,758,1,759,113,927,1,928,1,1593,1]
09-22 22:31:36.368 I/sysui_multi_action( 1803): [757,0,758,1,759,0,927,2,928,0,1593,1]
09-22 22:31:36.368 I/sysui_multi_action( 1803): [757,0,758,1,759,0,927,3,928,0,1593,1]
09-22 22:31:36.368 I/sysui_multi_action( 1803): [757,1706,758,1,759,1706,927,4,928,0,1593,1]
09-22 22:31:36.368 I/sysui_multi_action( 1803): [757,491,758,1,759,491,927,5,928,0,1311,-1,1593,0]
09-22 22:31:36.368 I/sysui_multi_action( 1803): [757,0,758,1,759,0,927,6,928,0,1593,0]
09-22 22:31:36.368 I/sysui_multi_action( 1803): [757,111,758,1]
09-22 22:31:36.368 I/sysui_multi_action( 1803): [757,126,758,1,759,126,927,0,928,0,1593,1]
09-22 22:31:36.368 I/sysui_multi_action( 1803): [757,113,758,1,759,113,927,1,928,1,1593,1]
09-22 22:31:36.368 I/sysui_multi_action( 1803): [757,0,758,1,759,0,927,2,928,0,1593,1]
09-22 22:31:36.368 I/sysui_multi_action( 1803): [757,0,758,1,759,0,927,3,928,0,1593,1]
09-22 22:31:36.370 W/View ( 1803): requestLayout() improperly called by com.android.systemui.util.animation.UniqueObjectHostView{24dc5a4 V.E...... ......ID 0,0-666,156} during layout: running second layout pass
09-22 22:31:36.381 I/sysui_multi_action( 1803): [757,111,758,2]
09-22 22:31:36.381 I/sysui_multi_action( 1803): [757,111,758,2]
09-22 22:31:36.381 I/notification_enqueue( 1451): [10081,1803,com.android.systemui,2048,NULL,0,Notification(channel=updateNotification shortcut=null contentView=null vibrate=null sound=null defaults=0x0 flags=0x0 color=0x00000000 vis=PRIVATE),1]
09-22 22:31:36.385 I/sysui_multi_action( 1803): [757,111,758,1]
09-22 22:31:36.385 I/sysui_multi_action( 1803): [757,126,758,1,759,126,927,0,928,0,1593,0]
09-22 22:31:36.385 I/sysui_multi_action( 1803): [757,113,758,1,759,113,927,1,928,1,1593,0]
09-22 22:31:36.385 I/sysui_multi_action( 1803): [757,0,758,1,759,0,927,2,928,0,1593,0]
09-22 22:31:36.385 I/sysui_multi_action( 1803): [757,0,758,1,759,0,927,3,928,0,1593,0]
09-22 22:31:36.385 I/sysui_multi_action( 1803): [757,1706,758,1,759,1706,927,4,928,0,1593,0]
09-22 22:31:36.385 I/sysui_multi_action( 1803): [757,491,758,1,759,491,927,5,928,0,1311,-1,1593,0]
09-22 22:31:36.385 I/sysui_multi_action( 1803): [757,0,758,1,759,0,927,6,928,0,1593,0]
09-22 22:31:36.385 I/sysui_multi_action( 1803): [757,111,758,1]
09-22 22:31:36.385 I/sysui_multi_action( 1803): [757,126,758,1,759,126,927,0,928,0,1593,1]
09-22 22:31:36.385 I/sysui_multi_action( 1803): [757,113,758,1,759,113,927,1,928,1,1593,1]
09-22 22:31:36.385 I/sysui_multi_action( 1803): [757,0,758,1,759,0,927,2,928,0,1593,1]
09-22 22:31:36.385 I/sysui_multi_action( 1803): [757,0,758,1,759,0,927,3,928,0,1593,1]
09-22 22:31:36.387 W/View ( 1803): requestLayout() improperly called by com.android.systemui.util.animation.UniqueObjectHostView{24dc5a4 V.E...... ......ID 0,0-666,156} during layout: running second layout pass
09-22 22:31:36.398 I/sysui_multi_action( 1803): [757,111,758,2]
09-22 22:31:36.398 I/sysui_multi_action( 1803): [757,111,758,2]
09-22 22:31:36.398 I/notification_enqueue( 1451): [10081,1803,com.android.systemui,2048,NULL,0,Notification(channel=updateNotification shortcut=null contentView=null vibrate=null sound=null defaults=0x0 flags=0x0 color=0x00000000 vis=PRIVATE),1]
09-22 22:31:36.401 I/sysui_multi_action( 1803): [757,111,758,1]
09-22 22:31:36.401 I/sysui_multi_action( 1803): [757,126,758,1,759,126,927,0,928,0,1593,0]
09-22 22:31:36.401 I/sysui_multi_action( 1803): [757,113,758,1,759,113,927,1,928,1,1593,0]
09-22 22:31:36.401 I/sysui_multi_action( 1803): [757,0,758,1,759,0,927,2,928,0,1593,0]
09-22 22:31:36.402 I/sysui_multi_action( 1803): [757,0,758,1,759,0,927,3,928,0,1593,0]
09-22 22:31:36.402 I/sysui_multi_action( 1803): [757,1706,758,1,759,1706,927,4,928,0,1593,0]
09-22 22:31:36.402 I/sysui_multi_action( 1803): [757,491,758,1,759,491,927,5,928,0,1311,-1,1593,0]
09-22 22:31:36.402 I/sysui_multi_action( 1803): [757,0,758,1,759,0,927,6,928,0,1593,0]
09-22 22:31:36.402 I/sysui_multi_action( 1803): [757,111,758,1]
09-22 22:31:36.402 I/sysui_multi_action( 1803): [757,126,758,1,759,126,927,0,928,0,1593,0]
09-22 22:31:36.402 I/sysui_multi_action( 1803): [757,113,758,1,759,113,927,1,928,1,1593,0]
09-22 22:31:36.402 I/sysui_multi_action( 1803): [757,0,758,1,759,0,927,2,928,0,1593,0]
09-22 22:31:36.402 I/sysui_multi_action( 1803): [757,0,758,1,759,0,927,3,928,0,1593,0]
09-22 22:31:36.404 W/View ( 1803): requestLayout() improperly called by com.android.systemui.util.animation.UniqueObjectHostView{24dc5a4 V.E...... ......ID 0,0-666,156} during layout: running second layout pass
09-22 22:31:36.414 I/sysui_multi_action( 1803): [757,111,758,2]
09-22 22:31:36.414 I/sysui_multi_action( 1803): [757,111,758,2]
09-22 22:31:36.416 I/notification_enqueue( 1451): [10081,1803,com.android.systemui,2048,NULL,0,Notification(channel=updateNotification shortcut=null contentView=null vibrate=null sound=null defaults=0x0 flags=0x0 color=0x00000000 vis=PRIVATE),1]
09-22 22:31:36.418 I/sysui_multi_action( 1803): [757,111,758,1]
09-22 22:31:36.418 I/sysui_multi_action( 1803): [757,126,758,1,759,126,927,0,928,0,1593,1]
09-22 22:31:36.418 I/sysui_multi_action( 1803): [757,113,758,1,759,113,927,1,928,1,1593,1]
09-22 22:31:36.418 I/sysui_multi_action( 1803): [757,0,758,1,759,0,927,2,928,0,1593,1]
09-22 22:31:36.418 I/sysui_multi_action( 1803): [757,0,758,1,759,0,927,3,928,0,1593,1]
09-22 22:31:36.418 I/sysui_multi_action( 1803): [757,1706,758,1,759,1706,927,4,928,0,1593,1]
09-22 22:31:36.418 I/sysui_multi_action( 1803): [757,491,758,1,759,491,927,5,928,0,1311,-1,1593,0]
09-22 22:31:36.418 I/sysui_multi_action( 1803): [757,0,758,1,759,0,927,6,928,0,1593,0]
09-22 22:31:36.418 I/sysui_multi_action( 1803): [757,111,758,1]
09-22 22:31:36.418 I/sysui_multi_action( 1803): [757,126,758,1,759,126,927,0,928,0,1593,1]
09-22 22:31:36.418 I/sysui_multi_action( 1803): [757,113,758,1,759,113,927,1,928,1,1593,1]
09-22 22:31:36.418 I/sysui_multi_action( 1803): [757,0,758,1,759,0,927,2,928,0,1593,1]
09-22 22:31:36.419 I/sysui_multi_action( 1803): [757,0,758,1,759,0,927,3,928,0,1593,1]
09-22 22:31:36.420 W/View ( 1803): requestLayout() improperly called by com.android.systemui.util.animation.UniqueObjectHostView{24dc5a4 V.E...... ......ID 0,0-666,156} during layout: running second layout pass
09-22 22:31:36.432 I/sysui_multi_action( 1803): [757,111,758,2]
09-22 22:31:36.432 I/notification_enqueue( 1451): [10081,1803,com.android.systemui,2048,NULL,0,Notification(channel=updateNotification shortcut=null contentView=null vibrate=null sound=null defaults=0x0 flags=0x0 color=0x00000000 vis=PRIVATE),1]
09-22 22:31:36.432 I/sysui_multi_action( 1803): [757,111,758,2]
09-22 22:31:36.435 I/sysui_multi_action( 1803): [757,111,758,1]
09-22 22:31:36.436 I/sysui_multi_action( 1803): [757,126,758,1,759,126,927,0,928,0,1593,1]
09-22 22:31:36.436 I/sysui_multi_action( 1803): [757,113,758,1,759,113,927,1,928,1,1593,1]
09-22 22:31:36.436 I/sysui_multi_action( 1803): [757,0,758,1,759,0,927,2,928,0,1593,1]
09-22 22:31:36.436 I/sysui_multi_action( 1803): [757,0,758,1,759,0,927,3,928,0,1593,1]
09-22 22:31:36.436 I/sysui_multi_action( 1803): [757,1706,758,1,759,1706,927,4,928,0,1593,1]
09-22 22:31:36.436 I/sysui_multi_action( 1803): [757,491,758,1,759,491,927,5,928,0,1311,-1,1593,0]
09-22 22:31:36.436 I/sysui_multi_action( 1803): [757,0,758,1,759,0,927,6,928,0,1593,0]
09-22 22:31:36.436 I/sysui_multi_action( 1803): [757,111,758,1]
09-22 22:31:36.436 I/sysui_multi_action( 1803): [757,126,758,1,759,126,927,0,928,0,1593,1]
09-22 22:31:36.436 I/sysui_multi_action( 1803): [757,113,758,1,759,113,927,1,928,1,1593,1]
09-22 22:31:36.436 I/sysui_multi_action( 1803): [757,0,758,1,759,0,927,2,928,0,1593,1]
09-22 22:31:36.436 I/sysui_multi_action( 1803): [757,0,758,1,759,0,927,3,928,0,1593,1]
09-22 22:31:36.438 W/View ( 1803): requestLayout() improperly called by com.android.systemui.util.animation.UniqueObjectHostView{24dc5a4 V.E...... ......ID 0,0-666,156} during layout: running second layout pass
09-22 22:31:36.448 I/sysui_multi_action( 1803): [757,111,758,2]
09-22 22:31:36.448 I/notification_enqueue( 1451): [10081,1803,com.android.systemui,2048,NULL,0,Notification(channel=updateNotification shortcut=null contentView=null vibrate=null sound=null defaults=0x0 flags=0x0 color=0x00000000 vis=PRIVATE),1]
09-22 22:31:36.448 I/sysui_multi_action( 1803): [757,111,758,2]
09-22 22:31:36.452 I/sysui_multi_action( 1803): [757,111,758,1]
09-22 22:31:36.452 I/sysui_multi_action( 1803): [757,126,758,1,759,126,927,0,928,0,1593,0]
09-22 22:31:36.452 I/sysui_multi_action( 1803): [757,113,758,1,759,113,927,1,928,1,1593,1]
09-22 22:31:36.452 I/sysui_multi_action( 1803): [757,0,758,1,759,0,927,2,928,0,1593,1]
09-22 22:31:36.452 I/sysui_multi_action( 1803): [757,0,758,1,759,0,927,3,928,0,1593,1]
09-22 22:31:36.452 I/sysui_multi_action( 1803): [757,1706,758,1,759,1706,927,4,928,0,1593,1]
09-22 22:31:36.452 I/sysui_multi_action( 1803): [757,491,758,1,759,491,927,5,928,0,1311,-1,1593,0]
09-22 22:31:36.452 I/sysui_multi_action( 1803): [757,0,758,1,759,0,927,6,928,0,1593,0]
09-22 22:31:36.452 I/sysui_multi_action( 1803): [757,111,758,1]
09-22 22:31:36.452 I/sysui_multi_action( 1803): [757,126,758,1,759,126,927,0,928,0,1593,1]
09-22 22:31:36.452 I/sysui_multi_action( 1803): [757,113,758,1,759,113,927,1,928,1,1593,1]
09-22 22:31:36.452 I/sysui_multi_action( 1803): [757,0,758,1,759,0,927,2,928,0,1593,1]
09-22 22:31:36.452 I/sysui_multi_action( 1803): [757,0,758,1,759,0,927,3,928,0,1593,1]
09-22 22:31:36.454 W/View ( 1803): requestLayout() improperly called by com.android.systemui.util.animation.UniqueObjectHostView{24dc5a4 V.E...... ......ID 0,0-666,156} during layout: running second layout pass
09-22 22:31:36.469 I/sysui_multi_action( 1803): [757,111,758,2]
09-22 22:31:36.470 I/notification_enqueue( 1451): [10081,1803,com.android.systemui,2048,NULL,0,Notification(channel=updateNotification shortcut=null contentView=null vibrate=null sound=null defaults=0x0 flags=0x0 color=0x00000000 vis=PRIVATE),1]
09-22 22:31:36.470 I/sysui_multi_action( 1803): [757,111,758,2]
09-22 22:31:36.475 I/sysui_multi_action( 1803): [757,111,758,1]
09-22 22:31:36.475 I/sysui_multi_action( 1803): [757,126,758,1,759,126,927,0,928,0,1593,1]
09-22 22:31:36.475 I/sysui_multi_action( 1803): [757,113,758,1,759,113,927,1,928,1,1593,1]
09-22 22:31:36.475 I/sysui_multi_action( 1803): [757,0,758,1,759,0,927,2,928,0,1593,1]
09-22 22:31:36.476 I/sysui_multi_action( 1803): [757,0,758,1,759,0,927,3,928,0,1593,1]
09-22 22:31:36.476 I/sysui_multi_action( 1803): [757,1706,758,1,759,1706,927,4,928,0,1593,1]
09-22 22:31:36.476 I/sysui_multi_action( 1803): [757,491,758,1,759,491,927,5,928,0,1311,-1,1593,0]
09-22 22:31:36.476 I/sysui_multi_action( 1803): [757,0,758,1,759,0,927,6,928,0,1593,0]
09-22 22:31:36.476 I/sysui_multi_action( 1803): [757,111,758,1]
09-22 22:31:36.476 I/sysui_multi_action( 1803): [757,126,758,1,759,126,927,0,928,0,1593,1]
09-22 22:31:36.476 I/sysui_multi_action( 1803): [757,113,758,1,759,113,927,1,928,1,1593,1]
09-22 22:31:36.476 I/sysui_multi_action( 1803): [757,0,758,1,759,0,927,2,928,0,1593,1]
09-22 22:31:36.476 I/sysui_multi_action( 1803): [757,0,758,1,759,0,927,3,928,0,1593,1]
09-22 22:31:36.478 W/View ( 1803): requestLayout() improperly called by com.android.systemui.util.animation.UniqueObjectHostView{24dc5a4 V.E...... ......ID 0,0-666,156} during layout: running second layout pass
09-22 22:31:36.478 W/System ( 1803): A resource failed to call close.
09-22 22:31:36.479 I/sysui_multi_action( 1451): [757,1501,758,1,793,235314,794,0,795,205,796,2048,806,com.android.systemui,857,updateNotification,858,3,947,0,1500,0,1688,1]
09-22 22:31:36.480 I/sysui_multi_action( 1451): [757,804,799,note_interruptive,801,0,802,1]
09-22 22:31:36.480 I/sysui_multi_action( 1451): [757,199,758,1,759,2,793,235315,794,0,795,206,796,2048,806,com.android.systemui,857,updateNotification,858,3,947,0,1500,1,1688,1]
09-22 22:31:36.480 I/notification_alert( 1451): [0|com.android.systemui|2048|null|10081,0,1,0]
09-22 22:31:36.481 W/NotificationHistory( 1451): Attempted to add notif for locked/gone/disabled user 0
09-22 22:31:36.486 D/Avrcp_ext( 1802): AudioManager Player: AudioPlaybackConfiguration piid:71 deviceId:0 type:android.media.SoundPool u/pid:1000/1451 state:idle attr:AudioAttributes: usage=USAGE_ASSISTANCE_SONIFICATION content=CONTENT_TYPE_SONIFICATION flags=0x800 tags= bundle=null sessionId:0
09-22 22:31:36.486 D/Avrcp_ext( 1802): AudioManager Player: AudioPlaybackConfiguration piid:231 deviceId:0 type:android.media.MediaPlayer u/pid:10081/1803 state:idle attr:AudioAttributes: usage=USAGE_NOTIFICATION content=CONTENT_TYPE_SONIFICATION flags=0x800 tags= bundle=null sessionId:0
09-22 22:31:36.486 D/Avrcp_ext( 1802): AudioManager Player: AudioPlaybackConfiguration piid:79 deviceId:0 type:android.media.SoundPool u/pid:10081/1803 state:idle attr:AudioAttributes: usage=USAGE_ASSISTANCE_SONIFICATION content=CONTENT_TYPE_SONIFICATION flags=0x800 tags= bundle=null sessionId:0
09-22 22:31:36.486 D/Avrcp_ext( 1802): AudioManager isPlaying: false, mAudioPlaybackIsActive = false
09-22 22:31:36.486 D/Avrcp_ext( 1802): AudioManager Reset Active Player
09-22 22:31:36.487 W/MediaProvider( 2808): Failed to fetch original file descriptor
09-22 22:31:36.487 W/MediaProvider( 2808): java.io.IOException: stat failed: EACCES (Permission denied)
09-22 22:31:36.487 W/MediaProvider( 2808): at com.android.providers.media.MediaProvider.getFileFromFileDescriptor(MediaProvider.java:5794)
09-22 22:31:36.487 W/MediaProvider( 2808): at com.android.providers.media.MediaProvider.getOriginalMediaFormatFileDescriptor(MediaProvider.java:5711)
09-22 22:31:36.487 W/MediaProvider( 2808): at com.android.providers.media.MediaProvider.openTypedAssetFileCommon(MediaProvider.java:7134)
09-22 22:31:36.487 W/MediaProvider( 2808): at com.android.providers.media.MediaProvider.openTypedAssetFile(MediaProvider.java:7115)
09-22 22:31:36.487 W/MediaProvider( 2808): at android.content.ContentProvider$Transport.openTypedAssetFile(ContentProvider.java:548)
09-22 22:31:36.487 W/MediaProvider( 2808): at android.content.ContentProviderNative.onTransact(ContentProviderNative.java:327)
09-22 22:31:36.487 W/MediaProvider( 2808): at android.os.Binder.execTransactInternal(Binder.java:1184)
09-22 22:31:36.487 W/MediaProvider( 2808): at android.os.Binder.execTransact(Binder.java:1143)
09-22 22:31:36.487 W/MediaProvider( 2808): Caused by: android.system.ErrnoException: stat failed: EACCES (Permission denied)
09-22 22:31:36.487 W/MediaProvider( 2808): at libcore.io.Linux.stat(Native Method)
09-22 22:31:36.487 W/MediaProvider( 2808): at libcore.io.ForwardingOs.stat(ForwardingOs.java:853)
09-22 22:31:36.487 W/MediaProvider( 2808): at libcore.io.BlockGuardOs.stat(BlockGuardOs.java:420)
09-22 22:31:36.487 W/MediaProvider( 2808): at libcore.io.ForwardingOs.stat(ForwardingOs.java:853)
09-22 22:31:36.487 W/MediaProvider( 2808): at android.app.ActivityThread$AndroidOs.stat(ActivityThread.java:7780)
09-22 22:31:36.487 W/MediaProvider( 2808): at android.system.Os.stat(Os.java:919)
09-22 22:31:36.487 W/MediaProvider( 2808): at com.android.providers.media.MediaProvider.getFileFromFileDescriptor(MediaProvider.java:5788)
09-22 22:31:36.487 W/MediaProvider( 2808): ... 7 more
09-22 22:31:36.488 D/NuPlayerDriver( 1200): NuPlayerDriver(0xed2c1eb0) created, clientPid(1803)
09-22 22:31:36.489 I/sysui_multi_action( 1803): [757,111,758,2]
09-22 22:31:36.490 I/sysui_multi_action( 1803): [757,111,758,2]
09-22 22:31:36.490 I/notification_enqueue( 1451): [10081,1803,com.android.systemui,2048,NULL,0,Notification(channel=updateNotification shortcut=null contentView=null vibrate=null sound=null defaults=0x0 flags=0x0 color=0x00000000 vis=PRIVATE),1]
09-22 22:31:36.492 I/ExtendedNuUtils( 1200): printFileName fd(10) -> /data/system_de/0/ringtones/notification_sound_cache
09-22 22:31:36.493 I/sysui_multi_action( 1803): [757,111,758,1]
09-22 22:31:36.493 I/sysui_multi_action( 1803): [757,126,758,1,759,126,927,0,928,0,1593,1]
09-22 22:31:36.493 I/sysui_multi_action( 1803): [757,113,758,1,759,113,927,1,928,1,1593,1]
09-22 22:31:36.493 I/sysui_multi_action( 1803): [757,0,758,1,759,0,927,2,928,0,1593,1]
09-22 22:31:36.493 I/sysui_multi_action( 1803): [757,0,758,1,759,0,927,3,928,0,1593,1]
09-22 22:31:36.493 I/sysui_multi_action( 1803): [757,1706,758,1,759,1706,927,4,928,0,1593,1]
09-22 22:31:36.493 I/sysui_multi_action( 1803): [757,491,758,1,759,491,927,5,928,0,1311,-1,1593,1]
09-22 22:31:36.493 I/sysui_multi_action( 1803): [757,0,758,1,759,0,927,6,928,0,1593,1]
09-22 22:31:36.494 I/sysui_multi_action( 1803): [757,111,758,1]
09-22 22:31:36.494 I/sysui_multi_action( 1803): [757,126,758,1,759,126,927,0,928,0,1593,1]
09-22 22:31:36.494 I/sysui_multi_action( 1803): [757,113,758,1,759,113,927,1,928,1,1593,0]
09-22 22:31:36.494 I/sysui_multi_action( 1803): [757,0,758,1,759,0,927,2,928,0,1593,0]
09-22 22:31:36.494 I/sysui_multi_action( 1803): [757,0,758,1,759,0,927,3,928,0,1593,0]
09-22 22:31:36.494 D/GenericSource( 1200): FileSource remote
09-22 22:31:36.495 W/View ( 1803): requestLayout() improperly called by com.android.systemui.util.animation.UniqueObjectHostView{24dc5a4 V.E...... ......ID 0,0-666,156} during layout: running second layout pass
09-22 22:31:36.496 I/MMParserExtractor( 1194): Created(0xb4000075083a1b70)
09-22 22:31:36.496 E/MM_OSAL ( 1194): FileSource::FileSource
09-22 22:31:36.496 E/MM_OSAL ( 1194): FileSource::FileSource m_bEveryThingOK 1
09-22 22:31:36.498 D/MediaBufferGroup( 1194): creating MemoryDealer
09-22 22:31:36.504 I/MediaFocusControl( 1451): requestAudioFocus() from uid/pid 10081/1803 AA=USAGE_NOTIFICATION/CONTENT_TYPE_SONIFICATION clientId=android.media.AudioManager@55ea27b callingPack=com.android.systemui req=3 flags=0x0 sdk=31
09-22 22:31:36.504 I/AudioService.FadeOutManager( 1451): unfadeOutUid() uid:10081
09-22 22:31:36.506 I/sysui_multi_action( 1803): [757,111,758,2]
09-22 22:31:36.506 I/sysui_multi_action( 1803): [757,111,758,2]
09-22 22:31:36.507 I/notification_enqueue( 1451): [10081,1803,com.android.systemui,2048,NULL,0,Notification(channel=updateNotification shortcut=null contentView=null vibrate=null sound=null defaults=0x0 flags=0x0 color=0x00000000 vis=PRIVATE),1]
09-22 22:31:36.509 I/sysui_multi_action( 1803): [757,111,758,1]
09-22 22:31:36.510 I/sysui_multi_action( 1803): [757,126,758,1,759,126,927,0,928,0,1593,1]
09-22 22:31:36.510 I/sysui_multi_action( 1803): [757,113,758,1,759,113,927,1,928,1,1593,1]
09-22 22:31:36.510 I/sysui_multi_action( 1803): [757,0,758,1,759,0,927,2,928,0,1593,1]
09-22 22:31:36.510 I/sysui_multi_action( 1803): [757,0,758,1,759,0,927,3,928,0,1593,1]
09-22 22:31:36.510 I/sysui_multi_action( 1803): [757,1706,758,1,759,1706,927,4,928,0,1593,1]
09-22 22:31:36.510 I/sysui_multi_action( 1803): [757,491,758,1,759,491,927,5,928,0,1311,-1,1593,0]
09-22 22:31:36.510 I/sysui_multi_action( 1803): [757,0,758,1,759,0,927,6,928,0,1593,0]
09-22 22:31:36.510 I/sysui_multi_action( 1803): [757,111,758,1]
09-22 22:31:36.510 I/sysui_multi_action( 1803): [757,126,758,1,759,126,927,0,928,0,1593,1]
09-22 22:31:36.510 I/sysui_multi_action( 1803): [757,113,758,1,759,113,927,1,928,1,1593,1]
09-22 22:31:36.510 I/sysui_multi_action( 1803): [757,0,758,1,759,0,927,2,928,0,1593,1]
09-22 22:31:36.510 I/sysui_multi_action( 1803): [757,0,758,1,759,0,927,3,928,0,1593,1]
09-22 22:31:36.512 W/View ( 1803): requestLayout() improperly called by com.android.systemui.util.animation.UniqueObjectHostView{24dc5a4 V.E...... ......ID 0,0-666,156} during layout: running second layout pass
09-22 22:31:36.519 D/InterruptionStateProvider( 1803): No bubble up: not allowed to bubble: 0|com.android.systemui|2048|null|10081
09-22 22:31:36.519 D/InterruptionStateProvider( 1803): No heads up: unimportant notification: 0|com.android.systemui|2048|null|10081
09-22 22:31:36.521 E/NotificationService( 1451): Muting recently noisy 0|com.android.systemui|2048|null|10081
09-22 22:31:36.522 D/PeopleSpaceWidgetMgr( 1803): Sbn doesn't contain valid PeopleTileKey: null/0/com.android.systemui
09-22 22:31:36.539 D/InterruptionStateProvider( 1803): No bubble up: not allowed to bubble: 0|com.android.systemui|2048|null|10081
09-22 22:31:36.539 D/InterruptionStateProvider( 1803): No heads up: unimportant notification: 0|com.android.systemui|2048|null|10081
09-22 22:31:36.542 D/PeopleSpaceWidgetMgr( 1803): Sbn doesn't contain valid PeopleTileKey: null/0/com.android.systemui
09-22 22:31:36.546 E/NotificationService( 1451): Muting recently noisy 0|com.android.systemui|2048|null|10081
09-22 22:31:36.555 I/OpenGLRenderer( 1803): Davey! duration=9223371732981ms; Flags=0, FrameTimelineVsyncId=19994, IntendedVsync=303867594453, Vsync=303867594453, InputEventId=1670815020, HandleInputStart=303867895507, AnimationStart=303868837799, PerformTraversalsStart=303869111497, DrawStart=303869770247, FrameDeadline=303884261119, FrameInterval=303867893268, FrameStartTime=16666666, SyncQueued=303869778059, SyncStart=303875381184, IssueDrawCommandsStart=303875402278, SwapBuffers=303875523684, FrameCompleted=9223372036854775807, DequeueBufferDuration=9322, QueueBufferDuration=297344, GpuCompleted=9223372036854775807, SwapBuffersCompleted=303875909518, DisplayPresentTime=319193229,
09-22 22:31:36.566 E/NotificationService( 1451): Muting recently noisy 0|com.android.systemui|2048|null|10081
09-22 22:31:36.570 I/OpenGLRenderer( 1803): Davey! duration=9223371732965ms; Flags=0, FrameTimelineVsyncId=19997, IntendedVsync=303884298236, Vsync=303884298236, InputEventId=0, HandleInputStart=303884631757, AnimationStart=303885713893, PerformTraversalsStart=303886098059, DrawStart=303889163216, FrameDeadline=303917631568, FrameInterval=303884629361, FrameStartTime=16666666, SyncQueued=303889172903, SyncStart=303894264466, IssueDrawCommandsStart=303894287174, SwapBuffers=303894406445, FrameCompleted=9223372036854775807, DequeueBufferDuration=7344, QueueBufferDuration=254479, GpuCompleted=9223372036854775807, SwapBuffersCompleted=303894744309, DisplayPresentTime=8110216994813200859,
09-22 22:31:36.573 D/InterruptionStateProvider( 1803): No bubble up: not allowed to bubble: 0|com.android.systemui|2048|null|10081
09-22 22:31:36.574 D/InterruptionStateProvider( 1803): No heads up: unimportant notification: 0|com.android.systemui|2048|null|10081
09-22 22:31:36.577 D/PeopleSpaceWidgetMgr( 1803): Sbn doesn't contain valid PeopleTileKey: null/0/com.android.systemui
09-22 22:31:36.583 E/NotificationService( 1451): Muting recently noisy 0|com.android.systemui|2048|null|10081
09-22 22:31:36.587 I/OpenGLRenderer( 1803): Davey! duration=9223371732948ms; Flags=0, FrameTimelineVsyncId=20000, IntendedVsync=303901007422, Vsync=303901007422, InputEventId=0, HandleInputStart=303901352174, AnimationStart=303902724934, PerformTraversalsStart=303903577955, DrawStart=303904443945, FrameDeadline=303934340754, FrameInterval=303901349622, FrameStartTime=16666666, SyncQueued=303904454778, SyncStart=303909899882, IssueDrawCommandsStart=303909921445, SwapBuffers=303910050924, FrameCompleted=9223372036854775807, DequeueBufferDuration=6510, QueueBufferDuration=257084, GpuCompleted=9223372036854775807, SwapBuffersCompleted=303910407799, DisplayPresentTime=316584945,
09-22 22:31:36.600 E/NotificationService( 1451): Muting recently noisy 0|com.android.systemui|2048|null|10081
09-22 22:31:36.604 I/OpenGLRenderer( 1803): Davey! duration=9223371732931ms; Flags=0, FrameTimelineVsyncId=20003, IntendedVsync=303917724188, Vsync=303917724188, InputEventId=0, HandleInputStart=303918018007, AnimationStart=303919136601, PerformTraversalsStart=303919917434, DrawStart=303923278788, FrameDeadline=303951057520, FrameInterval=303918014570, FrameStartTime=16666666, SyncQueued=303923292226, SyncStart=303928938320, IssueDrawCommandsStart=303928966445, SwapBuffers=303929147486, FrameCompleted=9223372036854775807, DequeueBufferDuration=10000, QueueBufferDuration=352396, GpuCompleted=9223372036854775807, SwapBuffersCompleted=303929639986, DisplayPresentTime=0,
09-22 22:31:36.611 D/InterruptionStateProvider( 1803): No bubble up: not allowed to bubble: 0|com.android.systemui|2048|null|10081
09-22 22:31:36.611 D/InterruptionStateProvider( 1803): No heads up: unimportant notification: 0|com.android.systemui|2048|null|10081
09-22 22:31:36.616 D/PeopleSpaceWidgetMgr( 1803): Sbn doesn't contain valid PeopleTileKey: null/0/com.android.systemui
09-22 22:31:36.617 E/NotificationService( 1451): Muting recently noisy 0|com.android.systemui|2048|null|10081
09-22 22:31:36.620 I/OpenGLRenderer( 1803): Davey! duration=9223371732912ms; Flags=0, FrameTimelineVsyncId=20006, IntendedVsync=303934429641, Vsync=303934429641, InputEventId=0, HandleInputStart=303934767486, AnimationStart=303936338476, PerformTraversalsStart=303937201913, DrawStart=303938190455, FrameDeadline=303967762973, FrameInterval=303934763476, FrameStartTime=16666666, SyncQueued=303938203684, SyncStart=303945611705, IssueDrawCommandsStart=303945655143, SwapBuffers=303945917278, FrameCompleted=9223372036854775807, DequeueBufferDuration=14427, QueueBufferDuration=422552, GpuCompleted=9223372036854775807, SwapBuffersCompleted=303946544309, DisplayPresentTime=1371552142203533144,
09-22 22:31:36.631 D/InterruptionStateProvider( 1803): No bubble up: not allowed to bubble: 0|com.android.systemui|2048|null|10081
09-22 22:31:36.631 D/InterruptionStateProvider( 1803): No heads up: unimportant notification: 0|com.android.systemui|2048|null|10081
09-22 22:31:36.633 E/NotificationService( 1451): Muting recently noisy 0|com.android.systemui|2048|null|10081
09-22 22:31:36.636 D/PeopleSpaceWidgetMgr( 1803): Sbn doesn't contain valid PeopleTileKey: null/0/com.android.systemui
09-22 22:31:36.637 I/OpenGLRenderer( 1803): Davey! duration=9223371732899ms; Flags=0, FrameTimelineVsyncId=20009, IntendedVsync=303951139253, Vsync=303951139253, InputEventId=0, HandleInputStart=303953843841, AnimationStart=303955911497, PerformTraversalsStart=303957295403, DrawStart=303961408893, FrameDeadline=303984472585, FrameInterval=303953837851, FrameStartTime=16666666, SyncQueued=303961432695, SyncStart=303965908216, IssueDrawCommandsStart=303965950403, SwapBuffers=303966250507, FrameCompleted=9223372036854775807, DequeueBufferDuration=15104, QueueBufferDuration=469687, GpuCompleted=9223372036854775807, SwapBuffersCompleted=303966947330, DisplayPresentTime=1366125781419294720,
09-22 22:31:36.650 E/NotificationService( 1451): Muting recently noisy 0|com.android.systemui|2048|null|10081
09-22 22:31:36.651 D/InterruptionStateProvider( 1803): No bubble up: not allowed to bubble: 0|com.android.systemui|2048|null|10081
09-22 22:31:36.652 D/InterruptionStateProvider( 1803): No heads up: unimportant notification: 0|com.android.systemui|2048|null|10081
09-22 22:31:36.657 D/PeopleSpaceWidgetMgr( 1803): Sbn doesn't contain valid PeopleTileKey: null/0/com.android.systemui
09-22 22:31:36.658 D/InterruptionStateProvider( 1803): No bubble up: not allowed to bubble: 0|com.android.systemui|2048|null|10081
09-22 22:31:36.658 D/InterruptionStateProvider( 1803): No heads up: unimportant notification: 0|com.android.systemui|2048|null|10081
09-22 22:31:36.662 D/PeopleSpaceWidgetMgr( 1803): Sbn doesn't contain valid PeopleTileKey: null/0/com.android.systemui
09-22 22:31:36.672 E/NotificationService( 1451): Muting recently noisy 0|com.android.systemui|2048|null|10081
