09-22 22:29:25.747 I/sysui_multi_action( 1803): [757,111,758,2]
09-22 22:29:25.747 I/sysui_multi_action( 1803): [757,111,758,2]
09-22 22:29:25.747 I/notification_enqueue( 1451): [10081,1803,com.android.systemui,2048,NULL,0,Notification(channel=updateNotification shortcut=null contentView=null vibrate=null sound=null defaults=0x0 flags=0x0 color=0x00000000 vis=PRIVATE),1]
09-22 22:29:25.751 I/sysui_multi_action( 1451): [757,127,758,2]
09-22 22:29:25.752 I/notification_panel_hidden( 1451):
09-22 22:29:25.766 I/sysui_multi_action( 1803): [757,111,758,1]
09-22 22:29:25.766 I/sysui_multi_action( 1803): [757,126,758,1,759,126,927,0,928,0,1593,1]
09-22 22:29:25.767 I/sysui_multi_action( 1803): [757,113,758,1,759,113,927,1,928,1,1593,1]
09-22 22:29:25.767 I/sysui_multi_action( 1803): [757,0,758,1,759,0,927,2,928,0,1593,1]
09-22 22:29:25.767 I/sysui_multi_action( 1803): [757,0,758,1,759,0,927,3,928,0,1593,1]
09-22 22:29:25.767 I/sysui_multi_action( 1803): [757,1706,758,1,759,1706,927,4,928,0,1593,1]
09-22 22:29:25.768 I/sysui_multi_action( 1803): [757,491,758,1,759,491,927,5,928,0,1311,-1,1593,0]
09-22 22:29:25.768 I/sysui_multi_action( 1803): [757,0,758,1,759,0,927,6,928,0,1593,0]
09-22 22:29:25.768 I/sysui_multi_action( 1803): [757,111,758,1]
09-22 22:29:25.768 I/sysui_multi_action( 1803): [757,126,758,1,759,126,927,0,928,0,1593,1]
09-22 22:29:25.768 I/sysui_multi_action( 1803): [757,113,758,1,759,113,927,1,928,1,1593,1]
09-22 22:29:25.768 I/sysui_multi_action( 1803): [757,0,758,1,759,0,927,2,928,0,1593,1]
09-22 22:29:25.769 I/sysui_multi_action( 1803): [757,0,758,1,759,0,927,3,928,0,1593,1]
09-22 22:29:25.952 I/sysui_multi_action( 1451): [757,1501,758,1,793,104786,794,0,795,206,796,2048,806,com.android.systemui,857,updateNotification,858,3,947,0,1500,0,1688,1]
09-22 22:29:25.953 I/sysui_multi_action( 1451): [757,804,799,note_interruptive,801,0,802,1]
09-22 22:29:25.953 I/sysui_multi_action( 1451): [757,199,758,1,759,2,793,104788,794,0,795,208,796,2048,806,com.android.systemui,857,updateNotification,858,3,947,0,1500,2,1688,1]
09-22 22:29:25.954 I/notification_alert( 1451): [0|com.android.systemui|2048|null|10081,0,1,0]
09-22 22:29:25.956 W/NotificationHistory( 1451): Attempted to add notif for locked/gone/disabled user 0
09-22 22:29:26.449 E/TaskPersister( 1451): File error accessing recents directory (directory doesn't exist?).
09-22 22:29:26.923 F/linker ( 4162): CANNOT LINK EXECUTABLE "/vendor/bin/hw/qvrservice": library "vendor.qti.hardware.qxr-V1-ndk_platform.so" not found: needed by /vendor/lib64/libqvrservice.so in namespace (default)
09-22 22:29:26.924 F/linker ( 4163): CANNOT LINK EXECUTABLE "/vendor/bin/hw/sxrservice": library "vendor.qti.hardware.qxr-V1-ndk_platform.so" not found: needed by main executable
09-22 22:29:27.139 I/input_interaction( 1451): Interaction with: cc12349 com.android.settings/com.android.settings.Settings (server), edge-swipe (server), swipe-up (server), PointerEventDispatcher0 (server),
09-22 22:29:28.260 I/view_enqueue_input_event( 2203): [Motion - Cancel,com.android.settings/com.android.settings.Settings]
09-22 22:29:28.273 I/input_interaction( 1451): Interaction with: edge-swipe (server), swipe-up (server), PointerEventDispatcher0 (server),
09-22 22:29:28.481 I/sysui_multi_action( 1451): [757,803,799,key_back_press,802,1]
09-22 22:29:28.484 I/input_interaction( 1451): Interaction with: cc12349 com.android.settings/com.android.settings.Settings (server), PointerEventDispatcher0 (server),
09-22 22:29:28.490 I/sysui_multi_action( 2203): [757,39,758,2,1089,5038]
09-22 22:29:28.530 I/sysui_multi_action( 2203): [757,744,758,1,833,0,1089,0]
09-22 22:29:30.001 I/input_interaction( 1451): Interaction with: cc12349 com.android.settings/com.android.settings.Settings (server), edge-swipe (server), swipe-up (server), PointerEventDispatcher0 (server),
09-22 22:29:30.003 I/service_manager_stats( 1451): [100,58,31795]
09-22 22:29:31.919 F/linker ( 4168): CANNOT LINK EXECUTABLE "/vendor/bin/hw/qvrservice": library "vendor.qti.hardware.qxr-V1-ndk_platform.so" not found: needed by /vendor/lib64/libqvrservice.so in namespace (default)
09-22 22:29:31.919 F/linker ( 4169): CANNOT LINK EXECUTABLE "/vendor/bin/hw/sxrservice": library "vendor.qti.hardware.qxr-V1-ndk_platform.so" not found: needed by main executable
09-22 22:29:33.171 I/sysui_multi_action( 2203): [757,830,758,4,833,0,854,top_level_network,1089,0]
09-22 22:29:33.190 I/sysui_multi_action( 2203): [757,744,758,2,1089,4659]
09-22 22:29:33.205 W/CarrierConfigManager( 2203): Error getting config for subId -1 ICarrierConfigLoader is null
09-22 22:29:33.211 E/UserRestrictionsUtils( 1451): Unknown restriction queried by uid 1000 (com.android.location.fused et al): null
09-22 22:29:33.262 I/sysui_multi_action( 2203): [757,746,758,1,833,0,1089,63]
09-22 22:29:33.263 D/TelephonyRegistry( 1451): listen oscl: mHasNotifySubscriptionInfoChangedOccurred==false no callback
09-22 22:29:33.267 D/TelephonyRegistry( 1451): listen oscl: mHasNotifySubscriptionInfoChangedOccurred==false no callback
09-22 22:29:33.276 I/sysui_multi_action( 2203): [757,1729,758,4,854,isParalleledControllers:false,1089,78]
09-22 22:29:35.283 I/sysui_multi_action( 2203): [757,830,758,4,833,0,854,top_level_network,1089,0]
09-22 22:29:35.295 I/sysui_multi_action( 2203): [757,746,758,2,1089,2034]
09-22 22:29:35.320 W/CarrierConfigManager( 2203): Error getting config for subId -1 ICarrierConfigLoader is null
09-22 22:29:35.325 E/UserRestrictionsUtils( 1451): Unknown restriction queried by uid 1000 (com.android.location.fused et al): null
09-22 22:29:35.371 I/sysui_multi_action( 2203): [757,746,758,1,833,0,1089,56]
09-22 22:29:35.371 D/TelephonyRegistry( 1451): listen oscl: mHasNotifySubscriptionInfoChangedOccurred==false no callback
09-22 22:29:35.374 D/TelephonyRegistry( 1451): listen oscl: mHasNotifySubscriptionInfoChangedOccurred==false no callback
09-22 22:29:35.381 I/sysui_multi_action( 2203): [757,1729,758,4,854,isParalleledControllers:false,1089,67]
09-22 22:29:36.452 I/sysui_multi_action( 2203): [757,830,758,4,833,0,854,top_level_connected_devices,1089,0]
09-22 22:29:36.465 I/sysui_multi_action( 2203): [757,746,758,2,1089,1095]
09-22 22:29:36.489 W/BluetoothManagerService( 1451): psc is not null in bindBluetoothProfileService
09-22 22:29:36.507 I/am_pss ( 1451): [2203,1000,com.android.settings,120578048,102658048,0,268234752,0,2,12]
09-22 22:29:36.527 E/ActivityThread( 2203): Failed to find provider info for com.google.android.gms.nearby.fastpair
09-22 22:29:36.527 E/ActivityThread( 2203): Failed to find provider info for com.google.android.gms.nearby.fastpair
09-22 22:29:36.530 I/sysui_multi_action( 2203): [757,747,758,1,833,0,1089,49]
09-22 22:29:36.531 I/sysui_multi_action( 2203): [757,1729,758,4,854,isParalleledControllers:false,1089,51]
09-22 22:29:36.927 F/linker ( 4174): CANNOT LINK EXECUTABLE "/vendor/bin/hw/qvrservice": library "vendor.qti.hardware.qxr-V1-ndk_platform.so" not found: needed by /vendor/lib64/libqvrservice.so in namespace (default)
09-22 22:29:36.929 F/linker ( 4175): CANNOT LINK EXECUTABLE "/vendor/bin/hw/sxrservice": library "vendor.qti.hardware.qxr-V1-ndk_platform.so" not found: needed by main executable
09-22 22:29:38.286 I/sysui_multi_action( 2203): [757,830,758,4,833,0,854,previously_connected_devices_see_all,1089,0]
09-22 22:29:38.303 I/sysui_multi_action( 2203): [757,747,758,2,1089,1772]
09-22 22:29:38.344 I/sysui_multi_action( 2203): [757,1370,758,1,833,0,1089,36]
09-22 22:29:38.345 I/sysui_multi_action( 2203): [757,1729,758,4,854,isParalleledControllers:false,1089,37]
09-22 22:29:41.836 I/sysui_multi_action( 2203): [757,1370,758,2,1089,3492]
09-22 22:29:41.860 E/ActivityThread( 2203): Failed to find provider info for com.google.android.gms.nearby.fastpair
09-22 22:29:41.860 E/ActivityThread( 2203): Failed to find provider info for com.google.android.gms.nearby.fastpair
09-22 22:29:41.873 I/sysui_multi_action( 2203): [757,747,758,1,833,0,1089,0]
09-22 22:29:41.932 F/linker ( 4177): CANNOT LINK EXECUTABLE "/vendor/bin/hw/qvrservice": library "vendor.qti.hardware.qxr-V1-ndk_platform.so" not found: needed by /vendor/lib64/libqvrservice.so in namespace (default)
09-22 22:29:41.934 F/linker ( 4178): CANNOT LINK EXECUTABLE "/vendor/bin/hw/sxrservice": library "vendor.qti.hardware.qxr-V1-ndk_platform.so" not found: needed by main executable
09-22 22:29:43.647 I/sysui_multi_action( 2203): [757,830,758,4,833,0,854,top_level_connected_devices,1089,0]
09-22 22:29:43.665 I/sysui_multi_action( 2203): [757,747,758,2,1089,1793]
09-22 22:29:43.714 E/ActivityThread( 2203): Failed to find provider info for com.google.android.gms.nearby.fastpair
09-22 22:29:43.714 E/ActivityThread( 2203): Failed to find provider info for com.google.android.gms.nearby.fastpair
09-22 22:29:43.718 I/sysui_multi_action( 2203): [757,747,758,1,833,0,1089,41]
09-22 22:29:43.720 I/sysui_multi_action( 2203): [757,1729,758,4,854,isParalleledControllers:false,1089,43]
09-22 22:29:44.801 I/sysui_multi_action( 2203): [757,830,758,4,833,0,854,top_level_apps,1089,0]
09-22 22:29:44.813 I/sysui_multi_action( 2203): [757,747,758,2,1089,1095]
09-22 22:29:44.888 I/sysui_multi_action( 2203): [757,65,758,1,833,0,1089,63]
09-22 22:29:44.894 I/sysui_multi_action( 2203): [757,1729,758,4,854,isParalleledControllers:false,1089,69]
09-22 22:29:46.084 I/sysui_multi_action( 2203): [757,830,758,4,833,0,854,top_level_notification,1089,0]
09-22 22:29:46.098 I/sysui_multi_action( 2203): [757,65,758,2,1089,1210]
09-22 22:29:46.124 E/UserRestrictionsUtils( 1451): Unknown restriction queried by uid 1000 (com.android.location.fused et al): null
09-22 22:29:46.126 E/UserRestrictionsUtils( 1451): Unknown restriction queried by uid 1000 (com.android.location.fused et al): null
09-22 22:29:46.148 I/sysui_multi_action( 2203): [757,337,758,1,833,0,1089,38]
09-22 22:29:46.152 I/sysui_multi_action( 2203): [757,1729,758,4,854,isParalleledControllers:false,1089,42]
09-22 22:29:46.633 I/view_enqueue_input_event( 2203): [Motion - Cancel,com.android.settings/com.android.settings.Settings]
09-22 22:29:46.645 I/input_interaction( 1451): Interaction with: edge-swipe (server), swipe-up (server), PointerEventDispatcher0 (server),
09-22 22:29:46.844 I/sysui_multi_action( 1451): [757,803,799,key_back_press,802,1]
09-22 22:29:46.846 I/input_interaction( 1451): Interaction with: cc12349 com.android.settings/com.android.settings.Settings (server), PointerEventDispatcher0 (server),
09-22 22:29:46.847 I/ActivityTaskManager( 1451): moveTaskToBack: Task{bdc83fa #9 type=standard A=1000:com.android.settings.root U=0 visible=true mode=fullscreen translucent=false sz=1}
09-22 22:29:46.848 I/wm_task_moved( 1451): [9,0,0]
09-22 22:29:46.851 I/wm_focused_root_task( 1451): [0,0,1,9,moveTaskToBackLocked]
09-22 22:29:46.852 I/wm_add_to_stopping( 1451): [0,2744048,com.android.settings/.Settings,makeInvisible]
09-22 22:29:46.853 I/wm_pause_activity( 1451): [0,2744048,com.android.settings/.Settings,userLeaving=false,pauseBackTasks]
09-22 22:29:46.856 I/wm_set_resumed_activity( 1451): [0,com.android.launcher3/.uioverrides.QuickstepLauncher,resumeTopActivityInnerLocked]
09-22 22:29:46.858 I/wm_resume_activity( 1451): [0,89524022,8,com.android.launcher3/.uioverrides.QuickstepLauncher]
09-22 22:29:46.860 I/wm_on_top_resumed_lost_called( 2203): [2744048,com.android.settings.Settings,topStateChangedWhenResumed]
09-22 22:29:46.864 I/wm_on_restart_called( 2392): [89524022,com.android.launcher3.uioverrides.QuickstepLauncher,performRestartActivity]
09-22 22:29:46.864 I/wm_on_start_called( 2392): [89524022,com.android.launcher3.uioverrides.QuickstepLauncher,handleStartActivity]
09-22 22:29:46.866 I/wm_on_resume_called( 2392): [89524022,com.android.launcher3.uioverrides.QuickstepLauncher,RESUME_ACTIVITY]
09-22 22:29:46.873 I/sysui_multi_action( 1451): [757,803,799,window_time_0,802,24]
09-22 22:29:46.876 I/sysui_multi_action( 2203): [757,35,758,2,1089,23431]
09-22 22:29:46.877 I/sysui_multi_action( 2203): [757,337,758,2,1089,729]
09-22 22:29:46.881 I/wm_on_paused_called( 2203): [2744048,com.android.settings.Settings,performPause]
09-22 22:29:46.885 I/input_focus( 1451): [Focus request fc61119 com.android.launcher3/com.android.launcher3.uioverrides.QuickstepLauncher,reason=UpdateInputWindows]
09-22 22:29:46.887 I/input_focus( 1451): [Focus leaving cc12349 com.android.settings/com.android.settings.Settings (server),reason=NO_WINDOW]
09-22 22:29:46.891 I/am_pss ( 1451): [3351,10092,com.android.permissioncontroller,14084096,11698176,0,104144896,0,19,6]
09-22 22:29:46.896 I/wm_on_top_resumed_gained_called( 2392): [89524022,com.android.launcher3.uioverrides.QuickstepLauncher,topStateChangedWhenResumed]
09-22 22:29:46.899 I/am_pss ( 1451): [2788,10026,android.process.media,10547200,8028160,0,102707200,0,19,6]
09-22 22:29:46.919 I/input_focus( 1451): [Focus entering fc61119 com.android.launcher3/com.android.launcher3.uioverrides.QuickstepLauncher (server),reason=Window became focusable. Previous reason: NOT_VISIBLE]
09-22 22:29:46.938 F/linker ( 4186): CANNOT LINK EXECUTABLE "/vendor/bin/hw/qvrservice": library "vendor.qti.hardware.qxr-V1-ndk_platform.so" not found: needed by /vendor/lib64/libqvrservice.so in namespace (default)
09-22 22:29:46.941 F/linker ( 4187): CANNOT LINK EXECUTABLE "/vendor/bin/hw/sxrservice": library "vendor.qti.hardware.qxr-V1-ndk_platform.so" not found: needed by main executable
09-22 22:29:47.262 I/wm_stop_activity( 1451): [0,2744048,com.android.settings/.Settings]
09-22 22:29:47.301 I/wm_on_stop_called( 2203): [2744048,com.android.settings.Settings,STOP_ACTIVITY_ITEM]
09-22 22:29:51.950 F/linker ( 4190): CANNOT LINK EXECUTABLE "/vendor/bin/hw/sxrservice": library "vendor.qti.hardware.qxr-V1-ndk_platform.so" not found: needed by main executable
09-22 22:29:51.950 F/linker ( 4189): CANNOT LINK EXECUTABLE "/vendor/bin/hw/qvrservice": library "vendor.qti.hardware.qxr-V1-ndk_platform.so" not found: needed by /vendor/lib64/libqvrservice.so in namespace (default)
09-22 22:29:53.427 I/input_interaction( 1451): Interaction with: fc61119 com.android.launcher3/com.android.launcher3.uioverrides.QuickstepLauncher (server), a2ed885 com.android.systemui.ImageWallpaper (server), edge-swipe (server), swipe-up (server), PointerEventDispatcher0 (server),
09-22 22:29:56.949 F/linker ( 4195): CANNOT LINK EXECUTABLE "/vendor/bin/hw/qvrservice": library "vendor.qti.hardware.qxr-V1-ndk_platform.so" not found: needed by /vendor/lib64/libqvrservice.so in namespace (default)
09-22 22:29:56.950 F/linker ( 4196): CANNOT LINK EXECUTABLE "/vendor/bin/hw/sxrservice": library "vendor.qti.hardware.qxr-V1-ndk_platform.so" not found: needed by main executable
09-22 22:30:01.964 F/linker ( 4203): CANNOT LINK EXECUTABLE "/vendor/bin/hw/sxrservice": library "vendor.qti.hardware.qxr-V1-ndk_platform.so" not found: needed by main executable
09-22 22:30:01.965 F/linker ( 4202): CANNOT LINK EXECUTABLE "/vendor/bin/hw/qvrservice": library "vendor.qti.hardware.qxr-V1-ndk_platform.so" not found: needed by /vendor/lib64/libqvrservice.so in namespace (default)
09-22 22:30:06.970 F/linker ( 4206): CANNOT LINK EXECUTABLE "/vendor/bin/hw/sxrservice": library "vendor.qti.hardware.qxr-V1-ndk_platform.so" not found: needed by main executable
09-22 22:30:06.970 F/linker ( 4205): CANNOT LINK EXECUTABLE "/vendor/bin/hw/qvrservice": library "vendor.qti.hardware.qxr-V1-ndk_platform.so" not found: needed by /vendor/lib64/libqvrservice.so in namespace (default)
09-22 22:30:07.238 I/input_focus( 1451): [Focus request 2f17052 com.android.launcher3/com.android.launcher3.uioverrides.QuickstepLauncher,reason=UpdateInputWindows]
09-22 22:30:07.268 I/input_focus( 1451): [Focus leaving fc61119 com.android.launcher3/com.android.launcher3.uioverrides.QuickstepLauncher (server),reason=Waiting for window because NOT_VISIBLE]
09-22 22:30:07.302 I/input_focus( 1451): [Focus entering 2f17052 com.android.launcher3/com.android.launcher3.uioverrides.QuickstepLauncher (server),reason=Window became focusable. Previous reason: NOT_VISIBLE]
09-22 22:30:08.594 I/input_interaction( 1451): Interaction with: 2f17052 com.android.launcher3/com.android.launcher3.uioverrides.QuickstepLauncher (server), edge-swipe (server), swipe-up (server), PointerEventDispatcher0 (server),
09-22 22:30:08.759 I/input_focus( 1451): [Focus request fc61119 com.android.launcher3/com.android.launcher3.uioverrides.QuickstepLauncher,reason=UpdateInputWindows]
09-22 22:30:08.772 I/input_focus( 1451): [Focus entering fc61119 com.android.launcher3/com.android.launcher3.uioverrides.QuickstepLauncher (server),reason=setFocusedWindow]
09-22 22:30:10.773 W/NotificationService( 1451): Toast already killed. pkg=com.android.launcher3 token=android.os.BinderProxy@8bf93b0
09-22 22:30:11.980 F/linker ( 4212): CANNOT LINK EXECUTABLE "/vendor/bin/hw/qvrservice": library "vendor.qti.hardware.qxr-V1-ndk_platform.so" not found: needed by /vendor/lib64/libqvrservice.so in namespace (default)
09-22 22:30:11.982 F/linker ( 4213): CANNOT LINK EXECUTABLE "/vendor/bin/hw/sxrservice": library "vendor.qti.hardware.qxr-V1-ndk_platform.so" not found: needed by main executable
09-22 22:30:12.768 W/WindowManager( 1451): Unable to start animation, surface is null or no children.
09-22 22:30:14.145 I/input_interaction( 1451): Interaction with: fc61119 com.android.launcher3/com.android.launcher3.uioverrides.QuickstepLauncher (server), a2ed885 com.android.systemui.ImageWallpaper (server), edge-swipe (server), swipe-up (server), PointerEventDispatcher0 (server),
09-22 22:30:16.976 F/linker ( 4215): CANNOT LINK EXECUTABLE "/vendor/bin/hw/qvrservice": library "vendor.qti.hardware.qxr-V1-ndk_platform.so" not found: needed by /vendor/lib64/libqvrservice.so in namespace (default)
09-22 22:30:16.977 F/linker ( 4216): CANNOT LINK EXECUTABLE "/vendor/bin/hw/sxrservice": library "vendor.qti.hardware.qxr-V1-ndk_platform.so" not found: needed by main executable
09-22 22:30:20.165 I/input_focus( 1451): [Focus request abd556b com.android.launcher3/com.android.launcher3.uioverrides.QuickstepLauncher,reason=UpdateInputWindows]
09-22 22:30:20.183 I/input_focus( 1451): [Focus leaving fc61119 com.android.launcher3/com.android.launcher3.uioverrides.QuickstepLauncher (server),reason=Waiting for window because NOT_VISIBLE]
09-22 22:30:20.200 I/input_focus( 1451): [Focus entering abd556b com.android.launcher3/com.android.launcher3.uioverrides.QuickstepLauncher (server),reason=Window became focusable. Previous reason: NOT_VISIBLE]
09-22 22:30:20.809 I/input_interaction( 1451): Interaction with: abd556b com.android.launcher3/com.android.launcher3.uioverrides.QuickstepLauncher (server), edge-swipe (server), swipe-up (server), PointerEventDispatcher0 (server),
09-22 22:30:21.026 I/service_manager_stats( 1451): [100,66,51023]
09-22 22:30:21.057 I/input_focus( 1451): [Focus request fc61119 com.android.launcher3/com.android.launcher3.uioverrides.QuickstepLauncher,reason=UpdateInputWindows]
09-22 22:30:21.085 I/input_focus( 1451): [Focus entering fc61119 com.android.launcher3/com.android.launcher3.uioverrides.QuickstepLauncher (server),reason=setFocusedWindow]
09-22 22:30:21.771 W/WindowManager( 1451): removeWindowToken: Attempted to remove non-existing token: android.os.Binder@91f5668
09-22 22:30:21.992 F/linker ( 4223): CANNOT LINK EXECUTABLE "/vendor/bin/hw/sxrservice": library "vendor.qti.hardware.qxr-V1-ndk_platform.so" not found: needed by main executable
09-22 22:30:21.992 F/linker ( 4222): CANNOT LINK EXECUTABLE "/vendor/bin/hw/qvrservice": library "vendor.qti.hardware.qxr-V1-ndk_platform.so" not found: needed by /vendor/lib64/libqvrservice.so in namespace (default)
09-22 22:30:22.242 I/input_interaction( 1451): Interaction with: fc61119 com.android.launcher3/com.android.launcher3.uioverrides.QuickstepLauncher (server), a2ed885 com.android.systemui.ImageWallpaper (server), edge-swipe (server), swipe-up (server), PointerEventDispatcher0 (server),
09-22 22:30:22.366 I/input_focus( 1451): [Focus request 93559e6 com.android.launcher3/com.android.launcher3.uioverrides.QuickstepLauncher,reason=UpdateInputWindows]
09-22 22:30:22.388 I/input_focus( 1451): [Focus leaving fc61119 com.android.launcher3/com.android.launcher3.uioverrides.QuickstepLauncher (server),reason=setFocusedWindow]
09-22 22:30:22.388 I/input_focus( 1451): [Focus entering 93559e6 com.android.launcher3/com.android.launcher3.uioverrides.QuickstepLauncher (server),reason=setFocusedWindow]
09-22 22:30:22.968 I/input_interaction( 1451): Interaction with: 93559e6 com.android.launcher3/com.android.launcher3.uioverrides.QuickstepLauncher (server), edge-swipe (server), swipe-up (server), PointerEventDispatcher0 (server),
09-22 22:30:23.131 I/NotificationService( 1451): cancelToast pkg=com.android.launcher3 token=android.os.BinderProxy@8bf93b0
09-22 22:30:23.132 W/NotificationService( 1451): Toast already cancelled. pkg=com.android.launcher3 token=android.os.BinderProxy@8bf93b0
09-22 22:30:23.132 I/input_focus( 1451): [Focus request fc61119 com.android.launcher3/com.android.launcher3.uioverrides.QuickstepLauncher,reason=UpdateInputWindows]
09-22 22:30:23.157 I/input_focus( 1451): [Focus entering fc61119 com.android.launcher3/com.android.launcher3.uioverrides.QuickstepLauncher (server),reason=setFocusedWindow]
09-22 22:30:24.707 I/am_uid_idle( 1451): 10092
09-22 22:30:25.142 W/NotificationService( 1451): Toast already killed. pkg=com.android.launcher3 token=android.os.BinderProxy@cffb8b8
09-22 22:30:26.554 I/input_interaction( 1451): Interaction with: fc61119 com.android.launcher3/com.android.launcher3.uioverrides.QuickstepLauncher (server), a2ed885 com.android.systemui.ImageWallpaper (server), edge-swipe (server), swipe-up (server), PointerEventDispatcher0 (server),
09-22 22:30:27.003 F/linker ( 4228): CANNOT LINK EXECUTABLE "/vendor/bin/hw/sxrservice": library "vendor.qti.hardware.qxr-V1-ndk_platform.so" not found: needed by main executable
09-22 22:30:27.005 F/linker ( 4227): CANNOT LINK EXECUTABLE "/vendor/bin/hw/qvrservice": library "vendor.qti.hardware.qxr-V1-ndk_platform.so" not found: needed by /vendor/lib64/libqvrservice.so in namespace (default)
09-22 22:30:27.136 W/WindowManager( 1451): Unable to start animation, surface is null or no children.
09-22 22:30:32.008 F/linker ( 4231): CANNOT LINK EXECUTABLE "/vendor/bin/hw/sxrservice": library "vendor.qti.hardware.qxr-V1-ndk_platform.so" not found: needed by main executable
09-22 22:30:32.009 F/linker ( 4230): CANNOT LINK EXECUTABLE "/vendor/bin/hw/qvrservice": library "vendor.qti.hardware.qxr-V1-ndk_platform.so" not found: needed by /vendor/lib64/libqvrservice.so in namespace (default)
09-22 22:30:36.141 W/WindowManager( 1451): removeWindowToken: Attempted to remove non-existing token: android.os.Binder@3fa2fe9
09-22 22:30:36.456 I/ActivityTaskManager( 1451): START u0 {act=android.intent.action.MAIN cat=[android.intent.category.LAUNCHER] flg=0x10200000 cmp=com.android.calendar/.AllInOneActivity bnds=[380,250][650,524]} from uid 10076
09-22 22:30:36.465 I/wm_task_created( 1451): [13,-1]
09-22 22:30:36.466 W/ActivityTaskManager( 1451): Can't find TaskDisplayArea to determine support for multi window. Task id=13 attached=false
09-22 22:30:36.469 D/CompatibilityChangeReporter( 1451): Compat change id reported: 174042980; UID 10068; state: DISABLED
09-22 22:30:36.471 D/CompatibilityChangeReporter( 1451): Compat change id reported: 184838306; UID 10068; state: DISABLED
09-22 22:30:36.472 D/CompatibilityChangeReporter( 1451): Compat change id reported: 185004937; UID 10068; state: DISABLED
09-22 22:30:36.472 D/CompatibilityChangeReporter( 1451): Compat change id reported: 181136395; UID 10068; state: DISABLED
09-22 22:30:36.473 D/CompatibilityChangeReporter( 1451): Compat change id reported: 174042936; UID 10068; state: DISABLED
09-22 22:30:36.474 I/wm_task_moved( 1451): [13,1,7]
09-22 22:30:36.474 I/wm_task_to_front( 1451): [0,13]
09-22 22:30:36.475 I/wm_create_task( 1451): [0,13]
09-22 22:30:36.475 I/wm_create_activity( 1451): [0,211556591,13,com.android.calendar/.AllInOneActivity,android.intent.action.MAIN,NULL,NULL,270532608]
09-22 22:30:36.475 I/wm_task_moved( 1451): [13,1,7]
09-22 22:30:36.476 D/CompatibilityChangeReporter( 1451): Compat change id reported: 168419799; UID 10068; state: DISABLED
09-22 22:30:36.478 I/wm_pause_activity( 1451): [0,89524022,com.android.launcher3/.uioverrides.QuickstepLauncher,userLeaving=true,pauseBackTasks]
09-22 22:30:36.486 I/wm_on_top_resumed_lost_called( 2392): [89524022,com.android.launcher3.uioverrides.QuickstepLauncher,topStateChangedWhenResumed]
09-22 22:30:36.487 I/wm_on_paused_called( 2392): [89524022,com.android.launcher3.uioverrides.QuickstepLauncher,performPause]
09-22 22:30:36.495 I/ActivityTaskManager( 1451): The Process com.android.calendar Already Exists in BG. So sending its PID: 3217
09-22 22:30:36.496 I/wm_add_to_stopping( 1451): [0,89524022,com.android.launcher3/.uioverrides.QuickstepLauncher,makeInvisible]
09-22 22:30:36.496 I/wm_restart_activity( 1451): [0,211556591,13,com.android.calendar/.AllInOneActivity]
09-22 22:30:36.499 I/wm_set_resumed_activity( 1451): [0,com.android.calendar/.AllInOneActivity,minimalResumeActivityLocked]
09-22 22:30:36.501 I/am_uid_active( 1451): 10068
09-22 22:30:36.512 I/sysui_multi_action( 1451): [757,803,799,window_time_0,802,49]
09-22 22:30:36.519 I/am_uid_active( 1451): 10030
09-22 22:30:36.523 I/input_focus( 1451): [Focus leaving fc61119 com.android.launcher3/com.android.launcher3.uioverrides.QuickstepLauncher (server),reason=NO_WINDOW]
09-22 22:30:36.529 D/CompatibilityChangeReporter( 1451): Compat change id reported: 143231523; UID 10068; state: DISABLED
09-22 22:30:36.534 I/am_pss ( 1451): [2203,1000,com.android.settings,89641984,69742592,0,233725952,0,15,10]
09-22 22:30:36.542 I/am_pss ( 1451): [3351,10092,com.android.permissioncontroller,14073856,11698176,0,104144896,0,19,6]
09-22 22:30:36.543 I/wm_on_create_called( 3217): [211556591,com.android.calendar.AllInOneActivity,performCreate]
09-22 22:30:36.549 I/am_pss ( 1451): [2788,10026,android.process.media,10528768,8028160,0,102707200,0,19,6]
09-22 22:30:36.563 I/wm_on_start_called( 3217): [211556591,com.android.calendar.AllInOneActivity,handleStartActivity]
09-22 22:30:36.565 I/wm_on_resume_called( 3217): [211556591,com.android.calendar.AllInOneActivity,RESUME_ACTIVITY]
09-22 22:30:36.573 I/wm_on_top_resumed_gained_called( 3217): [211556591,com.android.calendar.AllInOneActivity,topStateChangedWhenResumed]
09-22 22:30:36.583 I/input_focus( 1451): [Focus request b8bacf com.android.calendar/com.android.calendar.AllInOneActivity,reason=UpdateInputWindows]
09-22 22:30:36.648 I/sysui_multi_action( 1451): [319,80,321,78,322,186,325,243,757,761,758,8,759,1,806,com.android.calendar,871,com.android.calendar.AllInOneActivity,904,com.android.launcher3,905,0,1320,4,1321,1]
09-22 22:30:36.651 I/wm_activity_launch_time( 1451): [0,211556591,com.android.calendar/.AllInOneActivity,186]
09-22 22:30:36.656 I/input_focus( 1451): [Focus entering b8bacf com.android.calendar/com.android.calendar.AllInOneActivity (server),reason=Window became focusable. Previous reason: NOT_VISIBLE]
09-22 22:30:36.658 W/ActivityTaskManager( 1451): Request to remove task ignored for non-existent task 12
09-22 22:30:37.017 F/linker ( 4254): CANNOT LINK EXECUTABLE "/vendor/bin/hw/sxrservice": library "vendor.qti.hardware.qxr-V1-ndk_platform.so" not found: needed by main executable
09-22 22:30:37.019 F/linker ( 4253): CANNOT LINK EXECUTABLE "/vendor/bin/hw/qvrservice": library "vendor.qti.hardware.qxr-V1-ndk_platform.so" not found: needed by /vendor/lib64/libqvrservice.so in namespace (default)
09-22 22:30:37.077 I/wm_stop_activity( 1451): [0,89524022,com.android.launcher3/.uioverrides.QuickstepLauncher]
09-22 22:30:37.099 I/wm_on_stop_called( 2392): [89524022,com.android.launcher3.uioverrides.QuickstepLauncher,STOP_ACTIVITY_ITEM]
09-22 22:30:38.805 I/input_interaction( 1451): Interaction with: b8bacf com.android.calendar/com.android.calendar.AllInOneActivity (server), edge-swipe (server), swipe-up (server), PointerEventDispatcher0 (server),
09-22 22:30:38.835 I/view_enqueue_input_event( 3217): [Motion - Cancel,com.android.calendar/com.android.calendar.AllInOneActivity]
09-22 22:30:38.843 I/input_interaction( 1451): Interaction with: edge-swipe (server), swipe-up (server), PointerEventDispatcher0 (server),
09-22 22:30:39.066 I/sysui_multi_action( 1451): [757,803,799,key_back_press,802,1]
09-22 22:30:39.068 I/input_interaction( 1451): Interaction with: b8bacf com.android.calendar/com.android.calendar.AllInOneActivity (server), PointerEventDispatcher0 (server),
09-22 22:30:39.073 I/ActivityTaskManager( 1451): moveTaskToBack: Task{659a08a #13 type=standard A=10068:android.task.calendar U=0 visible=true mode=fullscreen translucent=false sz=1}
09-22 22:30:39.073 I/wm_task_moved( 1451): [13,0,0]
09-22 22:30:39.076 I/wm_focused_root_task( 1451): [0,0,1,13,moveTaskToBackLocked]
09-22 22:30:39.077 I/wm_on_top_resumed_lost_called( 3217): [211556591,com.android.calendar.AllInOneActivity,topStateChangedWhenResumed]
09-22 22:30:39.077 I/wm_add_to_stopping( 1451): [0,211556591,com.android.calendar/.AllInOneActivity,makeInvisible]
09-22 22:30:39.079 I/wm_pause_activity( 1451): [0,211556591,com.android.calendar/.AllInOneActivity,userLeaving=false,pauseBackTasks]
09-22 22:30:39.081 I/wm_set_resumed_activity( 1451): [0,com.android.launcher3/.uioverrides.QuickstepLauncher,resumeTopActivityInnerLocked]
09-22 22:30:39.082 I/wm_resume_activity( 1451): [0,89524022,8,com.android.launcher3/.uioverrides.QuickstepLauncher]
09-22 22:30:39.086 I/wm_on_restart_called( 2392): [89524022,com.android.launcher3.uioverrides.QuickstepLauncher,performRestartActivity]
09-22 22:30:39.087 I/wm_on_start_called( 2392): [89524022,com.android.launcher3.uioverrides.QuickstepLauncher,handleStartActivity]
09-22 22:30:39.088 I/wm_on_resume_called( 2392): [89524022,com.android.launcher3.uioverrides.QuickstepLauncher,RESUME_ACTIVITY]
09-22 22:30:39.090 I/sysui_multi_action( 1451): [757,803,799,window_time_0,802,3]
09-22 22:30:39.091 I/wm_on_paused_called( 3217): [211556591,com.android.calendar.AllInOneActivity,performPause]
09-22 22:30:39.095 I/input_focus( 1451): [Focus leaving b8bacf com.android.calendar/com.android.calendar.AllInOneActivity (server),reason=NO_WINDOW]
09-22 22:30:39.102 I/input_focus( 1451): [Focus request fc61119 com.android.launcher3/com.android.launcher3.uioverrides.QuickstepLauncher,reason=UpdateInputWindows]
09-22 22:30:39.108 I/wm_on_top_resumed_gained_called( 2392): [89524022,com.android.launcher3.uioverrides.QuickstepLauncher,topStateChangedWhenResumed]
09-22 22:30:39.129 I/input_focus( 1451): [Focus entering fc61119 com.android.launcher3/com.android.launcher3.uioverrides.QuickstepLauncher (server),reason=setFocusedWindow]
09-22 22:30:39.490 I/wm_stop_activity( 1451): [0,211556591,com.android.calendar/.AllInOneActivity]
09-22 22:30:39.492 E/TaskPersister( 1451): File error accessing recents directory (directory doesn't exist?).
09-22 22:30:39.514 I/wm_on_stop_called( 3217): [211556591,com.android.calendar.AllInOneActivity,STOP_ACTIVITY_ITEM]
09-22 22:30:40.108 I/input_interaction( 1451): Interaction with: fc61119 com.android.launcher3/com.android.launcher3.uioverrides.QuickstepLauncher (server), a2ed885 com.android.systemui.ImageWallpaper (server), edge-swipe (server), swipe-up (server), PointerEventDispatcher0 (server),
09-22 22:30:41.339 I/ActivityTaskManager( 1451): START u0 {act=android.intent.action.MAIN cat=[android.intent.category.LAUNCHER] flg=0x10200000 cmp=com.android.deskclock/.DeskClock bnds=[650,250][920,524]} from uid 10076
09-22 22:30:41.347 I/wm_task_created( 1451): [14,-1]
09-22 22:30:41.347 W/ActivityTaskManager( 1451): Can't find TaskDisplayArea to determine support for multi window. Task id=14 attached=false
09-22 22:30:41.353 I/wm_task_moved( 1451): [14,1,8]
09-22 22:30:41.353 I/wm_task_to_front( 1451): [0,14]
09-22 22:30:41.354 I/wm_create_task( 1451): [0,14]
09-22 22:30:41.354 I/wm_create_activity( 1451): [0,74495738,14,com.android.deskclock/.DeskClock,android.intent.action.MAIN,NULL,NULL,270532608]
09-22 22:30:41.354 I/wm_task_moved( 1451): [14,1,8]
09-22 22:30:41.356 I/wm_pause_activity( 1451): [0,89524022,com.android.launcher3/.uioverrides.QuickstepLauncher,userLeaving=true,pauseBackTasks]
09-22 22:30:41.365 I/wm_on_top_resumed_lost_called( 2392): [89524022,com.android.launcher3.uioverrides.QuickstepLauncher,topStateChangedWhenResumed]
09-22 22:30:41.369 I/wm_on_paused_called( 2392): [89524022,com.android.launcher3.uioverrides.QuickstepLauncher,performPause]
09-22 22:30:41.371 I/ActivityTaskManager( 1451): The Process com.android.deskclock Already Exists in BG. So sending its PID: 2538
09-22 22:30:41.371 W/ActivityTaskManager( 1451): Tried to set launchTime (0) < mLastActivityLaunchTime (104852)
09-22 22:30:41.372 I/wm_add_to_stopping( 1451): [0,89524022,com.android.launcher3/.uioverrides.QuickstepLauncher,makeInvisible]
09-22 22:30:41.372 I/wm_restart_activity( 1451): [0,74495738,14,com.android.deskclock/.DeskClock]
09-22 22:30:41.374 I/wm_set_resumed_activity( 1451): [0,com.android.deskclock/.DeskClock,minimalResumeActivityLocked]
09-22 22:30:41.377 I/am_uid_active( 1451): 10066
09-22 22:30:41.383 I/sysui_multi_action( 1451): [757,803,799,window_time_0,802,2]
09-22 22:30:41.400 I/input_focus( 1451): [Focus leaving fc61119 com.android.launcher3/com.android.launcher3.uioverrides.QuickstepLauncher (server),reason=NO_WINDOW]
09-22 22:30:41.412 I/ActivityTaskManager( 1451): START u0 {act=android.content.pm.action.REQUEST_PERMISSIONS pkg=com.android.permissioncontroller cmp=com.android.permissioncontroller/.permission.ui.GrantPermissionsActivity (has extras)} from uid 10066
09-22 22:30:41.415 D/CompatibilityChangeReporter( 1451): Compat change id reported: 174042980; UID 10092; state: DISABLED
09-22 22:30:41.415 D/CompatibilityChangeReporter( 1451): Compat change id reported: 184838306; UID 10092; state: DISABLED
09-22 22:30:41.415 D/CompatibilityChangeReporter( 1451): Compat change id reported: 185004937; UID 10092; state: DISABLED
09-22 22:30:41.415 D/CompatibilityChangeReporter( 1451): Compat change id reported: 181136395; UID 10092; state: DISABLED
09-22 22:30:41.416 D/CompatibilityChangeReporter( 1451): Compat change id reported: 174042936; UID 10092; state: DISABLED
09-22 22:30:41.416 I/wm_task_moved( 1451): [14,1,8]
09-22 22:30:41.417 I/wm_set_resumed_activity( 1451): [0,com.android.deskclock/.DeskClock,positionChildAt]
09-22 22:30:41.417 I/wm_create_activity( 1451): [0,212138367,14,com.android.permissioncontroller/.permission.ui.GrantPermissionsActivity,android.content.pm.action.REQUEST_PERMISSIONS,NULL,NULL,8388608]
09-22 22:30:41.418 I/wm_pause_activity( 1451): [0,74495738,com.android.deskclock/.DeskClock,userLeaving=true,resumeTopActivityInnerLocked]
09-22 22:30:41.438 I/wm_on_create_called( 2538): [74495738,com.android.deskclock.DeskClock,performCreate]
09-22 22:30:41.440 I/wm_on_start_called( 2538): [74495738,com.android.deskclock.DeskClock,handleStartActivity]
09-22 22:30:41.441 I/wm_on_resume_called( 2538): [74495738,com.android.deskclock.DeskClock,RESUME_ACTIVITY]
09-22 22:30:41.444 I/wm_on_top_resumed_gained_called( 2538): [74495738,com.android.deskclock.DeskClock,topStateChangedWhenResumed]
09-22 22:30:41.444 I/wm_on_top_resumed_lost_called( 2538): [74495738,com.android.deskclock.DeskClock,topStateChangedWhenResumed]
09-22 22:30:41.444 I/wm_on_paused_called( 2538): [74495738,com.android.deskclock.DeskClock,performPause]
09-22 22:30:41.445 I/ActivityTaskManager( 1451): The Process com.android.permissioncontroller Already Exists in BG. So sending its PID: 3351
09-22 22:30:41.446 I/wm_restart_activity( 1451): [0,212138367,14,com.android.permissioncontroller/.permission.ui.GrantPermissionsActivity]
09-22 22:30:41.448 I/wm_set_resumed_activity( 1451): [0,com.android.permissioncontroller/.permission.ui.GrantPermissionsActivity,minimalResumeActivityLocked]
09-22 22:30:41.448 I/am_uid_active( 1451): 10092
09-22 22:30:41.452 I/sysui_multi_action( 1451): [757,803,799,window_time_0,802,0]
09-22 22:30:41.510 W/BroadcastQueue( 1451): Background execution not allowed: receiving Intent { act=com.android.deskclock.WORLD_CITIES_CHANGED flg=0x10 } to com.android.deskclock/com.android.alarmclock.DigitalAppWidgetProvider
09-22 22:30:41.511 I/wm_on_create_called( 3351): [212138367,com.android.permissioncontroller.permission.ui.GrantPermissionsActivity,performCreate]
09-22 22:30:41.512 I/wm_on_start_called( 3351): [212138367,com.android.permissioncontroller.permission.ui.GrantPermissionsActivity,handleStartActivity]
09-22 22:30:41.512 I/wm_on_resume_called( 3351): [212138367,com.android.permissioncontroller.permission.ui.GrantPermissionsActivity,RESUME_ACTIVITY]
09-22 22:30:41.518 I/wm_on_top_resumed_gained_called( 3351): [212138367,com.android.permissioncontroller.permission.ui.GrantPermissionsActivity,topStateChangedWhenResumed]
09-22 22:30:41.524 I/input_focus( 1451): [Focus request f96a226 com.android.permissioncontroller/com.android.permissioncontroller.permission.ui.GrantPermissionsActivity,reason=UpdateInputWindows]
09-22 22:30:41.531 I/wm_finish_activity( 1451): [0,212138367,14,com.android.permissioncontroller/.permission.ui.GrantPermissionsActivity,app-request]
09-22 22:30:41.536 I/wm_pause_activity( 1451): [0,212138367,com.android.permissioncontroller/.permission.ui.GrantPermissionsActivity,userLeaving=false,finish]
09-22 22:30:41.537 I/input_focus( 1451): [Focus entering f96a226 com.android.permissioncontroller/com.android.permissioncontroller.permission.ui.GrantPermissionsActivity (server),reason=setFocusedWindow]
09-22 22:30:41.540 I/wm_on_top_resumed_lost_called( 3351): [212138367,com.android.permissioncontroller.permission.ui.GrantPermissionsActivity,topStateChangedWhenResumed]
09-22 22:30:41.542 I/wm_on_paused_called( 3351): [212138367,com.android.permissioncontroller.permission.ui.GrantPermissionsActivity,performPause]
09-22 22:30:41.542 I/wm_add_to_stopping( 1451): [0,212138367,com.android.permissioncontroller/.permission.ui.GrantPermissionsActivity,completeFinishing]
09-22 22:30:41.545 I/wm_set_resumed_activity( 1451): [0,com.android.deskclock/.DeskClock,resumeTopActivityInnerLocked]
09-22 22:30:41.545 I/wm_resume_activity( 1451): [0,74495738,14,com.android.deskclock/.DeskClock]
09-22 22:30:41.548 D/CompatibilityChangeReporter( 1451): Compat change id reported: 149924527; UID 10066; state: ENABLED
09-22 22:30:41.548 D/CompatibilityChangeReporter( 1451): Compat change id reported: 132649864; UID 10066; state: DISABLED
09-22 22:30:41.549 D/CompatibilityChangeReporter( 1451): Compat change id reported: 182734110; UID 10066; state: DISABLED
09-22 22:30:41.551 I/input_focus( 1451): [Focus leaving f96a226 com.android.permissioncontroller/com.android.permissioncontroller.permission.ui.GrantPermissionsActivity (server),reason=NO_WINDOW]
09-22 22:30:41.556 I/sysui_multi_action( 1451): [757,803,799,window_time_0,802,0]
09-22 22:30:41.569 I/input_focus( 1451): [Focus request 19ae9b com.android.deskclock/com.android.deskclock.DeskClock,reason=UpdateInputWindows]
09-22 22:30:41.613 I/wm_on_activity_result_called( 2538): [74495738,com.android.deskclock.DeskClock,ACTIVITY_RESULT]
09-22 22:30:41.613 I/wm_on_resume_called( 2538): [74495738,com.android.deskclock.DeskClock,RESUME_ACTIVITY]
09-22 22:30:41.616 I/wm_on_top_resumed_gained_called( 2538): [74495738,com.android.deskclock.DeskClock,topWhenResuming]
09-22 22:30:41.617 I/input_focus( 1451): [Focus entering 19ae9b com.android.deskclock/com.android.deskclock.DeskClock (server),reason=Window became focusable. Previous reason: NOT_VISIBLE]
09-22 22:30:41.618 I/sysui_multi_action( 1451): [319,64,321,62,322,273,325,248,757,761,758,8,759,1,806,com.android.permissioncontroller,871,com.android.permissioncontroller.permission.ui.GrantPermissionsActivity,904,com.android.deskclock,905,0,1320,4,1321,2]
09-22 22:30:41.620 I/wm_activity_launch_time( 1451): [0,212138367,com.android.permissioncontroller/.permission.ui.GrantPermissionsActivity,273]
09-22 22:30:41.939 I/wm_destroy_activity( 1451): [0,212138367,14,com.android.permissioncontroller/.permission.ui.GrantPermissionsActivity,finish-imm:idle]
09-22 22:30:41.940 I/wm_stop_activity( 1451): [0,89524022,com.android.launcher3/.uioverrides.QuickstepLauncher]
09-22 22:30:41.942 I/wm_on_stop_called( 3351): [212138367,com.android.permissioncontroller.permission.ui.GrantPermissionsActivity,LIFECYCLER_STOP_ACTIVITY]
09-22 22:30:41.944 I/wm_on_destroy_called( 3351): [212138367,com.android.permissioncontroller.permission.ui.GrantPermissionsActivity,performDestroy]
09-22 22:30:41.978 I/wm_on_stop_called( 2392): [89524022,com.android.launcher3.uioverrides.QuickstepLauncher,STOP_ACTIVITY_ITEM]
09-22 22:30:42.013 F/linker ( 4272): CANNOT LINK EXECUTABLE "/vendor/bin/hw/qvrservice": library "vendor.qti.hardware.qxr-V1-ndk_platform.so" not found: needed by /vendor/lib64/libqvrservice.so in namespace (default)
09-22 22:30:42.021 F/linker ( 4273): CANNOT LINK EXECUTABLE "/vendor/bin/hw/sxrservice": library "vendor.qti.hardware.qxr-V1-ndk_platform.so" not found: needed by main executable
09-22 22:30:42.784 I/input_interaction( 1451): Interaction with: 19ae9b com.android.deskclock/com.android.deskclock.DeskClock (server), edge-swipe (server), swipe-up (server), PointerEventDispatcher0 (server),
09-22 22:30:42.892 I/view_enqueue_input_event( 2538): [Motion - Cancel,com.android.deskclock/com.android.deskclock.DeskClock]
09-22 22:30:42.905 I/input_interaction( 1451): Interaction with: edge-swipe (server), swipe-up (server), PointerEventDispatcher0 (server),
09-22 22:30:43.099 I/sysui_multi_action( 1451): [757,803,799,key_back_press,802,1]
09-22 22:30:43.102 I/input_interaction( 1451): Interaction with: 19ae9b com.android.deskclock/com.android.deskclock.DeskClock (server), PointerEventDispatcher0 (server),
09-22 22:30:43.111 I/ActivityTaskManager( 1451): moveTaskToBack: Task{ec80bb4 #14 type=standard A=10066:com.android.deskclock U=0 visible=true mode=fullscreen translucent=false sz=1}
09-22 22:30:43.111 I/wm_task_moved( 1451): [14,0,0]
09-22 22:30:43.114 I/wm_focused_root_task( 1451): [0,0,1,14,moveTaskToBackLocked]
09-22 22:30:43.115 I/wm_add_to_stopping( 1451): [0,74495738,com.android.deskclock/.DeskClock,makeInvisible]
09-22 22:30:43.117 I/wm_pause_activity( 1451): [0,74495738,com.android.deskclock/.DeskClock,userLeaving=false,pauseBackTasks]
09-22 22:30:43.119 I/wm_set_resumed_activity( 1451): [0,com.android.launcher3/.uioverrides.QuickstepLauncher,resumeTopActivityInnerLocked]
09-22 22:30:43.121 I/wm_on_top_resumed_lost_called( 2538): [74495738,com.android.deskclock.DeskClock,topStateChangedWhenResumed]
09-22 22:30:43.122 I/wm_resume_activity( 1451): [0,89524022,8,com.android.launcher3/.uioverrides.QuickstepLauncher]
09-22 22:30:43.127 I/wm_on_paused_called( 2538): [74495738,com.android.deskclock.DeskClock,performPause]
09-22 22:30:43.130 I/wm_on_restart_called( 2392): [89524022,com.android.launcher3.uioverrides.QuickstepLauncher,performRestartActivity]
09-22 22:30:43.131 I/wm_on_start_called( 2392): [89524022,com.android.launcher3.uioverrides.QuickstepLauncher,handleStartActivity]
09-22 22:30:43.132 I/wm_on_resume_called( 2392): [89524022,com.android.launcher3.uioverrides.QuickstepLauncher,RESUME_ACTIVITY]
09-22 22:30:43.132 I/wm_on_top_resumed_gained_called( 2392): [89524022,com.android.launcher3.uioverrides.QuickstepLauncher,topStateChangedWhenResumed]
09-22 22:30:43.134 I/sysui_multi_action( 1451): [757,803,799,window_time_0,802,2]
09-22 22:30:43.138 I/input_focus( 1451): [Focus leaving 19ae9b com.android.deskclock/com.android.deskclock.DeskClock (server),reason=NO_WINDOW]
09-22 22:30:43.144 I/input_focus( 1451): [Focus request fc61119 com.android.launcher3/com.android.launcher3.uioverrides.QuickstepLauncher,reason=UpdateInputWindows]
09-22 22:30:43.172 I/input_focus( 1451): [Focus entering fc61119 com.android.launcher3/com.android.launcher3.uioverrides.QuickstepLauncher (server),reason=Window became focusable. Previous reason: NOT_VISIBLE] --------- beginning of main
09-22 22:30:43.470 I/mpu_uart( 655): [MSG-P:R]:recv sync frame timeout
09-22 22:30:43.528 I/wm_stop_activity( 1451): [0,74495738,com.android.deskclock/.DeskClock]
09-22 22:30:43.559 I/wm_on_stop_called( 2538): [74495738,com.android.deskclock.DeskClock,STOP_ACTIVITY_ITEM]
09-22 22:30:43.581 D/audio_hw_primary( 812): out_set_parameters: enter: usecase(1: low-latency-playback) kvpairs: suspend_playback=false
09-22 22:30:43.581 D/audio_hw_extn( 812): audio_extn_fm_set_parameters: Enter
09-22 22:30:43.581 W/audio_hw_primary( 812): out_write: underrun(109) frames_by_time(48214) > out->last_fifo_frames_remaining(384)
09-22 22:30:43.587 W/Choreographer( 1451): Frame time is 0.269034 ms in the future! Check that graphics HAL is generating vsync timestamps using the correct timebase.
09-22 22:30:43.587 W/Choreographer( 1803): Frame time is 0.226534 ms in the future! Check that graphics HAL is generating vsync timestamps using the correct timebase.
09-22 22:30:43.623 D/audio_hw_primary( 812): out_set_parameters: enter: usecase(1: low-latency-playback) kvpairs: suspend_playback=true
09-22 22:30:43.623 D/audio_hw_extn( 812): audio_extn_fm_set_parameters: Enter
09-22 22:30:43.657 W/System ( 1451): A resource failed to call close.
09-22 22:30:43.657 W/System ( 1451): A resource failed to call release.
09-22 22:30:43.657 W/System ( 1451): A resource failed to call close.
09-22 22:30:43.657 W/System ( 1451): A resource failed to call close.
09-22 22:30:43.996 I/input_interaction( 1451): Interaction with: fc61119 com.android.launcher3/com.android.launcher3.uioverrides.QuickstepLauncher (server), a2ed885 com.android.systemui.ImageWallpaper (server), edge-swipe (server), swipe-up (server), PointerEventDispatcher0 (server),
09-22 22:30:44.144 I/hpe-folder( 2392): mFolder.mInfo.editModefalse
09-22 22:30:44.144 I/hpe-folder( 2392): mFolder.mInfo.editModefalse
09-22 22:30:44.144 I/hpe-folder( 2392): mFolder.mInfo.editModefalse
09-22 22:30:44.147 D/audio_hw_primary( 812): out_set_parameters: enter: usecase(1: low-latency-playback) kvpairs: suspend_playback=false
09-22 22:30:44.147 D/audio_hw_extn( 812): audio_extn_fm_set_parameters: Enter
09-22 22:30:44.149 W/audio_hw_primary( 812): out_write: underrun(110) frames_by_time(25420) > out->last_fifo_frames_remaining(384)
09-22 22:30:44.162 D/Sogou ( 3087): onFinishInput:
09-22 22:30:44.336 I/mpu_uart( 655): [MSG-P:RECV]:No message received in 1000 ms
09-22 22:30:44.347 D/audio_hw_primary( 812): out_set_parameters: enter: usecase(1: low-latency-playback) kvpairs: suspend_playback=true
09-22 22:30:44.347 D/audio_hw_extn( 812): audio_extn_fm_set_parameters: Enter
09-22 22:30:44.366 E/TaskPersister( 1451): File error accessing recents directory (directory doesn't exist?).
09-22 22:30:45.214 I/ActivityTaskManager( 1451): START u0 {act=android.intent.action.MAIN cat=[android.intent.category.LAUNCHER] flg=0x10200000 cmp=com.android.documentsui/.LauncherActivity bnds=[920,250][1190,524]} from uid 10076
09-22 22:30:45.214 I/EventSequenceValidator( 1451): inc AccIntentStartedEvents to 2
09-22 22:30:45.220 D/audio_hw_primary( 812): out_set_parameters: enter: usecase(1: low-latency-playback) kvpairs: suspend_playback=false
09-22 22:30:45.220 D/audio_hw_extn( 812): audio_extn_fm_set_parameters: Enter
09-22 22:30:45.221 W/audio_hw_primary( 812): out_write: underrun(111) frames_by_time(42021) > out->last_fifo_frames_remaining(384)
09-22 22:30:45.222 E/ANDR-PERF-JNI( 1451): com_qualcomm_qtiperformance_native_perf_io_prefetch_start
09-22 22:30:45.224 I/wm_task_created( 1451): [15,-1]
09-22 22:30:45.224 W/ActivityTaskManager( 1451): Can't find TaskDisplayArea to determine support for multi window. Task id=15 attached=false
09-22 22:30:45.227 D/CompatibilityChangeReporter( 1451): Compat change id reported: 174042980; UID 10024; state: DISABLED
09-22 22:30:45.228 D/CompatibilityChangeReporter( 1451): Compat change id reported: 184838306; UID 10024; state: DISABLED
09-22 22:30:45.228 D/CompatibilityChangeReporter( 1451): Compat change id reported: 185004937; UID 10024; state: DISABLED
09-22 22:30:45.228 D/CompatibilityChangeReporter( 1451): Compat change id reported: 181136395; UID 10024; state: DISABLED
09-22 22:30:45.229 D/CompatibilityChangeReporter( 1451): Compat change id reported: 174042936; UID 10024; state: DISABLED
09-22 22:30:45.229 E/ANDR-IOP( 870): io prefetch is disabled
09-22 22:30:45.230 I/wm_task_moved( 1451): [15,1,9]
09-22 22:30:45.230 I/wm_task_to_front( 1451): [0,15]
09-22 22:30:45.230 I/wm_create_task( 1451): [0,15]
09-22 22:30:45.230 I/wm_create_activity( 1451): [0,267700866,15,com.android.documentsui/.LauncherActivity,android.intent.action.MAIN,NULL,NULL,270532608]
09-22 22:30:45.230 I/wm_task_moved( 1451): [15,1,9]
09-22 22:30:45.231 D/CompatibilityChangeReporter( 1451): Compat change id reported: 168419799; UID 10024; state: DISABLED
09-22 22:30:45.231 D/CompatibilityInfo( 1451): mCompatibilityFlags - 4
09-22 22:30:45.231 D/CompatibilityInfo( 1451): applicationDensity - 240
09-22 22:30:45.231 D/CompatibilityInfo( 1451): applicationScale - 1.0
09-22 22:30:45.231 D/ActivityTrigger( 1451): ActivityTrigger activityPauseTrigger
09-22 22:30:45.232 I/wm_pause_activity( 1451): [0,89524022,com.android.launcher3/.uioverrides.QuickstepLauncher,userLeaving=true,pauseBackTasks]
09-22 22:30:45.237 I/am_uid_running( 1451): 10024
09-22 22:30:45.238 I/wm_on_top_resumed_lost_called( 2392): [89524022,com.android.launcher3.uioverrides.QuickstepLauncher,topStateChangedWhenResumed]
09-22 22:30:45.238 D/CompatibilityChangeReporter( 1451): Compat change id reported: 135634846; UID 10024; state: DISABLED
09-22 22:30:45.238 D/CompatibilityChangeReporter( 1451): Compat change id reported: 177438394; UID 10024; state: DISABLED
09-22 22:30:45.238 D/CompatibilityChangeReporter( 1451): Compat change id reported: 135772972; UID 10024; state: DISABLED
