09-22 22:28:18.058 I/notification_visibility( 1451): [-1|android|32|null|1000,0,91824,91824,0,0]
09-22 22:28:18.060 I/sysui_multi_action( 1803): [757,111,758,2]
09-22 22:28:18.060 I/sysui_multi_action( 1803): [757,111,758,2]
09-22 22:28:18.061 E/NotificationService( 1451): Muting recently noisy 0|com.android.systemui|2048|null|10081
09-22 22:28:18.061 I/notification_enqueue( 1451): [10081,1803,com.android.systemui,2048,NULL,0,Notification(channel=updateNotification shortcut=null contentView=null vibrate=null sound=null defaults=0x0 flags=0x0 color=0x00000000 vis=PRIVATE),1]
09-22 22:28:18.063 I/sysui_multi_action( 1451): [757,127,758,2]
09-22 22:28:18.063 I/notification_panel_hidden( 1451):
09-22 22:28:18.079 I/sysui_multi_action( 1803): [757,111,758,1]
09-22 22:28:18.079 I/sysui_multi_action( 1803): [757,126,758,1,759,126,927,0,928,0,1593,1]
09-22 22:28:18.079 I/sysui_multi_action( 1803): [757,113,758,1,759,113,927,1,928,1,1593,1]
09-22 22:28:18.079 I/sysui_multi_action( 1803): [757,0,758,1,759,0,927,2,928,0,1593,1]
09-22 22:28:18.079 I/sysui_multi_action( 1803): [757,0,758,1,759,0,927,3,928,0,1593,1]
09-22 22:28:18.079 I/sysui_multi_action( 1803): [757,1706,758,1,759,1706,927,4,928,0,1593,1]
09-22 22:28:18.079 I/sysui_multi_action( 1803): [757,491,758,1,759,491,927,5,928,0,1311,-1,1593,0]
09-22 22:28:18.080 I/sysui_multi_action( 1803): [757,0,758,1,759,0,927,6,928,0,1593,0]
09-22 22:28:18.080 I/sysui_multi_action( 1803): [757,111,758,1]
09-22 22:28:18.080 I/sysui_multi_action( 1803): [757,126,758,1,759,126,927,0,928,0,1593,1]
09-22 22:28:18.080 I/sysui_multi_action( 1803): [757,113,758,1,759,113,927,1,928,1,1593,1]
09-22 22:28:18.080 I/sysui_multi_action( 1803): [757,0,758,1,759,0,927,2,928,0,1593,1]
09-22 22:28:18.080 I/sysui_multi_action( 1803): [757,0,758,1,759,0,927,3,928,0,1593,1]
09-22 22:28:18.082 E/NotificationService( 1451): Muting recently noisy 0|com.android.systemui|2048|null|10081
09-22 22:28:18.098 E/NotificationService( 1451): Muting recently noisy 0|com.android.systemui|2048|null|10081
09-22 22:28:18.115 E/NotificationService( 1451): Muting recently noisy 0|com.android.systemui|2048|null|10081
09-22 22:28:18.132 E/NotificationService( 1451): Muting recently noisy 0|com.android.systemui|2048|null|10081
09-22 22:28:18.148 E/NotificationService( 1451): Muting recently noisy 0|com.android.systemui|2048|null|10081
09-22 22:28:18.168 E/NotificationService( 1451): Muting recently noisy 0|com.android.systemui|2048|null|10081
09-22 22:28:18.186 E/NotificationService( 1451): Muting recently noisy 0|com.android.systemui|2048|null|10081
09-22 22:28:18.208 E/NotificationService( 1451): Muting recently noisy 0|com.android.systemui|2048|null|10081
09-22 22:28:18.227 E/NotificationService( 1451): Muting recently noisy 0|com.android.systemui|2048|null|10081
09-22 22:28:18.262 E/NotificationService( 1451): Muting recently noisy 0|com.android.systemui|2048|null|10081
09-22 22:28:18.949 I/input_interaction( 1451): Interaction with: 42b2ada com.android.deskclock/android.service.dreams.DreamActivity (server), edge-swipe (server), swipe-up (server), PointerEventDispatcher0 (server),
09-22 22:28:18.952 I/service_manager_stats( 1451): [100,62,39500]
09-22 22:28:18.953 I/wm_finish_activity( 1451): [0,155282818,11,com.android.deskclock/android.service.dreams.DreamActivity,finish-activity]
09-22 22:28:18.953 I/wm_task_moved( 1451): [1,1,6]
09-22 22:28:18.954 I/wm_task_moved( 1451): [8,1,2147483647]
09-22 22:28:18.954 I/wm_task_to_front( 1451): [0,8]
09-22 22:28:18.954 I/wm_focused_root_task( 1451): [0,0,1,11,finish-top adjustFocusToNextFocusableTask]
09-22 22:28:18.954 I/wm_set_resumed_activity( 1451): [0,com.android.launcher3/.uioverrides.QuickstepLauncher,finish-top adjustFocusToNextFocusableTask]
09-22 22:28:18.955 I/wm_pause_activity( 1451): [0,155282818,com.android.deskclock/android.service.dreams.DreamActivity,userLeaving=false,finish]
09-22 22:28:18.962 I/sysui_multi_action( 1451): [757,803,799,window_time_0,802,2]
09-22 22:28:18.963 I/DreamManagerService( 1451): Gently waking up from dream.
09-22 22:28:18.963 I/DreamManagerService( 1451): Performing gentle wake from dream.
09-22 22:28:18.963 I/wm_on_top_resumed_lost_called( 2538): [155282818,android.service.dreams.DreamActivity,topStateChangedWhenResumed]
09-22 22:28:18.966 I/wm_on_paused_called( 2538): [155282818,android.service.dreams.DreamActivity,performPause]
09-22 22:28:18.967 I/wm_add_to_stopping( 1451): [0,155282818,com.android.deskclock/android.service.dreams.DreamActivity,completeFinishing]
09-22 22:28:18.969 I/wm_set_resumed_activity( 1451): [0,com.android.launcher3/.uioverrides.QuickstepLauncher,resumeTopActivityInnerLocked]
09-22 22:28:18.970 I/wm_resume_activity( 1451): [0,89524022,8,com.android.launcher3/.uioverrides.QuickstepLauncher]
09-22 22:28:18.975 I/view_enqueue_input_event( 2538): [Motion - Cancel,com.android.deskclock/android.service.dreams.DreamActivity]
09-22 22:28:18.975 I/input_focus( 1451): [Focus leaving 42b2ada com.android.deskclock/android.service.dreams.DreamActivity (server),reason=NO_WINDOW]
09-22 22:28:18.979 I/sysui_multi_action( 1451): [757,803,799,window_time_0,802,0]
09-22 22:28:18.983 I/wm_on_restart_called( 2392): [89524022,com.android.launcher3.uioverrides.QuickstepLauncher,performRestartActivity]
09-22 22:28:18.983 I/wm_on_start_called( 2392): [89524022,com.android.launcher3.uioverrides.QuickstepLauncher,handleStartActivity]
09-22 22:28:18.984 I/wm_on_resume_called( 2392): [89524022,com.android.launcher3.uioverrides.QuickstepLauncher,RESUME_ACTIVITY]
09-22 22:28:18.984 I/wm_on_top_resumed_gained_called( 2392): [89524022,com.android.launcher3.uioverrides.QuickstepLauncher,topWhenResuming]
09-22 22:28:18.986 I/input_interaction( 1451): Interaction with: edge-swipe (server), swipe-up (server), PointerEventDispatcher0 (server),
09-22 22:28:18.998 I/input_focus( 1451): [Focus request fc61119 com.android.launcher3/com.android.launcher3.uioverrides.QuickstepLauncher,reason=UpdateInputWindows]
09-22 22:28:19.012 I/PowerManagerService( 1451): Powering on display group fromDreaming (groupId=0, uid=1000, reason=WAKE_REASON_UNKNOWN, details=android.server.power:DREAM_FINISHED)...
09-22 22:28:19.012 I/PowerManagerService( 1451): Waking up from Dreaming (uid=1000, reason=WAKE_REASON_UNKNOWN, details=android.server.power:DREAM_FINISHED)...
09-22 22:28:19.042 I/input_focus( 1451): [Focus entering fc61119 com.android.launcher3/com.android.launcher3.uioverrides.QuickstepLauncher (server),reason=Window became focusable. Previous reason: NOT_VISIBLE]
09-22 22:28:19.138 I/WindowManager( 1451): Could not transfer touch to the status bar
09-22 22:28:19.260 I/wm_destroy_activity( 1451): [0,155282818,11,com.android.deskclock/android.service.dreams.DreamActivity,finish-imm:idle]
09-22 22:28:19.280 I/wm_on_stop_called( 2538): [155282818,android.service.dreams.DreamActivity,LIFECYCLER_STOP_ACTIVITY]
09-22 22:28:19.280 I/wm_on_destroy_called( 2538): [155282818,android.service.dreams.DreamActivity,performDestroy]
09-22 22:28:19.283 I/DreamManagerService( 1451): Leaving dreamland.
09-22 22:28:19.284 I/DreamManagerService( 1451): Performing gentle wake from dream.
09-22 22:28:19.284 I/DreamController( 1451): Stopping dream: name=ComponentInfo{com.android.deskclock/com.android.deskclock.Screensaver}, isTest=false, canDoze=false, userId=0, reason='finished self'(from 'finished self')
09-22 22:28:19.284 I/sysui_multi_action( 1451): [757,222,758,2]
09-22 22:28:19.284 I/sysui_multi_action( 1451): [757,804,799,dreaming_minutes,801,0,802,1]
09-22 22:28:19.293 I/wm_task_removed( 1451): [11,removeChild:removeChild last r=ActivityRecord{9416d82 u0 com.android.deskclock/android.service.dreams.DreamActivity t-1 f}} in t=Task{f3dc0f5 #11 type=dream A=10066:android:com.android.deskclock/dream U=0 visible=false mode=fullscreen translucent=true sz=0}]
09-22 22:28:19.293 I/wm_task_removed( 1451): [11,removeChild]
09-22 22:28:19.295 W/ActivityTaskManager( 1451): Can't find TaskDisplayArea to determine support for multi window. Task id=11 attached=false
09-22 22:28:21.675 I/input_interaction( 1451): Interaction with: fc61119 com.android.launcher3/com.android.launcher3.uioverrides.QuickstepLauncher (server), a2ed885 com.android.systemui.ImageWallpaper (server), edge-swipe (server), swipe-up (server), PointerEventDispatcher0 (server),
09-22 22:28:21.836 F/linker ( 3935): CANNOT LINK EXECUTABLE "/vendor/bin/hw/qvrservice": library "vendor.qti.hardware.qxr-V1-ndk_platform.so" not found: needed by /vendor/lib64/libqvrservice.so in namespace (default)
09-22 22:28:21.839 F/linker ( 3936): CANNOT LINK EXECUTABLE "/vendor/bin/hw/sxrservice": library "vendor.qti.hardware.qxr-V1-ndk_platform.so" not found: needed by main executable
09-22 22:28:26.844 F/linker ( 3944): CANNOT LINK EXECUTABLE "/vendor/bin/hw/sxrservice": library "vendor.qti.hardware.qxr-V1-ndk_platform.so" not found: needed by main executable
09-22 22:28:26.844 F/linker ( 3943): CANNOT LINK EXECUTABLE "/vendor/bin/hw/qvrservice": library "vendor.qti.hardware.qxr-V1-ndk_platform.so" not found: needed by /vendor/lib64/libqvrservice.so in namespace (default)
09-22 22:28:27.372 I/sysui_multi_action( 1451): [757,127,758,1]
09-22 22:28:27.372 I/sysui_multi_action( 1451): [757,804,799,note_load,801,1,802,1]
09-22 22:28:27.372 I/notification_panel_revealed( 1451): 1
09-22 22:28:27.390 I/input_focus( 1451): [Focus request f3befb5 NotificationShade,reason=UpdateInputWindows]
09-22 22:28:27.414 I/input_focus( 1451): [Focus leaving fc61119 com.android.launcher3/com.android.launcher3.uioverrides.QuickstepLauncher (server),reason=setFocusedWindow]
09-22 22:28:27.414 I/input_focus( 1451): [Focus entering f3befb5 NotificationShade (server),reason=setFocusedWindow]
09-22 22:28:27.417 I/input_interaction( 1451): Interaction with: fc61119 com.android.launcher3/com.android.launcher3.uioverrides.QuickstepLauncher (server), a2ed885 com.android.systemui.ImageWallpaper (server), f3befb5 NotificationShade (server), edge-swipe (server), swipe-up (server), PointerEventDispatcher0 (server),
09-22 22:28:27.417 I/view_enqueue_input_event( 2392): [Motion - Cancel,com.android.launcher3/com.android.launcher3.uioverrides.QuickstepLauncher]
09-22 22:28:27.420 I/sysui_multi_action( 1803): [757,803,799,panel_open,802,1]
09-22 22:28:27.421 I/sysui_multi_action( 1803): [757,1328,758,4,1326,49,1327,18,1329,0]
09-22 22:28:27.430 I/input_interaction( 1451): Interaction with: a2ed885 com.android.systemui.ImageWallpaper (server), f3befb5 NotificationShade (server), edge-swipe (server), swipe-up (server), PointerEventDispatcher0 (server),
09-22 22:28:27.447 I/notification_enqueue( 1451): [10081,1803,com.android.systemui,2048,NULL,0,Notification(channel=updateNotification shortcut=null contentView=null vibrate=null sound=null defaults=0x0 flags=0x0 color=0x00000000 vis=PRIVATE),1]
09-22 22:28:27.447 I/sysui_multi_action( 1803): [757,111,758,2]
09-22 22:28:27.447 I/sysui_multi_action( 1803): [757,111,758,2]
09-22 22:28:27.458 I/sysui_multi_action( 1803): [757,111,758,1]
09-22 22:28:27.458 I/sysui_multi_action( 1803): [757,126,758,1,759,126,927,0,928,0,1593,0]
09-22 22:28:27.458 I/sysui_multi_action( 1803): [757,113,758,1,759,113,927,1,928,1,1593,0]
09-22 22:28:27.459 I/sysui_multi_action( 1803): [757,0,758,1,759,0,927,2,928,0,1593,0]
09-22 22:28:27.459 I/sysui_multi_action( 1803): [757,0,758,1,759,0,927,3,928,0,1593,0]
09-22 22:28:27.459 I/sysui_multi_action( 1803): [757,1706,758,1,759,1706,927,4,928,0,1593,0]
09-22 22:28:27.459 I/sysui_multi_action( 1803): [757,491,758,1,759,491,927,5,928,0,1311,-1,1593,0]
09-22 22:28:27.460 I/sysui_multi_action( 1803): [757,0,758,1,759,0,927,6,928,0,1593,0]
09-22 22:28:27.460 I/sysui_multi_action( 1803): [757,111,758,1]
09-22 22:28:27.460 I/sysui_multi_action( 1803): [757,126,758,1,759,126,927,0,928,0,1593,0]
09-22 22:28:27.460 I/sysui_multi_action( 1803): [757,113,758,1,759,113,927,1,928,1,1593,0]
09-22 22:28:27.460 I/sysui_multi_action( 1803): [757,0,758,1,759,0,927,2,928,0,1593,0]
09-22 22:28:27.460 I/sysui_multi_action( 1803): [757,0,758,1,759,0,927,3,928,0,1593,0]
09-22 22:28:27.484 I/sysui_multi_action( 1803): [757,111,758,2]
09-22 22:28:27.484 I/sysui_multi_action( 1803): [757,111,758,2]
09-22 22:28:27.485 I/notification_enqueue( 1451): [10081,1803,com.android.systemui,2048,NULL,0,Notification(channel=updateNotification shortcut=null contentView=null vibrate=null sound=null defaults=0x0 flags=0x0 color=0x00000000 vis=PRIVATE),1]
09-22 22:28:27.492 I/sysui_multi_action( 1803): [757,111,758,1]
09-22 22:28:27.492 I/sysui_multi_action( 1803): [757,126,758,1,759,126,927,0,928,0,1593,0]
09-22 22:28:27.492 I/sysui_multi_action( 1803): [757,113,758,1,759,113,927,1,928,1,1593,0]
09-22 22:28:27.492 I/sysui_multi_action( 1803): [757,0,758,1,759,0,927,2,928,0,1593,0]
09-22 22:28:27.492 I/sysui_multi_action( 1803): [757,0,758,1,759,0,927,3,928,0,1593,0]
09-22 22:28:27.492 I/sysui_multi_action( 1803): [757,1706,758,1,759,1706,927,4,928,0,1593,0]
09-22 22:28:27.493 I/sysui_multi_action( 1803): [757,491,758,1,759,491,927,5,928,0,1311,-1,1593,0]
09-22 22:28:27.493 I/sysui_multi_action( 1803): [757,0,758,1,759,0,927,6,928,0,1593,0]
09-22 22:28:27.493 I/sysui_multi_action( 1803): [757,111,758,1]
09-22 22:28:27.493 I/sysui_multi_action( 1803): [757,126,758,1,759,126,927,0,928,0,1593,0]
09-22 22:28:27.493 I/sysui_multi_action( 1803): [757,113,758,1,759,113,927,1,928,1,1593,0]
09-22 22:28:27.493 I/sysui_multi_action( 1803): [757,0,758,1,759,0,927,2,928,0,1593,0]
09-22 22:28:27.493 I/sysui_multi_action( 1803): [757,0,758,1,759,0,927,3,928,0,1593,0]
09-22 22:28:27.512 I/sysui_multi_action( 1803): [757,111,758,2]
09-22 22:28:27.512 I/notification_enqueue( 1451): [10081,1803,com.android.systemui,2048,NULL,0,Notification(channel=updateNotification shortcut=null contentView=null vibrate=null sound=null defaults=0x0 flags=0x0 color=0x00000000 vis=PRIVATE),1]
09-22 22:28:27.512 I/sysui_multi_action( 1803): [757,111,758,2]
09-22 22:28:27.517 I/sysui_multi_action( 1803): [757,111,758,1]
09-22 22:28:27.518 I/sysui_multi_action( 1803): [757,126,758,1,759,126,927,0,928,0,1593,0]
09-22 22:28:27.518 I/sysui_multi_action( 1803): [757,113,758,1,759,113,927,1,928,1,1593,0]
09-22 22:28:27.518 I/sysui_multi_action( 1803): [757,0,758,1,759,0,927,2,928,0,1593,0]
09-22 22:28:27.518 I/sysui_multi_action( 1803): [757,0,758,1,759,0,927,3,928,0,1593,0]
09-22 22:28:27.518 I/sysui_multi_action( 1803): [757,1706,758,1,759,1706,927,4,928,0,1593,0]
09-22 22:28:27.518 I/sysui_multi_action( 1803): [757,491,758,1,759,491,927,5,928,0,1311,-1,1593,0]
09-22 22:28:27.518 I/sysui_multi_action( 1803): [757,0,758,1,759,0,927,6,928,0,1593,0]
09-22 22:28:27.518 I/sysui_multi_action( 1803): [757,111,758,1]
09-22 22:28:27.518 I/sysui_multi_action( 1803): [757,126,758,1,759,126,927,0,928,0,1593,0]
09-22 22:28:27.518 I/sysui_multi_action( 1803): [757,113,758,1,759,113,927,1,928,1,1593,0]
09-22 22:28:27.518 I/sysui_multi_action( 1803): [757,0,758,1,759,0,927,2,928,0,1593,0]
09-22 22:28:27.519 I/sysui_multi_action( 1803): [757,0,758,1,759,0,927,3,928,0,1593,0]
09-22 22:28:27.534 I/sysui_multi_action( 1803): [757,111,758,2]
09-22 22:28:27.534 I/sysui_multi_action( 1803): [757,111,758,2]
09-22 22:28:27.535 I/notification_enqueue( 1451): [10081,1803,com.android.systemui,2048,NULL,0,Notification(channel=updateNotification shortcut=null contentView=null vibrate=null sound=null defaults=0x0 flags=0x0 color=0x00000000 vis=PRIVATE),1]
09-22 22:28:27.539 I/sysui_multi_action( 1803): [757,111,758,1]
09-22 22:28:27.539 I/sysui_multi_action( 1803): [757,126,758,1,759,126,927,0,928,0,1593,0]
09-22 22:28:27.539 I/sysui_multi_action( 1803): [757,113,758,1,759,113,927,1,928,1,1593,0]
09-22 22:28:27.539 I/sysui_multi_action( 1803): [757,0,758,1,759,0,927,2,928,0,1593,0]
09-22 22:28:27.539 I/sysui_multi_action( 1803): [757,0,758,1,759,0,927,3,928,0,1593,0]
09-22 22:28:27.540 I/sysui_multi_action( 1803): [757,1706,758,1,759,1706,927,4,928,0,1593,0]
09-22 22:28:27.540 I/sysui_multi_action( 1803): [757,491,758,1,759,491,927,5,928,0,1311,-1,1593,0]
09-22 22:28:27.540 I/sysui_multi_action( 1803): [757,0,758,1,759,0,927,6,928,0,1593,0]
09-22 22:28:27.540 I/sysui_multi_action( 1803): [757,111,758,1]
09-22 22:28:27.540 I/sysui_multi_action( 1803): [757,126,758,1,759,126,927,0,928,0,1593,0]
09-22 22:28:27.540 I/sysui_multi_action( 1803): [757,113,758,1,759,113,927,1,928,1,1593,0]
09-22 22:28:27.540 I/sysui_multi_action( 1803): [757,0,758,1,759,0,927,2,928,0,1593,0]
09-22 22:28:27.540 I/sysui_multi_action( 1803): [757,0,758,1,759,0,927,3,928,0,1593,0]
09-22 22:28:27.560 I/sysui_multi_action( 1803): [757,111,758,2]
09-22 22:28:27.560 I/sysui_multi_action( 1803): [757,111,758,2]
09-22 22:28:27.560 I/notification_enqueue( 1451): [10081,1803,com.android.systemui,2048,NULL,0,Notification(channel=updateNotification shortcut=null contentView=null vibrate=null sound=null defaults=0x0 flags=0x0 color=0x00000000 vis=PRIVATE),1]
09-22 22:28:27.564 I/sysui_multi_action( 1803): [757,111,758,1]
09-22 22:28:27.564 I/sysui_multi_action( 1803): [757,126,758,1,759,126,927,0,928,0,1593,0]
09-22 22:28:27.564 I/sysui_multi_action( 1803): [757,113,758,1,759,113,927,1,928,1,1593,0]
09-22 22:28:27.564 I/sysui_multi_action( 1803): [757,0,758,1,759,0,927,2,928,0,1593,0]
09-22 22:28:27.564 I/sysui_multi_action( 1803): [757,0,758,1,759,0,927,3,928,0,1593,0]
09-22 22:28:27.564 I/sysui_multi_action( 1803): [757,1706,758,1,759,1706,927,4,928,0,1593,0]
09-22 22:28:27.564 I/sysui_multi_action( 1803): [757,491,758,1,759,491,927,5,928,0,1311,-1,1593,0]
09-22 22:28:27.564 I/sysui_multi_action( 1803): [757,0,758,1,759,0,927,6,928,0,1593,0]
09-22 22:28:27.564 I/sysui_multi_action( 1803): [757,111,758,1]
09-22 22:28:27.564 I/sysui_multi_action( 1803): [757,126,758,1,759,126,927,0,928,0,1593,0]
09-22 22:28:27.564 I/sysui_multi_action( 1803): [757,113,758,1,759,113,927,1,928,1,1593,0]
09-22 22:28:27.564 I/sysui_multi_action( 1803): [757,0,758,1,759,0,927,2,928,0,1593,0]
09-22 22:28:27.564 I/sysui_multi_action( 1803): [757,0,758,1,759,0,927,3,928,0,1593,0]
09-22 22:28:27.578 I/sysui_multi_action( 1803): [757,111,758,2]
09-22 22:28:27.578 I/sysui_multi_action( 1803): [757,111,758,2]
09-22 22:28:27.578 I/notification_enqueue( 1451): [10081,1803,com.android.systemui,2048,NULL,0,Notification(channel=updateNotification shortcut=null contentView=null vibrate=null sound=null defaults=0x0 flags=0x0 color=0x00000000 vis=PRIVATE),1]
09-22 22:28:27.582 I/sysui_multi_action( 1803): [757,111,758,1]
09-22 22:28:27.582 I/sysui_multi_action( 1803): [757,126,758,1,759,126,927,0,928,0,1593,0]
09-22 22:28:27.582 I/sysui_multi_action( 1803): [757,113,758,1,759,113,927,1,928,1,1593,0]
09-22 22:28:27.582 I/sysui_multi_action( 1803): [757,0,758,1,759,0,927,2,928,0,1593,0]
09-22 22:28:27.582 I/sysui_multi_action( 1803): [757,0,758,1,759,0,927,3,928,0,1593,0]
09-22 22:28:27.582 I/sysui_multi_action( 1803): [757,1706,758,1,759,1706,927,4,928,0,1593,0]
09-22 22:28:27.582 I/sysui_multi_action( 1803): [757,491,758,1,759,491,927,5,928,0,1311,-1,1593,0]
09-22 22:28:27.582 I/sysui_multi_action( 1803): [757,0,758,1,759,0,927,6,928,0,1593,0]
09-22 22:28:27.583 I/sysui_multi_action( 1803): [757,111,758,1]
09-22 22:28:27.583 I/sysui_multi_action( 1803): [757,126,758,1,759,126,927,0,928,0,1593,0]
09-22 22:28:27.583 I/sysui_multi_action( 1803): [757,113,758,1,759,113,927,1,928,1,1593,0]
09-22 22:28:27.583 I/sysui_multi_action( 1803): [757,0,758,1,759,0,927,2,928,0,1593,0]
09-22 22:28:27.583 I/sysui_multi_action( 1803): [757,0,758,1,759,0,927,3,928,0,1593,0]
09-22 22:28:27.597 I/sysui_multi_action( 1803): [757,111,758,2]
09-22 22:28:27.597 I/sysui_multi_action( 1803): [757,111,758,2]
09-22 22:28:27.597 I/notification_enqueue( 1451): [10081,1803,com.android.systemui,2048,NULL,0,Notification(channel=updateNotification shortcut=null contentView=null vibrate=null sound=null defaults=0x0 flags=0x0 color=0x00000000 vis=PRIVATE),1]
09-22 22:28:27.601 I/sysui_multi_action( 1803): [757,111,758,1]
09-22 22:28:27.601 I/sysui_multi_action( 1803): [757,126,758,1,759,126,927,0,928,0,1593,0]
09-22 22:28:27.601 I/sysui_multi_action( 1803): [757,113,758,1,759,113,927,1,928,1,1593,0]
09-22 22:28:27.601 I/sysui_multi_action( 1803): [757,0,758,1,759,0,927,2,928,0,1593,0]
09-22 22:28:27.601 I/sysui_multi_action( 1803): [757,0,758,1,759,0,927,3,928,0,1593,0]
09-22 22:28:27.601 I/sysui_multi_action( 1803): [757,1706,758,1,759,1706,927,4,928,0,1593,0]
09-22 22:28:27.601 I/sysui_multi_action( 1803): [757,491,758,1,759,491,927,5,928,0,1311,-1,1593,0]
09-22 22:28:27.601 I/sysui_multi_action( 1803): [757,0,758,1,759,0,927,6,928,0,1593,0]
09-22 22:28:27.601 I/sysui_multi_action( 1803): [757,111,758,1]
09-22 22:28:27.602 I/sysui_multi_action( 1803): [757,126,758,1,759,126,927,0,928,0,1593,0]
09-22 22:28:27.602 I/sysui_multi_action( 1803): [757,113,758,1,759,113,927,1,928,1,1593,0]
09-22 22:28:27.602 I/sysui_multi_action( 1803): [757,0,758,1,759,0,927,2,928,0,1593,0]
09-22 22:28:27.602 I/sysui_multi_action( 1803): [757,0,758,1,759,0,927,3,928,0,1593,0]
09-22 22:28:27.613 I/sysui_multi_action( 1803): [757,111,758,2]
09-22 22:28:27.613 I/sysui_multi_action( 1803): [757,111,758,2]
09-22 22:28:27.613 I/notification_enqueue( 1451): [10081,1803,com.android.systemui,2048,NULL,0,Notification(channel=updateNotification shortcut=null contentView=null vibrate=null sound=null defaults=0x0 flags=0x0 color=0x00000000 vis=PRIVATE),1]
09-22 22:28:27.617 I/sysui_multi_action( 1803): [757,111,758,1]
09-22 22:28:27.617 I/sysui_multi_action( 1803): [757,126,758,1,759,126,927,0,928,0,1593,0]
09-22 22:28:27.617 I/sysui_multi_action( 1803): [757,113,758,1,759,113,927,1,928,1,1593,0]
09-22 22:28:27.617 I/sysui_multi_action( 1803): [757,0,758,1,759,0,927,2,928,0,1593,0]
09-22 22:28:27.617 I/sysui_multi_action( 1803): [757,0,758,1,759,0,927,3,928,0,1593,0]
09-22 22:28:27.617 I/sysui_multi_action( 1803): [757,1706,758,1,759,1706,927,4,928,0,1593,0]
09-22 22:28:27.617 I/sysui_multi_action( 1803): [757,491,758,1,759,491,927,5,928,0,1311,-1,1593,0]
09-22 22:28:27.617 I/sysui_multi_action( 1803): [757,0,758,1,759,0,927,6,928,0,1593,0]
09-22 22:28:27.617 I/sysui_multi_action( 1803): [757,111,758,1]
09-22 22:28:27.617 I/sysui_multi_action( 1803): [757,126,758,1,759,126,927,0,928,0,1593,0]
09-22 22:28:27.618 I/sysui_multi_action( 1803): [757,113,758,1,759,113,927,1,928,1,1593,0]
09-22 22:28:27.618 I/sysui_multi_action( 1803): [757,0,758,1,759,0,927,2,928,0,1593,0]
09-22 22:28:27.618 I/sysui_multi_action( 1803): [757,0,758,1,759,0,927,3,928,0,1593,0]
09-22 22:28:27.651 I/sysui_multi_action( 1451): [757,1501,758,1,793,46486,794,0,795,205,796,2048,806,com.android.systemui,857,updateNotification,858,3,947,0,1500,0,1688,1]
09-22 22:28:27.651 I/sysui_multi_action( 1451): [757,804,799,note_interruptive,801,0,802,1]
09-22 22:28:27.651 I/sysui_multi_action( 1451): [757,199,758,1,759,2,793,46486,794,0,795,205,796,2048,806,com.android.systemui,857,updateNotification,858,3,947,0,1500,0,1688,1]
09-22 22:28:27.651 I/notification_alert( 1451): [0|com.android.systemui|2048|null|10081,0,1,0]
09-22 22:28:27.652 W/NotificationHistory( 1451): Attempted to add notif for locked/gone/disabled user 0
09-22 22:28:27.686 E/NotificationService( 1451): Muting recently noisy 0|com.android.systemui|2048|null|10081
09-22 22:28:27.720 E/NotificationService( 1451): Muting recently noisy 0|com.android.systemui|2048|null|10081
09-22 22:28:27.736 E/NotificationService( 1451): Muting recently noisy 0|com.android.systemui|2048|null|10081
09-22 22:28:27.761 E/NotificationService( 1451): Muting recently noisy 0|com.android.systemui|2048|null|10081
09-22 22:28:27.780 E/NotificationService( 1451): Muting recently noisy 0|com.android.systemui|2048|null|10081
09-22 22:28:27.799 E/NotificationService( 1451): Muting recently noisy 0|com.android.systemui|2048|null|10081
09-22 22:28:27.815 E/NotificationService( 1451): Muting recently noisy 0|com.android.systemui|2048|null|10081
09-22 22:28:27.922 I/sysui_multi_action( 1451): [757,128,758,1,793,101688,794,0,795,101688,796,32,798,0,806,android,857,USB,858,1,947,0,1395,1,1500,101477,1688,1]
09-22 22:28:27.922 I/sysui_multi_action( 1451): [757,804,799,note_freshness,801,101688,802,1]
09-22 22:28:27.923 I/notification_visibility( 1451): [-1|android|32|null|1000,1,101688,101688,0,0]
09-22 22:28:31.851 F/linker ( 3966): CANNOT LINK EXECUTABLE "/vendor/bin/hw/qvrservice": library "vendor.qti.hardware.qxr-V1-ndk_platform.so" not found: needed by /vendor/lib64/libqvrservice.so in namespace (default)
09-22 22:28:31.851 F/linker ( 3967): CANNOT LINK EXECUTABLE "/vendor/bin/hw/sxrservice": library "vendor.qti.hardware.qxr-V1-ndk_platform.so" not found: needed by main executable
09-22 22:28:32.364 I/input_interaction( 1451): Interaction with: f3befb5 NotificationShade (server), edge-swipe (server), swipe-up (server), PointerEventDispatcher0 (server),
09-22 22:28:32.402 I/input_interaction( 1451): Interaction with: edge-swipe (server), swipe-up (server), PointerEventDispatcher0 (server),
09-22 22:28:32.402 I/view_enqueue_input_event( 1803): [Motion - Cancel,NotificationShade]
09-22 22:28:33.487 I/input_interaction( 1451): Interaction with: f3befb5 NotificationShade (server), edge-swipe (server), swipe-up (server), PointerEventDispatcher0 (server),
09-22 22:28:33.872 I/notification_enqueue( 1451): [10081,1803,com.android.systemui,2048,NULL,0,Notification(channel=updateNotification shortcut=null contentView=null vibrate=null sound=null defaults=0x0 flags=0x0 color=0x00000000 vis=PRIVATE),1]
09-22 22:28:33.873 I/sysui_multi_action( 1803): [757,111,758,2]
09-22 22:28:33.873 I/sysui_multi_action( 1803): [757,111,758,2]
09-22 22:28:33.884 I/sysui_multi_action( 1803): [757,111,758,1]
09-22 22:28:33.885 I/sysui_multi_action( 1803): [757,126,758,1,759,126,927,0,928,0,1593,1]
09-22 22:28:33.885 I/sysui_multi_action( 1803): [757,113,758,1,759,113,927,1,928,1,1593,1]
09-22 22:28:33.885 I/sysui_multi_action( 1803): [757,0,758,1,759,0,927,2,928,0,1593,1]
09-22 22:28:33.885 I/sysui_multi_action( 1803): [757,0,758,1,759,0,927,3,928,0,1593,1]
09-22 22:28:33.885 I/sysui_multi_action( 1803): [757,1706,758,1,759,1706,927,4,928,0,1593,1]
09-22 22:28:33.886 I/sysui_multi_action( 1803): [757,491,758,1,759,491,927,5,928,0,1311,-1,1593,0]
09-22 22:28:33.886 I/sysui_multi_action( 1803): [757,0,758,1,759,0,927,6,928,0,1593,0]
09-22 22:28:33.886 I/sysui_multi_action( 1803): [757,111,758,1]
09-22 22:28:33.887 I/sysui_multi_action( 1803): [757,126,758,1,759,126,927,0,928,0,1593,1]
09-22 22:28:33.887 I/sysui_multi_action( 1803): [757,113,758,1,759,113,927,1,928,1,1593,1]
09-22 22:28:33.887 I/sysui_multi_action( 1803): [757,0,758,1,759,0,927,2,928,0,1593,1]
09-22 22:28:33.887 I/sysui_multi_action( 1803): [757,0,758,1,759,0,927,3,928,0,1593,1]
09-22 22:28:33.924 I/notification_enqueue( 1451): [10081,1803,com.android.systemui,2048,NULL,0,Notification(channel=updateNotification shortcut=null contentView=null vibrate=null sound=null defaults=0x0 flags=0x0 color=0x00000000 vis=PRIVATE),1]
09-22 22:28:33.925 I/sysui_multi_action( 1803): [757,111,758,2]
09-22 22:28:33.925 I/sysui_multi_action( 1803): [757,111,758,2]
09-22 22:28:33.934 I/sysui_multi_action( 1803): [757,111,758,1]
09-22 22:28:33.934 I/sysui_multi_action( 1803): [757,126,758,1,759,126,927,0,928,0,1593,1]
09-22 22:28:33.934 I/sysui_multi_action( 1803): [757,113,758,1,759,113,927,1,928,1,1593,1]
09-22 22:28:33.934 I/sysui_multi_action( 1803): [757,0,758,1,759,0,927,2,928,0,1593,1]
09-22 22:28:33.934 I/sysui_multi_action( 1803): [757,0,758,1,759,0,927,3,928,0,1593,1]
09-22 22:28:33.935 I/sysui_multi_action( 1803): [757,1706,758,1,759,1706,927,4,928,0,1593,1]
09-22 22:28:33.935 I/sysui_multi_action( 1803): [757,491,758,1,759,491,927,5,928,0,1311,-1,1593,0]
09-22 22:28:33.935 I/sysui_multi_action( 1803): [757,0,758,1,759,0,927,6,928,0,1593,0]
09-22 22:28:33.935 I/sysui_multi_action( 1803): [757,111,758,1]
09-22 22:28:33.936 I/sysui_multi_action( 1803): [757,126,758,1,759,126,927,0,928,0,1593,1]
09-22 22:28:33.936 I/sysui_multi_action( 1803): [757,113,758,1,759,113,927,1,928,1,1593,1]
09-22 22:28:33.936 I/sysui_multi_action( 1803): [757,0,758,1,759,0,927,2,928,0,1593,1]
09-22 22:28:33.936 I/sysui_multi_action( 1803): [757,0,758,1,759,0,927,3,928,0,1593,1]
09-22 22:28:33.961 I/notification_enqueue( 1451): [10081,1803,com.android.systemui,2048,NULL,0,Notification(channel=updateNotification shortcut=null contentView=null vibrate=null sound=null defaults=0x0 flags=0x0 color=0x00000000 vis=PRIVATE),1]
09-22 22:28:33.961 I/sysui_multi_action( 1803): [757,111,758,2]
09-22 22:28:33.961 I/sysui_multi_action( 1803): [757,111,758,2]
09-22 22:28:33.966 I/sysui_multi_action( 1803): [757,111,758,1]
09-22 22:28:33.966 I/sysui_multi_action( 1803): [757,126,758,1,759,126,927,0,928,0,1593,1]
09-22 22:28:33.966 I/sysui_multi_action( 1803): [757,113,758,1,759,113,927,1,928,1,1593,1]
09-22 22:28:33.967 I/sysui_multi_action( 1803): [757,0,758,1,759,0,927,2,928,0,1593,1]
09-22 22:28:33.967 I/sysui_multi_action( 1803): [757,0,758,1,759,0,927,3,928,0,1593,1]
09-22 22:28:33.967 I/sysui_multi_action( 1803): [757,1706,758,1,759,1706,927,4,928,0,1593,1]
09-22 22:28:33.967 I/sysui_multi_action( 1803): [757,491,758,1,759,491,927,5,928,0,1311,-1,1593,0]
09-22 22:28:33.968 I/sysui_multi_action( 1803): [757,0,758,1,759,0,927,6,928,0,1593,0]
09-22 22:28:33.968 I/sysui_multi_action( 1803): [757,111,758,1]
09-22 22:28:33.968 I/sysui_multi_action( 1803): [757,126,758,1,759,126,927,0,928,0,1593,1]
09-22 22:28:33.968 I/sysui_multi_action( 1803): [757,113,758,1,759,113,927,1,928,1,1593,1]
09-22 22:28:33.968 I/sysui_multi_action( 1803): [757,0,758,1,759,0,927,2,928,0,1593,1]
09-22 22:28:33.968 I/sysui_multi_action( 1803): [757,0,758,1,759,0,927,3,928,0,1593,1]
09-22 22:28:33.983 I/sysui_multi_action( 1803): [757,111,758,2]
09-22 22:28:33.983 I/notification_enqueue( 1451): [10081,1803,com.android.systemui,2048,NULL,0,Notification(channel=updateNotification shortcut=null contentView=null vibrate=null sound=null defaults=0x0 flags=0x0 color=0x00000000 vis=PRIVATE),1]
09-22 22:28:33.983 I/sysui_multi_action( 1803): [757,111,758,2]
09-22 22:28:33.987 I/sysui_multi_action( 1803): [757,111,758,1]
09-22 22:28:33.987 I/sysui_multi_action( 1803): [757,126,758,1,759,126,927,0,928,0,1593,1]
09-22 22:28:33.987 I/sysui_multi_action( 1803): [757,113,758,1,759,113,927,1,928,1,1593,1]
09-22 22:28:33.987 I/sysui_multi_action( 1803): [757,0,758,1,759,0,927,2,928,0,1593,1]
09-22 22:28:33.987 I/sysui_multi_action( 1803): [757,0,758,1,759,0,927,3,928,0,1593,1]
09-22 22:28:33.987 I/sysui_multi_action( 1803): [757,1706,758,1,759,1706,927,4,928,0,1593,1]
09-22 22:28:33.987 I/sysui_multi_action( 1803): [757,491,758,1,759,491,927,5,928,0,1311,-1,1593,0]
09-22 22:28:33.987 I/sysui_multi_action( 1803): [757,0,758,1,759,0,927,6,928,0,1593,0]
09-22 22:28:33.988 I/sysui_multi_action( 1803): [757,111,758,1]
09-22 22:28:33.988 I/sysui_multi_action( 1803): [757,126,758,1,759,126,927,0,928,0,1593,1]
09-22 22:28:33.988 I/sysui_multi_action( 1803): [757,113,758,1,759,113,927,1,928,1,1593,1]
09-22 22:28:33.988 I/sysui_multi_action( 1803): [757,0,758,1,759,0,927,2,928,0,1593,1]
09-22 22:28:33.988 I/sysui_multi_action( 1803): [757,0,758,1,759,0,927,3,928,0,1593,1]
09-22 22:28:34.001 I/sysui_multi_action( 1803): [757,111,758,2]
09-22 22:28:34.001 I/notification_enqueue( 1451): [10081,1803,com.android.systemui,2048,NULL,0,Notification(channel=updateNotification shortcut=null contentView=null vibrate=null sound=null defaults=0x0 flags=0x0 color=0x00000000 vis=PRIVATE),1]
09-22 22:28:34.001 I/sysui_multi_action( 1803): [757,111,758,2]
09-22 22:28:34.004 I/sysui_multi_action( 1803): [757,111,758,1]
09-22 22:28:34.004 I/sysui_multi_action( 1803): [757,126,758,1,759,126,927,0,928,0,1593,1]
09-22 22:28:34.004 I/sysui_multi_action( 1803): [757,113,758,1,759,113,927,1,928,1,1593,1]
09-22 22:28:34.004 I/sysui_multi_action( 1803): [757,0,758,1,759,0,927,2,928,0,1593,1]
09-22 22:28:34.004 I/sysui_multi_action( 1803): [757,0,758,1,759,0,927,3,928,0,1593,1]
09-22 22:28:34.004 I/sysui_multi_action( 1803): [757,1706,758,1,759,1706,927,4,928,0,1593,1]
09-22 22:28:34.005 I/sysui_multi_action( 1803): [757,491,758,1,759,491,927,5,928,0,1311,-1,1593,0]
09-22 22:28:34.005 I/sysui_multi_action( 1803): [757,0,758,1,759,0,927,6,928,0,1593,0]
09-22 22:28:34.005 I/sysui_multi_action( 1803): [757,111,758,1]
09-22 22:28:34.005 I/sysui_multi_action( 1803): [757,126,758,1,759,126,927,0,928,0,1593,1]
09-22 22:28:34.005 I/sysui_multi_action( 1803): [757,113,758,1,759,113,927,1,928,1,1593,1]
09-22 22:28:34.005 I/sysui_multi_action( 1803): [757,0,758,1,759,0,927,2,928,0,1593,1]
09-22 22:28:34.005 I/sysui_multi_action( 1803): [757,0,758,1,759,0,927,3,928,0,1593,1]
09-22 22:28:34.016 I/sysui_multi_action( 1803): [757,111,758,2]
09-22 22:28:34.016 I/notification_enqueue( 1451): [10081,1803,com.android.systemui,2048,NULL,0,Notification(channel=updateNotification shortcut=null contentView=null vibrate=null sound=null defaults=0x0 flags=0x0 color=0x00000000 vis=PRIVATE),1]
09-22 22:28:34.016 I/sysui_multi_action( 1803): [757,111,758,2]
09-22 22:28:34.020 I/sysui_multi_action( 1803): [757,111,758,1]
09-22 22:28:34.020 I/sysui_multi_action( 1803): [757,126,758,1,759,126,927,0,928,0,1593,0]
09-22 22:28:34.020 I/sysui_multi_action( 1803): [757,113,758,1,759,113,927,1,928,1,1593,0]
09-22 22:28:34.020 I/sysui_multi_action( 1803): [757,0,758,1,759,0,927,2,928,0,1593,0]
09-22 22:28:34.020 I/sysui_multi_action( 1803): [757,0,758,1,759,0,927,3,928,0,1593,0]
09-22 22:28:34.020 I/sysui_multi_action( 1803): [757,1706,758,1,759,1706,927,4,928,0,1593,0]
09-22 22:28:34.020 I/sysui_multi_action( 1803): [757,491,758,1,759,491,927,5,928,0,1311,-1,1593,0]
09-22 22:28:34.020 I/sysui_multi_action( 1803): [757,0,758,1,759,0,927,6,928,0,1593,0]
09-22 22:28:34.020 I/sysui_multi_action( 1803): [757,111,758,1]
09-22 22:28:34.020 I/sysui_multi_action( 1803): [757,126,758,1,759,126,927,0,928,0,1593,0]
09-22 22:28:34.020 I/sysui_multi_action( 1803): [757,113,758,1,759,113,927,1,928,1,1593,0]
09-22 22:28:34.020 I/sysui_multi_action( 1803): [757,0,758,1,759,0,927,2,928,0,1593,0]
09-22 22:28:34.020 I/sysui_multi_action( 1803): [757,0,758,1,759,0,927,3,928,0,1593,0]
09-22 22:28:34.031 I/sysui_multi_action( 1803): [757,111,758,2]
09-22 22:28:34.031 I/notification_enqueue( 1451): [10081,1803,com.android.systemui,2048,NULL,0,Notification(channel=updateNotification shortcut=null contentView=null vibrate=null sound=null defaults=0x0 flags=0x0 color=0x00000000 vis=PRIVATE),1]
09-22 22:28:34.032 I/sysui_multi_action( 1803): [757,111,758,2]
09-22 22:28:34.035 I/sysui_multi_action( 1803): [757,111,758,1]
09-22 22:28:34.035 I/sysui_multi_action( 1803): [757,126,758,1,759,126,927,0,928,0,1593,1]
09-22 22:28:34.035 I/sysui_multi_action( 1803): [757,113,758,1,759,113,927,1,928,1,1593,1]
09-22 22:28:34.035 I/sysui_multi_action( 1803): [757,0,758,1,759,0,927,2,928,0,1593,1]
09-22 22:28:34.035 I/sysui_multi_action( 1803): [757,0,758,1,759,0,927,3,928,0,1593,1]
09-22 22:28:34.035 I/sysui_multi_action( 1803): [757,1706,758,1,759,1706,927,4,928,0,1593,1]
09-22 22:28:34.035 I/sysui_multi_action( 1803): [757,491,758,1,759,491,927,5,928,0,1311,-1,1593,0]
09-22 22:28:34.036 I/sysui_multi_action( 1803): [757,0,758,1,759,0,927,6,928,0,1593,0]
09-22 22:28:34.036 I/sysui_multi_action( 1803): [757,111,758,1]
09-22 22:28:34.036 I/sysui_multi_action( 1803): [757,126,758,1,759,126,927,0,928,0,1593,1]
09-22 22:28:34.036 I/sysui_multi_action( 1803): [757,113,758,1,759,113,927,1,928,1,1593,1]
09-22 22:28:34.036 I/sysui_multi_action( 1803): [757,0,758,1,759,0,927,2,928,0,1593,1]
09-22 22:28:34.036 I/sysui_multi_action( 1803): [757,0,758,1,759,0,927,3,928,0,1593,1]
09-22 22:28:34.046 I/sysui_multi_action( 1803): [757,111,758,2]
09-22 22:28:34.046 I/notification_enqueue( 1451): [10081,1803,com.android.systemui,2048,NULL,0,Notification(channel=updateNotification shortcut=null contentView=null vibrate=null sound=null defaults=0x0 flags=0x0 color=0x00000000 vis=PRIVATE),1]
09-22 22:28:34.047 I/sysui_multi_action( 1803): [757,111,758,2]
09-22 22:28:34.050 I/sysui_multi_action( 1803): [757,111,758,1]
09-22 22:28:34.050 I/sysui_multi_action( 1803): [757,126,758,1,759,126,927,0,928,0,1593,1]
09-22 22:28:34.050 I/sysui_multi_action( 1803): [757,113,758,1,759,113,927,1,928,1,1593,1]
09-22 22:28:34.050 I/sysui_multi_action( 1803): [757,0,758,1,759,0,927,2,928,0,1593,1]
09-22 22:28:34.050 I/sysui_multi_action( 1803): [757,0,758,1,759,0,927,3,928,0,1593,1]
09-22 22:28:34.050 I/sysui_multi_action( 1803): [757,1706,758,1,759,1706,927,4,928,0,1593,1]
09-22 22:28:34.050 I/sysui_multi_action( 1803): [757,491,758,1,759,491,927,5,928,0,1311,-1,1593,0]
09-22 22:28:34.051 I/sysui_multi_action( 1803): [757,0,758,1,759,0,927,6,928,0,1593,0]
09-22 22:28:34.051 I/sysui_multi_action( 1803): [757,111,758,1]
09-22 22:28:34.051 I/sysui_multi_action( 1803): [757,126,758,1,759,126,927,0,928,0,1593,1]
09-22 22:28:34.051 I/sysui_multi_action( 1803): [757,113,758,1,759,113,927,1,928,1,1593,1]
09-22 22:28:34.051 I/sysui_multi_action( 1803): [757,0,758,1,759,0,927,2,928,0,1593,1]
09-22 22:28:34.051 I/sysui_multi_action( 1803): [757,0,758,1,759,0,927,3,928,0,1593,1]
09-22 22:28:34.062 I/sysui_multi_action( 1803): [757,111,758,2]
09-22 22:28:34.062 I/notification_enqueue( 1451): [10081,1803,com.android.systemui,2048,NULL,0,Notification(channel=updateNotification shortcut=null contentView=null vibrate=null sound=null defaults=0x0 flags=0x0 color=0x00000000 vis=PRIVATE),1]
09-22 22:28:34.062 I/sysui_multi_action( 1803): [757,111,758,2]
09-22 22:28:34.066 I/sysui_multi_action( 1803): [757,111,758,1]
09-22 22:28:34.066 I/sysui_multi_action( 1803): [757,126,758,1,759,126,927,0,928,0,1593,1]
09-22 22:28:34.066 I/sysui_multi_action( 1803): [757,113,758,1,759,113,927,1,928,1,1593,1]
09-22 22:28:34.066 I/sysui_multi_action( 1803): [757,0,758,1,759,0,927,2,928,0,1593,1]
09-22 22:28:34.066 I/sysui_multi_action( 1803): [757,0,758,1,759,0,927,3,928,0,1593,1]
09-22 22:28:34.066 I/sysui_multi_action( 1803): [757,1706,758,1,759,1706,927,4,928,0,1593,1]
09-22 22:28:34.066 I/sysui_multi_action( 1803): [757,491,758,1,759,491,927,5,928,0,1311,-1,1593,0]
09-22 22:28:34.066 I/sysui_multi_action( 1803): [757,0,758,1,759,0,927,6,928,0,1593,0]
09-22 22:28:34.066 I/sysui_multi_action( 1803): [757,111,758,1]
09-22 22:28:34.066 I/sysui_multi_action( 1803): [757,126,758,1,759,126,927,0,928,0,1593,1]
09-22 22:28:34.066 I/sysui_multi_action( 1803): [757,113,758,1,759,113,927,1,928,1,1593,1]
09-22 22:28:34.066 I/sysui_multi_action( 1803): [757,0,758,1,759,0,927,2,928,0,1593,1]
09-22 22:28:34.066 I/sysui_multi_action( 1803): [757,0,758,1,759,0,927,3,928,0,1593,1]
09-22 22:28:34.074 I/sysui_multi_action( 1451): [757,1501,758,1,793,52909,794,0,795,203,796,2048,806,com.android.systemui,857,updateNotification,858,3,947,0,1500,0,1688,1]
09-22 22:28:34.074 I/sysui_multi_action( 1451): [757,804,799,note_interruptive,801,0,802,1]
09-22 22:28:34.074 I/sysui_multi_action( 1451): [757,199,758,1,759,2,793,52909,794,0,795,203,796,2048,806,com.android.systemui,857,updateNotification,858,3,947,0,1500,0,1688,1]
09-22 22:28:34.074 I/notification_alert( 1451): [0|com.android.systemui|2048|null|10081,0,1,0]
09-22 22:28:34.075 W/NotificationHistory( 1451): Attempted to add notif for locked/gone/disabled user 0
09-22 22:28:34.078 I/sysui_multi_action( 1803): [757,111,758,2]
09-22 22:28:34.078 I/notification_enqueue( 1451): [10081,1803,com.android.systemui,2048,NULL,0,Notification(channel=updateNotification shortcut=null contentView=null vibrate=null sound=null defaults=0x0 flags=0x0 color=0x00000000 vis=PRIVATE),1]
09-22 22:28:34.078 I/sysui_multi_action( 1803): [757,111,758,2]
09-22 22:28:34.082 I/sysui_multi_action( 1803): [757,111,758,1]
09-22 22:28:34.082 I/sysui_multi_action( 1803): [757,126,758,1,759,126,927,0,928,0,1593,1]
09-22 22:28:34.082 I/sysui_multi_action( 1803): [757,113,758,1,759,113,927,1,928,1,1593,1]
09-22 22:28:34.082 I/sysui_multi_action( 1803): [757,0,758,1,759,0,927,2,928,0,1593,1]
09-22 22:28:34.082 I/sysui_multi_action( 1803): [757,0,758,1,759,0,927,3,928,0,1593,1]
09-22 22:28:34.082 I/sysui_multi_action( 1803): [757,1706,758,1,759,1706,927,4,928,0,1593,1]
09-22 22:28:34.082 I/sysui_multi_action( 1803): [757,491,758,1,759,491,927,5,928,0,1311,-1,1593,0]
09-22 22:28:34.082 I/sysui_multi_action( 1803): [757,0,758,1,759,0,927,6,928,0,1593,0]
09-22 22:28:34.082 I/sysui_multi_action( 1803): [757,111,758,1]
09-22 22:28:34.082 I/sysui_multi_action( 1803): [757,126,758,1,759,126,927,0,928,0,1593,1]
09-22 22:28:34.082 I/sysui_multi_action( 1803): [757,113,758,1,759,113,927,1,928,1,1593,1]
09-22 22:28:34.082 I/sysui_multi_action( 1803): [757,0,758,1,759,0,927,2,928,0,1593,1]
09-22 22:28:34.082 I/sysui_multi_action( 1803): [757,0,758,1,759,0,927,3,928,0,1593,1]
09-22 22:28:34.095 I/sysui_multi_action( 1803): [757,111,758,2]
09-22 22:28:34.095 I/notification_enqueue( 1451): [10081,1803,com.android.systemui,2048,NULL,0,Notification(channel=updateNotification shortcut=null contentView=null vibrate=null sound=null defaults=0x0 flags=0x0 color=0x00000000 vis=PRIVATE),1]
09-22 22:28:34.095 I/sysui_multi_action( 1803): [757,111,758,2]
09-22 22:28:34.098 I/sysui_multi_action( 1803): [757,111,758,1]
09-22 22:28:34.098 I/sysui_multi_action( 1803): [757,126,758,1,759,126,927,0,928,0,1593,0]
09-22 22:28:34.099 I/sysui_multi_action( 1803): [757,113,758,1,759,113,927,1,928,1,1593,0]
09-22 22:28:34.099 I/sysui_multi_action( 1803): [757,0,758,1,759,0,927,2,928,0,1593,0]
09-22 22:28:34.099 I/sysui_multi_action( 1803): [757,0,758,1,759,0,927,3,928,0,1593,0]
09-22 22:28:34.099 I/sysui_multi_action( 1803): [757,1706,758,1,759,1706,927,4,928,0,1593,0]
09-22 22:28:34.099 I/sysui_multi_action( 1803): [757,491,758,1,759,491,927,5,928,0,1311,-1,1593,0]
09-22 22:28:34.099 I/sysui_multi_action( 1803): [757,0,758,1,759,0,927,6,928,0,1593,0]
09-22 22:28:34.099 I/sysui_multi_action( 1803): [757,111,758,1]
09-22 22:28:34.099 I/sysui_multi_action( 1803): [757,126,758,1,759,126,927,0,928,0,1593,1]
09-22 22:28:34.099 I/sysui_multi_action( 1803): [757,113,758,1,759,113,927,1,928,1,1593,1]
09-22 22:28:34.099 I/sysui_multi_action( 1803): [757,0,758,1,759,0,927,2,928,0,1593,1]
09-22 22:28:34.099 I/sysui_multi_action( 1803): [757,0,758,1,759,0,927,3,928,0,1593,1]
09-22 22:28:34.111 I/sysui_multi_action( 1451): [757,128,758,2,793,107877,794,6189,795,107877,796,32,798,0,806,android,857,USB,858,1,947,0,1395,1,1500,107666,1688,1]
09-22 22:28:34.111 I/notification_visibility( 1451): [-1|android|32|null|1000,0,107877,107877,0,0]
09-22 22:28:34.112 I/notification_enqueue( 1451): [10081,1803,com.android.systemui,2048,NULL,0,Notification(channel=updateNotification shortcut=null contentView=null vibrate=null sound=null defaults=0x0 flags=0x0 color=0x00000000 vis=PRIVATE),1]
09-22 22:28:34.112 I/sysui_multi_action( 1803): [757,111,758,2]
09-22 22:28:34.112 I/sysui_multi_action( 1803): [757,111,758,2]
09-22 22:28:34.116 I/sysui_multi_action( 1803): [757,111,758,1]
09-22 22:28:34.116 I/sysui_multi_action( 1803): [757,126,758,1,759,126,927,0,928,0,1593,1]
09-22 22:28:34.116 I/sysui_multi_action( 1803): [757,113,758,1,759,113,927,1,928,1,1593,1]
09-22 22:28:34.116 I/sysui_multi_action( 1803): [757,0,758,1,759,0,927,2,928,0,1593,1]
09-22 22:28:34.116 I/sysui_multi_action( 1803): [757,0,758,1,759,0,927,3,928,0,1593,1]
09-22 22:28:34.116 I/sysui_multi_action( 1803): [757,1706,758,1,759,1706,927,4,928,0,1593,1]
09-22 22:28:34.116 I/sysui_multi_action( 1803): [757,491,758,1,759,491,927,5,928,0,1311,-1,1593,0]
09-22 22:28:34.116 I/sysui_multi_action( 1803): [757,0,758,1,759,0,927,6,928,0,1593,0]
09-22 22:28:34.117 I/sysui_multi_action( 1803): [757,111,758,1]
09-22 22:28:34.117 I/sysui_multi_action( 1803): [757,126,758,1,759,126,927,0,928,0,1593,1]
09-22 22:28:34.117 I/sysui_multi_action( 1803): [757,113,758,1,759,113,927,1,928,1,1593,1]
09-22 22:28:34.117 I/sysui_multi_action( 1803): [757,0,758,1,759,0,927,2,928,0,1593,1]
09-22 22:28:34.117 I/sysui_multi_action( 1803): [757,0,758,1,759,0,927,3,928,0,1593,1]
09-22 22:28:34.126 E/NotificationService( 1451): Muting recently noisy 0|com.android.systemui|2048|null|10081
09-22 22:28:34.134 I/sysui_multi_action( 1803): [757,111,758,2]
09-22 22:28:34.134 I/notification_enqueue( 1451): [10081,1803,com.android.systemui,2048,NULL,0,Notification(channel=updateNotification shortcut=null contentView=null vibrate=null sound=null defaults=0x0 flags=0x0 color=0x00000000 vis=PRIVATE),1]
09-22 22:28:34.134 I/sysui_multi_action( 1803): [757,111,758,2]
09-22 22:28:34.137 I/sysui_multi_action( 1803): [757,111,758,1]
09-22 22:28:34.137 I/sysui_multi_action( 1803): [757,126,758,1,759,126,927,0,928,0,1593,0]
09-22 22:28:34.137 I/sysui_multi_action( 1803): [757,113,758,1,759,113,927,1,928,1,1593,0]
09-22 22:28:34.138 I/sysui_multi_action( 1803): [757,0,758,1,759,0,927,2,928,0,1593,0]
09-22 22:28:34.138 I/sysui_multi_action( 1803): [757,0,758,1,759,0,927,3,928,0,1593,0]
09-22 22:28:34.138 I/sysui_multi_action( 1803): [757,1706,758,1,759,1706,927,4,928,0,1593,0]
09-22 22:28:34.138 I/sysui_multi_action( 1803): [757,491,758,1,759,491,927,5,928,0,1311,-1,1593,0]
09-22 22:28:34.138 I/sysui_multi_action( 1803): [757,0,758,1,759,0,927,6,928,0,1593,0]
09-22 22:28:34.138 I/sysui_multi_action( 1803): [757,111,758,1]
09-22 22:28:34.138 I/sysui_multi_action( 1803): [757,126,758,1,759,126,927,0,928,0,1593,1]
09-22 22:28:34.138 I/sysui_multi_action( 1803): [757,113,758,1,759,113,927,1,928,1,1593,1]
09-22 22:28:34.138 I/sysui_multi_action( 1803): [757,0,758,1,759,0,927,2,928,0,1593,1]
09-22 22:28:34.138 I/sysui_multi_action( 1803): [757,0,758,1,759,0,927,3,928,0,1593,1]
09-22 22:28:34.153 I/sysui_multi_action( 1803): [757,111,758,2]
09-22 22:28:34.154 I/sysui_multi_action( 1803): [757,111,758,2]
09-22 22:28:34.154 I/notification_enqueue( 1451): [10081,1803,com.android.systemui,2048,NULL,0,Notification(channel=updateNotification shortcut=null contentView=null vibrate=null sound=null defaults=0x0 flags=0x0 color=0x00000000 vis=PRIVATE),1]
09-22 22:28:34.158 I/sysui_multi_action( 1803): [757,111,758,1]
09-22 22:28:34.158 I/sysui_multi_action( 1803): [757,126,758,1,759,126,927,0,928,0,1593,1]
09-22 22:28:34.158 I/sysui_multi_action( 1803): [757,113,758,1,759,113,927,1,928,1,1593,1]
09-22 22:28:34.158 I/sysui_multi_action( 1803): [757,0,758,1,759,0,927,2,928,0,1593,1]
09-22 22:28:34.158 I/sysui_multi_action( 1803): [757,0,758,1,759,0,927,3,928,0,1593,1]
09-22 22:28:34.158 I/sysui_multi_action( 1803): [757,1706,758,1,759,1706,927,4,928,0,1593,1]
09-22 22:28:34.158 I/sysui_multi_action( 1803): [757,491,758,1,759,491,927,5,928,0,1311,-1,1593,0]
09-22 22:28:34.158 I/sysui_multi_action( 1803): [757,0,758,1,759,0,927,6,928,0,1593,0]
09-22 22:28:34.158 I/sysui_multi_action( 1803): [757,111,758,1]
09-22 22:28:34.159 I/sysui_multi_action( 1803): [757,126,758,1,759,126,927,0,928,0,1593,1]
09-22 22:28:34.159 I/sysui_multi_action( 1803): [757,113,758,1,759,113,927,1,928,1,1593,1]
09-22 22:28:34.159 I/sysui_multi_action( 1803): [757,0,758,1,759,0,927,2,928,0,1593,1]
09-22 22:28:34.159 I/sysui_multi_action( 1803): [757,0,758,1,759,0,927,3,928,0,1593,1]
09-22 22:28:34.162 E/NotificationService( 1451): Muting recently noisy 0|com.android.systemui|2048|null|10081
09-22 22:28:34.177 I/sysui_multi_action( 1803): [757,111,758,2]
09-22 22:28:34.177 I/notification_enqueue( 1451): [10081,1803,com.android.systemui,2048,NULL,0,Notification(channel=updateNotification shortcut=null contentView=null vibrate=null sound=null defaults=0x0 flags=0x0 color=0x00000000 vis=PRIVATE),1]
09-22 22:28:34.177 I/sysui_multi_action( 1803): [757,111,758,2]
09-22 22:28:34.185 E/NotificationService( 1451): Muting recently noisy 0|com.android.systemui|2048|null|10081
09-22 22:28:34.188 I/input_focus( 1451): [Focus request fc61119 com.android.launcher3/com.android.launcher3.uioverrides.QuickstepLauncher,reason=UpdateInputWindows]
09-22 22:28:34.189 I/sysui_multi_action( 1803): [757,111,758,1]
09-22 22:28:34.189 I/sysui_multi_action( 1803): [757,126,758,1,759,126,927,0,928,0,1593,1]
09-22 22:28:34.189 I/sysui_multi_action( 1803): [757,113,758,1,759,113,927,1,928,1,1593,1]
09-22 22:28:34.189 I/sysui_multi_action( 1803): [757,0,758,1,759,0,927,2,928,0,1593,1]
09-22 22:28:34.189 I/sysui_multi_action( 1803): [757,0,758,1,759,0,927,3,928,0,1593,1]
09-22 22:28:34.189 I/sysui_multi_action( 1803): [757,1706,758,1,759,1706,927,4,928,0,1593,1]
09-22 22:28:34.190 I/sysui_multi_action( 1803): [757,491,758,1,759,491,927,5,928,0,1311,-1,1593,0]
09-22 22:28:34.190 I/sysui_multi_action( 1803): [757,0,758,1,759,0,927,6,928,0,1593,0]
09-22 22:28:34.190 I/sysui_multi_action( 1803): [757,111,758,1]
09-22 22:28:34.190 I/sysui_multi_action( 1803): [757,126,758,1,759,126,927,0,928,0,1593,1]
09-22 22:28:34.190 I/sysui_multi_action( 1803): [757,113,758,1,759,113,927,1,928,1,1593,1]
09-22 22:28:34.190 I/sysui_multi_action( 1803): [757,0,758,1,759,0,927,2,928,0,1593,1]
09-22 22:28:34.190 I/sysui_multi_action( 1803): [757,0,758,1,759,0,927,3,928,0,1593,1]
09-22 22:28:34.201 E/NotificationService( 1451): Muting recently noisy 0|com.android.systemui|2048|null|10081
09-22 22:28:34.202 I/notification_enqueue( 1451): [10081,1803,com.android.systemui,2048,NULL,0,Notification(channel=updateNotification shortcut=null contentView=null vibrate=null sound=null defaults=0x0 flags=0x0 color=0x00000000 vis=PRIVATE),1]
09-22 22:28:34.202 I/sysui_multi_action( 1803): [757,111,758,2]
09-22 22:28:34.202 I/sysui_multi_action( 1803): [757,111,758,2]
09-22 22:28:34.205 I/sysui_multi_action( 1451): [757,127,758,2]
09-22 22:28:34.205 I/notification_panel_hidden( 1451):
09-22 22:28:34.212 I/input_focus( 1451): [Focus leaving f3befb5 NotificationShade (server),reason=NOT_FOCUSABLE]
09-22 22:28:34.212 I/input_focus( 1451): [Focus entering fc61119 com.android.launcher3/com.android.launcher3.uioverrides.QuickstepLauncher (server),reason=setFocusedWindow]
