09-22 22:26:46.781 I/am_proc_start( 1451): [0,3142,10061,com.qualcomm.qti.devicestatisticsservice,restart,com.qualcomm.qti.devicestatisticsservice]
09-22 22:26:46.781 I/ActivityManager( 1451): Start proc 3142:com.qualcomm.qti.devicestatisticsservice/u0a61 for restart com.qualcomm.qti.devicestatisticsservice
09-22 22:26:46.788 I/am_pss ( 1451): [1988,10050,.qtidataservices,6747136,4198400,0,91807744,2,0,5]
09-22 22:26:46.790 D/CompatibilityChangeReporter( 1451): Compat change id reported: 135634846; UID 1000; state: DISABLED
09-22 22:26:46.790 D/CompatibilityChangeReporter( 1451): Compat change id reported: 177438394; UID 1000; state: DISABLED
09-22 22:26:46.790 D/CompatibilityChangeReporter( 1451): Compat change id reported: 135772972; UID 1000; state: DISABLED
09-22 22:26:46.790 D/CompatibilityChangeReporter( 1451): Compat change id reported: 135754954; UID 1000; state: ENABLED
09-22 22:26:46.794 I/am_pss ( 1451): [1978,1001,.dataservices,8668160,5971968,0,94720000,2,0,5]
09-22 22:26:46.796 I/am_proc_start( 1451): [0,3151,1000,com.qti.diagservices,broadcast,{com.qti.diagservices/com.qti.diagservices.Diag_OnBoot}]
09-22 22:26:46.796 I/ActivityManager( 1451): Start proc 3151:com.qti.diagservices/1000 for broadcast {com.qti.diagservices/com.qti.diagservices.Diag_OnBoot}
09-22 22:26:46.801 I/am_pss ( 1451): [1966,1000,com.thundercomm.microsettings,35976192,31772672,0,128499712,2,0,6]
09-22 22:26:46.807 I/am_pss ( 1451): [1903,1000,com.thundercomm.microservice,9229312,6696960,0,94027776,2,0,5]
09-22 22:26:46.799 I/auditd ( 3087): type=1400 audit(0.0:215): avc: denied { read } for comm="ethod.sogou.car" name="anr" dev="dm-10" ino=34 scontext=u:r:priv_app:s0:c512,c768 tcontext=u:object_r:anr_data_file:s0 tclass=dir permissive=0 app=com.sohu.inputmethod.sogou.car
09-22 22:26:46.810 I/am_proc_bound( 1451): [0,3142,com.qualcomm.qti.devicestatisticsservice]
09-22 22:26:46.818 I/am_pss ( 1451): [1803,10081,com.android.systemui,79818752,55803904,0,237027328,2,0,9]
09-22 22:26:46.818 I/am_proc_bound( 1451): [0,3151,com.qti.diagservices]
09-22 22:26:46.836 I/am_pss ( 1451): [1451,1000,system,195865600,102813696,0,506458112,2,0,16]
09-22 22:26:46.879 I/service_manager_slow( 3151): [14,vendor.perfservice]
09-22 22:26:46.891 W/ContextImpl( 3151): Calling a method in the system process without a qualified user: android.app.ContextImpl.startService:1816 android.content.ContextWrapper.startService:774 android.content.ContextWrapper.startService:774 com.qti.diagservices.Diag_OnBoot.onReceive:40 android.app.ActivityThread.handleReceiver:4309
09-22 22:26:46.895 I/Telecom ( 1451): DefaultDialerCache: Refreshing default dialer for user 0: now null: DDC.oR@ABQ
09-22 22:26:46.895 I/Telecom ( 1451): MissedCallNotifierImpl: reloadAfterBootComplete: user=0: TSBCR.oR@ABU
09-22 22:26:46.896 I/Telecom ( 1451): MissedCallNotifierImpl: reloadAfterBootComplete: user=0: TSBCR.oR@ABU
09-22 22:26:46.896 I/am_uid_running( 1451): 10068
09-22 22:26:46.897 D/CompatibilityChangeReporter( 1451): Compat change id reported: 135634846; UID 10068; state: DISABLED
09-22 22:26:46.897 D/CompatibilityChangeReporter( 1451): Compat change id reported: 177438394; UID 10068; state: DISABLED
09-22 22:26:46.897 D/CompatibilityChangeReporter( 1451): Compat change id reported: 135772972; UID 10068; state: DISABLED
09-22 22:26:46.897 D/CompatibilityChangeReporter( 1451): Compat change id reported: 135754954; UID 10068; state: DISABLED
09-22 22:26:46.897 D/CompatibilityChangeReporter( 1451): Compat change id reported: 143937733; UID 10068; state: DISABLED
09-22 22:26:46.902 I/am_proc_start( 1451): [0,3217,10068,com.android.calendar,broadcast,{com.android.calendar/com.android.calendar.alerts.AlertReceiver}]
09-22 22:26:46.895 I/auditd ( 3151): type=1400 audit(0.0:216): avc: denied { read write } for comm="ti.diagservices" name="diag" dev="tmpfs" ino=11524 scontext=u:r:system_app:s0 tcontext=u:object_r:vendor_diag_device:s0 tclass=chr_file permissive=0
09-22 22:26:46.902 I/ActivityManager( 1451): Start proc 3217:com.android.calendar/u0a68 for broadcast {com.android.calendar/com.android.calendar.alerts.AlertReceiver}
09-22 22:26:46.926 I/am_proc_bound( 1451): [0,3217,com.android.calendar]
09-22 22:26:46.927 D/CompatibilityChangeReporter( 1451): Compat change id reported: 168419799; UID 10068; state: DISABLED
09-22 22:26:46.929 I/am_uid_active( 1451): 10068
09-22 22:26:46.935 I/wm_task_removed( 1451): [2,cleanUpResourcesForDestroy]
09-22 22:26:46.936 I/wm_task_removed( 1451): [2,removeChild:removeChild last r=ActivityRecord{765bc2b u0 com.android.settings/.FallbackHome t-1 f}} in t=Task{96c18e0 #2 type=home A=1000:com.android.settings.FallbackHome U=0 visible=false mode=fullscreen translucent=true sz=0}]
09-22 22:26:46.936 I/wm_task_removed( 1451): [2,removeChild]
09-22 22:26:47.026 W/ShortcutService( 1451): Clock rewound
09-22 22:26:47.043 D/CompatibilityChangeReporter( 1451): Compat change id reported: 135634846; UID 1000; state: DISABLED
09-22 22:26:47.043 D/CompatibilityChangeReporter( 1451): Compat change id reported: 177438394; UID 1000; state: DISABLED
09-22 22:26:47.043 D/CompatibilityChangeReporter( 1451): Compat change id reported: 135772972; UID 1000; state: DISABLED
09-22 22:26:47.043 D/CompatibilityChangeReporter( 1451): Compat change id reported: 135754954; UID 1000; state: ENABLED
09-22 22:26:47.049 I/am_proc_start( 1451): [0,3257,1000,com.android.dynsystem,broadcast,{com.android.dynsystem/com.android.dynsystem.BootCompletedReceiver}]
09-22 22:26:47.049 I/ActivityManager( 1451): Start proc 3257:com.android.dynsystem/1000 for broadcast {com.android.dynsystem/com.android.dynsystem.BootCompletedReceiver}
09-22 22:26:47.066 I/am_proc_bound( 1451): [0,3257,com.android.dynsystem]
09-22 22:26:47.067 D/CompatibilityChangeReporter( 1451): Compat change id reported: 168419799; UID 1000; state: DISABLED
09-22 22:26:47.114 D/CompatibilityChangeReporter( 1451): Compat change id reported: 135634846; UID 1000; state: DISABLED
09-22 22:26:47.114 D/CompatibilityChangeReporter( 1451): Compat change id reported: 177438394; UID 1000; state: DISABLED
09-22 22:26:47.114 D/CompatibilityChangeReporter( 1451): Compat change id reported: 135772972; UID 1000; state: DISABLED
09-22 22:26:47.114 D/CompatibilityChangeReporter( 1451): Compat change id reported: 135754954; UID 1000; state: ENABLED
09-22 22:26:47.117 D/CompatibilityChangeReporter( 1451): Compat change id reported: 168419799; UID 10069; state: DISABLED
09-22 22:26:47.120 I/am_proc_start( 1451): [0,3282,1000,com.android.dynsystem:dynsystem,service,{com.android.dynsystem/com.android.dynsystem.DynamicSystemInstallationService}]
09-22 22:26:47.120 I/ActivityManager( 1451): Start proc 3282:com.android.dynsystem:dynsystem/1000 for service {com.android.dynsystem/com.android.dynsystem.DynamicSystemInstallationService}
09-22 22:26:47.115 I/auditd ( 3281): type=1400 audit(0.0:217): avc: denied { read } for comm="ip" name="rt_tables" dev="dm-10" ino=339 scontext=u:r:ethernet:s0 tcontext=u:object_r:net_data_file:s0 tclass=file permissive=0
09-22 22:26:47.119 I/auditd ( 2596): type=1400 audit(0.0:218): avc: denied { write } for comm="sh" name="ip_forward" dev="proc" ino=16820 scontext=u:r:ethernet:s0 tcontext=u:object_r:proc_net:s0 tclass=file permissive=0
09-22 22:26:47.119 I/auditd ( 2596): type=1400 audit(0.0:219): avc: denied { write } for comm="sh" name="ip_default_ttl" dev="proc" ino=24932 scontext=u:r:ethernet:s0 tcontext=u:object_r:proc_net:s0 tclass=file permissive=0
09-22 22:26:47.119 I/auditd ( 2596): type=1400 audit(0.0:220): avc: denied { write } for comm="sh" name="tcp_keepalive_probes" dev="proc" ino=24933 scontext=u:r:ethernet:s0 tcontext=u:object_r:proc_net:s0 tclass=file permissive=0
09-22 22:26:47.136 I/am_proc_bound( 1451): [0,3282,com.android.dynsystem:dynsystem]
09-22 22:26:47.149 I/ActivityManager( 1451): Process com.android.inputmethod.latin (pid 2522) has died: fg RCVR
09-22 22:26:47.153 I/am_proc_died( 1451): [0,2522,com.android.inputmethod.latin,0,11]
09-22 22:26:47.153 I/am_broadcast_discard_app( 1451): [0,127840036,android.intent.action.BOOT_COMPLETED,15,ResolveInfo{6a208da com.android.inputmethod.latin/.SystemBroadcastReceiver m=0x108000}]
09-22 22:26:47.154 I/am_uid_stopped( 1451): 10069
09-22 22:26:47.155 W/ActivityManager( 1451): setHasOverlayUi called on unknown pid: 2522
09-22 22:26:47.156 I/am_uid_running( 1451): 10034
09-22 22:26:47.156 I/ActivityManager( 1451): com.android.managedprovisioning is exempt from freezer
09-22 22:26:47.156 D/CompatibilityChangeReporter( 1451): Compat change id reported: 135634846; UID 10034; state: DISABLED
09-22 22:26:47.156 D/CompatibilityChangeReporter( 1451): Compat change id reported: 177438394; UID 10034; state: DISABLED
09-22 22:26:47.157 D/CompatibilityChangeReporter( 1451): Compat change id reported: 135772972; UID 10034; state: DISABLED
09-22 22:26:47.157 D/CompatibilityChangeReporter( 1451): Compat change id reported: 135754954; UID 10034; state: ENABLED
09-22 22:26:47.157 D/CompatibilityChangeReporter( 1451): Compat change id reported: 143937733; UID 10034; state: ENABLED
09-22 22:26:47.164 I/am_proc_start( 1451): [0,3300,10034,com.android.managedprovisioning,broadcast,{com.android.managedprovisioning/com.android.managedprovisioning.BootReminder}]
09-22 22:26:47.164 I/ActivityManager( 1451): Start proc 3300:com.android.managedprovisioning/u0a34 for broadcast {com.android.managedprovisioning/com.android.managedprovisioning.BootReminder}
09-22 22:26:47.171 I/DynamicSystemService( 1451): isInstalled(): false
09-22 22:26:47.183 I/am_proc_bound( 1451): [0,3300,com.android.managedprovisioning]
09-22 22:26:47.184 D/CompatibilityChangeReporter( 1451): Compat change id reported: 168419799; UID 10034; state: DISABLED
09-22 22:26:47.187 I/am_uid_active( 1451): 10034
09-22 22:26:47.268 D/CompatibilityChangeReporter( 1451): Compat change id reported: 168419799; UID 10026; state: DISABLED
09-22 22:26:47.271 I/am_uid_running( 1451): 10057
09-22 22:26:47.272 D/CompatibilityChangeReporter( 1451): Compat change id reported: 135634846; UID 10057; state: DISABLED
09-22 22:26:47.272 D/CompatibilityChangeReporter( 1451): Compat change id reported: 177438394; UID 10057; state: DISABLED
09-22 22:26:47.272 D/CompatibilityChangeReporter( 1451): Compat change id reported: 135772972; UID 10057; state: DISABLED
09-22 22:26:47.272 D/CompatibilityChangeReporter( 1451): Compat change id reported: 135754954; UID 10057; state: ENABLED
09-22 22:26:47.273 D/CompatibilityChangeReporter( 1451): Compat change id reported: 143937733; UID 10057; state: ENABLED
09-22 22:26:47.283 I/am_proc_start( 1451): [0,3317,10057,com.android.onetimeinitializer,broadcast,{com.android.onetimeinitializer/com.android.onetimeinitializer.OneTimeInitializerReceiver}]
09-22 22:26:47.283 I/ActivityManager( 1451): Start proc 3317:com.android.onetimeinitializer/u0a57 for broadcast {com.android.onetimeinitializer/com.android.onetimeinitializer.OneTimeInitializerReceiver}
09-22 22:26:47.311 I/am_proc_bound( 1451): [0,3317,com.android.onetimeinitializer]
09-22 22:26:47.312 D/CompatibilityChangeReporter( 1451): Compat change id reported: 168419799; UID 10057; state: DISABLED
09-22 22:26:47.314 I/am_uid_active( 1451): 10057
09-22 22:26:47.351 I/am_uid_running( 1451): 10022
09-22 22:26:47.352 I/ActivityManager( 1451): com.android.packageinstaller is exempt from freezer
09-22 22:26:47.352 D/CompatibilityChangeReporter( 1451): Compat change id reported: 135634846; UID 10022; state: DISABLED
09-22 22:26:47.353 D/CompatibilityChangeReporter( 1451): Compat change id reported: 177438394; UID 10022; state: DISABLED
09-22 22:26:47.353 D/CompatibilityChangeReporter( 1451): Compat change id reported: 135772972; UID 10022; state: DISABLED
09-22 22:26:47.353 D/CompatibilityChangeReporter( 1451): Compat change id reported: 135754954; UID 10022; state: ENABLED
09-22 22:26:47.354 D/CompatibilityChangeReporter( 1451): Compat change id reported: 143937733; UID 10022; state: ENABLED
09-22 22:26:47.364 I/am_proc_start( 1451): [0,3335,10022,com.android.packageinstaller,broadcast,{com.android.packageinstaller/com.android.packageinstaller.TemporaryFileManager}]
09-22 22:26:47.365 I/ActivityManager( 1451): Start proc 3335:com.android.packageinstaller/u0a22 for broadcast {com.android.packageinstaller/com.android.packageinstaller.TemporaryFileManager}
09-22 22:26:47.393 I/am_proc_bound( 1451): [0,3335,com.android.packageinstaller]
09-22 22:26:47.394 D/CompatibilityChangeReporter( 1451): Compat change id reported: 168419799; UID 10022; state: DISABLED
09-22 22:26:47.396 I/am_uid_active( 1451): 10022
09-22 22:26:47.444 I/vold ( 526): Bind mounting /mnt/runtime/default/emulated/0/Android/data on /mnt/user/0/emulated/0/Android/data
09-22 22:26:47.445 I/vold ( 526): Bind mounted /mnt/runtime/default/emulated/0/Android/data on /mnt/user/0/emulated/0/Android/data
09-22 22:26:47.445 I/vold ( 526): Bind mounting /mnt/runtime/default/emulated/0/Android/obb on /mnt/user/0/emulated/0/Android/obb
09-22 22:26:47.445 I/vold ( 526): Bind mounted /mnt/runtime/default/emulated/0/Android/obb on /mnt/user/0/emulated/0/Android/obb
09-22 22:26:47.445 I/vold ( 526): Bind mounting /mnt/runtime/write/emulated/0/Android/obb on /mnt/installer/0/emulated/0/Android/obb
09-22 22:26:47.445 I/vold ( 526): Bind mounted /mnt/runtime/write/emulated/0/Android/obb on /mnt/installer/0/emulated/0/Android/obb
09-22 22:26:47.445 I/vold ( 526): Configuring read_ahead of /mnt/user/0/emulated fuse filesystem to 256kb
09-22 22:26:47.446 I/vold ( 526): Writing 256 to /sys/class/bdi/0:98/read_ahead_kb
09-22 22:26:47.446 I/vold ( 526): Configuring max_ratio of /mnt/user/0/emulated fuse filesystem to 40
09-22 22:26:47.446 I/vold ( 526): Writing 40 to /sys/class/bdi/0:98/max_ratio
09-22 22:26:47.446 I/StorageManagerService( 1451): Mounted volume VolumeInfo{emulated;0}:
09-22 22:26:47.446 I/StorageManagerService( 1451): type=EMULATED diskId=null partGuid= mountFlags=PRIMARY|VISIBLE
09-22 22:26:47.446 I/StorageManagerService( 1451): mountUserId=0 state=MOUNTED
09-22 22:26:47.446 I/StorageManagerService( 1451): fsType=null fsUuid=null fsLabel=null
09-22 22:26:47.446 I/StorageManagerService( 1451): path=/storage/emulated internalPath=/data/media
09-22 22:26:47.447 I/StorageSessionController( 1451): Notifying volume state changed for session with id: emulated;0
09-22 22:26:47.452 I/am_uid_running( 1451): 10092
09-22 22:26:47.453 D/CompatibilityChangeReporter( 1451): Compat change id reported: 135634846; UID 10092; state: DISABLED
09-22 22:26:47.453 D/CompatibilityChangeReporter( 1451): Compat change id reported: 177438394; UID 10092; state: DISABLED
09-22 22:26:47.453 D/CompatibilityChangeReporter( 1451): Compat change id reported: 135772972; UID 10092; state: DISABLED
09-22 22:26:47.453 D/CompatibilityChangeReporter( 1451): Compat change id reported: 135754954; UID 10092; state: DISABLED
09-22 22:26:47.453 D/CompatibilityChangeReporter( 1451): Compat change id reported: 143937733; UID 10092; state: DISABLED
09-22 22:26:47.454 I/StorageSessionController( 1451): Notifying volume state changed for session with id: emulated;0
09-22 22:26:47.461 I/am_proc_start( 1451): [0,3351,10092,com.android.permissioncontroller,broadcast,{com.android.permissioncontroller/com.android.permissioncontroller.permission.service.LocationAccessCheck$SetupPeriodicBackgroundLocationAccessCheck}]
09-22 22:26:47.461 I/ActivityManager( 1451): Start proc 3351:com.android.permissioncontroller/u0a92 for broadcast {com.android.permissioncontroller/com.android.permissioncontroller.permission.service.LocationAccessCheck$SetupPeriodicBackgroundLocationAccessCheck}
09-22 22:26:47.464 I/StorageSessionController( 1451): Notifying volume state changed for session with id: emulated;0
09-22 22:26:47.471 D/CompatibilityChangeReporter( 1451): Compat change id reported: 168419799; UID 10093; state: DISABLED
09-22 22:26:47.481 I/am_proc_bound( 1451): [0,3351,com.android.permissioncontroller]
09-22 22:26:47.482 D/CompatibilityChangeReporter( 1451): Compat change id reported: 168419799; UID 10092; state: DISABLED
09-22 22:26:47.484 I/am_uid_active( 1451): 10092
09-22 22:26:47.486 D/StorageManagerService( 1451): Volume emulated;0 broadcasting checking to UserHandle{0}
09-22 22:26:47.487 D/StorageManagerService( 1451): Volume emulated;0 broadcasting mounted to UserHandle{0}
09-22 22:26:47.518 D/CompatibilityChangeReporter( 1451): Compat change id reported: 149924527; UID 10093; state: ENABLED
09-22 22:26:47.518 D/CompatibilityChangeReporter( 1451): Compat change id reported: 132649864; UID 10093; state: DISABLED
09-22 22:26:47.519 D/CompatibilityChangeReporter( 1451): Compat change id reported: 182734110; UID 10093; state: DISABLED
09-22 22:26:47.598 I/am_uid_running( 1451): 10030
09-22 22:26:47.598 D/CompatibilityChangeReporter( 1451): Compat change id reported: 135634846; UID 10030; state: DISABLED
09-22 22:26:47.599 D/CompatibilityChangeReporter( 1451): Compat change id reported: 177438394; UID 10030; state: DISABLED
09-22 22:26:47.599 D/CompatibilityChangeReporter( 1451): Compat change id reported: 135772972; UID 10030; state: DISABLED
09-22 22:26:47.599 D/CompatibilityChangeReporter( 1451): Compat change id reported: 135754954; UID 10030; state: ENABLED
09-22 22:26:47.599 D/CompatibilityChangeReporter( 1451): Compat change id reported: 143937733; UID 10030; state: ENABLED
09-22 22:26:47.609 I/am_proc_start( 1451): [0,3370,10030,com.android.providers.calendar,broadcast,{com.android.providers.calendar/com.android.providers.calendar.CalendarReceiver}]
09-22 22:26:47.609 I/ActivityManager( 1451): Start proc 3370:com.android.providers.calendar/u0a30 for broadcast {com.android.providers.calendar/com.android.providers.calendar.CalendarReceiver}
09-22 22:26:47.633 I/am_proc_bound( 1451): [0,3370,com.android.providers.calendar]
09-22 22:26:47.634 I/service_manager_stats( 1451): [679,270,5052]
09-22 22:26:47.634 D/CompatibilityChangeReporter( 1451): Compat change id reported: 168419799; UID 10030; state: DISABLED
09-22 22:26:47.636 I/am_uid_active( 1451): 10030
09-22 22:26:47.693 D/CompatibilityChangeReporter( 1451): Compat change id reported: 171306433; UID 10030; state: ENABLED
09-22 22:26:47.696 D/CompatibilityChangeReporter( 1451): Compat change id reported: 143231523; UID 10030; state: DISABLED
09-22 22:26:47.708 D/CompatibilityChangeReporter( 1451): Compat change id reported: 168419799; UID 1000; state: DISABLED
09-22 22:26:47.720 I/am_uid_running( 1451): 2000
09-22 22:26:47.721 I/ActivityManager( 1451): com.android.shell is exempt from freezer
09-22 22:26:47.721 D/CompatibilityChangeReporter( 1451): Compat change id reported: 135634846; UID 2000; state: DISABLED
09-22 22:26:47.722 D/CompatibilityChangeReporter( 1451): Compat change id reported: 177438394; UID 2000; state: DISABLED
09-22 22:26:47.722 D/CompatibilityChangeReporter( 1451): Compat change id reported: 135772972; UID 2000; state: DISABLED
09-22 22:26:47.722 D/CompatibilityChangeReporter( 1451): Compat change id reported: 135754954; UID 2000; state: ENABLED
09-22 22:26:47.741 I/am_proc_start( 1451): [0,3396,2000,com.android.shell,broadcast,{com.android.shell/com.android.shell.HeapDumpReceiver}]
09-22 22:26:47.741 I/ActivityManager( 1451): Start proc 3396:com.android.shell/2000 for broadcast {com.android.shell/com.android.shell.HeapDumpReceiver}
09-22 22:26:47.768 I/am_proc_bound( 1451): [0,3396,com.android.shell]
09-22 22:26:47.769 D/CompatibilityChangeReporter( 1451): Compat change id reported: 168419799; UID 2000; state: DISABLED
09-22 22:26:47.771 I/am_uid_active( 1451): 2000
09-22 22:26:47.816 D/CompatibilityChangeReporter( 1451): Compat change id reported: 135634846; UID 1001; state: DISABLED
09-22 22:26:47.816 D/CompatibilityChangeReporter( 1451): Compat change id reported: 177438394; UID 1001; state: DISABLED
09-22 22:26:47.816 D/CompatibilityChangeReporter( 1451): Compat change id reported: 135772972; UID 1001; state: DISABLED
09-22 22:26:47.816 D/CompatibilityChangeReporter( 1451): Compat change id reported: 135754954; UID 1001; state: ENABLED
09-22 22:26:47.838 I/am_proc_start( 1451): [0,3421,1001,com.android.phone,broadcast,{com.android.stk/com.android.stk.BootCompletedReceiver}]
09-22 22:26:47.838 I/Watchdog( 1451): Interesting Java process com.android.phone started. Pid 3421
09-22 22:26:47.838 I/ActivityManager( 1451): Start proc 3421:com.android.phone/1001 for broadcast {com.android.stk/com.android.stk.BootCompletedReceiver}
09-22 22:26:47.858 I/am_proc_bound( 1451): [0,3421,com.android.phone]
09-22 22:26:47.920 D/CAT ( 3421): BootCompletedReceiver: [ACTION_BOOT_COMPLETED]
09-22 22:26:47.921 I/am_uid_running( 1451): 10079
09-22 22:26:47.921 D/CompatibilityChangeReporter( 1451): Compat change id reported: 135634846; UID 10079; state: DISABLED
09-22 22:26:47.922 D/CompatibilityChangeReporter( 1451): Compat change id reported: 177438394; UID 10079; state: DISABLED
09-22 22:26:47.922 D/CompatibilityChangeReporter( 1451): Compat change id reported: 135772972; UID 10079; state: DISABLED
09-22 22:26:47.922 D/CompatibilityChangeReporter( 1451): Compat change id reported: 135754954; UID 10079; state: ENABLED
09-22 22:26:47.922 D/CompatibilityChangeReporter( 1451): Compat change id reported: 143937733; UID 10079; state: ENABLED
09-22 22:26:47.923 D/CAT ( 3421): StkAppService: onCreate()+
09-22 22:26:47.923 D/CAT ( 3421): StkAppService: simCount: 1
09-22 22:26:47.924 D/CAT ( 3421): StkAppService: slotId: 0
09-22 22:26:47.924 D/CAT ( 3421): StkAppService: onStart sim id: 0, op: 5, *****
09-22 22:26:47.925 D/CAT ( 3421): StkAppService: mStkService is: -1
09-22 22:26:47.927 D/CAT ( 3421): StkAppService: onDestroy()
09-22 22:26:47.930 I/am_proc_start( 1451): [0,3439,10079,com.qti.ltebc,broadcast,{com.qti.ltebc/com.qualcomm.ltebc.LTEBroadcastBootReceiver}]
09-22 22:26:47.930 I/ActivityManager( 1451): Start proc 3439:com.qti.ltebc/u0a79 for broadcast {com.qti.ltebc/com.qualcomm.ltebc.LTEBroadcastBootReceiver}
09-22 22:26:47.954 I/am_proc_bound( 1451): [0,3439,com.qti.ltebc]
09-22 22:26:47.955 D/CompatibilityChangeReporter( 1451): Compat change id reported: 168419799; UID 10079; state: DISABLED
09-22 22:26:47.958 I/am_uid_active( 1451): 10079
09-22 22:26:48.082 I/netstats_mobile_sample( 1451): [0,0,0,0,0,0,0,0,0,0,0,0,1663856808082]
09-22 22:26:48.082 I/netstats_wifi_sample( 1451): [0,0,0,0,0,0,0,0,0,0,0,0,1663856808082]
09-22 22:26:48.090 I/netstats_mobile_sample( 1451): [0,0,0,0,0,0,0,0,0,0,0,0,1663856808090]
09-22 22:26:48.090 I/netstats_wifi_sample( 1451): [0,0,0,0,0,0,0,0,0,0,0,0,1663856808090]
09-22 22:26:48.111 I/commit_sys_config_file( 1451): [jobs,2]
09-22 22:26:48.281 D/CompatibilityChangeReporter( 1451): Compat change id reported: 172100307; UID 10093; state: DISABLED
09-22 22:26:48.364 D/CompatibilityChangeReporter( 1451): Compat change id reported: 171306433; UID 10079; state: ENABLED
09-22 22:26:48.365 D/CompatibilityChangeReporter( 1451): Compat change id reported: 168419799; UID 10053; state: DISABLED
09-22 22:26:48.376 D/CompatibilityChangeReporter( 1451): Compat change id reported: 168419799; UID 10073; state: DISABLED
09-22 22:26:48.384 D/CompatibilityChangeReporter( 1451): Compat change id reported: 168419799; UID 10080; state: DISABLED
09-22 22:26:48.394 D/CompatibilityChangeReporter( 1451): Compat change id reported: 168419799; UID 10086; state: DISABLED
09-22 22:26:48.399 I/am_uid_running( 1451): 10055
09-22 22:26:48.400 D/CompatibilityChangeReporter( 1451): Compat change id reported: 135634846; UID 10055; state: DISABLED
09-22 22:26:48.401 D/CompatibilityChangeReporter( 1451): Compat change id reported: 143937733; UID 10055; state: DISABLED
09-22 22:26:48.410 I/ActivityManager( 1451): Process com.qti.ltebc (pid 3439) has died: cch+5 CEM
09-22 22:26:48.411 I/am_proc_died( 1451): [0,3439,com.qti.ltebc,905,19]
09-22 22:26:48.411 I/am_uid_stopped( 1451): 10079
09-22 22:26:48.412 I/am_uid_active( 1451): 10055
09-22 22:26:48.420 I/am_proc_start( 1451): [0,3463,10055,com.qualcomm.qti.qms.service.connectionsecurity,broadcast,{com.qualcomm.qti.qms.service.connectionsecurity/com.qualcomm.qti.qms.service.connectionsecurity.ConnSecBroadcastReceiver}]
09-22 22:26:48.420 I/ActivityManager( 1451): Start proc 3463:com.qualcomm.qti.qms.service.connectionsecurity/u0a55 for broadcast {com.qualcomm.qti.qms.service.connectionsecurity/com.qualcomm.qti.qms.service.connectionsecurity.ConnSecBroadcastReceiver}
09-22 22:26:48.438 I/am_proc_bound( 1451): [0,3463,com.qualcomm.qti.qms.service.connectionsecurity]
09-22 22:26:48.440 D/CompatibilityChangeReporter( 1451): Compat change id reported: 168419799; UID 10055; state: DISABLED
09-22 22:26:48.494 D/CompatibilityChangeReporter( 1451): Compat change id reported: 168419799; UID 1001; state: DISABLED
09-22 22:26:48.499 D/CompatibilityChangeReporter( 1451): Compat change id reported: 168419799; UID 10082; state: DISABLED
09-22 22:26:48.504 D/CompatibilityChangeReporter( 1451): Compat change id reported: 168419799; UID 10085; state: DISABLED
09-22 22:26:48.510 I/ActivityManager( 1451): Finished processing BOOT_COMPLETED for u0
09-22 22:26:48.513 I/am_uid_running( 1451): 10018
09-22 22:26:48.514 D/CompatibilityChangeReporter( 1451): Compat change id reported: 135634846; UID 10018; state: DISABLED
09-22 22:26:48.514 D/CompatibilityChangeReporter( 1451): Compat change id reported: 177438394; UID 10018; state: DISABLED
09-22 22:26:48.514 D/CompatibilityChangeReporter( 1451): Compat change id reported: 135772972; UID 10018; state: DISABLED
09-22 22:26:48.514 D/CompatibilityChangeReporter( 1451): Compat change id reported: 135754954; UID 10018; state: ENABLED
09-22 22:26:48.514 D/CompatibilityChangeReporter( 1451): Compat change id reported: 143937733; UID 10018; state: ENABLED
09-22 22:26:48.523 I/am_proc_start( 1451): [0,3481,10018,com.android.externalstorage,broadcast,{com.android.externalstorage/com.android.externalstorage.MountReceiver}]
09-22 22:26:48.523 I/ActivityManager( 1451): Start proc 3481:com.android.externalstorage/u0a18 for broadcast {com.android.externalstorage/com.android.externalstorage.MountReceiver}
09-22 22:26:48.548 I/am_proc_bound( 1451): [0,3481,com.android.externalstorage]
09-22 22:26:48.549 D/CompatibilityChangeReporter( 1451): Compat change id reported: 168419799; UID 10018; state: DISABLED
09-22 22:26:48.611 I/am_uid_running( 1451): 10079
09-22 22:26:48.611 D/CompatibilityChangeReporter( 1451): Compat change id reported: 135634846; UID 10079; state: DISABLED
09-22 22:26:48.611 D/CompatibilityChangeReporter( 1451): Compat change id reported: 177438394; UID 10079; state: DISABLED
09-22 22:26:48.611 D/CompatibilityChangeReporter( 1451): Compat change id reported: 135772972; UID 10079; state: DISABLED
09-22 22:26:48.612 D/CompatibilityChangeReporter( 1451): Compat change id reported: 135754954; UID 10079; state: ENABLED
09-22 22:26:48.612 D/CompatibilityChangeReporter( 1451): Compat change id reported: 143937733; UID 10079; state: ENABLED
09-22 22:26:48.623 I/am_proc_start( 1451): [0,3498,10079,com.qti.ltebc,broadcast,{com.qti.ltebc/com.qualcomm.ltebc.LTEBroadcastReceiver}]
09-22 22:26:48.623 I/ActivityManager( 1451): Start proc 3498:com.qti.ltebc/u0a79 for broadcast {com.qti.ltebc/com.qualcomm.ltebc.LTEBroadcastReceiver}
09-22 22:26:48.648 I/am_proc_bound( 1451): [0,3498,com.qti.ltebc]
09-22 22:26:48.649 D/CompatibilityChangeReporter( 1451): Compat change id reported: 168419799; UID 10079; state: DISABLED
09-22 22:26:48.651 I/am_uid_active( 1451): 10079
09-22 22:26:48.929 D/ColorDisplayService( 1451): NightDisplayTintController Animation cancelled: false to matrix:
09-22 22:26:48.929 D/ColorDisplayService( 1451): 1.000000 0.000000 0.000000 0.000000 0.000000 1.000000 0.000000 0.000000 0.000000 0.000000 1.000000 0.000000 0.000000 0.000000 0.000000 1.000000 min matrix coefficients:
09-22 22:26:48.929 D/ColorDisplayService( 1451): 1.000000 0.000000 0.000000 0.000000 0.000000 1.000000 0.000000 0.000000 0.000000 0.000000 1.000000 0.000000 0.000000 0.000000 0.000000 1.000000 max matrix coefficients:
09-22 22:26:48.929 D/ColorDisplayService( 1451): 1.000000 0.000000 0.000000 0.000000 0.000000 1.000000 0.000000 0.000000 0.000000 0.000000 1.000000 0.000000 0.000000 0.000000 0.000000 1.000000
09-22 22:26:48.973 I/ActivityManager( 1451): Process com.qti.ltebc (pid 3498) has died: fg RCVR
09-22 22:26:48.975 I/am_proc_died( 1451): [0,3498,com.qti.ltebc,0,11]
09-22 22:26:48.975 I/am_broadcast_discard_app( 1451): [0,171803761,android.intent.action.MEDIA_MOUNTED,2,ResolveInfo{991573a com.qti.ltebc/com.qualcomm.ltebc.LTEBroadcastReceiver m=0x208000}]
09-22 22:26:48.976 I/am_uid_stopped( 1451): 10079
09-22 22:26:49.233 D/CompatibilityChangeReporter( 1451): Compat change id reported: 135634846; UID 1000; state: DISABLED
09-22 22:26:49.233 D/CompatibilityChangeReporter( 1451): Compat change id reported: 177438394; UID 1000; state: DISABLED
09-22 22:26:49.233 D/CompatibilityChangeReporter( 1451): Compat change id reported: 135772972; UID 1000; state: DISABLED
09-22 22:26:49.233 D/CompatibilityChangeReporter( 1451): Compat change id reported: 135754954; UID 1000; state: ENABLED
09-22 22:26:49.235 I/backup_transport_lifecycle( 1451): [com.android.localtransport/.LocalTransportService,1]
09-22 22:26:49.249 I/am_proc_start( 1451): [0,3517,1000,com.android.localtransport,service,{com.android.localtransport/com.android.localtransport.LocalTransportService}]
09-22 22:26:49.249 I/ActivityManager( 1451): Start proc 3517:com.android.localtransport/1000 for service {com.android.localtransport/com.android.localtransport.LocalTransportService}
09-22 22:26:49.285 I/am_proc_bound( 1451): [0,3517,com.android.localtransport]
09-22 22:26:49.325 I/backup_transport_connection( 1451): [com.android.localtransport/.LocalTransportService,1]
09-22 22:26:49.325 I/TransportClient( 1451): LocalTransportService#0: Notifying [TransportManager.registerTransport()] transport = IBackupTransport
09-22 22:26:49.329 D/BackupTransportManager( 1451): Transport com.android.localtransport/.LocalTransportService registered
09-22 22:26:49.329 D/BackupManagerService( 1451): [UserID:0] Transport com.android.localtransport/.LocalTransport registered 3116ms after first request (delay = 3000ms)
09-22 22:26:49.331 I/backup_transport_lifecycle( 1451): [com.android.localtransport/.LocalTransportService,0]
09-22 22:26:49.331 I/backup_transport_connection( 1451): [com.android.localtransport/.LocalTransportService,0]
09-22 22:26:49.333 I/BackupManagerService( 1451): [UserID:0] Found 1 stale backup journal(s), scheduling.
09-22 22:26:49.342 V/BackupManagerConstants( 1451): getKeyValueBackupIntervalMilliseconds(...) returns 14400000
09-22 22:26:49.342 V/BackupManagerConstants( 1451): getKeyValueBackupFuzzMilliseconds(...) returns 600000
09-22 22:26:49.342 V/BackupManagerConstants( 1451): getKeyValueBackupRequiredNetworkType(...) returns 1
09-22 22:26:49.342 V/BackupManagerConstants( 1451): getKeyValueBackupRequireCharging(...) returns true
09-22 22:26:49.342 V/KeyValueBackupJob( 1451): Scheduling k/v pass in 249 minutes
09-22 22:26:49.343 I/BackupManagerService( 1451): [UserID:0] Stale backup journals: Scheduled 9 package(s) total
09-22 22:26:50.050 I/sysui_multi_action( 1451): [757,1717,758,1,759,0]
09-22 22:26:50.051 I/sysui_multi_action( 1451): [757,1717,758,2,759,0]
09-22 22:26:50.051 I/sysui_multi_action( 1451): [757,1717,758,3,759,0]
09-22 22:26:51.692 F/linker ( 3540): CANNOT LINK EXECUTABLE "/vendor/bin/hw/qvrservice": library "vendor.qti.hardware.qxr-V1-ndk_platform.so" not found: needed by /vendor/lib64/libqvrservice.so in namespace (default)
09-22 22:26:51.705 F/linker ( 3541): CANNOT LINK EXECUTABLE "/vendor/bin/hw/sxrservice": library "vendor.qti.hardware.qxr-V1-ndk_platform.so" not found: needed by main executable
09-22 22:26:52.696 D/CompatibilityChangeReporter( 1451): Compat change id reported: 168419799; UID 10030; state: DISABLED
09-22 22:26:53.368 I/am_uid_running( 1451): 10079
09-22 22:26:53.369 D/CompatibilityChangeReporter( 1451): Compat change id reported: 135634846; UID 10079; state: DISABLED
09-22 22:26:53.369 D/CompatibilityChangeReporter( 1451): Compat change id reported: 177438394; UID 10079; state: DISABLED
09-22 22:26:53.369 D/CompatibilityChangeReporter( 1451): Compat change id reported: 135772972; UID 10079; state: DISABLED
09-22 22:26:53.370 D/CompatibilityChangeReporter( 1451): Compat change id reported: 135754954; UID 10079; state: ENABLED
09-22 22:26:53.370 D/CompatibilityChangeReporter( 1451): Compat change id reported: 143937733; UID 10079; state: ENABLED
09-22 22:26:53.396 I/am_proc_start( 1451): [0,3547,10079,com.qti.ltebc,broadcast,{com.qti.ltebc/com.qualcomm.ltebc.LTEBroadcastAlarmReceiver}]
09-22 22:26:53.396 I/ActivityManager( 1451): Start proc 3547:com.qti.ltebc/u0a79 for broadcast {com.qti.ltebc/com.qualcomm.ltebc.LTEBroadcastAlarmReceiver}
09-22 22:26:53.436 I/am_proc_bound( 1451): [0,3547,com.qti.ltebc]
09-22 22:26:53.475 I/commit_sys_config_file( 1451): [package-user-0,2]
09-22 22:26:53.475 I/commit_sys_config_file( 1451): [package,43]
09-22 22:26:53.476 D/CompatibilityChangeReporter( 1451): Compat change id reported: 168419799; UID 10079; state: DISABLED
09-22 22:26:53.479 I/am_uid_active( 1451): 10079
09-22 22:26:53.836 I/am_uid_running( 1451): 10052
09-22 22:26:53.836 D/CompatibilityChangeReporter( 1451): Compat change id reported: 135634846; UID 10052; state: DISABLED
09-22 22:26:53.836 D/CompatibilityChangeReporter( 1451): Compat change id reported: 177438394; UID 10052; state: DISABLED
09-22 22:26:53.836 D/CompatibilityChangeReporter( 1451): Compat change id reported: 135772972; UID 10052; state: DISABLED
09-22 22:26:53.836 D/CompatibilityChangeReporter( 1451): Compat change id reported: 135754954; UID 10052; state: DISABLED
09-22 22:26:53.837 D/CompatibilityChangeReporter( 1451): Compat change id reported: 143937733; UID 10052; state: DISABLED
09-22 22:26:53.857 I/am_proc_start( 1451): [0,3571,10052,com.qualcomm.qti.qms.service.trustzoneaccess,service,{com.qualcomm.qti.qms.service.trustzoneaccess/com.qualcomm.qti.qms.service.trustzoneaccess.TZAccessService}]
09-22 22:26:53.857 I/ActivityManager( 1451): Start proc 3571:com.qualcomm.qti.qms.service.trustzoneaccess/u0a52 for service {com.qualcomm.qti.qms.service.trustzoneaccess/com.qualcomm.qti.qms.service.trustzoneaccess.TZAccessService}
09-22 22:26:53.884 I/am_proc_bound( 1451): [0,3571,com.qualcomm.qti.qms.service.trustzoneaccess]
09-22 22:26:53.885 D/CompatibilityChangeReporter( 1451): Compat change id reported: 168419799; UID 10052; state: DISABLED
09-22 22:26:53.919 W/OverlayManager( 1451): service 'idmap' died
09-22 22:26:53.980 I/ActivityManager( 1451): Process com.qti.ltebc (pid 3547) has died: cch+5 CEM
09-22 22:26:53.981 I/am_proc_died( 1451): [0,3547,com.qti.ltebc,905,19]
09-22 22:26:53.982 I/am_uid_stopped( 1451): 10079
09-22 22:26:54.469 I/commit_sys_config_file( 1451): [appops,8]
09-22 22:26:56.539 I/am_pss ( 1451): [2392,10076,com.android.launcher3,87218176,71811072,0,215646208,0,2,16]
09-22 22:26:56.707 F/linker ( 3601): CANNOT LINK EXECUTABLE "/vendor/bin/hw/qvrservice": library "vendor.qti.hardware.qxr-V1-ndk_platform.so" not found: needed by /vendor/lib64/libqvrservice.so in namespace (default)
09-22 22:26:56.713 F/linker ( 3602): CANNOT LINK EXECUTABLE "/vendor/bin/hw/sxrservice": library "vendor.qti.hardware.qxr-V1-ndk_platform.so" not found: needed by main executable
09-22 22:27:01.722 F/linker ( 3615): CANNOT LINK EXECUTABLE "/vendor/bin/hw/sxrservice": library "vendor.qti.hardware.qxr-V1-ndk_platform.so" not found: needed by main executable
09-22 22:27:01.724 F/linker ( 3614): CANNOT LINK EXECUTABLE "/vendor/bin/hw/qvrservice": library "vendor.qti.hardware.qxr-V1-ndk_platform.so" not found: needed by /vendor/lib64/libqvrservice.so in namespace (default)
09-22 22:27:01.897 I/ActivityManager( 1451): Waited long enough for: ServiceRecord{990bbbe u0 com.qti.diagservices/.QTIDiagServices}
09-22 22:27:06.508 I/am_pss ( 1451): [2538,10066,com.android.deskclock,9714688,6754304,0,102264832,0,19,11]
09-22 22:27:06.520 I/am_pss ( 1451): [2850,10085,com.qualcomm.qtil.aptxui,7491584,5722112,0,91754496,0,19,9]
09-22 22:27:06.527 I/am_pss ( 1451): [2852,10080,com.qualcomm.location.XT,6637568,4681728,0,93966336,0,6,6]
09-22 22:27:06.536 I/am_pss ( 1451): [2203,1000,com.android.settings,26735616,15577088,0,136585216,0,19,7]
09-22 22:27:06.543 I/am_pss ( 1451): [2733,1000,com.android.keychain,8361984,6512640,0,93540352,0,19,5]
09-22 22:27:06.548 I/am_pss ( 1451): [2225,10094,android.ext.services,7302144,5062656,0,96411648,0,5,5]
09-22 22:27:06.713 I/am_pss ( 1451): [2392,10076,com.android.launcher3,87386112,71979008,0,215814144,0,2,15]
09-22 22:27:06.723 I/am_pss ( 1451): [2952,10031,com.android.traceur,10260480,8376320,0,96329728,0,19,8]
09-22 22:27:06.727 F/linker ( 3622): CANNOT LINK EXECUTABLE "/vendor/bin/hw/qvrservice": library "vendor.qti.hardware.qxr-V1-ndk_platform.so" not found: needed by /vendor/lib64/libqvrservice.so in namespace (default)
09-22 22:27:06.727 F/linker ( 3623): CANNOT LINK EXECUTABLE "/vendor/bin/hw/sxrservice": library "vendor.qti.hardware.qxr-V1-ndk_platform.so" not found: needed by main executable
09-22 22:27:06.731 I/am_pss ( 1451): [3087,10027,com.sohu.inputmethod.sogou.car,26368000,9093120,0,94027776,0,7,7]
09-22 22:27:06.911 I/am_pss ( 1451): [3151,1000,com.qti.diagservices,6036480,3768320,0,94269440,0,10,11]
09-22 22:27:07.032 I/am_pss ( 1451): [3217,10068,com.android.calendar,6668288,4829184,0,92102656,0,19,10]
09-22 22:27:07.168 I/am_pss ( 1451): [3257,1000,com.android.dynsystem,5545984,3702784,0,89825280,0,19,9]
09-22 22:27:07.282 I/am_pss ( 1451): [3300,10034,com.android.managedprovisioning,9195520,7360512,0,94654464,0,19,10]
09-22 22:27:07.292 I/am_pss ( 1451): [3282,1000,com.android.dynsystem:dynsystem,5893120,3887104,0,90869760,0,19,8]
09-22 22:27:07.364 I/am_pss ( 1451): [3317,10057,com.android.onetimeinitializer,5428224,3596288,0,90742784,0,19,9]
09-22 22:27:07.601 I/am_pss ( 1451): [3351,10092,com.android.permissioncontroller,11838464,9859072,0,99270656,0,19,9]
09-22 22:27:07.611 I/am_pss ( 1451): [3335,10022,com.android.packageinstaller,7309312,5558272,0,91267072,0,19,8]
09-22 22:27:08.377 I/am_pss ( 1451): [3421,1001,com.android.phone,8054784,5783552,0,93822976,0,19,10]
09-22 22:27:08.388 I/am_pss ( 1451): [3396,2000,com.android.shell,6121472,4325376,0,90685440,0,19,9]
09-22 22:27:08.506 I/am_pss ( 1451): [3463,10055,com.qualcomm.qti.qms.service.connectionsecurity,18335744,4059136,0,76980224,0,19,10]
09-22 22:27:11.732 F/linker ( 3630): CANNOT LINK EXECUTABLE "/vendor/bin/hw/qvrservice": library "vendor.qti.hardware.qxr-V1-ndk_platform.so" not found: needed by /vendor/lib64/libqvrservice.so in namespace (default)
09-22 22:27:11.733 F/linker ( 3631): CANNOT LINK EXECUTABLE "/vendor/bin/hw/sxrservice": library "vendor.qti.hardware.qxr-V1-ndk_platform.so" not found: needed by main executable
09-22 22:27:13.398 I/input_interaction( 1451): Interaction with: fc61119 com.android.launcher3/com.android.launcher3.uioverrides.QuickstepLauncher (server), a2ed885 com.android.systemui.ImageWallpaper (server), edge-swipe (server), swipe-up (server), PointerEventDispatcher0 (server),
09-22 22:27:16.732 F/linker ( 3641): CANNOT LINK EXECUTABLE "/vendor/bin/hw/qvrservice": library "vendor.qti.hardware.qxr-V1-ndk_platform.so" not found: needed by /vendor/lib64/libqvrservice.so in namespace (default)
09-22 22:27:16.732 F/linker ( 3642): CANNOT LINK EXECUTABLE "/vendor/bin/hw/sxrservice": library "vendor.qti.hardware.qxr-V1-ndk_platform.so" not found: needed by main executable
09-22 22:27:21.745 F/linker ( 3659): CANNOT LINK EXECUTABLE "/vendor/bin/hw/qvrservice": library "vendor.qti.hardware.qxr-V1-ndk_platform.so" not found: needed by /vendor/lib64/libqvrservice.so in namespace (default)
09-22 22:27:21.746 F/linker ( 3661): CANNOT LINK EXECUTABLE "/vendor/bin/hw/sxrservice": library "vendor.qti.hardware.qxr-V1-ndk_platform.so" not found: needed by main executable
09-22 22:27:26.754 F/linker ( 3669): CANNOT LINK EXECUTABLE "/vendor/bin/hw/qvrservice": library "vendor.qti.hardware.qxr-V1-ndk_platform.so" not found: needed by /vendor/lib64/libqvrservice.so in namespace (default)
09-22 22:27:26.755 F/linker ( 3670): CANNOT LINK EXECUTABLE "/vendor/bin/hw/sxrservice": library "vendor.qti.hardware.qxr-V1-ndk_platform.so" not found: needed by main executable
09-22 22:27:29.628 I/netstats_mobile_sample( 1451): [0,0,0,0,0,0,0,0,0,0,0,0,1663856849628]
09-22 22:27:29.628 I/netstats_wifi_sample( 1451): [0,0,0,0,0,0,0,0,0,0,0,0,1663856849628]
09-22 22:27:29.630 I/am_pss ( 1451): [2808,10093,com.android.providers.media.module,20325376,16052224,0,124416000,0,0,10]
09-22 22:27:29.639 I/am_pss ( 1451): [2852,10080,com.qualcomm.location.XT,6637568,4681728,0,93966336,0,6,7]
09-22 22:27:29.646 I/am_pss ( 1451): [3087,10027,com.sohu.inputmethod.sogou.car,26388480,9125888,0,94035968,0,7,7]
09-22 22:27:29.655 I/am_pss ( 1451): [1802,1002,com.android.bluetooth,26461184,21684224,0,132468736,0,0,8]
09-22 22:27:29.660 I/am_pss ( 1451): [2605,10073,com.qualcomm.location,9925632,7278592,0,101621760,0,0,5]
09-22 22:27:29.666 I/am_pss ( 1451): [2042,1073,com.android.networkstack.process,10745856,8056832,0,104214528,0,0,5]
09-22 22:27:29.672 I/am_pss ( 1451): [1978,1001,.dataservices,8040448,6062080,0,94859264,0,0,5]
09-22 22:27:29.683 I/am_pss ( 1451): [1803,10081,com.android.systemui,82583552,57589760,0,238833664,0,0,11]
09-22 22:27:29.701 I/am_pss ( 1451): [1451,1000,system,193570816,99381248,0,500092928,0,0,17]
09-22 22:27:31.762 F/linker ( 3677): CANNOT LINK EXECUTABLE "/vendor/bin/hw/qvrservice": library "vendor.qti.hardware.qxr-V1-ndk_platform.so" not found: needed by /vendor/lib64/libqvrservice.so in namespace (default)
09-22 22:27:31.763 F/linker ( 3678): CANNOT LINK EXECUTABLE "/vendor/bin/hw/sxrservice": library "vendor.qti.hardware.qxr-V1-ndk_platform.so" not found: needed by main executable
09-22 22:27:36.769 F/linker ( 3687): CANNOT LINK EXECUTABLE "/vendor/bin/hw/sxrservice": library "vendor.qti.hardware.qxr-V1-ndk_platform.so" not found: needed by main executable
09-22 22:27:36.769 F/linker ( 3686): CANNOT LINK EXECUTABLE "/vendor/bin/hw/qvrservice": library "vendor.qti.hardware.qxr-V1-ndk_platform.so" not found: needed by /vendor/lib64/libqvrservice.so in namespace (default)
09-22 22:27:39.452 I/service_manager_stats( 1451): [100,41,51818]
09-22 22:27:40.917 I/sysui_multi_action( 1451): [757,127,758,1]
09-22 22:27:40.917 I/sysui_multi_action( 1451): [757,804,799,note_load,801,1,802,1]
09-22 22:27:40.917 I/notification_panel_revealed( 1451): 1
09-22 22:27:40.936 I/input_focus( 1451): [Focus request f3befb5 NotificationShade,reason=UpdateInputWindows]
09-22 22:27:40.967 I/input_focus( 1451): [Focus leaving fc61119 com.android.launcher3/com.android.launcher3.uioverrides.QuickstepLauncher (server),reason=Waiting for window because NOT_VISIBLE]
09-22 22:27:40.984 I/input_focus( 1451): [Focus entering f3befb5 NotificationShade (server),reason=Window became focusable. Previous reason: NOT_VISIBLE]
09-22 22:27:40.992 I/input_interaction( 1451): Interaction with: fc61119 com.android.launcher3/com.android.launcher3.uioverrides.QuickstepLauncher (server), a2ed885 com.android.systemui.ImageWallpaper (server), f3befb5 NotificationShade (server), edge-swipe (server), swipe-up (server), PointerEventDispatcher0 (server),
09-22 22:27:40.993 I/view_enqueue_input_event( 2392): [Motion - Cancel,com.android.launcher3/com.android.launcher3.uioverrides.QuickstepLauncher]
09-22 22:27:40.995 I/sysui_multi_action( 1803): [757,803,799,panel_open,802,1]
09-22 22:27:40.996 I/sysui_multi_action( 1803): [757,1328,758,4,1326,46,1327,25,1329,0]
09-22 22:27:41.006 I/input_interaction( 1451): Interaction with: a2ed885 com.android.systemui.ImageWallpaper (server), f3befb5 NotificationShade (server), edge-swipe (server), swipe-up (server), PointerEventDispatcher0 (server),
09-22 22:27:41.018 I/sysui_multi_action( 1803): [757,111,758,2]
09-22 22:27:41.018 I/notification_enqueue( 1451): [10081,1803,com.android.systemui,2048,NULL,0,Notification(channel=updateNotification shortcut=null contentView=null vibrate=null sound=null defaults=0x0 flags=0x0 color=0x00000000 vis=PRIVATE),0]
09-22 22:27:41.018 I/sysui_multi_action( 1803): [757,111,758,2]
09-22 22:27:41.028 I/sysui_multi_action( 1803): [757,111,758,1]
09-22 22:27:41.028 I/sysui_multi_action( 1803): [757,126,758,1,759,126,927,0,928,0,1593,0]
09-22 22:27:41.028 I/sysui_multi_action( 1803): [757,113,758,1,759,113,927,1,928,1,1593,0]
09-22 22:27:41.029 I/sysui_multi_action( 1803): [757,0,758,1,759,0,927,2,928,0,1593,0]
09-22 22:27:41.029 I/sysui_multi_action( 1803): [757,0,758,1,759,0,927,3,928,0,1593,0]
09-22 22:27:41.029 I/sysui_multi_action( 1803): [757,1706,758,1,759,1706,927,4,928,0,1593,0]
09-22 22:27:41.029 I/sysui_multi_action( 1803): [757,491,758,1,759,491,927,5,928,0,1311,-1,1593,0]
09-22 22:27:41.029 I/sysui_multi_action( 1803): [757,0,758,1,759,0,927,6,928,0,1593,0]
09-22 22:27:41.029 I/sysui_multi_action( 1803): [757,111,758,1]
09-22 22:27:41.029 I/sysui_multi_action( 1803): [757,126,758,1,759,126,927,0,928,0,1593,0]
09-22 22:27:41.029 I/sysui_multi_action( 1803): [757,113,758,1,759,113,927,1,928,1,1593,0]
09-22 22:27:41.029 I/sysui_multi_action( 1803): [757,0,758,1,759,0,927,2,928,0,1593,0]
09-22 22:27:41.029 I/sysui_multi_action( 1803): [757,0,758,1,759,0,927,3,928,0,1593,0]
09-22 22:27:41.052 I/sysui_multi_action( 1803): [757,111,758,2]
09-22 22:27:41.052 I/notification_enqueue( 1451): [10081,1803,com.android.systemui,2048,NULL,0,Notification(channel=updateNotification shortcut=null contentView=null vibrate=null sound=null defaults=0x0 flags=0x0 color=0x00000000 vis=PRIVATE),0]
09-22 22:27:41.052 I/sysui_multi_action( 1803): [757,111,758,2]
09-22 22:27:41.060 I/sysui_multi_action( 1803): [757,111,758,1]
09-22 22:27:41.060 I/sysui_multi_action( 1803): [757,126,758,1,759,126,927,0,928,0,1593,0]
09-22 22:27:41.060 I/sysui_multi_action( 1803): [757,113,758,1,759,113,927,1,928,1,1593,0]
09-22 22:27:41.060 I/sysui_multi_action( 1803): [757,0,758,1,759,0,927,2,928,0,1593,0]
09-22 22:27:41.060 I/sysui_multi_action( 1803): [757,0,758,1,759,0,927,3,928,0,1593,0]
09-22 22:27:41.060 I/sysui_multi_action( 1803): [757,1706,758,1,759,1706,927,4,928,0,1593,0]
09-22 22:27:41.060 I/sysui_multi_action( 1803): [757,491,758,1,759,491,927,5,928,0,1311,-1,1593,0]
09-22 22:27:41.060 I/sysui_multi_action( 1803): [757,0,758,1,759,0,927,6,928,0,1593,0]
09-22 22:27:41.061 I/sysui_multi_action( 1803): [757,111,758,1]
09-22 22:27:41.061 I/sysui_multi_action( 1803): [757,126,758,1,759,126,927,0,928,0,1593,0]
09-22 22:27:41.061 I/sysui_multi_action( 1803): [757,113,758,1,759,113,927,1,928,1,1593,0]
09-22 22:27:41.061 I/sysui_multi_action( 1803): [757,0,758,1,759,0,927,2,928,0,1593,0]
09-22 22:27:41.061 I/sysui_multi_action( 1803): [757,0,758,1,759,0,927,3,928,0,1593,0]
09-22 22:27:41.087 I/sysui_multi_action( 1803): [757,111,758,2]
09-22 22:27:41.087 I/notification_enqueue( 1451): [10081,1803,com.android.systemui,2048,NULL,0,Notification(channel=updateNotification shortcut=null contentView=null vibrate=null sound=null defaults=0x0 flags=0x0 color=0x00000000 vis=PRIVATE),0]
09-22 22:27:41.087 I/sysui_multi_action( 1803): [757,111,758,2]
09-22 22:27:41.096 I/sysui_multi_action( 1803): [757,111,758,1]
09-22 22:27:41.096 I/sysui_multi_action( 1803): [757,126,758,1,759,126,927,0,928,0,1593,0]
09-22 22:27:41.096 I/sysui_multi_action( 1803): [757,113,758,1,759,113,927,1,928,1,1593,0]
09-22 22:27:41.096 I/sysui_multi_action( 1803): [757,0,758,1,759,0,927,2,928,0,1593,0]
09-22 22:27:41.097 I/sysui_multi_action( 1803): [757,0,758,1,759,0,927,3,928,0,1593,0]
09-22 22:27:41.097 I/sysui_multi_action( 1803): [757,1706,758,1,759,1706,927,4,928,0,1593,0]
09-22 22:27:41.097 I/sysui_multi_action( 1803): [757,491,758,1,759,491,927,5,928,0,1311,-1,1593,0]
09-22 22:27:41.097 I/sysui_multi_action( 1803): [757,0,758,1,759,0,927,6,928,0,1593,0]
09-22 22:27:41.097 I/sysui_multi_action( 1803): [757,111,758,1]
09-22 22:27:41.097 I/sysui_multi_action( 1803): [757,126,758,1,759,126,927,0,928,0,1593,0]
09-22 22:27:41.097 I/sysui_multi_action( 1803): [757,113,758,1,759,113,927,1,928,1,1593,0]
09-22 22:27:41.097 I/sysui_multi_action( 1803): [757,0,758,1,759,0,927,2,928,0,1593,0]
09-22 22:27:41.097 I/sysui_multi_action( 1803): [757,0,758,1,759,0,927,3,928,0,1593,0]
09-22 22:27:41.125 I/sysui_multi_action( 1803): [757,111,758,2]
09-22 22:27:41.125 I/notification_enqueue( 1451): [10081,1803,com.android.systemui,2048,NULL,0,Notification(channel=updateNotification shortcut=null contentView=null vibrate=null sound=null defaults=0x0 flags=0x0 color=0x00000000 vis=PRIVATE),0]
09-22 22:27:41.125 I/sysui_multi_action( 1803): [757,111,758,2]
09-22 22:27:41.133 I/sysui_multi_action( 1803): [757,111,758,1]
09-22 22:27:41.133 I/sysui_multi_action( 1803): [757,126,758,1,759,126,927,0,928,0,1593,0]
09-22 22:27:41.133 I/sysui_multi_action( 1803): [757,113,758,1,759,113,927,1,928,1,1593,0]
09-22 22:27:41.133 I/sysui_multi_action( 1803): [757,0,758,1,759,0,927,2,928,0,1593,0]
09-22 22:27:41.134 I/sysui_multi_action( 1803): [757,0,758,1,759,0,927,3,928,0,1593,0]
09-22 22:27:41.134 I/sysui_multi_action( 1803): [757,1706,758,1,759,1706,927,4,928,0,1593,0]
09-22 22:27:41.134 I/sysui_multi_action( 1803): [757,491,758,1,759,491,927,5,928,0,1311,-1,1593,0]
09-22 22:27:41.134 I/sysui_multi_action( 1803): [757,0,758,1,759,0,927,6,928,0,1593,0]
09-22 22:27:41.134 I/sysui_multi_action( 1803): [757,111,758,1]
09-22 22:27:41.134 I/sysui_multi_action( 1803): [757,126,758,1,759,126,927,0,928,0,1593,0]
09-22 22:27:41.134 I/sysui_multi_action( 1803): [757,113,758,1,759,113,927,1,928,1,1593,0]
09-22 22:27:41.134 I/sysui_multi_action( 1803): [757,0,758,1,759,0,927,2,928,0,1593,0]
09-22 22:27:41.134 I/sysui_multi_action( 1803): [757,0,758,1,759,0,927,3,928,0,1593,0]
09-22 22:27:41.166 I/sysui_multi_action( 1803): [757,111,758,2]
