09-22 22:31:07.896 W/MediaProvider( 2808): ... 7 more
09-22 22:31:07.898 D/NuPlayerDriver( 1200): NuPlayerDriver(0xed2c0470) created, clientPid(1803)
09-22 22:31:07.904 I/ExtendedNuUtils( 1200): printFileName fd(8) -> /data/system_de/0/ringtones/notification_sound_cache
09-22 22:31:07.906 D/PeopleSpaceWidgetMgr( 1803): Sbn doesn't contain valid PeopleTileKey: null/0/com.android.systemui
09-22 22:31:07.907 D/GenericSource( 1200): FileSource remote
09-22 22:31:07.909 I/MMParserExtractor( 1194): Created(0xb4000075083a2c10)
09-22 22:31:07.909 E/MM_OSAL ( 1194): FileSource::FileSource
09-22 22:31:07.909 E/MM_OSAL ( 1194): FileSource::FileSource m_bEveryThingOK 1
09-22 22:31:07.911 D/MediaBufferGroup( 1194): creating MemoryDealer
09-22 22:31:07.911 E/NotificationService( 1451): Muting recently noisy 0|com.android.systemui|2048|null|10081
09-22 22:31:07.918 I/MediaFocusControl( 1451): requestAudioFocus() from uid/pid 10081/1803 AA=USAGE_NOTIFICATION/CONTENT_TYPE_SONIFICATION clientId=android.media.AudioManager@f3b7d49 callingPack=com.android.systemui req=3 flags=0x0 sdk=31
09-22 22:31:07.919 I/AudioService.FadeOutManager( 1451): unfadeOutUid() uid:10081
09-22 22:31:07.923 D/InterruptionStateProvider( 1803): No bubble up: not allowed to bubble: 0|com.android.systemui|2048|null|10081
09-22 22:31:07.923 D/InterruptionStateProvider( 1803): No heads up: unimportant notification: 0|com.android.systemui|2048|null|10081
09-22 22:31:07.928 D/PeopleSpaceWidgetMgr( 1803): Sbn doesn't contain valid PeopleTileKey: null/0/com.android.systemui
09-22 22:31:07.964 I/sysui_multi_action( 2203): [757,337,758,2,1089,298]
09-22 22:31:07.997 W/BestClock( 1451): java.time.DateTimeException: Missing NTP fix
09-22 22:31:08.003 W/BestClock( 1451): java.time.DateTimeException: Missing NTP fix
09-22 22:31:08.004 I/netstats_mobile_sample( 1451): [0,0,0,0,0,0,0,0,0,0,0,0,1663857068004]
09-22 22:31:08.004 I/netstats_wifi_sample( 1451): [0,0,0,0,0,0,0,0,0,0,0,0,1663857068004]
09-22 22:31:08.005 W/BestClock( 1451): java.time.DateTimeException: Missing NTP fix
09-22 22:31:08.006 W/BestClock( 1451): java.time.DateTimeException: Missing NTP fix
09-22 22:31:08.015 W/BestClock( 1451): java.time.DateTimeException: Missing NTP fix
09-22 22:31:08.019 W/BestClock( 1451): java.time.DateTimeException: Missing NTP fix
09-22 22:31:08.019 I/netstats_mobile_sample( 1451): [0,0,0,0,0,0,0,0,0,0,0,0,1663857068019]
09-22 22:31:08.019 I/netstats_wifi_sample( 1451): [0,0,0,0,0,0,0,0,0,0,0,0,1663857068019]
09-22 22:31:08.021 W/BestClock( 1451): java.time.DateTimeException: Missing NTP fix
09-22 22:31:08.021 W/BestClock( 1451): java.time.DateTimeException: Missing NTP fix
09-22 22:31:08.048 D/ConnectivityService( 1451): NetReassign [no changes]
09-22 22:31:08.048 D/ConnectivityService( 1451): requestNetwork for uid/pid:1000/2203 activeRequest: null callbackRequest: 83 [NetworkRequest [ REQUEST id=84, [ Capabilities: INTERNET&NOT_RESTRICTED&TRUSTED&NOT_VCN_MANAGED Uid: 1000 RequestorUid: 1000 RequestorPkg: com.android.settings] ]] callback flags: 0 priority: 2147483647
09-22 22:31:08.049 D/ConnectivityService( 1451): NetReassign [no changes]
09-22 22:31:08.049 D/WifiNetworkFactory( 1451): got request NetworkRequest [ REQUEST id=84, [ Capabilities: INTERNET&NOT_RESTRICTED&TRUSTED&NOT_VCN_MANAGED Uid: 1000 RequestorUid: 1000 RequestorPkg: com.android.settings] ]
09-22 22:31:08.050 D/UntrustedWifiNetworkFactory( 1451): got request NetworkRequest [ REQUEST id=84, [ Capabilities: INTERNET&NOT_RESTRICTED&TRUSTED&NOT_VCN_MANAGED Uid: 1000 RequestorUid: 1000 RequestorPkg: com.android.settings] ]
09-22 22:31:08.050 D/Ethernet( 1451): got request NetworkRequest [ REQUEST id=84, [ Capabilities: INTERNET&NOT_RESTRICTED&TRUSTED&NOT_VCN_MANAGED Uid: 1000 RequestorUid: 1000 RequestorPkg: com.android.settings] ]
09-22 22:31:08.050 D/EthernetNetworkFactory( 1451): acceptRequest, request: NetworkRequest [ REQUEST id=84, [ Capabilities: INTERNET&NOT_RESTRICTED&TRUSTED&NOT_VCN_MANAGED Uid: 1000 RequestorUid: 1000 RequestorPkg: com.android.settings] ]
09-22 22:31:08.050 I/EthernetNetworkFactory( 1451): networkForRequest, request: NetworkRequest [ REQUEST id=84, [ Capabilities: INTERNET&NOT_RESTRICTED&TRUSTED&NOT_VCN_MANAGED Uid: 1000 RequestorUid: 1000 RequestorPkg: com.android.settings] ], network: null
09-22 22:31:08.050 D/OemPaidWifiNetworkFactory( 1451): got request NetworkRequest [ REQUEST id=84, [ Capabilities: INTERNET&NOT_RESTRICTED&TRUSTED&NOT_VCN_MANAGED Uid: 1000 RequestorUid: 1000 RequestorPkg: com.android.settings] ]
09-22 22:31:08.051 I/sysui_multi_action( 2203): [757,853,758,4,854,null/switch_bar,1089,0]
09-22 22:31:08.052 I/WifiService( 1451): allowConnectOnPartialScanResults=true uid=1000
09-22 22:31:08.053 W/ScanResultUtil( 1451): Empty or null ScanResult list
09-22 22:31:08.053 W/WifiService( 1451): Attempt to retrieve WifiConfiguration with invalid scanResult List
09-22 22:31:08.054 I/sysui_multi_action( 2203): [757,103,758,1,833,0,1089,69]
09-22 22:31:08.054 W/ScanResultUtil( 1451): Empty or null ScanResult list
09-22 22:31:08.054 E/WifiService( 1451): Attempt to retrieve passpoint with invalid scanResult List
09-22 22:31:08.055 W/ScanResultUtil( 1451): Empty or null ScanResult list
09-22 22:31:08.055 W/WifiService( 1451): Attempt to retrieve OsuProviders with invalid scanResult List
09-22 22:31:08.096 W/Choreographer( 1451): Frame time is 0.267602 ms in the future! Check that graphics HAL is generating vsync timestamps using the correct timebase.
09-22 22:31:08.096 W/Choreographer( 2203): Frame time is 0.12906 ms in the future! Check that graphics HAL is generating vsync timestamps using the correct timebase.
09-22 22:31:08.096 W/Choreographer( 2392): Frame time is 0.153591 ms in the future! Check that graphics HAL is generating vsync timestamps using the correct timebase.
09-22 22:31:08.138 W/System ( 1451): A resource failed to call close.
09-22 22:31:08.138 W/System ( 1451): A resource failed to call release.
09-22 22:31:08.138 W/System ( 1451): A resource failed to call close.
09-22 22:31:08.138 W/System ( 1451): A resource failed to call close.
09-22 22:31:08.139 W/System ( 1451): A resource failed to call close.
09-22 22:31:08.139 W/System ( 1451): A resource failed to call release.
09-22 22:31:08.139 W/System ( 1451): A resource failed to call close.
09-22 22:31:08.140 W/System ( 1451): A resource failed to call close.
09-22 22:31:08.140 W/System ( 1451): A resource failed to call close.
09-22 22:31:08.140 W/System ( 1451): A resource failed to call close.
09-22 22:31:08.343 I/mpu_uart( 655): [MSG-P:RECV]:No message received in 1000 ms
09-22 22:31:08.414 D/audio_hw_primary( 812): out_set_parameters: enter: usecase(1: low-latency-playback) kvpairs: suspend_playback=false
09-22 22:31:08.414 D/audio_hw_extn( 812): audio_extn_fm_set_parameters: Enter
09-22 22:31:08.415 W/audio_hw_primary( 812): out_write: underrun(123) frames_by_time(48207) > out->last_fifo_frames_remaining(384)
09-22 22:31:08.420 I/GenericSource( 1200): start
09-22 22:31:08.421 D/Avrcp_ext( 1802): AudioManager Player: AudioPlaybackConfiguration piid:71 deviceId:0 type:android.media.SoundPool u/pid:1000/1451 state:idle attr:AudioAttributes: usage=USAGE_ASSISTANCE_SONIFICATION content=CONTENT_TYPE_SONIFICATION flags=0x800 tags= bundle=null sessionId:0
09-22 22:31:08.421 D/Avrcp_ext( 1802): AudioManager Player: AudioPlaybackConfiguration piid:79 deviceId:0 type:android.media.SoundPool u/pid:10081/1803 state:idle attr:AudioAttributes: usage=USAGE_ASSISTANCE_SONIFICATION content=CONTENT_TYPE_SONIFICATION flags=0x800 tags= bundle=null sessionId:0
09-22 22:31:08.421 D/Avrcp_ext( 1802): AudioManager Player: AudioPlaybackConfiguration piid:191 deviceId:0 type:android.media.MediaPlayer u/pid:10081/1803 state:started attr:AudioAttributes: usage=USAGE_NOTIFICATION content=CONTENT_TYPE_SONIFICATION flags=0x800 tags= bundle=null sessionId:0
09-22 22:31:08.422 W/Utils ( 1200): track of type 'audio/vorbis' does not publish channel mask, channel count 1
09-22 22:31:08.422 D/Avrcp_ext( 1802): AudioManager Player in started state: com.android.systemui
09-22 22:31:08.422 D/Avrcp_ext( 1802): AudioManager Active Player: com.android.systemui
09-22 22:31:08.422 D/Avrcp_ext( 1802): AudioManager isPlaying: true, mAudioPlaybackIsActive = false
09-22 22:31:08.424 D/MediaRouter( 1803): onRestoreRoute() : route=RouteInfo{ name=平板电脑, description=null, status=null, category=RouteCategory{ name=系统 types=ROUTE_TYPE_LIVE_AUDIO ROUTE_TYPE_LIVE_VIDEO groupable=false }, supportedTypes=ROUTE_TYPE_LIVE_AUDIO ROUTE_TYPE_LIVE_VIDEO , presentationDisplay=null }
09-22 22:31:08.424 V/MediaRouter( 1803): Selecting route: RouteInfo{ name=平板电脑, description=null, status=null, category=RouteCategory{ name=系统 types=ROUTE_TYPE_LIVE_AUDIO ROUTE_TYPE_LIVE_VIDEO groupable=false }, supportedTypes=ROUTE_TYPE_LIVE_AUDIO ROUTE_TYPE_LIVE_VIDEO , presentationDisplay=null }
09-22 22:31:08.425 V/Avrcp_ext( 1802): updateCurrentMediaState: mMediaController: MediaController (com.android.systemui@dc49a66) null
09-22 22:31:08.425 W/Avrcp_ext( 1802): isMusicActive: false getBluetoothPlayState: 2 A2dp State: 11 mAudioPlaybackIsActive: true
09-22 22:31:08.425 D/Avrcp_ext( 1802): isMusicActive = false mAudioPlaybackIsActive = true player state = null
09-22 22:31:08.426 I/Avrcp_ext( 1802): Skipping update due to invalid playback state
09-22 22:31:08.426 V/Avrcp_ext( 1802): updatePlaybackState, state: null device: null
09-22 22:31:08.426 V/Avrcp_ext( 1802): Device: no name:
09-22 22:31:08.426 V/Avrcp_ext( 1802): Device: no name:
09-22 22:31:08.426 V/Avrcp_ext( 1802): Device: no name:
09-22 22:31:08.426 V/Avrcp_ext( 1802): Device: no name:
09-22 22:31:08.426 V/Avrcp_ext( 1802): Device: no name:
09-22 22:31:08.426 V/Avrcp_ext( 1802): updatePlayerStateAndPosition, old=PlaybackState {state=2, position=-1, buffered position=0, speed=0.0, updated=69121, actions=0, custom actions=[], active item id=-1, error=null}, state=null
09-22 22:31:08.426 I/Avrcp_ext( 1802): updatePlayerStateAndPosition: device: state = null
09-22 22:31:08.426 W/Utils ( 1200): track of type 'audio/vorbis' does not publish channel mask, channel count 1
09-22 22:31:08.428 D/audio_hw_primary( 812): adev_get_parameters:is_hw_dec_session_available
09-22 22:31:08.428 D/audio_hw_spkr_prot( 812): fbsp_get_parameters: Speaker protection disabled
09-22 22:31:08.428 D/soundtrigger( 812): audio_extn_sound_trigger_get_parameters input string
09-22 22:31:08.428 D/soundtrigger( 812): extract_sm_handle input string param string
09-22 22:31:08.428 D/audio_hw_extn( 812): audio_extn_fm_get_parameters: Enter
09-22 22:31:08.428 D/audio_hw_extn( 812): audio_extn_get_parameters: returns
09-22 22:31:08.428 D/audio_hw_primary( 812): adev_get_parameters: exit: returns -
09-22 22:31:08.428 I/hash_map_utils( 914): system/bt/osi/src/hash_map_utils.cc:81 hash_map_utils_dump_string_keys_string_values: key: 'is_hw_dec_session_available' value: 'audio/vorbis'
09-22 22:31:08.431 D/CCodec ( 1200): allocate(c2.android.vorbis.decoder)
09-22 22:31:08.434 I/CCodec ( 1200): setting up 'default' as default (vendor) store
09-22 22:31:08.435 V/C2Store ( 1244): in init
09-22 22:31:08.435 V/C2Store ( 1244): loading dll
09-22 22:31:08.439 I/CCodec ( 1200): Created component [c2.android.vorbis.decoder]
09-22 22:31:08.440 D/CCodecConfig( 1200): read media type: audio/vorbis
09-22 22:31:08.443 D/ReflectedParamUpdater( 1200): extent() != 1 for single value type: algo.buffers.max-count.values
09-22 22:31:08.444 D/ReflectedParamUpdater( 1200): extent() != 1 for single value type: output.subscribed-indices.values
09-22 22:31:08.444 D/ReflectedParamUpdater( 1200): extent() != 1 for single value type: input.buffers.allocator-ids.values
09-22 22:31:08.444 D/ReflectedParamUpdater( 1200): extent() != 1 for single value type: output.buffers.allocator-ids.values
09-22 22:31:08.444 D/ReflectedParamUpdater( 1200): extent() != 1 for single value type: algo.buffers.allocator-ids.values
09-22 22:31:08.444 D/ReflectedParamUpdater( 1200): extent() != 1 for single value type: output.buffers.pool-ids.values
09-22 22:31:08.445 D/ReflectedParamUpdater( 1200): extent() != 1 for single value type: algo.buffers.pool-ids.values
09-22 22:31:08.447 I/CCodecConfig( 1200): query failed after returning 7 values (BAD_INDEX)
09-22 22:31:08.447 D/CCodecConfig( 1200): c2 config diff is Dict {
09-22 22:31:08.447 D/CCodecConfig( 1200): c2::u32 coded.bitrate.value = 64000
09-22 22:31:08.447 D/CCodecConfig( 1200): c2::u32 input.buffers.max-size.value = 32768
09-22 22:31:08.447 D/CCodecConfig( 1200): c2::u32 input.delay.value = 0
09-22 22:31:08.447 D/CCodecConfig( 1200): string input.media-type.value = "audio/vorbis"
09-22 22:31:08.447 D/CCodecConfig( 1200): string output.media-type.value = "audio/raw"
09-22 22:31:08.447 D/CCodecConfig( 1200): c2::u32 raw.channel-count.value = 1
09-22 22:31:08.447 D/CCodecConfig( 1200): c2::u32 raw.sample-rate.value = 48000
09-22 22:31:08.447 D/CCodecConfig( 1200): }
09-22 22:31:08.449 D/CCodec ( 1200): [c2.android.vorbis.decoder] buffers are bound to CCodec for this session
09-22 22:31:08.449 D/CCodecConfig( 1200): no c2 equivalents for durationUs
09-22 22:31:08.449 D/CCodecConfig( 1200): no c2 equivalents for csd-1
09-22 22:31:08.449 D/CCodecConfig( 1200): no c2 equivalents for language
09-22 22:31:08.449 D/CCodecConfig( 1200): no c2 equivalents for file-format
09-22 22:31:08.449 D/CCodecConfig( 1200): no c2 equivalents for flags
09-22 22:31:08.449 D/CCodecConfig( 1200): config failed => CORRUPTED
09-22 22:31:08.449 D/CCodecConfig( 1200): c2 config diff is c2::u32 coded.bitrate.value = 70000
09-22 22:31:08.450 W/Codec2Client( 1200): query -- param skipped: index = 1107298332.
09-22 22:31:08.450 D/CCodec ( 1200): setup formats input: AMessage(what = 0x00000000) = {
09-22 22:31:08.450 D/CCodec ( 1200): int32_t bitrate = 70000
09-22 22:31:08.450 D/CCodec ( 1200): int32_t channel-count = 1
09-22 22:31:08.450 D/CCodec ( 1200): int32_t max-input-size = 65307
09-22 22:31:08.450 D/CCodec ( 1200): string mime = "audio/vorbis"
09-22 22:31:08.450 D/CCodec ( 1200): int32_t sample-rate = 48000
09-22 22:31:08.450 D/CCodec ( 1200): }
09-22 22:31:08.450 D/CCodec ( 1200): setup formats output: AMessage(what = 0x00000000) = {
09-22 22:31:08.450 D/CCodec ( 1200): int32_t channel-count = 1
09-22 22:31:08.450 D/CCodec ( 1200): string mime = "audio/raw"
09-22 22:31:08.450 D/CCodec ( 1200): int32_t sample-rate = 48000
09-22 22:31:08.450 D/CCodec ( 1200): int32_t android._config-pcm-encoding = 2
09-22 22:31:08.450 D/CCodec ( 1200): }
09-22 22:31:08.450 I/CCodecConfig( 1200): query failed after returning 7 values (BAD_INDEX)
09-22 22:31:08.451 I/MediaCodec( 1200): MediaCodec will operate in async mode
09-22 22:31:08.451 D/MediaCodec( 1200): keep callback message for reclaim
09-22 22:31:08.452 W/Codec2Client( 1200): query -- param skipped: index = 1342179345.
09-22 22:31:08.452 W/Codec2Client( 1200): query -- param skipped: index = 2415921170.
09-22 22:31:08.453 D/CCodecBufferChannel( 1200): [c2.android.vorbis.decoder#592] Created input block pool with allocatorID 16 => poolID 30 - OK (0)
09-22 22:31:08.454 I/CCodecBufferChannel( 1200): [c2.android.vorbis.decoder#592] Created output block pool with allocatorID 16 => poolID 39 - OK
09-22 22:31:08.454 D/CCodecBufferChannel( 1200): [c2.android.vorbis.decoder#592] Configured output block pool ids 39 => OK
09-22 22:31:08.454 D/CCodecBufferChannel( 1200): [c2.android.vorbis.decoder#592] start: updating output delay 0
09-22 22:31:08.455 I/CCodecBufferChannel( 1200): pipelineRoom(3) is <= numClientBuffers(3). Not signalling any more buffers to client
09-22 22:31:08.455 D/SimpleC2Component( 1244): Using output block pool with poolID 39 => got 39 - 0
09-22 22:31:08.456 D/audio_hw_primary( 812): out_set_parameters: enter: usecase(1: low-latency-playback) kvpairs: suspend_playback=true
09-22 22:31:08.456 D/audio_hw_extn( 812): audio_extn_fm_set_parameters: Enter
09-22 22:31:08.457 I/CCodecBufferChannel( 1200): pipelineRoom(2) is <= numClientBuffers(2). Not signalling any more buffers to client
09-22 22:31:08.457 I/CCodecBufferChannel( 1200): pipelineRoom(1) is <= numClientBuffers(1). Not signalling any more buffers to client
09-22 22:31:08.461 I/ExtendedNuUtils( 1200): Both src and dst missing for bit-width
09-22 22:31:08.461 I/ExtendedNuUtils( 1200): Overriding durationUs: with 64 bit src value 1728000
09-22 22:31:08.461 I/ExtendedNuUtils( 1200): Both src and dst missing for channel-mask
09-22 22:31:08.465 D/audio_hw_primary( 812): adev_get_parameters:vr_audio_mode_on
09-22 22:31:08.465 I/audio_hw_primary( 812): getting vr mode to 0
09-22 22:31:08.465 D/audio_hw_primary( 812): adev_get_parameters: exit: returns - vr_audio_mode_on=false
09-22 22:31:08.466 I/hash_map_utils( 914): system/bt/osi/src/hash_map_utils.cc:81 hash_map_utils_dump_string_keys_string_values: key: 'vr_audio_mode_on' value: ''
09-22 22:31:08.467 D/AudioFlinger( 914): Client defaulted notificationFrames to 12000 for frameCount 24000
09-22 22:31:08.468 D/AF::TrackHandle( 914): OpPlayAudio: track:69 usage:5 not muted
09-22 22:31:08.472 D/audio_hw_primary( 812): out_set_parameters: enter: usecase(1: low-latency-playback) kvpairs: suspend_playback=false
09-22 22:31:08.472 D/audio_hw_extn( 812): audio_extn_fm_set_parameters: Enter
09-22 22:31:08.472 W/audio_hw_primary( 812): out_write: underrun(124) frames_by_time(946) > out->last_fifo_frames_remaining(384)
09-22 22:31:08.500 D/audio_hw_primary( 812): out_set_parameters: enter: usecase(1: low-latency-playback) kvpairs: suspend_playback=true
09-22 22:31:08.500 D/audio_hw_extn( 812): audio_extn_fm_set_parameters: Enter
09-22 22:31:08.504 I/EffectsFactory( 812): EffectCreate() create_effect
09-22 22:31:08.507 D/audio_hw_primary( 812): out_set_parameters: enter: usecase(1: low-latency-playback) kvpairs: suspend_playback=false
09-22 22:31:08.507 D/audio_hw_extn( 812): audio_extn_fm_set_parameters: Enter
09-22 22:31:08.508 D/AudioTrack( 1200): getTimestamp_l(45): device stall time corrected using current time 275845989789
09-22 22:31:08.509 D/msm8974_platform( 812): platform_split_snd_device: snd_device(2) num devices(1) new_snd_devices(0)
09-22 22:31:08.509 D/ACDB-LOADER( 812): ACDB -> send_audvoltable
09-22 22:31:08.509 D/ACDB-LOADER( 812): ACDB -> ACDB_CMD_GET_AUDPROC_INSTANCE_GAIN_DEP_STEP_TABLE_SIZE
09-22 22:31:08.509 D/ACDB-LOADER( 812): ACDB -> ACDB_CMD_GET_AUDPROC_INSTANCE_GAIN_DEP_STEP_TABLE, vol index 5
09-22 22:31:08.509 D/ACDB-LOADER( 812): ACDB -> AUDIO_SET_VOL_CAL cal type = 40
09-22 22:31:08.510 W/audio_hw_primary( 812): out_write: underrun(125) frames_by_time(592) > out->last_fifo_frames_remaining(384)
09-22 22:31:08.510 D/audio_hw_primary( 812): out_set_parameters: enter: usecase(1: low-latency-playback) kvpairs: suspend_playback=true
09-22 22:31:08.510 D/audio_hw_extn( 812): audio_extn_fm_set_parameters: Enter
09-22 22:31:08.513 D/Avrcp_ext( 1802): AudioManager Player: AudioPlaybackConfiguration piid:71 deviceId:0 type:android.media.SoundPool u/pid:1000/1451 state:idle attr:AudioAttributes: usage=USAGE_ASSISTANCE_SONIFICATION content=CONTENT_TYPE_SONIFICATION flags=0x800 tags= bundle=null sessionId:0
09-22 22:31:08.513 D/Avrcp_ext( 1802): AudioManager Player: AudioPlaybackConfiguration piid:79 deviceId:0 type:android.media.SoundPool u/pid:10081/1803 state:idle attr:AudioAttributes: usage=USAGE_ASSISTANCE_SONIFICATION content=CONTENT_TYPE_SONIFICATION flags=0x800 tags= bundle=null sessionId:0
09-22 22:31:08.513 D/Avrcp_ext( 1802): AudioManager Player: AudioPlaybackConfiguration piid:191 deviceId:3 type:android.media.MediaPlayer u/pid:10081/1803 state:started attr:AudioAttributes: usage=USAGE_NOTIFICATION content=CONTENT_TYPE_SONIFICATION flags=0x800 tags= bundle=null sessionId:0
09-22 22:31:08.515 D/Avrcp_ext( 1802): AudioManager Player in started state: com.android.systemui
09-22 22:31:08.515 D/Avrcp_ext( 1802): AudioManager Active Player: com.android.systemui
09-22 22:31:08.515 D/Avrcp_ext( 1802): AudioManager isPlaying: true, mAudioPlaybackIsActive = true
09-22 22:31:08.523 D/audio_hw_primary( 812): out_set_parameters: enter: usecase(1: low-latency-playback) kvpairs: suspend_playback=false
09-22 22:31:08.523 D/audio_hw_extn( 812): audio_extn_fm_set_parameters: Enter
09-22 22:31:08.530 D/audio_hw_primary( 812): out_set_parameters: enter: usecase(1: low-latency-playback) kvpairs: suspend_playback=true
09-22 22:31:08.530 D/audio_hw_extn( 812): audio_extn_fm_set_parameters: Enter
09-22 22:31:08.547 D/audio_hw_primary( 812): out_set_parameters: enter: usecase(1: low-latency-playback) kvpairs: suspend_playback=false
09-22 22:31:08.547 D/audio_hw_extn( 812): audio_extn_fm_set_parameters: Enter
09-22 22:31:08.547 D/msm8974_platform( 812): platform_split_snd_device: snd_device(2) num devices(1) new_snd_devices(0)
09-22 22:31:08.547 D/ACDB-LOADER( 812): ACDB -> send_audvoltable
09-22 22:31:08.547 D/ACDB-LOADER( 812): ACDB -> ACDB_CMD_GET_AUDPROC_INSTANCE_GAIN_DEP_STEP_TABLE_SIZE
09-22 22:31:08.547 D/ACDB-LOADER( 812): ACDB -> ACDB_CMD_GET_AUDPROC_INSTANCE_GAIN_DEP_STEP_TABLE, vol index 2
09-22 22:31:08.547 D/ACDB-LOADER( 812): ACDB -> AUDIO_SET_VOL_CAL cal type = 40
09-22 22:31:09.344 I/mpu_uart( 655): [MSG-P:RECV]:No message received in 1000 ms
09-22 22:31:09.477 D/BufferPoolAccessor2.0( 1244): evictor expired: 2, evicted: 0
09-22 22:31:09.501 I/input_interaction( 1451): Interaction with: cc12349 com.android.settings/com.android.settings.Settings (server), edge-swipe (server), swipe-up (server), PointerEventDispatcher0 (server),
09-22 22:31:09.527 I/BpBinder( 927): onLastStrongRef automatically unlinking death recipients:
09-22 22:31:09.531 I/BpBinder( 927): onLastStrongRef automatically unlinking death recipients:
09-22 22:31:09.539 I/BpBinder( 927): onLastStrongRef automatically unlinking death recipients:
09-22 22:31:09.542 I/InputDispatcher( 1451): Monitor edge-swipe (server) is stealing touch from [cc12349 com.android.settings/com.android.settings.Settings (server), ]
09-22 22:31:09.542 I/view_enqueue_input_event( 2203): [Motion - Cancel,com.android.settings/com.android.settings.Settings]
09-22 22:31:09.554 I/input_interaction( 1451): Interaction with: edge-swipe (server), swipe-up (server), PointerEventDispatcher0 (server),
09-22 22:31:09.568 I/BpBinder( 927): onLastStrongRef automatically unlinking death recipients:
09-22 22:31:09.571 D/vendor.qti.vibrator( 883): Vibrator perform effect 2
09-22 22:31:09.571 D/vendor.qti.vibrator( 883): QTI Vibrator off
09-22 22:31:09.585 I/BpBinder( 927): onLastStrongRef automatically unlinking death recipients:
09-22 22:31:09.601 I/BpBinder( 927): onLastStrongRef automatically unlinking death recipients:
09-22 22:31:09.618 I/BpBinder( 927): onLastStrongRef automatically unlinking death recipients:
09-22 22:31:09.635 I/BpBinder( 927): onLastStrongRef automatically unlinking death recipients:
09-22 22:31:09.652 I/BpBinder( 927): onLastStrongRef automatically unlinking death recipients:
09-22 22:31:09.668 I/BpBinder( 927): onLastStrongRef automatically unlinking death recipients:
09-22 22:31:09.684 I/BpBinder( 927): onLastStrongRef automatically unlinking death recipients:
09-22 22:31:09.705 I/BpBinder( 927): onLastStrongRef automatically unlinking death recipients:
09-22 22:31:09.723 I/BpBinder( 927): onLastStrongRef automatically unlinking death recipients:
09-22 22:31:09.735 I/BpBinder( 927): onLastStrongRef automatically unlinking death recipients:
09-22 22:31:09.751 I/BpBinder( 927): onLastStrongRef automatically unlinking death recipients:
09-22 22:31:09.768 I/BpBinder( 927): onLastStrongRef automatically unlinking death recipients:
09-22 22:31:09.817 I/sysui_multi_action( 1451): [757,803,799,key_back_press,802,1]
09-22 22:31:09.820 I/BpBinder( 927): onLastStrongRef automatically unlinking death recipients:
09-22 22:31:09.821 I/input_interaction( 1451): Interaction with: cc12349 com.android.settings/com.android.settings.Settings (server), PointerEventDispatcher0 (server),
09-22 22:31:09.822 D/vendor.qti.vibrator( 883): Vibrator perform effect 0
09-22 22:31:09.823 D/vendor.qti.vibrator( 883): QTI Vibrator off
09-22 22:31:09.824 I/ActivityTaskManager( 1451): moveTaskToBack: Task{bdc83fa #9 type=standard A=1000:com.android.settings.root U=0 visible=true mode=freeform translucent=false sz=1}
09-22 22:31:09.824 I/wm_task_moved( 1451): [9,0,0]
09-22 22:31:09.827 I/wm_focused_root_task( 1451): [0,0,1,9,moveTaskToBackLocked]
09-22 22:31:09.829 I/input_focus( 1451): [Focus request fc61119 com.android.launcher3/com.android.launcher3.uioverrides.QuickstepLauncher,reason=UpdateInputWindows]
09-22 22:31:09.836 I/wm_on_top_resumed_lost_called( 2203): [2744048,com.android.settings.Settings,topStateChangedWhenResumed]
09-22 22:31:09.837 I/wm_on_top_resumed_gained_called( 2392): [89524022,com.android.launcher3.uioverrides.QuickstepLauncher,topStateChangedWhenResumed]
09-22 22:31:09.837 I/input_focus( 1451): [Focus leaving cc12349 com.android.settings/com.android.settings.Settings (server),reason=setFocusedWindow]
09-22 22:31:09.838 I/input_focus( 1451): [Focus entering fc61119 com.android.launcher3/com.android.launcher3.uioverrides.QuickstepLauncher (server),reason=setFocusedWindow]
09-22 22:31:09.841 D/Sogou ( 3087): onUnbindInput finish
09-22 22:31:09.842 D/Sogou ( 3087): onFinishInput:
09-22 22:31:09.861 D/CCodecBufferChannel( 1200): [c2.android.vorbis.decoder#592] buffers after EOS ignored (0 us)
09-22 22:31:09.861 D/CCodecBufferChannel( 1200): [c2.android.vorbis.decoder#592] buffers after EOS ignored (0 us)
09-22 22:31:09.862 D/AudioTrack( 1200): stop(45): called with 82980 frames delivered
09-22 22:31:10.274 D/audio_hw_primary( 812): out_set_parameters: enter: usecase(1: low-latency-playback) kvpairs: suspend_playback=true
09-22 22:31:10.274 D/audio_hw_extn( 812): audio_extn_fm_set_parameters: Enter
09-22 22:31:10.284 D/audio_hw_primary( 812): out_set_parameters: enter: usecase(1: low-latency-playback) kvpairs: suspend_playback=false
09-22 22:31:10.284 D/audio_hw_extn( 812): audio_extn_fm_set_parameters: Enter
09-22 22:31:10.293 D/audio_hw_primary( 812): out_set_parameters: enter: usecase(1: low-latency-playback) kvpairs: suspend_playback=true
09-22 22:31:10.293 D/audio_hw_extn( 812): audio_extn_fm_set_parameters: Enter
09-22 22:31:10.304 D/audio_hw_primary( 812): out_set_parameters: enter: usecase(1: low-latency-playback) kvpairs: suspend_playback=false
09-22 22:31:10.304 D/audio_hw_extn( 812): audio_extn_fm_set_parameters: Enter
09-22 22:31:10.313 D/audio_hw_primary( 812): out_set_parameters: enter: usecase(1: low-latency-playback) kvpairs: suspend_playback=true
09-22 22:31:10.314 D/audio_hw_extn( 812): audio_extn_fm_set_parameters: Enter
09-22 22:31:10.315 I/MediaFocusControl( 1451): abandonAudioFocus() from uid/pid 10081/1803 clientId=android.media.AudioManager@f3b7d49
09-22 22:31:10.317 V/MediaPlayer( 1803): resetDrmState: mDrmInfo=null mDrmProvisioningThread=null mPrepareDrmInProgress=false mActiveDrmScheme=false
09-22 22:31:10.317 V/MediaPlayer( 1803): cleanDrmObj: mDrmObj=null mDrmSessionId=null
09-22 22:31:10.318 D/Avrcp_ext( 1802): AudioManager Player: AudioPlaybackConfiguration piid:71 deviceId:0 type:android.media.SoundPool u/pid:1000/1451 state:idle attr:AudioAttributes: usage=USAGE_ASSISTANCE_SONIFICATION content=CONTENT_TYPE_SONIFICATION flags=0x800 tags= bundle=null sessionId:0
09-22 22:31:10.318 D/NuPlayerDriver( 1200): reset(0xed2c0470) at state 6
09-22 22:31:10.318 D/Avrcp_ext( 1802): AudioManager Player: AudioPlaybackConfiguration piid:79 deviceId:0 type:android.media.SoundPool u/pid:10081/1803 state:idle attr:AudioAttributes: usage=USAGE_ASSISTANCE_SONIFICATION content=CONTENT_TYPE_SONIFICATION flags=0x800 tags= bundle=null sessionId:0
09-22 22:31:10.318 D/Avrcp_ext( 1802): AudioManager Player: AudioPlaybackConfiguration piid:191 deviceId:3 type:android.media.MediaPlayer u/pid:10081/1803 state:stopped attr:AudioAttributes: usage=USAGE_NOTIFICATION content=CONTENT_TYPE_SONIFICATION flags=0x800 tags= bundle=null sessionId:0
09-22 22:31:10.318 D/Avrcp_ext( 1802): AudioManager isPlaying: false, mAudioPlaybackIsActive = true
09-22 22:31:10.318 D/Avrcp_ext( 1802): AudioManager Reset Active Player
09-22 22:31:10.320 D/audio_hw_primary( 812): out_set_parameters: enter: usecase(1: low-latency-playback) kvpairs: suspend_playback=false
09-22 22:31:10.320 D/audio_hw_extn( 812): audio_extn_fm_set_parameters: Enter
09-22 22:31:10.322 V/Avrcp_ext( 1802): updateCurrentMediaState: mMediaController: MediaController (com.android.systemui@dc49a66) null
09-22 22:31:10.322 W/Avrcp_ext( 1802): isMusicActive: false getBluetoothPlayState: 2 A2dp State: 11 mAudioPlaybackIsActive: false
09-22 22:31:10.322 D/Avrcp_ext( 1802): isMusicActive = false mAudioPlaybackIsActive = false player state = null
09-22 22:31:10.323 I/Avrcp_ext( 1802): Skipping update due to invalid playback state
09-22 22:31:10.323 V/Avrcp_ext( 1802): updatePlaybackState, state: null device: null
09-22 22:31:10.323 V/Avrcp_ext( 1802): Device: no name:
09-22 22:31:10.323 V/Avrcp_ext( 1802): Device: no name:
09-22 22:31:10.323 V/Avrcp_ext( 1802): Device: no name:
09-22 22:31:10.323 V/Avrcp_ext( 1802): Device: no name:
09-22 22:31:10.324 V/Avrcp_ext( 1802): Device: no name:
09-22 22:31:10.324 I/hw-BpHwBinder( 1200): onLastStrongRef automatically unlinking death recipients
09-22 22:31:10.324 V/Avrcp_ext( 1802): updatePlayerStateAndPosition, old=PlaybackState {state=2, position=-1, buffered position=0, speed=0.0, updated=69121, actions=0, custom actions=[], active item id=-1, error=null}, state=null
09-22 22:31:10.324 I/Avrcp_ext( 1802): updatePlayerStateAndPosition: device: state = null
09-22 22:31:10.324 I/hw-BpHwBinder( 1244): onLastStrongRef automatically unlinking death recipients
09-22 22:31:10.324 D/Avrcp_ext( 1802): AudioManager Player: AudioPlaybackConfiguration piid:71 deviceId:0 type:android.media.SoundPool u/pid:1000/1451 state:idle attr:AudioAttributes: usage=USAGE_ASSISTANCE_SONIFICATION content=CONTENT_TYPE_SONIFICATION flags=0x800 tags= bundle=null sessionId:0
09-22 22:31:10.324 D/Avrcp_ext( 1802): AudioManager Player: AudioPlaybackConfiguration piid:79 deviceId:0 type:android.media.SoundPool u/pid:10081/1803 state:idle attr:AudioAttributes: usage=USAGE_ASSISTANCE_SONIFICATION content=CONTENT_TYPE_SONIFICATION flags=0x800 tags= bundle=null sessionId:0
09-22 22:31:10.324 D/Avrcp_ext( 1802): AudioManager isPlaying: false, mAudioPlaybackIsActive = false
09-22 22:31:10.324 D/Avrcp_ext( 1802): AudioManager Reset Active Player
09-22 22:31:10.326 V/C2Store ( 1244): in ~ComponentModule
09-22 22:31:10.326 V/C2Store ( 1244): unloading dll
09-22 22:31:10.329 D/NuPlayerDriver( 1200): notifyResetComplete(0xed2c0470)
09-22 22:31:10.330 W/AMessage( 1200): failed to post message as target looper for handler 0 is gone.
09-22 22:31:10.344 I/mpu_uart( 655): [MSG-P:RECV]:No message received in 1000 ms
09-22 22:31:10.364 D/audio_hw_primary( 812): out_set_parameters: enter: usecase(1: low-latency-playback) kvpairs: suspend_playback=true
09-22 22:31:10.364 D/audio_hw_extn( 812): audio_extn_fm_set_parameters: Enter
09-22 22:31:10.365 D/msm8974_platform( 812): platform_split_snd_device: snd_device(2) num devices(1) new_snd_devices(0)
09-22 22:31:10.365 D/ACDB-LOADER( 812): ACDB -> send_audvoltable
09-22 22:31:10.365 D/ACDB-LOADER( 812): ACDB -> ACDB_CMD_GET_AUDPROC_INSTANCE_GAIN_DEP_STEP_TABLE_SIZE
09-22 22:31:10.365 D/ACDB-LOADER( 812): ACDB -> ACDB_CMD_GET_AUDPROC_INSTANCE_GAIN_DEP_STEP_TABLE, vol index 0
09-22 22:31:10.365 D/ACDB-LOADER( 812): ACDB -> AUDIO_SET_VOL_CAL cal type = 40
09-22 22:31:10.366 D/msm8974_platform( 812): platform_split_snd_device: snd_device(2) num devices(1) new_snd_devices(0)
09-22 22:31:10.477 D/BufferPoolAccessor2.0( 1200): evictor expired: 2, evicted: 0
09-22 22:31:10.491 I/mpu_uart( 655): [MSG-P:R]:recv sync frame timeout
09-22 22:31:10.692 I/input_interaction( 1451): Interaction with: cc12349 com.android.settings/com.android.settings.Settings (server), edge-swipe (server), swipe-up (server), PointerEventDispatcher0 (server),
09-22 22:31:10.696 I/wm_task_moved( 1451): [9,1,8]
09-22 22:31:10.696 I/wm_task_to_front( 1451): [0,9]
09-22 22:31:10.701 I/wm_set_resumed_activity( 1451): [0,com.android.settings/.Settings,positionChildAt]
09-22 22:31:10.701 I/wm_focused_root_task( 1451): [0,0,9,1,setFocusedTask]
09-22 22:31:10.701 I/wm_set_resumed_activity( 1451): [0,com.android.settings/.Settings,setFocusedTask]
09-22 22:31:10.701 I/wm_on_top_resumed_lost_called( 2392): [89524022,com.android.launcher3.uioverrides.QuickstepLauncher,topStateChangedWhenResumed]
09-22 22:31:10.702 I/input_focus( 1451): [Focus request cc12349 com.android.settings/com.android.settings.Settings,reason=UpdateInputWindows]
09-22 22:31:10.702 I/wm_on_top_resumed_gained_called( 2203): [2744048,com.android.settings.Settings,topStateChangedWhenResumed]
09-22 22:31:10.720 I/input_focus( 1451): [Focus leaving fc61119 com.android.launcher3/com.android.launcher3.uioverrides.QuickstepLauncher (server),reason=setFocusedWindow]
09-22 22:31:10.720 I/input_focus( 1451): [Focus entering cc12349 com.android.settings/com.android.settings.Settings (server),reason=setFocusedWindow]
09-22 22:31:10.726 D/Sogou ( 3087): onUnbindInput finish
09-22 22:31:10.726 D/Sogou ( 3087): onFinishInput:
09-22 22:31:11.034 I/hwservicemanager( 513): getTransport: Cannot find entry android.hardware.light@2.0::ILight/default in either framework or device VINTF manifest.
09-22 22:31:11.036 E/light ( 4454): light_open lights keyboard failed: -22
09-22 22:31:11.036 E/light ( 4454): Light passthrough failed to load legacy HAL.
09-22 22:31:11.037 E/light ( 4454): light_open lights buttons failed: -22
09-22 22:31:11.037 E/light ( 4454): Light passthrough failed to load legacy HAL.
09-22 22:31:11.038 E/light ( 4454): light_open lights bluetooth failed: -22
09-22 22:31:11.038 E/light ( 4454): Light passthrough failed to load legacy HAL.
09-22 22:31:11.038 E/light ( 4454): light_open lights wifi failed: -22
09-22 22:31:11.038 E/light ( 4454): Light passthrough failed to load legacy HAL.
09-22 22:31:11.039 I/hwservicemanager( 513): getTransport: Cannot find entry android.hardware.light@2.0::ILight/default in either framework or device VINTF manifest.
09-22 22:31:11.039 E/HidlServiceManagement( 4454): Service android.hardware.light@2.0::ILight/default must be in VINTF manifest in order to register/get.
09-22 22:31:11.039 E/LegacySupport( 4454): Could not register service android.hardware.light@2.0::ILight/default (-2147483648).
09-22 22:31:11.112 E/TaskPersister( 1451): File error accessing recents directory (directory doesn't exist?).
09-22 22:31:11.344 I/mpu_uart( 655): [MSG-P:RECV]:No message received in 1000 ms
09-22 22:31:11.365 D/audio_hw_primary( 812): out_set_parameters: enter: usecase(1: low-latency-playback) kvpairs: suspend_playback=false
09-22 22:31:11.365 D/audio_hw_extn( 812): audio_extn_fm_set_parameters: Enter
09-22 22:31:11.368 W/audio_hw_primary( 812): out_write: underrun(126) frames_by_time(48278) > out->last_fifo_frames_remaining(384)
09-22 22:31:11.409 D/audio_hw_primary( 812): out_set_parameters: enter: usecase(1: low-latency-playback) kvpairs: suspend_playback=true
09-22 22:31:11.409 D/audio_hw_extn( 812): audio_extn_fm_set_parameters: Enter
09-22 22:31:11.478 D/BufferPoolAccessor2.0( 1200): bufferpool2 0xecc83e08 : 0(0 size) total buffers - 0(0 size) used buffers - 94/102 (recycle/alloc) - 8/198 (fetch/transfer)
09-22 22:31:11.478 D/BufferPoolAccessor2.0( 1200): evictor expired: 1, evicted: 1
09-22 22:31:11.479 D/BufferPoolAccessor2.0( 1244): bufferpool2 0xb40000763561ada8 : 0(0 size) total buffers - 0(0 size) used buffers - 93/97 (recycle/alloc) - 4/96 (fetch/transfer)
09-22 22:31:11.480 D/BufferPoolAccessor2.0( 1244): evictor expired: 1, evicted: 1
09-22 22:31:11.514 I/input_interaction( 1451): Interaction with: 2329d16 StatusBar (server), edge-swipe (server), swipe-up (server), PointerEventDispatcher0 (server),
09-22 22:31:11.520 I/sysui_multi_action( 1803): [757,803,799,panel_open,802,1]
09-22 22:31:11.521 I/sysui_multi_action( 1803): [757,1328,758,4,1326,34,1327,1,1329,0]
09-22 22:31:11.597 D/StatusBar( 1803): disable disable2
09-22 22:31:11.597 I/sysui_multi_action( 1451): [757,127,758,1]
09-22 22:31:11.597 I/sysui_multi_action( 1451): [757,804,799,note_load,801,2,802,1]
09-22 22:31:11.598 I/notification_panel_revealed( 1451): 2
09-22 22:31:11.602 I/notification_enqueue( 1451): [10081,1803,com.android.systemui,2048,NULL,0,Notification(channel=updateNotification shortcut=null contentView=null vibrate=null sound=null defaults=0x0 flags=0x0 color=0x00000000 vis=PRIVATE),1]
09-22 22:31:11.602 I/sysui_multi_action( 1803): [757,111,758,2]
09-22 22:31:11.603 I/sysui_multi_action( 1803): [757,111,758,2]
09-22 22:31:11.616 W/RingtonePlayer( 1803): STOP command without a player
09-22 22:31:11.627 I/input_focus( 1451): [Focus request f3befb5 NotificationShade,reason=UpdateInputWindows]
09-22 22:31:11.632 I/sysui_multi_action( 1803): [757,111,758,1]
09-22 22:31:11.633 I/sysui_multi_action( 1803): [757,126,758,1,759,126,927,0,928,0,1593,1]
09-22 22:31:11.633 I/sysui_multi_action( 1803): [757,113,758,1,759,113,927,1,928,1,1593,1]
09-22 22:31:11.633 I/sysui_multi_action( 1803): [757,0,758,1,759,0,927,2,928,0,1593,1]
09-22 22:31:11.633 I/sysui_multi_action( 1803): [757,0,758,1,759,0,927,3,928,0,1593,1]
09-22 22:31:11.633 I/sysui_multi_action( 1803): [757,1706,758,1,759,1706,927,4,928,0,1593,1]
09-22 22:31:11.633 I/sysui_multi_action( 1803): [757,491,758,1,759,491,927,5,928,0,1311,-1,1593,0]
09-22 22:31:11.634 I/sysui_multi_action( 1803): [757,0,758,1,759,0,927,6,928,0,1593,0]
09-22 22:31:11.634 I/sysui_multi_action( 1803): [757,111,758,1]
09-22 22:31:11.634 I/sysui_multi_action( 1803): [757,126,758,1,759,126,927,0,928,0,1593,1]
09-22 22:31:11.634 I/sysui_multi_action( 1803): [757,113,758,1,759,113,927,1,928,1,1593,1]
09-22 22:31:11.634 I/sysui_multi_action( 1803): [757,0,758,1,759,0,927,2,928,0,1593,1]
09-22 22:31:11.634 I/sysui_multi_action( 1803): [757,0,758,1,759,0,927,3,928,0,1593,1]
09-22 22:31:11.638 W/View ( 1803): requestLayout() improperly called by com.android.systemui.util.animation.UniqueObjectHostView{24dc5a4 V.E...... ......ID 0,0-666,156} during layout: running second layout pass
09-22 22:31:11.655 I/sysui_multi_action( 1803): [757,111,758,2]
09-22 22:31:11.655 I/notification_enqueue( 1451): [10081,1803,com.android.systemui,2048,NULL,0,Notification(channel=updateNotification shortcut=null contentView=null vibrate=null sound=null defaults=0x0 flags=0x0 color=0x00000000 vis=PRIVATE),1]
09-22 22:31:11.655 I/sysui_multi_action( 1803): [757,111,758,2]
09-22 22:31:11.657 I/input_focus( 1451): [Focus leaving cc12349 com.android.settings/com.android.settings.Settings (server),reason=setFocusedWindow]
09-22 22:31:11.657 I/input_focus( 1451): [Focus entering f3befb5 NotificationShade (server),reason=setFocusedWindow]
09-22 22:31:11.661 I/sysui_multi_action( 1803): [757,111,758,1]
09-22 22:31:11.662 I/sysui_multi_action( 1803): [757,126,758,1,759,126,927,0,928,0,1593,1]
09-22 22:31:11.662 I/sysui_multi_action( 1803): [757,113,758,1,759,113,927,1,928,1,1593,1]
09-22 22:31:11.662 I/sysui_multi_action( 1803): [757,0,758,1,759,0,927,2,928,0,1593,1]
09-22 22:31:11.662 I/sysui_multi_action( 1803): [757,0,758,1,759,0,927,3,928,0,1593,1]
09-22 22:31:11.662 I/sysui_multi_action( 1803): [757,1706,758,1,759,1706,927,4,928,0,1593,1]
09-22 22:31:11.662 I/sysui_multi_action( 1803): [757,491,758,1,759,491,927,5,928,0,1311,-1,1593,0]
09-22 22:31:11.662 I/sysui_multi_action( 1803): [757,0,758,1,759,0,927,6,928,0,1593,0]
09-22 22:31:11.662 I/sysui_multi_action( 1803): [757,111,758,1]
09-22 22:31:11.662 I/sysui_multi_action( 1803): [757,126,758,1,759,126,927,0,928,0,1593,1]
09-22 22:31:11.662 I/sysui_multi_action( 1803): [757,113,758,1,759,113,927,1,928,1,1593,1]
09-22 22:31:11.662 I/sysui_multi_action( 1803): [757,0,758,1,759,0,927,2,928,0,1593,1]
09-22 22:31:11.662 I/sysui_multi_action( 1803): [757,0,758,1,759,0,927,3,928,0,1593,1]
09-22 22:31:11.665 W/View ( 1803): requestLayout() improperly called by com.android.systemui.util.animation.UniqueObjectHostView{24dc5a4 V.E...... ......ID 0,0-666,156} during layout: running second layout pass
09-22 22:31:11.681 I/sysui_multi_action( 1803): [757,111,758,2]
09-22 22:31:11.681 I/notification_enqueue( 1451): [10081,1803,com.android.systemui,2048,NULL,0,Notification(channel=updateNotification shortcut=null contentView=null vibrate=null sound=null defaults=0x0 flags=0x0 color=0x00000000 vis=PRIVATE),1]
09-22 22:31:11.681 I/sysui_multi_action( 1803): [757,111,758,2]
09-22 22:31:11.687 I/sysui_multi_action( 1803): [757,111,758,1]
09-22 22:31:11.687 I/sysui_multi_action( 1803): [757,126,758,1,759,126,927,0,928,0,1593,1]
09-22 22:31:11.687 I/sysui_multi_action( 1803): [757,113,758,1,759,113,927,1,928,1,1593,1]
09-22 22:31:11.687 I/sysui_multi_action( 1803): [757,0,758,1,759,0,927,2,928,0,1593,1]
09-22 22:31:11.687 I/sysui_multi_action( 1803): [757,0,758,1,759,0,927,3,928,0,1593,1]
09-22 22:31:11.687 I/sysui_multi_action( 1803): [757,1706,758,1,759,1706,927,4,928,0,1593,1]
09-22 22:31:11.687 I/sysui_multi_action( 1803): [757,491,758,1,759,491,927,5,928,0,1311,-1,1593,0]
09-22 22:31:11.687 I/sysui_multi_action( 1803): [757,0,758,1,759,0,927,6,928,0,1593,0]
09-22 22:31:11.687 I/sysui_multi_action( 1803): [757,111,758,1]
09-22 22:31:11.688 I/sysui_multi_action( 1803): [757,126,758,1,759,126,927,0,928,0,1593,1]
09-22 22:31:11.688 I/sysui_multi_action( 1803): [757,113,758,1,759,113,927,1,928,1,1593,1]
09-22 22:31:11.688 I/sysui_multi_action( 1803): [757,0,758,1,759,0,927,2,928,0,1593,1]
09-22 22:31:11.688 I/sysui_multi_action( 1803): [757,0,758,1,759,0,927,3,928,0,1593,1]
09-22 22:31:11.690 W/View ( 1803): requestLayout() improperly called by com.android.systemui.util.animation.UniqueObjectHostView{24dc5a4 V.E...... ......ID 0,0-666,156} during layout: running second layout pass
09-22 22:31:11.701 I/sysui_multi_action( 1803): [757,111,758,2]
09-22 22:31:11.701 I/notification_enqueue( 1451): [10081,1803,com.android.systemui,2048,NULL,0,Notification(channel=updateNotification shortcut=null contentView=null vibrate=null sound=null defaults=0x0 flags=0x0 color=0x00000000 vis=PRIVATE),1]
09-22 22:31:11.701 I/sysui_multi_action( 1803): [757,111,758,2]
09-22 22:31:11.705 I/sysui_multi_action( 1803): [757,111,758,1]
09-22 22:31:11.705 I/sysui_multi_action( 1803): [757,126,758,1,759,126,927,0,928,0,1593,1]
09-22 22:31:11.705 I/sysui_multi_action( 1803): [757,113,758,1,759,113,927,1,928,1,1593,1]
09-22 22:31:11.705 I/sysui_multi_action( 1803): [757,0,758,1,759,0,927,2,928,0,1593,1]
09-22 22:31:11.705 I/sysui_multi_action( 1803): [757,0,758,1,759,0,927,3,928,0,1593,1]
09-22 22:31:11.705 I/sysui_multi_action( 1803): [757,1706,758,1,759,1706,927,4,928,0,1593,1]
09-22 22:31:11.705 I/sysui_multi_action( 1803): [757,491,758,1,759,491,927,5,928,0,1311,-1,1593,0]
09-22 22:31:11.705 I/sysui_multi_action( 1803): [757,0,758,1,759,0,927,6,928,0,1593,0]
09-22 22:31:11.705 I/sysui_multi_action( 1803): [757,111,758,1]
09-22 22:31:11.705 I/sysui_multi_action( 1803): [757,126,758,1,759,126,927,0,928,0,1593,1]
09-22 22:31:11.705 I/sysui_multi_action( 1803): [757,113,758,1,759,113,927,1,928,1,1593,1]
09-22 22:31:11.705 I/sysui_multi_action( 1803): [757,0,758,1,759,0,927,2,928,0,1593,1]
09-22 22:31:11.705 I/sysui_multi_action( 1803): [757,0,758,1,759,0,927,3,928,0,1593,1]
09-22 22:31:11.708 W/View ( 1803): requestLayout() improperly called by com.android.systemui.util.animation.UniqueObjectHostView{24dc5a4 V.E...... ......ID 0,0-666,156} during layout: running second layout pass
09-22 22:31:11.719 I/sysui_multi_action( 1803): [757,111,758,2]
09-22 22:31:11.719 I/sysui_multi_action( 1803): [757,111,758,2]
09-22 22:31:11.719 I/notification_enqueue( 1451): [10081,1803,com.android.systemui,2048,NULL,0,Notification(channel=updateNotification shortcut=null contentView=null vibrate=null sound=null defaults=0x0 flags=0x0 color=0x00000000 vis=PRIVATE),1]
09-22 22:31:11.722 I/sysui_multi_action( 1803): [757,111,758,1]
09-22 22:31:11.722 I/sysui_multi_action( 1803): [757,126,758,1,759,126,927,0,928,0,1593,1]
09-22 22:31:11.723 I/sysui_multi_action( 1803): [757,113,758,1,759,113,927,1,928,1,1593,1]
09-22 22:31:11.723 I/sysui_multi_action( 1803): [757,0,758,1,759,0,927,2,928,0,1593,1]
09-22 22:31:11.723 I/sysui_multi_action( 1803): [757,0,758,1,759,0,927,3,928,0,1593,1]
09-22 22:31:11.723 I/sysui_multi_action( 1803): [757,1706,758,1,759,1706,927,4,928,0,1593,1]
09-22 22:31:11.723 I/sysui_multi_action( 1803): [757,491,758,1,759,491,927,5,928,0,1311,-1,1593,0]
09-22 22:31:11.723 I/sysui_multi_action( 1803): [757,0,758,1,759,0,927,6,928,0,1593,0]
09-22 22:31:11.723 I/sysui_multi_action( 1803): [757,111,758,1]
09-22 22:31:11.723 I/sysui_multi_action( 1803): [757,126,758,1,759,126,927,0,928,0,1593,1]
09-22 22:31:11.723 I/sysui_multi_action( 1803): [757,113,758,1,759,113,927,1,928,1,1593,1]
09-22 22:31:11.723 I/sysui_multi_action( 1803): [757,0,758,1,759,0,927,2,928,0,1593,1]
09-22 22:31:11.723 I/sysui_multi_action( 1803): [757,0,758,1,759,0,927,3,928,0,1593,1]
09-22 22:31:11.725 W/View ( 1803): requestLayout() improperly called by com.android.systemui.util.animation.UniqueObjectHostView{24dc5a4 V.E...... ......ID 0,0-666,156} during layout: running second layout pass
09-22 22:31:11.735 I/sysui_multi_action( 1803): [757,111,758,2]
09-22 22:31:11.735 I/notification_enqueue( 1451): [10081,1803,com.android.systemui,2048,NULL,0,Notification(channel=updateNotification shortcut=null contentView=null vibrate=null sound=null defaults=0x0 flags=0x0 color=0x00000000 vis=PRIVATE),1]
09-22 22:31:11.735 I/sysui_multi_action( 1803): [757,111,758,2]
09-22 22:31:11.738 I/sysui_multi_action( 1803): [757,111,758,1]
09-22 22:31:11.738 I/sysui_multi_action( 1803): [757,126,758,1,759,126,927,0,928,0,1593,1]
09-22 22:31:11.738 I/sysui_multi_action( 1803): [757,113,758,1,759,113,927,1,928,1,1593,1]
09-22 22:31:11.738 I/sysui_multi_action( 1803): [757,0,758,1,759,0,927,2,928,0,1593,1]
09-22 22:31:11.738 I/sysui_multi_action( 1803): [757,0,758,1,759,0,927,3,928,0,1593,1]
09-22 22:31:11.738 I/sysui_multi_action( 1803): [757,1706,758,1,759,1706,927,4,928,0,1593,1]
09-22 22:31:11.739 I/sysui_multi_action( 1803): [757,491,758,1,759,491,927,5,928,0,1311,-1,1593,0]
09-22 22:31:11.739 I/sysui_multi_action( 1803): [757,0,758,1,759,0,927,6,928,0,1593,0]
09-22 22:31:11.739 I/sysui_multi_action( 1803): [757,111,758,1]
09-22 22:31:11.739 I/sysui_multi_action( 1803): [757,126,758,1,759,126,927,0,928,0,1593,1]
09-22 22:31:11.739 I/sysui_multi_action( 1803): [757,113,758,1,759,113,927,1,928,1,1593,1]
09-22 22:31:11.739 I/sysui_multi_action( 1803): [757,0,758,1,759,0,927,2,928,0,1593,1]
09-22 22:31:11.739 I/sysui_multi_action( 1803): [757,0,758,1,759,0,927,3,928,0,1593,1]
09-22 22:31:11.741 W/View ( 1803): requestLayout() improperly called by com.android.systemui.util.animation.UniqueObjectHostView{24dc5a4 V.E...... ......ID 0,0-666,156} during layout: running second layout pass
09-22 22:31:11.751 I/sysui_multi_action( 1803): [757,111,758,2]
09-22 22:31:11.751 I/notification_enqueue( 1451): [10081,1803,com.android.systemui,2048,NULL,0,Notification(channel=updateNotification shortcut=null contentView=null vibrate=null sound=null defaults=0x0 flags=0x0 color=0x00000000 vis=PRIVATE),1]
09-22 22:31:11.751 I/sysui_multi_action( 1803): [757,111,758,2]
09-22 22:31:11.755 I/sysui_multi_action( 1803): [757,111,758,1]
09-22 22:31:11.755 I/sysui_multi_action( 1803): [757,126,758,1,759,126,927,0,928,0,1593,1]
09-22 22:31:11.755 I/sysui_multi_action( 1803): [757,113,758,1,759,113,927,1,928,1,1593,1]
09-22 22:31:11.755 I/sysui_multi_action( 1803): [757,0,758,1,759,0,927,2,928,0,1593,1]
09-22 22:31:11.755 I/sysui_multi_action( 1803): [757,0,758,1,759,0,927,3,928,0,1593,1]
09-22 22:31:11.755 I/sysui_multi_action( 1803): [757,1706,758,1,759,1706,927,4,928,0,1593,1]
09-22 22:31:11.756 I/sysui_multi_action( 1803): [757,491,758,1,759,491,927,5,928,0,1311,-1,1593,0]
09-22 22:31:11.756 I/sysui_multi_action( 1803): [757,0,758,1,759,0,927,6,928,0,1593,0]
09-22 22:31:11.756 I/sysui_multi_action( 1803): [757,111,758,1]
09-22 22:31:11.756 I/sysui_multi_action( 1803): [757,126,758,1,759,126,927,0,928,0,1593,1]
09-22 22:31:11.756 I/sysui_multi_action( 1803): [757,113,758,1,759,113,927,1,928,1,1593,1]
09-22 22:31:11.756 I/sysui_multi_action( 1803): [757,0,758,1,759,0,927,2,928,0,1593,1]
09-22 22:31:11.756 I/sysui_multi_action( 1803): [757,0,758,1,759,0,927,3,928,0,1593,1]
09-22 22:31:11.758 W/View ( 1803): requestLayout() improperly called by com.android.systemui.util.animation.UniqueObjectHostView{24dc5a4 V.E...... ......ID 0,0-666,156} during layout: running second layout pass
09-22 22:31:11.770 I/sysui_multi_action( 1803): [757,111,758,2]
09-22 22:31:11.770 I/notification_enqueue( 1451): [10081,1803,com.android.systemui,2048,NULL,0,Notification(channel=updateNotification shortcut=null contentView=null vibrate=null sound=null defaults=0x0 flags=0x0 color=0x00000000 vis=PRIVATE),1]
09-22 22:31:11.770 I/sysui_multi_action( 1803): [757,111,758,2]
09-22 22:31:11.774 I/sysui_multi_action( 1803): [757,111,758,1]
09-22 22:31:11.774 I/sysui_multi_action( 1803): [757,126,758,1,759,126,927,0,928,0,1593,1]
09-22 22:31:11.774 I/sysui_multi_action( 1803): [757,113,758,1,759,113,927,1,928,1,1593,1]
09-22 22:31:11.774 I/sysui_multi_action( 1803): [757,0,758,1,759,0,927,2,928,0,1593,1]
09-22 22:31:11.774 I/sysui_multi_action( 1803): [757,0,758,1,759,0,927,3,928,0,1593,1]
09-22 22:31:11.774 I/sysui_multi_action( 1803): [757,1706,758,1,759,1706,927,4,928,0,1593,1]
09-22 22:31:11.775 I/sysui_multi_action( 1803): [757,491,758,1,759,491,927,5,928,0,1311,-1,1593,0]
09-22 22:31:11.775 I/sysui_multi_action( 1803): [757,0,758,1,759,0,927,6,928,0,1593,0]
09-22 22:31:11.775 I/sysui_multi_action( 1803): [757,111,758,1]
09-22 22:31:11.775 I/sysui_multi_action( 1803): [757,126,758,1,759,126,927,0,928,0,1593,1]
