09-22 22:32:56.215 E/light ( 4676): light_open lights keyboard failed: -22
09-22 22:32:56.215 E/light ( 4676): Light passthrough failed to load legacy HAL.
09-22 22:32:56.215 E/light ( 4676): light_open lights buttons failed: -22
09-22 22:32:56.215 E/light ( 4676): Light passthrough failed to load legacy HAL.
09-22 22:32:56.216 E/light ( 4676): light_open lights bluetooth failed: -22
09-22 22:32:56.216 E/light ( 4676): Light passthrough failed to load legacy HAL.
09-22 22:32:56.216 E/light ( 4676): light_open lights wifi failed: -22
09-22 22:32:56.216 E/light ( 4676): Light passthrough failed to load legacy HAL.
09-22 22:32:56.217 I/hwservicemanager( 513): getTransport: Cannot find entry android.hardware.light@2.0::ILight/default in either framework or device VINTF manifest.
09-22 22:32:56.217 E/HidlServiceManagement( 4676): Service android.hardware.light@2.0::ILight/default must be in VINTF manifest in order to register/get.
09-22 22:32:56.217 E/LegacySupport( 4676): Could not register service android.hardware.light@2.0::ILight/default (-2147483648).
09-22 22:32:56.381 I/mpu_uart( 655): [MSG-P:RECV]:No message received in 1000 ms
09-22 22:32:57.221 F/linker ( 4677): CANNOT LINK EXECUTABLE "/vendor/bin/hw/qvrservice": library "vendor.qti.hardware.qxr-V1-ndk_platform.so" not found: needed by /vendor/lib64/libqvrservice.so in namespace (default)
09-22 22:32:57.221 F/linker ( 4678): CANNOT LINK EXECUTABLE "/vendor/bin/hw/sxrservice": library "vendor.qti.hardware.qxr-V1-ndk_platform.so" not found: needed by main executable
09-22 22:32:57.381 I/mpu_uart( 655): [MSG-P:RECV]:No message received in 1000 ms
09-22 22:32:58.381 I/mpu_uart( 655): [MSG-P:RECV]:No message received in 1000 ms
09-22 22:32:58.590 I/mpu_uart( 655): [MSG-P:R]:recv sync frame timeout
09-22 22:32:59.381 I/mpu_uart( 655): [MSG-P:RECV]:No message received in 1000 ms
09-22 22:33:00.005 D/KeyguardUpdateMonitor( 1803): received broadcast android.intent.action.TIME_TICK
09-22 22:33:00.009 D/KeyguardUpdateMonitor( 1803): handleTimeUpdate
09-22 22:33:00.382 I/mpu_uart( 655): [MSG-P:RECV]:No message received in 1000 ms
09-22 22:33:00.438 I/OpenGLRenderer( 2203): Davey! duration=9223371649151ms; Flags=0, FrameTimelineVsyncId=22855, IntendedVsync=387702678396, Vsync=387702678396, InputEventId=0, HandleInputStart=387703429746, AnimationStart=387703432454, PerformTraversalsStart=387703435111, DrawStart=387760535527, FrameDeadline=387719345062, FrameInterval=387703418288, FrameStartTime=16666666, SyncQueued=387761468548, SyncStart=387761672038, IssueDrawCommandsStart=387762724277, SwapBuffers=387765576152, FrameCompleted=9223372036854775807, DequeueBufferDuration=43541, QueueBufferDuration=668750, GpuCompleted=9223372036854775807, SwapBuffersCompleted=387766667975, DisplayPresentTime=0,
09-22 22:33:00.554 V/DisplayPowerController[0]( 1451): Brightness [0.05] reason changing to: 'manual [ dim ]', previous reason: 'manual'.
09-22 22:33:00.555 I/sysui_multi_action( 1451): [757,1696,758,6,759,2]
09-22 22:33:00.567 E/DisplayDeviceConfig( 1451): requesting nits when no mapping exists.
09-22 22:33:00.567 E/DisplayDeviceConfig( 1451): requesting nits when no mapping exists.
09-22 22:33:00.568 I/am_wtf ( 1451): [0,1451,system_server,-1,DisplayDeviceConfig,requesting nits when no mapping exists.]
09-22 22:33:00.569 I/DropBoxManagerService( 1451): add tag=system_server_wtf isTagEnabled=true flags=0x2
09-22 22:33:00.571 I/am_wtf ( 1451): [0,1451,system_server,-1,DisplayDeviceConfig,requesting nits when no mapping exists.]
09-22 22:33:00.572 I/DropBoxManagerService( 1451): add tag=system_server_wtf isTagEnabled=true flags=0x2
09-22 22:33:00.583 E/DisplayDeviceConfig( 1451): requesting nits when no mapping exists.
09-22 22:33:00.584 E/DisplayDeviceConfig( 1451): requesting nits when no mapping exists.
09-22 22:33:00.586 I/am_wtf ( 1451): [0,1451,system_server,-1,DisplayDeviceConfig,requesting nits when no mapping exists.]
09-22 22:33:00.588 I/DropBoxManagerService( 1451): add tag=system_server_wtf isTagEnabled=true flags=0x2
09-22 22:33:00.588 I/am_wtf ( 1451): [0,1451,system_server,-1,DisplayDeviceConfig,requesting nits when no mapping exists.]
09-22 22:33:00.589 I/DropBoxManagerService( 1451): add tag=system_server_wtf isTagEnabled=true flags=0x2
09-22 22:33:00.600 E/DisplayDeviceConfig( 1451): requesting nits when no mapping exists.
09-22 22:33:00.600 I/am_wtf ( 1451): [0,1451,system_server,-1,DisplayDeviceConfig,requesting nits when no mapping exists.]
09-22 22:33:00.600 E/DisplayDeviceConfig( 1451): requesting nits when no mapping exists.
09-22 22:33:00.601 I/DropBoxManagerService( 1451): add tag=system_server_wtf isTagEnabled=true flags=0x2
09-22 22:33:00.603 I/am_wtf ( 1451): [0,1451,system_server,-1,DisplayDeviceConfig,requesting nits when no mapping exists.]
09-22 22:33:00.616 E/DisplayDeviceConfig( 1451): requesting nits when no mapping exists.
09-22 22:33:00.617 I/am_wtf ( 1451): [0,1451,system_server,-1,DisplayDeviceConfig,requesting nits when no mapping exists.]
09-22 22:33:00.617 E/DisplayDeviceConfig( 1451): requesting nits when no mapping exists.
09-22 22:33:00.618 I/am_wtf ( 1451): [0,1451,system_server,-1,DisplayDeviceConfig,requesting nits when no mapping exists.]
09-22 22:33:00.633 E/DisplayDeviceConfig( 1451): requesting nits when no mapping exists.
09-22 22:33:00.634 E/DisplayDeviceConfig( 1451): requesting nits when no mapping exists.
09-22 22:33:00.634 I/am_wtf ( 1451): [0,1451,system_server,-1,DisplayDeviceConfig,requesting nits when no mapping exists.]
09-22 22:33:00.635 I/am_wtf ( 1451): [0,1451,system_server,-1,DisplayDeviceConfig,requesting nits when no mapping exists.]
09-22 22:33:00.650 E/DisplayDeviceConfig( 1451): requesting nits when no mapping exists.
09-22 22:33:00.650 E/DisplayDeviceConfig( 1451): requesting nits when no mapping exists.
09-22 22:33:00.650 I/am_wtf ( 1451): [0,1451,system_server,-1,DisplayDeviceConfig,requesting nits when no mapping exists.]
09-22 22:33:00.652 I/am_wtf ( 1451): [0,1451,system_server,-1,DisplayDeviceConfig,requesting nits when no mapping exists.]
09-22 22:33:00.676 E/DisplayDeviceConfig( 1451): requesting nits when no mapping exists.
09-22 22:33:00.677 E/DisplayDeviceConfig( 1451): requesting nits when no mapping exists.
09-22 22:33:00.677 I/am_wtf ( 1451): [0,1451,system_server,-1,DisplayDeviceConfig,requesting nits when no mapping exists.]
09-22 22:33:00.678 I/am_wtf ( 1451): [0,1451,system_server,-1,DisplayDeviceConfig,requesting nits when no mapping exists.]
09-22 22:33:00.683 E/DisplayDeviceConfig( 1451): requesting nits when no mapping exists.
09-22 22:33:00.684 E/DisplayDeviceConfig( 1451): requesting nits when no mapping exists.
09-22 22:33:00.684 I/am_wtf ( 1451): [0,1451,system_server,-1,DisplayDeviceConfig,requesting nits when no mapping exists.]
09-22 22:33:00.684 I/am_wtf ( 1451): [0,1451,system_server,-1,DisplayDeviceConfig,requesting nits when no mapping exists.]
09-22 22:33:00.700 E/DisplayDeviceConfig( 1451): requesting nits when no mapping exists.
09-22 22:33:00.701 E/DisplayDeviceConfig( 1451): requesting nits when no mapping exists.
09-22 22:33:00.701 I/am_wtf ( 1451): [0,1451,system_server,-1,DisplayDeviceConfig,requesting nits when no mapping exists.]
09-22 22:33:00.702 I/am_wtf ( 1451): [0,1451,system_server,-1,DisplayDeviceConfig,requesting nits when no mapping exists.]
09-22 22:33:00.717 E/DisplayDeviceConfig( 1451): requesting nits when no mapping exists.
09-22 22:33:00.718 E/DisplayDeviceConfig( 1451): requesting nits when no mapping exists.
09-22 22:33:00.718 I/am_wtf ( 1451): [0,1451,system_server,-1,DisplayDeviceConfig,requesting nits when no mapping exists.]
09-22 22:33:00.719 I/am_wtf ( 1451): [0,1451,system_server,-1,DisplayDeviceConfig,requesting nits when no mapping exists.]
09-22 22:33:00.734 E/DisplayDeviceConfig( 1451): requesting nits when no mapping exists.
09-22 22:33:00.735 E/DisplayDeviceConfig( 1451): requesting nits when no mapping exists.
09-22 22:33:00.735 I/am_wtf ( 1451): [0,1451,system_server,-1,DisplayDeviceConfig,requesting nits when no mapping exists.]
09-22 22:33:00.736 I/am_wtf ( 1451): [0,1451,system_server,-1,DisplayDeviceConfig,requesting nits when no mapping exists.]
09-22 22:33:00.750 E/DisplayDeviceConfig( 1451): requesting nits when no mapping exists.
09-22 22:33:00.751 I/am_wtf ( 1451): [0,1451,system_server,-1,DisplayDeviceConfig,requesting nits when no mapping exists.]
09-22 22:33:00.752 E/DisplayDeviceConfig( 1451): requesting nits when no mapping exists.
09-22 22:33:00.753 I/am_wtf ( 1451): [0,1451,system_server,-1,DisplayDeviceConfig,requesting nits when no mapping exists.]
09-22 22:33:00.767 E/DisplayDeviceConfig( 1451): requesting nits when no mapping exists.
09-22 22:33:00.768 I/am_wtf ( 1451): [0,1451,system_server,-1,DisplayDeviceConfig,requesting nits when no mapping exists.]
09-22 22:33:00.768 E/DisplayDeviceConfig( 1451): requesting nits when no mapping exists.
09-22 22:33:00.769 I/am_wtf ( 1451): [0,1451,system_server,-1,DisplayDeviceConfig,requesting nits when no mapping exists.]
09-22 22:33:00.784 E/DisplayDeviceConfig( 1451): requesting nits when no mapping exists.
09-22 22:33:00.784 E/DisplayDeviceConfig( 1451): requesting nits when no mapping exists.
09-22 22:33:00.784 I/am_wtf ( 1451): [0,1451,system_server,-1,DisplayDeviceConfig,requesting nits when no mapping exists.]
09-22 22:33:00.785 I/am_wtf ( 1451): [0,1451,system_server,-1,DisplayDeviceConfig,requesting nits when no mapping exists.]
09-22 22:33:00.800 E/DisplayDeviceConfig( 1451): requesting nits when no mapping exists.
09-22 22:33:00.801 E/DisplayDeviceConfig( 1451): requesting nits when no mapping exists.
09-22 22:33:00.801 I/am_wtf ( 1451): [0,1451,system_server,-1,DisplayDeviceConfig,requesting nits when no mapping exists.]
09-22 22:33:00.801 I/am_wtf ( 1451): [0,1451,system_server,-1,DisplayDeviceConfig,requesting nits when no mapping exists.]
09-22 22:33:00.817 E/DisplayDeviceConfig( 1451): requesting nits when no mapping exists.
09-22 22:33:00.818 E/DisplayDeviceConfig( 1451): requesting nits when no mapping exists.
09-22 22:33:00.818 I/am_wtf ( 1451): [0,1451,system_server,-1,DisplayDeviceConfig,requesting nits when no mapping exists.]
09-22 22:33:00.819 I/am_wtf ( 1451): [0,1451,system_server,-1,DisplayDeviceConfig,requesting nits when no mapping exists.]
09-22 22:33:00.834 E/DisplayDeviceConfig( 1451): requesting nits when no mapping exists.
09-22 22:33:00.834 E/DisplayDeviceConfig( 1451): requesting nits when no mapping exists.
09-22 22:33:00.834 I/am_wtf ( 1451): [0,1451,system_server,-1,DisplayDeviceConfig,requesting nits when no mapping exists.]
09-22 22:33:00.836 I/am_wtf ( 1451): [0,1451,system_server,-1,DisplayDeviceConfig,requesting nits when no mapping exists.]
09-22 22:33:00.850 E/DisplayDeviceConfig( 1451): requesting nits when no mapping exists.
09-22 22:33:00.851 E/DisplayDeviceConfig( 1451): requesting nits when no mapping exists.
09-22 22:33:00.851 I/am_wtf ( 1451): [0,1451,system_server,-1,DisplayDeviceConfig,requesting nits when no mapping exists.]
09-22 22:33:00.852 I/am_wtf ( 1451): [0,1451,system_server,-1,DisplayDeviceConfig,requesting nits when no mapping exists.]
09-22 22:33:00.867 E/DisplayDeviceConfig( 1451): requesting nits when no mapping exists.
09-22 22:33:00.868 E/DisplayDeviceConfig( 1451): requesting nits when no mapping exists.
09-22 22:33:00.868 I/am_wtf ( 1451): [0,1451,system_server,-1,DisplayDeviceConfig,requesting nits when no mapping exists.]
09-22 22:33:00.869 I/am_wtf ( 1451): [0,1451,system_server,-1,DisplayDeviceConfig,requesting nits when no mapping exists.]
09-22 22:33:00.884 E/DisplayDeviceConfig( 1451): requesting nits when no mapping exists.
09-22 22:33:00.885 E/DisplayDeviceConfig( 1451): requesting nits when no mapping exists.
09-22 22:33:00.885 I/am_wtf ( 1451): [0,1451,system_server,-1,DisplayDeviceConfig,requesting nits when no mapping exists.]
09-22 22:33:00.886 I/am_wtf ( 1451): [0,1451,system_server,-1,DisplayDeviceConfig,requesting nits when no mapping exists.]
09-22 22:33:00.900 E/DisplayDeviceConfig( 1451): requesting nits when no mapping exists.
09-22 22:33:00.901 I/am_wtf ( 1451): [0,1451,system_server,-1,DisplayDeviceConfig,requesting nits when no mapping exists.]
09-22 22:33:00.903 E/DisplayDeviceConfig( 1451): requesting nits when no mapping exists.
09-22 22:33:00.903 I/am_wtf ( 1451): [0,1451,system_server,-1,DisplayDeviceConfig,requesting nits when no mapping exists.]
09-22 22:33:00.917 E/DisplayDeviceConfig( 1451): requesting nits when no mapping exists.
09-22 22:33:00.918 E/DisplayDeviceConfig( 1451): requesting nits when no mapping exists.
09-22 22:33:00.918 I/am_wtf ( 1451): [0,1451,system_server,-1,DisplayDeviceConfig,requesting nits when no mapping exists.]
09-22 22:33:00.919 I/am_wtf ( 1451): [0,1451,system_server,-1,DisplayDeviceConfig,requesting nits when no mapping exists.]
09-22 22:33:00.934 E/DisplayDeviceConfig( 1451): requesting nits when no mapping exists.
09-22 22:33:00.935 I/am_wtf ( 1451): [0,1451,system_server,-1,DisplayDeviceConfig,requesting nits when no mapping exists.]
09-22 22:33:00.935 E/DisplayDeviceConfig( 1451): requesting nits when no mapping exists.
09-22 22:33:00.936 I/am_wtf ( 1451): [0,1451,system_server,-1,DisplayDeviceConfig,requesting nits when no mapping exists.]
09-22 22:33:00.951 E/DisplayDeviceConfig( 1451): requesting nits when no mapping exists.
09-22 22:33:00.951 E/DisplayDeviceConfig( 1451): requesting nits when no mapping exists.
09-22 22:33:00.951 I/am_wtf ( 1451): [0,1451,system_server,-1,DisplayDeviceConfig,requesting nits when no mapping exists.]
09-22 22:33:00.952 I/am_wtf ( 1451): [0,1451,system_server,-1,DisplayDeviceConfig,requesting nits when no mapping exists.]
09-22 22:33:00.968 E/DisplayDeviceConfig( 1451): requesting nits when no mapping exists.
09-22 22:33:00.968 E/DisplayDeviceConfig( 1451): requesting nits when no mapping exists.
09-22 22:33:00.968 I/am_wtf ( 1451): [0,1451,system_server,-1,DisplayDeviceConfig,requesting nits when no mapping exists.]
09-22 22:33:00.969 I/am_wtf ( 1451): [0,1451,system_server,-1,DisplayDeviceConfig,requesting nits when no mapping exists.]
09-22 22:33:00.984 E/DisplayDeviceConfig( 1451): requesting nits when no mapping exists.
09-22 22:33:00.985 E/DisplayDeviceConfig( 1451): requesting nits when no mapping exists.
09-22 22:33:00.985 I/am_wtf ( 1451): [0,1451,system_server,-1,DisplayDeviceConfig,requesting nits when no mapping exists.]
09-22 22:33:00.986 I/am_wtf ( 1451): [0,1451,system_server,-1,DisplayDeviceConfig,requesting nits when no mapping exists.]
09-22 22:33:01.001 E/DisplayDeviceConfig( 1451): requesting nits when no mapping exists.
09-22 22:33:01.001 E/DisplayDeviceConfig( 1451): requesting nits when no mapping exists.
09-22 22:33:01.001 I/am_wtf ( 1451): [0,1451,system_server,-1,DisplayDeviceConfig,requesting nits when no mapping exists.]
09-22 22:33:01.002 I/am_wtf ( 1451): [0,1451,system_server,-1,DisplayDeviceConfig,requesting nits when no mapping exists.]
09-22 22:33:01.018 E/DisplayDeviceConfig( 1451): requesting nits when no mapping exists.
09-22 22:33:01.018 E/DisplayDeviceConfig( 1451): requesting nits when no mapping exists.
09-22 22:33:01.018 I/am_wtf ( 1451): [0,1451,system_server,-1,DisplayDeviceConfig,requesting nits when no mapping exists.]
09-22 22:33:01.019 I/am_wtf ( 1451): [0,1451,system_server,-1,DisplayDeviceConfig,requesting nits when no mapping exists.]
09-22 22:33:01.034 E/DisplayDeviceConfig( 1451): requesting nits when no mapping exists.
09-22 22:33:01.035 E/DisplayDeviceConfig( 1451): requesting nits when no mapping exists.
09-22 22:33:01.035 I/am_wtf ( 1451): [0,1451,system_server,-1,DisplayDeviceConfig,requesting nits when no mapping exists.]
09-22 22:33:01.036 I/am_wtf ( 1451): [0,1451,system_server,-1,DisplayDeviceConfig,requesting nits when no mapping exists.]
09-22 22:33:01.051 E/DisplayDeviceConfig( 1451): requesting nits when no mapping exists.
09-22 22:33:01.051 E/DisplayDeviceConfig( 1451): requesting nits when no mapping exists.
09-22 22:33:01.051 I/am_wtf ( 1451): [0,1451,system_server,-1,DisplayDeviceConfig,requesting nits when no mapping exists.]
09-22 22:33:01.052 I/am_wtf ( 1451): [0,1451,system_server,-1,DisplayDeviceConfig,requesting nits when no mapping exists.]
09-22 22:33:01.068 E/DisplayDeviceConfig( 1451): requesting nits when no mapping exists.
09-22 22:33:01.069 E/DisplayDeviceConfig( 1451): requesting nits when no mapping exists.
09-22 22:33:01.069 I/am_wtf ( 1451): [0,1451,system_server,-1,DisplayDeviceConfig,requesting nits when no mapping exists.]
09-22 22:33:01.069 I/am_wtf ( 1451): [0,1451,system_server,-1,DisplayDeviceConfig,requesting nits when no mapping exists.]
09-22 22:33:01.084 E/DisplayDeviceConfig( 1451): requesting nits when no mapping exists.
09-22 22:33:01.085 I/am_wtf ( 1451): [0,1451,system_server,-1,DisplayDeviceConfig,requesting nits when no mapping exists.]
09-22 22:33:01.085 E/DisplayDeviceConfig( 1451): requesting nits when no mapping exists.
09-22 22:33:01.086 I/am_wtf ( 1451): [0,1451,system_server,-1,DisplayDeviceConfig,requesting nits when no mapping exists.]
09-22 22:33:01.101 E/DisplayDeviceConfig( 1451): requesting nits when no mapping exists.
09-22 22:33:01.101 E/DisplayDeviceConfig( 1451): requesting nits when no mapping exists.
09-22 22:33:01.102 I/am_wtf ( 1451): [0,1451,system_server,-1,DisplayDeviceConfig,requesting nits when no mapping exists.]
09-22 22:33:01.103 I/am_wtf ( 1451): [0,1451,system_server,-1,DisplayDeviceConfig,requesting nits when no mapping exists.]
09-22 22:33:01.118 E/DisplayDeviceConfig( 1451): requesting nits when no mapping exists.
09-22 22:33:01.119 E/DisplayDeviceConfig( 1451): requesting nits when no mapping exists.
09-22 22:33:01.119 I/am_wtf ( 1451): [0,1451,system_server,-1,DisplayDeviceConfig,requesting nits when no mapping exists.]
09-22 22:33:01.120 I/am_wtf ( 1451): [0,1451,system_server,-1,DisplayDeviceConfig,requesting nits when no mapping exists.]
09-22 22:33:01.135 E/DisplayDeviceConfig( 1451): requesting nits when no mapping exists.
09-22 22:33:01.135 E/DisplayDeviceConfig( 1451): requesting nits when no mapping exists.
09-22 22:33:01.135 I/am_wtf ( 1451): [0,1451,system_server,-1,DisplayDeviceConfig,requesting nits when no mapping exists.]
09-22 22:33:01.136 I/am_wtf ( 1451): [0,1451,system_server,-1,DisplayDeviceConfig,requesting nits when no mapping exists.]
09-22 22:33:01.151 E/DisplayDeviceConfig( 1451): requesting nits when no mapping exists.
09-22 22:33:01.152 E/DisplayDeviceConfig( 1451): requesting nits when no mapping exists.
09-22 22:33:01.152 I/am_wtf ( 1451): [0,1451,system_server,-1,DisplayDeviceConfig,requesting nits when no mapping exists.]
09-22 22:33:01.153 I/am_wtf ( 1451): [0,1451,system_server,-1,DisplayDeviceConfig,requesting nits when no mapping exists.]
09-22 22:33:01.153 I/service_manager_stats( 1451): [100,57,69021]
09-22 22:33:01.168 E/DisplayDeviceConfig( 1451): requesting nits when no mapping exists.
09-22 22:33:01.169 E/DisplayDeviceConfig( 1451): requesting nits when no mapping exists.
09-22 22:33:01.169 I/am_wtf ( 1451): [0,1451,system_server,-1,DisplayDeviceConfig,requesting nits when no mapping exists.]
09-22 22:33:01.170 I/am_wtf ( 1451): [0,1451,system_server,-1,DisplayDeviceConfig,requesting nits when no mapping exists.]
09-22 22:33:01.185 E/DisplayDeviceConfig( 1451): requesting nits when no mapping exists.
09-22 22:33:01.185 E/DisplayDeviceConfig( 1451): requesting nits when no mapping exists.
09-22 22:33:01.185 I/am_wtf ( 1451): [0,1451,system_server,-1,DisplayDeviceConfig,requesting nits when no mapping exists.]
09-22 22:33:01.187 I/am_wtf ( 1451): [0,1451,system_server,-1,DisplayDeviceConfig,requesting nits when no mapping exists.]
09-22 22:33:01.202 E/DisplayDeviceConfig( 1451): requesting nits when no mapping exists.
09-22 22:33:01.202 E/DisplayDeviceConfig( 1451): requesting nits when no mapping exists.
09-22 22:33:01.202 I/am_wtf ( 1451): [0,1451,system_server,-1,DisplayDeviceConfig,requesting nits when no mapping exists.]
09-22 22:33:01.203 I/am_wtf ( 1451): [0,1451,system_server,-1,DisplayDeviceConfig,requesting nits when no mapping exists.]
09-22 22:33:01.216 I/hwservicemanager( 513): getTransport: Cannot find entry android.hardware.light@2.0::ILight/default in either framework or device VINTF manifest.
09-22 22:33:01.218 E/DisplayDeviceConfig( 1451): requesting nits when no mapping exists.
09-22 22:33:01.218 E/DisplayDeviceConfig( 1451): requesting nits when no mapping exists.
09-22 22:33:01.218 I/am_wtf ( 1451): [0,1451,system_server,-1,DisplayDeviceConfig,requesting nits when no mapping exists.]
09-22 22:33:01.218 E/light ( 4679): light_open lights keyboard failed: -22
09-22 22:33:01.218 E/light ( 4679): Light passthrough failed to load legacy HAL.
09-22 22:33:01.219 I/am_wtf ( 1451): [0,1451,system_server,-1,DisplayDeviceConfig,requesting nits when no mapping exists.]
09-22 22:33:01.219 E/light ( 4679): light_open lights buttons failed: -22
09-22 22:33:01.219 E/light ( 4679): Light passthrough failed to load legacy HAL.
09-22 22:33:01.220 E/light ( 4679): light_open lights bluetooth failed: -22
09-22 22:33:01.220 E/light ( 4679): Light passthrough failed to load legacy HAL.
09-22 22:33:01.220 E/light ( 4679): light_open lights wifi failed: -22
09-22 22:33:01.220 E/light ( 4679): Light passthrough failed to load legacy HAL.
09-22 22:33:01.221 I/hwservicemanager( 513): getTransport: Cannot find entry android.hardware.light@2.0::ILight/default in either framework or device VINTF manifest.
09-22 22:33:01.221 E/HidlServiceManagement( 4679): Service android.hardware.light@2.0::ILight/default must be in VINTF manifest in order to register/get.
09-22 22:33:01.221 E/LegacySupport( 4679): Could not register service android.hardware.light@2.0::ILight/default (-2147483648).
09-22 22:33:01.234 E/DisplayDeviceConfig( 1451): requesting nits when no mapping exists.
09-22 22:33:01.234 E/DisplayDeviceConfig( 1451): requesting nits when no mapping exists.
09-22 22:33:01.234 I/am_wtf ( 1451): [0,1451,system_server,-1,DisplayDeviceConfig,requesting nits when no mapping exists.]
09-22 22:33:01.235 I/am_wtf ( 1451): [0,1451,system_server,-1,DisplayDeviceConfig,requesting nits when no mapping exists.]
09-22 22:33:01.252 E/DisplayDeviceConfig( 1451): requesting nits when no mapping exists.
09-22 22:33:01.252 I/am_wtf ( 1451): [0,1451,system_server,-1,DisplayDeviceConfig,requesting nits when no mapping exists.]
09-22 22:33:01.252 E/DisplayDeviceConfig( 1451): requesting nits when no mapping exists.
09-22 22:33:01.253 I/am_wtf ( 1451): [0,1451,system_server,-1,DisplayDeviceConfig,requesting nits when no mapping exists.]
09-22 22:33:01.268 E/DisplayDeviceConfig( 1451): requesting nits when no mapping exists.
09-22 22:33:01.269 E/DisplayDeviceConfig( 1451): requesting nits when no mapping exists.
09-22 22:33:01.269 I/am_wtf ( 1451): [0,1451,system_server,-1,DisplayDeviceConfig,requesting nits when no mapping exists.]
09-22 22:33:01.270 I/am_wtf ( 1451): [0,1451,system_server,-1,DisplayDeviceConfig,requesting nits when no mapping exists.]
09-22 22:33:01.285 E/DisplayDeviceConfig( 1451): requesting nits when no mapping exists.
09-22 22:33:01.285 E/DisplayDeviceConfig( 1451): requesting nits when no mapping exists.
09-22 22:33:01.285 I/am_wtf ( 1451): [0,1451,system_server,-1,DisplayDeviceConfig,requesting nits when no mapping exists.]
09-22 22:33:01.287 I/am_wtf ( 1451): [0,1451,system_server,-1,DisplayDeviceConfig,requesting nits when no mapping exists.]
09-22 22:33:01.302 E/DisplayDeviceConfig( 1451): requesting nits when no mapping exists.
09-22 22:33:01.303 E/DisplayDeviceConfig( 1451): requesting nits when no mapping exists.
09-22 22:33:01.303 I/am_wtf ( 1451): [0,1451,system_server,-1,DisplayDeviceConfig,requesting nits when no mapping exists.]
09-22 22:33:01.304 I/am_wtf ( 1451): [0,1451,system_server,-1,DisplayDeviceConfig,requesting nits when no mapping exists.]
09-22 22:33:01.318 E/DisplayDeviceConfig( 1451): requesting nits when no mapping exists.
09-22 22:33:01.319 E/DisplayDeviceConfig( 1451): requesting nits when no mapping exists.
09-22 22:33:01.319 I/am_wtf ( 1451): [0,1451,system_server,-1,DisplayDeviceConfig,requesting nits when no mapping exists.]
09-22 22:33:01.320 I/am_wtf ( 1451): [0,1451,system_server,-1,DisplayDeviceConfig,requesting nits when no mapping exists.]
09-22 22:33:01.335 E/DisplayDeviceConfig( 1451): requesting nits when no mapping exists.
09-22 22:33:01.336 E/DisplayDeviceConfig( 1451): requesting nits when no mapping exists.
09-22 22:33:01.336 I/am_wtf ( 1451): [0,1451,system_server,-1,DisplayDeviceConfig,requesting nits when no mapping exists.]
09-22 22:33:01.337 I/am_wtf ( 1451): [0,1451,system_server,-1,DisplayDeviceConfig,requesting nits when no mapping exists.]
09-22 22:33:01.352 E/DisplayDeviceConfig( 1451): requesting nits when no mapping exists.
09-22 22:33:01.353 E/DisplayDeviceConfig( 1451): requesting nits when no mapping exists.
09-22 22:33:01.354 I/am_wtf ( 1451): [0,1451,system_server,-1,DisplayDeviceConfig,requesting nits when no mapping exists.]
09-22 22:33:01.355 I/am_wtf ( 1451): [0,1451,system_server,-1,DisplayDeviceConfig,requesting nits when no mapping exists.]
09-22 22:33:01.368 E/DisplayDeviceConfig( 1451): requesting nits when no mapping exists.
09-22 22:33:01.369 E/DisplayDeviceConfig( 1451): requesting nits when no mapping exists.
09-22 22:33:01.370 I/am_wtf ( 1451): [0,1451,system_server,-1,DisplayDeviceConfig,requesting nits when no mapping exists.]
09-22 22:33:01.376 I/am_wtf ( 1451): [0,1451,system_server,-1,DisplayDeviceConfig,requesting nits when no mapping exists.]
09-22 22:33:01.382 I/mpu_uart( 655): [MSG-P:RECV]:No message received in 1000 ms
09-22 22:33:01.385 E/DisplayDeviceConfig( 1451): requesting nits when no mapping exists.
09-22 22:33:01.386 I/am_wtf ( 1451): [0,1451,system_server,-1,DisplayDeviceConfig,requesting nits when no mapping exists.]
09-22 22:33:01.386 E/DisplayDeviceConfig( 1451): requesting nits when no mapping exists.
09-22 22:33:01.387 I/am_wtf ( 1451): [0,1451,system_server,-1,DisplayDeviceConfig,requesting nits when no mapping exists.]
09-22 22:33:01.401 E/DisplayDeviceConfig( 1451): requesting nits when no mapping exists.
09-22 22:33:01.402 I/am_wtf ( 1451): [0,1451,system_server,-1,DisplayDeviceConfig,requesting nits when no mapping exists.]
09-22 22:33:01.402 E/DisplayDeviceConfig( 1451): requesting nits when no mapping exists.
09-22 22:33:01.403 I/am_wtf ( 1451): [0,1451,system_server,-1,DisplayDeviceConfig,requesting nits when no mapping exists.]
09-22 22:33:01.418 E/DisplayDeviceConfig( 1451): requesting nits when no mapping exists.
09-22 22:33:01.418 I/am_wtf ( 1451): [0,1451,system_server,-1,DisplayDeviceConfig,requesting nits when no mapping exists.]
09-22 22:33:01.418 E/DisplayDeviceConfig( 1451): requesting nits when no mapping exists.
09-22 22:33:01.419 I/am_wtf ( 1451): [0,1451,system_server,-1,DisplayDeviceConfig,requesting nits when no mapping exists.]
09-22 22:33:01.435 E/DisplayDeviceConfig( 1451): requesting nits when no mapping exists.
09-22 22:33:01.436 E/DisplayDeviceConfig( 1451): requesting nits when no mapping exists.
09-22 22:33:01.436 I/am_wtf ( 1451): [0,1451,system_server,-1,DisplayDeviceConfig,requesting nits when no mapping exists.]
09-22 22:33:01.436 I/am_wtf ( 1451): [0,1451,system_server,-1,DisplayDeviceConfig,requesting nits when no mapping exists.]
09-22 22:33:01.440 I/OpenGLRenderer( 2203): Davey! duration=9223371648149ms; Flags=0, FrameTimelineVsyncId=22911, IntendedVsync=388705002357, Vsync=388705002357, InputEventId=0, HandleInputStart=388705502819, AnimationStart=388705506100, PerformTraversalsStart=388705508704, DrawStart=388763278756, FrameDeadline=388721669023, FrameInterval=388705492142, FrameStartTime=16666666, SyncQueued=388764301725, SyncStart=388764498131, IssueDrawCommandsStart=388765532923, SwapBuffers=388768473287, FrameCompleted=9223372036854775807, DequeueBufferDuration=46303, QueueBufferDuration=740677, GpuCompleted=9223372036854775807, SwapBuffersCompleted=388769836829, DisplayPresentTime=0,
09-22 22:33:01.452 E/DisplayDeviceConfig( 1451): requesting nits when no mapping exists.
09-22 22:33:01.452 E/DisplayDeviceConfig( 1451): requesting nits when no mapping exists.
09-22 22:33:01.455 I/am_wtf ( 1451): [0,1451,system_server,-1,DisplayDeviceConfig,requesting nits when no mapping exists.]
09-22 22:33:01.456 I/am_wtf ( 1451): [0,1451,system_server,-1,DisplayDeviceConfig,requesting nits when no mapping exists.]
09-22 22:33:01.468 E/DisplayDeviceConfig( 1451): requesting nits when no mapping exists.
09-22 22:33:01.469 I/am_wtf ( 1451): [0,1451,system_server,-1,DisplayDeviceConfig,requesting nits when no mapping exists.]
09-22 22:33:01.469 E/DisplayDeviceConfig( 1451): requesting nits when no mapping exists.
09-22 22:33:01.470 I/am_wtf ( 1451): [0,1451,system_server,-1,DisplayDeviceConfig,requesting nits when no mapping exists.]
09-22 22:33:01.486 E/DisplayDeviceConfig( 1451): requesting nits when no mapping exists.
09-22 22:33:01.487 I/am_wtf ( 1451): [0,1451,system_server,-1,DisplayDeviceConfig,requesting nits when no mapping exists.]
09-22 22:33:01.488 E/DisplayDeviceConfig( 1451): requesting nits when no mapping exists.
09-22 22:33:01.489 I/am_wtf ( 1451): [0,1451,system_server,-1,DisplayDeviceConfig,requesting nits when no mapping exists.]
09-22 22:33:01.502 E/DisplayDeviceConfig( 1451): requesting nits when no mapping exists.
09-22 22:33:01.503 I/am_wtf ( 1451): [0,1451,system_server,-1,DisplayDeviceConfig,requesting nits when no mapping exists.]
09-22 22:33:01.503 E/DisplayDeviceConfig( 1451): requesting nits when no mapping exists.
09-22 22:33:01.504 I/am_wtf ( 1451): [0,1451,system_server,-1,DisplayDeviceConfig,requesting nits when no mapping exists.]
09-22 22:33:01.518 E/DisplayDeviceConfig( 1451): requesting nits when no mapping exists.
09-22 22:33:01.519 E/DisplayDeviceConfig( 1451): requesting nits when no mapping exists.
09-22 22:33:01.519 I/am_wtf ( 1451): [0,1451,system_server,-1,DisplayDeviceConfig,requesting nits when no mapping exists.]
09-22 22:33:01.520 I/am_wtf ( 1451): [0,1451,system_server,-1,DisplayDeviceConfig,requesting nits when no mapping exists.]
09-22 22:33:01.593 I/mpu_uart( 655): [MSG-P:R]:recv sync frame timeout
09-22 22:33:02.229 F/linker ( 4680): CANNOT LINK EXECUTABLE "/vendor/bin/hw/qvrservice": library "vendor.qti.hardware.qxr-V1-ndk_platform.so" not found: needed by /vendor/lib64/libqvrservice.so in namespace (default)
09-22 22:33:02.230 F/linker ( 4681): CANNOT LINK EXECUTABLE "/vendor/bin/hw/sxrservice": library "vendor.qti.hardware.qxr-V1-ndk_platform.so" not found: needed by main executable
09-22 22:33:02.382 I/mpu_uart( 655): [MSG-P:RECV]:No message received in 1000 ms
09-22 22:33:02.441 I/OpenGLRenderer( 2203): Davey! duration=9223371647149ms; Flags=0, FrameTimelineVsyncId=22924, IntendedVsync=389705075334, Vsync=389705075334, InputEventId=0, HandleInputStart=389706204224, AnimationStart=389706208131, PerformTraversalsStart=389706211412, DrawStart=389763726308, FrameDeadline=389721742000, FrameInterval=389706191568, FrameStartTime=16666666, SyncQueued=389764696308, SyncStart=389764903599, IssueDrawCommandsStart=389765929797, SwapBuffers=389768939641, FrameCompleted=9223372036854775807, DequeueBufferDuration=47136, QueueBufferDuration=831042, GpuCompleted=9223372036854775807, SwapBuffersCompleted=389770294329, DisplayPresentTime=0,
09-22 22:33:03.383 I/mpu_uart( 655): [MSG-P:RECV]:No message received in 1000 ms
09-22 22:33:04.383 I/mpu_uart( 655): [MSG-P:RECV]:No message received in 1000 ms
09-22 22:33:04.594 I/mpu_uart( 655): [MSG-P:R]:recv sync frame timeout
09-22 22:33:05.383 I/mpu_uart( 655): [MSG-P:RECV]:No message received in 1000 ms
09-22 22:33:06.230 I/hwservicemanager( 513): getTransport: Cannot find entry android.hardware.light@2.0::ILight/default in either framework or device VINTF manifest.
09-22 22:33:06.232 E/light ( 4682): light_open lights keyboard failed: -22
09-22 22:33:06.232 E/light ( 4682): Light passthrough failed to load legacy HAL.
09-22 22:33:06.232 E/light ( 4682): light_open lights buttons failed: -22
09-22 22:33:06.232 E/light ( 4682): Light passthrough failed to load legacy HAL.
09-22 22:33:06.234 E/light ( 4682): light_open lights bluetooth failed: -22
09-22 22:33:06.234 E/light ( 4682): Light passthrough failed to load legacy HAL.
09-22 22:33:06.234 E/light ( 4682): light_open lights wifi failed: -22
09-22 22:33:06.234 E/light ( 4682): Light passthrough failed to load legacy HAL.
09-22 22:33:06.235 I/hwservicemanager( 513): getTransport: Cannot find entry android.hardware.light@2.0::ILight/default in either framework or device VINTF manifest.
09-22 22:33:06.235 E/HidlServiceManagement( 4682): Service android.hardware.light@2.0::ILight/default must be in VINTF manifest in order to register/get.
09-22 22:33:06.235 E/LegacySupport( 4682): Could not register service android.hardware.light@2.0::ILight/default (-2147483648).
09-22 22:33:06.384 I/mpu_uart( 655): [MSG-P:RECV]:No message received in 1000 ms
09-22 22:33:07.237 F/linker ( 4683): CANNOT LINK EXECUTABLE "/vendor/bin/hw/qvrservice": library "vendor.qti.hardware.qxr-V1-ndk_platform.so" not found: needed by /vendor/lib64/libqvrservice.so in namespace (default)
09-22 22:33:07.237 F/linker ( 4684): CANNOT LINK EXECUTABLE "/vendor/bin/hw/sxrservice": library "vendor.qti.hardware.qxr-V1-ndk_platform.so" not found: needed by main executable
09-22 22:33:07.384 I/mpu_uart( 655): [MSG-P:RECV]:No message received in 1000 ms
09-22 22:33:07.558 I/PowerManagerService( 1451): Napping display group (groupId=0, uid=1000)...
09-22 22:33:07.558 I/PowerManagerService( 1451): Nap time (uid 1000)...
09-22 22:33:07.560 I/DreamManagerService( 1451): Entering dreamland.
09-22 22:33:07.562 I/PowerManagerService( 1451): Dreaming...
09-22 22:33:07.571 I/DreamController( 1451): Starting dream: name=ComponentInfo{com.android.deskclock/com.android.deskclock.Screensaver}, isTest=false, canDoze=false, userId=0
09-22 22:33:07.571 I/sysui_multi_action( 1451): [757,222,758,1]
09-22 22:33:07.573 I/am_uid_active( 1451): 10066
09-22 22:33:07.573 V/ShadeControllerImpl( 1803): NotificationShadeWindow: com.android.systemui.statusbar.phone.NotificationShadeWindowView{6600874 I.E...... ......ID 0,0-2380,1020} canPanelBeCollapsed(): false
09-22 22:33:07.581 D/CompatibilityInfo( 1451): mCompatibilityFlags - 4
09-22 22:33:07.581 D/CompatibilityInfo( 1451): applicationDensity - 240
09-22 22:33:07.581 D/CompatibilityInfo( 1451): applicationScale - 1.0
09-22 22:33:07.585 I/am_pss ( 1451): [2392,10076,com.android.launcher3,94668800,84258816,0,232189952,0,2,15]
09-22 22:33:07.587 I/ActivityTaskManager( 1451): START u0 {flg=0x10000000 pkg=com.android.deskclock cmp=com.android.deskclock/android.service.dreams.DreamActivity (has extras)} from uid 10066
09-22 22:33:07.588 I/EventSequenceValidator( 1451): inc AccIntentStartedEvents to 2
09-22 22:33:07.594 I/wm_task_created( 1451): [19,-1]
09-22 22:33:07.594 W/ActivityTaskManager( 1451): Can't find TaskDisplayArea to determine support for multi window. Task id=19 attached=false
09-22 22:33:07.598 I/wm_task_moved( 1451): [19,1,9]
09-22 22:33:07.598 I/wm_task_to_front( 1451): [0,19]
09-22 22:33:07.598 I/mpu_uart( 655): [MSG-P:R]:recv sync frame timeout
09-22 22:33:07.598 I/wm_create_task( 1451): [0,19]
09-22 22:33:07.598 I/wm_create_activity( 1451): [0,203918749,19,com.android.deskclock/android.service.dreams.DreamActivity,NULL,NULL,NULL,276824064]
09-22 22:33:07.598 I/wm_task_moved( 1451): [19,1,9]
09-22 22:33:07.598 I/wm_on_top_resumed_lost_called( 2203): [2744048,com.android.settings.Settings,topStateChangedWhenResumed]
09-22 22:33:07.599 D/CompatibilityInfo( 1451): mCompatibilityFlags - 4
09-22 22:33:07.599 D/CompatibilityInfo( 1451): applicationDensity - 240
09-22 22:33:07.599 D/CompatibilityInfo( 1451): applicationScale - 1.0
09-22 22:33:07.601 D/ActivityTrigger( 1451): ActivityTrigger activityPauseTrigger
09-22 22:33:07.602 I/wm_pause_activity( 1451): [0,89524022,com.android.launcher3/.uioverrides.QuickstepLauncher,userLeaving=true,pauseBackTasks]
09-22 22:33:07.604 I/am_pss ( 1451): [2203,1000,com.android.settings,138347520,119582720,0,286781440,0,2,15]
09-22 22:33:07.606 I/wm_on_paused_called( 2392): [89524022,com.android.launcher3.uioverrides.QuickstepLauncher,performPause]
09-22 22:33:07.608 I/ActivityTaskManager( 1451): The Process com.android.deskclock Already Exists in BG. So sending its PID: 2538
09-22 22:33:07.608 W/ActivityTaskManager( 1451): Tried to set launchTime (0) < mLastActivityLaunchTime (248710)
09-22 22:33:07.609 I/wm_add_to_stopping( 1451): [0,89524022,com.android.launcher3/.uioverrides.QuickstepLauncher,makeInvisible]
09-22 22:33:07.609 I/wm_restart_activity( 1451): [0,203918749,19,com.android.deskclock/android.service.dreams.DreamActivity]
09-22 22:33:07.609 D/CompatibilityInfo( 1451): mCompatibilityFlags - 4
09-22 22:33:07.609 D/CompatibilityInfo( 1451): applicationDensity - 240
09-22 22:33:07.609 D/CompatibilityInfo( 1451): applicationScale - 1.0
09-22 22:33:07.610 I/am_pss ( 1451): [3151,1000,com.qti.diagservices,5993472,3768320,0,94269440,0,10,6]
09-22 22:33:07.611 I/wm_set_resumed_activity( 1451): [0,com.android.deskclock/android.service.dreams.DreamActivity,minimalResumeActivityLocked]
09-22 22:33:07.619 I/sysui_multi_action( 1451): [757,803,799,window_time_2,802,80]
09-22 22:33:07.621 I/wm_on_create_called( 2538): [203918749,android.service.dreams.DreamActivity,performCreate]
09-22 22:33:07.622 I/wm_on_start_called( 2538): [203918749,android.service.dreams.DreamActivity,handleStartActivity]
09-22 22:33:07.623 I/wm_on_resume_called( 2538): [203918749,android.service.dreams.DreamActivity,RESUME_ACTIVITY]
09-22 22:33:07.625 W/WindowManager( 1451): Failed looking up window session=Session{6a8f65b 2538:u0a10066} callers=com.android.server.wm.WindowManagerService.windowForClientLocked:5626 com.android.server.wm.Session.insetsModified:629 android.view.IWindowSession$Stub.onTransact:1151
09-22 22:33:07.627 D/KeyguardViewMediator( 1803): setOccluded true
09-22 22:33:07.627 I/wm_on_top_resumed_gained_called( 2538): [203918749,android.service.dreams.DreamActivity,topStateChangedWhenResumed]
09-22 22:33:07.628 V/KeyguardUpdateMonitor( 1803): startListeningForFingerprint()
09-22 22:33:07.630 D/KeyguardViewMediator( 1803): adjustStatusBarLocked: mShowing=false mOccluded=true isSecure=false force=false --> flags=0x0
09-22 22:33:07.634 E/ThemeUtils( 2538): View class androidx.appcompat.widget.AppCompatImageView is an AppCompat widget that can only be used with a Theme.AppCompat theme (or descendant).
09-22 22:33:07.635 E/ThemeUtils( 2538): View class androidx.appcompat.widget.AppCompatImageView is an AppCompat widget that can only be used with a Theme.AppCompat theme (or descendant).
09-22 22:33:07.635 E/ThemeUtils( 2538): View class androidx.appcompat.widget.AppCompatImageView is an AppCompat widget that can only be used with a Theme.AppCompat theme (or descendant).
09-22 22:33:07.635 E/ThemeUtils( 2538): View class androidx.appcompat.widget.AppCompatImageView is an AppCompat widget that can only be used with a Theme.AppCompat theme (or descendant).
09-22 22:33:07.647 I/input_focus( 1451): [Focus request bf46699 com.android.deskclock/android.service.dreams.DreamActivity,reason=UpdateInputWindows]
09-22 22:33:07.658 I/EventSequenceValidator( 1451): dec AccIntentStartedEvents to 1
09-22 22:33:07.658 V/DisplayPowerController[0]( 1451): Brightness [1.0] reason changing to: 'manual', previous reason: 'manual [ dim ]'.
09-22 22:33:07.658 I/sysui_multi_action( 1451): [757,1696,758,6,759,3]
09-22 22:33:07.661 I/sysui_multi_action( 1451): [319,68,322,68,325,394,757,761,758,8,759,2,806,com.android.deskclock,871,android.service.dreams.DreamActivity,904,com.android.deskclock,905,0,1320,4,1321,1]
09-22 22:33:07.662 I/wm_activity_launch_time( 1451): [0,203918749,com.android.deskclock/android.service.dreams.DreamActivity,68]
09-22 22:33:07.662 I/ActivityTaskManager( 1451): Displayed com.android.deskclock/android.service.dreams.DreamActivity: +68ms
09-22 22:33:07.667 I/input_focus( 1451): [Focus leaving cc12349 com.android.settings/com.android.settings.Settings (server),reason=Waiting for window because NOT_VISIBLE]
09-22 22:33:07.668 E/DisplayDeviceConfig( 1451): requesting nits when no mapping exists.
09-22 22:33:07.668 E/DisplayDeviceConfig( 1451): requesting nits when no mapping exists.
09-22 22:33:07.672 I/am_wtf ( 1451): [0,1451,system_server,-1,DisplayDeviceConfig,requesting nits when no mapping exists.]
09-22 22:33:07.672 I/am_wtf ( 1451): [0,1451,system_server,-1,DisplayDeviceConfig,requesting nits when no mapping exists.]
09-22 22:33:07.684 E/DisplayDeviceConfig( 1451): requesting nits when no mapping exists.
09-22 22:33:07.685 E/DisplayDeviceConfig( 1451): requesting nits when no mapping exists.
09-22 22:33:07.685 I/am_wtf ( 1451): [0,1451,system_server,-1,DisplayDeviceConfig,requesting nits when no mapping exists.]
09-22 22:33:07.686 I/am_wtf ( 1451): [0,1451,system_server,-1,DisplayDeviceConfig,requesting nits when no mapping exists.]
09-22 22:33:07.686 I/input_focus( 1451): [Focus entering bf46699 com.android.deskclock/android.service.dreams.DreamActivity (server),reason=Window became focusable. Previous reason: NOT_VISIBLE]
09-22 22:33:07.690 D/Sogou ( 3087): onUnbindInput finish
09-22 22:33:07.691 D/Sogou ( 3087): onFinishInput:
09-22 22:33:07.701 E/DisplayDeviceConfig( 1451): requesting nits when no mapping exists.
09-22 22:33:07.701 E/DisplayDeviceConfig( 1451): requesting nits when no mapping exists.
09-22 22:33:07.701 I/am_wtf ( 1451): [0,1451,system_server,-1,DisplayDeviceConfig,requesting nits when no mapping exists.]
09-22 22:33:07.707 I/am_wtf ( 1451): [0,1451,system_server,-1,DisplayDeviceConfig,requesting nits when no mapping exists.]
09-22 22:33:07.717 E/DisplayDeviceConfig( 1451): requesting nits when no mapping exists.
09-22 22:33:07.717 E/DisplayDeviceConfig( 1451): requesting nits when no mapping exists.
09-22 22:33:07.718 I/am_wtf ( 1451): [0,1451,system_server,-1,DisplayDeviceConfig,requesting nits when no mapping exists.]
09-22 22:33:07.723 I/am_wtf ( 1451): [0,1451,system_server,-1,DisplayDeviceConfig,requesting nits when no mapping exists.]
09-22 22:33:07.736 E/DisplayDeviceConfig( 1451): requesting nits when no mapping exists.
09-22 22:33:07.737 E/DisplayDeviceConfig( 1451): requesting nits when no mapping exists.
09-22 22:33:07.737 I/am_wtf ( 1451): [0,1451,system_server,-1,DisplayDeviceConfig,requesting nits when no mapping exists.]
09-22 22:33:07.738 I/am_wtf ( 1451): [0,1451,system_server,-1,DisplayDeviceConfig,requesting nits when no mapping exists.]
09-22 22:33:07.755 E/DisplayDeviceConfig( 1451): requesting nits when no mapping exists.
09-22 22:33:07.755 E/DisplayDeviceConfig( 1451): requesting nits when no mapping exists.
09-22 22:33:07.755 I/am_wtf ( 1451): [0,1451,system_server,-1,DisplayDeviceConfig,requesting nits when no mapping exists.]
09-22 22:33:07.758 I/am_wtf ( 1451): [0,1451,system_server,-1,DisplayDeviceConfig,requesting nits when no mapping exists.]
09-22 22:33:07.766 E/DisplayDeviceConfig( 1451): requesting nits when no mapping exists.
09-22 22:33:07.767 E/DisplayDeviceConfig( 1451): requesting nits when no mapping exists.
09-22 22:33:07.767 I/am_wtf ( 1451): [0,1451,system_server,-1,DisplayDeviceConfig,requesting nits when no mapping exists.]
09-22 22:33:07.772 I/am_wtf ( 1451): [0,1451,system_server,-1,DisplayDeviceConfig,requesting nits when no mapping exists.]
09-22 22:33:07.773 W/System ( 2392): A resource failed to call release.
09-22 22:33:07.773 W/System ( 2392): A resource failed to call release.
09-22 22:33:07.773 W/System ( 2392): A resource failed to call release.
09-22 22:33:07.773 W/System ( 2392): A resource failed to call release.
09-22 22:33:07.773 W/System ( 2392): A resource failed to call release.
09-22 22:33:07.773 W/System ( 2392): A resource failed to call release.
09-22 22:33:07.785 E/DisplayDeviceConfig( 1451): requesting nits when no mapping exists.
09-22 22:33:07.786 E/DisplayDeviceConfig( 1451): requesting nits when no mapping exists.
09-22 22:33:07.786 I/am_wtf ( 1451): [0,1451,system_server,-1,DisplayDeviceConfig,requesting nits when no mapping exists.]
09-22 22:33:07.787 I/am_wtf ( 1451): [0,1451,system_server,-1,DisplayDeviceConfig,requesting nits when no mapping exists.]
09-22 22:33:07.800 E/DisplayDeviceConfig( 1451): requesting nits when no mapping exists.
09-22 22:33:07.801 E/DisplayDeviceConfig( 1451): requesting nits when no mapping exists.
09-22 22:33:07.801 I/am_wtf ( 1451): [0,1451,system_server,-1,DisplayDeviceConfig,requesting nits when no mapping exists.]
09-22 22:33:07.801 I/am_wtf ( 1451): [0,1451,system_server,-1,DisplayDeviceConfig,requesting nits when no mapping exists.]
09-22 22:33:07.817 E/DisplayDeviceConfig( 1451): requesting nits when no mapping exists.
09-22 22:33:07.817 E/DisplayDeviceConfig( 1451): requesting nits when no mapping exists.
09-22 22:33:07.817 I/am_wtf ( 1451): [0,1451,system_server,-1,DisplayDeviceConfig,requesting nits when no mapping exists.]
09-22 22:33:07.818 I/am_wtf ( 1451): [0,1451,system_server,-1,DisplayDeviceConfig,requesting nits when no mapping exists.]
09-22 22:33:07.834 E/DisplayDeviceConfig( 1451): requesting nits when no mapping exists.
09-22 22:33:07.835 E/DisplayDeviceConfig( 1451): requesting nits when no mapping exists.
09-22 22:33:07.835 I/am_wtf ( 1451): [0,1451,system_server,-1,DisplayDeviceConfig,requesting nits when no mapping exists.]
09-22 22:33:07.836 I/am_wtf ( 1451): [0,1451,system_server,-1,DisplayDeviceConfig,requesting nits when no mapping exists.]
09-22 22:33:07.851 E/DisplayDeviceConfig( 1451): requesting nits when no mapping exists.
09-22 22:33:07.852 E/DisplayDeviceConfig( 1451): requesting nits when no mapping exists.
09-22 22:33:07.852 I/am_wtf ( 1451): [0,1451,system_server,-1,DisplayDeviceConfig,requesting nits when no mapping exists.]
09-22 22:33:07.853 I/am_wtf ( 1451): [0,1451,system_server,-1,DisplayDeviceConfig,requesting nits when no mapping exists.]
09-22 22:33:07.867 E/DisplayDeviceConfig( 1451): requesting nits when no mapping exists.
09-22 22:33:07.867 E/DisplayDeviceConfig( 1451): requesting nits when no mapping exists.
09-22 22:33:07.868 I/am_wtf ( 1451): [0,1451,system_server,-1,DisplayDeviceConfig,requesting nits when no mapping exists.]
09-22 22:33:07.873 I/am_wtf ( 1451): [0,1451,system_server,-1,DisplayDeviceConfig,requesting nits when no mapping exists.]
09-22 22:33:07.884 E/DisplayDeviceConfig( 1451): requesting nits when no mapping exists.
09-22 22:33:07.884 E/DisplayDeviceConfig( 1451): requesting nits when no mapping exists.
09-22 22:33:07.885 I/am_wtf ( 1451): [0,1451,system_server,-1,DisplayDeviceConfig,requesting nits when no mapping exists.]
09-22 22:33:07.887 I/am_wtf ( 1451): [0,1451,system_server,-1,DisplayDeviceConfig,requesting nits when no mapping exists.]
09-22 22:33:07.901 E/DisplayDeviceConfig( 1451): requesting nits when no mapping exists.
09-22 22:33:07.901 E/DisplayDeviceConfig( 1451): requesting nits when no mapping exists.
09-22 22:33:07.901 I/am_wtf ( 1451): [0,1451,system_server,-1,DisplayDeviceConfig,requesting nits when no mapping exists.]
09-22 22:33:07.902 I/am_wtf ( 1451): [0,1451,system_server,-1,DisplayDeviceConfig,requesting nits when no mapping exists.]
09-22 22:33:07.917 E/DisplayDeviceConfig( 1451): requesting nits when no mapping exists.
09-22 22:33:07.918 E/DisplayDeviceConfig( 1451): requesting nits when no mapping exists.
09-22 22:33:07.918 I/am_wtf ( 1451): [0,1451,system_server,-1,DisplayDeviceConfig,requesting nits when no mapping exists.]
09-22 22:33:07.919 I/am_wtf ( 1451): [0,1451,system_server,-1,DisplayDeviceConfig,requesting nits when no mapping exists.]
09-22 22:33:07.934 E/DisplayDeviceConfig( 1451): requesting nits when no mapping exists.
09-22 22:33:07.934 E/DisplayDeviceConfig( 1451): requesting nits when no mapping exists.
09-22 22:33:07.935 I/am_wtf ( 1451): [0,1451,system_server,-1,DisplayDeviceConfig,requesting nits when no mapping exists.]
09-22 22:33:07.936 I/am_wtf ( 1451): [0,1451,system_server,-1,DisplayDeviceConfig,requesting nits when no mapping exists.]
09-22 22:33:07.953 E/DisplayDeviceConfig( 1451): requesting nits when no mapping exists.
09-22 22:33:07.956 I/wm_stop_activity( 1451): [0,89524022,com.android.launcher3/.uioverrides.QuickstepLauncher]
09-22 22:33:07.956 I/am_wtf ( 1451): [0,1451,system_server,-1,DisplayDeviceConfig,requesting nits when no mapping exists.]
09-22 22:33:07.956 E/DisplayDeviceConfig( 1451): requesting nits when no mapping exists.
09-22 22:33:07.959 I/am_wtf ( 1451): [0,1451,system_server,-1,DisplayDeviceConfig,requesting nits when no mapping exists.]
09-22 22:33:07.976 E/DisplayDeviceConfig( 1451): requesting nits when no mapping exists.
09-22 22:33:07.977 E/DisplayDeviceConfig( 1451): requesting nits when no mapping exists.
09-22 22:33:07.977 I/am_wtf ( 1451): [0,1451,system_server,-1,DisplayDeviceConfig,requesting nits when no mapping exists.]
09-22 22:33:07.978 I/am_wtf ( 1451): [0,1451,system_server,-1,DisplayDeviceConfig,requesting nits when no mapping exists.]
09-22 22:33:07.979 D/StateManager( 2392): goToState: Normal
09-22 22:33:07.981 I/wm_on_stop_called( 2392): [89524022,com.android.launcher3.uioverrides.QuickstepLauncher,STOP_ACTIVITY_ITEM]
09-22 22:33:07.985 E/DisplayDeviceConfig( 1451): requesting nits when no mapping exists.
09-22 22:33:07.985 E/DisplayDeviceConfig( 1451): requesting nits when no mapping exists.
09-22 22:33:07.985 I/am_wtf ( 1451): [0,1451,system_server,-1,DisplayDeviceConfig,requesting nits when no mapping exists.]
09-22 22:33:07.986 I/am_wtf ( 1451): [0,1451,system_server,-1,DisplayDeviceConfig,requesting nits when no mapping exists.]
09-22 22:33:08.002 E/DisplayDeviceConfig( 1451): requesting nits when no mapping exists.
09-22 22:33:08.003 E/DisplayDeviceConfig( 1451): requesting nits when no mapping exists.
