09-22 22:31:39.993 I/sysui_multi_action( 1803): [757,113,758,1,759,113,927,1,928,1,1593,1]
09-22 22:31:39.993 I/sysui_multi_action( 1803): [757,0,758,1,759,0,927,2,928,0,1593,1]
09-22 22:31:39.993 I/sysui_multi_action( 1803): [757,0,758,1,759,0,927,3,928,0,1593,1]
09-22 22:31:39.993 I/sysui_multi_action( 1803): [757,1706,758,1,759,1706,927,4,928,0,1593,1]
09-22 22:31:39.994 I/sysui_multi_action( 1803): [757,491,758,1,759,491,927,5,928,0,1311,-1,1593,0]
09-22 22:31:39.994 I/sysui_multi_action( 1803): [757,0,758,1,759,0,927,6,928,0,1593,0]
09-22 22:31:39.994 I/sysui_multi_action( 1803): [757,111,758,1]
09-22 22:31:39.994 I/sysui_multi_action( 1803): [757,126,758,1,759,126,927,0,928,0,1593,1]
09-22 22:31:39.994 I/sysui_multi_action( 1803): [757,113,758,1,759,113,927,1,928,1,1593,1]
09-22 22:31:39.994 I/sysui_multi_action( 1803): [757,0,758,1,759,0,927,2,928,0,1593,1]
09-22 22:31:39.994 I/sysui_multi_action( 1803): [757,0,758,1,759,0,927,3,928,0,1593,1]
09-22 22:31:39.995 W/View ( 1803): requestLayout() improperly called by com.android.systemui.util.animation.UniqueObjectHostView{24dc5a4 V.E...... ......ID 0,0-666,156} during layout: running second layout pass
09-22 22:31:40.007 I/sysui_multi_action( 1803): [757,111,758,2]
09-22 22:31:40.007 I/sysui_multi_action( 1803): [757,111,758,2]
09-22 22:31:40.007 I/notification_enqueue( 1451): [10081,1803,com.android.systemui,2048,NULL,0,Notification(channel=updateNotification shortcut=null contentView=null vibrate=null sound=null defaults=0x0 flags=0x0 color=0x00000000 vis=PRIVATE),1]
09-22 22:31:40.010 I/sysui_multi_action( 1803): [757,111,758,1]
09-22 22:31:40.011 I/sysui_multi_action( 1803): [757,126,758,1,759,126,927,0,928,0,1593,1]
09-22 22:31:40.011 I/sysui_multi_action( 1803): [757,113,758,1,759,113,927,1,928,1,1593,1]
09-22 22:31:40.011 I/sysui_multi_action( 1803): [757,0,758,1,759,0,927,2,928,0,1593,1]
09-22 22:31:40.011 I/sysui_multi_action( 1803): [757,0,758,1,759,0,927,3,928,0,1593,1]
09-22 22:31:40.011 I/sysui_multi_action( 1803): [757,1706,758,1,759,1706,927,4,928,0,1593,1]
09-22 22:31:40.011 I/sysui_multi_action( 1803): [757,491,758,1,759,491,927,5,928,0,1311,-1,1593,0]
09-22 22:31:40.011 I/sysui_multi_action( 1803): [757,0,758,1,759,0,927,6,928,0,1593,0]
09-22 22:31:40.011 I/sysui_multi_action( 1803): [757,111,758,1]
09-22 22:31:40.011 I/sysui_multi_action( 1803): [757,126,758,1,759,126,927,0,928,0,1593,1]
09-22 22:31:40.011 I/sysui_multi_action( 1803): [757,113,758,1,759,113,927,1,928,1,1593,1]
09-22 22:31:40.011 I/sysui_multi_action( 1803): [757,0,758,1,759,0,927,2,928,0,1593,1]
09-22 22:31:40.011 I/sysui_multi_action( 1803): [757,0,758,1,759,0,927,3,928,0,1593,1]
09-22 22:31:40.013 W/View ( 1803): requestLayout() improperly called by com.android.systemui.util.animation.UniqueObjectHostView{24dc5a4 V.E...... ......ID 0,0-666,156} during layout: running second layout pass
09-22 22:31:40.023 I/sysui_multi_action( 1803): [757,111,758,2]
09-22 22:31:40.023 I/sysui_multi_action( 1803): [757,111,758,2]
09-22 22:31:40.023 I/notification_enqueue( 1451): [10081,1803,com.android.systemui,2048,NULL,0,Notification(channel=updateNotification shortcut=null contentView=null vibrate=null sound=null defaults=0x0 flags=0x0 color=0x00000000 vis=PRIVATE),1]
09-22 22:31:40.027 I/sysui_multi_action( 1803): [757,111,758,1]
09-22 22:31:40.027 I/sysui_multi_action( 1803): [757,126,758,1,759,126,927,0,928,0,1593,1]
09-22 22:31:40.027 I/sysui_multi_action( 1803): [757,113,758,1,759,113,927,1,928,1,1593,1]
09-22 22:31:40.027 I/sysui_multi_action( 1803): [757,0,758,1,759,0,927,2,928,0,1593,1]
09-22 22:31:40.027 I/sysui_multi_action( 1803): [757,0,758,1,759,0,927,3,928,0,1593,1]
09-22 22:31:40.027 I/sysui_multi_action( 1803): [757,1706,758,1,759,1706,927,4,928,0,1593,1]
09-22 22:31:40.027 I/sysui_multi_action( 1803): [757,491,758,1,759,491,927,5,928,0,1311,-1,1593,0]
09-22 22:31:40.027 I/sysui_multi_action( 1803): [757,0,758,1,759,0,927,6,928,0,1593,0]
09-22 22:31:40.027 I/sysui_multi_action( 1803): [757,111,758,1]
09-22 22:31:40.027 I/sysui_multi_action( 1803): [757,126,758,1,759,126,927,0,928,0,1593,1]
09-22 22:31:40.027 I/sysui_multi_action( 1803): [757,113,758,1,759,113,927,1,928,1,1593,1]
09-22 22:31:40.028 I/sysui_multi_action( 1803): [757,0,758,1,759,0,927,2,928,0,1593,1]
09-22 22:31:40.028 I/sysui_multi_action( 1803): [757,0,758,1,759,0,927,3,928,0,1593,1]
09-22 22:31:40.029 W/View ( 1803): requestLayout() improperly called by com.android.systemui.util.animation.UniqueObjectHostView{24dc5a4 V.E...... ......ID 0,0-666,156} during layout: running second layout pass
09-22 22:31:40.040 I/sysui_multi_action( 1803): [757,111,758,2]
09-22 22:31:40.041 I/sysui_multi_action( 1803): [757,111,758,2]
09-22 22:31:40.041 I/notification_enqueue( 1451): [10081,1803,com.android.systemui,2048,NULL,0,Notification(channel=updateNotification shortcut=null contentView=null vibrate=null sound=null defaults=0x0 flags=0x0 color=0x00000000 vis=PRIVATE),1]
09-22 22:31:40.044 I/sysui_multi_action( 1803): [757,111,758,1]
09-22 22:31:40.044 I/sysui_multi_action( 1803): [757,126,758,1,759,126,927,0,928,0,1593,1]
09-22 22:31:40.044 I/sysui_multi_action( 1803): [757,113,758,1,759,113,927,1,928,1,1593,1]
09-22 22:31:40.044 I/sysui_multi_action( 1803): [757,0,758,1,759,0,927,2,928,0,1593,1]
09-22 22:31:40.044 I/sysui_multi_action( 1803): [757,0,758,1,759,0,927,3,928,0,1593,1]
09-22 22:31:40.044 I/sysui_multi_action( 1803): [757,1706,758,1,759,1706,927,4,928,0,1593,1]
09-22 22:31:40.045 I/sysui_multi_action( 1803): [757,491,758,1,759,491,927,5,928,0,1311,-1,1593,0]
09-22 22:31:40.045 I/sysui_multi_action( 1803): [757,0,758,1,759,0,927,6,928,0,1593,0]
09-22 22:31:40.045 I/sysui_multi_action( 1803): [757,111,758,1]
09-22 22:31:40.045 I/sysui_multi_action( 1803): [757,126,758,1,759,126,927,0,928,0,1593,1]
09-22 22:31:40.045 I/sysui_multi_action( 1803): [757,113,758,1,759,113,927,1,928,1,1593,1]
09-22 22:31:40.045 I/sysui_multi_action( 1803): [757,0,758,1,759,0,927,2,928,0,1593,1]
09-22 22:31:40.045 I/sysui_multi_action( 1803): [757,0,758,1,759,0,927,3,928,0,1593,1]
09-22 22:31:40.047 W/View ( 1803): requestLayout() improperly called by com.android.systemui.util.animation.UniqueObjectHostView{24dc5a4 V.E...... ......ID 0,0-666,156} during layout: running second layout pass
09-22 22:31:40.057 I/sysui_multi_action( 1803): [757,111,758,2]
09-22 22:31:40.057 I/sysui_multi_action( 1803): [757,111,758,2]
09-22 22:31:40.060 I/sysui_multi_action( 1803): [757,111,758,1]
09-22 22:31:40.060 I/sysui_multi_action( 1803): [757,126,758,1,759,126,927,0,928,0,1593,1]
09-22 22:31:40.060 I/notification_enqueue( 1451): [10081,1803,com.android.systemui,2048,NULL,0,Notification(channel=updateNotification shortcut=null contentView=null vibrate=null sound=null defaults=0x0 flags=0x0 color=0x00000000 vis=PRIVATE),1]
09-22 22:31:40.060 I/sysui_multi_action( 1803): [757,113,758,1,759,113,927,1,928,1,1593,1]
09-22 22:31:40.060 I/sysui_multi_action( 1803): [757,0,758,1,759,0,927,2,928,0,1593,1]
09-22 22:31:40.060 I/sysui_multi_action( 1803): [757,0,758,1,759,0,927,3,928,0,1593,1]
09-22 22:31:40.060 I/sysui_multi_action( 1803): [757,1706,758,1,759,1706,927,4,928,0,1593,1]
09-22 22:31:40.061 I/sysui_multi_action( 1803): [757,491,758,1,759,491,927,5,928,0,1311,-1,1593,0]
09-22 22:31:40.061 I/sysui_multi_action( 1803): [757,0,758,1,759,0,927,6,928,0,1593,0]
09-22 22:31:40.061 I/sysui_multi_action( 1803): [757,111,758,1]
09-22 22:31:40.061 I/sysui_multi_action( 1803): [757,126,758,1,759,126,927,0,928,0,1593,1]
09-22 22:31:40.061 I/sysui_multi_action( 1803): [757,113,758,1,759,113,927,1,928,1,1593,1]
09-22 22:31:40.061 I/sysui_multi_action( 1803): [757,0,758,1,759,0,927,2,928,0,1593,1]
09-22 22:31:40.061 I/sysui_multi_action( 1803): [757,0,758,1,759,0,927,3,928,0,1593,1]
09-22 22:31:40.062 I/sysui_multi_action( 1451): [757,1501,758,1,793,238897,794,0,795,205,796,2048,806,com.android.systemui,857,updateNotification,858,3,947,0,1500,0,1688,1]
09-22 22:31:40.062 I/sysui_multi_action( 1451): [757,804,799,note_interruptive,801,0,802,1]
09-22 22:31:40.062 I/sysui_multi_action( 1451): [757,199,758,1,759,2,793,238897,794,0,795,205,796,2048,806,com.android.systemui,857,updateNotification,858,3,947,0,1500,0,1688,1]
09-22 22:31:40.062 I/notification_alert( 1451): [0|com.android.systemui|2048|null|10081,0,1,0]
09-22 22:31:40.062 W/View ( 1803): requestLayout() improperly called by com.android.systemui.util.animation.UniqueObjectHostView{24dc5a4 V.E...... ......ID 0,0-666,156} during layout: running second layout pass
09-22 22:31:40.063 W/NotificationHistory( 1451): Attempted to add notif for locked/gone/disabled user 0
09-22 22:31:40.065 D/Avrcp_ext( 1802): AudioManager Player: AudioPlaybackConfiguration piid:71 deviceId:0 type:android.media.SoundPool u/pid:1000/1451 state:idle attr:AudioAttributes: usage=USAGE_ASSISTANCE_SONIFICATION content=CONTENT_TYPE_SONIFICATION flags=0x800 tags= bundle=null sessionId:0
09-22 22:31:40.065 D/Avrcp_ext( 1802): AudioManager Player: AudioPlaybackConfiguration piid:79 deviceId:0 type:android.media.SoundPool u/pid:10081/1803 state:idle attr:AudioAttributes: usage=USAGE_ASSISTANCE_SONIFICATION content=CONTENT_TYPE_SONIFICATION flags=0x800 tags= bundle=null sessionId:0
09-22 22:31:40.065 D/Avrcp_ext( 1802): AudioManager Player: AudioPlaybackConfiguration piid:239 deviceId:0 type:android.media.MediaPlayer u/pid:10081/1803 state:idle attr:AudioAttributes: usage=USAGE_NOTIFICATION content=CONTENT_TYPE_SONIFICATION flags=0x800 tags= bundle=null sessionId:0
09-22 22:31:40.065 D/Avrcp_ext( 1802): AudioManager isPlaying: false, mAudioPlaybackIsActive = false
09-22 22:31:40.065 D/Avrcp_ext( 1802): AudioManager Reset Active Player
09-22 22:31:40.066 W/MediaProvider( 2808): Failed to fetch original file descriptor
09-22 22:31:40.066 W/MediaProvider( 2808): java.io.IOException: stat failed: EACCES (Permission denied)
09-22 22:31:40.066 W/MediaProvider( 2808): at com.android.providers.media.MediaProvider.getFileFromFileDescriptor(MediaProvider.java:5794)
09-22 22:31:40.066 W/MediaProvider( 2808): at com.android.providers.media.MediaProvider.getOriginalMediaFormatFileDescriptor(MediaProvider.java:5711)
09-22 22:31:40.066 W/MediaProvider( 2808): at com.android.providers.media.MediaProvider.openTypedAssetFileCommon(MediaProvider.java:7134)
09-22 22:31:40.066 W/MediaProvider( 2808): at com.android.providers.media.MediaProvider.openTypedAssetFile(MediaProvider.java:7115)
09-22 22:31:40.066 W/MediaProvider( 2808): at android.content.ContentProvider$Transport.openTypedAssetFile(ContentProvider.java:548)
09-22 22:31:40.066 W/MediaProvider( 2808): at android.content.ContentProviderNative.onTransact(ContentProviderNative.java:327)
09-22 22:31:40.066 W/MediaProvider( 2808): at android.os.Binder.execTransactInternal(Binder.java:1184)
09-22 22:31:40.066 W/MediaProvider( 2808): at android.os.Binder.execTransact(Binder.java:1143)
09-22 22:31:40.066 W/MediaProvider( 2808): Caused by: android.system.ErrnoException: stat failed: EACCES (Permission denied)
09-22 22:31:40.066 W/MediaProvider( 2808): at libcore.io.Linux.stat(Native Method)
09-22 22:31:40.066 W/MediaProvider( 2808): at libcore.io.ForwardingOs.stat(ForwardingOs.java:853)
09-22 22:31:40.066 W/MediaProvider( 2808): at libcore.io.BlockGuardOs.stat(BlockGuardOs.java:420)
09-22 22:31:40.066 W/MediaProvider( 2808): at libcore.io.ForwardingOs.stat(ForwardingOs.java:853)
09-22 22:31:40.066 W/MediaProvider( 2808): at android.app.ActivityThread$AndroidOs.stat(ActivityThread.java:7780)
09-22 22:31:40.066 W/MediaProvider( 2808): at android.system.Os.stat(Os.java:919)
09-22 22:31:40.066 W/MediaProvider( 2808): at com.android.providers.media.MediaProvider.getFileFromFileDescriptor(MediaProvider.java:5788)
09-22 22:31:40.066 W/MediaProvider( 2808): ... 7 more
09-22 22:31:40.066 D/NuPlayerDriver( 1200): NuPlayerDriver(0xed2c0470) created, clientPid(1803)
09-22 22:31:40.071 I/ExtendedNuUtils( 1200): printFileName fd(8) -> /data/system_de/0/ringtones/notification_sound_cache
09-22 22:31:40.073 D/GenericSource( 1200): FileSource remote
09-22 22:31:40.073 I/sysui_multi_action( 1803): [757,111,758,2]
09-22 22:31:40.073 I/sysui_multi_action( 1803): [757,111,758,2]
09-22 22:31:40.073 I/notification_enqueue( 1451): [10081,1803,com.android.systemui,2048,NULL,0,Notification(channel=updateNotification shortcut=null contentView=null vibrate=null sound=null defaults=0x0 flags=0x0 color=0x00000000 vis=PRIVATE),1]
09-22 22:31:40.077 I/sysui_multi_action( 1803): [757,111,758,1]
09-22 22:31:40.077 I/sysui_multi_action( 1803): [757,126,758,1,759,126,927,0,928,0,1593,0]
09-22 22:31:40.077 I/sysui_multi_action( 1803): [757,113,758,1,759,113,927,1,928,1,1593,0]
09-22 22:31:40.077 I/MMParserExtractor( 1194): Created(0xb4000075083a1b70)
09-22 22:31:40.077 I/sysui_multi_action( 1803): [757,0,758,1,759,0,927,2,928,0,1593,0]
09-22 22:31:40.077 I/sysui_multi_action( 1803): [757,0,758,1,759,0,927,3,928,0,1593,0]
09-22 22:31:40.077 E/MM_OSAL ( 1194): FileSource::FileSource
09-22 22:31:40.077 E/MM_OSAL ( 1194): FileSource::FileSource m_bEveryThingOK 1
09-22 22:31:40.077 I/sysui_multi_action( 1803): [757,1706,758,1,759,1706,927,4,928,0,1593,0]
09-22 22:31:40.077 I/sysui_multi_action( 1803): [757,491,758,1,759,491,927,5,928,0,1311,-1,1593,0]
09-22 22:31:40.077 I/sysui_multi_action( 1803): [757,0,758,1,759,0,927,6,928,0,1593,0]
09-22 22:31:40.077 I/sysui_multi_action( 1803): [757,111,758,1]
09-22 22:31:40.077 I/sysui_multi_action( 1803): [757,126,758,1,759,126,927,0,928,0,1593,1]
09-22 22:31:40.077 I/sysui_multi_action( 1803): [757,113,758,1,759,113,927,1,928,1,1593,1]
09-22 22:31:40.077 I/sysui_multi_action( 1803): [757,0,758,1,759,0,927,2,928,0,1593,1]
09-22 22:31:40.077 I/sysui_multi_action( 1803): [757,0,758,1,759,0,927,3,928,0,1593,1]
09-22 22:31:40.079 W/View ( 1803): requestLayout() improperly called by com.android.systemui.util.animation.UniqueObjectHostView{24dc5a4 V.E...... ......ID 0,0-666,156} during layout: running second layout pass
09-22 22:31:40.079 D/MediaBufferGroup( 1194): creating MemoryDealer
09-22 22:31:40.082 I/MediaFocusControl( 1451): requestAudioFocus() from uid/pid 10081/1803 AA=USAGE_NOTIFICATION/CONTENT_TYPE_SONIFICATION clientId=android.media.AudioManager@405b12e callingPack=com.android.systemui req=3 flags=0x0 sdk=31
09-22 22:31:40.082 I/AudioService.FadeOutManager( 1451): unfadeOutUid() uid:10081
09-22 22:31:40.086 D/InterruptionStateProvider( 1803): No bubble up: not allowed to bubble: 0|com.android.systemui|2048|null|10081
09-22 22:31:40.086 D/InterruptionStateProvider( 1803): No heads up: unimportant notification: 0|com.android.systemui|2048|null|10081
09-22 22:31:40.088 D/PeopleSpaceWidgetMgr( 1803): Sbn doesn't contain valid PeopleTileKey: null/0/com.android.systemui
09-22 22:31:40.090 I/sysui_multi_action( 1803): [757,111,758,2]
09-22 22:31:40.090 I/sysui_multi_action( 1803): [757,111,758,2]
09-22 22:31:40.090 I/notification_enqueue( 1451): [10081,1803,com.android.systemui,2048,NULL,0,Notification(channel=updateNotification shortcut=null contentView=null vibrate=null sound=null defaults=0x0 flags=0x0 color=0x00000000 vis=PRIVATE),1]
09-22 22:31:40.093 E/NotificationService( 1451): Muting recently noisy 0|com.android.systemui|2048|null|10081
09-22 22:31:40.094 I/sysui_multi_action( 1803): [757,111,758,1]
09-22 22:31:40.094 I/sysui_multi_action( 1803): [757,126,758,1,759,126,927,0,928,0,1593,1]
09-22 22:31:40.094 I/sysui_multi_action( 1803): [757,113,758,1,759,113,927,1,928,1,1593,1]
09-22 22:31:40.094 I/sysui_multi_action( 1803): [757,0,758,1,759,0,927,2,928,0,1593,1]
09-22 22:31:40.094 I/sysui_multi_action( 1803): [757,0,758,1,759,0,927,3,928,0,1593,1]
09-22 22:31:40.094 I/sysui_multi_action( 1803): [757,1706,758,1,759,1706,927,4,928,0,1593,1]
09-22 22:31:40.094 I/sysui_multi_action( 1803): [757,491,758,1,759,491,927,5,928,0,1311,-1,1593,0]
09-22 22:31:40.094 I/sysui_multi_action( 1803): [757,0,758,1,759,0,927,6,928,0,1593,0]
09-22 22:31:40.094 I/sysui_multi_action( 1803): [757,111,758,1]
09-22 22:31:40.094 I/sysui_multi_action( 1803): [757,126,758,1,759,126,927,0,928,0,1593,1]
09-22 22:31:40.094 I/sysui_multi_action( 1803): [757,113,758,1,759,113,927,1,928,1,1593,1]
09-22 22:31:40.094 I/sysui_multi_action( 1803): [757,0,758,1,759,0,927,2,928,0,1593,1]
09-22 22:31:40.094 I/sysui_multi_action( 1803): [757,0,758,1,759,0,927,3,928,0,1593,1]
09-22 22:31:40.096 W/View ( 1803): requestLayout() improperly called by com.android.systemui.util.animation.UniqueObjectHostView{24dc5a4 V.E...... ......ID 0,0-666,156} during layout: running second layout pass
09-22 22:31:40.107 I/sysui_multi_action( 1803): [757,111,758,2]
09-22 22:31:40.107 I/notification_enqueue( 1451): [10081,1803,com.android.systemui,2048,NULL,0,Notification(channel=updateNotification shortcut=null contentView=null vibrate=null sound=null defaults=0x0 flags=0x0 color=0x00000000 vis=PRIVATE),1]
09-22 22:31:40.107 I/sysui_multi_action( 1803): [757,111,758,2]
09-22 22:31:40.112 I/sysui_multi_action( 1803): [757,111,758,1]
09-22 22:31:40.112 I/sysui_multi_action( 1803): [757,126,758,1,759,126,927,0,928,0,1593,0]
09-22 22:31:40.112 I/sysui_multi_action( 1803): [757,113,758,1,759,113,927,1,928,1,1593,0]
09-22 22:31:40.112 I/sysui_multi_action( 1803): [757,0,758,1,759,0,927,2,928,0,1593,0]
09-22 22:31:40.112 I/sysui_multi_action( 1803): [757,0,758,1,759,0,927,3,928,0,1593,0]
09-22 22:31:40.112 I/sysui_multi_action( 1803): [757,1706,758,1,759,1706,927,4,928,0,1593,0]
09-22 22:31:40.113 I/sysui_multi_action( 1803): [757,491,758,1,759,491,927,5,928,0,1311,-1,1593,0]
09-22 22:31:40.113 I/sysui_multi_action( 1803): [757,0,758,1,759,0,927,6,928,0,1593,0]
09-22 22:31:40.113 I/sysui_multi_action( 1803): [757,111,758,1]
09-22 22:31:40.113 I/sysui_multi_action( 1803): [757,126,758,1,759,126,927,0,928,0,1593,0]
09-22 22:31:40.113 I/sysui_multi_action( 1803): [757,113,758,1,759,113,927,1,928,1,1593,0]
09-22 22:31:40.113 I/sysui_multi_action( 1803): [757,0,758,1,759,0,927,2,928,0,1593,0]
09-22 22:31:40.113 I/sysui_multi_action( 1803): [757,0,758,1,759,0,927,3,928,0,1593,0]
09-22 22:31:40.116 W/View ( 1803): requestLayout() improperly called by com.android.systemui.util.animation.UniqueObjectHostView{24dc5a4 V.E...... ......ID 0,0-666,156} during layout: running second layout pass
09-22 22:31:40.117 E/NotificationService( 1451): Muting recently noisy 0|com.android.systemui|2048|null|10081
09-22 22:31:40.123 D/InterruptionStateProvider( 1803): No bubble up: not allowed to bubble: 0|com.android.systemui|2048|null|10081
09-22 22:31:40.123 D/InterruptionStateProvider( 1803): No heads up: unimportant notification: 0|com.android.systemui|2048|null|10081
09-22 22:31:40.125 D/PeopleSpaceWidgetMgr( 1803): Sbn doesn't contain valid PeopleTileKey: null/0/com.android.systemui
09-22 22:31:40.126 I/sysui_multi_action( 1803): [757,111,758,2]
09-22 22:31:40.126 I/sysui_multi_action( 1803): [757,111,758,2]
09-22 22:31:40.126 I/notification_enqueue( 1451): [10081,1803,com.android.systemui,2048,NULL,0,Notification(channel=updateNotification shortcut=null contentView=null vibrate=null sound=null defaults=0x0 flags=0x0 color=0x00000000 vis=PRIVATE),1]
09-22 22:31:40.130 I/sysui_multi_action( 1803): [757,111,758,1]
09-22 22:31:40.130 I/sysui_multi_action( 1803): [757,126,758,1,759,126,927,0,928,0,1593,1]
09-22 22:31:40.130 I/sysui_multi_action( 1803): [757,113,758,1,759,113,927,1,928,1,1593,1]
09-22 22:31:40.130 I/sysui_multi_action( 1803): [757,0,758,1,759,0,927,2,928,0,1593,1]
09-22 22:31:40.130 I/sysui_multi_action( 1803): [757,0,758,1,759,0,927,3,928,0,1593,1]
09-22 22:31:40.130 I/sysui_multi_action( 1803): [757,1706,758,1,759,1706,927,4,928,0,1593,1]
09-22 22:31:40.130 I/sysui_multi_action( 1803): [757,491,758,1,759,491,927,5,928,0,1311,-1,1593,0]
09-22 22:31:40.130 I/sysui_multi_action( 1803): [757,0,758,1,759,0,927,6,928,0,1593,0]
09-22 22:31:40.130 I/sysui_multi_action( 1803): [757,111,758,1]
09-22 22:31:40.130 I/sysui_multi_action( 1803): [757,126,758,1,759,126,927,0,928,0,1593,1]
09-22 22:31:40.130 I/sysui_multi_action( 1803): [757,113,758,1,759,113,927,1,928,1,1593,1]
09-22 22:31:40.131 I/sysui_multi_action( 1803): [757,0,758,1,759,0,927,2,928,0,1593,1]
09-22 22:31:40.131 I/sysui_multi_action( 1803): [757,0,758,1,759,0,927,3,928,0,1593,1]
09-22 22:31:40.132 W/View ( 1803): requestLayout() improperly called by com.android.systemui.util.animation.UniqueObjectHostView{24dc5a4 V.E...... ......ID 0,0-666,156} during layout: running second layout pass
09-22 22:31:40.133 E/NotificationService( 1451): Muting recently noisy 0|com.android.systemui|2048|null|10081
09-22 22:31:40.139 D/InterruptionStateProvider( 1803): No bubble up: not allowed to bubble: 0|com.android.systemui|2048|null|10081
09-22 22:31:40.139 D/InterruptionStateProvider( 1803): No heads up: unimportant notification: 0|com.android.systemui|2048|null|10081
09-22 22:31:40.140 D/PeopleSpaceWidgetMgr( 1803): Sbn doesn't contain valid PeopleTileKey: null/0/com.android.systemui
09-22 22:31:40.142 I/sysui_multi_action( 1803): [757,111,758,2]
09-22 22:31:40.142 I/notification_enqueue( 1451): [10081,1803,com.android.systemui,2048,NULL,0,Notification(channel=updateNotification shortcut=null contentView=null vibrate=null sound=null defaults=0x0 flags=0x0 color=0x00000000 vis=PRIVATE),1]
09-22 22:31:40.142 I/sysui_multi_action( 1803): [757,111,758,2]
09-22 22:31:40.146 I/sysui_multi_action( 1803): [757,111,758,1]
09-22 22:31:40.146 I/sysui_multi_action( 1803): [757,126,758,1,759,126,927,0,928,0,1593,1]
09-22 22:31:40.146 I/sysui_multi_action( 1803): [757,113,758,1,759,113,927,1,928,1,1593,1]
09-22 22:31:40.146 I/sysui_multi_action( 1803): [757,0,758,1,759,0,927,2,928,0,1593,1]
09-22 22:31:40.146 I/sysui_multi_action( 1803): [757,0,758,1,759,0,927,3,928,0,1593,1]
09-22 22:31:40.146 I/sysui_multi_action( 1803): [757,1706,758,1,759,1706,927,4,928,0,1593,1]
09-22 22:31:40.146 I/sysui_multi_action( 1803): [757,491,758,1,759,491,927,5,928,0,1311,-1,1593,0]
09-22 22:31:40.146 I/sysui_multi_action( 1803): [757,0,758,1,759,0,927,6,928,0,1593,0]
09-22 22:31:40.146 I/sysui_multi_action( 1803): [757,111,758,1]
09-22 22:31:40.146 I/sysui_multi_action( 1803): [757,126,758,1,759,126,927,0,928,0,1593,1]
09-22 22:31:40.146 I/sysui_multi_action( 1803): [757,113,758,1,759,113,927,1,928,1,1593,1]
09-22 22:31:40.146 I/sysui_multi_action( 1803): [757,0,758,1,759,0,927,2,928,0,1593,1]
09-22 22:31:40.146 I/sysui_multi_action( 1803): [757,0,758,1,759,0,927,3,928,0,1593,1]
09-22 22:31:40.148 W/View ( 1803): requestLayout() improperly called by com.android.systemui.util.animation.UniqueObjectHostView{24dc5a4 V.E...... ......ID 0,0-666,156} during layout: running second layout pass
09-22 22:31:40.149 E/NotificationService( 1451): Muting recently noisy 0|com.android.systemui|2048|null|10081
09-22 22:31:40.155 D/InterruptionStateProvider( 1803): No bubble up: not allowed to bubble: 0|com.android.systemui|2048|null|10081
09-22 22:31:40.155 D/InterruptionStateProvider( 1803): No heads up: unimportant notification: 0|com.android.systemui|2048|null|10081
09-22 22:31:40.156 D/PeopleSpaceWidgetMgr( 1803): Sbn doesn't contain valid PeopleTileKey: null/0/com.android.systemui
09-22 22:31:40.158 I/sysui_multi_action( 1803): [757,111,758,2]
09-22 22:31:40.158 I/notification_enqueue( 1451): [10081,1803,com.android.systemui,2048,NULL,0,Notification(channel=updateNotification shortcut=null contentView=null vibrate=null sound=null defaults=0x0 flags=0x0 color=0x00000000 vis=PRIVATE),1]
09-22 22:31:40.159 I/sysui_multi_action( 1803): [757,111,758,2]
09-22 22:31:40.164 E/NotificationService( 1451): Muting recently noisy 0|com.android.systemui|2048|null|10081
09-22 22:31:40.169 I/sysui_multi_action( 1803): [757,111,758,1]
09-22 22:31:40.169 I/sysui_multi_action( 1803): [757,126,758,1,759,126,927,0,928,0,1593,1]
09-22 22:31:40.169 I/sysui_multi_action( 1803): [757,113,758,1,759,113,927,1,928,1,1593,1]
09-22 22:31:40.169 I/sysui_multi_action( 1803): [757,0,758,1,759,0,927,2,928,0,1593,1]
09-22 22:31:40.169 I/sysui_multi_action( 1803): [757,0,758,1,759,0,927,3,928,0,1593,1]
09-22 22:31:40.169 I/sysui_multi_action( 1803): [757,1706,758,1,759,1706,927,4,928,0,1593,1]
09-22 22:31:40.169 I/sysui_multi_action( 1803): [757,491,758,1,759,491,927,5,928,0,1311,-1,1593,0]
09-22 22:31:40.169 I/sysui_multi_action( 1803): [757,0,758,1,759,0,927,6,928,0,1593,0]
09-22 22:31:40.169 I/sysui_multi_action( 1803): [757,111,758,1]
09-22 22:31:40.169 I/sysui_multi_action( 1803): [757,126,758,1,759,126,927,0,928,0,1593,1]
09-22 22:31:40.169 I/sysui_multi_action( 1803): [757,113,758,1,759,113,927,1,928,1,1593,1]
09-22 22:31:40.170 I/sysui_multi_action( 1803): [757,0,758,1,759,0,927,2,928,0,1593,1]
09-22 22:31:40.170 I/sysui_multi_action( 1803): [757,0,758,1,759,0,927,3,928,0,1593,1]
09-22 22:31:40.171 W/View ( 1803): requestLayout() improperly called by com.android.systemui.util.animation.UniqueObjectHostView{24dc5a4 V.E...... ......ID 0,0-666,156} during layout: running second layout pass
09-22 22:31:40.177 E/NotificationService( 1451): Muting recently noisy 0|com.android.systemui|2048|null|10081
09-22 22:31:40.179 D/InterruptionStateProvider( 1803): No bubble up: not allowed to bubble: 0|com.android.systemui|2048|null|10081
09-22 22:31:40.179 D/InterruptionStateProvider( 1803): No heads up: unimportant notification: 0|com.android.systemui|2048|null|10081
09-22 22:31:40.181 D/PeopleSpaceWidgetMgr( 1803): Sbn doesn't contain valid PeopleTileKey: null/0/com.android.systemui
09-22 22:31:40.183 I/sysui_multi_action( 1803): [757,111,758,2]
09-22 22:31:40.183 I/notification_enqueue( 1451): [10081,1803,com.android.systemui,2048,NULL,0,Notification(channel=updateNotification shortcut=null contentView=null vibrate=null sound=null defaults=0x0 flags=0x0 color=0x00000000 vis=PRIVATE),1]
09-22 22:31:40.183 I/sysui_multi_action( 1803): [757,111,758,2]
09-22 22:31:40.186 D/StatusBar( 1803): disable disable2
09-22 22:31:40.192 E/NotificationService( 1451): Muting recently noisy 0|com.android.systemui|2048|null|10081
09-22 22:31:40.197 I/sysui_multi_action( 1803): [757,111,758,1]
09-22 22:31:40.197 I/sysui_multi_action( 1803): [757,126,758,1,759,126,927,0,928,0,1593,1]
09-22 22:31:40.197 I/sysui_multi_action( 1803): [757,113,758,1,759,113,927,1,928,1,1593,1]
09-22 22:31:40.197 I/sysui_multi_action( 1803): [757,0,758,1,759,0,927,2,928,0,1593,1]
09-22 22:31:40.197 I/sysui_multi_action( 1803): [757,0,758,1,759,0,927,3,928,0,1593,1]
09-22 22:31:40.197 I/sysui_multi_action( 1803): [757,1706,758,1,759,1706,927,4,928,0,1593,1]
09-22 22:31:40.197 I/sysui_multi_action( 1803): [757,491,758,1,759,491,927,5,928,0,1311,-1,1593,0]
09-22 22:31:40.197 I/sysui_multi_action( 1803): [757,0,758,1,759,0,927,6,928,0,1593,0]
09-22 22:31:40.197 I/sysui_multi_action( 1803): [757,111,758,1]
09-22 22:31:40.197 I/sysui_multi_action( 1803): [757,126,758,1,759,126,927,0,928,0,1593,1]
09-22 22:31:40.197 I/sysui_multi_action( 1803): [757,113,758,1,759,113,927,1,928,1,1593,1]
09-22 22:31:40.197 I/sysui_multi_action( 1803): [757,0,758,1,759,0,927,2,928,0,1593,1]
09-22 22:31:40.197 I/sysui_multi_action( 1803): [757,0,758,1,759,0,927,3,928,0,1593,1]
09-22 22:31:40.199 W/View ( 1803): requestLayout() improperly called by com.android.systemui.util.animation.UniqueObjectHostView{24dc5a4 V.E...... ......ID 0,0-666,156} during layout: running second layout pass
09-22 22:31:40.208 E/NotificationService( 1451): Muting recently noisy 0|com.android.systemui|2048|null|10081
09-22 22:31:40.210 D/InterruptionStateProvider( 1803): No bubble up: not allowed to bubble: 0|com.android.systemui|2048|null|10081
09-22 22:31:40.210 D/InterruptionStateProvider( 1803): No heads up: unimportant notification: 0|com.android.systemui|2048|null|10081
09-22 22:31:40.212 D/PeopleSpaceWidgetMgr( 1803): Sbn doesn't contain valid PeopleTileKey: null/0/com.android.systemui
09-22 22:31:40.218 D/InterruptionStateProvider( 1803): No bubble up: not allowed to bubble: 0|com.android.systemui|2048|null|10081
09-22 22:31:40.218 D/InterruptionStateProvider( 1803): No heads up: unimportant notification: 0|com.android.systemui|2048|null|10081
09-22 22:31:40.220 D/PeopleSpaceWidgetMgr( 1803): Sbn doesn't contain valid PeopleTileKey: null/0/com.android.systemui
09-22 22:31:40.220 V/KeyguardUpdateMonitor( 1803): *** unregister callback for com.android.keyguard.CarrierTextManager$2@f45b1a9
09-22 22:31:40.221 D/InterruptionStateProvider( 1803): No bubble up: not allowed to bubble: 0|com.android.systemui|2048|null|10081
09-22 22:31:40.221 D/InterruptionStateProvider( 1803): No heads up: unimportant notification: 0|com.android.systemui|2048|null|10081
09-22 22:31:40.222 D/PeopleSpaceWidgetMgr( 1803): Sbn doesn't contain valid PeopleTileKey: null/0/com.android.systemui
09-22 22:31:40.225 E/NotificationService( 1451): Muting recently noisy 0|com.android.systemui|2048|null|10081
09-22 22:31:40.231 D/InterruptionStateProvider( 1803): No bubble up: not allowed to bubble: 0|com.android.systemui|2048|null|10081
09-22 22:31:40.232 D/InterruptionStateProvider( 1803): No heads up: unimportant notification: 0|com.android.systemui|2048|null|10081
09-22 22:31:40.234 D/PeopleSpaceWidgetMgr( 1803): Sbn doesn't contain valid PeopleTileKey: null/0/com.android.systemui
09-22 22:31:40.241 E/NotificationService( 1451): Muting recently noisy 0|com.android.systemui|2048|null|10081
09-22 22:31:40.247 D/InterruptionStateProvider( 1803): No bubble up: not allowed to bubble: 0|com.android.systemui|2048|null|10081
09-22 22:31:40.248 D/InterruptionStateProvider( 1803): No heads up: unimportant notification: 0|com.android.systemui|2048|null|10081
09-22 22:31:40.250 D/PeopleSpaceWidgetMgr( 1803): Sbn doesn't contain valid PeopleTileKey: null/0/com.android.systemui
09-22 22:31:40.262 E/NotificationService( 1451): Muting recently noisy 0|com.android.systemui|2048|null|10081
09-22 22:31:40.267 D/InterruptionStateProvider( 1803): No bubble up: not allowed to bubble: 0|com.android.systemui|2048|null|10081
09-22 22:31:40.268 D/InterruptionStateProvider( 1803): No heads up: unimportant notification: 0|com.android.systemui|2048|null|10081
09-22 22:31:40.272 D/PeopleSpaceWidgetMgr( 1803): Sbn doesn't contain valid PeopleTileKey: null/0/com.android.systemui
09-22 22:31:40.276 E/NotificationService( 1451): Muting recently noisy 0|com.android.systemui|2048|null|10081
09-22 22:31:40.287 D/InterruptionStateProvider( 1803): No bubble up: not allowed to bubble: 0|com.android.systemui|2048|null|10081
09-22 22:31:40.287 D/InterruptionStateProvider( 1803): No heads up: unimportant notification: 0|com.android.systemui|2048|null|10081
09-22 22:31:40.292 D/PeopleSpaceWidgetMgr( 1803): Sbn doesn't contain valid PeopleTileKey: null/0/com.android.systemui
09-22 22:31:40.293 E/NotificationService( 1451): Muting recently noisy 0|com.android.systemui|2048|null|10081
09-22 22:31:40.305 D/InterruptionStateProvider( 1803): No bubble up: not allowed to bubble: 0|com.android.systemui|2048|null|10081
09-22 22:31:40.306 D/InterruptionStateProvider( 1803): No heads up: unimportant notification: 0|com.android.systemui|2048|null|10081
09-22 22:31:40.309 E/NotificationService( 1451): Muting recently noisy 0|com.android.systemui|2048|null|10081
09-22 22:31:40.311 D/PeopleSpaceWidgetMgr( 1803): Sbn doesn't contain valid PeopleTileKey: null/0/com.android.systemui
09-22 22:31:40.321 D/InterruptionStateProvider( 1803): No bubble up: not allowed to bubble: 0|com.android.systemui|2048|null|10081
09-22 22:31:40.322 D/InterruptionStateProvider( 1803): No heads up: unimportant notification: 0|com.android.systemui|2048|null|10081
09-22 22:31:40.327 D/PeopleSpaceWidgetMgr( 1803): Sbn doesn't contain valid PeopleTileKey: null/0/com.android.systemui
09-22 22:31:40.328 E/NotificationService( 1451): Muting recently noisy 0|com.android.systemui|2048|null|10081
09-22 22:31:40.328 D/InterruptionStateProvider( 1803): No bubble up: not allowed to bubble: 0|com.android.systemui|2048|null|10081
09-22 22:31:40.328 D/InterruptionStateProvider( 1803): No heads up: unimportant notification: 0|com.android.systemui|2048|null|10081
09-22 22:31:40.332 D/PeopleSpaceWidgetMgr( 1803): Sbn doesn't contain valid PeopleTileKey: null/0/com.android.systemui
09-22 22:31:40.341 D/InterruptionStateProvider( 1803): No bubble up: not allowed to bubble: 0|com.android.systemui|2048|null|10081
09-22 22:31:40.341 D/InterruptionStateProvider( 1803): No heads up: unimportant notification: 0|com.android.systemui|2048|null|10081
09-22 22:31:40.344 E/NotificationService( 1451): Muting recently noisy 0|com.android.systemui|2048|null|10081
09-22 22:31:40.345 D/PeopleSpaceWidgetMgr( 1803): Sbn doesn't contain valid PeopleTileKey: null/0/com.android.systemui
09-22 22:31:40.352 D/InterruptionStateProvider( 1803): No bubble up: not allowed to bubble: 0|com.android.systemui|2048|null|10081
09-22 22:31:40.353 D/InterruptionStateProvider( 1803): No heads up: unimportant notification: 0|com.android.systemui|2048|null|10081
09-22 22:31:40.357 D/PeopleSpaceWidgetMgr( 1803): Sbn doesn't contain valid PeopleTileKey: null/0/com.android.systemui
09-22 22:31:40.358 I/mpu_uart( 655): [MSG-P:RECV]:No message received in 1000 ms
09-22 22:31:40.359 E/NotificationService( 1451): Muting recently noisy 0|com.android.systemui|2048|null|10081
09-22 22:31:40.365 D/InterruptionStateProvider( 1803): No bubble up: not allowed to bubble: 0|com.android.systemui|2048|null|10081
09-22 22:31:40.365 D/InterruptionStateProvider( 1803): No heads up: unimportant notification: 0|com.android.systemui|2048|null|10081
09-22 22:31:40.369 D/PeopleSpaceWidgetMgr( 1803): Sbn doesn't contain valid PeopleTileKey: null/0/com.android.systemui
09-22 22:31:40.385 E/NotificationService( 1451): Muting recently noisy 0|com.android.systemui|2048|null|10081
09-22 22:31:40.399 D/InterruptionStateProvider( 1803): No bubble up: not allowed to bubble: 0|com.android.systemui|2048|null|10081
09-22 22:31:40.399 D/InterruptionStateProvider( 1803): No heads up: unimportant notification: 0|com.android.systemui|2048|null|10081
09-22 22:31:40.403 D/PeopleSpaceWidgetMgr( 1803): Sbn doesn't contain valid PeopleTileKey: null/0/com.android.systemui
09-22 22:31:40.516 I/mpu_uart( 655): [MSG-P:R]:recv sync frame timeout
09-22 22:31:40.584 D/Avrcp_ext( 1802): AudioManager Player: AudioPlaybackConfiguration piid:71 deviceId:0 type:android.media.SoundPool u/pid:1000/1451 state:idle attr:AudioAttributes: usage=USAGE_ASSISTANCE_SONIFICATION content=CONTENT_TYPE_SONIFICATION flags=0x800 tags= bundle=null sessionId:0
09-22 22:31:40.584 D/Avrcp_ext( 1802): AudioManager Player: AudioPlaybackConfiguration piid:79 deviceId:0 type:android.media.SoundPool u/pid:10081/1803 state:idle attr:AudioAttributes: usage=USAGE_ASSISTANCE_SONIFICATION content=CONTENT_TYPE_SONIFICATION flags=0x800 tags= bundle=null sessionId:0
09-22 22:31:40.584 D/Avrcp_ext( 1802): AudioManager Player: AudioPlaybackConfiguration piid:239 deviceId:0 type:android.media.MediaPlayer u/pid:10081/1803 state:started attr:AudioAttributes: usage=USAGE_NOTIFICATION content=CONTENT_TYPE_SONIFICATION flags=0x800 tags= bundle=null sessionId:0
09-22 22:31:40.584 I/GenericSource( 1200): start
09-22 22:31:40.586 D/MediaRouter( 1803): onRestoreRoute() : route=RouteInfo{ name=平板电脑, description=null, status=null, category=RouteCategory{ name=系统 types=ROUTE_TYPE_LIVE_AUDIO ROUTE_TYPE_LIVE_VIDEO groupable=false }, supportedTypes=ROUTE_TYPE_LIVE_AUDIO ROUTE_TYPE_LIVE_VIDEO , presentationDisplay=null }
09-22 22:31:40.586 W/Utils ( 1200): track of type 'audio/vorbis' does not publish channel mask, channel count 1
09-22 22:31:40.586 V/MediaRouter( 1803): Selecting route: RouteInfo{ name=平板电脑, description=null, status=null, category=RouteCategory{ name=系统 types=ROUTE_TYPE_LIVE_AUDIO ROUTE_TYPE_LIVE_VIDEO groupable=false }, supportedTypes=ROUTE_TYPE_LIVE_AUDIO ROUTE_TYPE_LIVE_VIDEO , presentationDisplay=null }
09-22 22:31:40.589 D/Avrcp_ext( 1802): AudioManager Player in started state: com.android.systemui
09-22 22:31:40.589 D/Avrcp_ext( 1802): AudioManager Active Player: com.android.systemui
09-22 22:31:40.589 D/Avrcp_ext( 1802): AudioManager isPlaying: true, mAudioPlaybackIsActive = false
09-22 22:31:40.590 V/Avrcp_ext( 1802): updateCurrentMediaState: mMediaController: MediaController (com.android.systemui@dc49a66) null
09-22 22:31:40.590 W/Avrcp_ext( 1802): isMusicActive: false getBluetoothPlayState: 2 A2dp State: 11 mAudioPlaybackIsActive: true
09-22 22:31:40.591 D/Avrcp_ext( 1802): isMusicActive = false mAudioPlaybackIsActive = true player state = null
09-22 22:31:40.591 W/Utils ( 1200): track of type 'audio/vorbis' does not publish channel mask, channel count 1
09-22 22:31:40.591 I/Avrcp_ext( 1802): Skipping update due to invalid playback state
09-22 22:31:40.591 V/Avrcp_ext( 1802): updatePlaybackState, state: null device: null
09-22 22:31:40.591 V/Avrcp_ext( 1802): Device: no name:
09-22 22:31:40.591 V/Avrcp_ext( 1802): Device: no name:
09-22 22:31:40.591 V/Avrcp_ext( 1802): Device: no name:
09-22 22:31:40.591 V/Avrcp_ext( 1802): Device: no name:
09-22 22:31:40.592 V/Avrcp_ext( 1802): Device: no name:
09-22 22:31:40.592 V/Avrcp_ext( 1802): updatePlayerStateAndPosition, old=PlaybackState {state=2, position=-1, buffered position=0, speed=0.0, updated=69121, actions=0, custom actions=[], active item id=-1, error=null}, state=null
09-22 22:31:40.592 I/Avrcp_ext( 1802): updatePlayerStateAndPosition: device: state = null
09-22 22:31:40.594 D/audio_hw_primary( 812): adev_get_parameters:is_hw_dec_session_available
09-22 22:31:40.595 D/audio_hw_spkr_prot( 812): fbsp_get_parameters: Speaker protection disabled
09-22 22:31:40.595 D/soundtrigger( 812): audio_extn_sound_trigger_get_parameters input string
09-22 22:31:40.595 D/soundtrigger( 812): extract_sm_handle input string param string
09-22 22:31:40.595 D/audio_hw_extn( 812): audio_extn_fm_get_parameters: Enter
09-22 22:31:40.595 D/audio_hw_extn( 812): audio_extn_get_parameters: returns
09-22 22:31:40.595 D/audio_hw_primary( 812): adev_get_parameters: exit: returns -
09-22 22:31:40.595 I/hash_map_utils( 914): system/bt/osi/src/hash_map_utils.cc:81 hash_map_utils_dump_string_keys_string_values: key: 'is_hw_dec_session_available' value: 'audio/vorbis'
09-22 22:31:40.598 D/CCodec ( 1200): allocate(c2.android.vorbis.decoder)
09-22 22:31:40.601 I/CCodec ( 1200): setting up 'default' as default (vendor) store
09-22 22:31:40.601 V/C2Store ( 1244): in init
09-22 22:31:40.601 V/C2Store ( 1244): loading dll
09-22 22:31:40.606 I/CCodec ( 1200): Created component [c2.android.vorbis.decoder]
09-22 22:31:40.607 D/CCodecConfig( 1200): read media type: audio/vorbis
09-22 22:31:40.611 D/ReflectedParamUpdater( 1200): extent() != 1 for single value type: algo.buffers.max-count.values
09-22 22:31:40.611 D/ReflectedParamUpdater( 1200): extent() != 1 for single value type: output.subscribed-indices.values
09-22 22:31:40.612 D/ReflectedParamUpdater( 1200): extent() != 1 for single value type: input.buffers.allocator-ids.values
09-22 22:31:40.612 D/ReflectedParamUpdater( 1200): extent() != 1 for single value type: output.buffers.allocator-ids.values
09-22 22:31:40.612 D/ReflectedParamUpdater( 1200): extent() != 1 for single value type: algo.buffers.allocator-ids.values
09-22 22:31:40.612 D/ReflectedParamUpdater( 1200): extent() != 1 for single value type: output.buffers.pool-ids.values
09-22 22:31:40.612 D/ReflectedParamUpdater( 1200): extent() != 1 for single value type: algo.buffers.pool-ids.values
09-22 22:31:40.616 I/CCodecConfig( 1200): query failed after returning 7 values (BAD_INDEX)
09-22 22:31:40.616 D/CCodecConfig( 1200): c2 config diff is Dict {
09-22 22:31:40.616 D/CCodecConfig( 1200): c2::u32 coded.bitrate.value = 64000
09-22 22:31:40.616 D/CCodecConfig( 1200): c2::u32 input.buffers.max-size.value = 32768
09-22 22:31:40.616 D/CCodecConfig( 1200): c2::u32 input.delay.value = 0
09-22 22:31:40.616 D/CCodecConfig( 1200): string input.media-type.value = "audio/vorbis"
09-22 22:31:40.616 D/CCodecConfig( 1200): string output.media-type.value = "audio/raw"
09-22 22:31:40.616 D/CCodecConfig( 1200): c2::u32 raw.channel-count.value = 1
09-22 22:31:40.616 D/CCodecConfig( 1200): c2::u32 raw.sample-rate.value = 48000
09-22 22:31:40.616 D/CCodecConfig( 1200): }
09-22 22:31:40.618 D/CCodec ( 1200): [c2.android.vorbis.decoder] buffers are bound to CCodec for this session
09-22 22:31:40.618 D/CCodecConfig( 1200): no c2 equivalents for durationUs
09-22 22:31:40.618 D/CCodecConfig( 1200): no c2 equivalents for csd-1
09-22 22:31:40.618 D/CCodecConfig( 1200): no c2 equivalents for language
09-22 22:31:40.618 D/CCodecConfig( 1200): no c2 equivalents for file-format
09-22 22:31:40.618 D/CCodecConfig( 1200): no c2 equivalents for flags
09-22 22:31:40.619 D/CCodecConfig( 1200): config failed => CORRUPTED
09-22 22:31:40.619 D/CCodecConfig( 1200): c2 config diff is c2::u32 coded.bitrate.value = 70000
09-22 22:31:40.620 W/Codec2Client( 1200): query -- param skipped: index = 1107298332.
09-22 22:31:40.620 D/CCodec ( 1200): setup formats input: AMessage(what = 0x00000000) = {
09-22 22:31:40.620 D/CCodec ( 1200): int32_t bitrate = 70000
09-22 22:31:40.620 D/CCodec ( 1200): int32_t channel-count = 1
09-22 22:31:40.620 D/CCodec ( 1200): int32_t max-input-size = 65307
09-22 22:31:40.620 D/CCodec ( 1200): string mime = "audio/vorbis"
09-22 22:31:40.620 D/CCodec ( 1200): int32_t sample-rate = 48000
09-22 22:31:40.620 D/CCodec ( 1200): }
09-22 22:31:40.620 D/CCodec ( 1200): setup formats output: AMessage(what = 0x00000000) = {
09-22 22:31:40.620 D/CCodec ( 1200): int32_t channel-count = 1
09-22 22:31:40.620 D/CCodec ( 1200): string mime = "audio/raw"
09-22 22:31:40.620 D/CCodec ( 1200): int32_t sample-rate = 48000
09-22 22:31:40.620 D/CCodec ( 1200): int32_t android._config-pcm-encoding = 2
09-22 22:31:40.620 D/CCodec ( 1200): }
09-22 22:31:40.620 I/CCodecConfig( 1200): query failed after returning 7 values (BAD_INDEX)
09-22 22:31:40.621 I/MediaCodec( 1200): MediaCodec will operate in async mode
09-22 22:31:40.621 D/MediaCodec( 1200): keep callback message for reclaim
09-22 22:31:40.621 W/Codec2Client( 1200): query -- param skipped: index = 1342179345.
09-22 22:31:40.621 W/Codec2Client( 1200): query -- param skipped: index = 2415921170.
09-22 22:31:40.623 D/CCodecBufferChannel( 1200): [c2.android.vorbis.decoder#198] Created input block pool with allocatorID 16 => poolID 36 - OK (0)
09-22 22:31:40.624 I/CCodecBufferChannel( 1200): [c2.android.vorbis.decoder#198] Created output block pool with allocatorID 16 => poolID 45 - OK
09-22 22:31:40.624 D/CCodecBufferChannel( 1200): [c2.android.vorbis.decoder#198] Configured output block pool ids 45 => OK
09-22 22:31:40.624 D/CCodecBufferChannel( 1200): [c2.android.vorbis.decoder#198] start: updating output delay 0
09-22 22:31:40.625 I/CCodecBufferChannel( 1200): pipelineRoom(3) is <= numClientBuffers(3). Not signalling any more buffers to client
09-22 22:31:40.627 I/CCodecBufferChannel( 1200): pipelineRoom(2) is <= numClientBuffers(2). Not signalling any more buffers to client
09-22 22:31:40.627 I/CCodecBufferChannel( 1200): pipelineRoom(1) is <= numClientBuffers(1). Not signalling any more buffers to client
09-22 22:31:40.627 D/SimpleC2Component( 1244): Using output block pool with poolID 45 => got 45 - 0
09-22 22:31:40.632 I/ExtendedNuUtils( 1200): Both src and dst missing for bit-width
09-22 22:31:40.632 I/ExtendedNuUtils( 1200): Overriding durationUs: with 64 bit src value 1728000
09-22 22:31:40.632 I/ExtendedNuUtils( 1200): Both src and dst missing for channel-mask
09-22 22:31:40.635 D/audio_hw_primary( 812): adev_get_parameters:vr_audio_mode_on
09-22 22:31:40.635 I/audio_hw_primary( 812): getting vr mode to 0
09-22 22:31:40.635 D/audio_hw_primary( 812): adev_get_parameters: exit: returns - vr_audio_mode_on=false
09-22 22:31:40.635 I/hash_map_utils( 914): system/bt/osi/src/hash_map_utils.cc:81 hash_map_utils_dump_string_keys_string_values: key: 'vr_audio_mode_on' value: ''
09-22 22:31:40.636 D/AudioFlinger( 914): Client defaulted notificationFrames to 12000 for frameCount 24000
09-22 22:31:40.637 D/AF::TrackHandle( 914): OpPlayAudio: track:75 usage:5 not muted
09-22 22:31:40.641 D/audio_hw_primary( 812): out_set_parameters: enter: usecase(1: low-latency-playback) kvpairs: suspend_playback=false
09-22 22:31:40.641 D/audio_hw_extn( 812): audio_extn_fm_set_parameters: Enter
09-22 22:31:40.641 W/audio_hw_primary( 812): out_write: underrun(143) frames_by_time(45878) > out->last_fifo_frames_remaining(384)
09-22 22:31:40.670 D/audio_hw_primary( 812): out_set_parameters: enter: usecase(1: low-latency-playback) kvpairs: suspend_playback=true
09-22 22:31:40.670 D/audio_hw_extn( 812): audio_extn_fm_set_parameters: Enter
09-22 22:31:40.674 I/EffectsFactory( 812): EffectCreate() create_effect
09-22 22:31:40.677 D/audio_hw_primary( 812): out_set_parameters: enter: usecase(1: low-latency-playback) kvpairs: suspend_playback=false
09-22 22:31:40.677 D/audio_hw_extn( 812): audio_extn_fm_set_parameters: Enter
09-22 22:31:40.678 D/msm8974_platform( 812): platform_split_snd_device: snd_device(2) num devices(1) new_snd_devices(0)
09-22 22:31:40.678 D/ACDB-LOADER( 812): ACDB -> send_audvoltable
09-22 22:31:40.678 D/ACDB-LOADER( 812): ACDB -> ACDB_CMD_GET_AUDPROC_INSTANCE_GAIN_DEP_STEP_TABLE_SIZE
09-22 22:31:40.678 D/ACDB-LOADER( 812): ACDB -> ACDB_CMD_GET_AUDPROC_INSTANCE_GAIN_DEP_STEP_TABLE, vol index 5
09-22 22:31:40.678 D/ACDB-LOADER( 812): ACDB -> AUDIO_SET_VOL_CAL cal type = 40
09-22 22:31:40.679 W/audio_hw_primary( 812): out_write: underrun(144) frames_by_time(569) > out->last_fifo_frames_remaining(384)
09-22 22:31:40.679 D/audio_hw_primary( 812): out_set_parameters: enter: usecase(1: low-latency-playback) kvpairs: suspend_playback=true
09-22 22:31:40.679 D/audio_hw_extn( 812): audio_extn_fm_set_parameters: Enter
09-22 22:31:40.681 D/AudioTrack( 1200): getTimestamp_l(51): device stall time corrected using current time 308018578006
09-22 22:31:40.681 D/Avrcp_ext( 1802): AudioManager Player: AudioPlaybackConfiguration piid:71 deviceId:0 type:android.media.SoundPool u/pid:1000/1451 state:idle attr:AudioAttributes: usage=USAGE_ASSISTANCE_SONIFICATION content=CONTENT_TYPE_SONIFICATION flags=0x800 tags= bundle=null sessionId:0
09-22 22:31:40.681 D/Avrcp_ext( 1802): AudioManager Player: AudioPlaybackConfiguration piid:79 deviceId:0 type:android.media.SoundPool u/pid:10081/1803 state:idle attr:AudioAttributes: usage=USAGE_ASSISTANCE_SONIFICATION content=CONTENT_TYPE_SONIFICATION flags=0x800 tags= bundle=null sessionId:0
09-22 22:31:40.682 D/Avrcp_ext( 1802): AudioManager Player: AudioPlaybackConfiguration piid:239 deviceId:3 type:android.media.MediaPlayer u/pid:10081/1803 state:started attr:AudioAttributes: usage=USAGE_NOTIFICATION content=CONTENT_TYPE_SONIFICATION flags=0x800 tags= bundle=null sessionId:0
09-22 22:31:40.683 D/Avrcp_ext( 1802): AudioManager Player in started state: com.android.systemui
09-22 22:31:40.683 D/Avrcp_ext( 1802): AudioManager Active Player: com.android.systemui
09-22 22:31:40.683 D/Avrcp_ext( 1802): AudioManager isPlaying: true, mAudioPlaybackIsActive = true
09-22 22:31:40.692 D/audio_hw_primary( 812): out_set_parameters: enter: usecase(1: low-latency-playback) kvpairs: suspend_playback=false
09-22 22:31:40.692 D/audio_hw_extn( 812): audio_extn_fm_set_parameters: Enter
09-22 22:31:40.699 D/audio_hw_primary( 812): out_set_parameters: enter: usecase(1: low-latency-playback) kvpairs: suspend_playback=true
09-22 22:31:40.699 D/audio_hw_extn( 812): audio_extn_fm_set_parameters: Enter
09-22 22:31:40.716 D/audio_hw_primary( 812): out_set_parameters: enter: usecase(1: low-latency-playback) kvpairs: suspend_playback=false
09-22 22:31:40.716 D/audio_hw_extn( 812): audio_extn_fm_set_parameters: Enter
09-22 22:31:40.716 D/msm8974_platform( 812): platform_split_snd_device: snd_device(2) num devices(1) new_snd_devices(0)
09-22 22:31:40.716 D/ACDB-LOADER( 812): ACDB -> send_audvoltable
09-22 22:31:40.716 D/ACDB-LOADER( 812): ACDB -> ACDB_CMD_GET_AUDPROC_INSTANCE_GAIN_DEP_STEP_TABLE_SIZE
09-22 22:31:40.716 D/ACDB-LOADER( 812): ACDB -> ACDB_CMD_GET_AUDPROC_INSTANCE_GAIN_DEP_STEP_TABLE, vol index 2
09-22 22:31:40.716 D/ACDB-LOADER( 812): ACDB -> AUDIO_SET_VOL_CAL cal type = 40
09-22 22:31:40.832 I/input_interaction( 1451): Interaction with: cc12349 com.android.settings/com.android.settings.Settings (server), edge-swipe (server), swipe-up (server), PointerEventDispatcher0 (server),
09-22 22:31:40.851 I/BpBinder( 927): onLastStrongRef automatically unlinking death recipients:
09-22 22:31:40.911 I/BpBinder( 927): onLastStrongRef automatically unlinking death recipients:
09-22 22:31:40.938 I/BpBinder( 927): onLastStrongRef automatically unlinking death recipients:
09-22 22:31:40.938 I/InputDispatcher( 1451): Monitor edge-swipe (server) is stealing touch from [cc12349 com.android.settings/com.android.settings.Settings (server), ]
09-22 22:31:40.939 I/view_enqueue_input_event( 2203): [Motion - Cancel,com.android.settings/com.android.settings.Settings]
09-22 22:31:40.951 I/input_interaction( 1451): Interaction with: edge-swipe (server), swipe-up (server), PointerEventDispatcher0 (server),
09-22 22:31:40.958 I/BpBinder( 927): onLastStrongRef automatically unlinking death recipients:
09-22 22:31:40.976 I/BpBinder( 927): onLastStrongRef automatically unlinking death recipients:
09-22 22:31:40.980 D/vendor.qti.vibrator( 883): Vibrator perform effect 2
09-22 22:31:40.981 D/vendor.qti.vibrator( 883): QTI Vibrator off
09-22 22:31:40.992 I/BpBinder( 927): onLastStrongRef automatically unlinking death recipients:
09-22 22:31:41.008 I/BpBinder( 927): onLastStrongRef automatically unlinking death recipients:
09-22 22:31:41.025 I/BpBinder( 927): onLastStrongRef automatically unlinking death recipients:
09-22 22:31:41.047 I/BpBinder( 927): onLastStrongRef automatically unlinking death recipients:
09-22 22:31:41.058 I/BpBinder( 927): onLastStrongRef automatically unlinking death recipients:
