09-22 22:31:26.524 E/QmiAgentHwInterface( 1978): Failed to sendRequest: android.os.RemoteException: sendRequest failed with status: 2
09-22 22:31:26.524 D/SYS_EVENT( 2682): send event 64 notification to client
09-22 22:31:26.525 I/service_manager_slow( 1451): [10,phone]
09-22 22:31:26.526 I/WindowManager( 1451): Suppressed redundant power key press while already in the process of turning the screen on.
09-22 22:31:26.530 E/SensorManager( 1451): sensor or listener is null
09-22 22:31:26.533 D/KeyguardViewMediator( 1803): handleNotifyWakingUp
09-22 22:31:26.533 D/audio_hw_primary( 812): adev_set_parameters: enter: screen_state=on
09-22 22:31:26.533 D/audio_hw_hfp( 812): hfp_set_parameters: enter
09-22 22:31:26.533 D/sound_trigger_hw( 812): handle_screen_status_change: screen on
09-22 22:31:26.533 D/audio_hw_extn( 812): audio_extn_fm_set_parameters: Enter
09-22 22:31:26.535 I/battery_saving_stats( 1451): [0,0,0,4230,0,0,4230,0,0]
09-22 22:31:26.536 I/sysui_multi_action( 1451): [757,127,758,1]
09-22 22:31:26.536 I/sysui_multi_action( 1451): [757,804,799,note_load,801,2,802,1]
09-22 22:31:26.536 D/SettingMicroservices( 1966): ScreenStateBroadCastReceiver:
09-22 22:31:26.536 I/notification_panel_revealed( 1451): 2
09-22 22:31:26.536 D/SettingMicroservices( 1966): screen state change, current state is 1
09-22 22:31:26.536 D/SettingMicroservices( 1966): reportScreenMode:
09-22 22:31:26.536 I/MicroServiceManager( 1966): reportResult(ScreenModeChanged) parameters is{"mode":1}.
09-22 22:31:26.536 E/MicroService( 1903): No client.
09-22 22:31:26.539 D/SYS_EVENT( 2682): send event 16 notification to client
09-22 22:31:26.540 D/PASRDozeReceiver( 2669): Received Intent Intent { act=android.intent.action.SCREEN_ON flg=0x50200010 }
09-22 22:31:26.540 D/StatusBar( 1803): updateQsExpansionEnabled - QS Expand enabled: true
09-22 22:31:26.541 D/PASRDozeReceiver( 2669): Sent intent Successfully
09-22 22:31:26.541 D/PASRService( 2669): PASRService started
09-22 22:31:26.541 D/PASRService( 2669): OnStart, Intent: android.intent.action.SCREEN_ON
09-22 22:31:26.541 D/PASRService( 2669): State is now: -1
09-22 22:31:26.542 I/power_screen_broadcast_done( 1451): [1,28,1]
09-22 22:31:26.543 D/KeyguardViewMediator( 1803): updateActivityLockScreenState(false, false)
09-22 22:31:26.544 I/wm_set_keyguard_shown( 1451): [0,0,0,setKeyguardShown]
09-22 22:31:26.545 D/ActivityTaskManager( 1451): Top Process State changed to PROCESS_STATE_TOP
09-22 22:31:26.547 I/wm_set_resumed_activity( 1451): [0,com.android.launcher3/.uioverrides.QuickstepLauncher,resumeTopActivityInnerLocked]
09-22 22:31:26.550 I/wm_resume_activity( 1451): [0,89524022,8,com.android.launcher3/.uioverrides.QuickstepLauncher]
09-22 22:31:26.553 D/StatusBar( 1803): updateQsExpansionEnabled - QS Expand enabled: true
09-22 22:31:26.557 I/wm_on_restart_called( 2203): [2744048,com.android.settings.Settings,performRestartActivity]
09-22 22:31:26.559 W/BatteryBroadcastRcvr( 2203): Problem reading the battery meter.
09-22 22:31:26.561 I/sysui_multi_action( 1803): [757,196,758,2,759,0]
09-22 22:31:26.561 I/sysui_status_bar_state( 1803): [0,0,0,0,0,1]
09-22 22:31:26.561 I/wm_on_restart_called( 2392): [89524022,com.android.launcher3.uioverrides.QuickstepLauncher,performRestartActivity]
09-22 22:31:26.561 D/StatusBar( 1803): updateQsExpansionEnabled - QS Expand enabled: true
09-22 22:31:26.561 I/wm_on_start_called( 2392): [89524022,com.android.launcher3.uioverrides.QuickstepLauncher,handleStartActivity]
09-22 22:31:26.562 I/wm_on_resume_called( 2392): [89524022,com.android.launcher3.uioverrides.QuickstepLauncher,RESUME_ACTIVITY]
09-22 22:31:26.562 I/wm_on_top_resumed_gained_called( 2392): [89524022,com.android.launcher3.uioverrides.QuickstepLauncher,topWhenResuming]
09-22 22:31:26.563 D/ConnectivityService( 1451): NetReassign [no changes]
09-22 22:31:26.564 D/ConnectivityService( 1451): requestNetwork for uid/pid:1000/2203 activeRequest: null callbackRequest: 86 [NetworkRequest [ REQUEST id=87, [ Capabilities: INTERNET&NOT_RESTRICTED&TRUSTED&NOT_VCN_MANAGED Uid: 1000 RequestorUid: 1000 RequestorPkg: com.android.settings] ]] callback flags: 0 priority: 2147483647
09-22 22:31:26.564 D/ConnectivityService( 1451): NetReassign [no changes]
09-22 22:31:26.565 D/Ethernet( 1451): got request NetworkRequest [ REQUEST id=87, [ Capabilities: INTERNET&NOT_RESTRICTED&TRUSTED&NOT_VCN_MANAGED Uid: 1000 RequestorUid: 1000 RequestorPkg: com.android.settings] ]
09-22 22:31:26.565 D/EthernetNetworkFactory( 1451): acceptRequest, request: NetworkRequest [ REQUEST id=87, [ Capabilities: INTERNET&NOT_RESTRICTED&TRUSTED&NOT_VCN_MANAGED Uid: 1000 RequestorUid: 1000 RequestorPkg: com.android.settings] ]
09-22 22:31:26.565 I/EthernetNetworkFactory( 1451): networkForRequest, request: NetworkRequest [ REQUEST id=87, [ Capabilities: INTERNET&NOT_RESTRICTED&TRUSTED&NOT_VCN_MANAGED Uid: 1000 RequestorUid: 1000 RequestorPkg: com.android.settings] ], network: null
09-22 22:31:26.565 D/WifiNetworkFactory( 1451): got request NetworkRequest [ REQUEST id=87, [ Capabilities: INTERNET&NOT_RESTRICTED&TRUSTED&NOT_VCN_MANAGED Uid: 1000 RequestorUid: 1000 RequestorPkg: com.android.settings] ]
09-22 22:31:26.565 D/UntrustedWifiNetworkFactory( 1451): got request NetworkRequest [ REQUEST id=87, [ Capabilities: INTERNET&NOT_RESTRICTED&TRUSTED&NOT_VCN_MANAGED Uid: 1000 RequestorUid: 1000 RequestorPkg: com.android.settings] ]
09-22 22:31:26.566 D/OemPaidWifiNetworkFactory( 1451): got request NetworkRequest [ REQUEST id=87, [ Capabilities: INTERNET&NOT_RESTRICTED&TRUSTED&NOT_VCN_MANAGED Uid: 1000 RequestorUid: 1000 RequestorPkg: com.android.settings] ]
09-22 22:31:26.566 I/sysui_multi_action( 1803): [757,111,758,2]
09-22 22:31:26.567 I/WifiService( 1451): allowConnectOnPartialScanResults=true uid=1000
09-22 22:31:26.567 I/wm_on_start_called( 2203): [2744048,com.android.settings.Settings,handleStartActivity]
09-22 22:31:26.568 W/ScanResultUtil( 1451): Empty or null ScanResult list
09-22 22:31:26.568 W/WifiService( 1451): Attempt to retrieve WifiConfiguration with invalid scanResult List
09-22 22:31:26.568 W/ScanResultUtil( 1451): Empty or null ScanResult list
09-22 22:31:26.568 E/WifiService( 1451): Attempt to retrieve passpoint with invalid scanResult List
09-22 22:31:26.568 I/snet_event_log( 2203): [120484087,-1,]
09-22 22:31:26.568 W/ScanResultUtil( 1451): Empty or null ScanResult list
09-22 22:31:26.569 W/WifiService( 1451): Attempt to retrieve OsuProviders with invalid scanResult List
09-22 22:31:26.570 D/BatteryInfo( 2203): time for getStats: 0ms
09-22 22:31:26.571 D/BatteryInfo( 2203): time for regular BatteryInfo: 1ms
09-22 22:31:26.571 D/StatusBar( 1803): updateQsExpansionEnabled - QS Expand enabled: true
09-22 22:31:26.571 D/BatteryInfo( 2203): time for getBatteryInfo: 0ms
09-22 22:31:26.573 D/SurfaceFlinger( 927): Finished setting power mode 2 on display 4630946370410392961
09-22 22:31:26.576 D/BatteryTipLoader( 2203): BatteryInfoLoader post query: 1ms
09-22 22:31:26.576 D/BatteryInfo( 2203): time for getBatteryInfo: 0ms
09-22 22:31:26.576 D/BatteryTipLoader( 2203): BatteryInfoLoader.loadInBackground: 1ms
09-22 22:31:26.587 I/sysui_multi_action( 1803): [757,111,758,1]
09-22 22:31:26.587 I/sysui_multi_action( 1803): [757,126,758,1,759,126,927,0,928,0,1593,1]
09-22 22:31:26.587 I/sysui_multi_action( 1803): [757,113,758,1,759,113,927,1,928,1,1593,1]
09-22 22:31:26.587 I/sysui_multi_action( 1803): [757,0,758,1,759,0,927,2,928,0,1593,1]
09-22 22:31:26.587 I/sysui_multi_action( 1803): [757,0,758,1,759,0,927,3,928,0,1593,1]
09-22 22:31:26.587 I/sysui_multi_action( 1803): [757,1706,758,1,759,1706,927,4,928,0,1593,1]
09-22 22:31:26.587 I/sysui_multi_action( 1803): [757,491,758,1,759,491,927,5,928,0,1311,-1,1593,0]
09-22 22:31:26.587 I/sysui_multi_action( 1803): [757,0,758,1,759,0,927,6,928,0,1593,0]
09-22 22:31:26.587 I/sysui_multi_action( 1803): [757,111,758,1]
09-22 22:31:26.587 I/sysui_multi_action( 1803): [757,126,758,1,759,126,927,0,928,0,1593,1]
09-22 22:31:26.587 I/sysui_multi_action( 1803): [757,113,758,1,759,113,927,1,928,1,1593,1]
09-22 22:31:26.587 I/sysui_multi_action( 1803): [757,0,758,1,759,0,927,2,928,0,1593,1]
09-22 22:31:26.587 I/sysui_multi_action( 1803): [757,0,758,1,759,0,927,3,928,0,1593,1]
09-22 22:31:26.589 W/View ( 1803): requestLayout() improperly called by com.android.systemui.util.animation.UniqueObjectHostView{24dc5a4 V.E...... ......ID 0,0-666,156} during layout: running second layout pass
09-22 22:31:26.591 I/input_focus( 1451): [Focus request fc61119 com.android.launcher3/com.android.launcher3.uioverrides.QuickstepLauncher,reason=UpdateInputWindows]
09-22 22:31:26.602 D/KeyguardUpdateMonitor( 1803): received broadcast android.intent.action.TIME_TICK
09-22 22:31:26.603 I/DisplayPowerController[0]( 1451): Unblocked screen on after 95 ms
09-22 22:31:26.603 E/DisplayDeviceConfig( 1451): requesting nits when no mapping exists.
09-22 22:31:26.603 D/KeyguardViewMediator( 1803): notifyScreenTurnedOn
09-22 22:31:26.603 E/DisplayDeviceConfig( 1451): requesting nits when no mapping exists.
09-22 22:31:26.603 I/am_wtf ( 1451): [0,1451,system_server,-1,DisplayDeviceConfig,requesting nits when no mapping exists.]
09-22 22:31:26.606 I/sysui_multi_action( 1803): [757,111,758,2]
09-22 22:31:26.606 I/sysui_multi_action( 1803): [757,111,758,2]
09-22 22:31:26.606 I/input_focus( 1451): [Focus leaving f3befb5 NotificationShade (server),reason=NOT_FOCUSABLE]
09-22 22:31:26.607 I/DreamManagerService( 1451): Gently waking up from dream.
09-22 22:31:26.607 I/notification_enqueue( 1451): [10081,1803,com.android.systemui,2048,NULL,0,Notification(channel=updateNotification shortcut=null contentView=null vibrate=null sound=null defaults=0x0 flags=0x0 color=0x00000000 vis=PRIVATE),1]
09-22 22:31:26.608 I/DreamManagerService( 1451): Performing gentle wake from dream.
09-22 22:31:26.608 I/sysui_multi_action( 1451): [757,198,758,1,759,1,1359,103,1694,1]
09-22 22:31:26.608 I/power_screen_state( 1451): [1,0,0,0,103]
09-22 22:31:26.609 D/StatusBar( 1803): disable disable2
09-22 22:31:26.611 I/am_wtf ( 1451): [0,1451,system_server,-1,DisplayDeviceConfig,requesting nits when no mapping exists.]
09-22 22:31:26.614 W/BatteryBroadcastRcvr( 2203): Problem reading the battery meter.
09-22 22:31:26.614 D/BatteryInfo( 2203): time for callback: 0ms
09-22 22:31:26.618 I/sysui_multi_action( 1451): [757,127,758,2]
09-22 22:31:26.618 I/notification_panel_hidden( 1451):
09-22 22:31:26.618 D/BatteryInfo( 2203): time for getStats: 0ms
09-22 22:31:26.619 D/BatteryInfo( 2203): time for regular BatteryInfo: 1ms
09-22 22:31:26.620 D/BatteryInfo( 2203): time for getBatteryInfo: 1ms
09-22 22:31:26.622 D/BatteryInfo( 2203): time for callback: 0ms
09-22 22:31:26.626 I/sysui_multi_action( 1803): [757,111,758,1]
09-22 22:31:26.626 I/sysui_multi_action( 1803): [757,126,758,1,759,126,927,0,928,0,1593,0]
09-22 22:31:26.626 I/sysui_multi_action( 1803): [757,113,758,1,759,113,927,1,928,1,1593,0]
09-22 22:31:26.626 I/sysui_multi_action( 1803): [757,0,758,1,759,0,927,2,928,0,1593,0]
09-22 22:31:26.626 I/sysui_multi_action( 1803): [757,0,758,1,759,0,927,3,928,0,1593,0]
09-22 22:31:26.627 I/sysui_multi_action( 1803): [757,1706,758,1,759,1706,927,4,928,0,1593,0]
09-22 22:31:26.627 I/sysui_multi_action( 1803): [757,491,758,1,759,491,927,5,928,0,1311,-1,1593,0]
09-22 22:31:26.627 I/sysui_multi_action( 1803): [757,0,758,1,759,0,927,6,928,0,1593,0]
09-22 22:31:26.627 I/sysui_multi_action( 1803): [757,111,758,1]
09-22 22:31:26.627 I/sysui_multi_action( 1803): [757,126,758,1,759,126,927,0,928,0,1593,1]
09-22 22:31:26.627 I/sysui_multi_action( 1803): [757,113,758,1,759,113,927,1,928,1,1593,1]
09-22 22:31:26.627 I/sysui_multi_action( 1803): [757,0,758,1,759,0,927,2,928,0,1593,1]
09-22 22:31:26.627 I/sysui_multi_action( 1803): [757,0,758,1,759,0,927,3,928,0,1593,1]
09-22 22:31:26.629 W/View ( 1803): requestLayout() improperly called by com.android.systemui.util.animation.UniqueObjectHostView{24dc5a4 V.E...... ......ID 0,0-666,156} during layout: running second layout pass
09-22 22:31:26.631 D/BatteryTipLoader( 2203): BatteryInfoLoader post query: 1ms
09-22 22:31:26.631 D/BatteryInfo( 2203): time for getBatteryInfo: 0ms
09-22 22:31:26.631 D/BatteryTipLoader( 2203): BatteryInfoLoader.loadInBackground: 1ms
09-22 22:31:26.641 I/input_focus( 1451): [Focus entering fc61119 com.android.launcher3/com.android.launcher3.uioverrides.QuickstepLauncher (server),reason=Window became focusable. Previous reason: NOT_VISIBLE]
09-22 22:31:26.643 D/KeyguardUpdateMonitor( 1803): handleTimeUpdate
09-22 22:31:26.643 D/Sogou ( 3087): onFinishInput:
09-22 22:31:26.644 D/KeyguardViewMediator( 1803): handleNotifyScreenTurnedOn
09-22 22:31:26.645 I/DreamManagerService( 1451): Leaving dreamland.
09-22 22:31:26.645 I/DreamManagerService( 1451): Performing gentle wake from dream.
09-22 22:31:26.645 I/DreamController( 1451): Stopping dream: name=ComponentInfo{com.android.systemui/com.android.systemui.doze.DozeService}, isTest=false, canDoze=true, userId=0, reason='finished self'(from 'requested stopDream')
09-22 22:31:26.645 I/sysui_multi_action( 1451): [757,223,758,2]
09-22 22:31:26.645 I/sysui_multi_action( 1451): [757,804,799,dozing_minutes,801,0,802,1]
09-22 22:31:26.648 I/system_server( 1451): JIT allocated 60KB for compiled code of boolean android.app.INotificationManager$Stub.onTransact(int, android.os.Parcel, android.os.Parcel, int)
09-22 22:31:26.672 W/Choreographer( 1803): Frame time is 0.270173 ms in the future! Check that graphics HAL is generating vsync timestamps using the correct timebase.
09-22 22:31:26.672 W/Choreographer( 1451): Frame time is 0.268298 ms in the future! Check that graphics HAL is generating vsync timestamps using the correct timebase.
09-22 22:31:26.672 W/Choreographer( 2203): Frame time is 0.210954 ms in the future! Check that graphics HAL is generating vsync timestamps using the correct timebase.
09-22 22:31:26.774 I/input_interaction( 1451): Interaction with: cc12349 com.android.settings/com.android.settings.Settings (server), edge-swipe (server), swipe-up (server), PointerEventDispatcher0 (server),
09-22 22:31:26.777 I/wm_task_moved( 1451): [9,1,8]
09-22 22:31:26.777 I/wm_task_to_front( 1451): [0,9]
09-22 22:31:26.780 I/wm_focused_root_task( 1451): [0,0,9,1,setFocusedTask]
09-22 22:31:26.780 I/wm_set_resumed_activity( 1451): [0,com.android.settings/.Settings,setFocusedTask]
09-22 22:31:26.781 I/wm_set_resumed_activity( 1451): [0,com.android.settings/.Settings,resumeTopActivityInnerLocked]
09-22 22:31:26.783 I/wm_resume_activity( 1451): [0,2744048,9,com.android.settings/.Settings]
09-22 22:31:26.785 I/input_focus( 1451): [Focus request cc12349 com.android.settings/com.android.settings.Settings,reason=UpdateInputWindows]
09-22 22:31:26.785 I/wm_on_resume_called( 2203): [2744048,com.android.settings.Settings,RESUME_ACTIVITY]
09-22 22:31:26.785 I/wm_on_top_resumed_lost_called( 2392): [89524022,com.android.launcher3.uioverrides.QuickstepLauncher,topStateChangedWhenResumed]
09-22 22:31:26.787 I/sysui_multi_action( 2203): [757,35,758,1,833,0,1089,0]
09-22 22:31:26.791 D/UsageGraph( 2203): No enabled state changed, skipping updateCategory call
09-22 22:31:26.791 I/sysui_multi_action( 2203): [757,103,758,1,833,0,1089,0]
09-22 22:31:26.794 I/input_focus( 1451): [Focus leaving fc61119 com.android.launcher3/com.android.launcher3.uioverrides.QuickstepLauncher (server),reason=setFocusedWindow]
09-22 22:31:26.794 I/input_focus( 1451): [Focus entering cc12349 com.android.settings/com.android.settings.Settings (server),reason=setFocusedWindow]
09-22 22:31:26.802 I/wm_on_top_resumed_gained_called( 2203): [2744048,com.android.settings.Settings,topStateChangedWhenResumed]
09-22 22:31:26.806 D/Sogou ( 3087): onUnbindInput finish
09-22 22:31:26.806 D/Sogou ( 3087): onFinishInput:
09-22 22:31:26.810 I/sysui_multi_action( 1451): [757,1501,758,1,793,225645,794,0,795,205,796,2048,806,com.android.systemui,857,updateNotification,858,3,947,0,1500,0,1688,1]
09-22 22:31:26.810 I/sysui_multi_action( 1451): [757,804,799,note_interruptive,801,0,802,1]
09-22 22:31:26.810 I/sysui_multi_action( 1451): [757,199,758,1,759,2,793,225645,794,0,795,205,796,2048,806,com.android.systemui,857,updateNotification,858,3,947,0,1500,0,1688,1]
09-22 22:31:26.810 I/notification_alert( 1451): [0|com.android.systemui|2048|null|10081,0,1,0]
09-22 22:31:26.811 W/NotificationHistory( 1451): Attempted to add notif for locked/gone/disabled user 0
09-22 22:31:26.817 D/Avrcp_ext( 1802): AudioManager Player: AudioPlaybackConfiguration piid:71 deviceId:0 type:android.media.SoundPool u/pid:1000/1451 state:idle attr:AudioAttributes: usage=USAGE_ASSISTANCE_SONIFICATION content=CONTENT_TYPE_SONIFICATION flags=0x800 tags= bundle=null sessionId:0
09-22 22:31:26.817 D/Avrcp_ext( 1802): AudioManager Player: AudioPlaybackConfiguration piid:79 deviceId:0 type:android.media.SoundPool u/pid:10081/1803 state:idle attr:AudioAttributes: usage=USAGE_ASSISTANCE_SONIFICATION content=CONTENT_TYPE_SONIFICATION flags=0x800 tags= bundle=null sessionId:0
09-22 22:31:26.817 D/Avrcp_ext( 1802): AudioManager Player: AudioPlaybackConfiguration piid:223 deviceId:0 type:android.media.MediaPlayer u/pid:10081/1803 state:idle attr:AudioAttributes: usage=USAGE_NOTIFICATION content=CONTENT_TYPE_SONIFICATION flags=0x800 tags= bundle=null sessionId:0
09-22 22:31:26.817 D/Avrcp_ext( 1802): AudioManager isPlaying: false, mAudioPlaybackIsActive = false
09-22 22:31:26.817 D/Avrcp_ext( 1802): AudioManager Reset Active Player
09-22 22:31:26.817 D/InterruptionStateProvider( 1803): No bubble up: not allowed to bubble: 0|com.android.systemui|2048|null|10081
09-22 22:31:26.818 D/InterruptionStateProvider( 1803): No heads up: unimportant notification: 0|com.android.systemui|2048|null|10081
09-22 22:31:26.822 W/MediaProvider( 2808): Failed to fetch original file descriptor
09-22 22:31:26.822 W/MediaProvider( 2808): java.io.IOException: stat failed: EACCES (Permission denied)
09-22 22:31:26.822 W/MediaProvider( 2808): at com.android.providers.media.MediaProvider.getFileFromFileDescriptor(MediaProvider.java:5794)
09-22 22:31:26.822 W/MediaProvider( 2808): at com.android.providers.media.MediaProvider.getOriginalMediaFormatFileDescriptor(MediaProvider.java:5711)
09-22 22:31:26.822 W/MediaProvider( 2808): at com.android.providers.media.MediaProvider.openTypedAssetFileCommon(MediaProvider.java:7134)
09-22 22:31:26.822 W/MediaProvider( 2808): at com.android.providers.media.MediaProvider.openTypedAssetFile(MediaProvider.java:7115)
09-22 22:31:26.822 W/MediaProvider( 2808): at android.content.ContentProvider$Transport.openTypedAssetFile(ContentProvider.java:548)
09-22 22:31:26.822 W/MediaProvider( 2808): at android.content.ContentProviderNative.onTransact(ContentProviderNative.java:327)
09-22 22:31:26.822 W/MediaProvider( 2808): at android.os.Binder.execTransactInternal(Binder.java:1184)
09-22 22:31:26.822 W/MediaProvider( 2808): at android.os.Binder.execTransact(Binder.java:1143)
09-22 22:31:26.822 W/MediaProvider( 2808): Caused by: android.system.ErrnoException: stat failed: EACCES (Permission denied)
09-22 22:31:26.822 W/MediaProvider( 2808): at libcore.io.Linux.stat(Native Method)
09-22 22:31:26.822 W/MediaProvider( 2808): at libcore.io.ForwardingOs.stat(ForwardingOs.java:853)
09-22 22:31:26.822 W/MediaProvider( 2808): at libcore.io.BlockGuardOs.stat(BlockGuardOs.java:420)
09-22 22:31:26.822 W/MediaProvider( 2808): at libcore.io.ForwardingOs.stat(ForwardingOs.java:853)
09-22 22:31:26.822 W/MediaProvider( 2808): at android.app.ActivityThread$AndroidOs.stat(ActivityThread.java:7780)
09-22 22:31:26.822 W/MediaProvider( 2808): at android.system.Os.stat(Os.java:919)
09-22 22:31:26.822 W/MediaProvider( 2808): at com.android.providers.media.MediaProvider.getFileFromFileDescriptor(MediaProvider.java:5788)
09-22 22:31:26.822 W/MediaProvider( 2808): ... 7 more
09-22 22:31:26.823 D/NuPlayerDriver( 1200): NuPlayerDriver(0xed2c0510) created, clientPid(1803)
09-22 22:31:26.826 D/PeopleSpaceWidgetMgr( 1803): Sbn doesn't contain valid PeopleTileKey: null/0/com.android.systemui
09-22 22:31:26.829 I/ExtendedNuUtils( 1200): printFileName fd(9) -> /data/system_de/0/ringtones/notification_sound_cache
09-22 22:31:26.832 D/GenericSource( 1200): FileSource remote
09-22 22:31:26.834 I/MMParserExtractor( 1194): Created(0xb4000075083a3070)
09-22 22:31:26.834 E/MM_OSAL ( 1194): FileSource::FileSource
09-22 22:31:26.834 E/MM_OSAL ( 1194): FileSource::FileSource m_bEveryThingOK 1
09-22 22:31:26.836 D/MediaBufferGroup( 1194): creating MemoryDealer
09-22 22:31:26.840 I/MediaFocusControl( 1451): requestAudioFocus() from uid/pid 10081/1803 AA=USAGE_NOTIFICATION/CONTENT_TYPE_SONIFICATION clientId=android.media.AudioManager@b8b4bc9 callingPack=com.android.systemui req=3 flags=0x0 sdk=31
09-22 22:31:26.841 I/AudioService.FadeOutManager( 1451): unfadeOutUid() uid:10081
09-22 22:31:26.909 I/DashboardFragment( 2203): onPreferenceTreeClick: onPreferenceTreeClick::com.android.settings.connecteddevice.ConnectedDeviceDashboardFragment
09-22 22:31:26.909 I/sysui_multi_action( 2203): [757,830,758,4,833,0,854,top_level_connected_devices,1089,0]
09-22 22:31:26.910 I/TopLevelSettings( 2203): TopLevelSettings: TopLevelSettings::com.android.settings.connecteddevice.ConnectedDeviceDashboardFragment
09-22 22:31:26.913 I/sysui_multi_action( 2203): [757,103,758,2,1089,122]
09-22 22:31:26.915 I/WifiService( 1451): allowConnectOnPartialScanResults=false uid=1000
09-22 22:31:26.915 D/audio_hw_primary( 812): out_set_parameters: enter: usecase(1: low-latency-playback) kvpairs: suspend_playback=false
09-22 22:31:26.916 D/audio_hw_extn( 812): audio_extn_fm_set_parameters: Enter
09-22 22:31:26.917 W/audio_hw_primary( 812): out_write: underrun(137) frames_by_time(45024) > out->last_fifo_frames_remaining(384)
09-22 22:31:26.924 D/PrefCtrlListHelper( 2203): Could not find Context-only controller for pref: com.android.settings.slices.SlicePreferenceController
09-22 22:31:26.924 D/PrefCtrlListHelper( 2203): Could not find Context-only controller for pref: com.android.settings.connecteddevice.AddDevicePreferenceController
09-22 22:31:26.924 D/PrefCtrlListHelper( 2203): Could not find Context-only controller for pref: com.android.settings.connecteddevice.PreviouslyConnectedDevicePreferenceController
09-22 22:31:26.924 D/PrefCtrlListHelper( 2203): Could not find Context-only controller for pref: com.android.settings.connecteddevice.GroupPreviouslyConnectedDevicePreferenceController
09-22 22:31:26.925 D/PrefCtrlListHelper( 2203): Could not find Context-only controller for pref: com.android.settings.connecteddevice.AdvancedConnectedDeviceController
09-22 22:31:26.925 D/PrefCtrlListHelper( 2203): Could not find Context-only controller for pref: com.android.settings.connecteddevice.DiscoverableFooterPreferenceController
09-22 22:31:26.926 D/LocalBluetoothProfileManager( 2203): getBCProfile returning: null
09-22 22:31:26.926 D/LocalBluetoothProfileManager( 2203): getBCProfile returning: null
09-22 22:31:26.930 D/LocalBluetoothProfileManager( 2203): getBCProfile returning: null
09-22 22:31:26.930 D/LocalBluetoothProfileManager( 2203): getBCProfile returning: null
09-22 22:31:26.931 D/LocalBluetoothProfileManager( 2203): getBCProfile returning: null
09-22 22:31:26.931 D/LocalBluetoothProfileManager( 2203): getBCProfile returning: null
09-22 22:31:26.943 D/LocalBluetoothProfileManager( 2203): getBCProfile returning: null
09-22 22:31:26.948 D/BluetoothDatabase( 1802): getBondedDevicesOrdered: Invalid address for device LocalStorage
09-22 22:31:26.949 D/ConnectedDeviceFrag( 2203): NO dashboard tiles for ConnectedDeviceFrag
09-22 22:31:26.949 D/ConnectedDeviceFrag( 2203): All preferences added, reporting fully drawn
09-22 22:31:26.961 E/ActivityThread( 2203): Failed to find provider info for com.google.android.gms.nearby.fastpair
09-22 22:31:26.961 D/LocalBluetoothManager( 2203): setting foreground activity to non-null context
09-22 22:31:26.961 D/LocalBluetoothManager( 2203): setting foreground activity to non-null context
09-22 22:31:26.961 E/ActivityThread( 2203): Failed to find provider info for com.google.android.gms.nearby.fastpair
09-22 22:31:26.961 D/LocalBluetoothManager( 2203): setting foreground activity to non-null context
09-22 22:31:26.961 W/SliceManager( 2203): Unknown URI: content://com.google.android.gms.nearby.fastpair/device_status_list_item
09-22 22:31:26.962 D/LocalBluetoothManager( 2203): setting foreground activity to non-null context
09-22 22:31:26.962 D/LocalBluetoothManager( 2203): setting foreground activity to non-null context
09-22 22:31:26.963 D/BluetoothDatabase( 1802): getBondedDevicesOrdered: Invalid address for device LocalStorage
09-22 22:31:26.963 D/LocalBluetoothManager( 2203): setting foreground activity to non-null context
09-22 22:31:26.964 D/BluetoothDatabase( 1802): getBondedDevicesOrdered: Invalid address for device LocalStorage
09-22 22:31:26.966 I/sysui_multi_action( 2203): [757,747,758,1,833,0,1089,44]
09-22 22:31:26.968 I/sysui_multi_action( 2203): [757,1729,758,4,854,isParalleledControllers:false,1089,46]
09-22 22:31:27.083 F/linker ( 4520): CANNOT LINK EXECUTABLE "/vendor/bin/hw/qvrservice": library "vendor.qti.hardware.qxr-V1-ndk_platform.so" not found: needed by /vendor/lib64/libqvrservice.so in namespace (default)
09-22 22:31:27.084 F/linker ( 4521): CANNOT LINK EXECUTABLE "/vendor/bin/hw/sxrservice": library "vendor.qti.hardware.qxr-V1-ndk_platform.so" not found: needed by main executable
09-22 22:31:27.107 D/audio_hw_primary( 812): out_set_parameters: enter: usecase(1: low-latency-playback) kvpairs: suspend_playback=true
09-22 22:31:27.107 D/audio_hw_extn( 812): audio_extn_fm_set_parameters: Enter
09-22 22:31:27.343 I/GenericSource( 1200): start
09-22 22:31:27.344 D/Avrcp_ext( 1802): AudioManager Player: AudioPlaybackConfiguration piid:71 deviceId:0 type:android.media.SoundPool u/pid:1000/1451 state:idle attr:AudioAttributes: usage=USAGE_ASSISTANCE_SONIFICATION content=CONTENT_TYPE_SONIFICATION flags=0x800 tags= bundle=null sessionId:0
09-22 22:31:27.345 D/Avrcp_ext( 1802): AudioManager Player: AudioPlaybackConfiguration piid:79 deviceId:0 type:android.media.SoundPool u/pid:10081/1803 state:idle attr:AudioAttributes: usage=USAGE_ASSISTANCE_SONIFICATION content=CONTENT_TYPE_SONIFICATION flags=0x800 tags= bundle=null sessionId:0
09-22 22:31:27.345 D/Avrcp_ext( 1802): AudioManager Player: AudioPlaybackConfiguration piid:223 deviceId:0 type:android.media.MediaPlayer u/pid:10081/1803 state:started attr:AudioAttributes: usage=USAGE_NOTIFICATION content=CONTENT_TYPE_SONIFICATION flags=0x800 tags= bundle=null sessionId:0
09-22 22:31:27.346 W/Utils ( 1200): track of type 'audio/vorbis' does not publish channel mask, channel count 1
09-22 22:31:27.347 D/MediaRouter( 1803): onRestoreRoute() : route=RouteInfo{ name=平板电脑, description=null, status=null, category=RouteCategory{ name=系统 types=ROUTE_TYPE_LIVE_AUDIO ROUTE_TYPE_LIVE_VIDEO groupable=false }, supportedTypes=ROUTE_TYPE_LIVE_AUDIO ROUTE_TYPE_LIVE_VIDEO , presentationDisplay=null }
09-22 22:31:27.348 V/MediaRouter( 1803): Selecting route: RouteInfo{ name=平板电脑, description=null, status=null, category=RouteCategory{ name=系统 types=ROUTE_TYPE_LIVE_AUDIO ROUTE_TYPE_LIVE_VIDEO groupable=false }, supportedTypes=ROUTE_TYPE_LIVE_AUDIO ROUTE_TYPE_LIVE_VIDEO , presentationDisplay=null }
09-22 22:31:27.349 D/Avrcp_ext( 1802): AudioManager Player in started state: com.android.systemui
09-22 22:31:27.349 D/Avrcp_ext( 1802): AudioManager Active Player: com.android.systemui
09-22 22:31:27.349 D/Avrcp_ext( 1802): AudioManager isPlaying: true, mAudioPlaybackIsActive = false
09-22 22:31:27.349 I/mpu_uart( 655): [MSG-P:RECV]:No message received in 1000 ms
09-22 22:31:27.351 V/Avrcp_ext( 1802): updateCurrentMediaState: mMediaController: MediaController (com.android.systemui@dc49a66) null
09-22 22:31:27.351 W/Avrcp_ext( 1802): isMusicActive: false getBluetoothPlayState: 2 A2dp State: 11 mAudioPlaybackIsActive: true
09-22 22:31:27.351 D/Avrcp_ext( 1802): isMusicActive = false mAudioPlaybackIsActive = true player state = null
09-22 22:31:27.351 W/Utils ( 1200): track of type 'audio/vorbis' does not publish channel mask, channel count 1
09-22 22:31:27.351 I/Avrcp_ext( 1802): Skipping update due to invalid playback state
09-22 22:31:27.351 V/Avrcp_ext( 1802): updatePlaybackState, state: null device: null
09-22 22:31:27.351 V/Avrcp_ext( 1802): Device: no name:
09-22 22:31:27.351 V/Avrcp_ext( 1802): Device: no name:
09-22 22:31:27.351 V/Avrcp_ext( 1802): Device: no name:
09-22 22:31:27.351 V/Avrcp_ext( 1802): Device: no name:
09-22 22:31:27.351 V/Avrcp_ext( 1802): Device: no name:
09-22 22:31:27.351 V/Avrcp_ext( 1802): updatePlayerStateAndPosition, old=PlaybackState {state=2, position=-1, buffered position=0, speed=0.0, updated=69121, actions=0, custom actions=[], active item id=-1, error=null}, state=null
09-22 22:31:27.351 I/Avrcp_ext( 1802): updatePlayerStateAndPosition: device: state = null
09-22 22:31:27.352 D/audio_hw_primary( 812): adev_get_parameters:is_hw_dec_session_available
09-22 22:31:27.353 D/audio_hw_spkr_prot( 812): fbsp_get_parameters: Speaker protection disabled
09-22 22:31:27.353 D/soundtrigger( 812): audio_extn_sound_trigger_get_parameters input string
09-22 22:31:27.353 D/soundtrigger( 812): extract_sm_handle input string param string
09-22 22:31:27.353 D/audio_hw_extn( 812): audio_extn_fm_get_parameters: Enter
09-22 22:31:27.353 D/audio_hw_extn( 812): audio_extn_get_parameters: returns
09-22 22:31:27.353 D/audio_hw_primary( 812): adev_get_parameters: exit: returns -
09-22 22:31:27.353 I/hash_map_utils( 914): system/bt/osi/src/hash_map_utils.cc:81 hash_map_utils_dump_string_keys_string_values: key: 'is_hw_dec_session_available' value: 'audio/vorbis'
09-22 22:31:27.355 D/CCodec ( 1200): allocate(c2.android.vorbis.decoder)
09-22 22:31:27.357 I/CCodec ( 1200): setting up 'default' as default (vendor) store
09-22 22:31:27.357 V/C2Store ( 1244): in init
09-22 22:31:27.357 V/C2Store ( 1244): loading dll
09-22 22:31:27.361 I/CCodec ( 1200): Created component [c2.android.vorbis.decoder]
09-22 22:31:27.361 D/CCodecConfig( 1200): read media type: audio/vorbis
09-22 22:31:27.363 D/ReflectedParamUpdater( 1200): extent() != 1 for single value type: algo.buffers.max-count.values
09-22 22:31:27.364 D/ReflectedParamUpdater( 1200): extent() != 1 for single value type: output.subscribed-indices.values
09-22 22:31:27.364 D/ReflectedParamUpdater( 1200): extent() != 1 for single value type: input.buffers.allocator-ids.values
09-22 22:31:27.364 D/ReflectedParamUpdater( 1200): extent() != 1 for single value type: output.buffers.allocator-ids.values
09-22 22:31:27.364 D/ReflectedParamUpdater( 1200): extent() != 1 for single value type: algo.buffers.allocator-ids.values
09-22 22:31:27.364 D/ReflectedParamUpdater( 1200): extent() != 1 for single value type: output.buffers.pool-ids.values
09-22 22:31:27.364 D/ReflectedParamUpdater( 1200): extent() != 1 for single value type: algo.buffers.pool-ids.values
09-22 22:31:27.366 I/CCodecConfig( 1200): query failed after returning 7 values (BAD_INDEX)
09-22 22:31:27.366 D/CCodecConfig( 1200): c2 config diff is Dict {
09-22 22:31:27.366 D/CCodecConfig( 1200): c2::u32 coded.bitrate.value = 64000
09-22 22:31:27.366 D/CCodecConfig( 1200): c2::u32 input.buffers.max-size.value = 32768
09-22 22:31:27.366 D/CCodecConfig( 1200): c2::u32 input.delay.value = 0
09-22 22:31:27.366 D/CCodecConfig( 1200): string input.media-type.value = "audio/vorbis"
09-22 22:31:27.366 D/CCodecConfig( 1200): string output.media-type.value = "audio/raw"
09-22 22:31:27.366 D/CCodecConfig( 1200): c2::u32 raw.channel-count.value = 1
09-22 22:31:27.366 D/CCodecConfig( 1200): c2::u32 raw.sample-rate.value = 48000
09-22 22:31:27.366 D/CCodecConfig( 1200): }
09-22 22:31:27.367 D/CCodec ( 1200): [c2.android.vorbis.decoder] buffers are bound to CCodec for this session
09-22 22:31:27.367 D/CCodecConfig( 1200): no c2 equivalents for durationUs
09-22 22:31:27.367 D/CCodecConfig( 1200): no c2 equivalents for csd-1
09-22 22:31:27.367 D/CCodecConfig( 1200): no c2 equivalents for language
09-22 22:31:27.367 D/CCodecConfig( 1200): no c2 equivalents for file-format
09-22 22:31:27.367 D/CCodecConfig( 1200): no c2 equivalents for flags
09-22 22:31:27.368 D/CCodecConfig( 1200): config failed => CORRUPTED
09-22 22:31:27.368 D/CCodecConfig( 1200): c2 config diff is c2::u32 coded.bitrate.value = 70000
09-22 22:31:27.369 W/Codec2Client( 1200): query -- param skipped: index = 1107298332.
09-22 22:31:27.369 D/CCodec ( 1200): setup formats input: AMessage(what = 0x00000000) = {
09-22 22:31:27.369 D/CCodec ( 1200): int32_t bitrate = 70000
09-22 22:31:27.369 D/CCodec ( 1200): int32_t channel-count = 1
09-22 22:31:27.369 D/CCodec ( 1200): int32_t max-input-size = 65307
09-22 22:31:27.369 D/CCodec ( 1200): string mime = "audio/vorbis"
09-22 22:31:27.369 D/CCodec ( 1200): int32_t sample-rate = 48000
09-22 22:31:27.369 D/CCodec ( 1200): }
09-22 22:31:27.369 D/CCodec ( 1200): setup formats output: AMessage(what = 0x00000000) = {
09-22 22:31:27.369 D/CCodec ( 1200): int32_t channel-count = 1
09-22 22:31:27.369 D/CCodec ( 1200): string mime = "audio/raw"
09-22 22:31:27.369 D/CCodec ( 1200): int32_t sample-rate = 48000
09-22 22:31:27.369 D/CCodec ( 1200): int32_t android._config-pcm-encoding = 2
09-22 22:31:27.369 D/CCodec ( 1200): }
09-22 22:31:27.369 I/CCodecConfig( 1200): query failed after returning 7 values (BAD_INDEX)
09-22 22:31:27.369 I/MediaCodec( 1200): MediaCodec will operate in async mode
09-22 22:31:27.369 D/MediaCodec( 1200): keep callback message for reclaim
09-22 22:31:27.370 W/Codec2Client( 1200): query -- param skipped: index = 1342179345.
09-22 22:31:27.370 W/Codec2Client( 1200): query -- param skipped: index = 2415921170.
09-22 22:31:27.371 D/CCodecBufferChannel( 1200): [c2.android.vorbis.decoder#69] Created input block pool with allocatorID 16 => poolID 34 - OK (0)
09-22 22:31:27.371 D/BufferPoolAccessor2.0( 1244): Destruction - bufferpool2 0xb4000076356137b8 cached: 0/0M, 0/0% in use; allocs: 97, 97% recycled; transfers: 96, 97% unfetched
09-22 22:31:27.372 D/BufferPoolAccessor2.0( 1200): Destruction - bufferpool2 0xecc83e08 cached: 0/0M, 0/0% in use; allocs: 103, 92% recycled; transfers: 198, 96% unfetched
09-22 22:31:27.372 I/CCodecBufferChannel( 1200): [c2.android.vorbis.decoder#69] Created output block pool with allocatorID 16 => poolID 43 - OK
09-22 22:31:27.372 D/CCodecBufferChannel( 1200): [c2.android.vorbis.decoder#69] Configured output block pool ids 43 => OK
09-22 22:31:27.373 D/CCodecBufferChannel( 1200): [c2.android.vorbis.decoder#69] start: updating output delay 0
09-22 22:31:27.374 I/CCodecBufferChannel( 1200): pipelineRoom(3) is <= numClientBuffers(3). Not signalling any more buffers to client
09-22 22:31:27.374 D/SimpleC2Component( 1244): Using output block pool with poolID 43 => got 43 - 0
09-22 22:31:27.375 I/CCodecBufferChannel( 1200): pipelineRoom(2) is <= numClientBuffers(2). Not signalling any more buffers to client
09-22 22:31:27.375 I/CCodecBufferChannel( 1200): pipelineRoom(1) is <= numClientBuffers(1). Not signalling any more buffers to client
09-22 22:31:27.382 I/ExtendedNuUtils( 1200): Both src and dst missing for bit-width
09-22 22:31:27.382 I/ExtendedNuUtils( 1200): Overriding durationUs: with 64 bit src value 1728000
09-22 22:31:27.382 I/ExtendedNuUtils( 1200): Both src and dst missing for channel-mask
09-22 22:31:27.387 D/audio_hw_primary( 812): adev_get_parameters:vr_audio_mode_on
09-22 22:31:27.387 I/audio_hw_primary( 812): getting vr mode to 0
09-22 22:31:27.387 D/audio_hw_primary( 812): adev_get_parameters: exit: returns - vr_audio_mode_on=false
09-22 22:31:27.387 I/hash_map_utils( 914): system/bt/osi/src/hash_map_utils.cc:81 hash_map_utils_dump_string_keys_string_values: key: 'vr_audio_mode_on' value: ''
09-22 22:31:27.388 D/AudioFlinger( 914): Client defaulted notificationFrames to 12000 for frameCount 24000
09-22 22:31:27.389 D/AF::TrackHandle( 914): OpPlayAudio: track:73 usage:5 not muted
09-22 22:31:27.392 D/audio_hw_primary( 812): out_set_parameters: enter: usecase(1: low-latency-playback) kvpairs: suspend_playback=false
09-22 22:31:27.392 D/audio_hw_extn( 812): audio_extn_fm_set_parameters: Enter
09-22 22:31:27.392 W/audio_hw_primary( 812): out_write: underrun(138) frames_by_time(13785) > out->last_fifo_frames_remaining(384)
09-22 22:31:27.420 D/audio_hw_primary( 812): out_set_parameters: enter: usecase(1: low-latency-playback) kvpairs: suspend_playback=true
09-22 22:31:27.420 D/audio_hw_extn( 812): audio_extn_fm_set_parameters: Enter
09-22 22:31:27.426 I/EffectsFactory( 812): EffectCreate() create_effect
09-22 22:31:27.431 D/audio_hw_primary( 812): out_set_parameters: enter: usecase(1: low-latency-playback) kvpairs: suspend_playback=false
09-22 22:31:27.431 D/audio_hw_extn( 812): audio_extn_fm_set_parameters: Enter
09-22 22:31:27.432 D/AudioTrack( 1200): getTimestamp_l(49): device stall time corrected using current time 294769891240
09-22 22:31:27.433 D/msm8974_platform( 812): platform_split_snd_device: snd_device(2) num devices(1) new_snd_devices(0)
09-22 22:31:27.433 D/ACDB-LOADER( 812): ACDB -> send_audvoltable
09-22 22:31:27.433 D/ACDB-LOADER( 812): ACDB -> ACDB_CMD_GET_AUDPROC_INSTANCE_GAIN_DEP_STEP_TABLE_SIZE
09-22 22:31:27.433 D/ACDB-LOADER( 812): ACDB -> ACDB_CMD_GET_AUDPROC_INSTANCE_GAIN_DEP_STEP_TABLE, vol index 5
09-22 22:31:27.433 D/ACDB-LOADER( 812): ACDB -> AUDIO_SET_VOL_CAL cal type = 40
09-22 22:31:27.434 W/audio_hw_primary( 812): out_write: underrun(139) frames_by_time(745) > out->last_fifo_frames_remaining(384)
09-22 22:31:27.435 D/audio_hw_primary( 812): out_set_parameters: enter: usecase(1: low-latency-playback) kvpairs: suspend_playback=true
09-22 22:31:27.435 D/audio_hw_extn( 812): audio_extn_fm_set_parameters: Enter
09-22 22:31:27.437 D/Avrcp_ext( 1802): AudioManager Player: AudioPlaybackConfiguration piid:71 deviceId:0 type:android.media.SoundPool u/pid:1000/1451 state:idle attr:AudioAttributes: usage=USAGE_ASSISTANCE_SONIFICATION content=CONTENT_TYPE_SONIFICATION flags=0x800 tags= bundle=null sessionId:0
09-22 22:31:27.438 D/Avrcp_ext( 1802): AudioManager Player: AudioPlaybackConfiguration piid:79 deviceId:0 type:android.media.SoundPool u/pid:10081/1803 state:idle attr:AudioAttributes: usage=USAGE_ASSISTANCE_SONIFICATION content=CONTENT_TYPE_SONIFICATION flags=0x800 tags= bundle=null sessionId:0
09-22 22:31:27.438 D/Avrcp_ext( 1802): AudioManager Player: AudioPlaybackConfiguration piid:223 deviceId:3 type:android.media.MediaPlayer u/pid:10081/1803 state:started attr:AudioAttributes: usage=USAGE_NOTIFICATION content=CONTENT_TYPE_SONIFICATION flags=0x800 tags= bundle=null sessionId:0
09-22 22:31:27.440 D/Avrcp_ext( 1802): AudioManager Player in started state: com.android.systemui
09-22 22:31:27.440 D/Avrcp_ext( 1802): AudioManager Active Player: com.android.systemui
09-22 22:31:27.440 D/Avrcp_ext( 1802): AudioManager isPlaying: true, mAudioPlaybackIsActive = true
09-22 22:31:27.447 D/audio_hw_primary( 812): out_set_parameters: enter: usecase(1: low-latency-playback) kvpairs: suspend_playback=false
09-22 22:31:27.447 D/audio_hw_extn( 812): audio_extn_fm_set_parameters: Enter
09-22 22:31:27.455 D/audio_hw_primary( 812): out_set_parameters: enter: usecase(1: low-latency-playback) kvpairs: suspend_playback=true
09-22 22:31:27.455 D/audio_hw_extn( 812): audio_extn_fm_set_parameters: Enter
09-22 22:31:27.471 D/audio_hw_primary( 812): out_set_parameters: enter: usecase(1: low-latency-playback) kvpairs: suspend_playback=false
09-22 22:31:27.471 D/audio_hw_extn( 812): audio_extn_fm_set_parameters: Enter
09-22 22:31:27.475 D/audio_hw_primary( 812): out_set_parameters: enter: usecase(1: low-latency-playback) kvpairs: suspend_playback=true
09-22 22:31:27.475 D/audio_hw_extn( 812): audio_extn_fm_set_parameters: Enter
09-22 22:31:27.491 D/audio_hw_primary( 812): out_set_parameters: enter: usecase(1: low-latency-playback) kvpairs: suspend_playback=false
09-22 22:31:27.491 D/audio_hw_extn( 812): audio_extn_fm_set_parameters: Enter
09-22 22:31:27.492 D/msm8974_platform( 812): platform_split_snd_device: snd_device(2) num devices(1) new_snd_devices(0)
09-22 22:31:27.492 D/ACDB-LOADER( 812): ACDB -> send_audvoltable
09-22 22:31:27.492 D/ACDB-LOADER( 812): ACDB -> ACDB_CMD_GET_AUDPROC_INSTANCE_GAIN_DEP_STEP_TABLE_SIZE
09-22 22:31:27.492 D/ACDB-LOADER( 812): ACDB -> ACDB_CMD_GET_AUDPROC_INSTANCE_GAIN_DEP_STEP_TABLE, vol index 2
09-22 22:31:27.492 D/ACDB-LOADER( 812): ACDB -> AUDIO_SET_VOL_CAL cal type = 40
09-22 22:31:28.352 I/mpu_uart( 655): [MSG-P:RECV]:No message received in 1000 ms
09-22 22:31:28.481 D/BufferPoolAccessor2.0( 1200): evictor expired: 1, evicted: 0
09-22 22:31:28.483 D/BufferPoolAccessor2.0( 1244): evictor expired: 1, evicted: 0
09-22 22:31:28.506 I/mpu_uart( 655): [MSG-P:R]:recv sync frame timeout
09-22 22:31:28.804 D/CCodecBufferChannel( 1200): [c2.android.vorbis.decoder#69] buffers after EOS ignored (0 us)
09-22 22:31:28.806 D/AudioTrack( 1200): stop(49): called with 82980 frames delivered
09-22 22:31:29.218 D/audio_hw_primary( 812): out_set_parameters: enter: usecase(1: low-latency-playback) kvpairs: suspend_playback=true
09-22 22:31:29.218 D/audio_hw_extn( 812): audio_extn_fm_set_parameters: Enter
09-22 22:31:29.229 D/audio_hw_primary( 812): out_set_parameters: enter: usecase(1: low-latency-playback) kvpairs: suspend_playback=false
09-22 22:31:29.229 D/audio_hw_extn( 812): audio_extn_fm_set_parameters: Enter
09-22 22:31:29.238 D/audio_hw_primary( 812): out_set_parameters: enter: usecase(1: low-latency-playback) kvpairs: suspend_playback=true
09-22 22:31:29.238 D/audio_hw_extn( 812): audio_extn_fm_set_parameters: Enter
09-22 22:31:29.248 D/audio_hw_primary( 812): out_set_parameters: enter: usecase(1: low-latency-playback) kvpairs: suspend_playback=false
09-22 22:31:29.248 D/audio_hw_extn( 812): audio_extn_fm_set_parameters: Enter
09-22 22:31:29.255 I/OpenGLRenderer( 2203): Davey! duration=9223371740288ms; Flags=0, FrameTimelineVsyncId=19472, IntendedVsync=296566684109, Vsync=296566684109, InputEventId=1038488400, HandleInputStart=296566937645, AnimationStart=296567775093, PerformTraversalsStart=296567777437, DrawStart=296568090562, FrameDeadline=296583350775, FrameInterval=296566934468, FrameStartTime=16666666, SyncQueued=296571173010, SyncStart=296571241291, IssueDrawCommandsStart=296572197020, SwapBuffers=296576887281, FrameCompleted=9223372036854775807, DequeueBufferDuration=42448, QueueBufferDuration=982135, GpuCompleted=9223372036854775807, SwapBuffersCompleted=296578386448, DisplayPresentTime=0,
09-22 22:31:29.258 D/audio_hw_primary( 812): out_set_parameters: enter: usecase(1: low-latency-playback) kvpairs: suspend_playback=true
09-22 22:31:29.258 D/audio_hw_extn( 812): audio_extn_fm_set_parameters: Enter
09-22 22:31:29.261 I/MediaFocusControl( 1451): abandonAudioFocus() from uid/pid 10081/1803 clientId=android.media.AudioManager@b8b4bc9
09-22 22:31:29.261 D/Avrcp_ext( 1802): AudioManager Player: AudioPlaybackConfiguration piid:71 deviceId:0 type:android.media.SoundPool u/pid:1000/1451 state:idle attr:AudioAttributes: usage=USAGE_ASSISTANCE_SONIFICATION content=CONTENT_TYPE_SONIFICATION flags=0x800 tags= bundle=null sessionId:0
09-22 22:31:29.262 D/Avrcp_ext( 1802): AudioManager Player: AudioPlaybackConfiguration piid:79 deviceId:0 type:android.media.SoundPool u/pid:10081/1803 state:idle attr:AudioAttributes: usage=USAGE_ASSISTANCE_SONIFICATION content=CONTENT_TYPE_SONIFICATION flags=0x800 tags= bundle=null sessionId:0
09-22 22:31:29.262 D/Avrcp_ext( 1802): AudioManager Player: AudioPlaybackConfiguration piid:223 deviceId:3 type:android.media.MediaPlayer u/pid:10081/1803 state:stopped attr:AudioAttributes: usage=USAGE_NOTIFICATION content=CONTENT_TYPE_SONIFICATION flags=0x800 tags= bundle=null sessionId:0
09-22 22:31:29.262 D/Avrcp_ext( 1802): AudioManager isPlaying: false, mAudioPlaybackIsActive = true
09-22 22:31:29.262 D/Avrcp_ext( 1802): AudioManager Reset Active Player
09-22 22:31:29.262 V/MediaPlayer( 1803): resetDrmState: mDrmInfo=null mDrmProvisioningThread=null mPrepareDrmInProgress=false mActiveDrmScheme=false
09-22 22:31:29.262 V/MediaPlayer( 1803): cleanDrmObj: mDrmObj=null mDrmSessionId=null
09-22 22:31:29.263 D/NuPlayerDriver( 1200): reset(0xed2c0510) at state 6
09-22 22:31:29.265 V/Avrcp_ext( 1802): updateCurrentMediaState: mMediaController: MediaController (com.android.systemui@dc49a66) null
09-22 22:31:29.265 W/Avrcp_ext( 1802): isMusicActive: false getBluetoothPlayState: 2 A2dp State: 11 mAudioPlaybackIsActive: false
09-22 22:31:29.265 D/Avrcp_ext( 1802): isMusicActive = false mAudioPlaybackIsActive = false player state = null
09-22 22:31:29.266 I/Avrcp_ext( 1802): Skipping update due to invalid playback state
09-22 22:31:29.266 V/Avrcp_ext( 1802): updatePlaybackState, state: null device: null
09-22 22:31:29.266 V/Avrcp_ext( 1802): Device: no name:
09-22 22:31:29.266 V/Avrcp_ext( 1802): Device: no name:
09-22 22:31:29.266 V/Avrcp_ext( 1802): Device: no name:
09-22 22:31:29.266 V/Avrcp_ext( 1802): Device: no name:
09-22 22:31:29.266 V/Avrcp_ext( 1802): Device: no name:
09-22 22:31:29.266 V/Avrcp_ext( 1802): updatePlayerStateAndPosition, old=PlaybackState {state=2, position=-1, buffered position=0, speed=0.0, updated=69121, actions=0, custom actions=[], active item id=-1, error=null}, state=null
09-22 22:31:29.266 I/Avrcp_ext( 1802): updatePlayerStateAndPosition: device: state = null
09-22 22:31:29.267 D/Avrcp_ext( 1802): AudioManager Player: AudioPlaybackConfiguration piid:71 deviceId:0 type:android.media.SoundPool u/pid:1000/1451 state:idle attr:AudioAttributes: usage=USAGE_ASSISTANCE_SONIFICATION content=CONTENT_TYPE_SONIFICATION flags=0x800 tags= bundle=null sessionId:0
09-22 22:31:29.267 D/Avrcp_ext( 1802): AudioManager Player: AudioPlaybackConfiguration piid:79 deviceId:0 type:android.media.SoundPool u/pid:10081/1803 state:idle attr:AudioAttributes: usage=USAGE_ASSISTANCE_SONIFICATION content=CONTENT_TYPE_SONIFICATION flags=0x800 tags= bundle=null sessionId:0
09-22 22:31:29.267 D/Avrcp_ext( 1802): AudioManager isPlaying: false, mAudioPlaybackIsActive = false
09-22 22:31:29.267 D/Avrcp_ext( 1802): AudioManager Reset Active Player
09-22 22:31:29.268 D/audio_hw_primary( 812): out_set_parameters: enter: usecase(1: low-latency-playback) kvpairs: suspend_playback=false
09-22 22:31:29.269 D/audio_hw_extn( 812): audio_extn_fm_set_parameters: Enter
09-22 22:31:29.273 I/hw-BpHwBinder( 1200): onLastStrongRef automatically unlinking death recipients
09-22 22:31:29.274 I/hw-BpHwBinder( 1244): onLastStrongRef automatically unlinking death recipients
09-22 22:31:29.277 V/C2Store ( 1244): in ~ComponentModule
09-22 22:31:29.277 V/C2Store ( 1244): unloading dll
09-22 22:31:29.278 D/NuPlayerDriver( 1200): notifyResetComplete(0xed2c0510)
09-22 22:31:29.279 W/AMessage( 1200): failed to post message as target looper for handler 0 is gone.
09-22 22:31:29.307 D/audio_hw_primary( 812): out_set_parameters: enter: usecase(1: low-latency-playback) kvpairs: suspend_playback=true
09-22 22:31:29.307 D/audio_hw_extn( 812): audio_extn_fm_set_parameters: Enter
09-22 22:31:29.308 D/msm8974_platform( 812): platform_split_snd_device: snd_device(2) num devices(1) new_snd_devices(0)
09-22 22:31:29.308 D/ACDB-LOADER( 812): ACDB -> send_audvoltable
09-22 22:31:29.308 D/ACDB-LOADER( 812): ACDB -> ACDB_CMD_GET_AUDPROC_INSTANCE_GAIN_DEP_STEP_TABLE_SIZE
09-22 22:31:29.308 D/ACDB-LOADER( 812): ACDB -> ACDB_CMD_GET_AUDPROC_INSTANCE_GAIN_DEP_STEP_TABLE, vol index 0
09-22 22:31:29.308 D/ACDB-LOADER( 812): ACDB -> AUDIO_SET_VOL_CAL cal type = 40
09-22 22:31:29.309 D/msm8974_platform( 812): platform_split_snd_device: snd_device(2) num devices(1) new_snd_devices(0)
09-22 22:31:29.352 I/mpu_uart( 655): [MSG-P:RECV]:No message received in 1000 ms
09-22 22:31:29.481 D/BufferPoolAccessor2.0( 1200): bufferpool2 0xecc82ae8 : 0(0 size) total buffers - 0(0 size) used buffers - 94/102 (recycle/alloc) - 8/198 (fetch/transfer)
09-22 22:31:29.481 D/BufferPoolAccessor2.0( 1200): evictor expired: 1, evicted: 1
09-22 22:31:29.484 D/BufferPoolAccessor2.0( 1244): bufferpool2 0xb40000763561d998 : 0(0 size) total buffers - 0(0 size) used buffers - 94/97 (recycle/alloc) - 3/96 (fetch/transfer)
09-22 22:31:29.484 D/BufferPoolAccessor2.0( 1244): evictor expired: 1, evicted: 1
09-22 22:31:29.791 E/TaskPersister( 1451): File error accessing recents directory (directory doesn't exist?).
09-22 22:31:30.308 D/audio_hw_primary( 812): out_set_parameters: enter: usecase(1: low-latency-playback) kvpairs: suspend_playback=false
09-22 22:31:30.308 D/audio_hw_extn( 812): audio_extn_fm_set_parameters: Enter
09-22 22:31:30.310 W/audio_hw_primary( 812): out_write: underrun(140) frames_by_time(48291) > out->last_fifo_frames_remaining(384)
09-22 22:31:30.354 D/audio_hw_primary( 812): out_set_parameters: enter: usecase(1: low-latency-playback) kvpairs: suspend_playback=true
09-22 22:31:30.354 D/audio_hw_extn( 812): audio_extn_fm_set_parameters: Enter
09-22 22:31:30.355 I/mpu_uart( 655): [MSG-P:RECV]:No message received in 1000 ms
09-22 22:31:30.598 I/BpBinder( 927): onLastStrongRef automatically unlinking death recipients:
09-22 22:31:30.624 I/BpBinder( 927): onLastStrongRef automatically unlinking death recipients:
09-22 22:31:30.637 I/BpBinder( 927): onLastStrongRef automatically unlinking death recipients:
09-22 22:31:30.665 I/BpBinder( 927): onLastStrongRef automatically unlinking death recipients:
09-22 22:31:30.678 I/InputDispatcher( 1451): Monitor edge-swipe (server) is stealing touch from [cc12349 com.android.settings/com.android.settings.Settings (server), ]
09-22 22:31:30.678 I/view_enqueue_input_event( 2203): [Motion - Cancel,com.android.settings/com.android.settings.Settings]
09-22 22:31:30.691 I/input_interaction( 1451): Interaction with: edge-swipe (server), swipe-up (server), PointerEventDispatcher0 (server),
09-22 22:31:30.700 I/BpBinder( 927): onLastStrongRef automatically unlinking death recipients:
