09-22 22:31:22.195 I/am_wtf ( 1451): [0,1451,system_server,-1,DisplayDeviceConfig,requesting nits when no mapping exists.]
09-22 22:31:22.196 I/DropBoxManagerService( 1451): add tag=system_server_wtf isTagEnabled=true flags=0x2
09-22 22:31:22.205 D/ActivityTaskManager( 1451): Top Process State changed to PROCESS_STATE_TOP_SLEEPING
09-22 22:31:22.207 D/ActivityTrigger( 1451): ActivityTrigger activityPauseTrigger
09-22 22:31:22.207 I/wm_pause_activity( 1451): [0,89524022,com.android.launcher3/.uioverrides.QuickstepLauncher,userLeaving=false,sleep]
09-22 22:31:22.208 I/wm_on_top_resumed_lost_called( 2392): [89524022,com.android.launcher3.uioverrides.QuickstepLauncher,topStateChangedWhenResumed]
09-22 22:31:22.208 D/ActivityTrigger( 1451): ActivityTrigger activityPauseTrigger
09-22 22:31:22.208 I/wm_pause_activity( 1451): [0,2744048,com.android.settings/.Settings,userLeaving=false,sleep]
09-22 22:31:22.209 E/KernelCpuSpeedReader( 1451): Failed to read cpu-freq: /sys/devices/system/cpu/cpu4/cpufreq/stats/time_in_state: open failed: ENOENT (No such file or directory)
09-22 22:31:22.209 E/KernelCpuSpeedReader( 1451): Failed to read cpu-freq: /sys/devices/system/cpu/cpu0/cpufreq/stats/time_in_state: open failed: ENOENT (No such file or directory)
09-22 22:31:22.210 D/KeyguardViewMediator( 1803): notifyScreenTurnedOff
09-22 22:31:22.210 D/KeyguardViewMediator( 1803): handleNotifyScreenTurnedOff
09-22 22:31:22.211 E/libEGL ( 1451): call to OpenGL ES API with no current context (logged once per thread)
09-22 22:31:22.215 I/sysui_multi_action( 2203): [757,35,758,2,1089,14548]
09-22 22:31:22.216 I/sysui_multi_action( 2203): [757,103,758,2,1089,14162]
09-22 22:31:22.217 V/DisplayPowerController[0]( 1451): Brightness [0.0] reason changing to: 'screen_off', previous reason: 'doze'.
09-22 22:31:22.217 I/wm_on_paused_called( 2392): [89524022,com.android.launcher3.uioverrides.QuickstepLauncher,performPause]
09-22 22:31:22.218 I/DisplayDeviceRepository( 1451): Display device changed state: "内置屏幕", OFF
09-22 22:31:22.218 I/wm_add_to_stopping( 1451): [0,89524022,com.android.launcher3/.uioverrides.QuickstepLauncher,completePauseLocked]
09-22 22:31:22.219 D/SurfaceFlinger( 927): Setting power mode 0 on display 4630946370410392961
09-22 22:31:22.220 I/notification_enqueue( 1451): [10081,1803,com.android.systemui,2048,NULL,0,Notification(channel=updateNotification shortcut=null contentView=null vibrate=null sound=null defaults=0x0 flags=0x0 color=0x00000000 vis=PRIVATE),1]
09-22 22:31:22.220 I/sysui_multi_action( 1803): [757,111,758,2]
09-22 22:31:22.220 I/wm_on_paused_called( 2203): [2744048,com.android.settings.Settings,performPause]
09-22 22:31:22.221 I/SDM ( 868): DisplayBase::SetDisplayState: Set state = 0, display 29-0, teardown = 0
09-22 22:31:22.225 D/StatusBar( 1803): updateQsExpansionEnabled - QS Expand enabled: false
09-22 22:31:22.226 I/wm_add_to_stopping( 1451): [0,2744048,com.android.settings/.Settings,makeInvisible]
09-22 22:31:22.226 D/KeyguardViewMediator( 1803): updateActivityLockScreenState(false, true)
09-22 22:31:22.231 I/wm_stop_activity( 1451): [0,89524022,com.android.launcher3/.uioverrides.QuickstepLauncher]
09-22 22:31:22.231 I/InputManager-JNI( 1451): Viewport [0] to add: local:4630946370410392961, isActive: false
09-22 22:31:22.233 I/wm_set_keyguard_shown( 1451): [0,1,0,setKeyguardShown]
09-22 22:31:22.234 D/StatusBar( 1803): updateQsExpansionEnabled - QS Expand enabled: false
09-22 22:31:22.237 I/InputReader( 1451): Reconfiguring input devices, changes=DISPLAY_INFO |
09-22 22:31:22.238 I/InputReader( 1451): Disabling cyttsp7_mt (device 4) because the associated viewport is not active
09-22 22:31:22.238 I/InputReader( 1451): Disabling qbt_key_input (device 3) because the associated viewport is not active
09-22 22:31:22.238 I/InputReader( 1451): Disabling qbt_key_input (device 3) because the associated viewport is not active
09-22 22:31:22.238 I/sysui_multi_action( 1451): [757,128,758,2,793,122926,794,4426,795,122926,796,26,798,0,806,android,857,DEVELOPER_IMPORTANT,858,4,947,0,1395,2,1500,122723,1688,1]
09-22 22:31:22.238 I/notification_visibility( 1451): [-1|android|26|null|1000,0,122926,122926,0,0]
09-22 22:31:22.238 I/sysui_multi_action( 1451): [757,128,758,2,793,276004,794,4425,795,276004,796,32,798,1,806,android,857,USB,858,1,947,0,1395,2,1500,275793,1688,1]
09-22 22:31:22.238 I/notification_visibility( 1451): [-1|android|32|null|1000,0,276004,276004,0,1]
09-22 22:31:22.241 I/sysui_multi_action( 1803): [757,196,758,2,759,0]
09-22 22:31:22.241 I/sysui_status_bar_state( 1803): [1,0,0,0,0,1]
09-22 22:31:22.242 D/StatusBar( 1803): updateQsExpansionEnabled - QS Expand enabled: false
09-22 22:31:22.244 I/BtGatt.ScanManager( 1802): msg.what = 8
09-22 22:31:22.244 E/QmiAgentHwInterface( 1978): Failed to sendRequest: android.os.RemoteException: sendRequest failed with status: 2
09-22 22:31:22.244 I/BtGatt.ScanManager( 1802): msg.what = 4
09-22 22:31:22.247 I/wm_stop_activity( 1451): [0,2744048,com.android.settings/.Settings]
09-22 22:31:22.247 I/sysui_multi_action( 1451): [757,803,799,window_time_2,802,14]
09-22 22:31:22.250 V/KeyguardUpdateMonitor( 1803): *** unregister callback for com.android.keyguard.AnimatableClockController$4@b77fa5d
09-22 22:31:22.262 D/StatusBar( 1803): disable disable2
09-22 22:31:22.262 D/StatusBar( 1803): disable disable2
09-22 22:31:22.263 D/StateManager( 2392): goToState: Normal
09-22 22:31:22.264 I/wm_on_stop_called( 2392): [89524022,com.android.launcher3.uioverrides.QuickstepLauncher,STOP_ACTIVITY_ITEM]
09-22 22:31:22.274 W/ConstraintSet( 1803): id unknown center_vertical_guideline
09-22 22:31:22.274 W/ConstraintSet( 1803): id unknown center_horizontal_guideline
09-22 22:31:22.274 W/ConstraintSet( 1803): id unknown media_action_barrier
09-22 22:31:22.274 W/ConstraintSet( 1803): id unknown remove_text
09-22 22:31:22.274 W/ConstraintSet( 1803): id unknown settings
09-22 22:31:22.274 W/ConstraintSet( 1803): id unknown cancel
09-22 22:31:22.274 W/ConstraintSet( 1803): id unknown dismiss
09-22 22:31:22.276 I/WifiService( 1451): allowConnectOnPartialScanResults=false uid=1000
09-22 22:31:22.278 I/wm_on_stop_called( 2203): [2744048,com.android.settings.Settings,STOP_ACTIVITY_ITEM]
09-22 22:31:22.282 D/SurfaceFlinger( 927): Finished setting power mode 0 on display 4630946370410392961
09-22 22:31:22.282 W/ConstraintSet( 1803): id unknown center_vertical_guideline
09-22 22:31:22.282 W/ConstraintSet( 1803): id unknown center_horizontal_guideline
09-22 22:31:22.282 W/ConstraintSet( 1803): id unknown media_action_barrier
09-22 22:31:22.282 W/ConstraintSet( 1803): id unknown remove_text
09-22 22:31:22.282 W/ConstraintSet( 1803): id unknown settings
09-22 22:31:22.283 W/ConstraintSet( 1803): id unknown cancel
09-22 22:31:22.282 I/QTI PowerHAL( 854): Power isModeSupported: 9
09-22 22:31:22.283 W/ConstraintSet( 1803): id unknown dismiss
09-22 22:31:22.283 I/QTI PowerHAL( 854): Power setMode: 7 to: 0
09-22 22:31:22.284 I/android.system.suspend@1.0-service( 577): automatic system suspend enabled
09-22 22:31:22.285 E/QTI PowerHAL( 854): Failed to acquire lock for hint_id: 1040.
09-22 22:31:22.285 I/QTI PowerHAL( 854): Got set_interactive hint
09-22 22:31:22.285 E/ANDR-PERF-LM( 872): Core: detectAndRunIdle() 174: Not able to open /sys/class/power_supply/battery/status, Error: No such file or directory
09-22 22:31:22.288 I/sysui_multi_action( 1451): [757,198,758,2,759,2,1359,662,1695,4]
09-22 22:31:22.288 I/power_screen_state( 1451): [0,2,0,0,662]
09-22 22:31:22.288 I/screen_toggled( 1451): 0
09-22 22:31:22.288 I/sysui_multi_action( 1451): [757,804,799,screen_timeout,801,60,802,1]
09-22 22:31:22.289 I/sysui_multi_action( 1451): [757,1594,758,4,759,-2147483648,1359,277208]
09-22 22:31:22.289 I/power_screen_broadcast_send( 1451): 1
09-22 22:31:22.289 D/KeyguardViewMediator( 1803): onFinishedGoingToSleep(2)
09-22 22:31:22.289 D/KeyguardViewMediator( 1803): notifyFinishedGoingToSleep
09-22 22:31:22.301 D/audio_hw_primary( 812): adev_set_parameters: enter: screen_state=off
09-22 22:31:22.301 D/audio_hw_hfp( 812): hfp_set_parameters: enter
09-22 22:31:22.301 D/sound_trigger_hw( 812): handle_screen_status_change: screen off
09-22 22:31:22.301 D/audio_hw_extn( 812): audio_extn_fm_set_parameters: Enter
09-22 22:31:22.305 I/battery_saving_stats( 1451): [0,1,0,277328,0,0,277328,0,0]
09-22 22:31:22.307 D/SettingMicroservices( 1966): ScreenStateBroadCastReceiver:
09-22 22:31:22.307 D/SettingMicroservices( 1966): screen state change, current state is 2
09-22 22:31:22.307 D/SettingMicroservices( 1966): reportScreenMode:
09-22 22:31:22.308 I/MicroServiceManager( 1966): reportResult(ScreenModeChanged) parameters is{"mode":2}.
09-22 22:31:22.308 E/MicroService( 1903): No client.
09-22 22:31:22.317 I/BpBinder( 927): onLastStrongRef automatically unlinking death recipients:
09-22 22:31:22.320 D/KeyguardViewMediator( 1803): handleNotifyFinishedGoingToSleep
09-22 22:31:22.321 V/KeyguardUpdateMonitor( 1803): startListeningForFingerprint()
09-22 22:31:22.322 I/sysui_multi_action( 1451): [757,127,758,2]
09-22 22:31:22.322 I/notification_panel_hidden( 1451):
09-22 22:31:22.322 D/StatusBar( 1803): disable disable2
09-22 22:31:22.322 D/StatusBar( 1803): disable disable2
09-22 22:31:22.322 D/StatusBar( 1803): disable disable2
09-22 22:31:22.323 D/StatusBar( 1803): disable disable2
09-22 22:31:22.323 W/System ( 1451): A resource failed to call close.
09-22 22:31:22.323 W/System ( 1451): A resource failed to call close.
09-22 22:31:22.324 W/System ( 1451): A resource failed to call close.
09-22 22:31:22.324 W/System ( 1451): A resource failed to call close.
09-22 22:31:22.325 D/StateManager( 2392): goToState: Normal
09-22 22:31:22.328 D/SYS_EVENT( 2682): send event 8 notification to client
09-22 22:31:22.329 D/PASRDozeReceiver( 2669): Received Intent Intent { act=android.intent.action.SCREEN_OFF flg=0x50200010 }
09-22 22:31:22.330 D/PASRDozeReceiver( 2669): Sent intent Successfully
09-22 22:31:22.330 D/PASRService( 2669): PASRService started
09-22 22:31:22.331 D/PASRService( 2669): OnStart, Intent: android.intent.action.SCREEN_OFF
09-22 22:31:22.331 D/PASRService( 2669): Screen Off
09-22 22:31:22.332 I/power_screen_broadcast_done( 1451): [0,43,1]
09-22 22:31:22.348 I/mpu_uart( 655): [MSG-P:RECV]:No message received in 1000 ms
09-22 22:31:22.423 I/sysui_multi_action( 1451): [757,1501,758,1,793,221257,794,0,795,208,796,2048,806,com.android.systemui,857,updateNotification,858,3,947,0,1500,0,1688,1]
09-22 22:31:22.423 I/sysui_multi_action( 1451): [757,804,799,note_interruptive,801,0,802,1]
09-22 22:31:22.423 I/sysui_multi_action( 1451): [757,199,758,1,759,2,793,221258,794,0,795,209,796,2048,806,com.android.systemui,857,updateNotification,858,3,947,0,1500,1,1688,1]
09-22 22:31:22.423 I/notification_alert( 1451): [0|com.android.systemui|2048|null|10081,0,1,0]
09-22 22:31:22.425 W/NotificationHistory( 1451): Attempted to add notif for locked/gone/disabled user 0
09-22 22:31:22.428 D/Avrcp_ext( 1802): AudioManager Player: AudioPlaybackConfiguration piid:71 deviceId:0 type:android.media.SoundPool u/pid:1000/1451 state:idle attr:AudioAttributes: usage=USAGE_ASSISTANCE_SONIFICATION content=CONTENT_TYPE_SONIFICATION flags=0x800 tags= bundle=null sessionId:0
09-22 22:31:22.428 D/Avrcp_ext( 1802): AudioManager Player: AudioPlaybackConfiguration piid:215 deviceId:0 type:android.media.MediaPlayer u/pid:10081/1803 state:idle attr:AudioAttributes: usage=USAGE_NOTIFICATION content=CONTENT_TYPE_SONIFICATION flags=0x800 tags= bundle=null sessionId:0
09-22 22:31:22.428 D/Avrcp_ext( 1802): AudioManager Player: AudioPlaybackConfiguration piid:79 deviceId:0 type:android.media.SoundPool u/pid:10081/1803 state:idle attr:AudioAttributes: usage=USAGE_ASSISTANCE_SONIFICATION content=CONTENT_TYPE_SONIFICATION flags=0x800 tags= bundle=null sessionId:0
09-22 22:31:22.428 D/Avrcp_ext( 1802): AudioManager isPlaying: false, mAudioPlaybackIsActive = false
09-22 22:31:22.428 D/Avrcp_ext( 1802): AudioManager Reset Active Player
09-22 22:31:22.428 D/InterruptionStateProvider( 1803): No bubble up: not allowed to bubble: 0|com.android.systemui|2048|null|10081
09-22 22:31:22.431 W/MediaProvider( 2808): Failed to fetch original file descriptor
09-22 22:31:22.431 W/MediaProvider( 2808): java.io.IOException: stat failed: EACCES (Permission denied)
09-22 22:31:22.431 W/MediaProvider( 2808): at com.android.providers.media.MediaProvider.getFileFromFileDescriptor(MediaProvider.java:5794)
09-22 22:31:22.431 W/MediaProvider( 2808): at com.android.providers.media.MediaProvider.getOriginalMediaFormatFileDescriptor(MediaProvider.java:5711)
09-22 22:31:22.431 W/MediaProvider( 2808): at com.android.providers.media.MediaProvider.openTypedAssetFileCommon(MediaProvider.java:7134)
09-22 22:31:22.431 W/MediaProvider( 2808): at com.android.providers.media.MediaProvider.openTypedAssetFile(MediaProvider.java:7115)
09-22 22:31:22.431 W/MediaProvider( 2808): at android.content.ContentProvider$Transport.openTypedAssetFile(ContentProvider.java:548)
09-22 22:31:22.431 W/MediaProvider( 2808): at android.content.ContentProviderNative.onTransact(ContentProviderNative.java:327)
09-22 22:31:22.431 W/MediaProvider( 2808): at android.os.Binder.execTransactInternal(Binder.java:1184)
09-22 22:31:22.431 W/MediaProvider( 2808): at android.os.Binder.execTransact(Binder.java:1143)
09-22 22:31:22.431 W/MediaProvider( 2808): Caused by: android.system.ErrnoException: stat failed: EACCES (Permission denied)
09-22 22:31:22.431 W/MediaProvider( 2808): at libcore.io.Linux.stat(Native Method)
09-22 22:31:22.431 W/MediaProvider( 2808): at libcore.io.ForwardingOs.stat(ForwardingOs.java:853)
09-22 22:31:22.431 W/MediaProvider( 2808): at libcore.io.BlockGuardOs.stat(BlockGuardOs.java:420)
09-22 22:31:22.431 W/MediaProvider( 2808): at libcore.io.ForwardingOs.stat(ForwardingOs.java:853)
09-22 22:31:22.431 W/MediaProvider( 2808): at android.app.ActivityThread$AndroidOs.stat(ActivityThread.java:7780)
09-22 22:31:22.431 W/MediaProvider( 2808): at android.system.Os.stat(Os.java:919)
09-22 22:31:22.431 W/MediaProvider( 2808): at com.android.providers.media.MediaProvider.getFileFromFileDescriptor(MediaProvider.java:5788)
09-22 22:31:22.431 W/MediaProvider( 2808): ... 7 more
09-22 22:31:22.432 D/NuPlayerDriver( 1200): NuPlayerDriver(0xed2c1550) created, clientPid(1803)
09-22 22:31:22.434 D/PeopleSpaceWidgetMgr( 1803): Sbn doesn't contain valid PeopleTileKey: null/0/com.android.systemui
09-22 22:31:22.439 I/ExtendedNuUtils( 1200): printFileName fd(8) -> /data/system_de/0/ringtones/notification_sound_cache
09-22 22:31:22.442 D/GenericSource( 1200): FileSource remote
09-22 22:31:22.445 I/MMParserExtractor( 1194): Created(0xb4000075083a3070)
09-22 22:31:22.445 E/MM_OSAL ( 1194): FileSource::FileSource
09-22 22:31:22.445 E/MM_OSAL ( 1194): FileSource::FileSource m_bEveryThingOK 1
09-22 22:31:22.448 D/MediaBufferGroup( 1194): creating MemoryDealer
09-22 22:31:22.452 I/MediaFocusControl( 1451): requestAudioFocus() from uid/pid 10081/1803 AA=USAGE_NOTIFICATION/CONTENT_TYPE_SONIFICATION clientId=android.media.AudioManager@247a729 callingPack=com.android.systemui req=3 flags=0x0 sdk=31
09-22 22:31:22.453 I/AudioService.FadeOutManager( 1451): unfadeOutUid() uid:10081
09-22 22:31:22.455 I/sysui_heads_up_status( 1803): [0|com.android.systemui|2048|null|10081,1]
09-22 22:31:22.462 D/CompatibilityChangeReporter( 1451): Compat change id reported: 171306433; UID 10081; state: ENABLED
09-22 22:31:22.471 I/DisplayPowerController[0]( 1451): Blocking screen on until initial contents have been drawn.
09-22 22:31:22.471 D/KeyguardViewMediator( 1803): notifyScreenOn
09-22 22:31:22.472 V/DisplayPowerController[0]( 1451): Brightness [0.16161616] reason changing to: 'doze', previous reason: 'screen_off'.
09-22 22:31:22.472 E/KernelCpuSpeedReader( 1451): Failed to read cpu-freq: /sys/devices/system/cpu/cpu4/cpufreq/stats/time_in_state: open failed: ENOENT (No such file or directory)
09-22 22:31:22.473 E/KernelCpuSpeedReader( 1451): Failed to read cpu-freq: /sys/devices/system/cpu/cpu0/cpufreq/stats/time_in_state: open failed: ENOENT (No such file or directory)
09-22 22:31:22.473 I/QTI PowerHAL( 854): Power setMode: 7 to: 1
09-22 22:31:22.473 I/DisplayDeviceRepository( 1451): Display device changed state: "内置屏幕", ON
09-22 22:31:22.473 D/SurfaceFlinger( 927): Setting power mode 2 on display 4630946370410392961
09-22 22:31:22.474 E/QTI PowerHAL( 854): Failed to acquire lock for hint_id: 1041.
09-22 22:31:22.474 I/QTI PowerHAL( 854): Got set_interactive hint
09-22 22:31:22.474 I/InputManager-JNI( 1451): Viewport [0] to add: local:4630946370410392961, isActive: true
09-22 22:31:22.476 I/SDM ( 868): DisplayBase::SetDisplayState: Set state = 1, display 29-0, teardown = 0
09-22 22:31:22.477 I/InputReader( 1451): Reconfiguring input devices, changes=DISPLAY_INFO |
09-22 22:31:22.477 I/InputReader( 1451): Device reconfigured: id=4, name='cyttsp7_mt', size 2380x1020, orientation 0, mode 1, display id 0
09-22 22:31:22.477 I/InputReader( 1451): Device reconfigured: id=3, name='qbt_key_input', size 2380x1020, orientation 0, mode 4, display id 0
09-22 22:31:22.480 I/BtGatt.ScanManager( 1802): msg.what = 8
09-22 22:31:22.481 E/QmiAgentHwInterface( 1978): Failed to sendRequest: android.os.RemoteException: sendRequest failed with status: 2
09-22 22:31:22.482 I/BtGatt.ScanManager( 1802): msg.what = 5
09-22 22:31:22.484 D/KeyguardViewMediator( 1803): handleNotifyScreenTurningOn
09-22 22:31:22.503 I/mpu_uart( 655): [MSG-P:R]:recv sync frame timeout
09-22 22:31:22.516 I/DisplayPowerController[0]( 1451): Unblocked screen on after 45 ms
09-22 22:31:22.536 D/SurfaceFlinger( 927): Finished setting power mode 2 on display 4630946370410392961
09-22 22:31:22.536 E/DisplayDeviceConfig( 1451): requesting nits when no mapping exists.
09-22 22:31:22.536 D/KeyguardViewMediator( 1803): notifyScreenTurnedOn
09-22 22:31:22.536 D/KeyguardViewMediator( 1803): handleNotifyScreenTurnedOn
09-22 22:31:22.537 E/DisplayDeviceConfig( 1451): requesting nits when no mapping exists.
09-22 22:31:22.537 I/am_wtf ( 1451): [0,1451,system_server,-1,DisplayDeviceConfig,requesting nits when no mapping exists.]
09-22 22:31:22.538 I/DropBoxManagerService( 1451): add tag=system_server_wtf isTagEnabled=true flags=0x2
09-22 22:31:22.540 I/am_wtf ( 1451): [0,1451,system_server,-1,DisplayDeviceConfig,requesting nits when no mapping exists.]
09-22 22:31:22.540 I/DropBoxManagerService( 1451): add tag=system_server_wtf isTagEnabled=true flags=0x2
09-22 22:31:22.623 D/audio_hw_primary( 812): out_set_parameters: enter: usecase(1: low-latency-playback) kvpairs: suspend_playback=false
09-22 22:31:22.623 D/audio_hw_extn( 812): audio_extn_fm_set_parameters: Enter
09-22 22:31:22.624 W/audio_hw_primary( 812): out_write: underrun(133) frames_by_time(48253) > out->last_fifo_frames_remaining(384)
09-22 22:31:22.662 D/audio_hw_primary( 812): out_set_parameters: enter: usecase(1: low-latency-playback) kvpairs: suspend_playback=true
09-22 22:31:22.662 D/audio_hw_extn( 812): audio_extn_fm_set_parameters: Enter
09-22 22:31:22.954 I/GenericSource( 1200): start
09-22 22:31:22.955 W/Utils ( 1200): track of type 'audio/vorbis' does not publish channel mask, channel count 1
09-22 22:31:22.956 D/Avrcp_ext( 1802): AudioManager Player: AudioPlaybackConfiguration piid:71 deviceId:0 type:android.media.SoundPool u/pid:1000/1451 state:idle attr:AudioAttributes: usage=USAGE_ASSISTANCE_SONIFICATION content=CONTENT_TYPE_SONIFICATION flags=0x800 tags= bundle=null sessionId:0
09-22 22:31:22.956 D/Avrcp_ext( 1802): AudioManager Player: AudioPlaybackConfiguration piid:215 deviceId:0 type:android.media.MediaPlayer u/pid:10081/1803 state:started attr:AudioAttributes: usage=USAGE_NOTIFICATION content=CONTENT_TYPE_SONIFICATION flags=0x800 tags= bundle=null sessionId:0
09-22 22:31:22.958 D/Avrcp_ext( 1802): AudioManager Player in started state: com.android.systemui
09-22 22:31:22.958 D/Avrcp_ext( 1802): AudioManager Active Player: com.android.systemui
09-22 22:31:22.958 D/Avrcp_ext( 1802): AudioManager Player: AudioPlaybackConfiguration piid:79 deviceId:0 type:android.media.SoundPool u/pid:10081/1803 state:idle attr:AudioAttributes: usage=USAGE_ASSISTANCE_SONIFICATION content=CONTENT_TYPE_SONIFICATION flags=0x800 tags= bundle=null sessionId:0
09-22 22:31:22.958 D/Avrcp_ext( 1802): AudioManager isPlaying: true, mAudioPlaybackIsActive = false
09-22 22:31:22.959 V/Avrcp_ext( 1802): updateCurrentMediaState: mMediaController: MediaController (com.android.systemui@dc49a66) null
09-22 22:31:22.959 W/Utils ( 1200): track of type 'audio/vorbis' does not publish channel mask, channel count 1
09-22 22:31:22.959 W/Avrcp_ext( 1802): isMusicActive: false getBluetoothPlayState: 2 A2dp State: 11 mAudioPlaybackIsActive: true
09-22 22:31:22.959 D/Avrcp_ext( 1802): isMusicActive = false mAudioPlaybackIsActive = true player state = null
09-22 22:31:22.960 I/Avrcp_ext( 1802): Skipping update due to invalid playback state
09-22 22:31:22.960 V/Avrcp_ext( 1802): updatePlaybackState, state: null device: null
09-22 22:31:22.960 V/Avrcp_ext( 1802): Device: no name:
09-22 22:31:22.960 V/Avrcp_ext( 1802): Device: no name:
09-22 22:31:22.960 V/Avrcp_ext( 1802): Device: no name:
09-22 22:31:22.960 V/Avrcp_ext( 1802): Device: no name:
09-22 22:31:22.960 V/Avrcp_ext( 1802): Device: no name:
09-22 22:31:22.960 V/Avrcp_ext( 1802): updatePlayerStateAndPosition, old=PlaybackState {state=2, position=-1, buffered position=0, speed=0.0, updated=69121, actions=0, custom actions=[], active item id=-1, error=null}, state=null
09-22 22:31:22.960 I/Avrcp_ext( 1802): updatePlayerStateAndPosition: device: state = null
09-22 22:31:22.965 D/audio_hw_primary( 812): adev_get_parameters:is_hw_dec_session_available
09-22 22:31:22.965 D/audio_hw_spkr_prot( 812): fbsp_get_parameters: Speaker protection disabled
09-22 22:31:22.965 D/soundtrigger( 812): audio_extn_sound_trigger_get_parameters input string
09-22 22:31:22.965 D/soundtrigger( 812): extract_sm_handle input string param string
09-22 22:31:22.965 D/audio_hw_extn( 812): audio_extn_fm_get_parameters: Enter
09-22 22:31:22.965 D/audio_hw_extn( 812): audio_extn_get_parameters: returns
09-22 22:31:22.966 D/audio_hw_primary( 812): adev_get_parameters: exit: returns -
09-22 22:31:22.966 I/hash_map_utils( 914): system/bt/osi/src/hash_map_utils.cc:81 hash_map_utils_dump_string_keys_string_values: key: 'is_hw_dec_session_available' value: 'audio/vorbis'
09-22 22:31:22.968 D/CCodec ( 1200): allocate(c2.android.vorbis.decoder)
09-22 22:31:22.970 I/CCodec ( 1200): setting up 'default' as default (vendor) store
09-22 22:31:22.971 V/C2Store ( 1244): in init
09-22 22:31:22.971 V/C2Store ( 1244): loading dll
09-22 22:31:22.974 I/CCodec ( 1200): Created component [c2.android.vorbis.decoder]
09-22 22:31:22.975 D/CCodecConfig( 1200): read media type: audio/vorbis
09-22 22:31:22.975 D/MediaRouter( 1803): onRestoreRoute() : route=RouteInfo{ name=平板电脑, description=null, status=null, category=RouteCategory{ name=系统 types=ROUTE_TYPE_LIVE_AUDIO ROUTE_TYPE_LIVE_VIDEO groupable=false }, supportedTypes=ROUTE_TYPE_LIVE_AUDIO ROUTE_TYPE_LIVE_VIDEO , presentationDisplay=null }
09-22 22:31:22.976 V/MediaRouter( 1803): Selecting route: RouteInfo{ name=平板电脑, description=null, status=null, category=RouteCategory{ name=系统 types=ROUTE_TYPE_LIVE_AUDIO ROUTE_TYPE_LIVE_VIDEO groupable=false }, supportedTypes=ROUTE_TYPE_LIVE_AUDIO ROUTE_TYPE_LIVE_VIDEO , presentationDisplay=null }
09-22 22:31:22.977 D/ReflectedParamUpdater( 1200): extent() != 1 for single value type: algo.buffers.max-count.values
09-22 22:31:22.978 D/ReflectedParamUpdater( 1200): extent() != 1 for single value type: output.subscribed-indices.values
09-22 22:31:22.978 D/ReflectedParamUpdater( 1200): extent() != 1 for single value type: input.buffers.allocator-ids.values
09-22 22:31:22.978 D/ReflectedParamUpdater( 1200): extent() != 1 for single value type: output.buffers.allocator-ids.values
09-22 22:31:22.978 D/ReflectedParamUpdater( 1200): extent() != 1 for single value type: algo.buffers.allocator-ids.values
09-22 22:31:22.978 D/ReflectedParamUpdater( 1200): extent() != 1 for single value type: output.buffers.pool-ids.values
09-22 22:31:22.979 D/ReflectedParamUpdater( 1200): extent() != 1 for single value type: algo.buffers.pool-ids.values
09-22 22:31:22.981 I/CCodecConfig( 1200): query failed after returning 7 values (BAD_INDEX)
09-22 22:31:22.981 D/CCodecConfig( 1200): c2 config diff is Dict {
09-22 22:31:22.981 D/CCodecConfig( 1200): c2::u32 coded.bitrate.value = 64000
09-22 22:31:22.981 D/CCodecConfig( 1200): c2::u32 input.buffers.max-size.value = 32768
09-22 22:31:22.981 D/CCodecConfig( 1200): c2::u32 input.delay.value = 0
09-22 22:31:22.981 D/CCodecConfig( 1200): string input.media-type.value = "audio/vorbis"
09-22 22:31:22.981 D/CCodecConfig( 1200): string output.media-type.value = "audio/raw"
09-22 22:31:22.981 D/CCodecConfig( 1200): c2::u32 raw.channel-count.value = 1
09-22 22:31:22.981 D/CCodecConfig( 1200): c2::u32 raw.sample-rate.value = 48000
09-22 22:31:22.981 D/CCodecConfig( 1200): }
09-22 22:31:22.982 D/CCodec ( 1200): [c2.android.vorbis.decoder] buffers are bound to CCodec for this session
09-22 22:31:22.983 D/CCodecConfig( 1200): no c2 equivalents for durationUs
09-22 22:31:22.983 D/CCodecConfig( 1200): no c2 equivalents for csd-1
09-22 22:31:22.983 D/CCodecConfig( 1200): no c2 equivalents for language
09-22 22:31:22.983 D/CCodecConfig( 1200): no c2 equivalents for file-format
09-22 22:31:22.983 D/CCodecConfig( 1200): no c2 equivalents for flags
09-22 22:31:22.983 D/CCodecConfig( 1200): config failed => CORRUPTED
09-22 22:31:22.983 D/CCodecConfig( 1200): c2 config diff is c2::u32 coded.bitrate.value = 70000
09-22 22:31:22.984 W/Codec2Client( 1200): query -- param skipped: index = 1107298332.
09-22 22:31:22.984 D/CCodec ( 1200): setup formats input: AMessage(what = 0x00000000) = {
09-22 22:31:22.984 D/CCodec ( 1200): int32_t bitrate = 70000
09-22 22:31:22.984 D/CCodec ( 1200): int32_t channel-count = 1
09-22 22:31:22.984 D/CCodec ( 1200): int32_t max-input-size = 65307
09-22 22:31:22.984 D/CCodec ( 1200): string mime = "audio/vorbis"
09-22 22:31:22.984 D/CCodec ( 1200): int32_t sample-rate = 48000
09-22 22:31:22.984 D/CCodec ( 1200): }
09-22 22:31:22.984 D/CCodec ( 1200): setup formats output: AMessage(what = 0x00000000) = {
09-22 22:31:22.984 D/CCodec ( 1200): int32_t channel-count = 1
09-22 22:31:22.984 D/CCodec ( 1200): string mime = "audio/raw"
09-22 22:31:22.984 D/CCodec ( 1200): int32_t sample-rate = 48000
09-22 22:31:22.984 D/CCodec ( 1200): int32_t android._config-pcm-encoding = 2
09-22 22:31:22.984 D/CCodec ( 1200): }
09-22 22:31:22.984 I/CCodecConfig( 1200): query failed after returning 7 values (BAD_INDEX)
09-22 22:31:22.985 I/MediaCodec( 1200): MediaCodec will operate in async mode
09-22 22:31:22.985 D/MediaCodec( 1200): keep callback message for reclaim
09-22 22:31:22.985 W/Codec2Client( 1200): query -- param skipped: index = 1342179345.
09-22 22:31:22.985 W/Codec2Client( 1200): query -- param skipped: index = 2415921170.
09-22 22:31:22.987 D/CCodecBufferChannel( 1200): [c2.android.vorbis.decoder#500] Created input block pool with allocatorID 16 => poolID 33 - OK (0)
09-22 22:31:22.987 D/BufferPoolAccessor2.0( 1244): Destruction - bufferpool2 0xb40000763561ada8 cached: 0/0M, 0/0% in use; allocs: 97, 96% recycled; transfers: 96, 95% unfetched
09-22 22:31:22.988 D/BufferPoolAccessor2.0( 1200): Destruction - bufferpool2 0xecc83628 cached: 0/0M, 0/0% in use; allocs: 102, 92% recycled; transfers: 198, 96% unfetched
09-22 22:31:22.988 I/CCodecBufferChannel( 1200): [c2.android.vorbis.decoder#500] Created output block pool with allocatorID 16 => poolID 42 - OK
09-22 22:31:22.988 D/CCodecBufferChannel( 1200): [c2.android.vorbis.decoder#500] Configured output block pool ids 42 => OK
09-22 22:31:22.988 D/CCodecBufferChannel( 1200): [c2.android.vorbis.decoder#500] start: updating output delay 0
09-22 22:31:22.989 I/CCodecBufferChannel( 1200): pipelineRoom(3) is <= numClientBuffers(3). Not signalling any more buffers to client
09-22 22:31:22.989 D/SimpleC2Component( 1244): Using output block pool with poolID 42 => got 42 - 0
09-22 22:31:22.990 I/CCodecBufferChannel( 1200): pipelineRoom(2) is <= numClientBuffers(2). Not signalling any more buffers to client
09-22 22:31:22.991 I/CCodecBufferChannel( 1200): pipelineRoom(1) is <= numClientBuffers(1). Not signalling any more buffers to client
09-22 22:31:22.995 I/ExtendedNuUtils( 1200): Both src and dst missing for bit-width
09-22 22:31:22.995 I/ExtendedNuUtils( 1200): Overriding durationUs: with 64 bit src value 1728000
09-22 22:31:22.995 I/ExtendedNuUtils( 1200): Both src and dst missing for channel-mask
09-22 22:31:22.998 D/audio_hw_primary( 812): adev_get_parameters:vr_audio_mode_on
09-22 22:31:22.998 I/audio_hw_primary( 812): getting vr mode to 0
09-22 22:31:22.998 D/audio_hw_primary( 812): adev_get_parameters: exit: returns - vr_audio_mode_on=false
09-22 22:31:22.998 I/hash_map_utils( 914): system/bt/osi/src/hash_map_utils.cc:81 hash_map_utils_dump_string_keys_string_values: key: 'vr_audio_mode_on' value: ''
09-22 22:31:22.999 D/AudioFlinger( 914): Client defaulted notificationFrames to 12000 for frameCount 24000
09-22 22:31:23.000 D/AF::TrackHandle( 914): OpPlayAudio: track:72 usage:5 not muted
09-22 22:31:23.003 D/audio_hw_primary( 812): out_set_parameters: enter: usecase(1: low-latency-playback) kvpairs: suspend_playback=false
09-22 22:31:23.003 D/audio_hw_extn( 812): audio_extn_fm_set_parameters: Enter
09-22 22:31:23.003 W/audio_hw_primary( 812): out_write: underrun(134) frames_by_time(16455) > out->last_fifo_frames_remaining(384)
09-22 22:31:23.031 D/audio_hw_primary( 812): out_set_parameters: enter: usecase(1: low-latency-playback) kvpairs: suspend_playback=true
09-22 22:31:23.031 D/audio_hw_extn( 812): audio_extn_fm_set_parameters: Enter
09-22 22:31:23.038 I/EffectsFactory( 812): EffectCreate() create_effect
09-22 22:31:23.041 D/audio_hw_primary( 812): out_set_parameters: enter: usecase(1: low-latency-playback) kvpairs: suspend_playback=false
09-22 22:31:23.041 D/audio_hw_extn( 812): audio_extn_fm_set_parameters: Enter
09-22 22:31:23.041 D/AudioTrack( 1200): getTimestamp_l(48): device stall time corrected using current time 290378665981
09-22 22:31:23.042 D/msm8974_platform( 812): platform_split_snd_device: snd_device(2) num devices(1) new_snd_devices(0)
09-22 22:31:23.042 D/ACDB-LOADER( 812): ACDB -> send_audvoltable
09-22 22:31:23.042 D/ACDB-LOADER( 812): ACDB -> ACDB_CMD_GET_AUDPROC_INSTANCE_GAIN_DEP_STEP_TABLE_SIZE
09-22 22:31:23.042 D/ACDB-LOADER( 812): ACDB -> ACDB_CMD_GET_AUDPROC_INSTANCE_GAIN_DEP_STEP_TABLE, vol index 5
09-22 22:31:23.042 D/ACDB-LOADER( 812): ACDB -> AUDIO_SET_VOL_CAL cal type = 40
09-22 22:31:23.043 W/audio_hw_primary( 812): out_write: underrun(135) frames_by_time(695) > out->last_fifo_frames_remaining(384)
09-22 22:31:23.043 D/audio_hw_primary( 812): out_set_parameters: enter: usecase(1: low-latency-playback) kvpairs: suspend_playback=true
09-22 22:31:23.043 D/audio_hw_extn( 812): audio_extn_fm_set_parameters: Enter
09-22 22:31:23.045 D/Avrcp_ext( 1802): AudioManager Player: AudioPlaybackConfiguration piid:71 deviceId:0 type:android.media.SoundPool u/pid:1000/1451 state:idle attr:AudioAttributes: usage=USAGE_ASSISTANCE_SONIFICATION content=CONTENT_TYPE_SONIFICATION flags=0x800 tags= bundle=null sessionId:0
09-22 22:31:23.045 D/Avrcp_ext( 1802): AudioManager Player: AudioPlaybackConfiguration piid:215 deviceId:3 type:android.media.MediaPlayer u/pid:10081/1803 state:started attr:AudioAttributes: usage=USAGE_NOTIFICATION content=CONTENT_TYPE_SONIFICATION flags=0x800 tags= bundle=null sessionId:0
09-22 22:31:23.047 D/Avrcp_ext( 1802): AudioManager Player in started state: com.android.systemui
09-22 22:31:23.047 D/Avrcp_ext( 1802): AudioManager Active Player: com.android.systemui
09-22 22:31:23.047 D/Avrcp_ext( 1802): AudioManager Player: AudioPlaybackConfiguration piid:79 deviceId:0 type:android.media.SoundPool u/pid:10081/1803 state:idle attr:AudioAttributes: usage=USAGE_ASSISTANCE_SONIFICATION content=CONTENT_TYPE_SONIFICATION flags=0x800 tags= bundle=null sessionId:0
09-22 22:31:23.047 D/Avrcp_ext( 1802): AudioManager isPlaying: true, mAudioPlaybackIsActive = true
09-22 22:31:23.055 D/audio_hw_primary( 812): out_set_parameters: enter: usecase(1: low-latency-playback) kvpairs: suspend_playback=false
09-22 22:31:23.056 D/audio_hw_extn( 812): audio_extn_fm_set_parameters: Enter
09-22 22:31:23.058 D/audio_hw_primary( 812): out_set_parameters: enter: usecase(1: low-latency-playback) kvpairs: suspend_playback=true
09-22 22:31:23.058 D/audio_hw_extn( 812): audio_extn_fm_set_parameters: Enter
09-22 22:31:23.077 D/audio_hw_primary( 812): out_set_parameters: enter: usecase(1: low-latency-playback) kvpairs: suspend_playback=false
09-22 22:31:23.077 D/audio_hw_extn( 812): audio_extn_fm_set_parameters: Enter
09-22 22:31:23.077 D/audio_hw_primary( 812): out_set_parameters: enter: usecase(1: low-latency-playback) kvpairs: suspend_playback=true
09-22 22:31:23.077 D/audio_hw_extn( 812): audio_extn_fm_set_parameters: Enter
09-22 22:31:23.097 D/audio_hw_primary( 812): out_set_parameters: enter: usecase(1: low-latency-playback) kvpairs: suspend_playback=false
09-22 22:31:23.097 D/audio_hw_extn( 812): audio_extn_fm_set_parameters: Enter
09-22 22:31:23.098 D/msm8974_platform( 812): platform_split_snd_device: snd_device(2) num devices(1) new_snd_devices(0)
09-22 22:31:23.098 D/ACDB-LOADER( 812): ACDB -> send_audvoltable
09-22 22:31:23.098 D/ACDB-LOADER( 812): ACDB -> ACDB_CMD_GET_AUDPROC_INSTANCE_GAIN_DEP_STEP_TABLE_SIZE
09-22 22:31:23.098 D/ACDB-LOADER( 812): ACDB -> ACDB_CMD_GET_AUDPROC_INSTANCE_GAIN_DEP_STEP_TABLE, vol index 2
09-22 22:31:23.098 D/ACDB-LOADER( 812): ACDB -> AUDIO_SET_VOL_CAL cal type = 40
09-22 22:31:23.348 I/mpu_uart( 655): [MSG-P:RECV]:No message received in 1000 ms
09-22 22:31:23.480 D/BufferPoolAccessor2.0( 1200): evictor expired: 1, evicted: 0
09-22 22:31:23.482 D/BufferPoolAccessor2.0( 1244): evictor expired: 1, evicted: 0
09-22 22:31:24.348 I/mpu_uart( 655): [MSG-P:RECV]:No message received in 1000 ms
09-22 22:31:24.401 D/CCodecBufferChannel( 1200): [c2.android.vorbis.decoder#500] buffers after EOS ignored (0 us)
09-22 22:31:24.403 D/AudioTrack( 1200): stop(48): called with 82980 frames delivered
09-22 22:31:24.480 D/BufferPoolAccessor2.0( 1200): bufferpool2 0xecc83e08 : 0(0 size) total buffers - 0(0 size) used buffers - 95/103 (recycle/alloc) - 8/198 (fetch/transfer)
09-22 22:31:24.480 D/BufferPoolAccessor2.0( 1200): evictor expired: 1, evicted: 1
09-22 22:31:24.482 D/BufferPoolAccessor2.0( 1244): bufferpool2 0xb4000076356137b8 : 0(0 size) total buffers - 0(0 size) used buffers - 94/97 (recycle/alloc) - 3/96 (fetch/transfer)
09-22 22:31:24.483 D/BufferPoolAccessor2.0( 1244): evictor expired: 1, evicted: 1
09-22 22:31:24.493 I/sysui_heads_up_status( 1803): [0|com.android.systemui|2048|null|10081,0]
09-22 22:31:24.503 I/DisplayPowerController[0]( 1451): Blocking screen off
09-22 22:31:24.503 I/DisplayPowerController[0]( 1451): Unblocked screen off after 0 ms
09-22 22:31:24.503 E/DisplayDeviceConfig( 1451): requesting nits when no mapping exists.
09-22 22:31:24.503 I/am_wtf ( 1451): [0,1451,system_server,-1,DisplayDeviceConfig,requesting nits when no mapping exists.]
09-22 22:31:24.503 E/DisplayDeviceConfig( 1451): requesting nits when no mapping exists.
09-22 22:31:24.505 I/DropBoxManagerService( 1451): add tag=system_server_wtf isTagEnabled=true flags=0x2
09-22 22:31:24.505 V/DisplayPowerController[0]( 1451): Brightness [0.0] reason changing to: 'screen_off', previous reason: 'doze'.
09-22 22:31:24.506 I/am_wtf ( 1451): [0,1451,system_server,-1,DisplayDeviceConfig,requesting nits when no mapping exists.]
09-22 22:31:24.506 D/KeyguardViewMediator( 1803): notifyScreenTurnedOff
09-22 22:31:24.515 E/KernelCpuSpeedReader( 1451): Failed to read cpu-freq: /sys/devices/system/cpu/cpu4/cpufreq/stats/time_in_state: open failed: ENOENT (No such file or directory)
09-22 22:31:24.515 E/KernelCpuSpeedReader( 1451): Failed to read cpu-freq: /sys/devices/system/cpu/cpu0/cpufreq/stats/time_in_state: open failed: ENOENT (No such file or directory)
09-22 22:31:24.521 D/SurfaceFlinger( 927): Setting power mode 0 on display 4630946370410392961
09-22 22:31:24.522 I/DisplayDeviceRepository( 1451): Display device changed state: "内置屏幕", OFF
09-22 22:31:24.523 I/InputManager-JNI( 1451): Viewport [0] to add: local:4630946370410392961, isActive: false
09-22 22:31:24.523 I/SDM ( 868): DisplayBase::SetDisplayState: Set state = 0, display 29-0, teardown = 0
09-22 22:31:24.525 I/InputReader( 1451): Reconfiguring input devices, changes=DISPLAY_INFO |
09-22 22:31:24.525 I/InputReader( 1451): Disabling cyttsp7_mt (device 4) because the associated viewport is not active
09-22 22:31:24.525 I/InputReader( 1451): Disabling qbt_key_input (device 3) because the associated viewport is not active
09-22 22:31:24.525 I/InputReader( 1451): Disabling qbt_key_input (device 3) because the associated viewport is not active
09-22 22:31:24.527 I/BtGatt.ScanManager( 1802): msg.what = 8
09-22 22:31:24.527 I/BtGatt.ScanManager( 1802): msg.what = 4
09-22 22:31:24.530 E/QmiAgentHwInterface( 1978): Failed to sendRequest: android.os.RemoteException: sendRequest failed with status: 2
09-22 22:31:24.546 D/KeyguardViewMediator( 1803): handleNotifyScreenTurnedOff
09-22 22:31:24.547 D/StatusBar( 1803): disable disable2
09-22 22:31:24.547 D/StatusBar( 1803): disable disable2
09-22 22:31:24.547 D/StatusBar( 1803): disable disable2
09-22 22:31:24.548 D/StatusBar( 1803): disable disable2
09-22 22:31:24.575 D/SurfaceFlinger( 927): Finished setting power mode 0 on display 4630946370410392961
09-22 22:31:24.576 I/QTI PowerHAL( 854): Power setMode: 7 to: 0
09-22 22:31:24.577 E/QTI PowerHAL( 854): Failed to acquire lock for hint_id: 1040.
09-22 22:31:24.577 I/QTI PowerHAL( 854): Got set_interactive hint
09-22 22:31:24.577 E/ANDR-PERF-LM( 872): Core: detectAndRunIdle() 174: Not able to open /sys/class/power_supply/battery/status, Error: No such file or directory
09-22 22:31:24.815 D/audio_hw_primary( 812): out_set_parameters: enter: usecase(1: low-latency-playback) kvpairs: suspend_playback=true
09-22 22:31:24.815 D/audio_hw_extn( 812): audio_extn_fm_set_parameters: Enter
09-22 22:31:24.826 D/audio_hw_primary( 812): out_set_parameters: enter: usecase(1: low-latency-playback) kvpairs: suspend_playback=false
09-22 22:31:24.826 D/audio_hw_extn( 812): audio_extn_fm_set_parameters: Enter
09-22 22:31:24.830 D/audio_hw_primary( 812): out_set_parameters: enter: usecase(1: low-latency-playback) kvpairs: suspend_playback=true
09-22 22:31:24.830 D/audio_hw_extn( 812): audio_extn_fm_set_parameters: Enter
09-22 22:31:24.840 D/audio_hw_primary( 812): out_set_parameters: enter: usecase(1: low-latency-playback) kvpairs: suspend_playback=false
09-22 22:31:24.840 D/audio_hw_extn( 812): audio_extn_fm_set_parameters: Enter
09-22 22:31:24.844 D/audio_hw_primary( 812): out_set_parameters: enter: usecase(1: low-latency-playback) kvpairs: suspend_playback=true
09-22 22:31:24.844 D/audio_hw_extn( 812): audio_extn_fm_set_parameters: Enter
09-22 22:31:24.855 D/audio_hw_primary( 812): out_set_parameters: enter: usecase(1: low-latency-playback) kvpairs: suspend_playback=false
09-22 22:31:24.855 D/audio_hw_extn( 812): audio_extn_fm_set_parameters: Enter
09-22 22:31:24.864 D/audio_hw_primary( 812): out_set_parameters: enter: usecase(1: low-latency-playback) kvpairs: suspend_playback=true
09-22 22:31:24.864 D/audio_hw_extn( 812): audio_extn_fm_set_parameters: Enter
09-22 22:31:24.869 I/MediaFocusControl( 1451): abandonAudioFocus() from uid/pid 10081/1803 clientId=android.media.AudioManager@247a729
09-22 22:31:24.870 V/MediaPlayer( 1803): resetDrmState: mDrmInfo=null mDrmProvisioningThread=null mPrepareDrmInProgress=false mActiveDrmScheme=false
09-22 22:31:24.870 V/MediaPlayer( 1803): cleanDrmObj: mDrmObj=null mDrmSessionId=null
09-22 22:31:24.870 D/NuPlayerDriver( 1200): reset(0xed2c1550) at state 6
09-22 22:31:24.870 D/Avrcp_ext( 1802): AudioManager Player: AudioPlaybackConfiguration piid:71 deviceId:0 type:android.media.SoundPool u/pid:1000/1451 state:idle attr:AudioAttributes: usage=USAGE_ASSISTANCE_SONIFICATION content=CONTENT_TYPE_SONIFICATION flags=0x800 tags= bundle=null sessionId:0
09-22 22:31:24.870 D/Avrcp_ext( 1802): AudioManager Player: AudioPlaybackConfiguration piid:215 deviceId:3 type:android.media.MediaPlayer u/pid:10081/1803 state:stopped attr:AudioAttributes: usage=USAGE_NOTIFICATION content=CONTENT_TYPE_SONIFICATION flags=0x800 tags= bundle=null sessionId:0
09-22 22:31:24.871 D/Avrcp_ext( 1802): AudioManager Player: AudioPlaybackConfiguration piid:79 deviceId:0 type:android.media.SoundPool u/pid:10081/1803 state:idle attr:AudioAttributes: usage=USAGE_ASSISTANCE_SONIFICATION content=CONTENT_TYPE_SONIFICATION flags=0x800 tags= bundle=null sessionId:0
09-22 22:31:24.871 D/Avrcp_ext( 1802): AudioManager isPlaying: false, mAudioPlaybackIsActive = true
09-22 22:31:24.871 D/Avrcp_ext( 1802): AudioManager Reset Active Player
09-22 22:31:24.872 D/audio_hw_primary( 812): out_set_parameters: enter: usecase(1: low-latency-playback) kvpairs: suspend_playback=false
09-22 22:31:24.872 D/audio_hw_extn( 812): audio_extn_fm_set_parameters: Enter
09-22 22:31:24.873 V/Avrcp_ext( 1802): updateCurrentMediaState: mMediaController: MediaController (com.android.systemui@dc49a66) null
09-22 22:31:24.873 W/Avrcp_ext( 1802): isMusicActive: false getBluetoothPlayState: 2 A2dp State: 11 mAudioPlaybackIsActive: false
09-22 22:31:24.874 D/Avrcp_ext( 1802): isMusicActive = false mAudioPlaybackIsActive = false player state = null
09-22 22:31:24.874 I/hw-BpHwBinder( 1200): onLastStrongRef automatically unlinking death recipients
09-22 22:31:24.875 I/Avrcp_ext( 1802): Skipping update due to invalid playback state
09-22 22:31:24.875 I/hw-BpHwBinder( 1244): onLastStrongRef automatically unlinking death recipients
09-22 22:31:24.875 V/Avrcp_ext( 1802): updatePlaybackState, state: null device: null
09-22 22:31:24.875 V/Avrcp_ext( 1802): Device: no name:
09-22 22:31:24.875 V/Avrcp_ext( 1802): Device: no name:
09-22 22:31:24.875 V/Avrcp_ext( 1802): Device: no name:
09-22 22:31:24.875 V/Avrcp_ext( 1802): Device: no name:
09-22 22:31:24.875 V/Avrcp_ext( 1802): Device: no name:
09-22 22:31:24.875 V/Avrcp_ext( 1802): updatePlayerStateAndPosition, old=PlaybackState {state=2, position=-1, buffered position=0, speed=0.0, updated=69121, actions=0, custom actions=[], active item id=-1, error=null}, state=null
09-22 22:31:24.875 I/Avrcp_ext( 1802): updatePlayerStateAndPosition: device: state = null
09-22 22:31:24.875 D/Avrcp_ext( 1802): AudioManager Player: AudioPlaybackConfiguration piid:71 deviceId:0 type:android.media.SoundPool u/pid:1000/1451 state:idle attr:AudioAttributes: usage=USAGE_ASSISTANCE_SONIFICATION content=CONTENT_TYPE_SONIFICATION flags=0x800 tags= bundle=null sessionId:0
09-22 22:31:24.875 D/Avrcp_ext( 1802): AudioManager Player: AudioPlaybackConfiguration piid:79 deviceId:0 type:android.media.SoundPool u/pid:10081/1803 state:idle attr:AudioAttributes: usage=USAGE_ASSISTANCE_SONIFICATION content=CONTENT_TYPE_SONIFICATION flags=0x800 tags= bundle=null sessionId:0
09-22 22:31:24.875 V/C2Store ( 1244): in ~ComponentModule
09-22 22:31:24.875 D/Avrcp_ext( 1802): AudioManager isPlaying: false, mAudioPlaybackIsActive = false
09-22 22:31:24.875 V/C2Store ( 1244): unloading dll
09-22 22:31:24.875 D/Avrcp_ext( 1802): AudioManager Reset Active Player
09-22 22:31:24.879 D/NuPlayerDriver( 1200): notifyResetComplete(0xed2c1550)
09-22 22:31:24.879 W/AMessage( 1200): failed to post message as target looper for handler 0 is gone.
09-22 22:31:24.884 D/audio_hw_primary( 812): out_set_parameters: enter: usecase(1: low-latency-playback) kvpairs: suspend_playback=true
09-22 22:31:24.884 D/audio_hw_extn( 812): audio_extn_fm_set_parameters: Enter
09-22 22:31:24.895 D/audio_hw_primary( 812): out_set_parameters: enter: usecase(1: low-latency-playback) kvpairs: suspend_playback=false
09-22 22:31:24.895 D/audio_hw_extn( 812): audio_extn_fm_set_parameters: Enter
09-22 22:31:24.934 D/audio_hw_primary( 812): out_set_parameters: enter: usecase(1: low-latency-playback) kvpairs: suspend_playback=true
09-22 22:31:24.934 D/audio_hw_extn( 812): audio_extn_fm_set_parameters: Enter
09-22 22:31:24.935 D/msm8974_platform( 812): platform_split_snd_device: snd_device(2) num devices(1) new_snd_devices(0)
09-22 22:31:24.935 D/ACDB-LOADER( 812): ACDB -> send_audvoltable
09-22 22:31:24.935 D/ACDB-LOADER( 812): ACDB -> ACDB_CMD_GET_AUDPROC_INSTANCE_GAIN_DEP_STEP_TABLE_SIZE
09-22 22:31:24.935 D/ACDB-LOADER( 812): ACDB -> ACDB_CMD_GET_AUDPROC_INSTANCE_GAIN_DEP_STEP_TABLE, vol index 0
09-22 22:31:24.935 D/ACDB-LOADER( 812): ACDB -> AUDIO_SET_VOL_CAL cal type = 40
09-22 22:31:24.936 D/msm8974_platform( 812): platform_split_snd_device: snd_device(2) num devices(1) new_snd_devices(0)
09-22 22:31:25.348 I/mpu_uart( 655): [MSG-P:RECV]:No message received in 1000 ms
09-22 22:31:25.506 I/mpu_uart( 655): [MSG-P:R]:recv sync frame timeout
09-22 22:31:25.935 D/audio_hw_primary( 812): out_set_parameters: enter: usecase(1: low-latency-playback) kvpairs: suspend_playback=false
09-22 22:31:25.935 D/audio_hw_extn( 812): audio_extn_fm_set_parameters: Enter
09-22 22:31:25.937 W/audio_hw_primary( 812): out_write: underrun(136) frames_by_time(48180) > out->last_fifo_frames_remaining(384)
09-22 22:31:25.980 D/audio_hw_primary( 812): out_set_parameters: enter: usecase(1: low-latency-playback) kvpairs: suspend_playback=true
09-22 22:31:25.980 D/audio_hw_extn( 812): audio_extn_fm_set_parameters: Enter
09-22 22:31:26.068 I/hwservicemanager( 513): getTransport: Cannot find entry android.hardware.light@2.0::ILight/default in either framework or device VINTF manifest.
09-22 22:31:26.070 E/light ( 4510): light_open lights keyboard failed: -22
09-22 22:31:26.070 E/light ( 4510): Light passthrough failed to load legacy HAL.
09-22 22:31:26.070 E/light ( 4510): light_open lights buttons failed: -22
09-22 22:31:26.071 E/light ( 4510): Light passthrough failed to load legacy HAL.
09-22 22:31:26.072 E/light ( 4510): light_open lights bluetooth failed: -22
09-22 22:31:26.072 E/light ( 4510): Light passthrough failed to load legacy HAL.
09-22 22:31:26.072 E/light ( 4510): light_open lights wifi failed: -22
09-22 22:31:26.072 E/light ( 4510): Light passthrough failed to load legacy HAL.
09-22 22:31:26.072 I/hwservicemanager( 513): getTransport: Cannot find entry android.hardware.light@2.0::ILight/default in either framework or device VINTF manifest.
09-22 22:31:26.073 E/HidlServiceManagement( 4510): Service android.hardware.light@2.0::ILight/default must be in VINTF manifest in order to register/get.
09-22 22:31:26.073 E/LegacySupport( 4510): Could not register service android.hardware.light@2.0::ILight/default (-2147483648).
09-22 22:31:26.349 I/mpu_uart( 655): [MSG-P:RECV]:No message received in 1000 ms
09-22 22:31:26.501 I/sysui_multi_action( 1451): [757,804,799,power_consecutive_short_tap_count,801,1,802,1]
09-22 22:31:26.501 I/sysui_multi_action( 1451): [757,804,799,power_double_tap_interval,801,5083,802,1]
09-22 22:31:26.501 I/intercept_power( 1451): [ACTION_DOWN,0,0]
09-22 22:31:26.503 I/PowerManagerService( 1451): Powering on display group fromDozing (groupId=0, uid=1000, reason=WAKE_REASON_POWER_BUTTON, details=android.policy:POWER)...
09-22 22:31:26.504 I/PowerManagerService( 1451): Waking up from Dozing (uid=1000, reason=WAKE_REASON_POWER_BUTTON, details=android.policy:POWER)...
09-22 22:31:26.508 I/DisplayPowerController[0]( 1451): Blocking screen on until initial contents have been drawn.
09-22 22:31:26.508 E/SensorManager( 1451): sensor or listener is null
09-22 22:31:26.509 D/KeyguardViewMediator( 1803): notifyScreenOn
09-22 22:31:26.509 V/DisplayPowerController[0]( 1451): Brightness [1.0] reason changing to: 'manual', previous reason: 'screen_off'.
09-22 22:31:26.509 D/KeyguardViewMediator( 1803): handleNotifyScreenTurningOn
09-22 22:31:26.511 I/intercept_power( 1451): [ACTION_UP,0,0]
09-22 22:31:26.512 I/screen_toggled( 1451): 1
09-22 22:31:26.513 I/sysui_multi_action( 1451): [757,1696,758,6,759,3]
09-22 22:31:26.513 I/power_screen_broadcast_send( 1451): 1
09-22 22:31:26.514 I/QTI PowerHAL( 854): Power setMode: 7 to: 1
09-22 22:31:26.514 I/DisplayDeviceRepository( 1451): Display device changed state: "内置屏幕", ON
09-22 22:31:26.514 D/SurfaceFlinger( 927): Setting power mode 2 on display 4630946370410392961
09-22 22:31:26.515 I/InputManager-JNI( 1451): Viewport [0] to add: local:4630946370410392961, isActive: true
09-22 22:31:26.515 D/KeyguardViewMediator( 1803): onStartedWakingUp, seq = 4
09-22 22:31:26.515 E/QTI PowerHAL( 854): Failed to acquire lock for hint_id: 1041.
09-22 22:31:26.515 I/QTI PowerHAL( 854): Got set_interactive hint
09-22 22:31:26.515 D/KeyguardViewMediator( 1803): notifyStartedWakingUp
09-22 22:31:26.516 I/SDM ( 868): DisplayBase::SetDisplayState: Set state = 1, display 29-0, teardown = 0
09-22 22:31:26.519 I/BtGatt.ScanManager( 1802): msg.what = 8
09-22 22:31:26.519 I/BtGatt.ScanManager( 1802): msg.what = 5
09-22 22:31:26.520 I/InputReader( 1451): Reconfiguring input devices, changes=DISPLAY_INFO |
09-22 22:31:26.520 I/InputReader( 1451): Device reconfigured: id=4, name='cyttsp7_mt', size 2380x1020, orientation 0, mode 1, display id 0
09-22 22:31:26.520 I/InputReader( 1451): Device reconfigured: id=3, name='qbt_key_input', size 2380x1020, orientation 0, mode 4, display id 0
09-22 22:31:26.523 E/KernelCpuSpeedReader( 1451): Failed to read cpu-freq: /sys/devices/system/cpu/cpu4/cpufreq/stats/time_in_state: open failed: ENOENT (No such file or directory)
09-22 22:31:26.523 E/KernelCpuSpeedReader( 1451): Failed to read cpu-freq: /sys/devices/system/cpu/cpu0/cpufreq/stats/time_in_state: open failed: ENOENT (No such file or directory)
