09-22 22:30:45.238 D/CompatibilityChangeReporter( 1451): Compat change id reported: 135754954; UID 10024; state: ENABLED
09-22 22:30:45.238 I/wm_on_paused_called( 2392): [89524022,com.android.launcher3.uioverrides.QuickstepLauncher,performPause]
09-22 22:30:45.239 D/CompatibilityChangeReporter( 1451): Compat change id reported: 143937733; UID 10024; state: ENABLED
09-22 22:30:45.253 I/sysui_multi_action( 1451): [757,803,799,window_time_0,802,2]
09-22 22:30:45.253 I/perfetto( 1173): ing_service_impl.cc:912 Configured tracing session 1, #sources:1, duration:5000 ms, #buffers:1, total buffer size:4096 KB, total sessions:1, uid:1071 session name: ""
09-22 22:30:45.251 I/auditd ( 1172): type=1400 audit(0.0:245): avc: denied { read } for comm="traced_probes" name="format" dev="tracefs" ino=6416 scontext=u:r:traced_probes:s0 tcontext=u:object_r:debugfs_tracing_debug:s0 tclass=file permissive=0
09-22 22:30:45.251 W/traced_probes( 1172): type=1400 audit(0.0:245): avc: denied { read } for name="format" dev="tracefs" ino=6416 scontext=u:r:traced_probes:s0 tcontext=u:object_r:debugfs_tracing_debug:s0 tclass=file permissive=0
09-22 22:30:45.258 I/BpBinder( 927): onLastStrongRef automatically unlinking death recipients:
09-22 22:30:45.251 I/auditd ( 1172): type=1400 audit(0.0:246): avc: denied { read } for comm="traced_probes" name="format" dev="tracefs" ino=6404 scontext=u:r:traced_probes:s0 tcontext=u:object_r:debugfs_tracing_debug:s0 tclass=file permissive=0
09-22 22:30:45.251 W/traced_probes( 1172): type=1400 audit(0.0:246): avc: denied { read } for name="format" dev="tracefs" ino=6404 scontext=u:r:traced_probes:s0 tcontext=u:object_r:debugfs_tracing_debug:s0 tclass=file permissive=0
09-22 22:30:45.251 I/auditd ( 1172): type=1400 audit(0.0:247): avc: denied { read } for comm="traced_probes" name="format" dev="tracefs" ino=6410 scontext=u:r:traced_probes:s0 tcontext=u:object_r:debugfs_tracing_debug:s0 tclass=file permissive=0
09-22 22:30:45.251 W/traced_probes( 1172): type=1400 audit(0.0:247): avc: denied { read } for name="format" dev="tracefs" ino=6410 scontext=u:r:traced_probes:s0 tcontext=u:object_r:debugfs_tracing_debug:s0 tclass=file permissive=0
09-22 22:30:45.251 I/auditd ( 1172): type=1400 audit(0.0:248): avc: denied { read } for comm="traced_probes" name="format" dev="tracefs" ino=6422 scontext=u:r:traced_probes:s0 tcontext=u:object_r:debugfs_tracing_debug:s0 tclass=file permissive=0
09-22 22:30:45.251 W/traced_probes( 1172): type=1400 audit(0.0:248): avc: denied { read } for name="format" dev="tracefs" ino=6422 scontext=u:r:traced_probes:s0 tcontext=u:object_r:debugfs_tracing_debug:s0 tclass=file permissive=0
09-22 22:30:45.251 I/auditd ( 1172): type=1400 audit(0.0:249): avc: denied { read } for comm="traced_probes" name="format" dev="tracefs" ino=6428 scontext=u:r:traced_probes:s0 tcontext=u:object_r:debugfs_tracing_debug:s0 tclass=file permissive=0
09-22 22:30:45.251 W/traced_probes( 1172): type=1400 audit(0.0:249): avc: denied { read } for name="format" dev="tracefs" ino=6428 scontext=u:r:traced_probes:s0 tcontext=u:object_r:debugfs_tracing_debug:s0 tclass=file permissive=0
09-22 22:30:45.251 I/auditd ( 1172): type=1400 audit(0.0:250): avc: denied { read } for comm="traced_probes" name="format" dev="tracefs" ino=6464 scontext=u:r:traced_probes:s0 tcontext=u:object_r:debugfs_tracing_debug:s0 tclass=file permissive=0
09-22 22:30:45.251 W/traced_probes( 1172): type=1400 audit(0.0:250): avc: denied { read } for name="format" dev="tracefs" ino=6464 scontext=u:r:traced_probes:s0 tcontext=u:object_r:debugfs_tracing_debug:s0 tclass=file permissive=0
09-22 22:30:45.251 I/auditd ( 1172): type=1400 audit(0.0:251): avc: denied { read } for comm="traced_probes" name="format" dev="tracefs" ino=6374 scontext=u:r:traced_probes:s0 tcontext=u:object_r:debugfs_tracing_debug:s0 tclass=file permissive=0
09-22 22:30:45.251 W/traced_probes( 1172): type=1400 audit(0.0:251): avc: denied { read } for name="format" dev="tracefs" ino=6374 scontext=u:r:traced_probes:s0 tcontext=u:object_r:debugfs_tracing_debug:s0 tclass=file permissive=0
09-22 22:30:45.264 D/Zygote ( 676): Forked child process 4288
09-22 22:30:45.265 I/am_proc_start( 1451): [0,4288,10024,com.android.documentsui,pre-top-activity,{com.android.documentsui/com.android.documentsui.LauncherActivity}]
09-22 22:30:45.265 I/ActivityManager( 1451): Start proc 4288:com.android.documentsui/u0a24 for pre-top-activity {com.android.documentsui/com.android.documentsui.LauncherActivity}
09-22 22:30:45.266 W/ContextImpl( 1451): Calling a method in the system process without a qualified user: android.app.ContextImpl.sendBroadcast:1173 com.qualcomm.qti.Performance$SendGameLaunchBroadcast.run:217 java.lang.Thread.run:920
09-22 22:30:45.279 W/SQLiteLog( 2699): (28) double-quoted string literal: "com.android.documentsui"
09-22 22:30:45.289 E/oid.documentsu( 4288): Not starting debugger since process cannot load the jdwp agent.
09-22 22:30:45.290 D/ProcessState( 4288): Binder ioctl to enable oneway spam detection failed: Invalid argument
09-22 22:30:45.293 D/hw-ProcessState( 1172): Binder ioctl to enable oneway spam detection failed: Invalid argument
09-22 22:30:45.296 E/android.hardware.atrace@1.0-service( 579): Failed to enable tracing on: /sys/kernel/debug/tracing/events/mdss/enable
09-22 22:30:45.296 E/android.hardware.atrace@1.0-service( 579): Failed to enable tracing on: /sys/kernel/debug/tracing/events/sde/enable
09-22 22:30:45.296 E/android.hardware.atrace@1.0-service( 579): Failed to enable tracing on: /sys/kernel/debug/tracing/events/mali_systrace/enable
09-22 22:30:45.296 E/android.hardware.atrace@1.0-service( 579): Failed to disable tracing on: /sys/kernel/debug/tracing/events/mdss/enable
09-22 22:30:45.296 E/android.hardware.atrace@1.0-service( 579): Failed to disable tracing on: /sys/kernel/debug/tracing/events/sde/enable
09-22 22:30:45.296 E/android.hardware.atrace@1.0-service( 579): Failed to disable tracing on: /sys/kernel/debug/tracing/events/mali_systrace/enable
09-22 22:30:45.296 E/android.hardware.atrace@1.0-service( 579): Failed to disable tracing on: /sys/kernel/debug/tracing/events/kmem/ion_alloc_buffer_start/enable
09-22 22:30:45.296 E/android.hardware.atrace@1.0-service( 579): Failed to enable tracing on: /sys/kernel/debug/tracing/events/kmem/ion_alloc_buffer_start/enable
09-22 22:30:45.296 E/android.hardware.atrace@1.0-service( 579): Failed to disable tracing on: /sys/kernel/debug/tracing/events/mdss/enable
09-22 22:30:45.296 E/android.hardware.atrace@1.0-service( 579): Failed to disable tracing on: /sys/kernel/debug/tracing/events/sde/enable
09-22 22:30:45.297 E/android.hardware.atrace@1.0-service( 579): Failed to disable tracing on: /sys/kernel/debug/tracing/events/mali_systrace/enable
09-22 22:30:45.297 E/android.hardware.atrace@1.0-service( 579): Failed to disable tracing on: /sys/kernel/debug/tracing/events/kmem/ion_alloc_buffer_start/enable
09-22 22:30:45.297 I/am_proc_bound( 1451): [0,4288,com.android.documentsui]
09-22 22:30:45.298 D/CompatibilityInfo( 1451): mCompatibilityFlags - 4
09-22 22:30:45.298 D/CompatibilityInfo( 1451): applicationDensity - 240
09-22 22:30:45.298 D/CompatibilityInfo( 1451): applicationScale - 1.0
09-22 22:30:45.299 I/perfetto( 1172): probes_producer.cc:241 Ftrace setup (target_buf=1)
09-22 22:30:45.300 I/wm_restart_activity( 1451): [0,267700866,15,com.android.documentsui/.LauncherActivity]
09-22 22:30:45.300 D/CompatibilityInfo( 1451): mCompatibilityFlags - 4
09-22 22:30:45.300 D/CompatibilityInfo( 1451): applicationDensity - 240
09-22 22:30:45.300 D/CompatibilityInfo( 1451): applicationScale - 1.0
09-22 22:30:45.302 I/perfetto( 1172): ftrace_procfs.cc:206 enabled ftrace in /sys/kernel/tracing/
09-22 22:30:45.306 I/wm_set_resumed_activity( 1451): [0,com.android.documentsui/.LauncherActivity,minimalResumeActivityLocked]
09-22 22:30:45.307 I/am_uid_active( 1451): 10024
09-22 22:30:45.308 D/CompatibilityChangeReporter( 4288): Compat change id reported: 171979766; UID 10024; state: DISABLED
09-22 22:30:45.337 I/mpu_uart( 655): [MSG-P:RECV]:No message received in 1000 ms
09-22 22:30:45.348 I/Perf ( 4288): Connecting to perf service.
09-22 22:30:45.352 V/GraphicsEnvironment( 4288): ANGLE Developer option for 'com.android.documentsui' set to: 'default'
09-22 22:30:45.352 V/GraphicsEnvironment( 4288): ANGLE GameManagerService for com.android.documentsui: false
09-22 22:30:45.353 D/NetworkSecurityConfig( 4288): No Network Security Config specified, using platform default
09-22 22:30:45.353 D/NetworkSecurityConfig( 4288): No Network Security Config specified, using platform default
09-22 22:30:45.373 I/am_uid_active( 1451): 10026
09-22 22:30:45.388 I/ActivityTaskManager( 1451): START u0 {dat=//com.android.documentsui.launchControl flg=0x10200000 cmp=com.android.documentsui/.files.FilesActivity (has extras)} from uid 10024
09-22 22:30:45.390 E/ANDR-PERF-JNI( 1451): com_qualcomm_qtiperformance_native_perf_io_prefetch_start
09-22 22:30:45.390 I/wm_task_created( 1451): [16,-1]
09-22 22:30:45.390 W/ActivityTaskManager( 1451): Can't find TaskDisplayArea to determine support for multi window. Task id=16 attached=false
09-22 22:30:45.391 I/wm_task_moved( 1451): [16,1,10]
09-22 22:30:45.391 I/wm_task_to_front( 1451): [0,16]
09-22 22:30:45.392 I/wm_create_task( 1451): [0,16]
09-22 22:30:45.392 I/wm_create_activity( 1451): [0,24114531,16,com.android.documentsui/.files.FilesActivity,NULL,NULL,//com.android.documentsui.launchControl,271056896]
09-22 22:30:45.392 I/wm_task_moved( 1451): [16,1,10]
09-22 22:30:45.392 D/CompatibilityInfo( 1451): mCompatibilityFlags - 4
09-22 22:30:45.392 D/CompatibilityInfo( 1451): applicationDensity - 240
09-22 22:30:45.392 D/CompatibilityInfo( 1451): applicationScale - 1.0
09-22 22:30:45.392 D/ActivityTrigger( 1451): ActivityTrigger activityPauseTrigger
09-22 22:30:45.392 I/wm_pause_activity( 1451): [0,267700866,com.android.documentsui/.LauncherActivity,userLeaving=true,pauseBackTasks]
09-22 22:30:45.393 E/ANDR-IOP( 870): io prefetch is disabled
09-22 22:30:45.394 I/wm_finish_activity( 1451): [0,267700866,15,com.android.documentsui/.LauncherActivity,app-request]
09-22 22:30:45.394 I/wm_on_create_called( 4288): [267700866,com.android.documentsui.LauncherActivity,performCreate]
09-22 22:30:45.394 I/am_uid_active( 1451): 10031
09-22 22:30:45.398 D/DocumentsApplication( 4288): OverlayManager.setEnabled() result: true
09-22 22:30:45.401 I/wm_add_to_stopping( 1451): [0,267700866,com.android.documentsui/.LauncherActivity,completeFinishing]
09-22 22:30:45.402 I/ActivityTaskManager( 1451): The Process com.android.documentsui Already Exists in BG. So sending its PID: 4288
09-22 22:30:45.403 W/ActivityTaskManager( 1451): Tried to set launchTime (0) < mLastActivityLaunchTime (252637)
09-22 22:30:45.403 I/wm_add_to_stopping( 1451): [0,89524022,com.android.launcher3/.uioverrides.QuickstepLauncher,makeInvisible]
09-22 22:30:45.403 I/wm_restart_activity( 1451): [0,24114531,16,com.android.documentsui/.files.FilesActivity]
09-22 22:30:45.403 D/CompatibilityInfo( 1451): mCompatibilityFlags - 4
09-22 22:30:45.403 D/CompatibilityInfo( 1451): applicationDensity - 240
09-22 22:30:45.403 D/CompatibilityInfo( 1451): applicationScale - 1.0
09-22 22:30:45.403 I/wm_set_resumed_activity( 1451): [0,com.android.documentsui/.files.FilesActivity,minimalResumeActivityLocked]
09-22 22:30:45.405 I/wm_destroy_activity( 1451): [0,267700866,15,com.android.documentsui/.LauncherActivity,finish-imm:idle]
09-22 22:30:45.407 I/am_uid_active( 1451): 10018
09-22 22:30:45.412 I/sysui_multi_action( 1451): [757,803,799,window_time_0,802,0]
09-22 22:30:45.414 D/audio_hw_primary( 812): out_set_parameters: enter: usecase(1: low-latency-playback) kvpairs: suspend_playback=true
09-22 22:30:45.414 D/audio_hw_extn( 812): audio_extn_fm_set_parameters: Enter
09-22 22:30:45.416 I/am_uid_running( 1451): 2000
09-22 22:30:45.417 I/ActivityManager( 1451): com.android.shell is exempt from freezer
09-22 22:30:45.417 D/CompatibilityChangeReporter( 1451): Compat change id reported: 135634846; UID 2000; state: DISABLED
09-22 22:30:45.417 D/CompatibilityChangeReporter( 1451): Compat change id reported: 177438394; UID 2000; state: DISABLED
09-22 22:30:45.417 D/CompatibilityChangeReporter( 1451): Compat change id reported: 135772972; UID 2000; state: DISABLED
09-22 22:30:45.417 D/CompatibilityChangeReporter( 1451): Compat change id reported: 135754954; UID 2000; state: ENABLED
09-22 22:30:45.423 D/Zygote ( 676): Forked child process 4321
09-22 22:30:45.424 I/am_proc_start( 1451): [0,4321,2000,com.android.shell,content provider,{com.android.shell/com.android.shell.BugreportStorageProvider}]
09-22 22:30:45.424 I/ActivityManager( 1451): Start proc 4321:com.android.shell/2000 for content provider {com.android.shell/com.android.shell.BugreportStorageProvider}
09-22 22:30:45.426 I/input_focus( 1451): [Focus leaving fc61119 com.android.launcher3/com.android.launcher3.uioverrides.QuickstepLauncher (server),reason=NO_WINDOW]
09-22 22:30:45.430 D/CompatibilityChangeReporter( 4288): Compat change id reported: 171228096; UID 10024; state: ENABLED
09-22 22:30:45.437 E/m.android.shel( 4321): Not starting debugger since process cannot load the jdwp agent.
09-22 22:30:45.440 D/ProcessState( 4321): Binder ioctl to enable oneway spam detection failed: Invalid argument
09-22 22:30:45.448 I/am_proc_bound( 1451): [0,4321,com.android.shell]
09-22 22:30:45.448 D/CompatibilityChangeReporter( 1451): Compat change id reported: 168419799; UID 2000; state: DISABLED
09-22 22:30:45.448 D/CompatibilityInfo( 1451): mCompatibilityFlags - 4
09-22 22:30:45.449 D/CompatibilityInfo( 1451): applicationDensity - 240
09-22 22:30:45.449 D/CompatibilityInfo( 1451): applicationScale - 1.0
09-22 22:30:45.450 I/am_uid_active( 1451): 2000
09-22 22:30:45.452 D/CompatibilityChangeReporter( 4321): Compat change id reported: 171979766; UID 2000; state: ENABLED
09-22 22:30:45.458 I/Perf ( 4321): Connecting to perf service.
09-22 22:30:45.460 V/GraphicsEnvironment( 4321): ANGLE Developer option for 'com.android.shell' set to: 'default'
09-22 22:30:45.460 V/GraphicsEnvironment( 4321): ANGLE GameManagerService for com.android.shell: false
09-22 22:30:45.461 D/NetworkSecurityConfig( 4321): No Network Security Config specified, using platform default
09-22 22:30:45.461 D/NetworkSecurityConfig( 4321): No Network Security Config specified, using platform default
09-22 22:30:45.468 I/wm_on_create_called( 4288): [24114531,com.android.documentsui.files.FilesActivity,performCreate]
09-22 22:30:45.471 I/wm_on_start_called( 4288): [24114531,com.android.documentsui.files.FilesActivity,handleStartActivity]
09-22 22:30:45.477 I/wm_on_resume_called( 4288): [24114531,com.android.documentsui.files.FilesActivity,RESUME_ACTIVITY]
09-22 22:30:45.484 I/wm_on_top_resumed_gained_called( 4288): [24114531,com.android.documentsui.files.FilesActivity,topStateChangedWhenResumed]
09-22 22:30:45.485 I/wm_on_destroy_called( 4288): [267700866,com.android.documentsui.LauncherActivity,performDestroy]
09-22 22:30:45.486 W/ActionModeController( 4288): Tried to finish a null action mode.
09-22 22:30:45.486 I/wm_task_removed( 1451): [15,removeChild:removeChild last r=ActivityRecord{ff4ca82 u0 com.android.documentsui/.LauncherActivity t-1 f}} in t=Task{30b4a19 #15 type=standard A=10024:com.android.documentsui U=0 visible=false mode=fullscreen translucent=true sz=0}]
09-22 22:30:45.486 I/wm_task_removed( 1451): [15,removeChild]
09-22 22:30:45.506 I/input_focus( 1451): [Focus request 7db06f2 com.android.documentsui/com.android.documentsui.files.FilesActivity,reason=UpdateInputWindows]
09-22 22:30:45.507 W/ServiceManager( 927): Permission failure: android.permission.ACCESS_SURFACE_FLINGER from uid=10024 pid=4288
09-22 22:30:45.508 D/PermissionCache( 927): checking android.permission.ACCESS_SURFACE_FLINGER for uid=10024 => denied (516 us)
09-22 22:30:45.508 W/ServiceManager( 927): Permission failure: android.permission.ROTATE_SURFACE_FLINGER from uid=10024 pid=4288
09-22 22:30:45.508 D/PermissionCache( 927): checking android.permission.ROTATE_SURFACE_FLINGER for uid=10024 => denied (221 us)
09-22 22:30:45.508 I/AdrenoGLES-0( 4288): QUALCOMM build : 47421dbee6, I139f36ad46
09-22 22:30:45.508 I/AdrenoGLES-0( 4288): Build Date : 02/18/22
09-22 22:30:45.508 I/AdrenoGLES-0( 4288): OpenGL ES Shader Compiler Version: EV031.32.02.17
09-22 22:30:45.508 I/AdrenoGLES-0( 4288): Local Branch :
09-22 22:30:45.508 I/AdrenoGLES-0( 4288): Remote Branch :
09-22 22:30:45.508 I/AdrenoGLES-0( 4288): Remote Branch :
09-22 22:30:45.508 I/AdrenoGLES-0( 4288): Reconstruct Branch :
09-22 22:30:45.508 I/AdrenoGLES-0( 4288): Build Config : S P 10.0.7 AArch64
09-22 22:30:45.508 I/AdrenoGLES-0( 4288): Driver Path : /vendor/lib64/egl/libGLESv2_adreno.so
09-22 22:30:45.509 W/RecyclerView( 4288): No adapter attached; skipping layout
09-22 22:30:45.510 I/hwservicemanager( 513): getTransport: Cannot find entry android.hardware.graphics.mapper@4.0::IMapper/default in either framework or device VINTF manifest.
09-22 22:30:45.513 I/AdrenoGLES-0( 4288): PFP: 0x016dd093, ME: 0x00000000
09-22 22:30:45.524 I/SDM ( 868): HWCDisplay::GetColorModeCount: Supported color mode count = 1
09-22 22:30:45.524 I/SDM ( 868): HWCDisplay::GetColorModes: Color mode = 0 is supported
09-22 22:30:45.524 E/HWComposer( 927): getSupportedContentTypes: getSupportedContentTypes failed for display 4630946370410392961: Unsupported (8)
09-22 22:30:45.524 D/hw-ProcessState( 4288): Binder ioctl to enable oneway spam detection failed: Invalid argument
09-22 22:30:45.525 I/hwservicemanager( 513): getTransport: Cannot find entry android.hardware.graphics.mapper@4.0::IMapper/default in either framework or device VINTF manifest.
09-22 22:30:45.526 I/Gralloc4( 4288): mapper 4.x is not supported
09-22 22:30:45.527 I/hwservicemanager( 513): getTransport: Cannot find entry android.hardware.graphics.allocator@4.0::IAllocator/default in either framework or device VINTF manifest.
09-22 22:30:45.527 W/Gralloc4( 4288): allocator 4.x is not supported
09-22 22:30:45.580 I/EventSequenceValidator( 1451): dec AccIntentStartedEvents to 1
09-22 22:30:45.585 I/sysui_multi_action( 1451): [319,223,321,222,322,365,325,252,757,761,758,7,759,1,806,com.android.documentsui,871,com.android.documentsui.files.FilesActivity,904,com.android.documentsui,905,0,945,85,1320,4,1321,1]
09-22 22:30:45.588 I/wm_activity_launch_time( 1451): [0,24114531,com.android.documentsui/.files.FilesActivity,365]
09-22 22:30:45.589 I/ActivityTaskManager( 1451): Displayed com.android.documentsui/.files.FilesActivity: +365ms
09-22 22:30:45.594 I/input_focus( 1451): [Focus entering 7db06f2 com.android.documentsui/com.android.documentsui.files.FilesActivity (server),reason=Window became focusable. Previous reason: NOT_VISIBLE]
09-22 22:30:45.632 W/SelectionTracker( 4288): Setting gestureTooltypes is likely to result in unexpected behavior.
09-22 22:30:45.641 D/CompatibilityChangeReporter( 1451): Compat change id reported: 149924527; UID 10026; state: ENABLED
09-22 22:30:45.642 D/CompatibilityChangeReporter( 1451): Compat change id reported: 132649864; UID 10026; state: DISABLED
09-22 22:30:45.642 D/Sogou ( 3087): onUnbindInput finish
09-22 22:30:45.642 D/CompatibilityChangeReporter( 1451): Compat change id reported: 182734110; UID 10026; state: ENABLED
09-22 22:30:45.648 D/Sogou ( 3087): onFinishInput:
09-22 22:30:45.667 D/DefaultSelectionTracker( 4288): Ignoring onDataSetChange. No active selection.
09-22 22:30:45.686 D/DefaultSelectionTracker( 4288): Ignoring onDataSetChange. No active selection.
09-22 22:30:45.953 W/InputManager-JNI( 1451): Input channel object 'eb46ea Splash Screen com.android.documentsui (client)' was disposed without first being removed with the input manager!
09-22 22:30:45.965 I/wm_stop_activity( 1451): [0,89524022,com.android.launcher3/.uioverrides.QuickstepLauncher]
09-22 22:30:45.988 D/StateManager( 2392): goToState: Normal
09-22 22:30:45.991 I/wm_on_stop_called( 2392): [89524022,com.android.launcher3.uioverrides.QuickstepLauncher,STOP_ACTIVITY_ITEM]
09-22 22:30:46.003 I/hwservicemanager( 513): getTransport: Cannot find entry android.hardware.light@2.0::ILight/default in either framework or device VINTF manifest.
09-22 22:30:46.006 E/light ( 4362): light_open lights keyboard failed: -22
09-22 22:30:46.006 E/light ( 4362): Light passthrough failed to load legacy HAL.
09-22 22:30:46.006 E/light ( 4362): light_open lights buttons failed: -22
09-22 22:30:46.006 E/light ( 4362): Light passthrough failed to load legacy HAL.
09-22 22:30:46.008 E/light ( 4362): light_open lights bluetooth failed: -22
09-22 22:30:46.008 E/light ( 4362): Light passthrough failed to load legacy HAL.
09-22 22:30:46.009 E/light ( 4362): light_open lights wifi failed: -22
09-22 22:30:46.009 E/light ( 4362): Light passthrough failed to load legacy HAL.
09-22 22:30:46.009 I/hwservicemanager( 513): getTransport: Cannot find entry android.hardware.light@2.0::ILight/default in either framework or device VINTF manifest.
09-22 22:30:46.009 E/HidlServiceManagement( 4362): Service android.hardware.light@2.0::ILight/default must be in VINTF manifest in order to register/get.
09-22 22:30:46.009 E/LegacySupport( 4362): Could not register service android.hardware.light@2.0::ILight/default (-2147483648).
09-22 22:30:46.026 W/Choreographer( 1451): Frame time is 0.281576 ms in the future! Check that graphics HAL is generating vsync timestamps using the correct timebase.
09-22 22:30:46.027 W/Choreographer( 1451): Frame time is 0.132097 ms in the future! Check that graphics HAL is generating vsync timestamps using the correct timebase.
09-22 22:30:46.027 W/Choreographer( 2392): Frame time is 0.12918 ms in the future! Check that graphics HAL is generating vsync timestamps using the correct timebase.
09-22 22:30:46.337 I/mpu_uart( 655): [MSG-P:RECV]:No message received in 1000 ms
09-22 22:30:46.415 D/audio_hw_primary( 812): out_set_parameters: enter: usecase(1: low-latency-playback) kvpairs: suspend_playback=false
09-22 22:30:46.415 D/audio_hw_extn( 812): audio_extn_fm_set_parameters: Enter
09-22 22:30:46.416 W/audio_hw_primary( 812): out_write: underrun(112) frames_by_time(48196) > out->last_fifo_frames_remaining(384)
09-22 22:30:46.454 D/audio_hw_primary( 812): out_set_parameters: enter: usecase(1: low-latency-playback) kvpairs: suspend_playback=true
09-22 22:30:46.454 D/audio_hw_extn( 812): audio_extn_fm_set_parameters: Enter
09-22 22:30:46.474 I/mpu_uart( 655): [MSG-P:R]:recv sync frame timeout
09-22 22:30:47.028 F/linker ( 4364): CANNOT LINK EXECUTABLE "/vendor/bin/hw/sxrservice": library "vendor.qti.hardware.qxr-V1-ndk_platform.so" not found: needed by main executable
09-22 22:30:47.028 F/linker ( 4363): CANNOT LINK EXECUTABLE "/vendor/bin/hw/qvrservice": library "vendor.qti.hardware.qxr-V1-ndk_platform.so" not found: needed by /vendor/lib64/libqvrservice.so in namespace (default)
09-22 22:30:47.337 I/mpu_uart( 655): [MSG-P:RECV]:No message received in 1000 ms
09-22 22:30:47.454 D/audio_hw_primary( 812): out_set_parameters: enter: usecase(1: low-latency-playback) kvpairs: suspend_playback=false
09-22 22:30:47.455 D/audio_hw_extn( 812): audio_extn_fm_set_parameters: Enter
09-22 22:30:47.455 W/audio_hw_primary( 812): out_write: underrun(113) frames_by_time(48126) > out->last_fifo_frames_remaining(384)
09-22 22:30:47.493 D/audio_hw_primary( 812): out_set_parameters: enter: usecase(1: low-latency-playback) kvpairs: suspend_playback=true
09-22 22:30:47.493 D/audio_hw_extn( 812): audio_extn_fm_set_parameters: Enter
09-22 22:30:48.177 I/input_interaction( 1451): Interaction with: 7db06f2 com.android.documentsui/com.android.documentsui.files.FilesActivity (server), edge-swipe (server), swipe-up (server), PointerEventDispatcher0 (server),
09-22 22:30:48.337 I/mpu_uart( 655): [MSG-P:RECV]:No message received in 1000 ms
09-22 22:30:48.408 D/audio_hw_primary( 812): out_set_parameters: enter: usecase(1: low-latency-playback) kvpairs: suspend_playback=false
09-22 22:30:48.409 D/audio_hw_extn( 812): audio_extn_fm_set_parameters: Enter
09-22 22:30:48.410 W/audio_hw_primary( 812): out_write: underrun(114) frames_by_time(44038) > out->last_fifo_frames_remaining(384)
09-22 22:30:48.424 D/Sogou ( 3087): onFinishInput:
09-22 22:30:48.596 W/System ( 2538): A resource failed to call close.
09-22 22:30:48.598 W/System ( 2538): A resource failed to call close.
09-22 22:30:48.598 W/System ( 2538): A resource failed to call close.
09-22 22:30:48.598 W/System ( 2538): A resource failed to call close.
09-22 22:30:48.599 W/System ( 2538): A resource failed to call close.
09-22 22:30:48.606 D/audio_hw_primary( 812): out_set_parameters: enter: usecase(1: low-latency-playback) kvpairs: suspend_playback=true
09-22 22:30:48.606 D/audio_hw_extn( 812): audio_extn_fm_set_parameters: Enter
09-22 22:30:49.248 E/TaskPersister( 1451): File error accessing recents directory (directory doesn't exist?).
09-22 22:30:49.338 I/mpu_uart( 655): [MSG-P:RECV]:No message received in 1000 ms
09-22 22:30:49.477 I/mpu_uart( 655): [MSG-P:R]:recv sync frame timeout
09-22 22:30:49.552 W/ActionModeController( 4288): Tried to finish a null action mode.
09-22 22:30:49.559 D/audio_hw_primary( 812): out_set_parameters: enter: usecase(1: low-latency-playback) kvpairs: suspend_playback=false
09-22 22:30:49.559 D/audio_hw_extn( 812): audio_extn_fm_set_parameters: Enter
09-22 22:30:49.562 W/audio_hw_primary( 812): out_write: underrun(115) frames_by_time(46045) > out->last_fifo_frames_remaining(384)
09-22 22:30:49.638 D/DefaultSelectionTracker( 4288): Ignoring onDataSetChange. No active selection.
09-22 22:30:49.641 W/SelectionTracker( 4288): Setting gestureTooltypes is likely to result in unexpected behavior.
09-22 22:30:49.651 D/DefaultSelectionTracker( 4288): Ignoring onDataSetChange. No active selection.
09-22 22:30:49.665 D/DefaultSelectionTracker( 4288): Ignoring onDataSetChange. No active selection.
09-22 22:30:49.758 D/audio_hw_primary( 812): out_set_parameters: enter: usecase(1: low-latency-playback) kvpairs: suspend_playback=true
09-22 22:30:49.759 D/audio_hw_extn( 812): audio_extn_fm_set_parameters: Enter
09-22 22:30:50.145 I/BpBinder( 927): onLastStrongRef automatically unlinking death recipients:
09-22 22:30:50.159 I/InputDispatcher( 1451): Monitor edge-swipe (server) is stealing touch from [7db06f2 com.android.documentsui/com.android.documentsui.files.FilesActivity (server), ]
09-22 22:30:50.159 I/view_enqueue_input_event( 4288): [Motion - Cancel,com.android.documentsui/com.android.documentsui.files.FilesActivity]
09-22 22:30:50.159 I/BpBinder( 927): onLastStrongRef automatically unlinking death recipients:
09-22 22:30:50.172 I/input_interaction( 1451): Interaction with: edge-swipe (server), swipe-up (server), PointerEventDispatcher0 (server),
09-22 22:30:50.189 I/BpBinder( 927): onLastStrongRef automatically unlinking death recipients:
09-22 22:30:50.195 D/vendor.qti.vibrator( 883): Vibrator perform effect 2
09-22 22:30:50.196 D/vendor.qti.vibrator( 883): QTI Vibrator off
09-22 22:30:50.204 I/BpBinder( 927): onLastStrongRef automatically unlinking death recipients:
09-22 22:30:50.221 I/BpBinder( 927): onLastStrongRef automatically unlinking death recipients:
09-22 22:30:50.238 I/BpBinder( 927): onLastStrongRef automatically unlinking death recipients:
09-22 22:30:50.255 I/BpBinder( 927): onLastStrongRef automatically unlinking death recipients:
09-22 22:30:50.261 I/perfetto( 1173): ng_service_impl.cc:1821 FlushAndDisableTracing(1) done, success=1
09-22 22:30:50.261 I/perfetto( 1172): probes_producer.cc:340 Producer stop (id=1)
09-22 22:30:50.262 I/perfetto( 1172): ftrace_procfs.cc:213 disabled ftrace in /sys/kernel/tracing/
09-22 22:30:50.266 I/perfetto( 1173): ng_service_impl.cc:2293 Tracing session 1 ended, total sessions:0
09-22 22:30:50.271 I/iorapd ( 1170): Perfetto TraceBuffer saved to file: /data/misc/iorapd/com.android.documentsui/31/com.android.documentsui.LauncherActivity/raw_traces/1663857050270254593.perfetto_trace.pb
09-22 22:30:50.272 I/BpBinder( 927): onLastStrongRef automatically unlinking death recipients:
09-22 22:30:50.288 I/BpBinder( 927): onLastStrongRef automatically unlinking death recipients:
09-22 22:30:50.304 I/BpBinder( 927): onLastStrongRef automatically unlinking death recipients:
09-22 22:30:50.322 I/BpBinder( 927): onLastStrongRef automatically unlinking death recipients:
09-22 22:30:50.338 I/mpu_uart( 655): [MSG-P:RECV]:No message received in 1000 ms
09-22 22:30:50.367 I/sysui_multi_action( 1451): [757,803,799,key_back_press,802,1]
09-22 22:30:50.369 I/BpBinder( 927): onLastStrongRef automatically unlinking death recipients:
09-22 22:30:50.370 I/input_interaction( 1451): Interaction with: 7db06f2 com.android.documentsui/com.android.documentsui.files.FilesActivity (server), PointerEventDispatcher0 (server),
09-22 22:30:50.371 D/vendor.qti.vibrator( 883): Vibrator perform effect 0
09-22 22:30:50.371 D/vendor.qti.vibrator( 883): QTI Vibrator off
09-22 22:30:50.378 I/wm_finish_activity( 1451): [0,24114531,16,com.android.documentsui/.files.FilesActivity,app-request]
09-22 22:30:50.378 I/wm_task_moved( 1451): [1,1,9]
09-22 22:30:50.378 I/wm_task_moved( 1451): [8,1,2147483647]
09-22 22:30:50.378 I/wm_task_to_front( 1451): [0,8]
09-22 22:30:50.378 I/wm_focused_root_task( 1451): [0,0,1,16,finish-top adjustFocusToNextFocusableTask]
09-22 22:30:50.379 I/wm_set_resumed_activity( 1451): [0,com.android.launcher3/.uioverrides.QuickstepLauncher,finish-top adjustFocusToNextFocusableTask]
09-22 22:30:50.385 D/ActivityTrigger( 1451): ActivityTrigger activityPauseTrigger
09-22 22:30:50.385 I/wm_pause_activity( 1451): [0,24114531,com.android.documentsui/.files.FilesActivity,userLeaving=false,finish]
09-22 22:30:50.389 I/wm_on_top_resumed_lost_called( 4288): [24114531,com.android.documentsui.files.FilesActivity,topStateChangedWhenResumed]
09-22 22:30:50.392 I/wm_on_paused_called( 4288): [24114531,com.android.documentsui.files.FilesActivity,performPause]
09-22 22:30:50.392 I/wm_add_to_stopping( 1451): [0,24114531,com.android.documentsui/.files.FilesActivity,completeFinishing]
09-22 22:30:50.394 I/wm_set_resumed_activity( 1451): [0,com.android.launcher3/.uioverrides.QuickstepLauncher,resumeTopActivityInnerLocked]
09-22 22:30:50.396 I/wm_resume_activity( 1451): [0,89524022,8,com.android.launcher3/.uioverrides.QuickstepLauncher]
09-22 22:30:50.404 I/BpBinder( 927): onLastStrongRef automatically unlinking death recipients:
09-22 22:30:50.407 I/wm_on_restart_called( 2392): [89524022,com.android.launcher3.uioverrides.QuickstepLauncher,performRestartActivity]
09-22 22:30:50.408 I/wm_on_start_called( 2392): [89524022,com.android.launcher3.uioverrides.QuickstepLauncher,handleStartActivity]
09-22 22:30:50.408 I/wm_on_resume_called( 2392): [89524022,com.android.launcher3.uioverrides.QuickstepLauncher,RESUME_ACTIVITY]
09-22 22:30:50.408 I/wm_on_top_resumed_gained_called( 2392): [89524022,com.android.launcher3.uioverrides.QuickstepLauncher,topWhenResuming]
09-22 22:30:50.411 I/input_focus( 1451): [Focus leaving 7db06f2 com.android.documentsui/com.android.documentsui.files.FilesActivity (server),reason=NO_WINDOW]
09-22 22:30:50.413 I/sysui_multi_action( 1451): [757,803,799,window_time_0,802,5]
09-22 22:30:50.426 I/input_focus( 1451): [Focus request fc61119 com.android.launcher3/com.android.launcher3.uioverrides.QuickstepLauncher,reason=UpdateInputWindows]
09-22 22:30:50.460 I/input_focus( 1451): [Focus entering fc61119 com.android.launcher3/com.android.launcher3.uioverrides.QuickstepLauncher (server),reason=Window became focusable. Previous reason: NOT_VISIBLE]
09-22 22:30:50.463 D/Sogou ( 3087): onUnbindInput finish
09-22 22:30:50.463 D/Sogou ( 3087): onFinishInput:
09-22 22:30:50.760 D/audio_hw_primary( 812): out_set_parameters: enter: usecase(1: low-latency-playback) kvpairs: suspend_playback=false
09-22 22:30:50.760 D/audio_hw_extn( 812): audio_extn_fm_set_parameters: Enter
09-22 22:30:50.761 W/audio_hw_primary( 812): out_write: underrun(116) frames_by_time(48302) > out->last_fifo_frames_remaining(384)
09-22 22:30:50.799 I/wm_destroy_activity( 1451): [0,24114531,16,com.android.documentsui/.files.FilesActivity,finish-imm:idle]
09-22 22:30:50.802 D/audio_hw_primary( 812): out_set_parameters: enter: usecase(1: low-latency-playback) kvpairs: suspend_playback=true
09-22 22:30:50.802 D/audio_hw_extn( 812): audio_extn_fm_set_parameters: Enter
09-22 22:30:50.818 I/wm_on_stop_called( 4288): [24114531,com.android.documentsui.files.FilesActivity,LIFECYCLER_STOP_ACTIVITY]
09-22 22:30:50.827 I/wm_on_destroy_called( 4288): [24114531,com.android.documentsui.files.FilesActivity,performDestroy]
09-22 22:30:50.830 W/InputManager-JNI( 1451): Input channel object '7db06f2 com.android.documentsui/com.android.documentsui.files.FilesActivity (client)' was disposed without first being removed with the input manager!
09-22 22:30:50.834 I/wm_task_removed( 1451): [16,removeChild:removeChild last r=ActivityRecord{16ff563 u0 com.android.documentsui/.files.FilesActivity t-1 f}} in t=Task{b289c24 #16 type=standard A=10024:com.android.documentsui U=0 visible=false mode=fullscreen translucent=true sz=0}]
09-22 22:30:50.834 I/wm_task_removed( 1451): [16,removeChild]
09-22 22:30:50.838 W/ActivityTaskManager( 1451): Can't find TaskDisplayArea to determine support for multi window. Task id=16 attached=false
09-22 22:30:50.838 W/ActivityTaskManager( 1451): Can't find TaskDisplayArea to determine support for multi window. Task id=16 attached=false
09-22 22:30:51.015 I/hwservicemanager( 513): getTransport: Cannot find entry android.hardware.light@2.0::ILight/default in either framework or device VINTF manifest.
09-22 22:30:51.017 E/light ( 4385): light_open lights keyboard failed: -22
09-22 22:30:51.017 E/light ( 4385): Light passthrough failed to load legacy HAL.
09-22 22:30:51.017 E/light ( 4385): light_open lights buttons failed: -22
09-22 22:30:51.017 E/light ( 4385): Light passthrough failed to load legacy HAL.
09-22 22:30:51.019 E/light ( 4385): light_open lights bluetooth failed: -22
09-22 22:30:51.019 E/light ( 4385): Light passthrough failed to load legacy HAL.
09-22 22:30:51.019 E/light ( 4385): light_open lights wifi failed: -22
09-22 22:30:51.019 E/light ( 4385): Light passthrough failed to load legacy HAL.
09-22 22:30:51.019 I/hwservicemanager( 513): getTransport: Cannot find entry android.hardware.light@2.0::ILight/default in either framework or device VINTF manifest.
09-22 22:30:51.019 E/HidlServiceManagement( 4385): Service android.hardware.light@2.0::ILight/default must be in VINTF manifest in order to register/get.
09-22 22:30:51.019 E/LegacySupport( 4385): Could not register service android.hardware.light@2.0::ILight/default (-2147483648).
09-22 22:30:51.338 I/mpu_uart( 655): [MSG-P:RECV]:No message received in 1000 ms
09-22 22:30:51.624 I/input_interaction( 1451): Interaction with: fc61119 com.android.launcher3/com.android.launcher3.uioverrides.QuickstepLauncher (server), a2ed885 com.android.systemui.ImageWallpaper (server), edge-swipe (server), swipe-up (server), PointerEventDispatcher0 (server),
09-22 22:30:51.803 D/audio_hw_primary( 812): out_set_parameters: enter: usecase(1: low-latency-playback) kvpairs: suspend_playback=false
09-22 22:30:51.803 D/audio_hw_extn( 812): audio_extn_fm_set_parameters: Enter
09-22 22:30:51.803 W/audio_hw_primary( 812): out_write: underrun(117) frames_by_time(48219) > out->last_fifo_frames_remaining(384)
09-22 22:30:51.845 D/audio_hw_primary( 812): out_set_parameters: enter: usecase(1: low-latency-playback) kvpairs: suspend_playback=true
09-22 22:30:51.845 D/audio_hw_extn( 812): audio_extn_fm_set_parameters: Enter
09-22 22:30:52.030 F/linker ( 4387): CANNOT LINK EXECUTABLE "/vendor/bin/hw/sxrservice": library "vendor.qti.hardware.qxr-V1-ndk_platform.so" not found: needed by main executable
09-22 22:30:52.034 F/linker ( 4386): CANNOT LINK EXECUTABLE "/vendor/bin/hw/qvrservice": library "vendor.qti.hardware.qxr-V1-ndk_platform.so" not found: needed by /vendor/lib64/libqvrservice.so in namespace (default)
09-22 22:30:52.035 E/FrameEvents( 2392): updateAcquireFence: Did not find frame.
09-22 22:30:52.086 D/vendor.qti.vibrator( 883): Vibrator perform effect 5
09-22 22:30:52.107 D/vendor.qti.vibrator( 883): Vibrator on for timeoutMs: 21
09-22 22:30:52.107 D/vendor.qti.vibrator( 883): Starting on on another thread
09-22 22:30:52.128 D/vendor.qti.vibrator( 883): Notifying on complete
09-22 22:30:52.130 D/vendor.qti.vibrator( 883): QTI Vibrator off
09-22 22:30:52.339 I/mpu_uart( 655): [MSG-P:RECV]:No message received in 1000 ms
09-22 22:30:52.478 I/mpu_uart( 655): [MSG-P:R]:recv sync frame timeout
09-22 22:30:52.539 D/FlingToDeleteHelper( 2392): isFlingToDelete = false
09-22 22:30:52.846 D/audio_hw_primary( 812): out_set_parameters: enter: usecase(1: low-latency-playback) kvpairs: suspend_playback=false
09-22 22:30:52.846 D/audio_hw_extn( 812): audio_extn_fm_set_parameters: Enter
09-22 22:30:52.847 D/audio_hw_primary( 812): out_standby: enter: stream (0xe45464c0) usecase(1: low-latency-playback)
09-22 22:30:52.867 D/audio_hw_primary( 812): disable_audio_route: reset and update mixer path: low-latency-playback
09-22 22:30:52.869 E/soundtrigger( 812): audio_extn_sound_trigger_update_stream_status: invalid input device 0x0, for event 2
09-22 22:30:52.869 D/soundtrigger( 812): audio_extn_sound_trigger_update_stream_status: uc_info->id 1 of type 0 for Event 2, with Raise=0
09-22 22:30:52.869 D/msm8974_platform( 812): platform_split_snd_device: snd_device(2) num devices(0) new_snd_devices(0)
09-22 22:30:52.869 I/msm8974_platform( 812): platform_get_custom_mtmx_params: no matching param with id 0 ip_ch 2 op_ch 2 uc_id 1 snd_dev 2
09-22 22:30:52.869 D/hardware_info( 812): hw_info_append_hw_type : device_name = speaker
09-22 22:30:52.869 D/audio_hw_primary( 812): disable_snd_device: snd_device(2: speaker)
09-22 22:30:52.869 D/msm8974_platform( 812): platform_split_snd_device: snd_device(2) num devices(0) new_snd_devices(0)
09-22 22:30:52.869 I/soundtrigger( 812): audio_extn_sound_trigger_update_device_status: device 0x2 of type 0 for Event 0, with Raise=0
09-22 22:30:52.869 D/audio_hw_primary( 812): out_standby: exit
09-22 22:30:53.242 D/audio_hw_primary( 812): start_output_stream: enter: stream(0xe45464c0)usecase(1: low-latency-playback) devices(0x2) is_haptic_usecase(0)
09-22 22:30:53.242 E/ANDR-PERF-TARGET( 872): Error: Invalid logical cluster id 0
09-22 22:30:53.242 E/ANDR-PERF-REQUEST( 872): invalid request
09-22 22:30:53.242 E/ANDR-PERF-MPCTL( 872): invalid request, no optimizations performed
09-22 22:30:53.242 E/audio_hw_extn( 812): audio_extn_perf_lock_acquire: Failed to acquire perf lock, err: -1
09-22 22:30:53.242 D/audio_hw_primary( 812): select_devices for use case (low-latency-playback)
09-22 22:30:53.243 I/msm8974_platform( 812): platform_check_and_set_codec_backend_cfg:becf: afe: bitwidth 16, samplerate 48000 channels 2, backend_idx 0 usecase = 1 device (speaker)
09-22 22:30:53.243 D/msm8974_platform( 812): platform_split_snd_device: snd_device(2) num devices(1) new_snd_devices(0)
09-22 22:30:53.243 I/msm8974_platform( 812): platform_check_and_set_codec_backend_cfg: new_snd_devices[0] is 2
09-22 22:30:53.243 I/msm8974_platform( 812): platform_check_codec_backend_cfg:becf: afe: bitwidth 16, samplerate 48000 channels 2, backend_idx 0 usecase = 1 device (speaker)
09-22 22:30:53.243 I/ActivityTaskManager( 1451): START u0 {flg=0x18001000 cmp=com.android.settings/.Settings} from uid 10076
09-22 22:30:53.244 I/EventSequenceValidator( 1451): inc AccIntentStartedEvents to 2
09-22 22:30:53.244 D/audio_hw_extn( 812): audio_extn_enable_hifi_filter: mixer_value set 0
09-22 22:30:53.244 D/msm8974_platform( 812): platform_check_codec_backend_cfg:becf: updated afe: bitwidth 16, samplerate 48000 channels 2,backend_idx 0 usecase = 1 device (speaker)
09-22 22:30:53.244 D/msm8974_platform( 812): platform_check_codec_backend_cfg:becf: afe: playback on codec device not supporting native playback set default Sample Rate(48k)
09-22 22:30:53.245 I/msm8974_platform( 812): platform_check_codec_backend_cfg:becf: afe: Codec selected backend: 0 updated bit width: 16 and sample rate: 48000
09-22 22:30:53.245 D/audio_hw_primary( 812): check_usecases_codec_backend:becf: force routing 0
09-22 22:30:53.245 E/msm8974_platform( 812): platform_check_backends_match: Invalid snd_device =
09-22 22:30:53.245 D/audio_hw_primary( 812): check_usecases_codec_backend:becf: (78) check_usecases curr device: speaker, usecase device: backends match 0
09-22 22:30:53.245 D/audio_hw_primary( 812): check_usecases_codec_backend:becf: check_usecases num.of Usecases to switch 0
09-22 22:30:53.245 D/hardware_info( 812): hw_info_append_hw_type : device_name = speaker
09-22 22:30:53.245 D/msm8974_platform( 812): platform_split_snd_device: snd_device(2) num devices(0) new_snd_devices(0)
09-22 22:30:53.245 D/audio_hw_primary( 812): enable_snd_device: snd_device(2: speaker)
09-22 22:30:53.245 D/msm8974_platform( 812): platform_get_island_cfg_on_device:island cfg status on snd_device = (speaker 0)
09-22 22:30:53.245 I/soundtrigger( 812): audio_extn_sound_trigger_update_device_status: device 0x2 of type 0 for Event 1, with Raise=0
09-22 22:30:53.245 D/audio_route( 812): Apply path: speaker
09-22 22:30:53.245 I/audio_hw_utils( 812): audio_extn_utils_update_stream_output_app_type_cfg Allowing 24 and above bits playback on speaker ONLY at default sampling rate
09-22 22:30:53.245 E/soundtrigger( 812): audio_extn_sound_trigger_update_stream_status: invalid input device 0x0, for event 3
09-22 22:30:53.245 D/soundtrigger( 812): audio_extn_sound_trigger_update_stream_status: uc_info->id 1 of type 0 for Event 3, with Raise=0
09-22 22:30:53.245 D/audio_hw_utils( 812): audio_extn_utils_send_app_type_cfg: usecase->out_snd_device speaker
09-22 22:30:53.245 D/msm8974_platform( 812): platform_split_snd_device: snd_device(2) num devices(0) new_snd_devices(0)
09-22 22:30:53.245 D/audio_hw_utils( 812): audio_extn_btsco_get_sample_rate:Not a BT SCO device, need not update sampling rate
09-22 22:30:53.245 I/audio_hw_utils( 812): send_app_type_cfg_for_device PLAYBACK app_type 69937, acdb_dev_id 15, sample_rate 48000, snd_device_be_idx 179
09-22 22:30:53.245 D/msm8974_platform( 812): platform_split_snd_device: snd_device(2) num devices(1) new_snd_devices(0)
09-22 22:30:53.245 D/audio_hw_utils( 812): audio_extn_btsco_get_sample_rate:Not a BT SCO device, need not update sampling rate
09-22 22:30:53.245 D/ACDB-LOADER( 812): ACDB -> send_audio_cal, acdb_id = 15, path = 0, app id = 0x11131, sample rate = 48000, afe_sample_rate = 48000
09-22 22:30:53.246 D/ACDB-LOADER( 812): ACDB -> send_asm_topology
09-22 22:30:53.246 D/ACDB-LOADER( 812): ACDB -> ACDB_CMD_GET_AUDPROC_STREAM_TOPOLOGY_ID
09-22 22:30:53.246 D/ACDB-LOADER( 812): ACDB -> send_adm_topology
09-22 22:30:53.246 D/ACDB-LOADER( 812): ACDB -> ACDB_CMD_GET_AUDPROC_COMMON_TOPOLOGY_ID
09-22 22:30:53.246 D/ACDB-LOADER( 812): ACDB -> send_audtable
09-22 22:30:53.246 D/ACDB-LOADER( 812): ACDB -> ACDB_CMD_GET_AUDPROC_INSTANCE_COMMON_TABLE_SIZE
09-22 22:30:53.246 D/ACDB-LOADER( 812): ACDB -> ACDB_CMD_GET_AUDPROC_INSTANCE_COMMON_TABLE
09-22 22:30:53.246 D/ACDB-LOADER( 812): ACDB -> AUDIO_SET_AUDPROC_CAL cal_type[11] acdb_id[15] app_type[69937]
09-22 22:30:53.246 D/ACDB-LOADER( 812): ACDB -> send_audvoltable
09-22 22:30:53.246 D/ACDB-LOADER( 812): ACDB -> ACDB_CMD_GET_AUDPROC_INSTANCE_GAIN_DEP_STEP_TABLE_SIZE
09-22 22:30:53.246 D/ACDB-LOADER( 812): ACDB -> ACDB_CMD_GET_AUDPROC_INSTANCE_GAIN_DEP_STEP_TABLE, vol index 0
09-22 22:30:53.246 D/ACDB-LOADER( 812): ACDB -> AUDIO_SET_VOL_CAL cal type = 12
09-22 22:30:53.246 D/ACDB-LOADER( 812): ACDB -> ACDB_CMD_GET_AUDPROC_INSTANCE_STREAM_TABLE_SIZE
09-22 22:30:53.246 D/ACDB-LOADER( 812): ACDB -> send_audstrmtable
09-22 22:30:53.246 D/ACDB-LOADER( 812): ACDB -> ACDB_CMD_GET_AUDPROC_INSTANCE_STREAM_TABLE
09-22 22:30:53.246 D/ACDB-LOADER( 812): ACDB -> audstrm_cal->cal_type.cal_data.cal_size = 20
09-22 22:30:53.246 D/ACDB-LOADER( 812): ACDB -> send_afe_topology
09-22 22:30:53.246 D/ACDB-LOADER( 812): ACDB -> ACDB_CMD_GET_AFE_TOPOLOGY_ID
09-22 22:30:53.246 D/ACDB-LOADER( 812): ACDB -> GET_AFE_TOPOLOGY_ID for adcd_id 15, Topology Id 112fc
09-22 22:30:53.246 D/ACDB-LOADER( 812): ACDB -> send_afe_cal
09-22 22:30:53.246 D/ACDB-LOADER( 812): ACDB -> ACDB_CMD_GET_AFE_INSTANCE_COMMON_TABLE_SIZE
09-22 22:30:53.246 D/android.hardware.audio.service( 812): Failed to fetch the lookup information of the device 0000000F
09-22 22:30:53.246 D/ACDB-LOADER( 812): Error: ACDB_CMD_GET_AFE_INSTANCE_COMMON_TABLE_SIZE Returned = -19
09-22 22:30:53.246 D/ACDB-LOADER( 812): ACDB -> ACDB_CMD_GET_AFE_INSTANCE_COMMON_TABLE
09-22 22:30:53.246 D/android.hardware.audio.service( 812): Failed to fetch the lookup information of the device 0000000F
09-22 22:30:53.246 D/ACDB-LOADER( 812): Error: ACDB AFE returned = -19
09-22 22:30:53.246 D/ACDB-LOADER( 812): ACDB -> AUDIO_SET_AFE_CAL cal_type[16] acdb_id[15]
09-22 22:30:53.246 D/ACDB-LOADER( 812): ACDB -> send_hw_delay : acdb_id = 15 path = 0
09-22 22:30:53.246 D/ACDB-LOADER( 812): ACDB -> ACDB_AVSYNC_INFO: ACDB_CMD_GET_DEVICE_PROPERTY
09-22 22:30:53.246 D/msm8974_platform( 812): platform_split_snd_device: snd_device(2) num devices(0) new_snd_devices(0)
09-22 22:30:53.246 I/msm8974_platform( 812): platform_get_custom_mtmx_params: no matching param with id 0 ip_ch 2 op_ch 2 uc_id 1 snd_dev 2
09-22 22:30:53.246 D/audio_hw_primary( 812): enable_audio_route: apply mixer and update path: low-latency-playback
09-22 22:30:53.246 D/audio_route( 812): Apply path: low-latency-playback
09-22 22:30:53.248 D/audio_hw_primary( 812): select_devices: done
09-22 22:30:53.254 I/wm_task_moved( 1451): [9,1,8]
09-22 22:30:53.254 I/wm_task_to_front( 1451): [0,9]
09-22 22:30:53.255 I/wm_focused_root_task( 1451): [0,0,9,1,bringingFoundTaskToFront]
09-22 22:30:53.256 I/wm_set_resumed_activity( 1451): [0,com.android.settings/.Settings,bringingFoundTaskToFront]
09-22 22:30:53.259 D/FreeFormWindowHelper( 1451): Add freeform task=Task{bdc83fa #9 type=standard A=1000:com.android.settings.root U=0 visible=true mode=freeform translucent=true sz=1}
09-22 22:30:53.262 I/wm_set_resumed_activity( 1451): [0,com.android.settings/.Settings,resumeTopActivityInnerLocked]
09-22 22:30:53.266 I/wm_resume_activity( 1451): [0,2744048,9,com.android.settings/.Settings]
09-22 22:30:53.267 I/wm_new_intent( 1451): [0,2744048,9,com.android.settings/.Settings,android.intent.action.MAIN,NULL,NULL,270532608]
09-22 22:30:53.269 D/CompatibilityInfo( 1451): mCompatibilityFlags - 4
09-22 22:30:53.269 D/CompatibilityInfo( 1451): applicationDensity - 240
09-22 22:30:53.269 D/CompatibilityInfo( 1451): applicationScale - 1.0
09-22 22:30:53.273 D/StateManager( 2392): goToState: Normal
09-22 22:30:53.274 D/msm8974_platform( 812): platform_set_channel_map mixer_ctl_name:Playback Channel Map9
09-22 22:30:53.274 D/msm8974_platform( 812): platform_set_channel_map: set mapping(1 2 0 0 0 0 0 0) for channel:2
09-22 22:30:53.275 E/audio_hw_extn( 812): audio_extn_perf_lock_release: Perf lock release error
09-22 22:30:53.275 D/audio_hw_primary( 812): start_output_stream: exit
09-22 22:30:53.275 I/wm_on_top_resumed_lost_called( 2392): [89524022,com.android.launcher3.uioverrides.QuickstepLauncher,topStateChangedWhenResumed]
09-22 22:30:53.278 I/BpBinder( 927): onLastStrongRef automatically unlinking death recipients:
09-22 22:30:53.283 I/wm_on_restart_called( 2203): [2744048,com.android.settings.Settings,performRestartActivity]
09-22 22:30:53.286 W/BatteryBroadcastRcvr( 2203): Problem reading the battery meter.
09-22 22:30:53.289 I/wm_on_start_called( 2203): [2744048,com.android.settings.Settings,handleStartActivity]
09-22 22:30:53.291 I/snet_event_log( 2203): [120484087,-1,]
09-22 22:30:53.292 I/wm_on_resume_called( 2203): [2744048,com.android.settings.Settings,RESUME_ACTIVITY]
09-22 22:30:53.293 I/sysui_multi_action( 2203): [757,35,758,1,833,0,1089,0]
09-22 22:30:53.293 D/BatteryInfo( 2203): time for getStats: 0ms
09-22 22:30:53.295 D/BatteryInfo( 2203): time for regular BatteryInfo: 2ms
09-22 22:30:53.298 D/BatteryInfo( 2203): time for getBatteryInfo: 3ms
09-22 22:30:53.300 I/sysui_multi_action( 2203): [757,337,758,1,833,0,1089,0]
09-22 22:30:53.301 D/DashboardFragment( 2203): Cannot find preference with key notification_default_ringtone in Controller
09-22 22:30:53.303 I/sysui_multi_action( 2203): [757,35,758,2,1089,11]
09-22 22:30:53.304 I/sysui_multi_action( 2203): [757,337,758,2,1089,4]
09-22 22:30:53.305 I/wm_on_paused_called( 2203): [2744048,com.android.settings.Settings,performPause]
09-22 22:30:53.305 I/wm_on_resume_called( 2203): [2744048,com.android.settings.Settings,LIFECYCLER_RESUME_ACTIVITY]
09-22 22:30:53.305 I/sysui_multi_action( 2203): [757,35,758,1,833,0,1089,0]
09-22 22:30:53.308 D/UsageGraph( 2203): No enabled state changed, skipping updateCategory call
09-22 22:30:53.308 I/sysui_multi_action( 2203): [757,337,758,1,833,0,1089,0]
09-22 22:30:53.309 D/DashboardFragment( 2203): Cannot find preference with key notification_default_ringtone in Controller
09-22 22:30:53.310 D/BatteryTipLoader( 2203): BatteryInfoLoader post query: 1ms
09-22 22:30:53.310 D/BatteryInfo( 2203): time for getBatteryInfo: 0ms
09-22 22:30:53.310 D/BatteryTipLoader( 2203): BatteryInfoLoader.loadInBackground: 1ms
09-22 22:30:53.311 I/wm_on_top_resumed_gained_called( 2203): [2744048,com.android.settings.Settings,topStateChangedWhenResumed]
09-22 22:30:53.319 D/UsageGraph( 2203): No enabled state changed, skipping updateCategory call
09-22 22:30:53.318 I/input_focus( 1451): [Focus request cc12349 com.android.settings/com.android.settings.Settings,reason=UpdateInputWindows]
09-22 22:30:53.333 W/BatteryBroadcastRcvr( 2203): Problem reading the battery meter.
09-22 22:30:53.333 D/BatteryInfo( 2203): time for callback: 0ms
09-22 22:30:53.339 I/mpu_uart( 655): [MSG-P:RECV]:No message received in 1000 ms
