09-22 22:28:06.121 I/sysui_multi_action( 1451): [757,128,758,1,793,79887,794,0,795,79887,796,32,798,0,806,android,857,USB,858,1,947,0,1395,1,1500,79676,1688,1]
09-22 22:28:06.121 I/sysui_multi_action( 1451): [757,804,799,note_freshness,801,79887,802,1]
09-22 22:28:06.121 I/notification_visibility( 1451): [-1|android|32|null|1000,1,79887,79887,0,0]
09-22 22:28:06.496 I/am_uid_idle( 1451): 10031
09-22 22:28:06.806 F/linker ( 3841): CANNOT LINK EXECUTABLE "/vendor/bin/hw/qvrservice": library "vendor.qti.hardware.qxr-V1-ndk_platform.so" not found: needed by /vendor/lib64/libqvrservice.so in namespace (default)
09-22 22:28:06.810 F/linker ( 3842): CANNOT LINK EXECUTABLE "/vendor/bin/hw/sxrservice": library "vendor.qti.hardware.qxr-V1-ndk_platform.so" not found: needed by main executable
09-22 22:28:06.900 I/am_uid_idle( 1451): 10068
09-22 22:28:07.020 I/am_uid_idle( 1451): 10066
09-22 22:28:07.157 I/am_uid_idle( 1451): 10034
09-22 22:28:07.271 I/am_uid_idle( 1451): 10057
09-22 22:28:07.353 I/am_uid_idle( 1451): 10022
09-22 22:28:07.599 I/am_uid_idle( 1451): 10030
09-22 22:28:07.696 I/am_uid_idle( 1451): 10026
09-22 22:28:07.720 I/am_uid_idle( 1451): 2000
09-22 22:28:08.400 I/am_uid_idle( 1451): 10055
09-22 22:28:08.507 I/am_uid_idle( 1451): 10085
09-22 22:28:09.072 I/input_interaction( 1451): Interaction with: f3befb5 NotificationShade (server), edge-swipe (server), swipe-up (server), PointerEventDispatcher0 (server),
09-22 22:28:09.258 I/PowerManagerService( 1451): Napping display group (groupId=0, uid=1000)...
09-22 22:28:09.258 I/PowerManagerService( 1451): Nap time (uid 1000)...
09-22 22:28:09.261 I/DreamManagerService( 1451): Entering dreamland.
09-22 22:28:09.262 I/PowerManagerService( 1451): Dreaming...
09-22 22:28:09.267 I/DreamController( 1451): Starting dream: name=ComponentInfo{com.android.deskclock/com.android.deskclock.Screensaver}, isTest=false, canDoze=false, userId=0
09-22 22:28:09.267 I/sysui_multi_action( 1451): [757,222,758,1]
09-22 22:28:09.276 I/am_uid_active( 1451): 10066
09-22 22:28:09.287 I/ActivityTaskManager( 1451): START u0 {flg=0x10000000 pkg=com.android.deskclock cmp=com.android.deskclock/android.service.dreams.DreamActivity (has extras)} from uid 10066
09-22 22:28:09.292 D/CompatibilityChangeReporter( 1451): Compat change id reported: 184838306; UID 10066; state: DISABLED
09-22 22:28:09.293 D/CompatibilityChangeReporter( 1451): Compat change id reported: 185004937; UID 10066; state: DISABLED
09-22 22:28:09.293 D/CompatibilityChangeReporter( 1451): Compat change id reported: 181136395; UID 10066; state: DISABLED
09-22 22:28:09.293 D/CompatibilityChangeReporter( 1451): Compat change id reported: 174042936; UID 10066; state: DISABLED
09-22 22:28:09.294 D/CompatibilityChangeReporter( 1451): Compat change id reported: 174042980; UID 10066; state: DISABLED
09-22 22:28:09.295 I/wm_task_created( 1451): [10,-1]
09-22 22:28:09.295 W/ActivityTaskManager( 1451): Can't find TaskDisplayArea to determine support for multi window. Task id=10 attached=false
09-22 22:28:09.298 I/wm_task_moved( 1451): [10,1,7]
09-22 22:28:09.298 I/wm_task_to_front( 1451): [0,10]
09-22 22:28:09.298 I/wm_create_task( 1451): [0,10]
09-22 22:28:09.298 I/wm_create_activity( 1451): [0,199627847,10,com.android.deskclock/android.service.dreams.DreamActivity,NULL,NULL,NULL,276824064]
09-22 22:28:09.298 I/wm_task_moved( 1451): [10,1,7]
09-22 22:28:09.298 I/wm_on_top_resumed_lost_called( 2392): [89524022,com.android.launcher3.uioverrides.QuickstepLauncher,topStateChangedWhenResumed]
09-22 22:28:09.299 I/wm_pause_activity( 1451): [0,89524022,com.android.launcher3/.uioverrides.QuickstepLauncher,userLeaving=true,pauseBackTasks]
09-22 22:28:09.307 I/wm_on_paused_called( 2392): [89524022,com.android.launcher3.uioverrides.QuickstepLauncher,performPause]
09-22 22:28:09.307 I/input_focus( 1451): [Focus request fc61119 com.android.launcher3/com.android.launcher3.uioverrides.QuickstepLauncher,reason=UpdateInputWindows]
09-22 22:28:09.309 I/ActivityTaskManager( 1451): The Process com.android.deskclock Already Exists in BG. So sending its PID: 2538
09-22 22:28:09.309 I/wm_add_to_stopping( 1451): [0,89524022,com.android.launcher3/.uioverrides.QuickstepLauncher,makeInvisible]
09-22 22:28:09.310 I/wm_restart_activity( 1451): [0,199627847,10,com.android.deskclock/android.service.dreams.DreamActivity]
09-22 22:28:09.312 I/wm_set_resumed_activity( 1451): [0,com.android.deskclock/android.service.dreams.DreamActivity,minimalResumeActivityLocked]
09-22 22:28:09.322 I/sysui_multi_action( 1451): [757,803,799,window_time_0,802,5]
09-22 22:28:09.324 I/input_focus( 1451): [Focus leaving f3befb5 NotificationShade (server),reason=NOT_FOCUSABLE]
09-22 22:28:09.324 I/input_focus( 1451): [Focus entering fc61119 com.android.launcher3/com.android.launcher3.uioverrides.QuickstepLauncher (server),reason=setFocusedWindow]
09-22 22:28:09.335 I/input_focus( 1451): [Focus leaving fc61119 com.android.launcher3/com.android.launcher3.uioverrides.QuickstepLauncher (server),reason=NO_WINDOW]
09-22 22:28:09.338 I/wm_on_create_called( 2538): [199627847,android.service.dreams.DreamActivity,performCreate]
09-22 22:28:09.340 I/wm_on_start_called( 2538): [199627847,android.service.dreams.DreamActivity,handleStartActivity]
09-22 22:28:09.342 I/wm_on_resume_called( 2538): [199627847,android.service.dreams.DreamActivity,RESUME_ACTIVITY]
09-22 22:28:09.349 W/WindowManager( 1451): Failed looking up window session=Session{6a8f65b 2538:u0a10066} callers=com.android.server.wm.WindowManagerService.windowForClientLocked:5626 com.android.server.wm.Session.insetsModified:629 android.view.IWindowSession$Stub.onTransact:1151
09-22 22:28:09.350 I/wm_on_top_resumed_gained_called( 2538): [199627847,android.service.dreams.DreamActivity,topStateChangedWhenResumed]
09-22 22:28:09.371 I/sysui_multi_action( 1803): [757,196,758,2,759,0]
09-22 22:28:09.371 I/sysui_status_bar_state( 1803): [0,0,1,0,0,1]
09-22 22:28:09.375 I/input_focus( 1451): [Focus request bd42a36 com.android.deskclock/android.service.dreams.DreamActivity,reason=UpdateInputWindows]
09-22 22:28:09.387 I/sysui_multi_action( 1803): [757,111,758,2]
09-22 22:28:09.387 I/sysui_multi_action( 1803): [757,111,758,2]
09-22 22:28:09.387 I/notification_enqueue( 1451): [10081,1803,com.android.systemui,2048,NULL,0,Notification(channel=updateNotification shortcut=null contentView=null vibrate=null sound=null defaults=0x0 flags=0x0 color=0x00000000 vis=PRIVATE),1]
09-22 22:28:09.394 I/sysui_multi_action( 1803): [757,111,758,1]
09-22 22:28:09.394 I/sysui_multi_action( 1803): [757,126,758,1,759,126,927,0,928,0,1593,1]
09-22 22:28:09.394 I/sysui_multi_action( 1803): [757,113,758,1,759,113,927,1,928,1,1593,1]
09-22 22:28:09.395 I/sysui_multi_action( 1803): [757,0,758,1,759,0,927,2,928,0,1593,1]
09-22 22:28:09.395 I/sysui_multi_action( 1803): [757,0,758,1,759,0,927,3,928,0,1593,1]
09-22 22:28:09.395 I/sysui_multi_action( 1803): [757,1706,758,1,759,1706,927,4,928,0,1593,1]
09-22 22:28:09.395 I/sysui_multi_action( 1803): [757,491,758,1,759,491,927,5,928,0,1311,-1,1593,0]
09-22 22:28:09.395 I/sysui_multi_action( 1803): [757,0,758,1,759,0,927,6,928,0,1593,0]
09-22 22:28:09.395 I/sysui_multi_action( 1803): [757,111,758,1]
09-22 22:28:09.395 I/sysui_multi_action( 1803): [757,126,758,1,759,126,927,0,928,0,1593,1]
09-22 22:28:09.395 I/sysui_multi_action( 1803): [757,113,758,1,759,113,927,1,928,1,1593,1]
09-22 22:28:09.395 I/sysui_multi_action( 1803): [757,0,758,1,759,0,927,2,928,0,1593,1]
09-22 22:28:09.395 I/sysui_multi_action( 1803): [757,0,758,1,759,0,927,3,928,0,1593,1]
09-22 22:28:09.416 I/sysui_multi_action( 1451): [319,124,322,124,325,96,757,761,758,8,759,2,806,com.android.deskclock,871,android.service.dreams.DreamActivity,904,com.android.deskclock,905,0,1320,4,1321,1]
09-22 22:28:09.418 I/wm_activity_launch_time( 1451): [0,199627847,com.android.deskclock/android.service.dreams.DreamActivity,124]
09-22 22:28:09.452 I/input_focus( 1451): [Focus entering bd42a36 com.android.deskclock/android.service.dreams.DreamActivity (server),reason=Window became focusable. Previous reason: NOT_VISIBLE]
09-22 22:28:09.521 I/notification_enqueue( 1451): [10081,1803,com.android.systemui,2048,NULL,0,Notification(channel=updateNotification shortcut=null contentView=null vibrate=null sound=null defaults=0x0 flags=0x0 color=0x00000000 vis=PRIVATE),1]
09-22 22:28:09.521 I/sysui_multi_action( 1803): [757,111,758,2]
09-22 22:28:09.521 I/sysui_multi_action( 1803): [757,111,758,2]
09-22 22:28:09.532 I/sysui_multi_action( 1803): [757,111,758,1]
09-22 22:28:09.532 I/sysui_multi_action( 1803): [757,126,758,1,759,126,927,0,928,0,1593,1]
09-22 22:28:09.533 I/sysui_multi_action( 1803): [757,113,758,1,759,113,927,1,928,1,1593,1]
09-22 22:28:09.533 I/sysui_multi_action( 1803): [757,0,758,1,759,0,927,2,928,0,1593,1]
09-22 22:28:09.533 I/sysui_multi_action( 1803): [757,0,758,1,759,0,927,3,928,0,1593,1]
09-22 22:28:09.533 I/sysui_multi_action( 1803): [757,1706,758,1,759,1706,927,4,928,0,1593,1]
09-22 22:28:09.534 I/sysui_multi_action( 1803): [757,491,758,1,759,491,927,5,928,0,1311,-1,1593,0]
09-22 22:28:09.534 I/sysui_multi_action( 1803): [757,0,758,1,759,0,927,6,928,0,1593,0]
09-22 22:28:09.534 I/sysui_multi_action( 1803): [757,111,758,1]
09-22 22:28:09.534 I/sysui_multi_action( 1803): [757,126,758,1,759,126,927,0,928,0,1593,1]
09-22 22:28:09.534 I/sysui_multi_action( 1803): [757,113,758,1,759,113,927,1,928,1,1593,1]
09-22 22:28:09.534 I/sysui_multi_action( 1803): [757,0,758,1,759,0,927,2,928,0,1593,1]
09-22 22:28:09.535 I/sysui_multi_action( 1803): [757,0,758,1,759,0,927,3,928,0,1593,1]
09-22 22:28:09.569 I/sysui_multi_action( 1803): [757,111,758,2]
09-22 22:28:09.570 I/sysui_multi_action( 1803): [757,111,758,2]
09-22 22:28:09.570 I/notification_enqueue( 1451): [10081,1803,com.android.systemui,2048,NULL,0,Notification(channel=updateNotification shortcut=null contentView=null vibrate=null sound=null defaults=0x0 flags=0x0 color=0x00000000 vis=PRIVATE),1]
09-22 22:28:09.576 I/sysui_multi_action( 1803): [757,111,758,1]
09-22 22:28:09.576 I/sysui_multi_action( 1803): [757,126,758,1,759,126,927,0,928,0,1593,1]
09-22 22:28:09.576 I/sysui_multi_action( 1803): [757,113,758,1,759,113,927,1,928,1,1593,1]
09-22 22:28:09.576 I/sysui_multi_action( 1803): [757,0,758,1,759,0,927,2,928,0,1593,1]
09-22 22:28:09.576 I/sysui_multi_action( 1803): [757,0,758,1,759,0,927,3,928,0,1593,1]
09-22 22:28:09.576 I/sysui_multi_action( 1803): [757,1706,758,1,759,1706,927,4,928,0,1593,1]
09-22 22:28:09.576 I/sysui_multi_action( 1803): [757,491,758,1,759,491,927,5,928,0,1311,-1,1593,0]
09-22 22:28:09.576 I/sysui_multi_action( 1803): [757,0,758,1,759,0,927,6,928,0,1593,0]
09-22 22:28:09.576 I/sysui_multi_action( 1803): [757,111,758,1]
09-22 22:28:09.577 I/sysui_multi_action( 1803): [757,126,758,1,759,126,927,0,928,0,1593,1]
09-22 22:28:09.577 I/sysui_multi_action( 1803): [757,113,758,1,759,113,927,1,928,1,1593,1]
09-22 22:28:09.577 I/sysui_multi_action( 1803): [757,0,758,1,759,0,927,2,928,0,1593,1]
09-22 22:28:09.577 I/sysui_multi_action( 1803): [757,0,758,1,759,0,927,3,928,0,1593,1]
09-22 22:28:09.591 I/sysui_multi_action( 1451): [757,1501,758,1,793,28425,794,0,795,204,796,2048,806,com.android.systemui,857,updateNotification,858,3,947,0,1500,0,1688,1]
09-22 22:28:09.591 I/sysui_multi_action( 1451): [757,804,799,note_interruptive,801,0,802,1]
09-22 22:28:09.591 I/sysui_multi_action( 1451): [757,199,758,1,759,2,793,28426,794,0,795,205,796,2048,806,com.android.systemui,857,updateNotification,858,3,947,0,1500,1,1688,1]
09-22 22:28:09.591 I/notification_alert( 1451): [0|com.android.systemui|2048|null|10081,0,1,0]
09-22 22:28:09.593 W/NotificationHistory( 1451): Attempted to add notif for locked/gone/disabled user 0
09-22 22:28:09.595 I/sysui_multi_action( 1803): [757,111,758,2]
09-22 22:28:09.595 I/notification_enqueue( 1451): [10081,1803,com.android.systemui,2048,NULL,0,Notification(channel=updateNotification shortcut=null contentView=null vibrate=null sound=null defaults=0x0 flags=0x0 color=0x00000000 vis=PRIVATE),1]
09-22 22:28:09.595 I/sysui_multi_action( 1803): [757,111,758,2]
09-22 22:28:09.600 I/sysui_multi_action( 1803): [757,111,758,1]
09-22 22:28:09.600 I/sysui_multi_action( 1803): [757,126,758,1,759,126,927,0,928,0,1593,1]
09-22 22:28:09.600 I/sysui_multi_action( 1803): [757,113,758,1,759,113,927,1,928,1,1593,1]
09-22 22:28:09.600 I/sysui_multi_action( 1803): [757,0,758,1,759,0,927,2,928,0,1593,1]
09-22 22:28:09.600 I/sysui_multi_action( 1803): [757,0,758,1,759,0,927,3,928,0,1593,1]
09-22 22:28:09.600 I/sysui_multi_action( 1803): [757,1706,758,1,759,1706,927,4,928,0,1593,1]
09-22 22:28:09.600 I/sysui_multi_action( 1803): [757,491,758,1,759,491,927,5,928,0,1311,-1,1593,0]
09-22 22:28:09.600 I/sysui_multi_action( 1803): [757,0,758,1,759,0,927,6,928,0,1593,0]
09-22 22:28:09.600 I/sysui_multi_action( 1803): [757,111,758,1]
09-22 22:28:09.600 I/sysui_multi_action( 1803): [757,126,758,1,759,126,927,0,928,0,1593,1]
09-22 22:28:09.600 I/sysui_multi_action( 1803): [757,113,758,1,759,113,927,1,928,1,1593,1]
09-22 22:28:09.601 I/sysui_multi_action( 1803): [757,0,758,1,759,0,927,2,928,0,1593,1]
09-22 22:28:09.601 I/sysui_multi_action( 1803): [757,0,758,1,759,0,927,3,928,0,1593,1]
09-22 22:28:09.616 I/notification_enqueue( 1451): [10081,1803,com.android.systemui,2048,NULL,0,Notification(channel=updateNotification shortcut=null contentView=null vibrate=null sound=null defaults=0x0 flags=0x0 color=0x00000000 vis=PRIVATE),1]
09-22 22:28:09.616 I/sysui_multi_action( 1803): [757,111,758,2]
09-22 22:28:09.616 I/sysui_multi_action( 1803): [757,111,758,2]
09-22 22:28:09.621 I/sysui_multi_action( 1803): [757,111,758,1]
09-22 22:28:09.621 I/sysui_multi_action( 1803): [757,126,758,1,759,126,927,0,928,0,1593,1]
09-22 22:28:09.621 I/sysui_multi_action( 1803): [757,113,758,1,759,113,927,1,928,1,1593,1]
09-22 22:28:09.621 I/sysui_multi_action( 1803): [757,0,758,1,759,0,927,2,928,0,1593,1]
09-22 22:28:09.621 I/sysui_multi_action( 1803): [757,0,758,1,759,0,927,3,928,0,1593,1]
09-22 22:28:09.621 I/sysui_multi_action( 1803): [757,1706,758,1,759,1706,927,4,928,0,1593,1]
09-22 22:28:09.622 I/sysui_multi_action( 1803): [757,491,758,1,759,491,927,5,928,0,1311,-1,1593,0]
09-22 22:28:09.622 I/sysui_multi_action( 1803): [757,0,758,1,759,0,927,6,928,0,1593,0]
09-22 22:28:09.622 I/sysui_multi_action( 1803): [757,111,758,1]
09-22 22:28:09.622 I/sysui_multi_action( 1803): [757,126,758,1,759,126,927,0,928,0,1593,1]
09-22 22:28:09.622 I/sysui_multi_action( 1803): [757,113,758,1,759,113,927,1,928,1,1593,1]
09-22 22:28:09.622 I/sysui_multi_action( 1803): [757,0,758,1,759,0,927,2,928,0,1593,1]
09-22 22:28:09.622 I/sysui_multi_action( 1803): [757,0,758,1,759,0,927,3,928,0,1593,1]
09-22 22:28:09.640 I/notification_enqueue( 1451): [10081,1803,com.android.systemui,2048,NULL,0,Notification(channel=updateNotification shortcut=null contentView=null vibrate=null sound=null defaults=0x0 flags=0x0 color=0x00000000 vis=PRIVATE),1]
09-22 22:28:09.640 I/sysui_multi_action( 1803): [757,111,758,2]
09-22 22:28:09.640 I/sysui_multi_action( 1803): [757,111,758,2]
09-22 22:28:09.644 I/sysui_multi_action( 1803): [757,111,758,1]
09-22 22:28:09.644 I/sysui_multi_action( 1803): [757,126,758,1,759,126,927,0,928,0,1593,0]
09-22 22:28:09.644 I/sysui_multi_action( 1803): [757,113,758,1,759,113,927,1,928,1,1593,0]
09-22 22:28:09.644 I/sysui_multi_action( 1803): [757,0,758,1,759,0,927,2,928,0,1593,0]
09-22 22:28:09.644 I/sysui_multi_action( 1803): [757,0,758,1,759,0,927,3,928,0,1593,1]
09-22 22:28:09.644 I/sysui_multi_action( 1803): [757,1706,758,1,759,1706,927,4,928,0,1593,0]
09-22 22:28:09.645 I/sysui_multi_action( 1803): [757,491,758,1,759,491,927,5,928,0,1311,-1,1593,0]
09-22 22:28:09.645 I/sysui_multi_action( 1803): [757,0,758,1,759,0,927,6,928,0,1593,0]
09-22 22:28:09.645 I/sysui_multi_action( 1803): [757,111,758,1]
09-22 22:28:09.645 I/sysui_multi_action( 1803): [757,126,758,1,759,126,927,0,928,0,1593,1]
09-22 22:28:09.645 I/sysui_multi_action( 1803): [757,113,758,1,759,113,927,1,928,1,1593,1]
09-22 22:28:09.645 I/sysui_multi_action( 1803): [757,0,758,1,759,0,927,2,928,0,1593,1]
09-22 22:28:09.645 I/sysui_multi_action( 1803): [757,0,758,1,759,0,927,3,928,0,1593,1]
09-22 22:28:09.660 I/sysui_multi_action( 1803): [757,111,758,2]
09-22 22:28:09.660 I/notification_enqueue( 1451): [10081,1803,com.android.systemui,2048,NULL,0,Notification(channel=updateNotification shortcut=null contentView=null vibrate=null sound=null defaults=0x0 flags=0x0 color=0x00000000 vis=PRIVATE),1]
09-22 22:28:09.660 I/sysui_multi_action( 1803): [757,111,758,2]
09-22 22:28:09.664 I/sysui_multi_action( 1803): [757,111,758,1]
09-22 22:28:09.664 I/sysui_multi_action( 1803): [757,126,758,1,759,126,927,0,928,0,1593,1]
09-22 22:28:09.664 I/sysui_multi_action( 1803): [757,113,758,1,759,113,927,1,928,1,1593,1]
09-22 22:28:09.664 I/sysui_multi_action( 1803): [757,0,758,1,759,0,927,2,928,0,1593,1]
09-22 22:28:09.664 I/sysui_multi_action( 1803): [757,0,758,1,759,0,927,3,928,0,1593,1]
09-22 22:28:09.665 I/sysui_multi_action( 1803): [757,1706,758,1,759,1706,927,4,928,0,1593,1]
09-22 22:28:09.665 I/sysui_multi_action( 1803): [757,491,758,1,759,491,927,5,928,0,1311,-1,1593,0]
09-22 22:28:09.665 I/sysui_multi_action( 1803): [757,0,758,1,759,0,927,6,928,0,1593,0]
09-22 22:28:09.665 I/sysui_multi_action( 1803): [757,111,758,1]
09-22 22:28:09.665 I/sysui_multi_action( 1803): [757,126,758,1,759,126,927,0,928,0,1593,1]
09-22 22:28:09.665 I/sysui_multi_action( 1803): [757,113,758,1,759,113,927,1,928,1,1593,1]
09-22 22:28:09.665 I/sysui_multi_action( 1803): [757,0,758,1,759,0,927,2,928,0,1593,1]
09-22 22:28:09.665 I/sysui_multi_action( 1803): [757,0,758,1,759,0,927,3,928,0,1593,1]
09-22 22:28:09.677 I/notification_enqueue( 1451): [10081,1803,com.android.systemui,2048,NULL,0,Notification(channel=updateNotification shortcut=null contentView=null vibrate=null sound=null defaults=0x0 flags=0x0 color=0x00000000 vis=PRIVATE),1]
09-22 22:28:09.678 I/sysui_multi_action( 1803): [757,111,758,2]
09-22 22:28:09.678 I/sysui_multi_action( 1803): [757,111,758,2]
09-22 22:28:09.682 I/sysui_multi_action( 1803): [757,111,758,1]
09-22 22:28:09.682 I/sysui_multi_action( 1803): [757,126,758,1,759,126,927,0,928,0,1593,1]
09-22 22:28:09.682 I/sysui_multi_action( 1803): [757,113,758,1,759,113,927,1,928,1,1593,1]
09-22 22:28:09.682 I/sysui_multi_action( 1803): [757,0,758,1,759,0,927,2,928,0,1593,1]
09-22 22:28:09.682 I/sysui_multi_action( 1803): [757,0,758,1,759,0,927,3,928,0,1593,1]
09-22 22:28:09.682 I/sysui_multi_action( 1803): [757,1706,758,1,759,1706,927,4,928,0,1593,1]
09-22 22:28:09.682 I/sysui_multi_action( 1803): [757,491,758,1,759,491,927,5,928,0,1311,-1,1593,0]
09-22 22:28:09.682 I/sysui_multi_action( 1803): [757,0,758,1,759,0,927,6,928,0,1593,0]
09-22 22:28:09.683 I/sysui_multi_action( 1803): [757,111,758,1]
09-22 22:28:09.683 I/sysui_multi_action( 1803): [757,126,758,1,759,126,927,0,928,0,1593,1]
09-22 22:28:09.683 I/sysui_multi_action( 1803): [757,113,758,1,759,113,927,1,928,1,1593,1]
09-22 22:28:09.683 I/sysui_multi_action( 1803): [757,0,758,1,759,0,927,2,928,0,1593,1]
09-22 22:28:09.683 I/sysui_multi_action( 1803): [757,0,758,1,759,0,927,3,928,0,1593,1]
09-22 22:28:09.699 I/notification_enqueue( 1451): [10081,1803,com.android.systemui,2048,NULL,0,Notification(channel=updateNotification shortcut=null contentView=null vibrate=null sound=null defaults=0x0 flags=0x0 color=0x00000000 vis=PRIVATE),1]
09-22 22:28:09.699 I/sysui_multi_action( 1803): [757,111,758,2]
09-22 22:28:09.699 I/sysui_multi_action( 1803): [757,111,758,2]
09-22 22:28:09.704 I/sysui_multi_action( 1803): [757,111,758,1]
09-22 22:28:09.704 I/sysui_multi_action( 1803): [757,126,758,1,759,126,927,0,928,0,1593,1]
09-22 22:28:09.704 I/wm_stop_activity( 1451): [0,89524022,com.android.launcher3/.uioverrides.QuickstepLauncher]
09-22 22:28:09.704 I/sysui_multi_action( 1803): [757,113,758,1,759,113,927,1,928,1,1593,1]
09-22 22:28:09.704 I/sysui_multi_action( 1803): [757,0,758,1,759,0,927,2,928,0,1593,1]
09-22 22:28:09.704 I/sysui_multi_action( 1803): [757,0,758,1,759,0,927,3,928,0,1593,1]
09-22 22:28:09.704 I/sysui_multi_action( 1803): [757,1706,758,1,759,1706,927,4,928,0,1593,1]
09-22 22:28:09.705 I/sysui_multi_action( 1803): [757,491,758,1,759,491,927,5,928,0,1311,-1,1593,0]
09-22 22:28:09.705 I/sysui_multi_action( 1803): [757,0,758,1,759,0,927,6,928,0,1593,0]
09-22 22:28:09.705 I/sysui_multi_action( 1803): [757,111,758,1]
09-22 22:28:09.705 I/sysui_multi_action( 1803): [757,126,758,1,759,126,927,0,928,0,1593,1]
09-22 22:28:09.705 I/sysui_multi_action( 1803): [757,113,758,1,759,113,927,1,928,1,1593,1]
09-22 22:28:09.705 I/sysui_multi_action( 1803): [757,0,758,1,759,0,927,2,928,0,1593,1]
09-22 22:28:09.705 I/sysui_multi_action( 1803): [757,0,758,1,759,0,927,3,928,0,1593,1]
09-22 22:28:09.718 I/sysui_multi_action( 1803): [757,111,758,2]
09-22 22:28:09.718 I/sysui_multi_action( 1803): [757,111,758,2]
09-22 22:28:09.718 I/notification_enqueue( 1451): [10081,1803,com.android.systemui,2048,NULL,0,Notification(channel=updateNotification shortcut=null contentView=null vibrate=null sound=null defaults=0x0 flags=0x0 color=0x00000000 vis=PRIVATE),1]
09-22 22:28:09.723 I/sysui_multi_action( 1803): [757,111,758,1]
09-22 22:28:09.723 I/sysui_multi_action( 1803): [757,126,758,1,759,126,927,0,928,0,1593,0]
09-22 22:28:09.723 I/sysui_multi_action( 1803): [757,113,758,1,759,113,927,1,928,1,1593,0]
09-22 22:28:09.723 I/sysui_multi_action( 1803): [757,0,758,1,759,0,927,2,928,0,1593,0]
09-22 22:28:09.723 I/sysui_multi_action( 1803): [757,0,758,1,759,0,927,3,928,0,1593,0]
09-22 22:28:09.723 I/sysui_multi_action( 1803): [757,1706,758,1,759,1706,927,4,928,0,1593,0]
09-22 22:28:09.723 I/sysui_multi_action( 1803): [757,491,758,1,759,491,927,5,928,0,1311,-1,1593,0]
09-22 22:28:09.723 E/NotificationService( 1451): Muting recently noisy 0|com.android.systemui|2048|null|10081
09-22 22:28:09.723 I/sysui_multi_action( 1803): [757,0,758,1,759,0,927,6,928,0,1593,0]
09-22 22:28:09.724 I/sysui_multi_action( 1803): [757,111,758,1]
09-22 22:28:09.724 I/sysui_multi_action( 1803): [757,126,758,1,759,126,927,0,928,0,1593,0]
09-22 22:28:09.724 I/sysui_multi_action( 1803): [757,113,758,1,759,113,927,1,928,1,1593,0]
09-22 22:28:09.724 I/sysui_multi_action( 1803): [757,0,758,1,759,0,927,2,928,0,1593,0]
09-22 22:28:09.724 I/sysui_multi_action( 1803): [757,0,758,1,759,0,927,3,928,0,1593,0]
09-22 22:28:09.727 I/wm_on_stop_called( 2392): [89524022,com.android.launcher3.uioverrides.QuickstepLauncher,STOP_ACTIVITY_ITEM]
09-22 22:28:09.738 I/sysui_multi_action( 1803): [757,111,758,2]
09-22 22:28:09.738 I/notification_enqueue( 1451): [10081,1803,com.android.systemui,2048,NULL,0,Notification(channel=updateNotification shortcut=null contentView=null vibrate=null sound=null defaults=0x0 flags=0x0 color=0x00000000 vis=PRIVATE),1]
09-22 22:28:09.738 I/sysui_multi_action( 1803): [757,111,758,2]
09-22 22:28:09.743 I/sysui_multi_action( 1803): [757,111,758,1]
09-22 22:28:09.743 I/sysui_multi_action( 1803): [757,126,758,1,759,126,927,0,928,0,1593,1]
09-22 22:28:09.743 I/sysui_multi_action( 1803): [757,113,758,1,759,113,927,1,928,1,1593,1]
09-22 22:28:09.743 I/sysui_multi_action( 1803): [757,0,758,1,759,0,927,2,928,0,1593,1]
09-22 22:28:09.743 I/sysui_multi_action( 1803): [757,0,758,1,759,0,927,3,928,0,1593,1]
09-22 22:28:09.743 I/sysui_multi_action( 1803): [757,1706,758,1,759,1706,927,4,928,0,1593,1]
09-22 22:28:09.743 I/sysui_multi_action( 1803): [757,491,758,1,759,491,927,5,928,0,1311,-1,1593,0]
09-22 22:28:09.743 I/sysui_multi_action( 1803): [757,0,758,1,759,0,927,6,928,0,1593,0]
09-22 22:28:09.743 I/sysui_multi_action( 1803): [757,111,758,1]
09-22 22:28:09.743 I/sysui_multi_action( 1803): [757,126,758,1,759,126,927,0,928,0,1593,1]
09-22 22:28:09.743 I/sysui_multi_action( 1803): [757,113,758,1,759,113,927,1,928,1,1593,1]
09-22 22:28:09.743 I/sysui_multi_action( 1803): [757,0,758,1,759,0,927,2,928,0,1593,1]
09-22 22:28:09.743 I/sysui_multi_action( 1803): [757,0,758,1,759,0,927,3,928,0,1593,1]
09-22 22:28:09.759 I/notification_enqueue( 1451): [10081,1803,com.android.systemui,2048,NULL,0,Notification(channel=updateNotification shortcut=null contentView=null vibrate=null sound=null defaults=0x0 flags=0x0 color=0x00000000 vis=PRIVATE),1]
09-22 22:28:09.759 I/sysui_multi_action( 1803): [757,111,758,2]
09-22 22:28:09.759 I/sysui_multi_action( 1803): [757,111,758,2]
09-22 22:28:09.763 I/sysui_multi_action( 1803): [757,111,758,1]
09-22 22:28:09.763 I/sysui_multi_action( 1803): [757,126,758,1,759,126,927,0,928,0,1593,1]
09-22 22:28:09.763 I/sysui_multi_action( 1803): [757,113,758,1,759,113,927,1,928,1,1593,1]
09-22 22:28:09.763 I/sysui_multi_action( 1803): [757,0,758,1,759,0,927,2,928,0,1593,1]
09-22 22:28:09.764 I/sysui_multi_action( 1803): [757,0,758,1,759,0,927,3,928,0,1593,1]
09-22 22:28:09.764 I/sysui_multi_action( 1803): [757,1706,758,1,759,1706,927,4,928,0,1593,1]
09-22 22:28:09.764 I/sysui_multi_action( 1803): [757,491,758,1,759,491,927,5,928,0,1311,-1,1593,0]
09-22 22:28:09.764 I/sysui_multi_action( 1803): [757,0,758,1,759,0,927,6,928,0,1593,0]
09-22 22:28:09.764 I/sysui_multi_action( 1803): [757,111,758,1]
09-22 22:28:09.764 I/sysui_multi_action( 1803): [757,126,758,1,759,126,927,0,928,0,1593,1]
09-22 22:28:09.764 I/sysui_multi_action( 1803): [757,113,758,1,759,113,927,1,928,1,1593,1]
09-22 22:28:09.764 I/sysui_multi_action( 1803): [757,0,758,1,759,0,927,2,928,0,1593,1]
09-22 22:28:09.764 I/sysui_multi_action( 1803): [757,0,758,1,759,0,927,3,928,0,1593,1]
09-22 22:28:09.773 E/NotificationService( 1451): Muting recently noisy 0|com.android.systemui|2048|null|10081
09-22 22:28:09.779 I/notification_enqueue( 1451): [10081,1803,com.android.systemui,2048,NULL,0,Notification(channel=updateNotification shortcut=null contentView=null vibrate=null sound=null defaults=0x0 flags=0x0 color=0x00000000 vis=PRIVATE),1]
09-22 22:28:09.780 I/sysui_multi_action( 1803): [757,111,758,2]
09-22 22:28:09.780 I/sysui_multi_action( 1803): [757,111,758,2]
09-22 22:28:09.784 I/sysui_multi_action( 1803): [757,111,758,1]
09-22 22:28:09.784 I/sysui_multi_action( 1803): [757,126,758,1,759,126,927,0,928,0,1593,1]
09-22 22:28:09.784 I/sysui_multi_action( 1803): [757,113,758,1,759,113,927,1,928,1,1593,1]
09-22 22:28:09.784 I/sysui_multi_action( 1803): [757,0,758,1,759,0,927,2,928,0,1593,1]
09-22 22:28:09.784 I/sysui_multi_action( 1803): [757,0,758,1,759,0,927,3,928,0,1593,1]
09-22 22:28:09.784 I/sysui_multi_action( 1803): [757,1706,758,1,759,1706,927,4,928,0,1593,1]
09-22 22:28:09.784 I/sysui_multi_action( 1803): [757,491,758,1,759,491,927,5,928,0,1311,-1,1593,0]
09-22 22:28:09.784 I/sysui_multi_action( 1803): [757,0,758,1,759,0,927,6,928,0,1593,0]
09-22 22:28:09.784 I/sysui_multi_action( 1803): [757,111,758,1]
09-22 22:28:09.784 I/sysui_multi_action( 1803): [757,126,758,1,759,126,927,0,928,0,1593,1]
09-22 22:28:09.785 I/sysui_multi_action( 1803): [757,113,758,1,759,113,927,1,928,1,1593,1]
09-22 22:28:09.785 I/sysui_multi_action( 1803): [757,0,758,1,759,0,927,2,928,0,1593,1]
09-22 22:28:09.785 I/sysui_multi_action( 1803): [757,0,758,1,759,0,927,3,928,0,1593,1]
09-22 22:28:09.796 E/NotificationService( 1451): Muting recently noisy 0|com.android.systemui|2048|null|10081
09-22 22:28:09.797 I/sysui_multi_action( 1803): [757,111,758,2]
09-22 22:28:09.797 I/sysui_multi_action( 1803): [757,111,758,2]
09-22 22:28:09.798 I/notification_enqueue( 1451): [10081,1803,com.android.systemui,2048,NULL,0,Notification(channel=updateNotification shortcut=null contentView=null vibrate=null sound=null defaults=0x0 flags=0x0 color=0x00000000 vis=PRIVATE),1]
09-22 22:28:09.801 I/sysui_multi_action( 1803): [757,111,758,1]
09-22 22:28:09.801 I/sysui_multi_action( 1803): [757,126,758,1,759,126,927,0,928,0,1593,1]
09-22 22:28:09.802 I/sysui_multi_action( 1803): [757,113,758,1,759,113,927,1,928,1,1593,1]
09-22 22:28:09.802 I/sysui_multi_action( 1803): [757,0,758,1,759,0,927,2,928,0,1593,1]
09-22 22:28:09.802 I/sysui_multi_action( 1803): [757,0,758,1,759,0,927,3,928,0,1593,1]
09-22 22:28:09.802 I/sysui_multi_action( 1803): [757,1706,758,1,759,1706,927,4,928,0,1593,1]
09-22 22:28:09.802 I/sysui_multi_action( 1803): [757,491,758,1,759,491,927,5,928,0,1311,-1,1593,0]
09-22 22:28:09.802 I/sysui_multi_action( 1803): [757,0,758,1,759,0,927,6,928,0,1593,0]
09-22 22:28:09.802 I/sysui_multi_action( 1803): [757,111,758,1]
09-22 22:28:09.802 I/sysui_multi_action( 1803): [757,126,758,1,759,126,927,0,928,0,1593,1]
09-22 22:28:09.802 I/sysui_multi_action( 1803): [757,113,758,1,759,113,927,1,928,1,1593,1]
09-22 22:28:09.802 I/sysui_multi_action( 1803): [757,0,758,1,759,0,927,2,928,0,1593,1]
09-22 22:28:09.802 I/sysui_multi_action( 1803): [757,0,758,1,759,0,927,3,928,0,1593,1]
09-22 22:28:09.818 E/NotificationService( 1451): Muting recently noisy 0|com.android.systemui|2048|null|10081
09-22 22:28:09.824 I/sysui_multi_action( 1803): [757,111,758,2]
09-22 22:28:09.824 I/notification_enqueue( 1451): [10081,1803,com.android.systemui,2048,NULL,0,Notification(channel=updateNotification shortcut=null contentView=null vibrate=null sound=null defaults=0x0 flags=0x0 color=0x00000000 vis=PRIVATE),1]
09-22 22:28:09.824 I/sysui_multi_action( 1803): [757,111,758,2]
09-22 22:28:09.841 E/NotificationService( 1451): Muting recently noisy 0|com.android.systemui|2048|null|10081
09-22 22:28:09.841 I/sysui_multi_action( 1803): [757,111,758,1]
09-22 22:28:09.841 I/sysui_multi_action( 1803): [757,126,758,1,759,126,927,0,928,0,1593,1]
09-22 22:28:09.841 I/sysui_multi_action( 1803): [757,113,758,1,759,113,927,1,928,1,1593,1]
09-22 22:28:09.841 I/sysui_multi_action( 1803): [757,0,758,1,759,0,927,2,928,0,1593,1]
09-22 22:28:09.841 I/sysui_multi_action( 1803): [757,0,758,1,759,0,927,3,928,0,1593,1]
09-22 22:28:09.841 I/sysui_multi_action( 1803): [757,1706,758,1,759,1706,927,4,928,0,1593,1]
09-22 22:28:09.842 I/sysui_multi_action( 1803): [757,491,758,1,759,491,927,5,928,0,1311,-1,1593,0]
09-22 22:28:09.842 I/sysui_multi_action( 1803): [757,0,758,1,759,0,927,6,928,0,1593,0]
09-22 22:28:09.842 I/sysui_multi_action( 1803): [757,111,758,1]
09-22 22:28:09.842 I/sysui_multi_action( 1803): [757,126,758,1,759,126,927,0,928,0,1593,1]
09-22 22:28:09.842 I/sysui_multi_action( 1803): [757,113,758,1,759,113,927,1,928,1,1593,1]
09-22 22:28:09.842 I/sysui_multi_action( 1803): [757,0,758,1,759,0,927,2,928,0,1593,1]
09-22 22:28:09.842 I/sysui_multi_action( 1803): [757,0,758,1,759,0,927,3,928,0,1593,1]
09-22 22:28:09.857 I/sysui_multi_action( 1451): [757,128,758,2,793,83623,794,3736,795,83623,796,32,798,0,806,android,857,USB,858,1,947,0,1395,1,1500,83412,1688,1]
09-22 22:28:09.857 I/notification_visibility( 1451): [-1|android|32|null|1000,0,83623,83623,0,0]
09-22 22:28:09.858 I/sysui_multi_action( 1803): [757,111,758,2]
09-22 22:28:09.859 I/notification_enqueue( 1451): [10081,1803,com.android.systemui,2048,NULL,0,Notification(channel=updateNotification shortcut=null contentView=null vibrate=null sound=null defaults=0x0 flags=0x0 color=0x00000000 vis=PRIVATE),1]
09-22 22:28:09.859 I/sysui_multi_action( 1803): [757,111,758,2]
09-22 22:28:09.861 E/NotificationService( 1451): Muting recently noisy 0|com.android.systemui|2048|null|10081
09-22 22:28:09.861 I/sysui_multi_action( 1451): [757,127,758,2]
09-22 22:28:09.861 I/notification_panel_hidden( 1451):
09-22 22:28:09.869 I/sysui_multi_action( 1803): [757,111,758,1]
09-22 22:28:09.869 I/sysui_multi_action( 1803): [757,126,758,1,759,126,927,0,928,0,1593,1]
09-22 22:28:09.869 I/sysui_multi_action( 1803): [757,113,758,1,759,113,927,1,928,1,1593,1]
09-22 22:28:09.869 I/sysui_multi_action( 1803): [757,0,758,1,759,0,927,2,928,0,1593,1]
09-22 22:28:09.869 I/sysui_multi_action( 1803): [757,0,758,1,759,0,927,3,928,0,1593,1]
09-22 22:28:09.869 I/sysui_multi_action( 1803): [757,1706,758,1,759,1706,927,4,928,0,1593,1]
09-22 22:28:09.870 I/sysui_multi_action( 1803): [757,491,758,1,759,491,927,5,928,0,1311,-1,1593,0]
09-22 22:28:09.870 I/sysui_multi_action( 1803): [757,0,758,1,759,0,927,6,928,0,1593,0]
09-22 22:28:09.870 I/sysui_multi_action( 1803): [757,111,758,1]
09-22 22:28:09.870 I/sysui_multi_action( 1803): [757,126,758,1,759,126,927,0,928,0,1593,1]
09-22 22:28:09.870 I/sysui_multi_action( 1803): [757,113,758,1,759,113,927,1,928,1,1593,1]
09-22 22:28:09.870 I/sysui_multi_action( 1803): [757,0,758,1,759,0,927,2,928,0,1593,1]
09-22 22:28:09.870 I/sysui_multi_action( 1803): [757,0,758,1,759,0,927,3,928,0,1593,1]
09-22 22:28:09.880 E/NotificationService( 1451): Muting recently noisy 0|com.android.systemui|2048|null|10081
09-22 22:28:09.901 E/NotificationService( 1451): Muting recently noisy 0|com.android.systemui|2048|null|10081
09-22 22:28:09.921 E/NotificationService( 1451): Muting recently noisy 0|com.android.systemui|2048|null|10081
09-22 22:28:09.941 E/NotificationService( 1451): Muting recently noisy 0|com.android.systemui|2048|null|10081
09-22 22:28:09.961 E/NotificationService( 1451): Muting recently noisy 0|com.android.systemui|2048|null|10081
09-22 22:28:09.982 E/NotificationService( 1451): Muting recently noisy 0|com.android.systemui|2048|null|10081
09-22 22:28:09.999 E/NotificationService( 1451): Muting recently noisy 0|com.android.systemui|2048|null|10081
09-22 22:28:10.011 I/commit_sys_config_file( 1451): [package-user-0,10]
09-22 22:28:10.027 E/NotificationService( 1451): Muting recently noisy 0|com.android.systemui|2048|null|10081
09-22 22:28:10.060 E/NotificationService( 1451): Muting recently noisy 0|com.android.systemui|2048|null|10081
09-22 22:28:10.850 I/input_interaction( 1451): Interaction with: bd42a36 com.android.deskclock/android.service.dreams.DreamActivity (server), edge-swipe (server), swipe-up (server), PointerEventDispatcher0 (server),
09-22 22:28:10.855 I/wm_finish_activity( 1451): [0,199627847,10,com.android.deskclock/android.service.dreams.DreamActivity,finish-activity]
09-22 22:28:10.856 I/wm_task_moved( 1451): [1,1,6]
09-22 22:28:10.857 I/wm_task_moved( 1451): [8,1,2147483647]
09-22 22:28:10.857 I/wm_task_to_front( 1451): [0,8]
09-22 22:28:10.857 I/wm_focused_root_task( 1451): [0,0,1,10,finish-top adjustFocusToNextFocusableTask]
09-22 22:28:10.857 I/wm_set_resumed_activity( 1451): [0,com.android.launcher3/.uioverrides.QuickstepLauncher,finish-top adjustFocusToNextFocusableTask]
09-22 22:28:10.859 I/wm_pause_activity( 1451): [0,199627847,com.android.deskclock/android.service.dreams.DreamActivity,userLeaving=false,finish]
09-22 22:28:10.865 I/DreamManagerService( 1451): Gently waking up from dream.
09-22 22:28:10.865 I/sysui_multi_action( 1451): [757,803,799,window_time_0,802,2]
09-22 22:28:10.865 I/DreamManagerService( 1451): Performing gentle wake from dream.
09-22 22:28:10.865 I/wm_on_top_resumed_lost_called( 2538): [199627847,android.service.dreams.DreamActivity,topStateChangedWhenResumed]
09-22 22:28:10.866 I/wm_on_paused_called( 2538): [199627847,android.service.dreams.DreamActivity,performPause]
09-22 22:28:10.867 I/wm_add_to_stopping( 1451): [0,199627847,com.android.deskclock/android.service.dreams.DreamActivity,completeFinishing]
09-22 22:28:10.869 I/wm_set_resumed_activity( 1451): [0,com.android.launcher3/.uioverrides.QuickstepLauncher,resumeTopActivityInnerLocked]
09-22 22:28:10.873 I/wm_resume_activity( 1451): [0,89524022,8,com.android.launcher3/.uioverrides.QuickstepLauncher]
09-22 22:28:10.882 I/sysui_multi_action( 1451): [757,803,799,window_time_0,802,0]
09-22 22:28:10.888 I/wm_on_restart_called( 2392): [89524022,com.android.launcher3.uioverrides.QuickstepLauncher,performRestartActivity]
09-22 22:28:10.889 I/wm_on_start_called( 2392): [89524022,com.android.launcher3.uioverrides.QuickstepLauncher,handleStartActivity]
09-22 22:28:10.890 I/wm_on_resume_called( 2392): [89524022,com.android.launcher3.uioverrides.QuickstepLauncher,RESUME_ACTIVITY]
09-22 22:28:10.890 I/wm_on_top_resumed_gained_called( 2392): [89524022,com.android.launcher3.uioverrides.QuickstepLauncher,topWhenResuming]
09-22 22:28:10.891 I/input_focus( 1451): [Focus leaving bd42a36 com.android.deskclock/android.service.dreams.DreamActivity (server),reason=NO_WINDOW]
09-22 22:28:10.892 I/view_enqueue_input_event( 2538): [Motion - Cancel,com.android.deskclock/android.service.dreams.DreamActivity]
09-22 22:28:10.897 I/input_focus( 1451): [Focus request fc61119 com.android.launcher3/com.android.launcher3.uioverrides.QuickstepLauncher,reason=UpdateInputWindows]
09-22 22:28:10.901 I/input_interaction( 1451): Interaction with: edge-swipe (server), swipe-up (server), PointerEventDispatcher0 (server),
09-22 22:28:10.919 I/PowerManagerService( 1451): Powering on display group fromDreaming (groupId=0, uid=1000, reason=WAKE_REASON_UNKNOWN, details=android.server.power:DREAM_FINISHED)...
09-22 22:28:10.919 I/PowerManagerService( 1451): Waking up from Dreaming (uid=1000, reason=WAKE_REASON_UNKNOWN, details=android.server.power:DREAM_FINISHED)...
09-22 22:28:10.925 I/input_focus( 1451): [Focus entering fc61119 com.android.launcher3/com.android.launcher3.uioverrides.QuickstepLauncher (server),reason=setFocusedWindow]
09-22 22:28:10.943 I/WindowManager( 1451): Could not transfer touch to the status bar
09-22 22:28:11.067 W/OverlayManager( 1451): service 'idmap' died
09-22 22:28:11.161 I/wm_destroy_activity( 1451): [0,199627847,10,com.android.deskclock/android.service.dreams.DreamActivity,finish-imm:idle]
09-22 22:28:11.180 I/wm_on_stop_called( 2538): [199627847,android.service.dreams.DreamActivity,LIFECYCLER_STOP_ACTIVITY]
09-22 22:28:11.180 I/wm_on_destroy_called( 2538): [199627847,android.service.dreams.DreamActivity,performDestroy]
09-22 22:28:11.184 I/DreamManagerService( 1451): Leaving dreamland.
09-22 22:28:11.184 I/DreamManagerService( 1451): Performing gentle wake from dream.
09-22 22:28:11.185 I/DreamController( 1451): Stopping dream: name=ComponentInfo{com.android.deskclock/com.android.deskclock.Screensaver}, isTest=false, canDoze=false, userId=0, reason='finished self'(from 'finished self')
09-22 22:28:11.185 I/sysui_multi_action( 1451): [757,222,758,2]
09-22 22:28:11.185 I/sysui_multi_action( 1451): [757,804,799,dreaming_minutes,801,0,802,1]
09-22 22:28:11.194 I/wm_task_removed( 1451): [10,removeChild:removeChild last r=ActivityRecord{be61447 u0 com.android.deskclock/android.service.dreams.DreamActivity t-1 f}} in t=Task{47352be #10 type=dream A=10066:android:com.android.deskclock/dream U=0 visible=false mode=fullscreen translucent=true sz=0}]
09-22 22:28:11.194 I/wm_task_removed( 1451): [10,removeChild]
09-22 22:28:11.198 W/ActivityTaskManager( 1451): Can't find TaskDisplayArea to determine support for multi window. Task id=10 attached=false
09-22 22:28:11.827 F/linker ( 3876): CANNOT LINK EXECUTABLE "/vendor/bin/hw/qvrservice": library "vendor.qti.hardware.qxr-V1-ndk_platform.so" not found: needed by /vendor/lib64/libqvrservice.so in namespace (default)
09-22 22:28:11.829 F/linker ( 3877): CANNOT LINK EXECUTABLE "/vendor/bin/hw/sxrservice": library "vendor.qti.hardware.qxr-V1-ndk_platform.so" not found: needed by main executable
09-22 22:28:12.687 I/input_interaction( 1451): Interaction with: fc61119 com.android.launcher3/com.android.launcher3.uioverrides.QuickstepLauncher (server), a2ed885 com.android.systemui.ImageWallpaper (server), edge-swipe (server), swipe-up (server), PointerEventDispatcher0 (server),
09-22 22:28:12.828 I/ActivityTaskManager( 1451): START u0 {act=android.intent.action.MAIN cat=[android.intent.category.LAUNCHER] flg=0x10200000 cmp=com.android.settings/.Settings bnds=[2111,696][2292,883]} from uid 10076
09-22 22:28:12.834 I/wm_task_moved( 1451): [9,1,6]
09-22 22:28:12.834 I/wm_task_to_front( 1451): [0,9]
09-22 22:28:12.835 I/wm_focused_root_task( 1451): [0,0,9,1,bringingFoundTaskToFront]
09-22 22:28:12.836 I/wm_set_resumed_activity( 1451): [0,com.android.settings/.Settings,bringingFoundTaskToFront]
09-22 22:28:12.837 I/wm_new_intent( 1451): [0,2744048,9,com.android.settings/.Settings,android.intent.action.MAIN,NULL,NULL,270532608]
09-22 22:28:12.841 I/wm_pause_activity( 1451): [0,89524022,com.android.launcher3/.uioverrides.QuickstepLauncher,userLeaving=true,pauseBackTasks]
09-22 22:28:12.853 I/wm_on_top_resumed_lost_called( 2392): [89524022,com.android.launcher3.uioverrides.QuickstepLauncher,topStateChangedWhenResumed]
09-22 22:28:12.857 I/wm_on_paused_called( 2392): [89524022,com.android.launcher3.uioverrides.QuickstepLauncher,performPause]
09-22 22:28:12.860 I/wm_set_resumed_activity( 1451): [0,com.android.settings/.Settings,resumeTopActivityInnerLocked]
09-22 22:28:12.860 I/wm_add_to_stopping( 1451): [0,89524022,com.android.launcher3/.uioverrides.QuickstepLauncher,makeInvisible]
09-22 22:28:12.862 I/wm_resume_activity( 1451): [0,2744048,9,com.android.settings/.Settings]
09-22 22:28:12.880 I/input_focus( 1451): [Focus leaving fc61119 com.android.launcher3/com.android.launcher3.uioverrides.QuickstepLauncher (server),reason=NO_WINDOW]
09-22 22:28:12.880 I/sysui_multi_action( 1451): [757,803,799,window_time_0,802,2]
09-22 22:28:12.884 I/wm_on_restart_called( 2203): [2744048,com.android.settings.Settings,performRestartActivity]
09-22 22:28:12.895 I/wm_on_start_called( 2203): [2744048,com.android.settings.Settings,handleStartActivity]
09-22 22:28:12.896 I/snet_event_log( 2203): [120484087,-1,]
09-22 22:28:12.896 I/wm_on_resume_called( 2203): [2744048,com.android.settings.Settings,RESUME_ACTIVITY]
09-22 22:28:12.904 I/sysui_multi_action( 2203): [757,746,758,1,833,0,1089,0]
09-22 22:28:12.905 D/TelephonyRegistry( 1451): listen oscl: mHasNotifySubscriptionInfoChangedOccurred==false no callback
09-22 22:28:12.907 D/TelephonyRegistry( 1451): listen oscl: mHasNotifySubscriptionInfoChangedOccurred==false no callback
09-22 22:28:12.916 I/sysui_multi_action( 2203): [757,35,758,1,833,0,1089,0]
09-22 22:28:12.918 I/wm_on_top_resumed_gained_called( 2203): [2744048,com.android.settings.Settings,topWhenResuming]
09-22 22:28:12.923 I/input_focus( 1451): [Focus request cc12349 com.android.settings/com.android.settings.Settings,reason=UpdateInputWindows]
09-22 22:28:12.940 I/sysui_multi_action( 1451): [319,44,321,41,322,107,325,100,757,761,758,9,759,4,806,com.android.settings,871,com.android.settings.Settings,904,com.android.launcher3,905,0,1320,4,1321,1]
09-22 22:28:12.944 I/input_focus( 1451): [Focus entering cc12349 com.android.settings/com.android.settings.Settings (server),reason=setFocusedWindow]
09-22 22:28:13.418 I/wm_stop_activity( 1451): [0,89524022,com.android.launcher3/.uioverrides.QuickstepLauncher]
09-22 22:28:13.436 I/wm_on_stop_called( 2392): [89524022,com.android.launcher3.uioverrides.QuickstepLauncher,STOP_ACTIVITY_ITEM]
09-22 22:28:14.232 I/input_interaction( 1451): Interaction with: cc12349 com.android.settings/com.android.settings.Settings (server), edge-swipe (server), swipe-up (server), PointerEventDispatcher0 (server),
09-22 22:28:14.285 I/view_enqueue_input_event( 2203): [Motion - Cancel,com.android.settings/com.android.settings.Settings]
09-22 22:28:14.297 I/input_interaction( 1451): Interaction with: edge-swipe (server), swipe-up (server), PointerEventDispatcher0 (server),
09-22 22:28:14.537 I/sysui_multi_action( 1451): [757,803,799,key_back_press,802,1]
09-22 22:28:14.540 I/input_interaction( 1451): Interaction with: cc12349 com.android.settings/com.android.settings.Settings (server), PointerEventDispatcher0 (server),
09-22 22:28:14.542 I/ActivityTaskManager( 1451): moveTaskToBack: Task{bdc83fa #9 type=standard A=1000:com.android.settings.root U=0 visible=true mode=fullscreen translucent=false sz=1}
09-22 22:28:14.542 I/wm_task_moved( 1451): [9,0,0]
09-22 22:28:14.546 I/wm_focused_root_task( 1451): [0,0,1,9,moveTaskToBackLocked]
09-22 22:28:14.546 I/wm_add_to_stopping( 1451): [0,2744048,com.android.settings/.Settings,makeInvisible]
09-22 22:28:14.548 I/wm_pause_activity( 1451): [0,2744048,com.android.settings/.Settings,userLeaving=false,pauseBackTasks]
09-22 22:28:14.550 I/wm_set_resumed_activity( 1451): [0,com.android.launcher3/.uioverrides.QuickstepLauncher,resumeTopActivityInnerLocked]
09-22 22:28:14.551 I/wm_resume_activity( 1451): [0,89524022,8,com.android.launcher3/.uioverrides.QuickstepLauncher]
09-22 22:28:14.560 I/wm_on_top_resumed_lost_called( 2203): [2744048,com.android.settings.Settings,topStateChangedWhenResumed]
09-22 22:28:14.563 I/wm_on_restart_called( 2392): [89524022,com.android.launcher3.uioverrides.QuickstepLauncher,performRestartActivity]
09-22 22:28:14.563 I/wm_on_start_called( 2392): [89524022,com.android.launcher3.uioverrides.QuickstepLauncher,handleStartActivity]
09-22 22:28:14.564 I/wm_on_resume_called( 2392): [89524022,com.android.launcher3.uioverrides.QuickstepLauncher,RESUME_ACTIVITY]
09-22 22:28:14.564 I/input_focus( 1451): [Focus leaving cc12349 com.android.settings/com.android.settings.Settings (server),reason=NO_WINDOW]
09-22 22:28:14.564 I/wm_on_top_resumed_gained_called( 2392): [89524022,com.android.launcher3.uioverrides.QuickstepLauncher,topStateChangedWhenResumed]
09-22 22:28:14.565 I/sysui_multi_action( 1451): [757,803,799,window_time_0,802,1]
09-22 22:28:14.569 I/sysui_multi_action( 2203): [757,746,758,2,1089,1665]
09-22 22:28:14.574 I/sysui_multi_action( 2203): [757,35,758,2,1089,1658]
09-22 22:28:14.575 I/wm_on_paused_called( 2203): [2744048,com.android.settings.Settings,performPause]
09-22 22:28:14.587 I/input_focus( 1451): [Focus request fc61119 com.android.launcher3/com.android.launcher3.uioverrides.QuickstepLauncher,reason=UpdateInputWindows]
09-22 22:28:14.614 I/input_focus( 1451): [Focus entering fc61119 com.android.launcher3/com.android.launcher3.uioverrides.QuickstepLauncher (server),reason=Window became focusable. Previous reason: NOT_VISIBLE]
09-22 22:28:14.970 I/wm_stop_activity( 1451): [0,2744048,com.android.settings/.Settings]
09-22 22:28:15.017 I/wm_on_stop_called( 2203): [2744048,com.android.settings.Settings,STOP_ACTIVITY_ITEM]
09-22 22:28:15.495 I/input_interaction( 1451): Interaction with: fc61119 com.android.launcher3/com.android.launcher3.uioverrides.QuickstepLauncher (server), a2ed885 com.android.systemui.ImageWallpaper (server), edge-swipe (server), swipe-up (server), PointerEventDispatcher0 (server),
09-22 22:28:15.597 I/sysui_multi_action( 1451): [757,127,758,1]
09-22 22:28:15.597 I/sysui_multi_action( 1451): [757,804,799,note_load,801,1,802,1]
09-22 22:28:15.598 I/notification_panel_revealed( 1451): 1
09-22 22:28:15.615 I/input_focus( 1451): [Focus request f3befb5 NotificationShade,reason=UpdateInputWindows]
09-22 22:28:15.635 I/input_focus( 1451): [Focus leaving fc61119 com.android.launcher3/com.android.launcher3.uioverrides.QuickstepLauncher (server),reason=setFocusedWindow]
09-22 22:28:15.635 I/input_focus( 1451): [Focus entering f3befb5 NotificationShade (server),reason=setFocusedWindow]
09-22 22:28:15.641 I/input_interaction( 1451): Interaction with: fc61119 com.android.launcher3/com.android.launcher3.uioverrides.QuickstepLauncher (server), a2ed885 com.android.systemui.ImageWallpaper (server), f3befb5 NotificationShade (server), edge-swipe (server), swipe-up (server), PointerEventDispatcher0 (server),
09-22 22:28:15.641 I/view_enqueue_input_event( 2392): [Motion - Cancel,com.android.launcher3/com.android.launcher3.uioverrides.QuickstepLauncher]
09-22 22:28:15.643 I/sysui_multi_action( 1803): [757,803,799,panel_open,802,1]
09-22 22:28:15.643 I/sysui_multi_action( 1803): [757,1328,758,4,1326,57,1327,20,1329,0]
09-22 22:28:15.655 I/input_interaction( 1451): Interaction with: a2ed885 com.android.systemui.ImageWallpaper (server), f3befb5 NotificationShade (server), edge-swipe (server), swipe-up (server), PointerEventDispatcher0 (server),
09-22 22:28:15.669 I/notification_enqueue( 1451): [10081,1803,com.android.systemui,2048,NULL,0,Notification(channel=updateNotification shortcut=null contentView=null vibrate=null sound=null defaults=0x0 flags=0x0 color=0x00000000 vis=PRIVATE),1]
09-22 22:28:15.669 I/sysui_multi_action( 1803): [757,111,758,2]
09-22 22:28:15.670 I/sysui_multi_action( 1803): [757,111,758,2]
09-22 22:28:15.679 I/sysui_multi_action( 1803): [757,111,758,1]
09-22 22:28:15.680 I/sysui_multi_action( 1803): [757,126,758,1,759,126,927,0,928,0,1593,0]
09-22 22:28:15.680 I/sysui_multi_action( 1803): [757,113,758,1,759,113,927,1,928,1,1593,0]
09-22 22:28:15.680 I/sysui_multi_action( 1803): [757,0,758,1,759,0,927,2,928,0,1593,0]
09-22 22:28:15.680 I/sysui_multi_action( 1803): [757,0,758,1,759,0,927,3,928,0,1593,0]
09-22 22:28:15.680 I/sysui_multi_action( 1803): [757,1706,758,1,759,1706,927,4,928,0,1593,0]
09-22 22:28:15.680 I/sysui_multi_action( 1803): [757,491,758,1,759,491,927,5,928,0,1311,-1,1593,0]
09-22 22:28:15.681 I/sysui_multi_action( 1803): [757,0,758,1,759,0,927,6,928,0,1593,0]
09-22 22:28:15.681 I/sysui_multi_action( 1803): [757,111,758,1]
09-22 22:28:15.681 I/sysui_multi_action( 1803): [757,126,758,1,759,126,927,0,928,0,1593,0]
09-22 22:28:15.681 I/sysui_multi_action( 1803): [757,113,758,1,759,113,927,1,928,1,1593,0]
09-22 22:28:15.681 I/sysui_multi_action( 1803): [757,0,758,1,759,0,927,2,928,0,1593,0]
09-22 22:28:15.681 I/sysui_multi_action( 1803): [757,0,758,1,759,0,927,3,928,0,1593,0]
09-22 22:28:15.704 I/sysui_multi_action( 1803): [757,111,758,2]
09-22 22:28:15.704 I/notification_enqueue( 1451): [10081,1803,com.android.systemui,2048,NULL,0,Notification(channel=updateNotification shortcut=null contentView=null vibrate=null sound=null defaults=0x0 flags=0x0 color=0x00000000 vis=PRIVATE),1]
09-22 22:28:15.704 I/sysui_multi_action( 1803): [757,111,758,2]
09-22 22:28:15.711 I/sysui_multi_action( 1803): [757,111,758,1]
09-22 22:28:15.711 I/sysui_multi_action( 1803): [757,126,758,1,759,126,927,0,928,0,1593,0]
09-22 22:28:15.711 I/sysui_multi_action( 1803): [757,113,758,1,759,113,927,1,928,1,1593,0]
09-22 22:28:15.711 I/sysui_multi_action( 1803): [757,0,758,1,759,0,927,2,928,0,1593,0]
09-22 22:28:15.711 I/sysui_multi_action( 1803): [757,0,758,1,759,0,927,3,928,0,1593,0]
09-22 22:28:15.711 I/sysui_multi_action( 1803): [757,1706,758,1,759,1706,927,4,928,0,1593,0]
