09-22 22:31:54.106 I/BpBinder( 927): onLastStrongRef automatically unlinking death recipients:
09-22 22:31:54.123 I/BpBinder( 927): onLastStrongRef automatically unlinking death recipients:
09-22 22:31:54.140 I/BpBinder( 927): onLastStrongRef automatically unlinking death recipients:
09-22 22:31:54.156 I/BpBinder( 927): onLastStrongRef automatically unlinking death recipients:
09-22 22:31:54.173 I/BpBinder( 927): onLastStrongRef automatically unlinking death recipients:
09-22 22:31:54.227 I/sysui_multi_action( 1451): [757,803,799,key_back_press,802,1]
09-22 22:31:54.229 I/BpBinder( 927): onLastStrongRef automatically unlinking death recipients:
09-22 22:31:54.230 I/input_interaction( 1451): Interaction with: cc12349 com.android.settings/com.android.settings.Settings (server), PointerEventDispatcher0 (server),
09-22 22:31:54.251 I/ActivityTaskManager( 1451): moveTaskToBack: Task{bdc83fa #9 type=standard A=1000:com.android.settings.root U=0 visible=true mode=freeform translucent=false sz=1}
09-22 22:31:54.251 I/wm_task_moved( 1451): [9,0,0]
09-22 22:31:54.255 I/wm_focused_root_task( 1451): [0,0,1,9,moveTaskToBackLocked]
09-22 22:31:54.256 I/input_focus( 1451): [Focus request fc61119 com.android.launcher3/com.android.launcher3.uioverrides.QuickstepLauncher,reason=UpdateInputWindows]
09-22 22:31:54.256 I/wm_on_top_resumed_lost_called( 2203): [2744048,com.android.settings.Settings,topStateChangedWhenResumed]
09-22 22:31:54.261 D/audio_hw_primary( 812): out_set_parameters: enter: usecase(1: low-latency-playback) kvpairs: suspend_playback=false
09-22 22:31:54.261 D/audio_hw_extn( 812): audio_extn_fm_set_parameters: Enter
09-22 22:31:54.261 W/audio_hw_primary( 812): out_write: underrun(153) frames_by_time(48236) > out->last_fifo_frames_remaining(384)
09-22 22:31:54.262 I/wm_on_top_resumed_gained_called( 2392): [89524022,com.android.launcher3.uioverrides.QuickstepLauncher,topStateChangedWhenResumed]
09-22 22:31:54.273 I/input_focus( 1451): [Focus leaving cc12349 com.android.settings/com.android.settings.Settings (server),reason=setFocusedWindow]
09-22 22:31:54.274 I/input_focus( 1451): [Focus entering fc61119 com.android.launcher3/com.android.launcher3.uioverrides.QuickstepLauncher (server),reason=setFocusedWindow]
09-22 22:31:54.277 D/Sogou ( 3087): onUnbindInput finish
09-22 22:31:54.278 D/Sogou ( 3087): onFinishInput:
09-22 22:31:54.300 D/audio_hw_primary( 812): out_set_parameters: enter: usecase(1: low-latency-playback) kvpairs: suspend_playback=true
09-22 22:31:54.301 D/audio_hw_extn( 812): audio_extn_fm_set_parameters: Enter
09-22 22:31:54.362 I/mpu_uart( 655): [MSG-P:RECV]:No message received in 1000 ms
09-22 22:31:54.884 I/input_interaction( 1451): Interaction with: cc12349 com.android.settings/com.android.settings.Settings (server), edge-swipe (server), swipe-up (server), PointerEventDispatcher0 (server),
09-22 22:31:54.885 I/wm_task_moved( 1451): [9,1,8]
09-22 22:31:54.885 I/wm_task_to_front( 1451): [0,9]
09-22 22:31:54.889 I/wm_set_resumed_activity( 1451): [0,com.android.settings/.Settings,positionChildAt]
09-22 22:31:54.889 I/wm_focused_root_task( 1451): [0,0,9,1,setFocusedTask]
09-22 22:31:54.889 I/wm_set_resumed_activity( 1451): [0,com.android.settings/.Settings,setFocusedTask]
09-22 22:31:54.890 I/input_focus( 1451): [Focus request cc12349 com.android.settings/com.android.settings.Settings,reason=UpdateInputWindows]
09-22 22:31:54.891 I/wm_on_top_resumed_lost_called( 2392): [89524022,com.android.launcher3.uioverrides.QuickstepLauncher,topStateChangedWhenResumed]
09-22 22:31:54.910 I/wm_on_top_resumed_gained_called( 2203): [2744048,com.android.settings.Settings,topStateChangedWhenResumed]
09-22 22:31:54.913 I/input_focus( 1451): [Focus leaving fc61119 com.android.launcher3/com.android.launcher3.uioverrides.QuickstepLauncher (server),reason=setFocusedWindow]
09-22 22:31:54.913 I/input_focus( 1451): [Focus entering cc12349 com.android.settings/com.android.settings.Settings (server),reason=setFocusedWindow]
09-22 22:31:54.932 D/Sogou ( 3087): onUnbindInput finish
09-22 22:31:54.932 D/Sogou ( 3087): onFinishInput:
09-22 22:31:55.036 D/BufferPoolAccessor2.0( 1200): bufferpool2 0xecc817c8 : 0(0 size) total buffers - 0(0 size) used buffers - 94/102 (recycle/alloc) - 8/198 (fetch/transfer)
09-22 22:31:55.036 D/BufferPoolAccessor2.0( 1200): evictor expired: 1, evicted: 1
09-22 22:31:55.301 D/audio_hw_primary( 812): out_set_parameters: enter: usecase(1: low-latency-playback) kvpairs: suspend_playback=false
09-22 22:31:55.301 D/audio_hw_extn( 812): audio_extn_fm_set_parameters: Enter
09-22 22:31:55.302 W/audio_hw_primary( 812): out_write: underrun(154) frames_by_time(48175) > out->last_fifo_frames_remaining(384)
09-22 22:31:55.343 D/audio_hw_primary( 812): out_set_parameters: enter: usecase(1: low-latency-playback) kvpairs: suspend_playback=true
09-22 22:31:55.343 D/audio_hw_extn( 812): audio_extn_fm_set_parameters: Enter
09-22 22:31:55.362 I/mpu_uart( 655): [MSG-P:RECV]:No message received in 1000 ms
09-22 22:31:55.530 I/mpu_uart( 655): [MSG-P:R]:recv sync frame timeout
09-22 22:31:56.083 I/InputDispatcher( 1451): Monitor swipe-up (server) is stealing touch from [cc12349 com.android.settings/com.android.settings.Settings (server), ]
09-22 22:31:56.084 I/view_enqueue_input_event( 2203): [Motion - Cancel,com.android.settings/com.android.settings.Settings]
09-22 22:31:56.085 I/input_interaction( 1451): Interaction with: edge-swipe (server), swipe-up (server), PointerEventDispatcher0 (server),
09-22 22:31:56.088 I/hwservicemanager( 513): getTransport: Cannot find entry android.hardware.light@2.0::ILight/default in either framework or device VINTF manifest.
09-22 22:31:56.090 E/light ( 4614): light_open lights keyboard failed: -22
09-22 22:31:56.090 E/light ( 4614): Light passthrough failed to load legacy HAL.
09-22 22:31:56.090 E/light ( 4614): light_open lights buttons failed: -22
09-22 22:31:56.090 E/light ( 4614): Light passthrough failed to load legacy HAL.
09-22 22:31:56.092 E/light ( 4614): light_open lights bluetooth failed: -22
09-22 22:31:56.092 E/light ( 4614): Light passthrough failed to load legacy HAL.
09-22 22:31:56.092 E/light ( 4614): light_open lights wifi failed: -22
09-22 22:31:56.092 E/light ( 4614): Light passthrough failed to load legacy HAL.
09-22 22:31:56.092 I/hwservicemanager( 513): getTransport: Cannot find entry android.hardware.light@2.0::ILight/default in either framework or device VINTF manifest.
09-22 22:31:56.092 E/HidlServiceManagement( 4614): Service android.hardware.light@2.0::ILight/default must be in VINTF manifest in order to register/get.
09-22 22:31:56.092 E/LegacySupport( 4614): Could not register service android.hardware.light@2.0::ILight/default (-2147483648).
09-22 22:31:56.344 D/audio_hw_primary( 812): out_set_parameters: enter: usecase(1: low-latency-playback) kvpairs: suspend_playback=false
09-22 22:31:56.344 D/audio_hw_extn( 812): audio_extn_fm_set_parameters: Enter
09-22 22:31:56.344 D/audio_hw_primary( 812): out_standby: enter: stream (0xe45464c0) usecase(1: low-latency-playback)
09-22 22:31:56.363 I/mpu_uart( 655): [MSG-P:RECV]:No message received in 1000 ms
09-22 22:31:56.363 D/audio_hw_primary( 812): disable_audio_route: reset and update mixer path: low-latency-playback
09-22 22:31:56.364 E/soundtrigger( 812): audio_extn_sound_trigger_update_stream_status: invalid input device 0x0, for event 2
09-22 22:31:56.364 D/soundtrigger( 812): audio_extn_sound_trigger_update_stream_status: uc_info->id 1 of type 0 for Event 2, with Raise=0
09-22 22:31:56.364 D/msm8974_platform( 812): platform_split_snd_device: snd_device(2) num devices(0) new_snd_devices(0)
09-22 22:31:56.364 I/msm8974_platform( 812): platform_get_custom_mtmx_params: no matching param with id 0 ip_ch 2 op_ch 2 uc_id 1 snd_dev 2
09-22 22:31:56.364 D/hardware_info( 812): hw_info_append_hw_type : device_name = speaker
09-22 22:31:56.364 D/audio_hw_primary( 812): disable_snd_device: snd_device(2: speaker)
09-22 22:31:56.364 D/msm8974_platform( 812): platform_split_snd_device: snd_device(2) num devices(0) new_snd_devices(0)
09-22 22:31:56.365 I/soundtrigger( 812): audio_extn_sound_trigger_update_device_status: device 0x2 of type 0 for Event 0, with Raise=0
09-22 22:31:56.365 D/audio_hw_primary( 812): out_standby: exit
09-22 22:31:56.540 I/ActivityTaskManager( 1451): START u0 {act=android.intent.action.MAIN cat=[android.intent.category.HOME] flg=0x10000000 cmp=com.android.launcher3/.uioverrides.QuickstepLauncher} from uid 10076
09-22 22:31:56.541 I/EventSequenceValidator( 1451): inc AccIntentStartedEvents to 2
09-22 22:31:56.543 I/wm_task_moved( 1451): [1,1,8]
09-22 22:31:56.544 I/wm_on_top_resumed_lost_called( 2203): [2744048,com.android.settings.Settings,topStateChangedWhenResumed]
09-22 22:31:56.545 I/wm_set_resumed_activity( 1451): [0,com.android.launcher3/.uioverrides.QuickstepLauncher,positionChildAt]
09-22 22:31:56.545 I/wm_task_moved( 1451): [8,1,2147483647]
09-22 22:31:56.545 I/wm_task_to_front( 1451): [0,8]
09-22 22:31:56.545 I/wm_focused_root_task( 1451): [0,0,1,9,bringingFoundTaskToFront]
09-22 22:31:56.545 I/wm_set_resumed_activity( 1451): [0,com.android.launcher3/.uioverrides.QuickstepLauncher,bringingFoundTaskToFront]
09-22 22:31:56.546 I/wm_new_intent( 1451): [0,89524022,8,com.android.launcher3/.uioverrides.QuickstepLauncher,android.intent.action.MAIN,NULL,NULL,268435712]
09-22 22:31:56.546 I/wm_task_moved( 1451): [1,1,8]
09-22 22:31:56.547 I/wm_set_resumed_activity( 1451): [0,com.android.launcher3/.uioverrides.QuickstepLauncher,positionChildAt]
09-22 22:31:56.552 I/input_focus( 1451): [Focus request fc61119 com.android.launcher3/com.android.launcher3.uioverrides.QuickstepLauncher,reason=UpdateInputWindows]
09-22 22:31:56.553 I/wm_on_paused_called( 2392): [89524022,com.android.launcher3.uioverrides.QuickstepLauncher,performPause]
09-22 22:31:56.554 I/EventSequenceValidator( 1451): dec AccIntentStartedEvents to 1
09-22 22:31:56.557 I/wm_on_resume_called( 2392): [89524022,com.android.launcher3.uioverrides.QuickstepLauncher,LIFECYCLER_RESUME_ACTIVITY]
09-22 22:31:56.561 V/ShadeControllerImpl( 1803): NotificationShadeWindow: com.android.systemui.statusbar.phone.NotificationShadeWindowView{6600874 I.E...... ......ID 0,0-2380,1020} canPanelBeCollapsed(): false
09-22 22:31:56.563 I/wm_on_top_resumed_gained_called( 2392): [89524022,com.android.launcher3.uioverrides.QuickstepLauncher,topStateChangedWhenResumed]
09-22 22:31:56.563 I/input_focus( 1451): [Focus leaving cc12349 com.android.settings/com.android.settings.Settings (server),reason=setFocusedWindow]
09-22 22:31:56.563 I/input_focus( 1451): [Focus entering fc61119 com.android.launcher3/com.android.launcher3.uioverrides.QuickstepLauncher (server),reason=setFocusedWindow]
09-22 22:31:56.569 D/Sogou ( 3087): onUnbindInput finish
09-22 22:31:56.569 D/Sogou ( 3087): onFinishInput:
09-22 22:31:57.061 I/input_interaction( 1451): Interaction with: 2329d16 StatusBar (server), edge-swipe (server), swipe-up (server), PointerEventDispatcher0 (server),
09-22 22:31:57.067 I/sysui_multi_action( 1803): [757,803,799,panel_open,802,1]
09-22 22:31:57.068 I/sysui_multi_action( 1803): [757,1328,758,4,1326,34,1327,2,1329,0]
09-22 22:31:57.114 F/linker ( 4616): CANNOT LINK EXECUTABLE "/vendor/bin/hw/sxrservice": library "vendor.qti.hardware.qxr-V1-ndk_platform.so" not found: needed by main executable
09-22 22:31:57.114 F/linker ( 4615): CANNOT LINK EXECUTABLE "/vendor/bin/hw/qvrservice": library "vendor.qti.hardware.qxr-V1-ndk_platform.so" not found: needed by /vendor/lib64/libqvrservice.so in namespace (default)
09-22 22:31:57.120 D/StatusBar( 1803): disable disable2
09-22 22:31:57.120 I/sysui_multi_action( 1451): [757,127,758,1]
09-22 22:31:57.120 I/sysui_multi_action( 1451): [757,804,799,note_load,801,2,802,1]
09-22 22:31:57.120 I/notification_panel_revealed( 1451): 2
09-22 22:31:57.124 I/notification_enqueue( 1451): [10081,1803,com.android.systemui,2048,NULL,0,Notification(channel=updateNotification shortcut=null contentView=null vibrate=null sound=null defaults=0x0 flags=0x0 color=0x00000000 vis=PRIVATE),1]
09-22 22:31:57.124 I/sysui_multi_action( 1803): [757,111,758,2]
09-22 22:31:57.125 I/sysui_multi_action( 1803): [757,111,758,2]
09-22 22:31:57.136 W/RingtonePlayer( 1803): STOP command without a player
09-22 22:31:57.143 I/input_focus( 1451): [Focus request f3befb5 NotificationShade,reason=UpdateInputWindows]
09-22 22:31:57.150 I/sysui_multi_action( 1803): [757,111,758,1]
09-22 22:31:57.150 I/sysui_multi_action( 1803): [757,126,758,1,759,126,927,0,928,0,1593,1]
09-22 22:31:57.151 I/sysui_multi_action( 1803): [757,113,758,1,759,113,927,1,928,1,1593,1]
09-22 22:31:57.151 I/sysui_multi_action( 1803): [757,0,758,1,759,0,927,2,928,0,1593,1]
09-22 22:31:57.151 I/sysui_multi_action( 1803): [757,0,758,1,759,0,927,3,928,0,1593,1]
09-22 22:31:57.151 I/sysui_multi_action( 1803): [757,1706,758,1,759,1706,927,4,928,0,1593,1]
09-22 22:31:57.151 I/sysui_multi_action( 1803): [757,491,758,1,759,491,927,5,928,0,1311,-1,1593,0]
09-22 22:31:57.151 I/sysui_multi_action( 1803): [757,0,758,1,759,0,927,6,928,0,1593,0]
09-22 22:31:57.151 I/sysui_multi_action( 1803): [757,111,758,1]
09-22 22:31:57.152 I/sysui_multi_action( 1803): [757,126,758,1,759,126,927,0,928,0,1593,1]
09-22 22:31:57.152 I/sysui_multi_action( 1803): [757,113,758,1,759,113,927,1,928,1,1593,1]
09-22 22:31:57.152 I/sysui_multi_action( 1803): [757,0,758,1,759,0,927,2,928,0,1593,1]
09-22 22:31:57.152 I/sysui_multi_action( 1803): [757,0,758,1,759,0,927,3,928,0,1593,1]
09-22 22:31:57.156 W/View ( 1803): requestLayout() improperly called by com.android.systemui.util.animation.UniqueObjectHostView{24dc5a4 V.E...... ......ID 0,0-666,156} during layout: running second layout pass
09-22 22:31:57.165 I/input_focus( 1451): [Focus leaving fc61119 com.android.launcher3/com.android.launcher3.uioverrides.QuickstepLauncher (server),reason=Waiting for window because NOT_VISIBLE]
09-22 22:31:57.174 I/sysui_multi_action( 1803): [757,111,758,2]
09-22 22:31:57.174 I/notification_enqueue( 1451): [10081,1803,com.android.systemui,2048,NULL,0,Notification(channel=updateNotification shortcut=null contentView=null vibrate=null sound=null defaults=0x0 flags=0x0 color=0x00000000 vis=PRIVATE),1]
09-22 22:31:57.174 I/sysui_multi_action( 1803): [757,111,758,2]
09-22 22:31:57.180 I/sysui_multi_action( 1803): [757,111,758,1]
09-22 22:31:57.180 I/sysui_multi_action( 1803): [757,126,758,1,759,126,927,0,928,0,1593,1]
09-22 22:31:57.180 I/sysui_multi_action( 1803): [757,113,758,1,759,113,927,1,928,1,1593,1]
09-22 22:31:57.180 I/sysui_multi_action( 1803): [757,0,758,1,759,0,927,2,928,0,1593,1]
09-22 22:31:57.180 I/sysui_multi_action( 1803): [757,0,758,1,759,0,927,3,928,0,1593,1]
09-22 22:31:57.180 I/sysui_multi_action( 1803): [757,1706,758,1,759,1706,927,4,928,0,1593,1]
09-22 22:31:57.180 I/sysui_multi_action( 1803): [757,491,758,1,759,491,927,5,928,0,1311,-1,1593,0]
09-22 22:31:57.181 I/sysui_multi_action( 1803): [757,0,758,1,759,0,927,6,928,0,1593,0]
09-22 22:31:57.181 I/sysui_multi_action( 1803): [757,111,758,1]
09-22 22:31:57.181 I/sysui_multi_action( 1803): [757,126,758,1,759,126,927,0,928,0,1593,1]
09-22 22:31:57.181 I/sysui_multi_action( 1803): [757,113,758,1,759,113,927,1,928,1,1593,1]
09-22 22:31:57.181 I/sysui_multi_action( 1803): [757,0,758,1,759,0,927,2,928,0,1593,1]
09-22 22:31:57.181 I/sysui_multi_action( 1803): [757,0,758,1,759,0,927,3,928,0,1593,1]
09-22 22:31:57.181 I/input_focus( 1451): [Focus entering f3befb5 NotificationShade (server),reason=Window became focusable. Previous reason: NOT_VISIBLE]
09-22 22:31:57.183 W/View ( 1803): requestLayout() improperly called by com.android.systemui.util.animation.UniqueObjectHostView{24dc5a4 V.E...... ......ID 0,0-666,156} during layout: running second layout pass
09-22 22:31:57.200 I/sysui_multi_action( 1803): [757,111,758,2]
09-22 22:31:57.200 I/notification_enqueue( 1451): [10081,1803,com.android.systemui,2048,NULL,0,Notification(channel=updateNotification shortcut=null contentView=null vibrate=null sound=null defaults=0x0 flags=0x0 color=0x00000000 vis=PRIVATE),1]
09-22 22:31:57.200 I/sysui_multi_action( 1803): [757,111,758,2]
09-22 22:31:57.206 I/sysui_multi_action( 1803): [757,111,758,1]
09-22 22:31:57.206 I/sysui_multi_action( 1803): [757,126,758,1,759,126,927,0,928,0,1593,1]
09-22 22:31:57.206 I/sysui_multi_action( 1803): [757,113,758,1,759,113,927,1,928,1,1593,1]
09-22 22:31:57.206 I/sysui_multi_action( 1803): [757,0,758,1,759,0,927,2,928,0,1593,1]
09-22 22:31:57.206 I/sysui_multi_action( 1803): [757,0,758,1,759,0,927,3,928,0,1593,1]
09-22 22:31:57.206 I/sysui_multi_action( 1803): [757,1706,758,1,759,1706,927,4,928,0,1593,1]
09-22 22:31:57.207 I/sysui_multi_action( 1803): [757,491,758,1,759,491,927,5,928,0,1311,-1,1593,0]
09-22 22:31:57.207 I/sysui_multi_action( 1803): [757,0,758,1,759,0,927,6,928,0,1593,0]
09-22 22:31:57.207 I/sysui_multi_action( 1803): [757,111,758,1]
09-22 22:31:57.207 I/sysui_multi_action( 1803): [757,126,758,1,759,126,927,0,928,0,1593,1]
09-22 22:31:57.207 I/sysui_multi_action( 1803): [757,113,758,1,759,113,927,1,928,1,1593,1]
09-22 22:31:57.207 I/sysui_multi_action( 1803): [757,0,758,1,759,0,927,2,928,0,1593,1]
09-22 22:31:57.207 I/sysui_multi_action( 1803): [757,0,758,1,759,0,927,3,928,0,1593,1]
09-22 22:31:57.209 W/View ( 1803): requestLayout() improperly called by com.android.systemui.util.animation.UniqueObjectHostView{24dc5a4 V.E...... ......ID 0,0-666,156} during layout: running second layout pass
09-22 22:31:57.221 I/sysui_multi_action( 1803): [757,111,758,2]
09-22 22:31:57.221 I/sysui_multi_action( 1803): [757,111,758,2]
09-22 22:31:57.222 I/notification_enqueue( 1451): [10081,1803,com.android.systemui,2048,NULL,0,Notification(channel=updateNotification shortcut=null contentView=null vibrate=null sound=null defaults=0x0 flags=0x0 color=0x00000000 vis=PRIVATE),1]
09-22 22:31:57.225 I/sysui_multi_action( 1803): [757,111,758,1]
09-22 22:31:57.225 I/sysui_multi_action( 1803): [757,126,758,1,759,126,927,0,928,0,1593,1]
09-22 22:31:57.225 I/sysui_multi_action( 1803): [757,113,758,1,759,113,927,1,928,1,1593,1]
09-22 22:31:57.225 I/sysui_multi_action( 1803): [757,0,758,1,759,0,927,2,928,0,1593,1]
09-22 22:31:57.225 I/sysui_multi_action( 1803): [757,0,758,1,759,0,927,3,928,0,1593,1]
09-22 22:31:57.226 I/sysui_multi_action( 1803): [757,1706,758,1,759,1706,927,4,928,0,1593,1]
09-22 22:31:57.226 I/sysui_multi_action( 1803): [757,491,758,1,759,491,927,5,928,0,1311,-1,1593,0]
09-22 22:31:57.226 I/sysui_multi_action( 1803): [757,0,758,1,759,0,927,6,928,0,1593,0]
09-22 22:31:57.226 I/sysui_multi_action( 1803): [757,111,758,1]
09-22 22:31:57.226 I/sysui_multi_action( 1803): [757,126,758,1,759,126,927,0,928,0,1593,1]
09-22 22:31:57.226 I/sysui_multi_action( 1803): [757,113,758,1,759,113,927,1,928,1,1593,1]
09-22 22:31:57.226 I/sysui_multi_action( 1803): [757,0,758,1,759,0,927,2,928,0,1593,1]
09-22 22:31:57.226 I/sysui_multi_action( 1803): [757,0,758,1,759,0,927,3,928,0,1593,1]
09-22 22:31:57.228 W/View ( 1803): requestLayout() improperly called by com.android.systemui.util.animation.UniqueObjectHostView{24dc5a4 V.E...... ......ID 0,0-666,156} during layout: running second layout pass
09-22 22:31:57.237 I/sysui_multi_action( 1803): [757,111,758,2]
09-22 22:31:57.237 I/notification_enqueue( 1451): [10081,1803,com.android.systemui,2048,NULL,0,Notification(channel=updateNotification shortcut=null contentView=null vibrate=null sound=null defaults=0x0 flags=0x0 color=0x00000000 vis=PRIVATE),1]
09-22 22:31:57.237 I/sysui_multi_action( 1803): [757,111,758,2]
09-22 22:31:57.241 I/sysui_multi_action( 1803): [757,111,758,1]
09-22 22:31:57.241 I/sysui_multi_action( 1803): [757,126,758,1,759,126,927,0,928,0,1593,1]
09-22 22:31:57.241 I/sysui_multi_action( 1803): [757,113,758,1,759,113,927,1,928,1,1593,1]
09-22 22:31:57.241 I/sysui_multi_action( 1803): [757,0,758,1,759,0,927,2,928,0,1593,1]
09-22 22:31:57.241 I/sysui_multi_action( 1803): [757,0,758,1,759,0,927,3,928,0,1593,1]
09-22 22:31:57.241 I/sysui_multi_action( 1803): [757,1706,758,1,759,1706,927,4,928,0,1593,1]
09-22 22:31:57.241 I/sysui_multi_action( 1803): [757,491,758,1,759,491,927,5,928,0,1311,-1,1593,0]
09-22 22:31:57.242 I/sysui_multi_action( 1803): [757,0,758,1,759,0,927,6,928,0,1593,0]
09-22 22:31:57.242 I/sysui_multi_action( 1803): [757,111,758,1]
09-22 22:31:57.242 I/sysui_multi_action( 1803): [757,126,758,1,759,126,927,0,928,0,1593,1]
09-22 22:31:57.242 I/sysui_multi_action( 1803): [757,113,758,1,759,113,927,1,928,1,1593,1]
09-22 22:31:57.242 I/sysui_multi_action( 1803): [757,0,758,1,759,0,927,2,928,0,1593,1]
09-22 22:31:57.242 I/sysui_multi_action( 1803): [757,0,758,1,759,0,927,3,928,0,1593,1]
09-22 22:31:57.243 W/View ( 1803): requestLayout() improperly called by com.android.systemui.util.animation.UniqueObjectHostView{24dc5a4 V.E...... ......ID 0,0-666,156} during layout: running second layout pass
09-22 22:31:57.253 I/sysui_multi_action( 1803): [757,111,758,2]
09-22 22:31:57.253 I/notification_enqueue( 1451): [10081,1803,com.android.systemui,2048,NULL,0,Notification(channel=updateNotification shortcut=null contentView=null vibrate=null sound=null defaults=0x0 flags=0x0 color=0x00000000 vis=PRIVATE),1]
09-22 22:31:57.253 I/sysui_multi_action( 1803): [757,111,758,2]
09-22 22:31:57.257 I/sysui_multi_action( 1803): [757,111,758,1]
09-22 22:31:57.257 I/sysui_multi_action( 1803): [757,126,758,1,759,126,927,0,928,0,1593,1]
09-22 22:31:57.257 I/sysui_multi_action( 1803): [757,113,758,1,759,113,927,1,928,1,1593,1]
09-22 22:31:57.257 I/sysui_multi_action( 1803): [757,0,758,1,759,0,927,2,928,0,1593,1]
09-22 22:31:57.257 I/sysui_multi_action( 1803): [757,0,758,1,759,0,927,3,928,0,1593,1]
09-22 22:31:57.257 I/sysui_multi_action( 1803): [757,1706,758,1,759,1706,927,4,928,0,1593,1]
09-22 22:31:57.257 I/sysui_multi_action( 1803): [757,491,758,1,759,491,927,5,928,0,1311,-1,1593,0]
09-22 22:31:57.257 I/sysui_multi_action( 1803): [757,0,758,1,759,0,927,6,928,0,1593,0]
09-22 22:31:57.257 I/sysui_multi_action( 1803): [757,111,758,1]
09-22 22:31:57.257 I/sysui_multi_action( 1803): [757,126,758,1,759,126,927,0,928,0,1593,1]
09-22 22:31:57.257 I/sysui_multi_action( 1803): [757,113,758,1,759,113,927,1,928,1,1593,1]
09-22 22:31:57.257 I/sysui_multi_action( 1803): [757,0,758,1,759,0,927,2,928,0,1593,1]
09-22 22:31:57.257 I/sysui_multi_action( 1803): [757,0,758,1,759,0,927,3,928,0,1593,1]
09-22 22:31:57.259 W/View ( 1803): requestLayout() improperly called by com.android.systemui.util.animation.UniqueObjectHostView{24dc5a4 V.E...... ......ID 0,0-666,156} during layout: running second layout pass
09-22 22:31:57.268 I/sysui_multi_action( 1803): [757,111,758,2]
09-22 22:31:57.268 I/notification_enqueue( 1451): [10081,1803,com.android.systemui,2048,NULL,0,Notification(channel=updateNotification shortcut=null contentView=null vibrate=null sound=null defaults=0x0 flags=0x0 color=0x00000000 vis=PRIVATE),1]
09-22 22:31:57.269 I/sysui_multi_action( 1803): [757,111,758,2]
09-22 22:31:57.272 I/sysui_multi_action( 1803): [757,111,758,1]
09-22 22:31:57.272 I/sysui_multi_action( 1803): [757,126,758,1,759,126,927,0,928,0,1593,1]
09-22 22:31:57.272 I/sysui_multi_action( 1803): [757,113,758,1,759,113,927,1,928,1,1593,1]
09-22 22:31:57.272 I/sysui_multi_action( 1803): [757,0,758,1,759,0,927,2,928,0,1593,1]
09-22 22:31:57.272 I/sysui_multi_action( 1803): [757,0,758,1,759,0,927,3,928,0,1593,1]
09-22 22:31:57.272 I/sysui_multi_action( 1803): [757,1706,758,1,759,1706,927,4,928,0,1593,1]
09-22 22:31:57.272 I/sysui_multi_action( 1803): [757,491,758,1,759,491,927,5,928,0,1311,-1,1593,0]
09-22 22:31:57.272 I/sysui_multi_action( 1803): [757,0,758,1,759,0,927,6,928,0,1593,0]
09-22 22:31:57.272 I/sysui_multi_action( 1803): [757,111,758,1]
09-22 22:31:57.272 I/sysui_multi_action( 1803): [757,126,758,1,759,126,927,0,928,0,1593,1]
09-22 22:31:57.272 I/sysui_multi_action( 1803): [757,113,758,1,759,113,927,1,928,1,1593,1]
09-22 22:31:57.273 I/sysui_multi_action( 1803): [757,0,758,1,759,0,927,2,928,0,1593,1]
09-22 22:31:57.273 I/sysui_multi_action( 1803): [757,0,758,1,759,0,927,3,928,0,1593,1]
09-22 22:31:57.274 W/View ( 1803): requestLayout() improperly called by com.android.systemui.util.animation.UniqueObjectHostView{24dc5a4 V.E...... ......ID 0,0-666,156} during layout: running second layout pass
09-22 22:31:57.284 I/sysui_multi_action( 1803): [757,111,758,2]
09-22 22:31:57.284 I/sysui_multi_action( 1803): [757,111,758,2]
09-22 22:31:57.284 I/notification_enqueue( 1451): [10081,1803,com.android.systemui,2048,NULL,0,Notification(channel=updateNotification shortcut=null contentView=null vibrate=null sound=null defaults=0x0 flags=0x0 color=0x00000000 vis=PRIVATE),1]
09-22 22:31:57.288 I/sysui_multi_action( 1803): [757,111,758,1]
09-22 22:31:57.288 I/sysui_multi_action( 1803): [757,126,758,1,759,126,927,0,928,0,1593,1]
09-22 22:31:57.288 I/sysui_multi_action( 1803): [757,113,758,1,759,113,927,1,928,1,1593,1]
09-22 22:31:57.288 I/sysui_multi_action( 1803): [757,0,758,1,759,0,927,2,928,0,1593,1]
09-22 22:31:57.288 I/sysui_multi_action( 1803): [757,0,758,1,759,0,927,3,928,0,1593,1]
09-22 22:31:57.288 I/sysui_multi_action( 1803): [757,1706,758,1,759,1706,927,4,928,0,1593,1]
09-22 22:31:57.288 I/sysui_multi_action( 1803): [757,491,758,1,759,491,927,5,928,0,1311,-1,1593,0]
09-22 22:31:57.288 I/sysui_multi_action( 1803): [757,0,758,1,759,0,927,6,928,0,1593,0]
09-22 22:31:57.288 I/sysui_multi_action( 1803): [757,111,758,1]
09-22 22:31:57.288 I/sysui_multi_action( 1803): [757,126,758,1,759,126,927,0,928,0,1593,1]
09-22 22:31:57.288 I/sysui_multi_action( 1803): [757,113,758,1,759,113,927,1,928,1,1593,1]
09-22 22:31:57.288 I/sysui_multi_action( 1803): [757,0,758,1,759,0,927,2,928,0,1593,1]
09-22 22:31:57.288 I/sysui_multi_action( 1803): [757,0,758,1,759,0,927,3,928,0,1593,1]
09-22 22:31:57.290 W/View ( 1803): requestLayout() improperly called by com.android.systemui.util.animation.UniqueObjectHostView{24dc5a4 V.E...... ......ID 0,0-666,156} during layout: running second layout pass
09-22 22:31:57.299 I/sysui_multi_action( 1803): [757,111,758,2]
09-22 22:31:57.299 I/notification_enqueue( 1451): [10081,1803,com.android.systemui,2048,NULL,0,Notification(channel=updateNotification shortcut=null contentView=null vibrate=null sound=null defaults=0x0 flags=0x0 color=0x00000000 vis=PRIVATE),1]
09-22 22:31:57.299 I/sysui_multi_action( 1803): [757,111,758,2]
09-22 22:31:57.303 I/sysui_multi_action( 1803): [757,111,758,1]
09-22 22:31:57.303 I/sysui_multi_action( 1803): [757,126,758,1,759,126,927,0,928,0,1593,1]
09-22 22:31:57.303 I/sysui_multi_action( 1803): [757,113,758,1,759,113,927,1,928,1,1593,1]
09-22 22:31:57.303 I/sysui_multi_action( 1803): [757,0,758,1,759,0,927,2,928,0,1593,1]
09-22 22:31:57.303 I/sysui_multi_action( 1803): [757,0,758,1,759,0,927,3,928,0,1593,1]
09-22 22:31:57.303 I/sysui_multi_action( 1803): [757,1706,758,1,759,1706,927,4,928,0,1593,1]
09-22 22:31:57.303 I/sysui_multi_action( 1803): [757,491,758,1,759,491,927,5,928,0,1311,-1,1593,0]
09-22 22:31:57.303 I/sysui_multi_action( 1803): [757,0,758,1,759,0,927,6,928,0,1593,0]
09-22 22:31:57.303 I/sysui_multi_action( 1803): [757,111,758,1]
09-22 22:31:57.303 I/sysui_multi_action( 1803): [757,126,758,1,759,126,927,0,928,0,1593,1]
09-22 22:31:57.303 I/sysui_multi_action( 1803): [757,113,758,1,759,113,927,1,928,1,1593,1]
09-22 22:31:57.303 I/sysui_multi_action( 1803): [757,0,758,1,759,0,927,2,928,0,1593,1]
09-22 22:31:57.303 I/sysui_multi_action( 1803): [757,0,758,1,759,0,927,3,928,0,1593,1]
09-22 22:31:57.305 W/View ( 1803): requestLayout() improperly called by com.android.systemui.util.animation.UniqueObjectHostView{24dc5a4 V.E...... ......ID 0,0-666,156} during layout: running second layout pass
09-22 22:31:57.315 I/sysui_multi_action( 1803): [757,111,758,2]
09-22 22:31:57.315 I/sysui_multi_action( 1803): [757,111,758,2]
09-22 22:31:57.315 I/notification_enqueue( 1451): [10081,1803,com.android.systemui,2048,NULL,0,Notification(channel=updateNotification shortcut=null contentView=null vibrate=null sound=null defaults=0x0 flags=0x0 color=0x00000000 vis=PRIVATE),1]
09-22 22:31:57.319 I/sysui_multi_action( 1803): [757,111,758,1]
09-22 22:31:57.319 I/sysui_multi_action( 1803): [757,126,758,1,759,126,927,0,928,0,1593,1]
09-22 22:31:57.319 I/sysui_multi_action( 1803): [757,113,758,1,759,113,927,1,928,1,1593,1]
09-22 22:31:57.319 I/sysui_multi_action( 1803): [757,0,758,1,759,0,927,2,928,0,1593,1]
09-22 22:31:57.319 I/sysui_multi_action( 1803): [757,0,758,1,759,0,927,3,928,0,1593,1]
09-22 22:31:57.319 I/sysui_multi_action( 1803): [757,1706,758,1,759,1706,927,4,928,0,1593,1]
09-22 22:31:57.319 I/sysui_multi_action( 1803): [757,491,758,1,759,491,927,5,928,0,1311,-1,1593,0]
09-22 22:31:57.319 I/sysui_multi_action( 1803): [757,0,758,1,759,0,927,6,928,0,1593,0]
09-22 22:31:57.319 I/sysui_multi_action( 1803): [757,111,758,1]
09-22 22:31:57.319 I/sysui_multi_action( 1803): [757,126,758,1,759,126,927,0,928,0,1593,1]
09-22 22:31:57.319 I/sysui_multi_action( 1803): [757,113,758,1,759,113,927,1,928,1,1593,1]
09-22 22:31:57.319 I/sysui_multi_action( 1803): [757,0,758,1,759,0,927,2,928,0,1593,1]
09-22 22:31:57.319 I/sysui_multi_action( 1803): [757,0,758,1,759,0,927,3,928,0,1593,1]
09-22 22:31:57.321 W/View ( 1803): requestLayout() improperly called by com.android.systemui.util.animation.UniqueObjectHostView{24dc5a4 V.E...... ......ID 0,0-666,156} during layout: running second layout pass
09-22 22:31:57.326 I/sysui_multi_action( 1451): [757,1501,758,1,793,256161,794,0,795,203,796,2048,806,com.android.systemui,857,updateNotification,858,3,947,0,1500,0,1688,1]
09-22 22:31:57.326 I/sysui_multi_action( 1451): [757,804,799,note_interruptive,801,0,802,1]
09-22 22:31:57.326 I/sysui_multi_action( 1451): [757,199,758,1,759,2,793,256161,794,0,795,203,796,2048,806,com.android.systemui,857,updateNotification,858,3,947,0,1500,0,1688,1]
09-22 22:31:57.326 I/notification_alert( 1451): [0|com.android.systemui|2048|null|10081,0,1,0]
09-22 22:31:57.327 W/NotificationHistory( 1451): Attempted to add notif for locked/gone/disabled user 0
09-22 22:31:57.329 D/Avrcp_ext( 1802): AudioManager Player: AudioPlaybackConfiguration piid:71 deviceId:0 type:android.media.SoundPool u/pid:1000/1451 state:idle attr:AudioAttributes: usage=USAGE_ASSISTANCE_SONIFICATION content=CONTENT_TYPE_SONIFICATION flags=0x800 tags= bundle=null sessionId:0
09-22 22:31:57.329 D/Avrcp_ext( 1802): AudioManager Player: AudioPlaybackConfiguration piid:263 deviceId:0 type:android.media.MediaPlayer u/pid:10081/1803 state:idle attr:AudioAttributes: usage=USAGE_NOTIFICATION content=CONTENT_TYPE_SONIFICATION flags=0x800 tags= bundle=null sessionId:0
09-22 22:31:57.329 D/Avrcp_ext( 1802): AudioManager Player: AudioPlaybackConfiguration piid:79 deviceId:0 type:android.media.SoundPool u/pid:10081/1803 state:idle attr:AudioAttributes: usage=USAGE_ASSISTANCE_SONIFICATION content=CONTENT_TYPE_SONIFICATION flags=0x800 tags= bundle=null sessionId:0
09-22 22:31:57.329 D/Avrcp_ext( 1802): AudioManager isPlaying: false, mAudioPlaybackIsActive = false
09-22 22:31:57.329 D/Avrcp_ext( 1802): AudioManager Reset Active Player
09-22 22:31:57.330 W/MediaProvider( 2808): Failed to fetch original file descriptor
09-22 22:31:57.330 W/MediaProvider( 2808): java.io.IOException: stat failed: EACCES (Permission denied)
09-22 22:31:57.330 W/MediaProvider( 2808): at com.android.providers.media.MediaProvider.getFileFromFileDescriptor(MediaProvider.java:5794)
09-22 22:31:57.330 W/MediaProvider( 2808): at com.android.providers.media.MediaProvider.getOriginalMediaFormatFileDescriptor(MediaProvider.java:5711)
09-22 22:31:57.330 W/MediaProvider( 2808): at com.android.providers.media.MediaProvider.openTypedAssetFileCommon(MediaProvider.java:7134)
09-22 22:31:57.330 W/MediaProvider( 2808): at com.android.providers.media.MediaProvider.openTypedAssetFile(MediaProvider.java:7115)
09-22 22:31:57.330 W/MediaProvider( 2808): at android.content.ContentProvider$Transport.openTypedAssetFile(ContentProvider.java:548)
09-22 22:31:57.330 W/MediaProvider( 2808): at android.content.ContentProviderNative.onTransact(ContentProviderNative.java:327)
09-22 22:31:57.330 W/MediaProvider( 2808): at android.os.Binder.execTransactInternal(Binder.java:1184)
09-22 22:31:57.330 W/MediaProvider( 2808): at android.os.Binder.execTransact(Binder.java:1143)
09-22 22:31:57.330 W/MediaProvider( 2808): Caused by: android.system.ErrnoException: stat failed: EACCES (Permission denied)
09-22 22:31:57.330 W/MediaProvider( 2808): at libcore.io.Linux.stat(Native Method)
09-22 22:31:57.330 W/MediaProvider( 2808): at libcore.io.ForwardingOs.stat(ForwardingOs.java:853)
09-22 22:31:57.330 W/MediaProvider( 2808): at libcore.io.BlockGuardOs.stat(BlockGuardOs.java:420)
09-22 22:31:57.330 W/MediaProvider( 2808): at libcore.io.ForwardingOs.stat(ForwardingOs.java:853)
09-22 22:31:57.330 W/MediaProvider( 2808): at android.app.ActivityThread$AndroidOs.stat(ActivityThread.java:7780)
09-22 22:31:57.330 W/MediaProvider( 2808): at android.system.Os.stat(Os.java:919)
09-22 22:31:57.330 W/MediaProvider( 2808): at com.android.providers.media.MediaProvider.getFileFromFileDescriptor(MediaProvider.java:5788)
09-22 22:31:57.330 W/MediaProvider( 2808): ... 7 more
09-22 22:31:57.330 D/NuPlayerDriver( 1200): NuPlayerDriver(0xed2c1b90) created, clientPid(1803)
09-22 22:31:57.333 I/sysui_multi_action( 1803): [757,111,758,2]
09-22 22:31:57.333 I/notification_enqueue( 1451): [10081,1803,com.android.systemui,2048,NULL,0,Notification(channel=updateNotification shortcut=null contentView=null vibrate=null sound=null defaults=0x0 flags=0x0 color=0x00000000 vis=PRIVATE),1]
09-22 22:31:57.333 I/sysui_multi_action( 1803): [757,111,758,2]
09-22 22:31:57.336 I/ExtendedNuUtils( 1200): printFileName fd(8) -> /data/system_de/0/ringtones/notification_sound_cache
09-22 22:31:57.337 I/sysui_multi_action( 1803): [757,111,758,1]
09-22 22:31:57.337 I/sysui_multi_action( 1803): [757,126,758,1,759,126,927,0,928,0,1593,1]
09-22 22:31:57.337 I/sysui_multi_action( 1803): [757,113,758,1,759,113,927,1,928,1,1593,1]
09-22 22:31:57.337 I/sysui_multi_action( 1803): [757,0,758,1,759,0,927,2,928,0,1593,1]
09-22 22:31:57.337 I/sysui_multi_action( 1803): [757,0,758,1,759,0,927,3,928,0,1593,1]
09-22 22:31:57.337 I/sysui_multi_action( 1803): [757,1706,758,1,759,1706,927,4,928,0,1593,1]
09-22 22:31:57.337 I/sysui_multi_action( 1803): [757,491,758,1,759,491,927,5,928,0,1311,-1,1593,0]
09-22 22:31:57.337 I/sysui_multi_action( 1803): [757,0,758,1,759,0,927,6,928,0,1593,0]
09-22 22:31:57.337 I/sysui_multi_action( 1803): [757,111,758,1]
09-22 22:31:57.338 I/sysui_multi_action( 1803): [757,126,758,1,759,126,927,0,928,0,1593,1]
09-22 22:31:57.338 I/sysui_multi_action( 1803): [757,113,758,1,759,113,927,1,928,1,1593,1]
09-22 22:31:57.338 I/sysui_multi_action( 1803): [757,0,758,1,759,0,927,2,928,0,1593,1]
09-22 22:31:57.338 I/sysui_multi_action( 1803): [757,0,758,1,759,0,927,3,928,0,1593,1]
09-22 22:31:57.338 D/GenericSource( 1200): FileSource remote
09-22 22:31:57.339 W/View ( 1803): requestLayout() improperly called by com.android.systemui.util.animation.UniqueObjectHostView{24dc5a4 V.E...... ......ID 0,0-666,156} during layout: running second layout pass
09-22 22:31:57.340 I/MMParserExtractor( 1194): Created(0xb4000075083a2a50)
09-22 22:31:57.341 E/MM_OSAL ( 1194): FileSource::FileSource
09-22 22:31:57.341 E/MM_OSAL ( 1194): FileSource::FileSource m_bEveryThingOK 1
09-22 22:31:57.344 D/MediaBufferGroup( 1194): creating MemoryDealer
09-22 22:31:57.346 I/MediaFocusControl( 1451): requestAudioFocus() from uid/pid 10081/1803 AA=USAGE_NOTIFICATION/CONTENT_TYPE_SONIFICATION clientId=android.media.AudioManager@bb0633f callingPack=com.android.systemui req=3 flags=0x0 sdk=31
09-22 22:31:57.346 I/AudioService.FadeOutManager( 1451): unfadeOutUid() uid:10081
09-22 22:31:57.350 I/sysui_multi_action( 1803): [757,111,758,2]
09-22 22:31:57.350 I/notification_enqueue( 1451): [10081,1803,com.android.systemui,2048,NULL,0,Notification(channel=updateNotification shortcut=null contentView=null vibrate=null sound=null defaults=0x0 flags=0x0 color=0x00000000 vis=PRIVATE),1]
09-22 22:31:57.350 I/sysui_multi_action( 1803): [757,111,758,2]
09-22 22:31:57.354 I/sysui_multi_action( 1803): [757,111,758,1]
09-22 22:31:57.354 I/sysui_multi_action( 1803): [757,126,758,1,759,126,927,0,928,0,1593,1]
09-22 22:31:57.354 I/sysui_multi_action( 1803): [757,113,758,1,759,113,927,1,928,1,1593,1]
09-22 22:31:57.354 I/sysui_multi_action( 1803): [757,0,758,1,759,0,927,2,928,0,1593,1]
09-22 22:31:57.354 I/sysui_multi_action( 1803): [757,0,758,1,759,0,927,3,928,0,1593,1]
09-22 22:31:57.354 I/sysui_multi_action( 1803): [757,1706,758,1,759,1706,927,4,928,0,1593,1]
09-22 22:31:57.354 I/sysui_multi_action( 1803): [757,491,758,1,759,491,927,5,928,0,1311,-1,1593,0]
09-22 22:31:57.354 I/sysui_multi_action( 1803): [757,0,758,1,759,0,927,6,928,0,1593,0]
09-22 22:31:57.354 I/sysui_multi_action( 1803): [757,111,758,1]
09-22 22:31:57.355 I/sysui_multi_action( 1803): [757,126,758,1,759,126,927,0,928,0,1593,1]
09-22 22:31:57.355 I/sysui_multi_action( 1803): [757,113,758,1,759,113,927,1,928,1,1593,1]
09-22 22:31:57.355 I/sysui_multi_action( 1803): [757,0,758,1,759,0,927,2,928,0,1593,1]
09-22 22:31:57.355 I/sysui_multi_action( 1803): [757,0,758,1,759,0,927,3,928,0,1593,1]
09-22 22:31:57.356 W/View ( 1803): requestLayout() improperly called by com.android.systemui.util.animation.UniqueObjectHostView{24dc5a4 V.E...... ......ID 0,0-666,156} during layout: running second layout pass
09-22 22:31:57.363 I/mpu_uart( 655): [MSG-P:RECV]:No message received in 1000 ms
09-22 22:31:57.363 D/InterruptionStateProvider( 1803): No bubble up: not allowed to bubble: 0|com.android.systemui|2048|null|10081
09-22 22:31:57.363 D/InterruptionStateProvider( 1803): No heads up: unimportant notification: 0|com.android.systemui|2048|null|10081
09-22 22:31:57.365 D/PeopleSpaceWidgetMgr( 1803): Sbn doesn't contain valid PeopleTileKey: null/0/com.android.systemui
09-22 22:31:57.368 I/sysui_multi_action( 1803): [757,111,758,2]
09-22 22:31:57.368 I/sysui_multi_action( 1803): [757,111,758,2]
09-22 22:31:57.368 I/notification_enqueue( 1451): [10081,1803,com.android.systemui,2048,NULL,0,Notification(channel=updateNotification shortcut=null contentView=null vibrate=null sound=null defaults=0x0 flags=0x0 color=0x00000000 vis=PRIVATE),1]
09-22 22:31:57.372 I/sysui_multi_action( 1803): [757,111,758,1]
09-22 22:31:57.372 I/sysui_multi_action( 1803): [757,126,758,1,759,126,927,0,928,0,1593,1]
09-22 22:31:57.372 I/sysui_multi_action( 1803): [757,113,758,1,759,113,927,1,928,1,1593,1]
09-22 22:31:57.372 I/sysui_multi_action( 1803): [757,0,758,1,759,0,927,2,928,0,1593,1]
09-22 22:31:57.372 I/sysui_multi_action( 1803): [757,0,758,1,759,0,927,3,928,0,1593,1]
09-22 22:31:57.372 I/sysui_multi_action( 1803): [757,1706,758,1,759,1706,927,4,928,0,1593,1]
09-22 22:31:57.372 I/sysui_multi_action( 1803): [757,491,758,1,759,491,927,5,928,0,1311,-1,1593,0]
09-22 22:31:57.372 I/sysui_multi_action( 1803): [757,0,758,1,759,0,927,6,928,0,1593,0]
09-22 22:31:57.372 I/sysui_multi_action( 1803): [757,111,758,1]
09-22 22:31:57.372 I/sysui_multi_action( 1803): [757,126,758,1,759,126,927,0,928,0,1593,1]
09-22 22:31:57.372 I/sysui_multi_action( 1803): [757,113,758,1,759,113,927,1,928,1,1593,1]
09-22 22:31:57.372 I/sysui_multi_action( 1803): [757,0,758,1,759,0,927,2,928,0,1593,1]
09-22 22:31:57.372 I/sysui_multi_action( 1803): [757,0,758,1,759,0,927,3,928,0,1593,1]
09-22 22:31:57.374 W/View ( 1803): requestLayout() improperly called by com.android.systemui.util.animation.UniqueObjectHostView{24dc5a4 V.E...... ......ID 0,0-666,156} during layout: running second layout pass
09-22 22:31:57.375 E/NotificationService( 1451): Muting recently noisy 0|com.android.systemui|2048|null|10081
09-22 22:31:57.390 D/InterruptionStateProvider( 1803): No bubble up: not allowed to bubble: 0|com.android.systemui|2048|null|10081
09-22 22:31:57.390 D/InterruptionStateProvider( 1803): No heads up: unimportant notification: 0|com.android.systemui|2048|null|10081
09-22 22:31:57.392 D/PeopleSpaceWidgetMgr( 1803): Sbn doesn't contain valid PeopleTileKey: null/0/com.android.systemui
09-22 22:31:57.401 E/NotificationService( 1451): Muting recently noisy 0|com.android.systemui|2048|null|10081
09-22 22:31:57.405 I/OpenGLRenderer( 1803): Davey! duration=9223371712135ms; Flags=0, FrameTimelineVsyncId=21912, IntendedVsync=324717723499, Vsync=324717723499, InputEventId=1520462110, HandleInputStart=324719110708, AnimationStart=324720524770, PerformTraversalsStart=324720924145, DrawStart=324724751489, FrameDeadline=324734390165, FrameInterval=324719108885, FrameStartTime=16666666, SyncQueued=324724760187, SyncStart=324726387531, IssueDrawCommandsStart=324726404562, SwapBuffers=324726498364, FrameCompleted=9223372036854775807, DequeueBufferDuration=6823, QueueBufferDuration=270937, GpuCompleted=9223372036854775807, SwapBuffersCompleted=324726841801, DisplayPresentTime=8108154499973423659,
09-22 22:31:57.420 I/OpenGLRenderer( 1803): Davey! duration=9223371712114ms; Flags=0, FrameTimelineVsyncId=21915, IntendedVsync=324734429890, Vsync=324734429890, InputEventId=0, HandleInputStart=324734785603, AnimationStart=324735756749, PerformTraversalsStart=324736171385, DrawStart=324739037426, FrameDeadline=324767763222, FrameInterval=324734782166, FrameStartTime=16666666, SyncQueued=324739048676, SyncStart=324744604406, IssueDrawCommandsStart=324744631020, SwapBuffers=324744755656, FrameCompleted=9223372036854775807, DequeueBufferDuration=10833, QueueBufferDuration=247500, GpuCompleted=9223372036854775807, SwapBuffersCompleted=324745158468, DisplayPresentTime=318109507,
09-22 22:31:57.424 E/NotificationService( 1451): Muting recently noisy 0|com.android.systemui|2048|null|10081
09-22 22:31:57.437 I/OpenGLRenderer( 1803): Davey! duration=9223371712097ms; Flags=0, FrameTimelineVsyncId=21918, IntendedVsync=324751132504, Vsync=324751132504, InputEventId=0, HandleInputStart=324751420135, AnimationStart=324752446333, PerformTraversalsStart=324753112166, DrawStart=324753947791, FrameDeadline=324784465836, FrameInterval=324751417687, FrameStartTime=16666666, SyncQueued=324753957895, SyncStart=324759943103, IssueDrawCommandsStart=324759966281, SwapBuffers=324760370447, FrameCompleted=9223372036854775807, DequeueBufferDuration=7656, QueueBufferDuration=664479, GpuCompleted=9223372036854775807, SwapBuffersCompleted=324761399562, DisplayPresentTime=1372594964239745024,
09-22 22:31:57.439 E/NotificationService( 1451): Muting recently noisy 0|com.android.systemui|2048|null|10081
09-22 22:31:57.444 D/InterruptionStateProvider( 1803): No bubble up: not allowed to bubble: 0|com.android.systemui|2048|null|10081
09-22 22:31:57.445 D/InterruptionStateProvider( 1803): No heads up: unimportant notification: 0|com.android.systemui|2048|null|10081
09-22 22:31:57.449 D/PeopleSpaceWidgetMgr( 1803): Sbn doesn't contain valid PeopleTileKey: null/0/com.android.systemui
09-22 22:31:57.454 I/OpenGLRenderer( 1803): Davey! duration=9223371712080ms; Flags=0, FrameTimelineVsyncId=21921, IntendedVsync=324767847714, Vsync=324767847714, InputEventId=0, HandleInputStart=324768248051, AnimationStart=324770338989, PerformTraversalsStart=324771581489, DrawStart=324773118468, FrameDeadline=324801181046, FrameInterval=324768243885, FrameStartTime=16666666, SyncQueued=324773142010, SyncStart=324779759093, IssueDrawCommandsStart=324779800343, SwapBuffers=324780370447, FrameCompleted=9223372036854775807, DequeueBufferDuration=14688, QueueBufferDuration=503594, GpuCompleted=9223372036854775807, SwapBuffersCompleted=324781131228, DisplayPresentTime=1371782047507934824,
09-22 22:31:57.455 E/NotificationService( 1451): Muting recently noisy 0|com.android.systemui|2048|null|10081
09-22 22:31:57.464 D/InterruptionStateProvider( 1803): No bubble up: not allowed to bubble: 0|com.android.systemui|2048|null|10081
09-22 22:31:57.464 D/InterruptionStateProvider( 1803): No heads up: unimportant notification: 0|com.android.systemui|2048|null|10081
09-22 22:31:57.468 D/PeopleSpaceWidgetMgr( 1803): Sbn doesn't contain valid PeopleTileKey: null/0/com.android.systemui
09-22 22:31:57.471 E/NotificationService( 1451): Muting recently noisy 0|com.android.systemui|2048|null|10081
09-22 22:31:57.471 I/OpenGLRenderer( 1803): Davey! duration=9223371712066ms; Flags=0, FrameTimelineVsyncId=21924, IntendedVsync=324784552804, Vsync=324784552804, InputEventId=0, HandleInputStart=324787258676, AnimationStart=324789350083, PerformTraversalsStart=324790612635, DrawStart=324794729614, FrameDeadline=324817886136, FrameInterval=324787254249, FrameStartTime=16666666, SyncQueued=324794748781, SyncStart=324798232322, IssueDrawCommandsStart=324798273051, SwapBuffers=324798537426, FrameCompleted=9223372036854775807, DequeueBufferDuration=15729, QueueBufferDuration=403542, GpuCompleted=9223372036854775807, SwapBuffersCompleted=324799158208, DisplayPresentTime=0,
09-22 22:31:57.482 D/InterruptionStateProvider( 1803): No bubble up: not allowed to bubble: 0|com.android.systemui|2048|null|10081
09-22 22:31:57.482 D/InterruptionStateProvider( 1803): No heads up: unimportant notification: 0|com.android.systemui|2048|null|10081
09-22 22:31:57.485 D/PeopleSpaceWidgetMgr( 1803): Sbn doesn't contain valid PeopleTileKey: null/0/com.android.systemui
09-22 22:31:57.486 E/NotificationService( 1451): Muting recently noisy 0|com.android.systemui|2048|null|10081
09-22 22:31:57.487 I/OpenGLRenderer( 1803): Davey! duration=9223371712049ms; Flags=0, FrameTimelineVsyncId=21927, IntendedVsync=324801258304, Vsync=324801258304, InputEventId=0, HandleInputStart=324805544145, AnimationStart=324807310708, PerformTraversalsStart=324808562635, DrawStart=324812498989, FrameDeadline=324834591636, FrameInterval=324805540447, FrameStartTime=16666666, SyncQueued=324812516801, SyncStart=324816864458, IssueDrawCommandsStart=324816902166, SwapBuffers=324817186281, FrameCompleted=9223372036854775807, DequeueBufferDuration=14584, QueueBufferDuration=484844, GpuCompleted=9223372036854775807, SwapBuffersCompleted=324817907739, DisplayPresentTime=1369276019989956722,
09-22 22:31:57.493 D/InterruptionStateProvider( 1803): No bubble up: not allowed to bubble: 0|com.android.systemui|2048|null|10081
09-22 22:31:57.493 D/InterruptionStateProvider( 1803): No heads up: unimportant notification: 0|com.android.systemui|2048|null|10081
09-22 22:31:57.496 D/PeopleSpaceWidgetMgr( 1803): Sbn doesn't contain valid PeopleTileKey: null/0/com.android.systemui
09-22 22:31:57.496 D/InterruptionStateProvider( 1803): No bubble up: not allowed to bubble: 0|com.android.systemui|2048|null|10081
09-22 22:31:57.496 D/InterruptionStateProvider( 1803): No heads up: unimportant notification: 0|com.android.systemui|2048|null|10081
09-22 22:31:57.498 D/PeopleSpaceWidgetMgr( 1803): Sbn doesn't contain valid PeopleTileKey: null/0/com.android.systemui
09-22 22:31:57.501 E/NotificationService( 1451): Muting recently noisy 0|com.android.systemui|2048|null|10081
09-22 22:31:57.504 I/OpenGLRenderer( 1803): Davey! duration=9223371712034ms; Flags=0, FrameTimelineVsyncId=21930, IntendedVsync=324817962554, Vsync=324817962554, InputEventId=0, HandleInputStart=324823162062, AnimationStart=324824478260, PerformTraversalsStart=324825314405, DrawStart=324827565499, FrameDeadline=324851295886, FrameInterval=324823157791, FrameStartTime=16666666, SyncQueued=324827575916, SyncStart=324829920655, IssueDrawCommandsStart=324829941176, SwapBuffers=324830064405, FrameCompleted=9223372036854775807, DequeueBufferDuration=7969, QueueBufferDuration=263333, GpuCompleted=9223372036854775807, SwapBuffersCompleted=324830412530, DisplayPresentTime=1400625675049652146,
09-22 22:31:57.508 D/InterruptionStateProvider( 1803): No bubble up: not allowed to bubble: 0|com.android.systemui|2048|null|10081
09-22 22:31:57.508 D/InterruptionStateProvider( 1803): No heads up: unimportant notification: 0|com.android.systemui|2048|null|10081
09-22 22:31:57.510 D/PeopleSpaceWidgetMgr( 1803): Sbn doesn't contain valid PeopleTileKey: null/0/com.android.systemui
09-22 22:31:57.517 E/NotificationService( 1451): Muting recently noisy 0|com.android.systemui|2048|null|10081
09-22 22:31:57.522 I/OpenGLRenderer( 1803): Davey! duration=9223371712015ms; Flags=0, FrameTimelineVsyncId=21932, IntendedVsync=324834671351, Vsync=324834671351, InputEventId=0, HandleInputStart=324835830135, AnimationStart=324836930760, PerformTraversalsStart=324837575343, DrawStart=324839655708, FrameDeadline=324868004683, FrameInterval=324835827947, FrameStartTime=16666666, SyncQueued=324839664666, SyncStart=324843866593, IssueDrawCommandsStart=324843903780, SwapBuffers=324844039353, FrameCompleted=9223372036854775807, DequeueBufferDuration=7500, QueueBufferDuration=312604, GpuCompleted=9223372036854775807, SwapBuffersCompleted=324844436801, DisplayPresentTime=319193229,
09-22 22:31:57.535 E/NotificationService( 1451): Muting recently noisy 0|com.android.systemui|2048|null|10081
09-22 22:31:57.537 I/OpenGLRenderer( 1803): Davey! duration=9223371711996ms; Flags=0, FrameTimelineVsyncId=21934, IntendedVsync=324851376497, Vsync=324851376497, InputEventId=0, HandleInputStart=324851699197, AnimationStart=324852775291, PerformTraversalsStart=324853345499, DrawStart=324855283937, FrameDeadline=324884709829, FrameInterval=324851694197, FrameStartTime=16666666, SyncQueued=324855294822, SyncStart=324862197322, IssueDrawCommandsStart=324862228676, SwapBuffers=324862416280, FrameCompleted=9223372036854775807, DequeueBufferDuration=11146, QueueBufferDuration=321041, GpuCompleted=9223372036854775807, SwapBuffersCompleted=324862875030, DisplayPresentTime=8110216994813200859,
09-22 22:31:57.541 D/InterruptionStateProvider( 1803): No bubble up: not allowed to bubble: 0|com.android.systemui|2048|null|10081
09-22 22:31:57.541 D/InterruptionStateProvider( 1803): No heads up: unimportant notification: 0|com.android.systemui|2048|null|10081
