09-22 22:31:36.676 D/InterruptionStateProvider( 1803): No bubble up: not allowed to bubble: 0|com.android.systemui|2048|null|10081
09-22 22:31:36.677 D/InterruptionStateProvider( 1803): No heads up: unimportant notification: 0|com.android.systemui|2048|null|10081
09-22 22:31:36.681 D/PeopleSpaceWidgetMgr( 1803): Sbn doesn't contain valid PeopleTileKey: null/0/com.android.systemui
09-22 22:31:36.691 E/NotificationService( 1451): Muting recently noisy 0|com.android.systemui|2048|null|10081
09-22 22:31:36.695 D/InterruptionStateProvider( 1803): No bubble up: not allowed to bubble: 0|com.android.systemui|2048|null|10081
09-22 22:31:36.695 D/InterruptionStateProvider( 1803): No heads up: unimportant notification: 0|com.android.systemui|2048|null|10081
09-22 22:31:36.703 D/PeopleSpaceWidgetMgr( 1803): Sbn doesn't contain valid PeopleTileKey: null/0/com.android.systemui
09-22 22:31:36.708 E/NotificationService( 1451): Muting recently noisy 0|com.android.systemui|2048|null|10081
09-22 22:31:36.712 D/InterruptionStateProvider( 1803): No bubble up: not allowed to bubble: 0|com.android.systemui|2048|null|10081
09-22 22:31:36.713 D/InterruptionStateProvider( 1803): No heads up: unimportant notification: 0|com.android.systemui|2048|null|10081
09-22 22:31:36.717 D/PeopleSpaceWidgetMgr( 1803): Sbn doesn't contain valid PeopleTileKey: null/0/com.android.systemui
09-22 22:31:36.730 D/InterruptionStateProvider( 1803): No bubble up: not allowed to bubble: 0|com.android.systemui|2048|null|10081
09-22 22:31:36.731 D/InterruptionStateProvider( 1803): No heads up: unimportant notification: 0|com.android.systemui|2048|null|10081
09-22 22:31:36.735 D/PeopleSpaceWidgetMgr( 1803): Sbn doesn't contain valid PeopleTileKey: null/0/com.android.systemui
09-22 22:31:36.748 D/InterruptionStateProvider( 1803): No bubble up: not allowed to bubble: 0|com.android.systemui|2048|null|10081
09-22 22:31:36.749 D/InterruptionStateProvider( 1803): No heads up: unimportant notification: 0|com.android.systemui|2048|null|10081
09-22 22:31:36.753 D/PeopleSpaceWidgetMgr( 1803): Sbn doesn't contain valid PeopleTileKey: null/0/com.android.systemui
09-22 22:31:36.771 I/OpenGLRenderer( 1803): Davey! duration=9223371732769ms; Flags=0, FrameTimelineVsyncId=20025, IntendedVsync=304084803481, Vsync=304084803481, InputEventId=0, HandleInputStart=304090691497, AnimationStart=304092608476, PerformTraversalsStart=304093685351, DrawStart=304095764986, FrameDeadline=304101470147, FrameInterval=304090686132, FrameStartTime=16666666, SyncQueued=304096614049, SyncStart=304096698528, IssueDrawCommandsStart=304097094153, SwapBuffers=304099958372, FrameCompleted=9223372036854775807, DequeueBufferDuration=20469, QueueBufferDuration=722031, GpuCompleted=9223372036854775807, SwapBuffersCompleted=304101212903, DisplayPresentTime=0,
09-22 22:31:36.824 I/sysui_multi_action( 1451): [757,128,758,1,793,137512,794,0,795,137512,796,26,798,0,806,android,857,DEVELOPER_IMPORTANT,858,4,947,0,1395,2,1500,137309,1688,1]
09-22 22:31:36.824 I/sysui_multi_action( 1451): [757,804,799,note_freshness,801,137512,802,1]
09-22 22:31:36.824 I/notification_visibility( 1451): [-1|android|26|null|1000,1,137512,137512,0,0]
09-22 22:31:36.825 I/sysui_multi_action( 1451): [757,128,758,1,793,290591,794,0,795,290591,796,32,798,1,806,android,857,USB,858,1,947,0,1395,2,1500,290380,1688,1]
09-22 22:31:36.825 I/sysui_multi_action( 1451): [757,804,799,note_freshness,801,290591,802,1]
09-22 22:31:36.825 I/notification_visibility( 1451): [-1|android|32|null|1000,1,290591,290591,0,1]
09-22 22:31:37.006 I/GenericSource( 1200): start
09-22 22:31:37.006 D/Avrcp_ext( 1802): AudioManager Player: AudioPlaybackConfiguration piid:71 deviceId:0 type:android.media.SoundPool u/pid:1000/1451 state:idle attr:AudioAttributes: usage=USAGE_ASSISTANCE_SONIFICATION content=CONTENT_TYPE_SONIFICATION flags=0x800 tags= bundle=null sessionId:0
09-22 22:31:37.006 D/Avrcp_ext( 1802): AudioManager Player: AudioPlaybackConfiguration piid:231 deviceId:0 type:android.media.MediaPlayer u/pid:10081/1803 state:started attr:AudioAttributes: usage=USAGE_NOTIFICATION content=CONTENT_TYPE_SONIFICATION flags=0x800 tags= bundle=null sessionId:0
09-22 22:31:37.006 D/MediaRouter( 1803): onRestoreRoute() : route=RouteInfo{ name=平板电脑, description=null, status=null, category=RouteCategory{ name=系统 types=ROUTE_TYPE_LIVE_AUDIO ROUTE_TYPE_LIVE_VIDEO groupable=false }, supportedTypes=ROUTE_TYPE_LIVE_AUDIO ROUTE_TYPE_LIVE_VIDEO , presentationDisplay=null }
09-22 22:31:37.006 V/MediaRouter( 1803): Selecting route: RouteInfo{ name=平板电脑, description=null, status=null, category=RouteCategory{ name=系统 types=ROUTE_TYPE_LIVE_AUDIO ROUTE_TYPE_LIVE_VIDEO groupable=false }, supportedTypes=ROUTE_TYPE_LIVE_AUDIO ROUTE_TYPE_LIVE_VIDEO , presentationDisplay=null }
09-22 22:31:37.008 W/Utils ( 1200): track of type 'audio/vorbis' does not publish channel mask, channel count 1
09-22 22:31:37.010 D/Avrcp_ext( 1802): AudioManager Player in started state: com.android.systemui
09-22 22:31:37.010 D/Avrcp_ext( 1802): AudioManager Active Player: com.android.systemui
09-22 22:31:37.011 D/Avrcp_ext( 1802): AudioManager Player: AudioPlaybackConfiguration piid:79 deviceId:0 type:android.media.SoundPool u/pid:10081/1803 state:idle attr:AudioAttributes: usage=USAGE_ASSISTANCE_SONIFICATION content=CONTENT_TYPE_SONIFICATION flags=0x800 tags= bundle=null sessionId:0
09-22 22:31:37.011 D/Avrcp_ext( 1802): AudioManager isPlaying: true, mAudioPlaybackIsActive = false
09-22 22:31:37.011 W/Utils ( 1200): track of type 'audio/vorbis' does not publish channel mask, channel count 1
09-22 22:31:37.012 V/Avrcp_ext( 1802): updateCurrentMediaState: mMediaController: MediaController (com.android.systemui@dc49a66) null
09-22 22:31:37.012 W/Avrcp_ext( 1802): isMusicActive: false getBluetoothPlayState: 2 A2dp State: 11 mAudioPlaybackIsActive: true
09-22 22:31:37.012 D/Avrcp_ext( 1802): isMusicActive = false mAudioPlaybackIsActive = true player state = null
09-22 22:31:37.012 I/Avrcp_ext( 1802): Skipping update due to invalid playback state
09-22 22:31:37.012 V/Avrcp_ext( 1802): updatePlaybackState, state: null device: null
09-22 22:31:37.012 V/Avrcp_ext( 1802): Device: no name:
09-22 22:31:37.012 V/Avrcp_ext( 1802): Device: no name:
09-22 22:31:37.012 V/Avrcp_ext( 1802): Device: no name:
09-22 22:31:37.012 V/Avrcp_ext( 1802): Device: no name:
09-22 22:31:37.012 V/Avrcp_ext( 1802): Device: no name:
09-22 22:31:37.012 V/Avrcp_ext( 1802): updatePlayerStateAndPosition, old=PlaybackState {state=2, position=-1, buffered position=0, speed=0.0, updated=69121, actions=0, custom actions=[], active item id=-1, error=null}, state=null
09-22 22:31:37.012 I/Avrcp_ext( 1802): updatePlayerStateAndPosition: device: state = null
09-22 22:31:37.013 D/audio_hw_primary( 812): adev_get_parameters:is_hw_dec_session_available
09-22 22:31:37.013 D/audio_hw_spkr_prot( 812): fbsp_get_parameters: Speaker protection disabled
09-22 22:31:37.013 D/soundtrigger( 812): audio_extn_sound_trigger_get_parameters input string
09-22 22:31:37.013 D/soundtrigger( 812): extract_sm_handle input string param string
09-22 22:31:37.013 D/audio_hw_extn( 812): audio_extn_fm_get_parameters: Enter
09-22 22:31:37.013 D/audio_hw_extn( 812): audio_extn_get_parameters: returns
09-22 22:31:37.013 D/audio_hw_primary( 812): adev_get_parameters: exit: returns -
09-22 22:31:37.013 I/hash_map_utils( 914): system/bt/osi/src/hash_map_utils.cc:81 hash_map_utils_dump_string_keys_string_values: key: 'is_hw_dec_session_available' value: 'audio/vorbis'
09-22 22:31:37.015 D/CCodec ( 1200): allocate(c2.android.vorbis.decoder)
09-22 22:31:37.017 I/CCodec ( 1200): setting up 'default' as default (vendor) store
09-22 22:31:37.017 V/C2Store ( 1244): in init
09-22 22:31:37.017 V/C2Store ( 1244): loading dll
09-22 22:31:37.021 I/CCodec ( 1200): Created component [c2.android.vorbis.decoder]
09-22 22:31:37.022 D/CCodecConfig( 1200): read media type: audio/vorbis
09-22 22:31:37.024 D/ReflectedParamUpdater( 1200): extent() != 1 for single value type: algo.buffers.max-count.values
09-22 22:31:37.025 D/ReflectedParamUpdater( 1200): extent() != 1 for single value type: output.subscribed-indices.values
09-22 22:31:37.025 D/ReflectedParamUpdater( 1200): extent() != 1 for single value type: input.buffers.allocator-ids.values
09-22 22:31:37.025 D/ReflectedParamUpdater( 1200): extent() != 1 for single value type: output.buffers.allocator-ids.values
09-22 22:31:37.025 D/ReflectedParamUpdater( 1200): extent() != 1 for single value type: algo.buffers.allocator-ids.values
09-22 22:31:37.025 D/ReflectedParamUpdater( 1200): extent() != 1 for single value type: output.buffers.pool-ids.values
09-22 22:31:37.025 D/ReflectedParamUpdater( 1200): extent() != 1 for single value type: algo.buffers.pool-ids.values
09-22 22:31:37.027 I/CCodecConfig( 1200): query failed after returning 7 values (BAD_INDEX)
09-22 22:31:37.027 D/CCodecConfig( 1200): c2 config diff is Dict {
09-22 22:31:37.027 D/CCodecConfig( 1200): c2::u32 coded.bitrate.value = 64000
09-22 22:31:37.027 D/CCodecConfig( 1200): c2::u32 input.buffers.max-size.value = 32768
09-22 22:31:37.027 D/CCodecConfig( 1200): c2::u32 input.delay.value = 0
09-22 22:31:37.027 D/CCodecConfig( 1200): string input.media-type.value = "audio/vorbis"
09-22 22:31:37.027 D/CCodecConfig( 1200): string output.media-type.value = "audio/raw"
09-22 22:31:37.027 D/CCodecConfig( 1200): c2::u32 raw.channel-count.value = 1
09-22 22:31:37.027 D/CCodecConfig( 1200): c2::u32 raw.sample-rate.value = 48000
09-22 22:31:37.027 D/CCodecConfig( 1200): }
09-22 22:31:37.028 D/CCodec ( 1200): [c2.android.vorbis.decoder] buffers are bound to CCodec for this session
09-22 22:31:37.028 D/CCodecConfig( 1200): no c2 equivalents for durationUs
09-22 22:31:37.028 D/CCodecConfig( 1200): no c2 equivalents for csd-1
09-22 22:31:37.028 D/CCodecConfig( 1200): no c2 equivalents for language
09-22 22:31:37.028 D/CCodecConfig( 1200): no c2 equivalents for file-format
09-22 22:31:37.029 D/CCodecConfig( 1200): no c2 equivalents for flags
09-22 22:31:37.029 D/CCodecConfig( 1200): config failed => CORRUPTED
09-22 22:31:37.029 D/CCodecConfig( 1200): c2 config diff is c2::u32 coded.bitrate.value = 70000
09-22 22:31:37.030 W/Codec2Client( 1200): query -- param skipped: index = 1107298332.
09-22 22:31:37.030 D/CCodec ( 1200): setup formats input: AMessage(what = 0x00000000) = {
09-22 22:31:37.030 D/CCodec ( 1200): int32_t bitrate = 70000
09-22 22:31:37.030 D/CCodec ( 1200): int32_t channel-count = 1
09-22 22:31:37.030 D/CCodec ( 1200): int32_t max-input-size = 65307
09-22 22:31:37.030 D/CCodec ( 1200): string mime = "audio/vorbis"
09-22 22:31:37.030 D/CCodec ( 1200): int32_t sample-rate = 48000
09-22 22:31:37.030 D/CCodec ( 1200): }
09-22 22:31:37.030 D/CCodec ( 1200): setup formats output: AMessage(what = 0x00000000) = {
09-22 22:31:37.030 D/CCodec ( 1200): int32_t channel-count = 1
09-22 22:31:37.030 D/CCodec ( 1200): string mime = "audio/raw"
09-22 22:31:37.030 D/CCodec ( 1200): int32_t sample-rate = 48000
09-22 22:31:37.030 D/CCodec ( 1200): int32_t android._config-pcm-encoding = 2
09-22 22:31:37.030 D/CCodec ( 1200): }
09-22 22:31:37.030 I/CCodecConfig( 1200): query failed after returning 7 values (BAD_INDEX)
09-22 22:31:37.030 I/MediaCodec( 1200): MediaCodec will operate in async mode
09-22 22:31:37.031 D/MediaCodec( 1200): keep callback message for reclaim
09-22 22:31:37.031 W/Codec2Client( 1200): query -- param skipped: index = 1342179345.
09-22 22:31:37.031 W/Codec2Client( 1200): query -- param skipped: index = 2415921170.
09-22 22:31:37.032 D/BufferPoolAccessor2.0( 1244): bufferpool2 0xb40000763561d998 : 0(0 size) total buffers - 0(0 size) used buffers - 94/97 (recycle/alloc) - 3/96 (fetch/transfer)
09-22 22:31:37.032 D/BufferPoolAccessor2.0( 1244): Destruction - bufferpool2 0xb40000763561d998 cached: 0/0M, 0/0% in use; allocs: 97, 97% recycled; transfers: 96, 97% unfetched
09-22 22:31:37.033 D/BufferPoolAccessor2.0( 1244): Destruction - bufferpool2 0xb400007635619d78 cached: 0/0M, 0/0% in use; allocs: 97, 96% recycled; transfers: 96, 96% unfetched
09-22 22:31:37.033 D/CCodecBufferChannel( 1200): [c2.android.vorbis.decoder#420] Created input block pool with allocatorID 16 => poolID 35 - OK (0)
09-22 22:31:37.034 D/BufferPoolAccessor2.0( 1200): bufferpool2 0xecc82ae8 : 0(0 size) total buffers - 0(0 size) used buffers - 94/102 (recycle/alloc) - 8/198 (fetch/transfer)
09-22 22:31:37.034 D/BufferPoolAccessor2.0( 1200): Destruction - bufferpool2 0xecc82ae8 cached: 0/0M, 0/0% in use; allocs: 102, 92% recycled; transfers: 198, 96% unfetched
09-22 22:31:37.035 I/CCodecBufferChannel( 1200): [c2.android.vorbis.decoder#420] Created output block pool with allocatorID 16 => poolID 44 - OK
09-22 22:31:37.035 D/BufferPoolAccessor2.0( 1200): Destruction - bufferpool2 0xecc83aa8 cached: 0/0M, 0/0% in use; allocs: 102, 92% recycled; transfers: 198, 96% unfetched
09-22 22:31:37.035 D/CCodecBufferChannel( 1200): [c2.android.vorbis.decoder#420] Configured output block pool ids 44 => OK
09-22 22:31:37.035 D/CCodecBufferChannel( 1200): [c2.android.vorbis.decoder#420] start: updating output delay 0
09-22 22:31:37.036 I/CCodecBufferChannel( 1200): pipelineRoom(3) is <= numClientBuffers(3). Not signalling any more buffers to client
09-22 22:31:37.036 D/SimpleC2Component( 1244): Using output block pool with poolID 44 => got 44 - 0
09-22 22:31:37.037 I/OpenGLRenderer( 1803): Davey! duration=9223371732499ms; Flags=0, FrameTimelineVsyncId=20057, IntendedVsync=304352159881, Vsync=304352159881, InputEventId=0, HandleInputStart=304352548059, AnimationStart=304352551184, PerformTraversalsStart=304354520611, DrawStart=304355970403, FrameDeadline=304385493213, FrameInterval=304352541392, FrameStartTime=16666666, SyncQueued=304356236913, SyncStart=304359602017, IssueDrawCommandsStart=304359997695, SwapBuffers=304362818840, FrameCompleted=9223372036854775807, DequeueBufferDuration=14218, QueueBufferDuration=620052, GpuCompleted=9223372036854775807, SwapBuffersCompleted=304363709049, DisplayPresentTime=72906447096317016,
09-22 22:31:37.037 I/CCodecBufferChannel( 1200): pipelineRoom(2) is <= numClientBuffers(2). Not signalling any more buffers to client
09-22 22:31:37.038 I/CCodecBufferChannel( 1200): pipelineRoom(1) is <= numClientBuffers(1). Not signalling any more buffers to client
09-22 22:31:37.042 I/ExtendedNuUtils( 1200): Both src and dst missing for bit-width
09-22 22:31:37.042 I/ExtendedNuUtils( 1200): Overriding durationUs: with 64 bit src value 1728000
09-22 22:31:37.042 I/ExtendedNuUtils( 1200): Both src and dst missing for channel-mask
09-22 22:31:37.046 D/audio_hw_primary( 812): adev_get_parameters:vr_audio_mode_on
09-22 22:31:37.046 I/audio_hw_primary( 812): getting vr mode to 0
09-22 22:31:37.046 D/audio_hw_primary( 812): adev_get_parameters: exit: returns - vr_audio_mode_on=false
09-22 22:31:37.046 I/hash_map_utils( 914): system/bt/osi/src/hash_map_utils.cc:81 hash_map_utils_dump_string_keys_string_values: key: 'vr_audio_mode_on' value: ''
09-22 22:31:37.047 D/AudioFlinger( 914): Client defaulted notificationFrames to 12000 for frameCount 24000
09-22 22:31:37.049 D/AF::TrackHandle( 914): OpPlayAudio: track:74 usage:5 not muted
09-22 22:31:37.057 I/EffectsFactory( 812): EffectCreate() create_effect
09-22 22:31:37.059 E/volume_listener( 812): check_and_set_gain_dep_cal: Failed to set gain dep cal level
09-22 22:31:37.060 D/audio_hw_primary( 812): start_output_stream: enter: stream(0xe45464c0)usecase(1: low-latency-playback) devices(0x2) is_haptic_usecase(0)
09-22 22:31:37.060 E/ANDR-PERF-TARGET( 872): Error: Invalid logical cluster id 0
09-22 22:31:37.060 E/ANDR-PERF-REQUEST( 872): invalid request
09-22 22:31:37.060 E/ANDR-PERF-MPCTL( 872): invalid request, no optimizations performed
09-22 22:31:37.060 E/audio_hw_extn( 812): audio_extn_perf_lock_acquire: Failed to acquire perf lock, err: -1
09-22 22:31:37.060 D/audio_hw_primary( 812): select_devices for use case (low-latency-playback)
09-22 22:31:37.060 I/msm8974_platform( 812): platform_check_and_set_codec_backend_cfg:becf: afe: bitwidth 16, samplerate 48000 channels 2, backend_idx 0 usecase = 1 device (speaker)
09-22 22:31:37.060 D/msm8974_platform( 812): platform_split_snd_device: snd_device(2) num devices(1) new_snd_devices(0)
09-22 22:31:37.060 I/msm8974_platform( 812): platform_check_and_set_codec_backend_cfg: new_snd_devices[0] is 2
09-22 22:31:37.060 I/msm8974_platform( 812): platform_check_codec_backend_cfg:becf: afe: bitwidth 16, samplerate 48000 channels 2, backend_idx 0 usecase = 1 device (speaker)
09-22 22:31:37.062 D/audio_hw_extn( 812): audio_extn_enable_hifi_filter: mixer_value set 0
09-22 22:31:37.062 D/msm8974_platform( 812): platform_check_codec_backend_cfg:becf: updated afe: bitwidth 16, samplerate 48000 channels 2,backend_idx 0 usecase = 1 device (speaker)
09-22 22:31:37.062 D/msm8974_platform( 812): platform_check_codec_backend_cfg:becf: afe: playback on codec device not supporting native playback set default Sample Rate(48k)
09-22 22:31:37.062 I/msm8974_platform( 812): platform_check_codec_backend_cfg:becf: afe: Codec selected backend: 0 updated bit width: 16 and sample rate: 48000
09-22 22:31:37.062 D/audio_hw_primary( 812): check_usecases_codec_backend:becf: force routing 0
09-22 22:31:37.062 E/msm8974_platform( 812): platform_check_backends_match: Invalid snd_device =
09-22 22:31:37.062 D/audio_hw_primary( 812): check_usecases_codec_backend:becf: (78) check_usecases curr device: speaker, usecase device: backends match 0
09-22 22:31:37.062 D/audio_hw_primary( 812): check_usecases_codec_backend:becf: check_usecases num.of Usecases to switch 0
09-22 22:31:37.062 D/hardware_info( 812): hw_info_append_hw_type : device_name = speaker
09-22 22:31:37.062 D/msm8974_platform( 812): platform_split_snd_device: snd_device(2) num devices(0) new_snd_devices(0)
09-22 22:31:37.062 D/audio_hw_primary( 812): enable_snd_device: snd_device(2: speaker)
09-22 22:31:37.062 D/msm8974_platform( 812): platform_get_island_cfg_on_device:island cfg status on snd_device = (speaker 0)
09-22 22:31:37.062 I/soundtrigger( 812): audio_extn_sound_trigger_update_device_status: device 0x2 of type 0 for Event 1, with Raise=0
09-22 22:31:37.062 D/audio_route( 812): Apply path: speaker
09-22 22:31:37.062 I/audio_hw_utils( 812): audio_extn_utils_update_stream_output_app_type_cfg Allowing 24 and above bits playback on speaker ONLY at default sampling rate
09-22 22:31:37.062 E/soundtrigger( 812): audio_extn_sound_trigger_update_stream_status: invalid input device 0x0, for event 3
09-22 22:31:37.062 D/soundtrigger( 812): audio_extn_sound_trigger_update_stream_status: uc_info->id 1 of type 0 for Event 3, with Raise=0
09-22 22:31:37.062 D/audio_hw_utils( 812): audio_extn_utils_send_app_type_cfg: usecase->out_snd_device speaker
09-22 22:31:37.062 D/msm8974_platform( 812): platform_split_snd_device: snd_device(2) num devices(0) new_snd_devices(0)
09-22 22:31:37.062 D/audio_hw_utils( 812): audio_extn_btsco_get_sample_rate:Not a BT SCO device, need not update sampling rate
09-22 22:31:37.062 I/audio_hw_utils( 812): send_app_type_cfg_for_device PLAYBACK app_type 69937, acdb_dev_id 15, sample_rate 48000, snd_device_be_idx 179
09-22 22:31:37.062 D/Avrcp_ext( 1802): AudioManager Player: AudioPlaybackConfiguration piid:71 deviceId:0 type:android.media.SoundPool u/pid:1000/1451 state:idle attr:AudioAttributes: usage=USAGE_ASSISTANCE_SONIFICATION content=CONTENT_TYPE_SONIFICATION flags=0x800 tags= bundle=null sessionId:0
09-22 22:31:37.062 D/Avrcp_ext( 1802): AudioManager Player: AudioPlaybackConfiguration piid:231 deviceId:3 type:android.media.MediaPlayer u/pid:10081/1803 state:started attr:AudioAttributes: usage=USAGE_NOTIFICATION content=CONTENT_TYPE_SONIFICATION flags=0x800 tags= bundle=null sessionId:0
09-22 22:31:37.063 D/msm8974_platform( 812): platform_split_snd_device: snd_device(2) num devices(1) new_snd_devices(0)
09-22 22:31:37.063 D/audio_hw_utils( 812): audio_extn_btsco_get_sample_rate:Not a BT SCO device, need not update sampling rate
09-22 22:31:37.063 D/ACDB-LOADER( 812): ACDB -> send_audio_cal, acdb_id = 15, path = 0, app id = 0x11131, sample rate = 48000, afe_sample_rate = 48000
09-22 22:31:37.063 D/ACDB-LOADER( 812): ACDB -> send_asm_topology
09-22 22:31:37.063 D/ACDB-LOADER( 812): ACDB -> ACDB_CMD_GET_AUDPROC_STREAM_TOPOLOGY_ID
09-22 22:31:37.063 D/ACDB-LOADER( 812): ACDB -> send_adm_topology
09-22 22:31:37.063 D/ACDB-LOADER( 812): ACDB -> ACDB_CMD_GET_AUDPROC_COMMON_TOPOLOGY_ID
09-22 22:31:37.063 D/ACDB-LOADER( 812): ACDB -> send_audtable
09-22 22:31:37.063 D/ACDB-LOADER( 812): ACDB -> ACDB_CMD_GET_AUDPROC_INSTANCE_COMMON_TABLE_SIZE
09-22 22:31:37.063 D/ACDB-LOADER( 812): ACDB -> ACDB_CMD_GET_AUDPROC_INSTANCE_COMMON_TABLE
09-22 22:31:37.063 D/ACDB-LOADER( 812): ACDB -> AUDIO_SET_AUDPROC_CAL cal_type[11] acdb_id[15] app_type[69937]
09-22 22:31:37.063 D/ACDB-LOADER( 812): ACDB -> send_audvoltable
09-22 22:31:37.063 D/ACDB-LOADER( 812): ACDB -> ACDB_CMD_GET_AUDPROC_INSTANCE_GAIN_DEP_STEP_TABLE_SIZE
09-22 22:31:37.063 D/ACDB-LOADER( 812): ACDB -> ACDB_CMD_GET_AUDPROC_INSTANCE_GAIN_DEP_STEP_TABLE, vol index 0
09-22 22:31:37.063 D/ACDB-LOADER( 812): ACDB -> AUDIO_SET_VOL_CAL cal type = 12
09-22 22:31:37.063 D/ACDB-LOADER( 812): ACDB -> ACDB_CMD_GET_AUDPROC_INSTANCE_STREAM_TABLE_SIZE
09-22 22:31:37.063 D/ACDB-LOADER( 812): ACDB -> send_audstrmtable
09-22 22:31:37.063 D/ACDB-LOADER( 812): ACDB -> ACDB_CMD_GET_AUDPROC_INSTANCE_STREAM_TABLE
09-22 22:31:37.063 D/ACDB-LOADER( 812): ACDB -> audstrm_cal->cal_type.cal_data.cal_size = 20
09-22 22:31:37.063 D/ACDB-LOADER( 812): ACDB -> send_afe_topology
09-22 22:31:37.063 D/ACDB-LOADER( 812): ACDB -> ACDB_CMD_GET_AFE_TOPOLOGY_ID
09-22 22:31:37.063 D/ACDB-LOADER( 812): ACDB -> GET_AFE_TOPOLOGY_ID for adcd_id 15, Topology Id 112fc
09-22 22:31:37.063 D/ACDB-LOADER( 812): ACDB -> send_afe_cal
09-22 22:31:37.063 D/ACDB-LOADER( 812): ACDB -> ACDB_CMD_GET_AFE_INSTANCE_COMMON_TABLE_SIZE
09-22 22:31:37.063 D/android.hardware.audio.service( 812): Failed to fetch the lookup information of the device 0000000F
09-22 22:31:37.063 D/ACDB-LOADER( 812): Error: ACDB_CMD_GET_AFE_INSTANCE_COMMON_TABLE_SIZE Returned = -19
09-22 22:31:37.063 D/ACDB-LOADER( 812): ACDB -> ACDB_CMD_GET_AFE_INSTANCE_COMMON_TABLE
09-22 22:31:37.063 D/android.hardware.audio.service( 812): Failed to fetch the lookup information of the device 0000000F
09-22 22:31:37.063 D/ACDB-LOADER( 812): Error: ACDB AFE returned = -19
09-22 22:31:37.063 D/ACDB-LOADER( 812): ACDB -> AUDIO_SET_AFE_CAL cal_type[16] acdb_id[15]
09-22 22:31:37.063 D/ACDB-LOADER( 812): ACDB -> send_hw_delay : acdb_id = 15 path = 0
09-22 22:31:37.063 D/ACDB-LOADER( 812): ACDB -> ACDB_AVSYNC_INFO: ACDB_CMD_GET_DEVICE_PROPERTY
09-22 22:31:37.063 D/msm8974_platform( 812): platform_split_snd_device: snd_device(2) num devices(0) new_snd_devices(0)
09-22 22:31:37.063 I/msm8974_platform( 812): platform_get_custom_mtmx_params: no matching param with id 0 ip_ch 2 op_ch 2 uc_id 1 snd_dev 2
09-22 22:31:37.063 D/audio_hw_primary( 812): enable_audio_route: apply mixer and update path: low-latency-playback
09-22 22:31:37.063 D/audio_route( 812): Apply path: low-latency-playback
09-22 22:31:37.064 D/Avrcp_ext( 1802): AudioManager Player in started state: com.android.systemui
09-22 22:31:37.064 D/Avrcp_ext( 1802): AudioManager Active Player: com.android.systemui
09-22 22:31:37.064 D/Avrcp_ext( 1802): AudioManager Player: AudioPlaybackConfiguration piid:79 deviceId:0 type:android.media.SoundPool u/pid:10081/1803 state:idle attr:AudioAttributes: usage=USAGE_ASSISTANCE_SONIFICATION content=CONTENT_TYPE_SONIFICATION flags=0x800 tags= bundle=null sessionId:0
09-22 22:31:37.064 D/Avrcp_ext( 1802): AudioManager isPlaying: true, mAudioPlaybackIsActive = true
09-22 22:31:37.064 D/audio_hw_primary( 812): select_devices: done
09-22 22:31:37.084 F/linker ( 4547): CANNOT LINK EXECUTABLE "/vendor/bin/hw/qvrservice": library "vendor.qti.hardware.qxr-V1-ndk_platform.so" not found: needed by /vendor/lib64/libqvrservice.so in namespace (default)
09-22 22:31:37.090 D/msm8974_platform( 812): platform_set_channel_map mixer_ctl_name:Playback Channel Map9
09-22 22:31:37.090 D/msm8974_platform( 812): platform_set_channel_map: set mapping(1 2 0 0 0 0 0 0) for channel:2
09-22 22:31:37.091 E/audio_hw_extn( 812): audio_extn_perf_lock_release: Perf lock release error
09-22 22:31:37.091 D/audio_hw_primary( 812): start_output_stream: exit
09-22 22:31:37.091 D/audio_hw_primary( 812): out_write: retry previous failed cal level set
09-22 22:31:37.091 D/msm8974_platform( 812): platform_split_snd_device: snd_device(2) num devices(1) new_snd_devices(0)
09-22 22:31:37.091 D/ACDB-LOADER( 812): ACDB -> send_audvoltable
09-22 22:31:37.091 D/ACDB-LOADER( 812): ACDB -> ACDB_CMD_GET_AUDPROC_INSTANCE_GAIN_DEP_STEP_TABLE_SIZE
09-22 22:31:37.091 D/ACDB-LOADER( 812): ACDB -> ACDB_CMD_GET_AUDPROC_INSTANCE_GAIN_DEP_STEP_TABLE, vol index 5
09-22 22:31:37.091 D/ACDB-LOADER( 812): ACDB -> AUDIO_SET_VOL_CAL cal type = 40
09-22 22:31:37.095 F/linker ( 4548): CANNOT LINK EXECUTABLE "/vendor/bin/hw/sxrservice": library "vendor.qti.hardware.qxr-V1-ndk_platform.so" not found: needed by main executable
09-22 22:31:37.102 D/msm8974_platform( 812): platform_split_snd_device: snd_device(2) num devices(1) new_snd_devices(0)
09-22 22:31:37.102 D/ACDB-LOADER( 812): ACDB -> send_audvoltable
09-22 22:31:37.102 D/ACDB-LOADER( 812): ACDB -> ACDB_CMD_GET_AUDPROC_INSTANCE_GAIN_DEP_STEP_TABLE_SIZE
09-22 22:31:37.102 D/ACDB-LOADER( 812): ACDB -> ACDB_CMD_GET_AUDPROC_INSTANCE_GAIN_DEP_STEP_TABLE, vol index 2
09-22 22:31:37.102 D/ACDB-LOADER( 812): ACDB -> AUDIO_SET_VOL_CAL cal type = 40
09-22 22:31:37.256 I/OpenGLRenderer( 1803): Davey! duration=9223371732278ms; Flags=0, FrameTimelineVsyncId=20084, IntendedVsync=304569268110, Vsync=304569268110, InputEventId=0, HandleInputStart=304569669726, AnimationStart=304569671601, PerformTraversalsStart=304570156184, DrawStart=304571222226, FrameDeadline=304602601442, FrameInterval=304569665611, FrameStartTime=16666666, SyncQueued=304571280663, SyncStart=304577887017, IssueDrawCommandsStart=304578145507, SwapBuffers=304581409413, FrameCompleted=9223372036854775807, DequeueBufferDuration=14167, QueueBufferDuration=563490, GpuCompleted=9223372036854775807, SwapBuffersCompleted=304582236340, DisplayPresentTime=476432132210688,
09-22 22:31:37.358 I/mpu_uart( 655): [MSG-P:RECV]:No message received in 1000 ms
09-22 22:31:37.512 I/mpu_uart( 655): [MSG-P:R]:recv sync frame timeout
09-22 22:31:38.358 I/mpu_uart( 655): [MSG-P:RECV]:No message received in 1000 ms
09-22 22:31:38.416 D/CCodecBufferChannel( 1200): [c2.android.vorbis.decoder#420] buffers after EOS ignored (0 us)
09-22 22:31:38.418 D/AudioTrack( 1200): stop(50): called with 82980 frames delivered
09-22 22:31:38.843 D/audio_hw_primary( 812): out_set_parameters: enter: usecase(1: low-latency-playback) kvpairs: suspend_playback=true
09-22 22:31:38.843 D/audio_hw_extn( 812): audio_extn_fm_set_parameters: Enter
09-22 22:31:38.853 D/audio_hw_primary( 812): out_set_parameters: enter: usecase(1: low-latency-playback) kvpairs: suspend_playback=false
09-22 22:31:38.854 D/audio_hw_extn( 812): audio_extn_fm_set_parameters: Enter
09-22 22:31:38.857 D/audio_hw_primary( 812): out_set_parameters: enter: usecase(1: low-latency-playback) kvpairs: suspend_playback=true
09-22 22:31:38.858 D/audio_hw_extn( 812): audio_extn_fm_set_parameters: Enter
09-22 22:31:38.868 D/audio_hw_primary( 812): out_set_parameters: enter: usecase(1: low-latency-playback) kvpairs: suspend_playback=false
09-22 22:31:38.868 D/audio_hw_extn( 812): audio_extn_fm_set_parameters: Enter
09-22 22:31:38.873 D/audio_hw_primary( 812): out_set_parameters: enter: usecase(1: low-latency-playback) kvpairs: suspend_playback=true
09-22 22:31:38.873 D/audio_hw_extn( 812): audio_extn_fm_set_parameters: Enter
09-22 22:31:38.873 D/Avrcp_ext( 1802): AudioManager Player: AudioPlaybackConfiguration piid:71 deviceId:0 type:android.media.SoundPool u/pid:1000/1451 state:idle attr:AudioAttributes: usage=USAGE_ASSISTANCE_SONIFICATION content=CONTENT_TYPE_SONIFICATION flags=0x800 tags= bundle=null sessionId:0
09-22 22:31:38.873 D/Avrcp_ext( 1802): AudioManager Player: AudioPlaybackConfiguration piid:231 deviceId:3 type:android.media.MediaPlayer u/pid:10081/1803 state:stopped attr:AudioAttributes: usage=USAGE_NOTIFICATION content=CONTENT_TYPE_SONIFICATION flags=0x800 tags= bundle=null sessionId:0
09-22 22:31:38.874 D/Avrcp_ext( 1802): AudioManager Player: AudioPlaybackConfiguration piid:79 deviceId:0 type:android.media.SoundPool u/pid:10081/1803 state:idle attr:AudioAttributes: usage=USAGE_ASSISTANCE_SONIFICATION content=CONTENT_TYPE_SONIFICATION flags=0x800 tags= bundle=null sessionId:0
09-22 22:31:38.874 D/Avrcp_ext( 1802): AudioManager isPlaying: false, mAudioPlaybackIsActive = true
09-22 22:31:38.874 D/Avrcp_ext( 1802): AudioManager Reset Active Player
09-22 22:31:38.874 I/MediaFocusControl( 1451): abandonAudioFocus() from uid/pid 10081/1803 clientId=android.media.AudioManager@55ea27b
09-22 22:31:38.874 V/MediaPlayer( 1803): resetDrmState: mDrmInfo=null mDrmProvisioningThread=null mPrepareDrmInProgress=false mActiveDrmScheme=false
09-22 22:31:38.875 V/MediaPlayer( 1803): cleanDrmObj: mDrmObj=null mDrmSessionId=null
09-22 22:31:38.875 D/NuPlayerDriver( 1200): reset(0xed2c1eb0) at state 6
09-22 22:31:38.876 V/Avrcp_ext( 1802): updateCurrentMediaState: mMediaController: MediaController (com.android.systemui@dc49a66) null
09-22 22:31:38.876 W/Avrcp_ext( 1802): isMusicActive: false getBluetoothPlayState: 2 A2dp State: 11 mAudioPlaybackIsActive: false
09-22 22:31:38.877 D/Avrcp_ext( 1802): isMusicActive = false mAudioPlaybackIsActive = false player state = null
09-22 22:31:38.877 D/audio_hw_primary( 812): out_set_parameters: enter: usecase(1: low-latency-playback) kvpairs: suspend_playback=false
09-22 22:31:38.877 D/audio_hw_extn( 812): audio_extn_fm_set_parameters: Enter
09-22 22:31:38.879 I/Avrcp_ext( 1802): Skipping update due to invalid playback state
09-22 22:31:38.879 V/Avrcp_ext( 1802): updatePlaybackState, state: null device: null
09-22 22:31:38.879 V/Avrcp_ext( 1802): Device: no name:
09-22 22:31:38.879 V/Avrcp_ext( 1802): Device: no name:
09-22 22:31:38.879 V/Avrcp_ext( 1802): Device: no name:
09-22 22:31:38.879 V/Avrcp_ext( 1802): Device: no name:
09-22 22:31:38.879 V/Avrcp_ext( 1802): Device: no name:
09-22 22:31:38.879 V/Avrcp_ext( 1802): updatePlayerStateAndPosition, old=PlaybackState {state=2, position=-1, buffered position=0, speed=0.0, updated=69121, actions=0, custom actions=[], active item id=-1, error=null}, state=null
09-22 22:31:38.879 I/Avrcp_ext( 1802): updatePlayerStateAndPosition: device: state = null
09-22 22:31:38.879 D/Avrcp_ext( 1802): AudioManager Player: AudioPlaybackConfiguration piid:71 deviceId:0 type:android.media.SoundPool u/pid:1000/1451 state:idle attr:AudioAttributes: usage=USAGE_ASSISTANCE_SONIFICATION content=CONTENT_TYPE_SONIFICATION flags=0x800 tags= bundle=null sessionId:0
09-22 22:31:38.879 D/Avrcp_ext( 1802): AudioManager Player: AudioPlaybackConfiguration piid:79 deviceId:0 type:android.media.SoundPool u/pid:10081/1803 state:idle attr:AudioAttributes: usage=USAGE_ASSISTANCE_SONIFICATION content=CONTENT_TYPE_SONIFICATION flags=0x800 tags= bundle=null sessionId:0
09-22 22:31:38.879 D/Avrcp_ext( 1802): AudioManager isPlaying: false, mAudioPlaybackIsActive = false
09-22 22:31:38.880 D/Avrcp_ext( 1802): AudioManager Reset Active Player
09-22 22:31:38.880 I/hw-BpHwBinder( 1200): onLastStrongRef automatically unlinking death recipients
09-22 22:31:38.880 I/hw-BpHwBinder( 1244): onLastStrongRef automatically unlinking death recipients
09-22 22:31:38.881 V/C2Store ( 1244): in ~ComponentModule
09-22 22:31:38.882 V/C2Store ( 1244): unloading dll
09-22 22:31:38.885 D/NuPlayerDriver( 1200): notifyResetComplete(0xed2c1eb0)
09-22 22:31:38.886 W/AMessage( 1200): failed to post message as target looper for handler 0 is gone.
09-22 22:31:38.922 D/audio_hw_primary( 812): out_set_parameters: enter: usecase(1: low-latency-playback) kvpairs: suspend_playback=true
09-22 22:31:38.922 D/audio_hw_extn( 812): audio_extn_fm_set_parameters: Enter
09-22 22:31:38.923 D/msm8974_platform( 812): platform_split_snd_device: snd_device(2) num devices(1) new_snd_devices(0)
09-22 22:31:38.923 D/ACDB-LOADER( 812): ACDB -> send_audvoltable
09-22 22:31:38.923 D/ACDB-LOADER( 812): ACDB -> ACDB_CMD_GET_AUDPROC_INSTANCE_GAIN_DEP_STEP_TABLE_SIZE
09-22 22:31:38.923 D/ACDB-LOADER( 812): ACDB -> ACDB_CMD_GET_AUDPROC_INSTANCE_GAIN_DEP_STEP_TABLE, vol index 0
09-22 22:31:38.923 D/ACDB-LOADER( 812): ACDB -> AUDIO_SET_VOL_CAL cal type = 40
09-22 22:31:38.924 D/msm8974_platform( 812): platform_split_snd_device: snd_device(2) num devices(1) new_snd_devices(0)
09-22 22:31:39.330 I/input_interaction( 1451): Interaction with: f3befb5 NotificationShade (server), edge-swipe (server), swipe-up (server), PointerEventDispatcher0 (server),
09-22 22:31:39.358 I/mpu_uart( 655): [MSG-P:RECV]:No message received in 1000 ms
09-22 22:31:39.462 I/OpenGLRenderer( 1803): Davey! duration=9223371730079ms; Flags=0, FrameTimelineVsyncId=20189, IntendedVsync=306774467534, Vsync=306774467534, InputEventId=245632214, HandleInputStart=306774749464, AnimationStart=306775467589, PerformTraversalsStart=306775507225, DrawStart=306775619673, FrameDeadline=306807800866, FrameInterval=306774745767, FrameStartTime=16666666, SyncQueued=306779560714, SyncStart=306780171287, IssueDrawCommandsStart=306781200350, SwapBuffers=306788842954, FrameCompleted=9223372036854775807, DequeueBufferDuration=58438, QueueBufferDuration=1036823, GpuCompleted=9223372036854775807, SwapBuffersCompleted=306790453371, DisplayPresentTime=72057628414510129,
09-22 22:31:39.479 I/sysui_multi_action( 1803): [757,406,758,4]
09-22 22:31:39.483 D/ActivityLaunchAnimator( 1803): Starting intent with a launch animation
09-22 22:31:39.485 I/ActivityTaskManager( 1451): START u0 {act=android.settings.SETTINGS flg=0x14000000 cmp=com.android.settings/.homepage.SettingsHomepageActivity} from uid 10081
09-22 22:31:39.485 I/EventSequenceValidator( 1451): Transition from INTENT_FAILED to INTENT_STARTED
09-22 22:31:39.486 D/audio_hw_primary( 812): out_set_parameters: enter: usecase(1: low-latency-playback) kvpairs: suspend_playback=false
09-22 22:31:39.486 D/audio_hw_extn( 812): audio_extn_fm_set_parameters: Enter
09-22 22:31:39.487 I/wm_new_intent( 1451): [0,2744048,9,com.android.settings/.Settings,android.intent.action.MAIN,NULL,NULL,270532608]
09-22 22:31:39.487 I/wm_task_moved( 1451): [9,1,8]
09-22 22:31:39.488 I/wm_on_top_resumed_lost_called( 2203): [2744048,com.android.settings.Settings,pausing]
09-22 22:31:39.488 I/wm_set_resumed_activity( 1451): [0,com.android.settings/.Settings,positionChildAt]
09-22 22:31:39.491 W/audio_hw_primary( 812): out_write: underrun(142) frames_by_time(27386) > out->last_fifo_frames_remaining(384)
09-22 22:31:39.491 I/sysui_multi_action( 2203): [757,35,758,2,1089,12703]
09-22 22:31:39.494 I/sysui_multi_action( 2203): [757,747,758,2,1089,12528]
09-22 22:31:39.494 I/am_uid_idle( 1451): 10068
09-22 22:31:39.495 I/am_uid_idle( 1451): 10030
09-22 22:31:39.495 I/wm_on_paused_called( 2203): [2744048,com.android.settings.Settings,performPause]
09-22 22:31:39.495 I/EventSequenceValidator( 1451): Transition from INTENT_STARTED to INTENT_FAILED
09-22 22:31:39.495 I/wm_on_resume_called( 2203): [2744048,com.android.settings.Settings,LIFECYCLER_RESUME_ACTIVITY]
09-22 22:31:39.496 I/sysui_multi_action( 2203): [757,35,758,1,833,0,1089,0]
09-22 22:31:39.497 D/ActivityLaunchAnimator( 1803): launchResult=3 willAnimate=false isOnKeyguard=false
09-22 22:31:39.499 I/sysui_multi_action( 2203): [757,747,758,1,833,0,1089,0]
09-22 22:31:39.502 D/UsageGraph( 2203): No enabled state changed, skipping updateCategory call
09-22 22:31:39.504 I/wm_on_top_resumed_gained_called( 2203): [2744048,com.android.settings.Settings,topWhenResuming]
09-22 22:31:39.508 V/ShadeControllerImpl( 1803): NotificationShadeWindow: com.android.systemui.statusbar.phone.NotificationShadeWindowView{6600874 V.E...... ........ 0,0-2380,1020} canPanelBeCollapsed(): true
09-22 22:31:39.512 I/sysui_multi_action( 1451): [757,128,758,2,793,140200,794,2688,795,140200,796,26,798,0,806,android,857,DEVELOPER_IMPORTANT,858,4,947,0,1395,2,1500,139997,1688,1]
09-22 22:31:39.512 I/notification_visibility( 1451): [-1|android|26|null|1000,0,140200,140200,0,0]
09-22 22:31:39.513 I/sysui_multi_action( 1451): [757,128,758,2,793,293279,794,2688,795,293279,796,32,798,1,806,android,857,USB,858,1,947,0,1395,2,1500,293068,1688,1]
09-22 22:31:39.513 I/notification_visibility( 1451): [-1|android|32|null|1000,0,293279,293279,0,1]
09-22 22:31:39.514 I/sysui_multi_action( 1451): [757,127,758,2]
09-22 22:31:39.514 I/notification_panel_hidden( 1451):
09-22 22:31:39.528 I/input_focus( 1451): [Focus request cc12349 com.android.settings/com.android.settings.Settings,reason=UpdateInputWindows]
09-22 22:31:39.555 I/input_focus( 1451): [Focus leaving f3befb5 NotificationShade (server),reason=NOT_FOCUSABLE]
09-22 22:31:39.556 I/input_focus( 1451): [Focus entering cc12349 com.android.settings/com.android.settings.Settings (server),reason=setFocusedWindow]
09-22 22:31:39.560 D/Sogou ( 3087): onFinishInput:
09-22 22:31:39.686 D/audio_hw_primary( 812): out_set_parameters: enter: usecase(1: low-latency-playback) kvpairs: suspend_playback=true
09-22 22:31:39.686 D/audio_hw_extn( 812): audio_extn_fm_set_parameters: Enter
09-22 22:31:39.859 I/sysui_multi_action( 1803): [757,111,758,2]
09-22 22:31:39.859 I/notification_enqueue( 1451): [10081,1803,com.android.systemui,2048,NULL,0,Notification(channel=updateNotification shortcut=null contentView=null vibrate=null sound=null defaults=0x0 flags=0x0 color=0x00000000 vis=PRIVATE),1]
09-22 22:31:39.859 I/sysui_multi_action( 1803): [757,111,758,2]
09-22 22:31:39.866 I/sysui_multi_action( 1803): [757,111,758,1]
09-22 22:31:39.866 I/sysui_multi_action( 1803): [757,126,758,1,759,126,927,0,928,0,1593,1]
09-22 22:31:39.866 I/sysui_multi_action( 1803): [757,113,758,1,759,113,927,1,928,1,1593,1]
09-22 22:31:39.866 I/sysui_multi_action( 1803): [757,0,758,1,759,0,927,2,928,0,1593,1]
09-22 22:31:39.866 I/sysui_multi_action( 1803): [757,0,758,1,759,0,927,3,928,0,1593,1]
09-22 22:31:39.867 I/sysui_multi_action( 1803): [757,1706,758,1,759,1706,927,4,928,0,1593,1]
09-22 22:31:39.867 I/sysui_multi_action( 1803): [757,491,758,1,759,491,927,5,928,0,1311,-1,1593,0]
09-22 22:31:39.867 I/sysui_multi_action( 1803): [757,0,758,1,759,0,927,6,928,0,1593,0]
09-22 22:31:39.867 I/sysui_multi_action( 1803): [757,111,758,1]
09-22 22:31:39.868 I/sysui_multi_action( 1803): [757,126,758,1,759,126,927,0,928,0,1593,1]
09-22 22:31:39.868 I/sysui_multi_action( 1803): [757,113,758,1,759,113,927,1,928,1,1593,1]
09-22 22:31:39.868 I/sysui_multi_action( 1803): [757,0,758,1,759,0,927,2,928,0,1593,1]
09-22 22:31:39.868 I/sysui_multi_action( 1803): [757,0,758,1,759,0,927,3,928,0,1593,1]
09-22 22:31:39.872 W/View ( 1803): requestLayout() improperly called by com.android.systemui.util.animation.UniqueObjectHostView{24dc5a4 V.E...... ......ID 0,0-666,156} during layout: running second layout pass
09-22 22:31:39.891 I/sysui_multi_action( 1803): [757,111,758,2]
09-22 22:31:39.892 I/notification_enqueue( 1451): [10081,1803,com.android.systemui,2048,NULL,0,Notification(channel=updateNotification shortcut=null contentView=null vibrate=null sound=null defaults=0x0 flags=0x0 color=0x00000000 vis=PRIVATE),1]
09-22 22:31:39.892 I/sysui_multi_action( 1803): [757,111,758,2]
09-22 22:31:39.899 I/sysui_multi_action( 1803): [757,111,758,1]
09-22 22:31:39.899 I/sysui_multi_action( 1803): [757,126,758,1,759,126,927,0,928,0,1593,1]
09-22 22:31:39.899 I/sysui_multi_action( 1803): [757,113,758,1,759,113,927,1,928,1,1593,1]
09-22 22:31:39.899 I/sysui_multi_action( 1803): [757,0,758,1,759,0,927,2,928,0,1593,1]
09-22 22:31:39.899 I/sysui_multi_action( 1803): [757,0,758,1,759,0,927,3,928,0,1593,1]
09-22 22:31:39.899 I/sysui_multi_action( 1803): [757,1706,758,1,759,1706,927,4,928,0,1593,1]
09-22 22:31:39.900 I/sysui_multi_action( 1803): [757,491,758,1,759,491,927,5,928,0,1311,-1,1593,0]
09-22 22:31:39.900 I/sysui_multi_action( 1803): [757,0,758,1,759,0,927,6,928,0,1593,0]
09-22 22:31:39.900 I/sysui_multi_action( 1803): [757,111,758,1]
09-22 22:31:39.900 I/sysui_multi_action( 1803): [757,126,758,1,759,126,927,0,928,0,1593,1]
09-22 22:31:39.900 I/sysui_multi_action( 1803): [757,113,758,1,759,113,927,1,928,1,1593,1]
09-22 22:31:39.900 I/sysui_multi_action( 1803): [757,0,758,1,759,0,927,2,928,0,1593,1]
09-22 22:31:39.900 I/sysui_multi_action( 1803): [757,0,758,1,759,0,927,3,928,0,1593,1]
09-22 22:31:39.903 W/View ( 1803): requestLayout() improperly called by com.android.systemui.util.animation.UniqueObjectHostView{24dc5a4 V.E...... ......ID 0,0-666,156} during layout: running second layout pass
09-22 22:31:39.915 I/sysui_multi_action( 1803): [757,111,758,2]
09-22 22:31:39.915 I/notification_enqueue( 1451): [10081,1803,com.android.systemui,2048,NULL,0,Notification(channel=updateNotification shortcut=null contentView=null vibrate=null sound=null defaults=0x0 flags=0x0 color=0x00000000 vis=PRIVATE),1]
09-22 22:31:39.915 I/sysui_multi_action( 1803): [757,111,758,2]
09-22 22:31:39.920 I/sysui_multi_action( 1803): [757,111,758,1]
09-22 22:31:39.920 I/sysui_multi_action( 1803): [757,126,758,1,759,126,927,0,928,0,1593,1]
09-22 22:31:39.920 I/sysui_multi_action( 1803): [757,113,758,1,759,113,927,1,928,1,1593,1]
09-22 22:31:39.920 I/sysui_multi_action( 1803): [757,0,758,1,759,0,927,2,928,0,1593,1]
09-22 22:31:39.920 I/sysui_multi_action( 1803): [757,0,758,1,759,0,927,3,928,0,1593,1]
09-22 22:31:39.920 I/sysui_multi_action( 1803): [757,1706,758,1,759,1706,927,4,928,0,1593,1]
09-22 22:31:39.920 I/sysui_multi_action( 1803): [757,491,758,1,759,491,927,5,928,0,1311,-1,1593,0]
09-22 22:31:39.920 I/sysui_multi_action( 1803): [757,0,758,1,759,0,927,6,928,0,1593,0]
09-22 22:31:39.920 I/sysui_multi_action( 1803): [757,111,758,1]
09-22 22:31:39.921 I/sysui_multi_action( 1803): [757,126,758,1,759,126,927,0,928,0,1593,1]
09-22 22:31:39.921 I/sysui_multi_action( 1803): [757,113,758,1,759,113,927,1,928,1,1593,1]
09-22 22:31:39.921 I/sysui_multi_action( 1803): [757,0,758,1,759,0,927,2,928,0,1593,1]
09-22 22:31:39.921 I/sysui_multi_action( 1803): [757,0,758,1,759,0,927,3,928,0,1593,1]
09-22 22:31:39.923 W/View ( 1803): requestLayout() improperly called by com.android.systemui.util.animation.UniqueObjectHostView{24dc5a4 V.E...... ......ID 0,0-666,156} during layout: running second layout pass
09-22 22:31:39.932 I/sysui_multi_action( 1803): [757,111,758,2]
09-22 22:31:39.932 I/notification_enqueue( 1451): [10081,1803,com.android.systemui,2048,NULL,0,Notification(channel=updateNotification shortcut=null contentView=null vibrate=null sound=null defaults=0x0 flags=0x0 color=0x00000000 vis=PRIVATE),1]
09-22 22:31:39.932 I/sysui_multi_action( 1803): [757,111,758,2]
09-22 22:31:39.935 I/sysui_multi_action( 1803): [757,111,758,1]
09-22 22:31:39.936 I/sysui_multi_action( 1803): [757,126,758,1,759,126,927,0,928,0,1593,1]
09-22 22:31:39.936 I/sysui_multi_action( 1803): [757,113,758,1,759,113,927,1,928,1,1593,1]
09-22 22:31:39.936 I/sysui_multi_action( 1803): [757,0,758,1,759,0,927,2,928,0,1593,1]
09-22 22:31:39.936 I/sysui_multi_action( 1803): [757,0,758,1,759,0,927,3,928,0,1593,1]
09-22 22:31:39.936 I/sysui_multi_action( 1803): [757,1706,758,1,759,1706,927,4,928,0,1593,1]
09-22 22:31:39.936 I/sysui_multi_action( 1803): [757,491,758,1,759,491,927,5,928,0,1311,-1,1593,0]
09-22 22:31:39.936 I/sysui_multi_action( 1803): [757,0,758,1,759,0,927,6,928,0,1593,0]
09-22 22:31:39.936 I/sysui_multi_action( 1803): [757,111,758,1]
09-22 22:31:39.936 I/sysui_multi_action( 1803): [757,126,758,1,759,126,927,0,928,0,1593,1]
09-22 22:31:39.936 I/sysui_multi_action( 1803): [757,113,758,1,759,113,927,1,928,1,1593,1]
09-22 22:31:39.936 I/sysui_multi_action( 1803): [757,0,758,1,759,0,927,2,928,0,1593,1]
09-22 22:31:39.936 I/sysui_multi_action( 1803): [757,0,758,1,759,0,927,3,928,0,1593,1]
09-22 22:31:39.938 W/View ( 1803): requestLayout() improperly called by com.android.systemui.util.animation.UniqueObjectHostView{24dc5a4 V.E...... ......ID 0,0-666,156} during layout: running second layout pass
09-22 22:31:39.948 I/sysui_multi_action( 1803): [757,111,758,2]
09-22 22:31:39.948 I/notification_enqueue( 1451): [10081,1803,com.android.systemui,2048,NULL,0,Notification(channel=updateNotification shortcut=null contentView=null vibrate=null sound=null defaults=0x0 flags=0x0 color=0x00000000 vis=PRIVATE),1]
09-22 22:31:39.948 I/sysui_multi_action( 1803): [757,111,758,2]
09-22 22:31:39.951 I/sysui_multi_action( 1803): [757,111,758,1]
09-22 22:31:39.951 I/sysui_multi_action( 1803): [757,126,758,1,759,126,927,0,928,0,1593,1]
09-22 22:31:39.951 I/sysui_multi_action( 1803): [757,113,758,1,759,113,927,1,928,1,1593,1]
09-22 22:31:39.951 I/sysui_multi_action( 1803): [757,0,758,1,759,0,927,2,928,0,1593,1]
09-22 22:31:39.951 I/sysui_multi_action( 1803): [757,0,758,1,759,0,927,3,928,0,1593,1]
09-22 22:31:39.951 I/sysui_multi_action( 1803): [757,1706,758,1,759,1706,927,4,928,0,1593,1]
09-22 22:31:39.952 I/sysui_multi_action( 1803): [757,491,758,1,759,491,927,5,928,0,1311,-1,1593,0]
09-22 22:31:39.952 I/sysui_multi_action( 1803): [757,0,758,1,759,0,927,6,928,0,1593,0]
09-22 22:31:39.952 I/sysui_multi_action( 1803): [757,111,758,1]
09-22 22:31:39.952 I/sysui_multi_action( 1803): [757,126,758,1,759,126,927,0,928,0,1593,1]
09-22 22:31:39.952 I/sysui_multi_action( 1803): [757,113,758,1,759,113,927,1,928,1,1593,1]
09-22 22:31:39.952 I/sysui_multi_action( 1803): [757,0,758,1,759,0,927,2,928,0,1593,1]
09-22 22:31:39.952 I/sysui_multi_action( 1803): [757,0,758,1,759,0,927,3,928,0,1593,1]
09-22 22:31:39.953 W/View ( 1803): requestLayout() improperly called by com.android.systemui.util.animation.UniqueObjectHostView{24dc5a4 V.E...... ......ID 0,0-666,156} during layout: running second layout pass
09-22 22:31:39.962 I/sysui_multi_action( 1803): [757,111,758,2]
09-22 22:31:39.962 I/notification_enqueue( 1451): [10081,1803,com.android.systemui,2048,NULL,0,Notification(channel=updateNotification shortcut=null contentView=null vibrate=null sound=null defaults=0x0 flags=0x0 color=0x00000000 vis=PRIVATE),1]
09-22 22:31:39.962 I/sysui_multi_action( 1803): [757,111,758,2]
09-22 22:31:39.965 I/sysui_multi_action( 1803): [757,111,758,1]
09-22 22:31:39.965 I/sysui_multi_action( 1803): [757,126,758,1,759,126,927,0,928,0,1593,1]
09-22 22:31:39.965 I/sysui_multi_action( 1803): [757,113,758,1,759,113,927,1,928,1,1593,1]
09-22 22:31:39.965 I/sysui_multi_action( 1803): [757,0,758,1,759,0,927,2,928,0,1593,1]
09-22 22:31:39.965 I/sysui_multi_action( 1803): [757,0,758,1,759,0,927,3,928,0,1593,1]
09-22 22:31:39.966 I/sysui_multi_action( 1803): [757,1706,758,1,759,1706,927,4,928,0,1593,1]
09-22 22:31:39.966 I/sysui_multi_action( 1803): [757,491,758,1,759,491,927,5,928,0,1311,-1,1593,0]
09-22 22:31:39.966 I/sysui_multi_action( 1803): [757,0,758,1,759,0,927,6,928,0,1593,0]
09-22 22:31:39.966 I/sysui_multi_action( 1803): [757,111,758,1]
09-22 22:31:39.966 I/sysui_multi_action( 1803): [757,126,758,1,759,126,927,0,928,0,1593,1]
09-22 22:31:39.966 I/sysui_multi_action( 1803): [757,113,758,1,759,113,927,1,928,1,1593,1]
09-22 22:31:39.966 I/sysui_multi_action( 1803): [757,0,758,1,759,0,927,2,928,0,1593,1]
09-22 22:31:39.966 I/sysui_multi_action( 1803): [757,0,758,1,759,0,927,3,928,0,1593,1]
09-22 22:31:39.968 W/View ( 1803): requestLayout() improperly called by com.android.systemui.util.animation.UniqueObjectHostView{24dc5a4 V.E...... ......ID 0,0-666,156} during layout: running second layout pass
09-22 22:31:39.976 I/sysui_multi_action( 1803): [757,111,758,2]
09-22 22:31:39.976 I/notification_enqueue( 1451): [10081,1803,com.android.systemui,2048,NULL,0,Notification(channel=updateNotification shortcut=null contentView=null vibrate=null sound=null defaults=0x0 flags=0x0 color=0x00000000 vis=PRIVATE),1]
09-22 22:31:39.976 I/sysui_multi_action( 1803): [757,111,758,2]
09-22 22:31:39.979 I/sysui_multi_action( 1803): [757,111,758,1]
09-22 22:31:39.980 I/sysui_multi_action( 1803): [757,126,758,1,759,126,927,0,928,0,1593,1]
09-22 22:31:39.980 I/sysui_multi_action( 1803): [757,113,758,1,759,113,927,1,928,1,1593,1]
09-22 22:31:39.980 I/sysui_multi_action( 1803): [757,0,758,1,759,0,927,2,928,0,1593,1]
09-22 22:31:39.980 I/sysui_multi_action( 1803): [757,0,758,1,759,0,927,3,928,0,1593,1]
09-22 22:31:39.980 I/sysui_multi_action( 1803): [757,1706,758,1,759,1706,927,4,928,0,1593,1]
09-22 22:31:39.980 I/sysui_multi_action( 1803): [757,491,758,1,759,491,927,5,928,0,1311,-1,1593,0]
09-22 22:31:39.980 I/sysui_multi_action( 1803): [757,0,758,1,759,0,927,6,928,0,1593,0]
09-22 22:31:39.980 I/sysui_multi_action( 1803): [757,111,758,1]
09-22 22:31:39.980 I/sysui_multi_action( 1803): [757,126,758,1,759,126,927,0,928,0,1593,1]
09-22 22:31:39.980 I/sysui_multi_action( 1803): [757,113,758,1,759,113,927,1,928,1,1593,1]
09-22 22:31:39.980 I/sysui_multi_action( 1803): [757,0,758,1,759,0,927,2,928,0,1593,1]
09-22 22:31:39.980 I/sysui_multi_action( 1803): [757,0,758,1,759,0,927,3,928,0,1593,1]
09-22 22:31:39.982 W/View ( 1803): requestLayout() improperly called by com.android.systemui.util.animation.UniqueObjectHostView{24dc5a4 V.E...... ......ID 0,0-666,156} during layout: running second layout pass
09-22 22:31:39.990 I/sysui_multi_action( 1803): [757,111,758,2]
09-22 22:31:39.990 I/notification_enqueue( 1451): [10081,1803,com.android.systemui,2048,NULL,0,Notification(channel=updateNotification shortcut=null contentView=null vibrate=null sound=null defaults=0x0 flags=0x0 color=0x00000000 vis=PRIVATE),1]
09-22 22:31:39.990 I/sysui_multi_action( 1803): [757,111,758,2]
09-22 22:31:39.993 I/sysui_multi_action( 1803): [757,111,758,1]
09-22 22:31:39.993 I/sysui_multi_action( 1803): [757,126,758,1,759,126,927,0,928,0,1593,1]
