09-22 22:31:43.093 I/ExtendedNuUtils( 1200): Both src and dst missing for bit-width
09-22 22:31:43.093 I/ExtendedNuUtils( 1200): Overriding durationUs: with 64 bit src value 1728000
09-22 22:31:43.093 I/ExtendedNuUtils( 1200): Both src and dst missing for channel-mask
09-22 22:31:43.096 D/audio_hw_primary( 812): adev_get_parameters:vr_audio_mode_on
09-22 22:31:43.096 I/audio_hw_primary( 812): getting vr mode to 0
09-22 22:31:43.096 D/audio_hw_primary( 812): adev_get_parameters: exit: returns - vr_audio_mode_on=false
09-22 22:31:43.097 I/hash_map_utils( 914): system/bt/osi/src/hash_map_utils.cc:81 hash_map_utils_dump_string_keys_string_values: key: 'vr_audio_mode_on' value: ''
09-22 22:31:43.097 D/AudioFlinger( 914): Client defaulted notificationFrames to 12000 for frameCount 24000
09-22 22:31:43.099 D/AF::TrackHandle( 914): OpPlayAudio: track:76 usage:5 not muted
09-22 22:31:43.101 D/audio_hw_primary( 812): out_set_parameters: enter: usecase(1: low-latency-playback) kvpairs: suspend_playback=false
09-22 22:31:43.101 D/audio_hw_extn( 812): audio_extn_fm_set_parameters: Enter
09-22 22:31:43.102 W/audio_hw_primary( 812): out_write: underrun(145) frames_by_time(32305) > out->last_fifo_frames_remaining(384)
09-22 22:31:43.130 D/audio_hw_primary( 812): out_set_parameters: enter: usecase(1: low-latency-playback) kvpairs: suspend_playback=true
09-22 22:31:43.130 D/audio_hw_extn( 812): audio_extn_fm_set_parameters: Enter
09-22 22:31:43.138 I/EffectsFactory( 812): EffectCreate() create_effect
09-22 22:31:43.140 D/audio_hw_primary( 812): out_set_parameters: enter: usecase(1: low-latency-playback) kvpairs: suspend_playback=false
09-22 22:31:43.141 D/audio_hw_extn( 812): audio_extn_fm_set_parameters: Enter
09-22 22:31:43.141 D/AudioTrack( 1200): getTimestamp_l(52): device stall time corrected using current time 310478636338
09-22 22:31:43.142 D/msm8974_platform( 812): platform_split_snd_device: snd_device(2) num devices(1) new_snd_devices(0)
09-22 22:31:43.142 D/ACDB-LOADER( 812): ACDB -> send_audvoltable
09-22 22:31:43.142 D/ACDB-LOADER( 812): ACDB -> ACDB_CMD_GET_AUDPROC_INSTANCE_GAIN_DEP_STEP_TABLE_SIZE
09-22 22:31:43.142 D/ACDB-LOADER( 812): ACDB -> ACDB_CMD_GET_AUDPROC_INSTANCE_GAIN_DEP_STEP_TABLE, vol index 5
09-22 22:31:43.143 D/ACDB-LOADER( 812): ACDB -> AUDIO_SET_VOL_CAL cal type = 40
09-22 22:31:43.144 W/audio_hw_primary( 812): out_write: underrun(146) frames_by_time(787) > out->last_fifo_frames_remaining(384)
09-22 22:31:43.144 D/audio_hw_primary( 812): out_set_parameters: enter: usecase(1: low-latency-playback) kvpairs: suspend_playback=true
09-22 22:31:43.144 D/audio_hw_extn( 812): audio_extn_fm_set_parameters: Enter
09-22 22:31:43.145 D/Avrcp_ext( 1802): AudioManager Player: AudioPlaybackConfiguration piid:71 deviceId:0 type:android.media.SoundPool u/pid:1000/1451 state:idle attr:AudioAttributes: usage=USAGE_ASSISTANCE_SONIFICATION content=CONTENT_TYPE_SONIFICATION flags=0x800 tags= bundle=null sessionId:0
09-22 22:31:43.145 D/Avrcp_ext( 1802): AudioManager Player: AudioPlaybackConfiguration piid:247 deviceId:3 type:android.media.MediaPlayer u/pid:10081/1803 state:started attr:AudioAttributes: usage=USAGE_NOTIFICATION content=CONTENT_TYPE_SONIFICATION flags=0x800 tags= bundle=null sessionId:0
09-22 22:31:43.147 D/Avrcp_ext( 1802): AudioManager Player in started state: com.android.systemui
09-22 22:31:43.147 D/Avrcp_ext( 1802): AudioManager Active Player: com.android.systemui
09-22 22:31:43.147 D/Avrcp_ext( 1802): AudioManager Player: AudioPlaybackConfiguration piid:79 deviceId:0 type:android.media.SoundPool u/pid:10081/1803 state:idle attr:AudioAttributes: usage=USAGE_ASSISTANCE_SONIFICATION content=CONTENT_TYPE_SONIFICATION flags=0x800 tags= bundle=null sessionId:0
09-22 22:31:43.147 D/Avrcp_ext( 1802): AudioManager isPlaying: true, mAudioPlaybackIsActive = true
09-22 22:31:43.158 D/audio_hw_primary( 812): out_set_parameters: enter: usecase(1: low-latency-playback) kvpairs: suspend_playback=false
09-22 22:31:43.159 D/audio_hw_extn( 812): audio_extn_fm_set_parameters: Enter
09-22 22:31:43.164 D/audio_hw_primary( 812): out_set_parameters: enter: usecase(1: low-latency-playback) kvpairs: suspend_playback=true
09-22 22:31:43.164 D/audio_hw_extn( 812): audio_extn_fm_set_parameters: Enter
09-22 22:31:43.183 D/audio_hw_primary( 812): out_set_parameters: enter: usecase(1: low-latency-playback) kvpairs: suspend_playback=false
09-22 22:31:43.183 D/audio_hw_extn( 812): audio_extn_fm_set_parameters: Enter
09-22 22:31:43.183 D/msm8974_platform( 812): platform_split_snd_device: snd_device(2) num devices(1) new_snd_devices(0)
09-22 22:31:43.183 D/ACDB-LOADER( 812): ACDB -> send_audvoltable
09-22 22:31:43.183 D/ACDB-LOADER( 812): ACDB -> ACDB_CMD_GET_AUDPROC_INSTANCE_GAIN_DEP_STEP_TABLE_SIZE
09-22 22:31:43.183 D/ACDB-LOADER( 812): ACDB -> ACDB_CMD_GET_AUDPROC_INSTANCE_GAIN_DEP_STEP_TABLE, vol index 2
09-22 22:31:43.183 D/ACDB-LOADER( 812): ACDB -> AUDIO_SET_VOL_CAL cal type = 40
09-22 22:31:43.359 I/mpu_uart( 655): [MSG-P:RECV]:No message received in 1000 ms
09-22 22:31:43.518 I/mpu_uart( 655): [MSG-P:R]:recv sync frame timeout
09-22 22:31:43.535 I/am_uid_idle( 1451): 10066
09-22 22:31:43.898 D/CCodecBufferChannel( 1200): [c2.android.vorbis.decoder#943] DEBUG: elapsed: n=4 [in=0 pipeline=0 out=0]
09-22 22:31:43.898 D/PipelineWatcher( 1200): DEBUG: elapsed 0 / 4
09-22 22:31:44.034 D/BufferPoolAccessor2.0( 1200): bufferpool2 0xecc81468 : 0(0 size) total buffers - 0(0 size) used buffers - 94/102 (recycle/alloc) - 8/198 (fetch/transfer)
09-22 22:31:44.034 D/BufferPoolAccessor2.0( 1200): evictor expired: 1, evicted: 1
09-22 22:31:44.034 D/BufferPoolAccessor2.0( 1244): bufferpool2 0xb400007635619d78 : 0(0 size) total buffers - 0(0 size) used buffers - 93/97 (recycle/alloc) - 4/96 (fetch/transfer)
09-22 22:31:44.034 D/BufferPoolAccessor2.0( 1244): evictor expired: 1, evicted: 1
09-22 22:31:44.360 I/mpu_uart( 655): [MSG-P:RECV]:No message received in 1000 ms
09-22 22:31:44.516 D/CCodecBufferChannel( 1200): [c2.android.vorbis.decoder#943] buffers after EOS ignored (0 us)
09-22 22:31:44.517 D/CCodecBufferChannel( 1200): [c2.android.vorbis.decoder#943] buffers after EOS ignored (0 us)
09-22 22:31:44.517 D/CCodecBufferChannel( 1200): [c2.android.vorbis.decoder#943] buffers after EOS ignored (0 us)
09-22 22:31:44.518 D/AudioTrack( 1200): stop(52): called with 82980 frames delivered
09-22 22:31:44.911 D/audio_hw_primary( 812): out_set_parameters: enter: usecase(1: low-latency-playback) kvpairs: suspend_playback=true
09-22 22:31:44.911 D/audio_hw_extn( 812): audio_extn_fm_set_parameters: Enter
09-22 22:31:44.922 D/audio_hw_primary( 812): out_set_parameters: enter: usecase(1: low-latency-playback) kvpairs: suspend_playback=false
09-22 22:31:44.922 D/audio_hw_extn( 812): audio_extn_fm_set_parameters: Enter
09-22 22:31:44.931 D/audio_hw_primary( 812): out_set_parameters: enter: usecase(1: low-latency-playback) kvpairs: suspend_playback=true
09-22 22:31:44.931 D/audio_hw_extn( 812): audio_extn_fm_set_parameters: Enter
09-22 22:31:44.941 D/audio_hw_primary( 812): out_set_parameters: enter: usecase(1: low-latency-playback) kvpairs: suspend_playback=false
09-22 22:31:44.941 D/audio_hw_extn( 812): audio_extn_fm_set_parameters: Enter
09-22 22:31:44.953 I/MediaFocusControl( 1451): abandonAudioFocus() from uid/pid 10081/1803 clientId=android.media.AudioManager@61ac4b6
09-22 22:31:44.953 D/audio_hw_primary( 812): out_set_parameters: enter: usecase(1: low-latency-playback) kvpairs: suspend_playback=true
09-22 22:31:44.953 D/audio_hw_extn( 812): audio_extn_fm_set_parameters: Enter
09-22 22:31:44.954 D/Avrcp_ext( 1802): AudioManager Player: AudioPlaybackConfiguration piid:71 deviceId:0 type:android.media.SoundPool u/pid:1000/1451 state:idle attr:AudioAttributes: usage=USAGE_ASSISTANCE_SONIFICATION content=CONTENT_TYPE_SONIFICATION flags=0x800 tags= bundle=null sessionId:0
09-22 22:31:44.954 D/Avrcp_ext( 1802): AudioManager Player: AudioPlaybackConfiguration piid:247 deviceId:3 type:android.media.MediaPlayer u/pid:10081/1803 state:stopped attr:AudioAttributes: usage=USAGE_NOTIFICATION content=CONTENT_TYPE_SONIFICATION flags=0x800 tags= bundle=null sessionId:0
09-22 22:31:44.954 D/Avrcp_ext( 1802): AudioManager Player: AudioPlaybackConfiguration piid:79 deviceId:0 type:android.media.SoundPool u/pid:10081/1803 state:idle attr:AudioAttributes: usage=USAGE_ASSISTANCE_SONIFICATION content=CONTENT_TYPE_SONIFICATION flags=0x800 tags= bundle=null sessionId:0
09-22 22:31:44.954 D/Avrcp_ext( 1802): AudioManager isPlaying: false, mAudioPlaybackIsActive = true
09-22 22:31:44.954 D/Avrcp_ext( 1802): AudioManager Reset Active Player
09-22 22:31:44.954 V/MediaPlayer( 1803): resetDrmState: mDrmInfo=null mDrmProvisioningThread=null mPrepareDrmInProgress=false mActiveDrmScheme=false
09-22 22:31:44.955 V/MediaPlayer( 1803): cleanDrmObj: mDrmObj=null mDrmSessionId=null
09-22 22:31:44.955 D/NuPlayerDriver( 1200): reset(0xed2c1b90) at state 6
09-22 22:31:44.956 V/Avrcp_ext( 1802): updateCurrentMediaState: mMediaController: MediaController (com.android.systemui@dc49a66) null
09-22 22:31:44.956 W/Avrcp_ext( 1802): isMusicActive: false getBluetoothPlayState: 2 A2dp State: 11 mAudioPlaybackIsActive: false
09-22 22:31:44.957 D/Avrcp_ext( 1802): isMusicActive = false mAudioPlaybackIsActive = false player state = null
09-22 22:31:44.957 D/audio_hw_primary( 812): out_set_parameters: enter: usecase(1: low-latency-playback) kvpairs: suspend_playback=false
09-22 22:31:44.957 D/audio_hw_extn( 812): audio_extn_fm_set_parameters: Enter
09-22 22:31:44.957 I/Avrcp_ext( 1802): Skipping update due to invalid playback state
09-22 22:31:44.957 V/Avrcp_ext( 1802): updatePlaybackState, state: null device: null
09-22 22:31:44.958 V/Avrcp_ext( 1802): Device: no name:
09-22 22:31:44.958 V/Avrcp_ext( 1802): Device: no name:
09-22 22:31:44.958 V/Avrcp_ext( 1802): Device: no name:
09-22 22:31:44.958 V/Avrcp_ext( 1802): Device: no name:
09-22 22:31:44.958 V/Avrcp_ext( 1802): Device: no name:
09-22 22:31:44.958 V/Avrcp_ext( 1802): updatePlayerStateAndPosition, old=PlaybackState {state=2, position=-1, buffered position=0, speed=0.0, updated=69121, actions=0, custom actions=[], active item id=-1, error=null}, state=null
09-22 22:31:44.958 I/Avrcp_ext( 1802): updatePlayerStateAndPosition: device: state = null
09-22 22:31:44.959 D/Avrcp_ext( 1802): AudioManager Player: AudioPlaybackConfiguration piid:71 deviceId:0 type:android.media.SoundPool u/pid:1000/1451 state:idle attr:AudioAttributes: usage=USAGE_ASSISTANCE_SONIFICATION content=CONTENT_TYPE_SONIFICATION flags=0x800 tags= bundle=null sessionId:0
09-22 22:31:44.959 D/Avrcp_ext( 1802): AudioManager Player: AudioPlaybackConfiguration piid:79 deviceId:0 type:android.media.SoundPool u/pid:10081/1803 state:idle attr:AudioAttributes: usage=USAGE_ASSISTANCE_SONIFICATION content=CONTENT_TYPE_SONIFICATION flags=0x800 tags= bundle=null sessionId:0
09-22 22:31:44.959 D/Avrcp_ext( 1802): AudioManager isPlaying: false, mAudioPlaybackIsActive = false
09-22 22:31:44.959 D/Avrcp_ext( 1802): AudioManager Reset Active Player
09-22 22:31:44.959 I/hw-BpHwBinder( 1200): onLastStrongRef automatically unlinking death recipients
09-22 22:31:44.959 I/hw-BpHwBinder( 1244): onLastStrongRef automatically unlinking death recipients
09-22 22:31:44.960 V/C2Store ( 1244): in ~ComponentModule
09-22 22:31:44.960 V/C2Store ( 1244): unloading dll
09-22 22:31:44.964 D/NuPlayerDriver( 1200): notifyResetComplete(0xed2c1b90)
09-22 22:31:44.965 W/AMessage( 1200): failed to post message as target looper for handler 0 is gone.
09-22 22:31:45.000 D/audio_hw_primary( 812): out_set_parameters: enter: usecase(1: low-latency-playback) kvpairs: suspend_playback=true
09-22 22:31:45.000 D/audio_hw_extn( 812): audio_extn_fm_set_parameters: Enter
09-22 22:31:45.001 D/msm8974_platform( 812): platform_split_snd_device: snd_device(2) num devices(1) new_snd_devices(0)
09-22 22:31:45.001 D/ACDB-LOADER( 812): ACDB -> send_audvoltable
09-22 22:31:45.001 D/ACDB-LOADER( 812): ACDB -> ACDB_CMD_GET_AUDPROC_INSTANCE_GAIN_DEP_STEP_TABLE_SIZE
09-22 22:31:45.001 D/ACDB-LOADER( 812): ACDB -> ACDB_CMD_GET_AUDPROC_INSTANCE_GAIN_DEP_STEP_TABLE, vol index 0
09-22 22:31:45.001 D/ACDB-LOADER( 812): ACDB -> AUDIO_SET_VOL_CAL cal type = 40
09-22 22:31:45.002 D/msm8974_platform( 812): platform_split_snd_device: snd_device(2) num devices(1) new_snd_devices(0)
09-22 22:31:45.360 I/mpu_uart( 655): [MSG-P:RECV]:No message received in 1000 ms
09-22 22:31:46.001 D/audio_hw_primary( 812): out_set_parameters: enter: usecase(1: low-latency-playback) kvpairs: suspend_playback=false
09-22 22:31:46.001 D/audio_hw_extn( 812): audio_extn_fm_set_parameters: Enter
09-22 22:31:46.004 W/audio_hw_primary( 812): out_write: underrun(147) frames_by_time(48358) > out->last_fifo_frames_remaining(384)
09-22 22:31:46.047 D/audio_hw_primary( 812): out_set_parameters: enter: usecase(1: low-latency-playback) kvpairs: suspend_playback=true
09-22 22:31:46.047 D/audio_hw_extn( 812): audio_extn_fm_set_parameters: Enter
09-22 22:31:46.088 I/hwservicemanager( 513): getTransport: Cannot find entry android.hardware.light@2.0::ILight/default in either framework or device VINTF manifest.
09-22 22:31:46.090 E/light ( 4582): light_open lights keyboard failed: -22
09-22 22:31:46.090 E/light ( 4582): Light passthrough failed to load legacy HAL.
09-22 22:31:46.091 E/light ( 4582): light_open lights buttons failed: -22
09-22 22:31:46.091 E/light ( 4582): Light passthrough failed to load legacy HAL.
09-22 22:31:46.092 E/light ( 4582): light_open lights bluetooth failed: -22
09-22 22:31:46.092 E/light ( 4582): Light passthrough failed to load legacy HAL.
09-22 22:31:46.092 E/light ( 4582): light_open lights wifi failed: -22
09-22 22:31:46.092 E/light ( 4582): Light passthrough failed to load legacy HAL.
09-22 22:31:46.093 I/hwservicemanager( 513): getTransport: Cannot find entry android.hardware.light@2.0::ILight/default in either framework or device VINTF manifest.
09-22 22:31:46.093 E/HidlServiceManagement( 4582): Service android.hardware.light@2.0::ILight/default must be in VINTF manifest in order to register/get.
09-22 22:31:46.093 E/LegacySupport( 4582): Could not register service android.hardware.light@2.0::ILight/default (-2147483648).
09-22 22:31:46.360 I/mpu_uart( 655): [MSG-P:RECV]:No message received in 1000 ms
09-22 22:31:46.522 I/mpu_uart( 655): [MSG-P:R]:recv sync frame timeout
09-22 22:31:46.597 I/input_interaction( 1451): Interaction with: f3befb5 NotificationShade (server), edge-swipe (server), swipe-up (server), PointerEventDispatcher0 (server),
09-22 22:31:46.729 I/OpenGLRenderer( 1803): Davey! duration=9223371722812ms; Flags=0, FrameTimelineVsyncId=20750, IntendedVsync=314041937549, Vsync=314041937549, InputEventId=1030806583, HandleInputStart=314042227639, AnimationStart=314042924566, PerformTraversalsStart=314042926910, DrawStart=314043036441, FrameDeadline=314075270881, FrameInterval=314042223785, FrameStartTime=16666666, SyncQueued=314046611076, SyncStart=314046792587, IssueDrawCommandsStart=314047711024, SwapBuffers=314055145868, FrameCompleted=9223372036854775807, DequeueBufferDuration=49531, QueueBufferDuration=1368958, GpuCompleted=9223372036854775807, SwapBuffersCompleted=314057183524, DisplayPresentTime=0,
09-22 22:31:47.002 I/sysui_multi_action( 1803): [757,366,758,4,759,113,927,1,928,1,1592,0,1593,1]
09-22 22:31:47.007 D/vendor.qti.vibrator( 883): Vibrator perform effect 5
09-22 22:31:47.007 D/vendor.qti.vibrator( 883): Vibrator on for timeoutMs: 1
09-22 22:31:47.008 D/vendor.qti.vibrator( 883): Starting on on another thread
09-22 22:31:47.008 D/vendor.qti.vibrator( 883): QTI Vibrator off
09-22 22:31:47.009 D/ActivityLaunchAnimator( 1803): Starting intent with a launch animation
09-22 22:31:47.009 D/vendor.qti.vibrator( 883): Notifying on complete
09-22 22:31:47.011 I/ActivityTaskManager( 1451): START u0 {act=android.settings.BLUETOOTH_SETTINGS flg=0x14000000 cmp=com.android.settings/.Settings$ConnectedDeviceDashboardActivity} from uid 10081
09-22 22:31:47.011 I/EventSequenceValidator( 1451): Transition from INTENT_FAILED to INTENT_STARTED
09-22 22:31:47.014 E/ANDR-PERF-JNI( 1451): com_qualcomm_qtiperformance_native_perf_io_prefetch_start
09-22 22:31:47.015 I/wm_task_created( 1451): [18,-1]
09-22 22:31:47.015 W/ActivityTaskManager( 1451): Can't find TaskDisplayArea to determine support for multi window. Task id=18 attached=false
09-22 22:31:47.021 E/ANDR-IOP( 870): io prefetch is disabled
09-22 22:31:47.021 I/wm_task_moved( 1451): [18,1,9]
09-22 22:31:47.021 I/wm_task_to_front( 1451): [0,18]
09-22 22:31:47.022 I/wm_create_task( 1451): [0,18]
09-22 22:31:47.022 I/wm_create_activity( 1451): [0,201475505,18,com.android.settings/.Settings$ConnectedDeviceDashboardActivity,android.settings.BLUETOOTH_SETTINGS,NULL,NULL,335544320]
09-22 22:31:47.022 I/wm_task_moved( 1451): [18,1,9]
09-22 22:31:47.023 D/CompatibilityInfo( 1451): mCompatibilityFlags - 4
09-22 22:31:47.023 D/CompatibilityInfo( 1451): applicationDensity - 240
09-22 22:31:47.023 D/CompatibilityInfo( 1451): applicationScale - 1.0
09-22 22:31:47.024 D/ActivityTrigger( 1451): ActivityTrigger activityPauseTrigger
09-22 22:31:47.024 I/wm_on_top_resumed_lost_called( 2392): [89524022,com.android.launcher3.uioverrides.QuickstepLauncher,topStateChangedWhenResumed]
09-22 22:31:47.025 I/wm_pause_activity( 1451): [0,89524022,com.android.launcher3/.uioverrides.QuickstepLauncher,userLeaving=true,pauseBackTasks]
09-22 22:31:47.028 D/ActivityLaunchAnimator( 1803): launchResult=0 willAnimate=true isOnKeyguard=false
09-22 22:31:47.029 D/vendor.qti.vibrator( 883): Vibrator on for timeoutMs: 21
09-22 22:31:47.030 D/vendor.qti.vibrator( 883): Starting on on another thread
09-22 22:31:47.031 I/EventSequenceValidator( 1451): Transition from INTENT_STARTED to INTENT_FAILED
09-22 22:31:47.033 I/wm_on_paused_called( 2392): [89524022,com.android.launcher3.uioverrides.QuickstepLauncher,performPause]
09-22 22:31:47.034 D/BufferPoolAccessor2.0( 1200): bufferpool2 0xecc82ae8 : 0(0 size) total buffers - 0(0 size) used buffers - 94/102 (recycle/alloc) - 8/198 (fetch/transfer)
09-22 22:31:47.034 D/BufferPoolAccessor2.0( 1200): evictor expired: 1, evicted: 1
09-22 22:31:47.035 I/ActivityTaskManager( 1451): The Process com.android.settings Already Exists in BG. So sending its PID: 2203
09-22 22:31:47.035 W/ActivityTaskManager( 1451): Tried to set launchTime (0) < mLastActivityLaunchTime (274945)
09-22 22:31:47.036 I/wm_add_to_stopping( 1451): [0,89524022,com.android.launcher3/.uioverrides.QuickstepLauncher,makeInvisible]
09-22 22:31:47.036 I/wm_restart_activity( 1451): [0,201475505,18,com.android.settings/.Settings$ConnectedDeviceDashboardActivity]
09-22 22:31:47.036 D/CompatibilityInfo( 1451): mCompatibilityFlags - 4
09-22 22:31:47.036 D/CompatibilityInfo( 1451): applicationDensity - 240
09-22 22:31:47.036 D/CompatibilityInfo( 1451): applicationScale - 1.0
09-22 22:31:47.037 D/BufferPoolAccessor2.0( 1244): bufferpool2 0xb40000763561d998 : 0(0 size) total buffers - 0(0 size) used buffers - 93/97 (recycle/alloc) - 4/96 (fetch/transfer)
09-22 22:31:47.037 D/BufferPoolAccessor2.0( 1244): evictor expired: 1, evicted: 1
09-22 22:31:47.038 I/wm_set_resumed_activity( 1451): [0,com.android.settings/.Settings$ConnectedDeviceDashboardActivity,minimalResumeActivityLocked]
09-22 22:31:47.047 D/audio_hw_primary( 812): out_set_parameters: enter: usecase(1: low-latency-playback) kvpairs: suspend_playback=false
09-22 22:31:47.047 D/audio_hw_extn( 812): audio_extn_fm_set_parameters: Enter
09-22 22:31:47.048 W/audio_hw_primary( 812): out_write: underrun(148) frames_by_time(48118) > out->last_fifo_frames_remaining(384)
09-22 22:31:47.048 I/sysui_multi_action( 1451): [757,803,799,window_time_0,802,25]
09-22 22:31:47.051 D/vendor.qti.vibrator( 883): Notifying on complete
09-22 22:31:47.051 D/vendor.qti.vibrator( 883): QTI Vibrator off
09-22 22:31:47.053 D/SettingsActivity( 2203): Starting onCreate
09-22 22:31:47.060 D/QCCAuthMgr( 2366): SMQContentProvider query uri: content://com.qti.smq.Feedback.provider/smq_settings, selection: key=?, uri_matcher: 1
09-22 22:31:47.060 D/QCCAuthMgr( 2366): SMQContentProvider query tableName: smq_settings
09-22 22:31:47.063 D/SettingsActivity( 2203): Starting to set activity title
09-22 22:31:47.063 I/ActivityTaskManager( 1451): START u0 {act=android.settings.BLUETOOTH_SETTINGS flg=0x14000000 cmp=com.android.settings/.homepage.SettingsHomepageActivity (has extras)} from uid 1000
09-22 22:31:47.064 I/wm_task_moved( 1451): [9,1,9]
09-22 22:31:47.064 I/wm_task_to_front( 1451): [0,9]
09-22 22:31:47.064 I/wm_set_resumed_activity( 1451): [0,com.android.settings/.Settings,positionChildAt]
09-22 22:31:47.064 I/wm_focused_root_task( 1451): [0,0,9,18,bringingFoundTaskToFront]
09-22 22:31:47.064 I/wm_set_resumed_activity( 1451): [0,com.android.settings/.Settings,bringingFoundTaskToFront]
09-22 22:31:47.064 I/wm_new_intent( 1451): [0,2744048,9,com.android.settings/.Settings,android.intent.action.MAIN,NULL,NULL,270532608]
09-22 22:31:47.065 I/wm_task_moved( 1451): [9,1,9]
09-22 22:31:47.065 I/wm_set_resumed_activity( 1451): [0,com.android.settings/.Settings,positionChildAt]
09-22 22:31:47.071 D/ActivityLaunchAnimator( 1803): Remote animation started
09-22 22:31:47.071 I/EventSequenceValidator( 1451): inc AccIntentStartedEvents to 1
09-22 22:31:47.071 I/wm_finish_activity( 1451): [0,201475505,18,com.android.settings/.Settings$ConnectedDeviceDashboardActivity,app-request]
09-22 22:31:47.071 D/ActivityLaunchAnimator( 1803): Animation started
09-22 22:31:47.081 D/ActivityTrigger( 1451): ActivityTrigger activityPauseTrigger
09-22 22:31:47.081 I/wm_pause_activity( 1451): [0,201475505,com.android.settings/.Settings$ConnectedDeviceDashboardActivity,userLeaving=false,finish]
09-22 22:31:47.082 I/wm_on_create_called( 2203): [201475505,com.android.settings.Settings$ConnectedDeviceDashboardActivity,performCreate]
09-22 22:31:47.087 I/sysui_multi_action( 2203): [757,35,758,2,1089,7591]
09-22 22:31:47.087 I/sysui_multi_action( 2203): [757,747,758,2,1089,7588]
09-22 22:31:47.088 I/wm_on_paused_called( 2203): [2744048,com.android.settings.Settings,performPause]
09-22 22:31:47.088 D/audio_hw_primary( 812): out_set_parameters: enter: usecase(1: low-latency-playback) kvpairs: suspend_playback=true
09-22 22:31:47.088 D/audio_hw_extn( 812): audio_extn_fm_set_parameters: Enter
09-22 22:31:47.088 I/wm_on_resume_called( 2203): [2744048,com.android.settings.Settings,LIFECYCLER_RESUME_ACTIVITY]
09-22 22:31:47.088 I/sysui_multi_action( 2203): [757,35,758,1,833,0,1089,0]
09-22 22:31:47.090 I/sysui_multi_action( 2203): [757,747,758,1,833,0,1089,0]
09-22 22:31:47.095 I/wm_resume_activity( 1451): [0,89524022,8,com.android.launcher3/.uioverrides.QuickstepLauncher]
09-22 22:31:47.098 I/wm_on_resume_called( 2392): [89524022,com.android.launcher3.uioverrides.QuickstepLauncher,RESUME_ACTIVITY]
09-22 22:31:47.101 D/ActivityLaunchAnimator( 1803): Remote animation was cancelled
09-22 22:31:47.104 F/linker ( 4590): CANNOT LINK EXECUTABLE "/vendor/bin/hw/qvrservice": library "vendor.qti.hardware.qxr-V1-ndk_platform.so" not found: needed by /vendor/lib64/libqvrservice.so in namespace (default)
09-22 22:31:47.105 I/sysui_multi_action( 1451): [757,803,799,window_time_0,802,0]
09-22 22:31:47.105 I/wm_on_top_resumed_gained_called( 2203): [2744048,com.android.settings.Settings,topStateChangedWhenResumed]
09-22 22:31:47.105 F/linker ( 4591): CANNOT LINK EXECUTABLE "/vendor/bin/hw/sxrservice": library "vendor.qti.hardware.qxr-V1-ndk_platform.so" not found: needed by main executable
09-22 22:31:47.107 D/ActivityLaunchAnimator( 1803): Animation ended
09-22 22:31:47.111 D/UsageGraph( 2203): No enabled state changed, skipping updateCategory call
09-22 22:31:47.112 I/sysui_multi_action( 1803): [757,111,758,2]
09-22 22:31:47.112 I/notification_enqueue( 1451): [10081,1803,com.android.systemui,2048,NULL,0,Notification(channel=updateNotification shortcut=null contentView=null vibrate=null sound=null defaults=0x0 flags=0x0 color=0x00000000 vis=PRIVATE),1]
09-22 22:31:47.112 I/sysui_multi_action( 1803): [757,111,758,2]
09-22 22:31:47.115 I/wm_destroy_activity( 1451): [0,201475505,18,com.android.settings/.Settings$ConnectedDeviceDashboardActivity,finish-idle]
09-22 22:31:47.116 I/wm_on_destroy_called( 2203): [201475505,com.android.settings.Settings$ConnectedDeviceDashboardActivity,performDestroy]
09-22 22:31:47.118 I/sysui_multi_action( 1451): [757,128,758,2,793,147806,794,4229,795,147806,796,26,798,0,806,android,857,DEVELOPER_IMPORTANT,858,4,947,0,1395,2,1500,147603,1688,1]
09-22 22:31:47.118 I/notification_visibility( 1451): [-1|android|26|null|1000,0,147806,147806,0,0]
09-22 22:31:47.118 I/sysui_multi_action( 1451): [757,128,758,2,793,300884,794,4227,795,300884,796,32,798,1,806,android,857,USB,858,1,947,0,1395,2,1500,300673,1688,1]
09-22 22:31:47.118 I/notification_visibility( 1451): [-1|android|32|null|1000,0,300884,300884,0,1]
09-22 22:31:47.126 W/InputManager-JNI( 1451): Input channel object 'ab92617 Splash Screen com.android.settings (client)' was disposed without first being removed with the input manager!
09-22 22:31:47.128 I/input_focus( 1451): [Focus request cc12349 com.android.settings/com.android.settings.Settings,reason=UpdateInputWindows]
09-22 22:31:47.128 I/sysui_multi_action( 1803): [757,111,758,1]
09-22 22:31:47.129 I/sysui_multi_action( 1803): [757,126,758,1,759,126,927,0,928,0,1593,1]
09-22 22:31:47.129 I/sysui_multi_action( 1803): [757,113,758,1,759,113,927,1,928,1,1593,1]
09-22 22:31:47.129 I/sysui_multi_action( 1803): [757,0,758,1,759,0,927,2,928,0,1593,1]
09-22 22:31:47.129 I/sysui_multi_action( 1803): [757,0,758,1,759,0,927,3,928,0,1593,1]
09-22 22:31:47.129 I/sysui_multi_action( 1803): [757,1706,758,1,759,1706,927,4,928,0,1593,1]
09-22 22:31:47.129 I/sysui_multi_action( 1803): [757,491,758,1,759,491,927,5,928,0,1311,-1,1593,0]
09-22 22:31:47.129 I/sysui_multi_action( 1803): [757,0,758,1,759,0,927,6,928,0,1593,0]
09-22 22:31:47.129 I/sysui_multi_action( 1803): [757,111,758,1]
09-22 22:31:47.129 I/sysui_multi_action( 1803): [757,126,758,1,759,126,927,0,928,0,1593,1]
09-22 22:31:47.129 I/sysui_multi_action( 1803): [757,113,758,1,759,113,927,1,928,1,1593,1]
09-22 22:31:47.129 I/sysui_multi_action( 1803): [757,0,758,1,759,0,927,2,928,0,1593,1]
09-22 22:31:47.129 I/sysui_multi_action( 1803): [757,0,758,1,759,0,927,3,928,0,1593,1]
09-22 22:31:47.131 W/View ( 1803): requestLayout() improperly called by com.android.systemui.util.animation.UniqueObjectHostView{24dc5a4 V.E...... ......ID 0,0-666,156} during layout: running second layout pass
09-22 22:31:47.142 I/sysui_multi_action( 1803): [757,111,758,2]
09-22 22:31:47.143 I/sysui_multi_action( 1803): [757,111,758,2]
09-22 22:31:47.143 I/notification_enqueue( 1451): [10081,1803,com.android.systemui,2048,NULL,0,Notification(channel=updateNotification shortcut=null contentView=null vibrate=null sound=null defaults=0x0 flags=0x0 color=0x00000000 vis=PRIVATE),1]
09-22 22:31:47.145 I/sysui_multi_action( 1451): [757,127,758,2]
09-22 22:31:47.145 I/notification_panel_hidden( 1451):
09-22 22:31:47.146 D/StatusBar( 1803): disable disable2
09-22 22:31:47.151 D/OpenGLRenderer( 1803): endAllActiveAnimators on 0xb4000075861a04f0 (RippleDrawable) with handle 0xb400007496144e20
09-22 22:31:47.157 I/input_focus( 1451): [Focus leaving f3befb5 NotificationShade (server),reason=NO_WINDOW]
09-22 22:31:47.157 I/input_focus( 1451): [Focus entering cc12349 com.android.settings/com.android.settings.Settings (server),reason=setFocusedWindow]
09-22 22:31:47.157 I/sysui_multi_action( 1803): [757,111,758,1]
09-22 22:31:47.158 I/sysui_multi_action( 1803): [757,126,758,1,759,126,927,0,928,0,1593,1]
09-22 22:31:47.158 I/sysui_multi_action( 1803): [757,113,758,1,759,113,927,1,928,1,1593,1]
09-22 22:31:47.158 I/sysui_multi_action( 1803): [757,0,758,1,759,0,927,2,928,0,1593,1]
09-22 22:31:47.158 I/sysui_multi_action( 1803): [757,0,758,1,759,0,927,3,928,0,1593,1]
09-22 22:31:47.158 I/sysui_multi_action( 1803): [757,1706,758,1,759,1706,927,4,928,0,1593,1]
09-22 22:31:47.158 I/sysui_multi_action( 1803): [757,491,758,1,759,491,927,5,928,0,1311,-1,1593,0]
09-22 22:31:47.158 I/sysui_multi_action( 1803): [757,0,758,1,759,0,927,6,928,0,1593,0]
09-22 22:31:47.158 I/sysui_multi_action( 1803): [757,111,758,1]
09-22 22:31:47.158 I/sysui_multi_action( 1803): [757,126,758,1,759,126,927,0,928,0,1593,1]
09-22 22:31:47.158 I/sysui_multi_action( 1803): [757,113,758,1,759,113,927,1,928,1,1593,1]
09-22 22:31:47.158 I/sysui_multi_action( 1803): [757,0,758,1,759,0,927,2,928,0,1593,1]
09-22 22:31:47.158 I/sysui_multi_action( 1803): [757,0,758,1,759,0,927,3,928,0,1593,1]
09-22 22:31:47.160 W/View ( 1803): requestLayout() improperly called by com.android.systemui.util.animation.UniqueObjectHostView{24dc5a4 V.E...... ......ID 0,0-666,156} during layout: running second layout pass
09-22 22:31:47.163 D/Sogou ( 3087): onUnbindInput finish
09-22 22:31:47.163 D/Sogou ( 3087): onFinishInput:
09-22 22:31:47.165 I/view_enqueue_input_event( 1803): [Motion - Cancel,NotificationShade]
09-22 22:31:47.167 I/input_interaction( 1451): Interaction with: edge-swipe (server), swipe-up (server), PointerEventDispatcher0 (server),
09-22 22:31:47.314 I/sysui_multi_action( 1451): [757,1501,758,1,793,246149,794,0,795,206,796,2048,806,com.android.systemui,857,updateNotification,858,3,947,0,1500,0,1688,1]
09-22 22:31:47.314 I/sysui_multi_action( 1451): [757,804,799,note_interruptive,801,0,802,1]
09-22 22:31:47.315 I/sysui_multi_action( 1451): [757,199,758,1,759,2,793,246150,794,0,795,207,796,2048,806,com.android.systemui,857,updateNotification,858,3,947,0,1500,1,1688,1]
09-22 22:31:47.315 I/notification_alert( 1451): [0|com.android.systemui|2048|null|10081,0,1,0]
09-22 22:31:47.316 W/NotificationHistory( 1451): Attempted to add notif for locked/gone/disabled user 0
09-22 22:31:47.320 D/Avrcp_ext( 1802): AudioManager Player: AudioPlaybackConfiguration piid:71 deviceId:0 type:android.media.SoundPool u/pid:1000/1451 state:idle attr:AudioAttributes: usage=USAGE_ASSISTANCE_SONIFICATION content=CONTENT_TYPE_SONIFICATION flags=0x800 tags= bundle=null sessionId:0
09-22 22:31:47.320 D/Avrcp_ext( 1802): AudioManager Player: AudioPlaybackConfiguration piid:79 deviceId:0 type:android.media.SoundPool u/pid:10081/1803 state:idle attr:AudioAttributes: usage=USAGE_ASSISTANCE_SONIFICATION content=CONTENT_TYPE_SONIFICATION flags=0x800 tags= bundle=null sessionId:0
09-22 22:31:47.320 D/Avrcp_ext( 1802): AudioManager Player: AudioPlaybackConfiguration piid:255 deviceId:0 type:android.media.MediaPlayer u/pid:10081/1803 state:idle attr:AudioAttributes: usage=USAGE_NOTIFICATION content=CONTENT_TYPE_SONIFICATION flags=0x800 tags= bundle=null sessionId:0
09-22 22:31:47.320 D/Avrcp_ext( 1802): AudioManager isPlaying: false, mAudioPlaybackIsActive = false
09-22 22:31:47.320 D/Avrcp_ext( 1802): AudioManager Reset Active Player
09-22 22:31:47.320 D/InterruptionStateProvider( 1803): No bubble up: not allowed to bubble: 0|com.android.systemui|2048|null|10081
09-22 22:31:47.321 D/InterruptionStateProvider( 1803): No heads up: unimportant notification: 0|com.android.systemui|2048|null|10081
09-22 22:31:47.325 W/MediaProvider( 2808): Failed to fetch original file descriptor
09-22 22:31:47.325 W/MediaProvider( 2808): java.io.IOException: stat failed: EACCES (Permission denied)
09-22 22:31:47.325 W/MediaProvider( 2808): at com.android.providers.media.MediaProvider.getFileFromFileDescriptor(MediaProvider.java:5794)
09-22 22:31:47.325 W/MediaProvider( 2808): at com.android.providers.media.MediaProvider.getOriginalMediaFormatFileDescriptor(MediaProvider.java:5711)
09-22 22:31:47.325 W/MediaProvider( 2808): at com.android.providers.media.MediaProvider.openTypedAssetFileCommon(MediaProvider.java:7134)
09-22 22:31:47.325 W/MediaProvider( 2808): at com.android.providers.media.MediaProvider.openTypedAssetFile(MediaProvider.java:7115)
09-22 22:31:47.325 W/MediaProvider( 2808): at android.content.ContentProvider$Transport.openTypedAssetFile(ContentProvider.java:548)
09-22 22:31:47.325 W/MediaProvider( 2808): at android.content.ContentProviderNative.onTransact(ContentProviderNative.java:327)
09-22 22:31:47.325 W/MediaProvider( 2808): at android.os.Binder.execTransactInternal(Binder.java:1184)
09-22 22:31:47.325 W/MediaProvider( 2808): at android.os.Binder.execTransact(Binder.java:1143)
09-22 22:31:47.325 W/MediaProvider( 2808): Caused by: android.system.ErrnoException: stat failed: EACCES (Permission denied)
09-22 22:31:47.325 W/MediaProvider( 2808): at libcore.io.Linux.stat(Native Method)
09-22 22:31:47.325 W/MediaProvider( 2808): at libcore.io.ForwardingOs.stat(ForwardingOs.java:853)
09-22 22:31:47.325 W/MediaProvider( 2808): at libcore.io.BlockGuardOs.stat(BlockGuardOs.java:420)
09-22 22:31:47.325 W/MediaProvider( 2808): at libcore.io.ForwardingOs.stat(ForwardingOs.java:853)
09-22 22:31:47.325 W/MediaProvider( 2808): at android.app.ActivityThread$AndroidOs.stat(ActivityThread.java:7780)
09-22 22:31:47.325 W/MediaProvider( 2808): at android.system.Os.stat(Os.java:919)
09-22 22:31:47.325 W/MediaProvider( 2808): at com.android.providers.media.MediaProvider.getFileFromFileDescriptor(MediaProvider.java:5788)
09-22 22:31:47.325 W/MediaProvider( 2808): ... 7 more
09-22 22:31:47.327 D/PeopleSpaceWidgetMgr( 1803): Sbn doesn't contain valid PeopleTileKey: null/0/com.android.systemui
09-22 22:31:47.327 D/NuPlayerDriver( 1200): NuPlayerDriver(0xed2c2270) created, clientPid(1803)
09-22 22:31:47.333 I/ExtendedNuUtils( 1200): printFileName fd(11) -> /data/system_de/0/ringtones/notification_sound_cache
09-22 22:31:47.336 D/GenericSource( 1200): FileSource remote
09-22 22:31:47.338 I/MMParserExtractor( 1194): Created(0xb4000075083a1b70)
09-22 22:31:47.338 E/MM_OSAL ( 1194): FileSource::FileSource
09-22 22:31:47.338 E/MM_OSAL ( 1194): FileSource::FileSource m_bEveryThingOK 1
09-22 22:31:47.341 D/MediaBufferGroup( 1194): creating MemoryDealer
09-22 22:31:47.347 I/MediaFocusControl( 1451): requestAudioFocus() from uid/pid 10081/1803 AA=USAGE_NOTIFICATION/CONTENT_TYPE_SONIFICATION clientId=android.media.AudioManager@28f8567 callingPack=com.android.systemui req=3 flags=0x0 sdk=31
09-22 22:31:47.347 E/NotificationService( 1451): Muting recently noisy 0|com.android.systemui|2048|null|10081
09-22 22:31:47.347 I/AudioService.FadeOutManager( 1451): unfadeOutUid() uid:10081
09-22 22:31:47.350 D/InterruptionStateProvider( 1803): No bubble up: not allowed to bubble: 0|com.android.systemui|2048|null|10081
09-22 22:31:47.351 D/InterruptionStateProvider( 1803): No heads up: unimportant notification: 0|com.android.systemui|2048|null|10081
09-22 22:31:47.355 D/PeopleSpaceWidgetMgr( 1803): Sbn doesn't contain valid PeopleTileKey: null/0/com.android.systemui
09-22 22:31:47.360 I/mpu_uart( 655): [MSG-P:RECV]:No message received in 1000 ms
09-22 22:31:47.389 I/sysui_multi_action( 2203): [757,747,758,2,1089,299]
09-22 22:31:47.391 D/LocalBluetoothManager( 2203): setting foreground activity to null
09-22 22:31:47.413 D/PrefCtrlListHelper( 2203): Could not find Context-only controller for pref: com.android.settings.slices.SlicePreferenceController
09-22 22:31:47.413 D/PrefCtrlListHelper( 2203): Could not find Context-only controller for pref: com.android.settings.connecteddevice.AddDevicePreferenceController
09-22 22:31:47.413 D/PrefCtrlListHelper( 2203): Could not find Context-only controller for pref: com.android.settings.connecteddevice.PreviouslyConnectedDevicePreferenceController
09-22 22:31:47.413 D/PrefCtrlListHelper( 2203): Could not find Context-only controller for pref: com.android.settings.connecteddevice.GroupPreviouslyConnectedDevicePreferenceController
09-22 22:31:47.414 D/PrefCtrlListHelper( 2203): Could not find Context-only controller for pref: com.android.settings.connecteddevice.AdvancedConnectedDeviceController
09-22 22:31:47.414 D/PrefCtrlListHelper( 2203): Could not find Context-only controller for pref: com.android.settings.connecteddevice.DiscoverableFooterPreferenceController
09-22 22:31:47.415 D/LocalBluetoothProfileManager( 2203): getBCProfile returning: null
09-22 22:31:47.415 D/LocalBluetoothProfileManager( 2203): getBCProfile returning: null
09-22 22:31:47.419 D/LocalBluetoothProfileManager( 2203): getBCProfile returning: null
09-22 22:31:47.419 D/LocalBluetoothProfileManager( 2203): getBCProfile returning: null
09-22 22:31:47.419 D/LocalBluetoothProfileManager( 2203): getBCProfile returning: null
09-22 22:31:47.419 D/LocalBluetoothProfileManager( 2203): getBCProfile returning: null
09-22 22:31:47.428 D/LocalBluetoothProfileManager( 2203): getBCProfile returning: null
09-22 22:31:47.432 D/BluetoothDatabase( 1802): getBondedDevicesOrdered: Invalid address for device LocalStorage
09-22 22:31:47.433 D/ConnectedDeviceFrag( 2203): NO dashboard tiles for ConnectedDeviceFrag
09-22 22:31:47.433 D/ConnectedDeviceFrag( 2203): All preferences added, reporting fully drawn
09-22 22:31:47.444 E/ActivityThread( 2203): Failed to find provider info for com.google.android.gms.nearby.fastpair
09-22 22:31:47.445 D/LocalBluetoothManager( 2203): setting foreground activity to non-null context
09-22 22:31:47.445 D/LocalBluetoothManager( 2203): setting foreground activity to non-null context
09-22 22:31:47.445 E/ActivityThread( 2203): Failed to find provider info for com.google.android.gms.nearby.fastpair
09-22 22:31:47.445 D/LocalBluetoothManager( 2203): setting foreground activity to non-null context
09-22 22:31:47.445 W/SliceManager( 2203): Unknown URI: content://com.google.android.gms.nearby.fastpair/device_status_list_item
09-22 22:31:47.445 D/LocalBluetoothManager( 2203): setting foreground activity to non-null context
09-22 22:31:47.446 D/LocalBluetoothManager( 2203): setting foreground activity to non-null context
09-22 22:31:47.446 D/BluetoothDatabase( 1802): getBondedDevicesOrdered: Invalid address for device LocalStorage
09-22 22:31:47.447 D/LocalBluetoothManager( 2203): setting foreground activity to non-null context
09-22 22:31:47.447 D/BluetoothDatabase( 1802): getBondedDevicesOrdered: Invalid address for device LocalStorage
09-22 22:31:47.449 I/sysui_multi_action( 2203): [757,747,758,1,833,0,1089,38]
09-22 22:31:47.451 I/sysui_multi_action( 2203): [757,1729,758,4,854,isParalleledControllers:false,1089,40]
09-22 22:31:47.473 I/wm_task_removed( 1451): [18,removeChild:removeChild last r=ActivityRecord{c0245b1 u0 com.android.settings/.Settings$ConnectedDeviceDashboardActivity t-1 f}} in t=Task{d200cb3 #18 type=standard A=1000:com.android.settings U=0 visible=false mode=fullscreen translucent=true sz=0}]
09-22 22:31:47.473 I/wm_task_removed( 1451): [18,removeChild]
09-22 22:31:47.474 W/ActivityTaskManager( 1451): Can't find TaskDisplayArea to determine support for multi window. Task id=18 attached=false
09-22 22:31:47.475 W/ActivityTaskManager( 1451): Can't find TaskDisplayArea to determine support for multi window. Task id=18 attached=false
09-22 22:31:47.523 W/Choreographer( 2203): Frame time is 0.098118 ms in the future! Check that graphics HAL is generating vsync timestamps using the correct timebase.
09-22 22:31:47.523 W/Choreographer( 1803): Frame time is 0.060202 ms in the future! Check that graphics HAL is generating vsync timestamps using the correct timebase.
09-22 22:31:47.849 D/Avrcp_ext( 1802): AudioManager Player: AudioPlaybackConfiguration piid:71 deviceId:0 type:android.media.SoundPool u/pid:1000/1451 state:idle attr:AudioAttributes: usage=USAGE_ASSISTANCE_SONIFICATION content=CONTENT_TYPE_SONIFICATION flags=0x800 tags= bundle=null sessionId:0
09-22 22:31:47.850 D/Avrcp_ext( 1802): AudioManager Player: AudioPlaybackConfiguration piid:79 deviceId:0 type:android.media.SoundPool u/pid:10081/1803 state:idle attr:AudioAttributes: usage=USAGE_ASSISTANCE_SONIFICATION content=CONTENT_TYPE_SONIFICATION flags=0x800 tags= bundle=null sessionId:0
09-22 22:31:47.850 D/Avrcp_ext( 1802): AudioManager Player: AudioPlaybackConfiguration piid:255 deviceId:0 type:android.media.MediaPlayer u/pid:10081/1803 state:started attr:AudioAttributes: usage=USAGE_NOTIFICATION content=CONTENT_TYPE_SONIFICATION flags=0x800 tags= bundle=null sessionId:0
09-22 22:31:47.850 I/GenericSource( 1200): start
09-22 22:31:47.850 D/MediaRouter( 1803): onRestoreRoute() : route=RouteInfo{ name=平板电脑, description=null, status=null, category=RouteCategory{ name=系统 types=ROUTE_TYPE_LIVE_AUDIO ROUTE_TYPE_LIVE_VIDEO groupable=false }, supportedTypes=ROUTE_TYPE_LIVE_AUDIO ROUTE_TYPE_LIVE_VIDEO , presentationDisplay=null }
09-22 22:31:47.851 V/MediaRouter( 1803): Selecting route: RouteInfo{ name=平板电脑, description=null, status=null, category=RouteCategory{ name=系统 types=ROUTE_TYPE_LIVE_AUDIO ROUTE_TYPE_LIVE_VIDEO groupable=false }, supportedTypes=ROUTE_TYPE_LIVE_AUDIO ROUTE_TYPE_LIVE_VIDEO , presentationDisplay=null }
09-22 22:31:47.852 W/Utils ( 1200): track of type 'audio/vorbis' does not publish channel mask, channel count 1
09-22 22:31:47.853 D/Avrcp_ext( 1802): AudioManager Player in started state: com.android.systemui
09-22 22:31:47.853 D/Avrcp_ext( 1802): AudioManager Active Player: com.android.systemui
09-22 22:31:47.853 D/Avrcp_ext( 1802): AudioManager isPlaying: true, mAudioPlaybackIsActive = false
09-22 22:31:47.855 V/Avrcp_ext( 1802): updateCurrentMediaState: mMediaController: MediaController (com.android.systemui@dc49a66) null
09-22 22:31:47.855 W/Avrcp_ext( 1802): isMusicActive: false getBluetoothPlayState: 2 A2dp State: 11 mAudioPlaybackIsActive: true
09-22 22:31:47.855 D/Avrcp_ext( 1802): isMusicActive = false mAudioPlaybackIsActive = true player state = null
09-22 22:31:47.856 I/Avrcp_ext( 1802): Skipping update due to invalid playback state
09-22 22:31:47.856 V/Avrcp_ext( 1802): updatePlaybackState, state: null device: null
09-22 22:31:47.856 V/Avrcp_ext( 1802): Device: no name:
09-22 22:31:47.856 V/Avrcp_ext( 1802): Device: no name:
09-22 22:31:47.856 V/Avrcp_ext( 1802): Device: no name:
09-22 22:31:47.856 V/Avrcp_ext( 1802): Device: no name:
09-22 22:31:47.856 V/Avrcp_ext( 1802): Device: no name:
09-22 22:31:47.856 V/Avrcp_ext( 1802): updatePlayerStateAndPosition, old=PlaybackState {state=2, position=-1, buffered position=0, speed=0.0, updated=69121, actions=0, custom actions=[], active item id=-1, error=null}, state=null
09-22 22:31:47.856 I/Avrcp_ext( 1802): updatePlayerStateAndPosition: device: state = null
09-22 22:31:47.857 W/Utils ( 1200): track of type 'audio/vorbis' does not publish channel mask, channel count 1
09-22 22:31:47.860 D/audio_hw_primary( 812): adev_get_parameters:is_hw_dec_session_available
09-22 22:31:47.860 D/audio_hw_spkr_prot( 812): fbsp_get_parameters: Speaker protection disabled
09-22 22:31:47.860 D/soundtrigger( 812): audio_extn_sound_trigger_get_parameters input string
09-22 22:31:47.860 D/soundtrigger( 812): extract_sm_handle input string param string
09-22 22:31:47.860 D/audio_hw_extn( 812): audio_extn_fm_get_parameters: Enter
09-22 22:31:47.860 D/audio_hw_extn( 812): audio_extn_get_parameters: returns
09-22 22:31:47.860 D/audio_hw_primary( 812): adev_get_parameters: exit: returns -
09-22 22:31:47.860 I/hash_map_utils( 914): system/bt/osi/src/hash_map_utils.cc:81 hash_map_utils_dump_string_keys_string_values: key: 'is_hw_dec_session_available' value: 'audio/vorbis'
09-22 22:31:47.864 D/CCodec ( 1200): allocate(c2.android.vorbis.decoder)
09-22 22:31:47.868 I/CCodec ( 1200): setting up 'default' as default (vendor) store
09-22 22:31:47.868 V/C2Store ( 1244): in init
09-22 22:31:47.868 V/C2Store ( 1244): loading dll
09-22 22:31:47.874 I/CCodec ( 1200): Created component [c2.android.vorbis.decoder]
09-22 22:31:47.875 D/CCodecConfig( 1200): read media type: audio/vorbis
09-22 22:31:47.880 D/ReflectedParamUpdater( 1200): extent() != 1 for single value type: algo.buffers.max-count.values
09-22 22:31:47.880 D/ReflectedParamUpdater( 1200): extent() != 1 for single value type: output.subscribed-indices.values
09-22 22:31:47.881 D/ReflectedParamUpdater( 1200): extent() != 1 for single value type: input.buffers.allocator-ids.values
09-22 22:31:47.881 D/ReflectedParamUpdater( 1200): extent() != 1 for single value type: output.buffers.allocator-ids.values
09-22 22:31:47.881 D/ReflectedParamUpdater( 1200): extent() != 1 for single value type: algo.buffers.allocator-ids.values
09-22 22:31:47.882 D/ReflectedParamUpdater( 1200): extent() != 1 for single value type: output.buffers.pool-ids.values
09-22 22:31:47.882 D/ReflectedParamUpdater( 1200): extent() != 1 for single value type: algo.buffers.pool-ids.values
09-22 22:31:47.885 I/CCodecConfig( 1200): query failed after returning 7 values (BAD_INDEX)
09-22 22:31:47.885 D/CCodecConfig( 1200): c2 config diff is Dict {
09-22 22:31:47.885 D/CCodecConfig( 1200): c2::u32 coded.bitrate.value = 64000
09-22 22:31:47.885 D/CCodecConfig( 1200): c2::u32 input.buffers.max-size.value = 32768
09-22 22:31:47.885 D/CCodecConfig( 1200): c2::u32 input.delay.value = 0
09-22 22:31:47.885 D/CCodecConfig( 1200): string input.media-type.value = "audio/vorbis"
09-22 22:31:47.885 D/CCodecConfig( 1200): string output.media-type.value = "audio/raw"
09-22 22:31:47.885 D/CCodecConfig( 1200): c2::u32 raw.channel-count.value = 1
09-22 22:31:47.885 D/CCodecConfig( 1200): c2::u32 raw.sample-rate.value = 48000
09-22 22:31:47.885 D/CCodecConfig( 1200): }
09-22 22:31:47.887 D/CCodec ( 1200): [c2.android.vorbis.decoder] buffers are bound to CCodec for this session
09-22 22:31:47.887 D/CCodecConfig( 1200): no c2 equivalents for durationUs
09-22 22:31:47.887 D/CCodecConfig( 1200): no c2 equivalents for csd-1
09-22 22:31:47.887 D/CCodecConfig( 1200): no c2 equivalents for language
09-22 22:31:47.887 D/CCodecConfig( 1200): no c2 equivalents for file-format
09-22 22:31:47.887 D/CCodecConfig( 1200): no c2 equivalents for flags
09-22 22:31:47.887 D/CCodecConfig( 1200): config failed => CORRUPTED
09-22 22:31:47.887 D/CCodecConfig( 1200): c2 config diff is c2::u32 coded.bitrate.value = 70000
09-22 22:31:47.889 W/Codec2Client( 1200): query -- param skipped: index = 1107298332.
09-22 22:31:47.889 D/CCodec ( 1200): setup formats input: AMessage(what = 0x00000000) = {
09-22 22:31:47.889 D/CCodec ( 1200): int32_t bitrate = 70000
09-22 22:31:47.889 D/CCodec ( 1200): int32_t channel-count = 1
09-22 22:31:47.889 D/CCodec ( 1200): int32_t max-input-size = 65307
09-22 22:31:47.889 D/CCodec ( 1200): string mime = "audio/vorbis"
09-22 22:31:47.889 D/CCodec ( 1200): int32_t sample-rate = 48000
09-22 22:31:47.889 D/CCodec ( 1200): }
09-22 22:31:47.889 D/CCodec ( 1200): setup formats output: AMessage(what = 0x00000000) = {
09-22 22:31:47.889 D/CCodec ( 1200): int32_t channel-count = 1
09-22 22:31:47.889 D/CCodec ( 1200): string mime = "audio/raw"
09-22 22:31:47.889 D/CCodec ( 1200): int32_t sample-rate = 48000
09-22 22:31:47.889 D/CCodec ( 1200): int32_t android._config-pcm-encoding = 2
09-22 22:31:47.889 D/CCodec ( 1200): }
09-22 22:31:47.889 I/CCodecConfig( 1200): query failed after returning 7 values (BAD_INDEX)
09-22 22:31:47.889 I/MediaCodec( 1200): MediaCodec will operate in async mode
09-22 22:31:47.889 D/MediaCodec( 1200): keep callback message for reclaim
09-22 22:31:47.890 W/Codec2Client( 1200): query -- param skipped: index = 1342179345.
09-22 22:31:47.890 W/Codec2Client( 1200): query -- param skipped: index = 2415921170.
09-22 22:31:47.891 D/BufferPoolAccessor2.0( 1244): Destruction - bufferpool2 0xb400007635619d78 cached: 0/0M, 0/0% in use; allocs: 97, 96% recycled; transfers: 96, 96% unfetched
09-22 22:31:47.892 D/CCodecBufferChannel( 1200): [c2.android.vorbis.decoder#297] Created input block pool with allocatorID 16 => poolID 38 - OK (0)
09-22 22:31:47.892 D/BufferPoolAccessor2.0( 1244): Destruction - bufferpool2 0xb40000763561d998 cached: 0/0M, 0/0% in use; allocs: 97, 96% recycled; transfers: 96, 96% unfetched
09-22 22:31:47.893 D/BufferPoolAccessor2.0( 1200): Destruction - bufferpool2 0xecc81468 cached: 0/0M, 0/0% in use; allocs: 102, 92% recycled; transfers: 198, 96% unfetched
09-22 22:31:47.893 D/BufferPoolAccessor2.0( 1200): Destruction - bufferpool2 0xecc82ae8 cached: 0/0M, 0/0% in use; allocs: 102, 92% recycled; transfers: 198, 96% unfetched
09-22 22:31:47.893 I/CCodecBufferChannel( 1200): [c2.android.vorbis.decoder#297] Created output block pool with allocatorID 16 => poolID 47 - OK
09-22 22:31:47.893 D/CCodecBufferChannel( 1200): [c2.android.vorbis.decoder#297] Configured output block pool ids 47 => OK
09-22 22:31:47.894 D/CCodecBufferChannel( 1200): [c2.android.vorbis.decoder#297] start: updating output delay 0
09-22 22:31:47.895 I/CCodecBufferChannel( 1200): pipelineRoom(3) is <= numClientBuffers(3). Not signalling any more buffers to client
09-22 22:31:47.895 D/SimpleC2Component( 1244): Using output block pool with poolID 47 => got 47 - 0
09-22 22:31:47.896 I/CCodecBufferChannel( 1200): pipelineRoom(2) is <= numClientBuffers(2). Not signalling any more buffers to client
09-22 22:31:47.897 I/CCodecBufferChannel( 1200): pipelineRoom(1) is <= numClientBuffers(1). Not signalling any more buffers to client
09-22 22:31:47.902 I/ExtendedNuUtils( 1200): Both src and dst missing for bit-width
09-22 22:31:47.902 I/ExtendedNuUtils( 1200): Overriding durationUs: with 64 bit src value 1728000
09-22 22:31:47.902 I/ExtendedNuUtils( 1200): Both src and dst missing for channel-mask
09-22 22:31:47.905 D/audio_hw_primary( 812): adev_get_parameters:vr_audio_mode_on
09-22 22:31:47.905 I/audio_hw_primary( 812): getting vr mode to 0
09-22 22:31:47.905 D/audio_hw_primary( 812): adev_get_parameters: exit: returns - vr_audio_mode_on=false
09-22 22:31:47.906 I/hash_map_utils( 914): system/bt/osi/src/hash_map_utils.cc:81 hash_map_utils_dump_string_keys_string_values: key: 'vr_audio_mode_on' value: ''
09-22 22:31:47.907 D/AudioFlinger( 914): Client defaulted notificationFrames to 12000 for frameCount 24000
09-22 22:31:47.908 D/AF::TrackHandle( 914): OpPlayAudio: track:77 usage:5 not muted
