09-22 22:31:17.412 I/sysui_multi_action( 1803): [757,111,758,1]
09-22 22:31:17.412 I/sysui_multi_action( 1803): [757,126,758,1,759,126,927,0,928,0,1593,0]
09-22 22:31:17.412 I/sysui_multi_action( 1803): [757,113,758,1,759,113,927,1,928,1,1593,0]
09-22 22:31:17.412 I/sysui_multi_action( 1803): [757,0,758,1,759,0,927,2,928,0,1593,0]
09-22 22:31:17.412 I/sysui_multi_action( 1803): [757,0,758,1,759,0,927,3,928,0,1593,0]
09-22 22:31:17.412 I/sysui_multi_action( 1803): [757,1706,758,1,759,1706,927,4,928,0,1593,0]
09-22 22:31:17.412 I/sysui_multi_action( 1803): [757,491,758,1,759,491,927,5,928,0,1311,-1,1593,0]
09-22 22:31:17.412 I/sysui_multi_action( 1803): [757,0,758,1,759,0,927,6,928,0,1593,0]
09-22 22:31:17.413 I/sysui_multi_action( 1803): [757,111,758,1]
09-22 22:31:17.413 I/sysui_multi_action( 1803): [757,126,758,1,759,126,927,0,928,0,1593,0]
09-22 22:31:17.413 I/sysui_multi_action( 1803): [757,113,758,1,759,113,927,1,928,1,1593,0]
09-22 22:31:17.413 I/sysui_multi_action( 1803): [757,0,758,1,759,0,927,2,928,0,1593,0]
09-22 22:31:17.413 I/sysui_multi_action( 1803): [757,0,758,1,759,0,927,3,928,0,1593,0]
09-22 22:31:17.414 W/View ( 1803): requestLayout() improperly called by com.android.systemui.util.animation.UniqueObjectHostView{24dc5a4 V.E...... ......ID 0,0-666,156} during layout: running second layout pass
09-22 22:31:17.426 I/sysui_multi_action( 1803): [757,111,758,2]
09-22 22:31:17.426 I/sysui_multi_action( 1803): [757,111,758,2]
09-22 22:31:17.426 I/notification_enqueue( 1451): [10081,1803,com.android.systemui,2048,NULL,0,Notification(channel=updateNotification shortcut=null contentView=null vibrate=null sound=null defaults=0x0 flags=0x0 color=0x00000000 vis=PRIVATE),1]
09-22 22:31:17.430 I/sysui_multi_action( 1803): [757,111,758,1]
09-22 22:31:17.430 I/sysui_multi_action( 1803): [757,126,758,1,759,126,927,0,928,0,1593,0]
09-22 22:31:17.430 I/sysui_multi_action( 1803): [757,113,758,1,759,113,927,1,928,1,1593,0]
09-22 22:31:17.430 I/sysui_multi_action( 1803): [757,0,758,1,759,0,927,2,928,0,1593,0]
09-22 22:31:17.430 I/sysui_multi_action( 1803): [757,0,758,1,759,0,927,3,928,0,1593,0]
09-22 22:31:17.430 I/sysui_multi_action( 1803): [757,1706,758,1,759,1706,927,4,928,0,1593,0]
09-22 22:31:17.430 I/sysui_multi_action( 1803): [757,491,758,1,759,491,927,5,928,0,1311,-1,1593,0]
09-22 22:31:17.430 I/sysui_multi_action( 1803): [757,0,758,1,759,0,927,6,928,0,1593,0]
09-22 22:31:17.430 I/sysui_multi_action( 1803): [757,111,758,1]
09-22 22:31:17.431 I/sysui_multi_action( 1803): [757,126,758,1,759,126,927,0,928,0,1593,0]
09-22 22:31:17.431 I/sysui_multi_action( 1803): [757,113,758,1,759,113,927,1,928,1,1593,0]
09-22 22:31:17.431 I/sysui_multi_action( 1803): [757,0,758,1,759,0,927,2,928,0,1593,0]
09-22 22:31:17.431 I/sysui_multi_action( 1803): [757,0,758,1,759,0,927,3,928,0,1593,0]
09-22 22:31:17.432 W/View ( 1803): requestLayout() improperly called by com.android.systemui.util.animation.UniqueObjectHostView{24dc5a4 V.E...... ......ID 0,0-666,156} during layout: running second layout pass
09-22 22:31:17.443 I/sysui_multi_action( 1803): [757,111,758,2]
09-22 22:31:17.444 I/sysui_multi_action( 1803): [757,111,758,2]
09-22 22:31:17.444 I/notification_enqueue( 1451): [10081,1803,com.android.systemui,2048,NULL,0,Notification(channel=updateNotification shortcut=null contentView=null vibrate=null sound=null defaults=0x0 flags=0x0 color=0x00000000 vis=PRIVATE),1]
09-22 22:31:17.447 I/sysui_multi_action( 1803): [757,111,758,1]
09-22 22:31:17.447 I/sysui_multi_action( 1803): [757,126,758,1,759,126,927,0,928,0,1593,0]
09-22 22:31:17.447 I/sysui_multi_action( 1803): [757,113,758,1,759,113,927,1,928,1,1593,0]
09-22 22:31:17.447 I/sysui_multi_action( 1803): [757,0,758,1,759,0,927,2,928,0,1593,0]
09-22 22:31:17.447 I/sysui_multi_action( 1803): [757,0,758,1,759,0,927,3,928,0,1593,0]
09-22 22:31:17.447 I/sysui_multi_action( 1803): [757,1706,758,1,759,1706,927,4,928,0,1593,0]
09-22 22:31:17.447 I/sysui_multi_action( 1803): [757,491,758,1,759,491,927,5,928,0,1311,-1,1593,0]
09-22 22:31:17.447 I/sysui_multi_action( 1803): [757,0,758,1,759,0,927,6,928,0,1593,0]
09-22 22:31:17.447 I/sysui_multi_action( 1803): [757,111,758,1]
09-22 22:31:17.448 I/sysui_multi_action( 1803): [757,126,758,1,759,126,927,0,928,0,1593,0]
09-22 22:31:17.448 I/sysui_multi_action( 1803): [757,113,758,1,759,113,927,1,928,1,1593,0]
09-22 22:31:17.448 I/sysui_multi_action( 1803): [757,0,758,1,759,0,927,2,928,0,1593,0]
09-22 22:31:17.448 I/sysui_multi_action( 1803): [757,0,758,1,759,0,927,3,928,0,1593,0]
09-22 22:31:17.449 W/View ( 1803): requestLayout() improperly called by com.android.systemui.util.animation.UniqueObjectHostView{24dc5a4 V.E...... ......ID 0,0-666,156} during layout: running second layout pass
09-22 22:31:17.468 I/sysui_multi_action( 1451): [757,1501,758,1,793,216303,794,0,795,204,796,2048,806,com.android.systemui,857,updateNotification,858,3,947,0,1500,0,1688,1]
09-22 22:31:17.469 I/sysui_multi_action( 1451): [757,804,799,note_interruptive,801,0,802,1]
09-22 22:31:17.469 I/sysui_multi_action( 1451): [757,199,758,1,759,2,793,216304,794,0,795,205,796,2048,806,com.android.systemui,857,updateNotification,858,3,947,0,1500,1,1688,1]
09-22 22:31:17.469 I/notification_alert( 1451): [0|com.android.systemui|2048|null|10081,0,1,0]
09-22 22:31:17.471 W/NotificationHistory( 1451): Attempted to add notif for locked/gone/disabled user 0
09-22 22:31:17.473 D/Avrcp_ext( 1802): AudioManager Player: AudioPlaybackConfiguration piid:71 deviceId:0 type:android.media.SoundPool u/pid:1000/1451 state:idle attr:AudioAttributes: usage=USAGE_ASSISTANCE_SONIFICATION content=CONTENT_TYPE_SONIFICATION flags=0x800 tags= bundle=null sessionId:0
09-22 22:31:17.473 D/Avrcp_ext( 1802): AudioManager Player: AudioPlaybackConfiguration piid:79 deviceId:0 type:android.media.SoundPool u/pid:10081/1803 state:idle attr:AudioAttributes: usage=USAGE_ASSISTANCE_SONIFICATION content=CONTENT_TYPE_SONIFICATION flags=0x800 tags= bundle=null sessionId:0
09-22 22:31:17.473 D/Avrcp_ext( 1802): AudioManager Player: AudioPlaybackConfiguration piid:207 deviceId:0 type:android.media.MediaPlayer u/pid:10081/1803 state:idle attr:AudioAttributes: usage=USAGE_NOTIFICATION content=CONTENT_TYPE_SONIFICATION flags=0x800 tags= bundle=null sessionId:0
09-22 22:31:17.473 D/Avrcp_ext( 1802): AudioManager isPlaying: false, mAudioPlaybackIsActive = false
09-22 22:31:17.473 D/Avrcp_ext( 1802): AudioManager Reset Active Player
09-22 22:31:17.474 W/MediaProvider( 2808): Failed to fetch original file descriptor
09-22 22:31:17.474 W/MediaProvider( 2808): java.io.IOException: stat failed: EACCES (Permission denied)
09-22 22:31:17.474 W/MediaProvider( 2808): at com.android.providers.media.MediaProvider.getFileFromFileDescriptor(MediaProvider.java:5794)
09-22 22:31:17.474 W/MediaProvider( 2808): at com.android.providers.media.MediaProvider.getOriginalMediaFormatFileDescriptor(MediaProvider.java:5711)
09-22 22:31:17.474 W/MediaProvider( 2808): at com.android.providers.media.MediaProvider.openTypedAssetFileCommon(MediaProvider.java:7134)
09-22 22:31:17.474 W/MediaProvider( 2808): at com.android.providers.media.MediaProvider.openTypedAssetFile(MediaProvider.java:7115)
09-22 22:31:17.474 W/MediaProvider( 2808): at android.content.ContentProvider$Transport.openTypedAssetFile(ContentProvider.java:548)
09-22 22:31:17.474 W/MediaProvider( 2808): at android.content.ContentProviderNative.onTransact(ContentProviderNative.java:327)
09-22 22:31:17.474 W/MediaProvider( 2808): at android.os.Binder.execTransactInternal(Binder.java:1184)
09-22 22:31:17.474 W/MediaProvider( 2808): at android.os.Binder.execTransact(Binder.java:1143)
09-22 22:31:17.474 W/MediaProvider( 2808): Caused by: android.system.ErrnoException: stat failed: EACCES (Permission denied)
09-22 22:31:17.474 W/MediaProvider( 2808): at libcore.io.Linux.stat(Native Method)
09-22 22:31:17.474 W/MediaProvider( 2808): at libcore.io.ForwardingOs.stat(ForwardingOs.java:853)
09-22 22:31:17.474 W/MediaProvider( 2808): at libcore.io.BlockGuardOs.stat(BlockGuardOs.java:420)
09-22 22:31:17.474 W/MediaProvider( 2808): at libcore.io.ForwardingOs.stat(ForwardingOs.java:853)
09-22 22:31:17.474 W/MediaProvider( 2808): at android.app.ActivityThread$AndroidOs.stat(ActivityThread.java:7780)
09-22 22:31:17.474 W/MediaProvider( 2808): at android.system.Os.stat(Os.java:919)
09-22 22:31:17.474 W/MediaProvider( 2808): at com.android.providers.media.MediaProvider.getFileFromFileDescriptor(MediaProvider.java:5788)
09-22 22:31:17.474 W/MediaProvider( 2808): ... 7 more
09-22 22:31:17.475 D/NuPlayerDriver( 1200): NuPlayerDriver(0xed2c08d0) created, clientPid(1803)
09-22 22:31:17.479 D/BufferPoolAccessor2.0( 1200): evictor expired: 1, evicted: 0
09-22 22:31:17.480 I/ExtendedNuUtils( 1200): printFileName fd(10) -> /data/system_de/0/ringtones/notification_sound_cache
09-22 22:31:17.481 D/BufferPoolAccessor2.0( 1244): evictor expired: 1, evicted: 0
09-22 22:31:17.482 D/GenericSource( 1200): FileSource remote
09-22 22:31:17.485 I/MMParserExtractor( 1194): Created(0xb4000075083a3070)
09-22 22:31:17.485 E/MM_OSAL ( 1194): FileSource::FileSource
09-22 22:31:17.485 E/MM_OSAL ( 1194): FileSource::FileSource m_bEveryThingOK 1
09-22 22:31:17.487 D/MediaBufferGroup( 1194): creating MemoryDealer
09-22 22:31:17.490 I/MediaFocusControl( 1451): requestAudioFocus() from uid/pid 10081/1803 AA=USAGE_NOTIFICATION/CONTENT_TYPE_SONIFICATION clientId=android.media.AudioManager@758c38b callingPack=com.android.systemui req=3 flags=0x0 sdk=31
09-22 22:31:17.490 I/AudioService.FadeOutManager( 1451): unfadeOutUid() uid:10081
09-22 22:31:17.496 D/InterruptionStateProvider( 1803): No bubble up: not allowed to bubble: 0|com.android.systemui|2048|null|10081
09-22 22:31:17.496 D/InterruptionStateProvider( 1803): No heads up: unimportant notification: 0|com.android.systemui|2048|null|10081
09-22 22:31:17.498 D/PeopleSpaceWidgetMgr( 1803): Sbn doesn't contain valid PeopleTileKey: null/0/com.android.systemui
09-22 22:31:17.515 E/NotificationService( 1451): Muting recently noisy 0|com.android.systemui|2048|null|10081
09-22 22:31:17.541 E/NotificationService( 1451): Muting recently noisy 0|com.android.systemui|2048|null|10081
09-22 22:31:17.553 D/InterruptionStateProvider( 1803): No bubble up: not allowed to bubble: 0|com.android.systemui|2048|null|10081
09-22 22:31:17.553 D/InterruptionStateProvider( 1803): No heads up: unimportant notification: 0|com.android.systemui|2048|null|10081
09-22 22:31:17.559 D/PeopleSpaceWidgetMgr( 1803): Sbn doesn't contain valid PeopleTileKey: null/0/com.android.systemui
09-22 22:31:17.564 E/NotificationService( 1451): Muting recently noisy 0|com.android.systemui|2048|null|10081
09-22 22:31:17.580 E/NotificationService( 1451): Muting recently noisy 0|com.android.systemui|2048|null|10081
09-22 22:31:17.584 D/InterruptionStateProvider( 1803): No bubble up: not allowed to bubble: 0|com.android.systemui|2048|null|10081
09-22 22:31:17.584 D/InterruptionStateProvider( 1803): No heads up: unimportant notification: 0|com.android.systemui|2048|null|10081
09-22 22:31:17.590 D/PeopleSpaceWidgetMgr( 1803): Sbn doesn't contain valid PeopleTileKey: null/0/com.android.systemui
09-22 22:31:17.596 E/NotificationService( 1451): Muting recently noisy 0|com.android.systemui|2048|null|10081
09-22 22:31:17.604 D/InterruptionStateProvider( 1803): No bubble up: not allowed to bubble: 0|com.android.systemui|2048|null|10081
09-22 22:31:17.605 D/InterruptionStateProvider( 1803): No heads up: unimportant notification: 0|com.android.systemui|2048|null|10081
09-22 22:31:17.610 D/PeopleSpaceWidgetMgr( 1803): Sbn doesn't contain valid PeopleTileKey: null/0/com.android.systemui
09-22 22:31:17.610 E/NotificationService( 1451): Muting recently noisy 0|com.android.systemui|2048|null|10081
09-22 22:31:17.627 D/InterruptionStateProvider( 1803): No bubble up: not allowed to bubble: 0|com.android.systemui|2048|null|10081
09-22 22:31:17.627 D/InterruptionStateProvider( 1803): No heads up: unimportant notification: 0|com.android.systemui|2048|null|10081
09-22 22:31:17.628 E/NotificationService( 1451): Muting recently noisy 0|com.android.systemui|2048|null|10081
09-22 22:31:17.632 D/PeopleSpaceWidgetMgr( 1803): Sbn doesn't contain valid PeopleTileKey: null/0/com.android.systemui
09-22 22:31:17.645 E/NotificationService( 1451): Muting recently noisy 0|com.android.systemui|2048|null|10081
09-22 22:31:17.646 D/InterruptionStateProvider( 1803): No bubble up: not allowed to bubble: 0|com.android.systemui|2048|null|10081
09-22 22:31:17.647 D/InterruptionStateProvider( 1803): No heads up: unimportant notification: 0|com.android.systemui|2048|null|10081
09-22 22:31:17.652 D/PeopleSpaceWidgetMgr( 1803): Sbn doesn't contain valid PeopleTileKey: null/0/com.android.systemui
09-22 22:31:17.654 D/InterruptionStateProvider( 1803): No bubble up: not allowed to bubble: 0|com.android.systemui|2048|null|10081
09-22 22:31:17.654 D/InterruptionStateProvider( 1803): No heads up: unimportant notification: 0|com.android.systemui|2048|null|10081
09-22 22:31:17.659 D/PeopleSpaceWidgetMgr( 1803): Sbn doesn't contain valid PeopleTileKey: null/0/com.android.systemui
09-22 22:31:17.672 D/InterruptionStateProvider( 1803): No bubble up: not allowed to bubble: 0|com.android.systemui|2048|null|10081
09-22 22:31:17.672 D/InterruptionStateProvider( 1803): No heads up: unimportant notification: 0|com.android.systemui|2048|null|10081
09-22 22:31:17.677 D/PeopleSpaceWidgetMgr( 1803): Sbn doesn't contain valid PeopleTileKey: null/0/com.android.systemui
09-22 22:31:17.690 D/InterruptionStateProvider( 1803): No bubble up: not allowed to bubble: 0|com.android.systemui|2048|null|10081
09-22 22:31:17.690 D/InterruptionStateProvider( 1803): No heads up: unimportant notification: 0|com.android.systemui|2048|null|10081
09-22 22:31:17.695 D/PeopleSpaceWidgetMgr( 1803): Sbn doesn't contain valid PeopleTileKey: null/0/com.android.systemui
09-22 22:31:17.812 I/sysui_multi_action( 1451): [757,128,758,1,793,118500,794,0,795,118500,796,26,798,0,806,android,857,DEVELOPER_IMPORTANT,858,4,947,0,1395,2,1500,118297,1688,1]
09-22 22:31:17.813 I/sysui_multi_action( 1451): [757,804,799,note_freshness,801,118500,802,1]
09-22 22:31:17.813 I/notification_visibility( 1451): [-1|android|26|null|1000,1,118500,118500,0,0]
09-22 22:31:17.813 I/sysui_multi_action( 1451): [757,128,758,1,793,271579,794,0,795,271579,796,32,798,1,806,android,857,USB,858,1,947,0,1395,2,1500,271368,1688,1]
09-22 22:31:17.813 I/sysui_multi_action( 1451): [757,804,799,note_freshness,801,271579,802,1]
09-22 22:31:17.813 I/notification_visibility( 1451): [-1|android|32|null|1000,1,271579,271579,0,1]
09-22 22:31:17.991 I/GenericSource( 1200): start
09-22 22:31:17.992 D/Avrcp_ext( 1802): AudioManager Player: AudioPlaybackConfiguration piid:71 deviceId:0 type:android.media.SoundPool u/pid:1000/1451 state:idle attr:AudioAttributes: usage=USAGE_ASSISTANCE_SONIFICATION content=CONTENT_TYPE_SONIFICATION flags=0x800 tags= bundle=null sessionId:0
09-22 22:31:17.992 D/Avrcp_ext( 1802): AudioManager Player: AudioPlaybackConfiguration piid:79 deviceId:0 type:android.media.SoundPool u/pid:10081/1803 state:idle attr:AudioAttributes: usage=USAGE_ASSISTANCE_SONIFICATION content=CONTENT_TYPE_SONIFICATION flags=0x800 tags= bundle=null sessionId:0
09-22 22:31:17.992 D/Avrcp_ext( 1802): AudioManager Player: AudioPlaybackConfiguration piid:207 deviceId:0 type:android.media.MediaPlayer u/pid:10081/1803 state:started attr:AudioAttributes: usage=USAGE_NOTIFICATION content=CONTENT_TYPE_SONIFICATION flags=0x800 tags= bundle=null sessionId:0
09-22 22:31:17.993 W/Utils ( 1200): track of type 'audio/vorbis' does not publish channel mask, channel count 1
09-22 22:31:17.994 D/Avrcp_ext( 1802): AudioManager Player in started state: com.android.systemui
09-22 22:31:17.994 D/Avrcp_ext( 1802): AudioManager Active Player: com.android.systemui
09-22 22:31:17.994 D/Avrcp_ext( 1802): AudioManager isPlaying: true, mAudioPlaybackIsActive = false
09-22 22:31:17.995 V/Avrcp_ext( 1802): updateCurrentMediaState: mMediaController: MediaController (com.android.systemui@dc49a66) null
09-22 22:31:17.996 W/Avrcp_ext( 1802): isMusicActive: false getBluetoothPlayState: 2 A2dp State: 11 mAudioPlaybackIsActive: true
09-22 22:31:17.996 D/Avrcp_ext( 1802): isMusicActive = false mAudioPlaybackIsActive = true player state = null
09-22 22:31:17.996 D/MediaRouter( 1803): onRestoreRoute() : route=RouteInfo{ name=平板电脑, description=null, status=null, category=RouteCategory{ name=系统 types=ROUTE_TYPE_LIVE_AUDIO ROUTE_TYPE_LIVE_VIDEO groupable=false }, supportedTypes=ROUTE_TYPE_LIVE_AUDIO ROUTE_TYPE_LIVE_VIDEO , presentationDisplay=null }
09-22 22:31:17.996 I/Avrcp_ext( 1802): Skipping update due to invalid playback state
09-22 22:31:17.996 V/MediaRouter( 1803): Selecting route: RouteInfo{ name=平板电脑, description=null, status=null, category=RouteCategory{ name=系统 types=ROUTE_TYPE_LIVE_AUDIO ROUTE_TYPE_LIVE_VIDEO groupable=false }, supportedTypes=ROUTE_TYPE_LIVE_AUDIO ROUTE_TYPE_LIVE_VIDEO , presentationDisplay=null }
09-22 22:31:17.996 V/Avrcp_ext( 1802): updatePlaybackState, state: null device: null
09-22 22:31:17.996 V/Avrcp_ext( 1802): Device: no name:
09-22 22:31:17.996 V/Avrcp_ext( 1802): Device: no name:
09-22 22:31:17.996 V/Avrcp_ext( 1802): Device: no name:
09-22 22:31:17.996 V/Avrcp_ext( 1802): Device: no name:
09-22 22:31:17.996 V/Avrcp_ext( 1802): Device: no name:
09-22 22:31:17.996 V/Avrcp_ext( 1802): updatePlayerStateAndPosition, old=PlaybackState {state=2, position=-1, buffered position=0, speed=0.0, updated=69121, actions=0, custom actions=[], active item id=-1, error=null}, state=null
09-22 22:31:17.997 I/Avrcp_ext( 1802): updatePlayerStateAndPosition: device: state = null
09-22 22:31:17.997 W/Utils ( 1200): track of type 'audio/vorbis' does not publish channel mask, channel count 1
09-22 22:31:17.999 D/audio_hw_primary( 812): adev_get_parameters:is_hw_dec_session_available
09-22 22:31:18.000 D/audio_hw_spkr_prot( 812): fbsp_get_parameters: Speaker protection disabled
09-22 22:31:18.000 D/soundtrigger( 812): audio_extn_sound_trigger_get_parameters input string
09-22 22:31:18.000 D/soundtrigger( 812): extract_sm_handle input string param string
09-22 22:31:18.000 D/audio_hw_extn( 812): audio_extn_fm_get_parameters: Enter
09-22 22:31:18.000 D/audio_hw_extn( 812): audio_extn_get_parameters: returns
09-22 22:31:18.000 D/audio_hw_primary( 812): adev_get_parameters: exit: returns -
09-22 22:31:18.000 I/hash_map_utils( 914): system/bt/osi/src/hash_map_utils.cc:81 hash_map_utils_dump_string_keys_string_values: key: 'is_hw_dec_session_available' value: 'audio/vorbis'
09-22 22:31:18.002 D/CCodec ( 1200): allocate(c2.android.vorbis.decoder)
09-22 22:31:18.005 I/CCodec ( 1200): setting up 'default' as default (vendor) store
09-22 22:31:18.005 V/C2Store ( 1244): in init
09-22 22:31:18.005 V/C2Store ( 1244): loading dll
09-22 22:31:18.009 I/CCodec ( 1200): Created component [c2.android.vorbis.decoder]
09-22 22:31:18.010 D/CCodecConfig( 1200): read media type: audio/vorbis
09-22 22:31:18.014 D/ReflectedParamUpdater( 1200): extent() != 1 for single value type: algo.buffers.max-count.values
09-22 22:31:18.014 D/ReflectedParamUpdater( 1200): extent() != 1 for single value type: output.subscribed-indices.values
09-22 22:31:18.014 D/ReflectedParamUpdater( 1200): extent() != 1 for single value type: input.buffers.allocator-ids.values
09-22 22:31:18.015 D/ReflectedParamUpdater( 1200): extent() != 1 for single value type: output.buffers.allocator-ids.values
09-22 22:31:18.015 D/ReflectedParamUpdater( 1200): extent() != 1 for single value type: algo.buffers.allocator-ids.values
09-22 22:31:18.015 D/ReflectedParamUpdater( 1200): extent() != 1 for single value type: output.buffers.pool-ids.values
09-22 22:31:18.015 D/ReflectedParamUpdater( 1200): extent() != 1 for single value type: algo.buffers.pool-ids.values
09-22 22:31:18.018 I/CCodecConfig( 1200): query failed after returning 7 values (BAD_INDEX)
09-22 22:31:18.018 D/CCodecConfig( 1200): c2 config diff is Dict {
09-22 22:31:18.018 D/CCodecConfig( 1200): c2::u32 coded.bitrate.value = 64000
09-22 22:31:18.018 D/CCodecConfig( 1200): c2::u32 input.buffers.max-size.value = 32768
09-22 22:31:18.018 D/CCodecConfig( 1200): c2::u32 input.delay.value = 0
09-22 22:31:18.018 D/CCodecConfig( 1200): string input.media-type.value = "audio/vorbis"
09-22 22:31:18.018 D/CCodecConfig( 1200): string output.media-type.value = "audio/raw"
09-22 22:31:18.018 D/CCodecConfig( 1200): c2::u32 raw.channel-count.value = 1
09-22 22:31:18.018 D/CCodecConfig( 1200): c2::u32 raw.sample-rate.value = 48000
09-22 22:31:18.018 D/CCodecConfig( 1200): }
09-22 22:31:18.020 D/CCodec ( 1200): [c2.android.vorbis.decoder] buffers are bound to CCodec for this session
09-22 22:31:18.020 D/CCodecConfig( 1200): no c2 equivalents for durationUs
09-22 22:31:18.020 D/CCodecConfig( 1200): no c2 equivalents for csd-1
09-22 22:31:18.020 D/CCodecConfig( 1200): no c2 equivalents for language
09-22 22:31:18.020 D/CCodecConfig( 1200): no c2 equivalents for file-format
09-22 22:31:18.020 D/CCodecConfig( 1200): no c2 equivalents for flags
09-22 22:31:18.021 D/CCodecConfig( 1200): config failed => CORRUPTED
09-22 22:31:18.021 D/CCodecConfig( 1200): c2 config diff is c2::u32 coded.bitrate.value = 70000
09-22 22:31:18.022 W/Codec2Client( 1200): query -- param skipped: index = 1107298332.
09-22 22:31:18.022 D/CCodec ( 1200): setup formats input: AMessage(what = 0x00000000) = {
09-22 22:31:18.022 D/CCodec ( 1200): int32_t bitrate = 70000
09-22 22:31:18.022 D/CCodec ( 1200): int32_t channel-count = 1
09-22 22:31:18.022 D/CCodec ( 1200): int32_t max-input-size = 65307
09-22 22:31:18.022 D/CCodec ( 1200): string mime = "audio/vorbis"
09-22 22:31:18.022 D/CCodec ( 1200): int32_t sample-rate = 48000
09-22 22:31:18.022 D/CCodec ( 1200): }
09-22 22:31:18.022 D/CCodec ( 1200): setup formats output: AMessage(what = 0x00000000) = {
09-22 22:31:18.022 D/CCodec ( 1200): int32_t channel-count = 1
09-22 22:31:18.022 D/CCodec ( 1200): string mime = "audio/raw"
09-22 22:31:18.022 D/CCodec ( 1200): int32_t sample-rate = 48000
09-22 22:31:18.022 D/CCodec ( 1200): int32_t android._config-pcm-encoding = 2
09-22 22:31:18.022 D/CCodec ( 1200): }
09-22 22:31:18.022 I/CCodecConfig( 1200): query failed after returning 7 values (BAD_INDEX)
09-22 22:31:18.027 I/MediaCodec( 1200): MediaCodec will operate in async mode
09-22 22:31:18.027 D/MediaCodec( 1200): keep callback message for reclaim
09-22 22:31:18.027 W/Codec2Client( 1200): query -- param skipped: index = 1342179345.
09-22 22:31:18.028 W/Codec2Client( 1200): query -- param skipped: index = 2415921170.
09-22 22:31:18.029 D/CCodecBufferChannel( 1200): [c2.android.vorbis.decoder#752] Created input block pool with allocatorID 16 => poolID 32 - OK (0)
09-22 22:31:18.029 D/BufferPoolAccessor2.0( 1244): Destruction - bufferpool2 0xb40000763561ec18 cached: 0/0M, 0/0% in use; allocs: 97, 96% recycled; transfers: 96, 96% unfetched
09-22 22:31:18.030 D/BufferPoolAccessor2.0( 1200): Destruction - bufferpool2 0xecc82f68 cached: 0/0M, 0/0% in use; allocs: 103, 92% recycled; transfers: 198, 96% unfetched
09-22 22:31:18.030 I/CCodecBufferChannel( 1200): [c2.android.vorbis.decoder#752] Created output block pool with allocatorID 16 => poolID 41 - OK
09-22 22:31:18.030 D/CCodecBufferChannel( 1200): [c2.android.vorbis.decoder#752] Configured output block pool ids 41 => OK
09-22 22:31:18.031 D/CCodecBufferChannel( 1200): [c2.android.vorbis.decoder#752] start: updating output delay 0
09-22 22:31:18.031 I/CCodecBufferChannel( 1200): pipelineRoom(3) is <= numClientBuffers(3). Not signalling any more buffers to client
09-22 22:31:18.032 D/SimpleC2Component( 1244): Using output block pool with poolID 41 => got 41 - 0
09-22 22:31:18.033 I/CCodecBufferChannel( 1200): pipelineRoom(2) is <= numClientBuffers(2). Not signalling any more buffers to client
09-22 22:31:18.033 I/CCodecBufferChannel( 1200): pipelineRoom(1) is <= numClientBuffers(1). Not signalling any more buffers to client
09-22 22:31:18.038 I/ExtendedNuUtils( 1200): Both src and dst missing for bit-width
09-22 22:31:18.038 I/ExtendedNuUtils( 1200): Overriding durationUs: with 64 bit src value 1728000
09-22 22:31:18.038 I/ExtendedNuUtils( 1200): Both src and dst missing for channel-mask
09-22 22:31:18.040 D/audio_hw_primary( 812): adev_get_parameters:vr_audio_mode_on
09-22 22:31:18.041 I/audio_hw_primary( 812): getting vr mode to 0
09-22 22:31:18.041 D/audio_hw_primary( 812): adev_get_parameters: exit: returns - vr_audio_mode_on=false
09-22 22:31:18.041 I/hash_map_utils( 914): system/bt/osi/src/hash_map_utils.cc:81 hash_map_utils_dump_string_keys_string_values: key: 'vr_audio_mode_on' value: ''
09-22 22:31:18.042 D/AudioFlinger( 914): Client defaulted notificationFrames to 12000 for frameCount 24000
09-22 22:31:18.043 D/AF::TrackHandle( 914): OpPlayAudio: track:71 usage:5 not muted
09-22 22:31:18.049 I/EffectsFactory( 812): EffectCreate() create_effect
09-22 22:31:18.051 E/volume_listener( 812): check_and_set_gain_dep_cal: Failed to set gain dep cal level
09-22 22:31:18.052 D/audio_hw_primary( 812): start_output_stream: enter: stream(0xe45464c0)usecase(1: low-latency-playback) devices(0x2) is_haptic_usecase(0)
09-22 22:31:18.052 E/ANDR-PERF-TARGET( 872): Error: Invalid logical cluster id 0
09-22 22:31:18.052 E/ANDR-PERF-REQUEST( 872): invalid request
09-22 22:31:18.052 E/ANDR-PERF-MPCTL( 872): invalid request, no optimizations performed
09-22 22:31:18.052 E/audio_hw_extn( 812): audio_extn_perf_lock_acquire: Failed to acquire perf lock, err: -1
09-22 22:31:18.052 D/audio_hw_primary( 812): select_devices for use case (low-latency-playback)
09-22 22:31:18.052 I/msm8974_platform( 812): platform_check_and_set_codec_backend_cfg:becf: afe: bitwidth 16, samplerate 48000 channels 2, backend_idx 0 usecase = 1 device (speaker)
09-22 22:31:18.052 D/msm8974_platform( 812): platform_split_snd_device: snd_device(2) num devices(1) new_snd_devices(0)
09-22 22:31:18.052 I/msm8974_platform( 812): platform_check_and_set_codec_backend_cfg: new_snd_devices[0] is 2
09-22 22:31:18.052 I/msm8974_platform( 812): platform_check_codec_backend_cfg:becf: afe: bitwidth 16, samplerate 48000 channels 2, backend_idx 0 usecase = 1 device (speaker)
09-22 22:31:18.054 D/audio_hw_extn( 812): audio_extn_enable_hifi_filter: mixer_value set 0
09-22 22:31:18.054 D/msm8974_platform( 812): platform_check_codec_backend_cfg:becf: updated afe: bitwidth 16, samplerate 48000 channels 2,backend_idx 0 usecase = 1 device (speaker)
09-22 22:31:18.054 D/msm8974_platform( 812): platform_check_codec_backend_cfg:becf: afe: playback on codec device not supporting native playback set default Sample Rate(48k)
09-22 22:31:18.054 I/msm8974_platform( 812): platform_check_codec_backend_cfg:becf: afe: Codec selected backend: 0 updated bit width: 16 and sample rate: 48000
09-22 22:31:18.054 D/audio_hw_primary( 812): check_usecases_codec_backend:becf: force routing 0
09-22 22:31:18.054 E/msm8974_platform( 812): platform_check_backends_match: Invalid snd_device =
09-22 22:31:18.054 D/audio_hw_primary( 812): check_usecases_codec_backend:becf: (78) check_usecases curr device: speaker, usecase device: backends match 0
09-22 22:31:18.054 D/audio_hw_primary( 812): check_usecases_codec_backend:becf: check_usecases num.of Usecases to switch 0
09-22 22:31:18.054 D/hardware_info( 812): hw_info_append_hw_type : device_name = speaker
09-22 22:31:18.054 D/msm8974_platform( 812): platform_split_snd_device: snd_device(2) num devices(0) new_snd_devices(0)
09-22 22:31:18.054 D/audio_hw_primary( 812): enable_snd_device: snd_device(2: speaker)
09-22 22:31:18.054 D/msm8974_platform( 812): platform_get_island_cfg_on_device:island cfg status on snd_device = (speaker 0)
09-22 22:31:18.054 I/soundtrigger( 812): audio_extn_sound_trigger_update_device_status: device 0x2 of type 0 for Event 1, with Raise=0
09-22 22:31:18.054 D/audio_route( 812): Apply path: speaker
09-22 22:31:18.054 I/audio_hw_utils( 812): audio_extn_utils_update_stream_output_app_type_cfg Allowing 24 and above bits playback on speaker ONLY at default sampling rate
09-22 22:31:18.054 E/soundtrigger( 812): audio_extn_sound_trigger_update_stream_status: invalid input device 0x0, for event 3
09-22 22:31:18.054 D/soundtrigger( 812): audio_extn_sound_trigger_update_stream_status: uc_info->id 1 of type 0 for Event 3, with Raise=0
09-22 22:31:18.054 D/audio_hw_utils( 812): audio_extn_utils_send_app_type_cfg: usecase->out_snd_device speaker
09-22 22:31:18.054 D/msm8974_platform( 812): platform_split_snd_device: snd_device(2) num devices(0) new_snd_devices(0)
09-22 22:31:18.054 D/audio_hw_utils( 812): audio_extn_btsco_get_sample_rate:Not a BT SCO device, need not update sampling rate
09-22 22:31:18.054 I/audio_hw_utils( 812): send_app_type_cfg_for_device PLAYBACK app_type 69937, acdb_dev_id 15, sample_rate 48000, snd_device_be_idx 179
09-22 22:31:18.055 D/msm8974_platform( 812): platform_split_snd_device: snd_device(2) num devices(1) new_snd_devices(0)
09-22 22:31:18.055 D/audio_hw_utils( 812): audio_extn_btsco_get_sample_rate:Not a BT SCO device, need not update sampling rate
09-22 22:31:18.055 D/ACDB-LOADER( 812): ACDB -> send_audio_cal, acdb_id = 15, path = 0, app id = 0x11131, sample rate = 48000, afe_sample_rate = 48000
09-22 22:31:18.055 D/ACDB-LOADER( 812): ACDB -> send_asm_topology
09-22 22:31:18.055 D/ACDB-LOADER( 812): ACDB -> ACDB_CMD_GET_AUDPROC_STREAM_TOPOLOGY_ID
09-22 22:31:18.055 D/ACDB-LOADER( 812): ACDB -> send_adm_topology
09-22 22:31:18.055 D/ACDB-LOADER( 812): ACDB -> ACDB_CMD_GET_AUDPROC_COMMON_TOPOLOGY_ID
09-22 22:31:18.055 D/ACDB-LOADER( 812): ACDB -> send_audtable
09-22 22:31:18.055 D/ACDB-LOADER( 812): ACDB -> ACDB_CMD_GET_AUDPROC_INSTANCE_COMMON_TABLE_SIZE
09-22 22:31:18.055 D/ACDB-LOADER( 812): ACDB -> ACDB_CMD_GET_AUDPROC_INSTANCE_COMMON_TABLE
09-22 22:31:18.055 D/ACDB-LOADER( 812): ACDB -> AUDIO_SET_AUDPROC_CAL cal_type[11] acdb_id[15] app_type[69937]
09-22 22:31:18.055 D/ACDB-LOADER( 812): ACDB -> send_audvoltable
09-22 22:31:18.055 D/ACDB-LOADER( 812): ACDB -> ACDB_CMD_GET_AUDPROC_INSTANCE_GAIN_DEP_STEP_TABLE_SIZE
09-22 22:31:18.055 D/ACDB-LOADER( 812): ACDB -> ACDB_CMD_GET_AUDPROC_INSTANCE_GAIN_DEP_STEP_TABLE, vol index 0
09-22 22:31:18.055 D/ACDB-LOADER( 812): ACDB -> AUDIO_SET_VOL_CAL cal type = 12
09-22 22:31:18.055 D/ACDB-LOADER( 812): ACDB -> ACDB_CMD_GET_AUDPROC_INSTANCE_STREAM_TABLE_SIZE
09-22 22:31:18.055 D/ACDB-LOADER( 812): ACDB -> send_audstrmtable
09-22 22:31:18.055 D/ACDB-LOADER( 812): ACDB -> ACDB_CMD_GET_AUDPROC_INSTANCE_STREAM_TABLE
09-22 22:31:18.055 D/ACDB-LOADER( 812): ACDB -> audstrm_cal->cal_type.cal_data.cal_size = 20
09-22 22:31:18.055 D/ACDB-LOADER( 812): ACDB -> send_afe_topology
09-22 22:31:18.055 D/ACDB-LOADER( 812): ACDB -> ACDB_CMD_GET_AFE_TOPOLOGY_ID
09-22 22:31:18.055 D/ACDB-LOADER( 812): ACDB -> GET_AFE_TOPOLOGY_ID for adcd_id 15, Topology Id 112fc
09-22 22:31:18.055 D/ACDB-LOADER( 812): ACDB -> send_afe_cal
09-22 22:31:18.055 D/ACDB-LOADER( 812): ACDB -> ACDB_CMD_GET_AFE_INSTANCE_COMMON_TABLE_SIZE
09-22 22:31:18.055 D/android.hardware.audio.service( 812): Failed to fetch the lookup information of the device 0000000F
09-22 22:31:18.055 D/ACDB-LOADER( 812): Error: ACDB_CMD_GET_AFE_INSTANCE_COMMON_TABLE_SIZE Returned = -19
09-22 22:31:18.055 D/ACDB-LOADER( 812): ACDB -> ACDB_CMD_GET_AFE_INSTANCE_COMMON_TABLE
09-22 22:31:18.055 D/android.hardware.audio.service( 812): Failed to fetch the lookup information of the device 0000000F
09-22 22:31:18.055 D/ACDB-LOADER( 812): Error: ACDB AFE returned = -19
09-22 22:31:18.055 D/ACDB-LOADER( 812): ACDB -> AUDIO_SET_AFE_CAL cal_type[16] acdb_id[15]
09-22 22:31:18.055 D/ACDB-LOADER( 812): ACDB -> send_hw_delay : acdb_id = 15 path = 0
09-22 22:31:18.055 D/ACDB-LOADER( 812): ACDB -> ACDB_AVSYNC_INFO: ACDB_CMD_GET_DEVICE_PROPERTY
09-22 22:31:18.055 D/msm8974_platform( 812): platform_split_snd_device: snd_device(2) num devices(0) new_snd_devices(0)
09-22 22:31:18.055 I/msm8974_platform( 812): platform_get_custom_mtmx_params: no matching param with id 0 ip_ch 2 op_ch 2 uc_id 1 snd_dev 2
09-22 22:31:18.055 D/audio_hw_primary( 812): enable_audio_route: apply mixer and update path: low-latency-playback
09-22 22:31:18.055 D/audio_route( 812): Apply path: low-latency-playback
09-22 22:31:18.056 D/audio_hw_primary( 812): select_devices: done
09-22 22:31:18.058 D/Avrcp_ext( 1802): AudioManager Player: AudioPlaybackConfiguration piid:71 deviceId:0 type:android.media.SoundPool u/pid:1000/1451 state:idle attr:AudioAttributes: usage=USAGE_ASSISTANCE_SONIFICATION content=CONTENT_TYPE_SONIFICATION flags=0x800 tags= bundle=null sessionId:0
09-22 22:31:18.058 D/Avrcp_ext( 1802): AudioManager Player: AudioPlaybackConfiguration piid:79 deviceId:0 type:android.media.SoundPool u/pid:10081/1803 state:idle attr:AudioAttributes: usage=USAGE_ASSISTANCE_SONIFICATION content=CONTENT_TYPE_SONIFICATION flags=0x800 tags= bundle=null sessionId:0
09-22 22:31:18.058 D/Avrcp_ext( 1802): AudioManager Player: AudioPlaybackConfiguration piid:207 deviceId:3 type:android.media.MediaPlayer u/pid:10081/1803 state:started attr:AudioAttributes: usage=USAGE_NOTIFICATION content=CONTENT_TYPE_SONIFICATION flags=0x800 tags= bundle=null sessionId:0
09-22 22:31:18.059 D/Avrcp_ext( 1802): AudioManager Player in started state: com.android.systemui
09-22 22:31:18.059 D/Avrcp_ext( 1802): AudioManager Active Player: com.android.systemui
09-22 22:31:18.059 D/Avrcp_ext( 1802): AudioManager isPlaying: true, mAudioPlaybackIsActive = true
09-22 22:31:18.081 D/msm8974_platform( 812): platform_set_channel_map mixer_ctl_name:Playback Channel Map9
09-22 22:31:18.082 D/msm8974_platform( 812): platform_set_channel_map: set mapping(1 2 0 0 0 0 0 0) for channel:2
09-22 22:31:18.083 E/audio_hw_extn( 812): audio_extn_perf_lock_release: Perf lock release error
09-22 22:31:18.083 D/audio_hw_primary( 812): start_output_stream: exit
09-22 22:31:18.083 D/audio_hw_primary( 812): out_write: retry previous failed cal level set
09-22 22:31:18.083 D/msm8974_platform( 812): platform_split_snd_device: snd_device(2) num devices(1) new_snd_devices(0)
09-22 22:31:18.083 D/ACDB-LOADER( 812): ACDB -> send_audvoltable
09-22 22:31:18.083 D/ACDB-LOADER( 812): ACDB -> ACDB_CMD_GET_AUDPROC_INSTANCE_GAIN_DEP_STEP_TABLE_SIZE
09-22 22:31:18.083 D/ACDB-LOADER( 812): ACDB -> ACDB_CMD_GET_AUDPROC_INSTANCE_GAIN_DEP_STEP_TABLE, vol index 5
09-22 22:31:18.083 D/ACDB-LOADER( 812): ACDB -> AUDIO_SET_VOL_CAL cal type = 40
09-22 22:31:18.094 D/msm8974_platform( 812): platform_split_snd_device: snd_device(2) num devices(1) new_snd_devices(0)
09-22 22:31:18.094 D/ACDB-LOADER( 812): ACDB -> send_audvoltable
09-22 22:31:18.094 D/ACDB-LOADER( 812): ACDB -> ACDB_CMD_GET_AUDPROC_INSTANCE_GAIN_DEP_STEP_TABLE_SIZE
09-22 22:31:18.094 D/ACDB-LOADER( 812): ACDB -> ACDB_CMD_GET_AUDPROC_INSTANCE_GAIN_DEP_STEP_TABLE, vol index 2
09-22 22:31:18.094 D/ACDB-LOADER( 812): ACDB -> AUDIO_SET_VOL_CAL cal type = 40
09-22 22:31:18.347 I/mpu_uart( 655): [MSG-P:RECV]:No message received in 1000 ms
09-22 22:31:18.479 D/BufferPoolAccessor2.0( 1200): bufferpool2 0xecc83628 : 0(0 size) total buffers - 0(0 size) used buffers - 94/102 (recycle/alloc) - 8/198 (fetch/transfer)
09-22 22:31:18.479 D/BufferPoolAccessor2.0( 1200): evictor expired: 1, evicted: 1
09-22 22:31:18.481 D/BufferPoolAccessor2.0( 1244): bufferpool2 0xb40000763561ada8 : 0(0 size) total buffers - 0(0 size) used buffers - 93/97 (recycle/alloc) - 5/96 (fetch/transfer)
09-22 22:31:18.481 D/BufferPoolAccessor2.0( 1244): evictor expired: 1, evicted: 1
09-22 22:31:19.347 I/mpu_uart( 655): [MSG-P:RECV]:No message received in 1000 ms
09-22 22:31:19.418 D/CCodecBufferChannel( 1200): [c2.android.vorbis.decoder#752] buffers after EOS ignored (0 us)
09-22 22:31:19.419 D/CCodecBufferChannel( 1200): [c2.android.vorbis.decoder#752] buffers after EOS ignored (0 us)
09-22 22:31:19.419 D/AudioTrack( 1200): stop(47): called with 82980 frames delivered
09-22 22:31:19.500 I/mpu_uart( 655): [MSG-P:R]:recv sync frame timeout
09-22 22:31:19.835 D/audio_hw_primary( 812): out_set_parameters: enter: usecase(1: low-latency-playback) kvpairs: suspend_playback=true
09-22 22:31:19.835 D/audio_hw_extn( 812): audio_extn_fm_set_parameters: Enter
09-22 22:31:19.845 D/audio_hw_primary( 812): out_set_parameters: enter: usecase(1: low-latency-playback) kvpairs: suspend_playback=false
09-22 22:31:19.845 D/audio_hw_extn( 812): audio_extn_fm_set_parameters: Enter
09-22 22:31:19.849 D/audio_hw_primary( 812): out_set_parameters: enter: usecase(1: low-latency-playback) kvpairs: suspend_playback=true
09-22 22:31:19.849 D/audio_hw_extn( 812): audio_extn_fm_set_parameters: Enter
09-22 22:31:19.860 D/audio_hw_primary( 812): out_set_parameters: enter: usecase(1: low-latency-playback) kvpairs: suspend_playback=false
09-22 22:31:19.860 D/audio_hw_extn( 812): audio_extn_fm_set_parameters: Enter
09-22 22:31:19.865 I/MediaFocusControl( 1451): abandonAudioFocus() from uid/pid 10081/1803 clientId=android.media.AudioManager@758c38b
09-22 22:31:19.866 D/Avrcp_ext( 1802): AudioManager Player: AudioPlaybackConfiguration piid:71 deviceId:0 type:android.media.SoundPool u/pid:1000/1451 state:idle attr:AudioAttributes: usage=USAGE_ASSISTANCE_SONIFICATION content=CONTENT_TYPE_SONIFICATION flags=0x800 tags= bundle=null sessionId:0
09-22 22:31:19.866 D/Avrcp_ext( 1802): AudioManager Player: AudioPlaybackConfiguration piid:79 deviceId:0 type:android.media.SoundPool u/pid:10081/1803 state:idle attr:AudioAttributes: usage=USAGE_ASSISTANCE_SONIFICATION content=CONTENT_TYPE_SONIFICATION flags=0x800 tags= bundle=null sessionId:0
09-22 22:31:19.866 D/Avrcp_ext( 1802): AudioManager Player: AudioPlaybackConfiguration piid:207 deviceId:3 type:android.media.MediaPlayer u/pid:10081/1803 state:stopped attr:AudioAttributes: usage=USAGE_NOTIFICATION content=CONTENT_TYPE_SONIFICATION flags=0x800 tags= bundle=null sessionId:0
09-22 22:31:19.866 D/Avrcp_ext( 1802): AudioManager isPlaying: false, mAudioPlaybackIsActive = true
09-22 22:31:19.866 D/Avrcp_ext( 1802): AudioManager Reset Active Player
09-22 22:31:19.866 V/MediaPlayer( 1803): resetDrmState: mDrmInfo=null mDrmProvisioningThread=null mPrepareDrmInProgress=false mActiveDrmScheme=false
09-22 22:31:19.866 V/MediaPlayer( 1803): cleanDrmObj: mDrmObj=null mDrmSessionId=null
09-22 22:31:19.867 D/NuPlayerDriver( 1200): reset(0xed2c08d0) at state 6
09-22 22:31:19.868 V/Avrcp_ext( 1802): updateCurrentMediaState: mMediaController: MediaController (com.android.systemui@dc49a66) null
09-22 22:31:19.868 W/Avrcp_ext( 1802): isMusicActive: false getBluetoothPlayState: 2 A2dp State: 11 mAudioPlaybackIsActive: false
09-22 22:31:19.869 D/Avrcp_ext( 1802): isMusicActive = false mAudioPlaybackIsActive = false player state = null
09-22 22:31:19.870 D/audio_hw_primary( 812): out_set_parameters: enter: usecase(1: low-latency-playback) kvpairs: suspend_playback=true
09-22 22:31:19.870 D/audio_hw_extn( 812): audio_extn_fm_set_parameters: Enter
09-22 22:31:19.870 I/Avrcp_ext( 1802): Skipping update due to invalid playback state
09-22 22:31:19.871 V/Avrcp_ext( 1802): updatePlaybackState, state: null device: null
09-22 22:31:19.871 V/Avrcp_ext( 1802): Device: no name:
09-22 22:31:19.871 V/Avrcp_ext( 1802): Device: no name:
09-22 22:31:19.871 V/Avrcp_ext( 1802): Device: no name:
09-22 22:31:19.871 V/Avrcp_ext( 1802): Device: no name:
09-22 22:31:19.871 V/Avrcp_ext( 1802): Device: no name:
09-22 22:31:19.871 V/Avrcp_ext( 1802): updatePlayerStateAndPosition, old=PlaybackState {state=2, position=-1, buffered position=0, speed=0.0, updated=69121, actions=0, custom actions=[], active item id=-1, error=null}, state=null
09-22 22:31:19.871 I/Avrcp_ext( 1802): updatePlayerStateAndPosition: device: state = null
09-22 22:31:19.871 D/Avrcp_ext( 1802): AudioManager Player: AudioPlaybackConfiguration piid:71 deviceId:0 type:android.media.SoundPool u/pid:1000/1451 state:idle attr:AudioAttributes: usage=USAGE_ASSISTANCE_SONIFICATION content=CONTENT_TYPE_SONIFICATION flags=0x800 tags= bundle=null sessionId:0
09-22 22:31:19.871 D/Avrcp_ext( 1802): AudioManager Player: AudioPlaybackConfiguration piid:79 deviceId:0 type:android.media.SoundPool u/pid:10081/1803 state:idle attr:AudioAttributes: usage=USAGE_ASSISTANCE_SONIFICATION content=CONTENT_TYPE_SONIFICATION flags=0x800 tags= bundle=null sessionId:0
09-22 22:31:19.871 D/Avrcp_ext( 1802): AudioManager isPlaying: false, mAudioPlaybackIsActive = false
09-22 22:31:19.871 D/Avrcp_ext( 1802): AudioManager Reset Active Player
09-22 22:31:19.872 I/hw-BpHwBinder( 1200): onLastStrongRef automatically unlinking death recipients
09-22 22:31:19.872 I/hw-BpHwBinder( 1244): onLastStrongRef automatically unlinking death recipients
09-22 22:31:19.874 V/C2Store ( 1244): in ~ComponentModule
09-22 22:31:19.874 V/C2Store ( 1244): unloading dll
09-22 22:31:19.876 D/NuPlayerDriver( 1200): notifyResetComplete(0xed2c08d0)
09-22 22:31:19.877 W/AMessage( 1200): failed to post message as target looper for handler 0 is gone.
09-22 22:31:19.880 D/audio_hw_primary( 812): out_set_parameters: enter: usecase(1: low-latency-playback) kvpairs: suspend_playback=false
09-22 22:31:19.880 D/audio_hw_extn( 812): audio_extn_fm_set_parameters: Enter
09-22 22:31:19.914 D/audio_hw_primary( 812): out_set_parameters: enter: usecase(1: low-latency-playback) kvpairs: suspend_playback=true
09-22 22:31:19.914 D/audio_hw_extn( 812): audio_extn_fm_set_parameters: Enter
09-22 22:31:19.915 D/msm8974_platform( 812): platform_split_snd_device: snd_device(2) num devices(1) new_snd_devices(0)
09-22 22:31:19.915 D/ACDB-LOADER( 812): ACDB -> send_audvoltable
09-22 22:31:19.915 D/ACDB-LOADER( 812): ACDB -> ACDB_CMD_GET_AUDPROC_INSTANCE_GAIN_DEP_STEP_TABLE_SIZE
09-22 22:31:19.915 D/ACDB-LOADER( 812): ACDB -> ACDB_CMD_GET_AUDPROC_INSTANCE_GAIN_DEP_STEP_TABLE, vol index 0
09-22 22:31:19.915 D/ACDB-LOADER( 812): ACDB -> AUDIO_SET_VOL_CAL cal type = 40
09-22 22:31:19.916 D/msm8974_platform( 812): platform_split_snd_device: snd_device(2) num devices(1) new_snd_devices(0)
09-22 22:31:20.347 I/mpu_uart( 655): [MSG-P:RECV]:No message received in 1000 ms
09-22 22:31:20.915 D/audio_hw_primary( 812): out_set_parameters: enter: usecase(1: low-latency-playback) kvpairs: suspend_playback=false
09-22 22:31:20.915 D/audio_hw_extn( 812): audio_extn_fm_set_parameters: Enter
09-22 22:31:20.917 W/audio_hw_primary( 812): out_write: underrun(131) frames_by_time(48206) > out->last_fifo_frames_remaining(384)
09-22 22:31:20.958 D/audio_hw_primary( 812): out_set_parameters: enter: usecase(1: low-latency-playback) kvpairs: suspend_playback=true
09-22 22:31:20.958 D/audio_hw_extn( 812): audio_extn_fm_set_parameters: Enter
09-22 22:31:21.053 I/hwservicemanager( 513): getTransport: Cannot find entry android.hardware.light@2.0::ILight/default in either framework or device VINTF manifest.
09-22 22:31:21.055 E/light ( 4486): light_open lights keyboard failed: -22
09-22 22:31:21.055 E/light ( 4486): Light passthrough failed to load legacy HAL.
09-22 22:31:21.055 E/light ( 4486): light_open lights buttons failed: -22
09-22 22:31:21.055 E/light ( 4486): Light passthrough failed to load legacy HAL.
09-22 22:31:21.056 E/light ( 4486): light_open lights bluetooth failed: -22
09-22 22:31:21.056 E/light ( 4486): Light passthrough failed to load legacy HAL.
09-22 22:31:21.057 E/light ( 4486): light_open lights wifi failed: -22
09-22 22:31:21.057 E/light ( 4486): Light passthrough failed to load legacy HAL.
09-22 22:31:21.057 I/hwservicemanager( 513): getTransport: Cannot find entry android.hardware.light@2.0::ILight/default in either framework or device VINTF manifest.
09-22 22:31:21.057 E/HidlServiceManagement( 4486): Service android.hardware.light@2.0::ILight/default must be in VINTF manifest in order to register/get.
09-22 22:31:21.057 E/LegacySupport( 4486): Could not register service android.hardware.light@2.0::ILight/default (-2147483648).
09-22 22:31:21.281 I/input_interaction( 1451): Interaction with: f3befb5 NotificationShade (server), edge-swipe (server), swipe-up (server), PointerEventDispatcher0 (server),
09-22 22:31:21.347 I/mpu_uart( 655): [MSG-P:RECV]:No message received in 1000 ms
09-22 22:31:21.418 I/sysui_multi_action( 1451): [757,804,799,power_consecutive_short_tap_count,801,1,802,1]
09-22 22:31:21.418 I/sysui_multi_action( 1451): [757,804,799,power_double_tap_interval,801,288754,802,1]
09-22 22:31:21.418 I/intercept_power( 1451): [ACTION_DOWN,0,0]
09-22 22:31:21.422 I/service_manager_stats( 1451): [100,63,22495]
09-22 22:31:21.423 D/CompatibilityChangeReporter( 1451): Compat change id reported: 173031413; UID 1000; state: ENABLED
09-22 22:31:21.423 D/CompatibilityChangeReporter( 1451): Compat change id reported: 173031413; UID 1000; state: DISABLED
09-22 22:31:21.427 D/audio_hw_primary( 812): out_set_parameters: enter: usecase(1: low-latency-playback) kvpairs: suspend_playback=false
09-22 22:31:21.427 D/audio_hw_extn( 812): audio_extn_fm_set_parameters: Enter
09-22 22:31:21.428 W/audio_hw_primary( 812): out_write: underrun(132) frames_by_time(22756) > out->last_fifo_frames_remaining(384)
09-22 22:31:21.622 D/audio_hw_primary( 812): out_set_parameters: enter: usecase(1: low-latency-playback) kvpairs: suspend_playback=true
09-22 22:31:21.622 D/audio_hw_extn( 812): audio_extn_fm_set_parameters: Enter
09-22 22:31:21.624 I/intercept_power( 1451): [ACTION_UP,0,0]
09-22 22:31:21.625 D/WindowManager( 1451): powerPress: eventTime=288961 interactive=true count=0 beganFromNonInteractive=false mShortPressOnPowerBehavior=1
09-22 22:31:21.626 I/PowerManagerService( 1451): Powering off display group due to power_button (groupId= 0, uid= 1000)...
09-22 22:31:21.626 I/PowerManagerService( 1451): Going to sleep due to power_button (uid 1000)...
09-22 22:31:21.628 I/power_sleep_requested( 1451): 0
09-22 22:31:21.629 I/DreamManagerService( 1451): Entering dreamland.
09-22 22:31:21.630 I/PowerManagerService( 1451): Dozing...
09-22 22:31:21.630 D/CompatibilityChangeReporter( 1451): Compat change id reported: 156215187; UID 10027; state: DISABLED
09-22 22:31:21.632 I/DreamController( 1451): Starting dream: name=ComponentInfo{com.android.systemui/com.android.systemui.doze.DozeService}, isTest=false, canDoze=true, userId=0
09-22 22:31:21.632 I/sysui_multi_action( 1451): [757,223,758,1]
09-22 22:31:21.635 V/ShadeControllerImpl( 1803): NotificationShadeWindow: com.android.systemui.statusbar.phone.NotificationShadeWindowView{6600874 V.E...... ........ 0,0-2380,1020} canPanelBeCollapsed(): true
09-22 22:31:21.636 D/KeyguardViewMediator( 1803): onStartedGoingToSleep(2)
09-22 22:31:21.636 D/CompatibilityInfo( 1451): mCompatibilityFlags - 4
09-22 22:31:21.636 D/CompatibilityInfo( 1451): applicationDensity - 240
09-22 22:31:21.636 D/CompatibilityInfo( 1451): applicationScale - 1.0
09-22 22:31:21.643 D/KeyguardViewMediator( 1803): notifyStartedGoingToSleep
09-22 22:31:21.652 V/KeyguardUpdateMonitor( 1803): *** register callback for com.android.systemui.doze.DozeUi$1@19e2954
09-22 22:31:21.652 V/KeyguardUpdateMonitor( 1803): *** unregister callback for null
09-22 22:31:21.656 D/KeyguardViewMediator( 1803): handleNotifyStartedGoingToSleep
09-22 22:31:21.660 I/input_focus( 1451): [Focus request fc61119 com.android.launcher3/com.android.launcher3.uioverrides.QuickstepLauncher,reason=UpdateInputWindows]
09-22 22:31:21.668 I/input_focus( 1451): [Focus leaving f3befb5 NotificationShade (server),reason=NOT_FOCUSABLE]
09-22 22:31:21.668 I/input_focus( 1451): [Focus entering fc61119 com.android.launcher3/com.android.launcher3.uioverrides.QuickstepLauncher (server),reason=setFocusedWindow]
09-22 22:31:21.670 D/Sogou ( 3087): onFinishInput:
09-22 22:31:21.687 V/KeyguardUpdateMonitor( 1803): startListeningForFingerprint()
09-22 22:31:21.688 V/KeyguardUpdateMonitor( 1803): startListeningForFingerprint()
09-22 22:31:21.700 I/input_focus( 1451): [Focus request f3befb5 NotificationShade,reason=UpdateInputWindows]
09-22 22:31:21.722 I/SDM ( 868): HWCDisplay::GetColorModeCount: Supported color mode count = 1
09-22 22:31:21.722 I/SDM ( 868): HWCDisplay::GetColorModes: Color mode = 0 is supported
09-22 22:31:21.722 E/HWComposer( 927): getSupportedContentTypes: getSupportedContentTypes failed for display 4630946370410392961: Unsupported (8)
09-22 22:31:21.725 D/StatusBar( 1803): updateQsExpansionEnabled - QS Expand enabled: true
09-22 22:31:21.732 V/KeyguardUpdateMonitor( 1803): startListeningForFingerprint()
09-22 22:31:21.737 I/input_focus( 1451): [Focus leaving fc61119 com.android.launcher3/com.android.launcher3.uioverrides.QuickstepLauncher (server),reason=setFocusedWindow]
09-22 22:31:21.737 I/input_focus( 1451): [Focus entering f3befb5 NotificationShade (server),reason=setFocusedWindow]
09-22 22:31:21.772 I/sysui_multi_action( 1451): [757,1696,758,6,759,0]
09-22 22:31:21.773 V/DisplayPowerController[0]( 1451): Brightness [0.16161616] reason changing to: 'doze', previous reason: 'manual'.
09-22 22:31:21.773 I/sysui_multi_action( 1451): [757,1696,758,6,759,1]
09-22 22:31:22.076 F/linker ( 4493): CANNOT LINK EXECUTABLE "/vendor/bin/hw/sxrservice": library "vendor.qti.hardware.qxr-V1-ndk_platform.so" not found: needed by main executable
09-22 22:31:22.076 F/linker ( 4492): CANNOT LINK EXECUTABLE "/vendor/bin/hw/qvrservice": library "vendor.qti.hardware.qxr-V1-ndk_platform.so" not found: needed by /vendor/lib64/libqvrservice.so in namespace (default)
09-22 22:31:22.189 I/DisplayPowerController[0]( 1451): Blocking screen off
09-22 22:31:22.189 E/DisplayDeviceConfig( 1451): requesting nits when no mapping exists.
09-22 22:31:22.190 I/DisplayPowerController[0]( 1451): Unblocked screen off after 1 ms
09-22 22:31:22.190 E/DisplayDeviceConfig( 1451): requesting nits when no mapping exists.
09-22 22:31:22.190 I/am_wtf ( 1451): [0,1451,system_server,-1,DisplayDeviceConfig,requesting nits when no mapping exists.]
09-22 22:31:22.193 I/DropBoxManagerService( 1451): add tag=system_server_wtf isTagEnabled=true flags=0x2
