09-22 22:32:08.748 I/GenericSource( 1200): start
09-22 22:32:08.749 D/Avrcp_ext( 1802): AudioManager Player: AudioPlaybackConfiguration piid:71 deviceId:0 type:android.media.SoundPool u/pid:1000/1451 state:idle attr:AudioAttributes: usage=USAGE_ASSISTANCE_SONIFICATION content=CONTENT_TYPE_SONIFICATION flags=0x800 tags= bundle=null sessionId:0
09-22 22:32:08.749 D/Avrcp_ext( 1802): AudioManager Player: AudioPlaybackConfiguration piid:79 deviceId:0 type:android.media.SoundPool u/pid:10081/1803 state:idle attr:AudioAttributes: usage=USAGE_ASSISTANCE_SONIFICATION content=CONTENT_TYPE_SONIFICATION flags=0x800 tags= bundle=null sessionId:0
09-22 22:32:08.749 D/Avrcp_ext( 1802): AudioManager Player: AudioPlaybackConfiguration piid:271 deviceId:0 type:android.media.MediaPlayer u/pid:10081/1803 state:started attr:AudioAttributes: usage=USAGE_NOTIFICATION content=CONTENT_TYPE_SONIFICATION flags=0x800 tags= bundle=null sessionId:0
09-22 22:32:08.752 W/Utils ( 1200): track of type 'audio/vorbis' does not publish channel mask, channel count 1
09-22 22:32:08.754 D/MediaRouter( 1803): onRestoreRoute() : route=RouteInfo{ name=平板电脑, description=null, status=null, category=RouteCategory{ name=系统 types=ROUTE_TYPE_LIVE_AUDIO ROUTE_TYPE_LIVE_VIDEO groupable=false }, supportedTypes=ROUTE_TYPE_LIVE_AUDIO ROUTE_TYPE_LIVE_VIDEO , presentationDisplay=null }
09-22 22:32:08.754 V/MediaRouter( 1803): Selecting route: RouteInfo{ name=平板电脑, description=null, status=null, category=RouteCategory{ name=系统 types=ROUTE_TYPE_LIVE_AUDIO ROUTE_TYPE_LIVE_VIDEO groupable=false }, supportedTypes=ROUTE_TYPE_LIVE_AUDIO ROUTE_TYPE_LIVE_VIDEO , presentationDisplay=null }
09-22 22:32:08.756 D/Avrcp_ext( 1802): AudioManager Player in started state: com.android.systemui
09-22 22:32:08.756 D/Avrcp_ext( 1802): AudioManager Active Player: com.android.systemui
09-22 22:32:08.756 D/Avrcp_ext( 1802): AudioManager isPlaying: true, mAudioPlaybackIsActive = false
09-22 22:32:08.757 W/Utils ( 1200): track of type 'audio/vorbis' does not publish channel mask, channel count 1
09-22 22:32:08.757 V/Avrcp_ext( 1802): updateCurrentMediaState: mMediaController: MediaController (com.android.systemui@dc49a66) null
09-22 22:32:08.757 W/Avrcp_ext( 1802): isMusicActive: false getBluetoothPlayState: 2 A2dp State: 11 mAudioPlaybackIsActive: true
09-22 22:32:08.757 D/Avrcp_ext( 1802): isMusicActive = false mAudioPlaybackIsActive = true player state = null
09-22 22:32:08.758 I/Avrcp_ext( 1802): Skipping update due to invalid playback state
09-22 22:32:08.759 V/Avrcp_ext( 1802): updatePlaybackState, state: null device: null
09-22 22:32:08.759 V/Avrcp_ext( 1802): Device: no name:
09-22 22:32:08.759 V/Avrcp_ext( 1802): Device: no name:
09-22 22:32:08.759 V/Avrcp_ext( 1802): Device: no name:
09-22 22:32:08.759 V/Avrcp_ext( 1802): Device: no name:
09-22 22:32:08.759 V/Avrcp_ext( 1802): Device: no name:
09-22 22:32:08.759 V/Avrcp_ext( 1802): updatePlayerStateAndPosition, old=PlaybackState {state=2, position=-1, buffered position=0, speed=0.0, updated=69121, actions=0, custom actions=[], active item id=-1, error=null}, state=null
09-22 22:32:08.759 I/Avrcp_ext( 1802): updatePlayerStateAndPosition: device: state = null
09-22 22:32:08.760 D/audio_hw_primary( 812): adev_get_parameters:is_hw_dec_session_available
09-22 22:32:08.760 D/audio_hw_spkr_prot( 812): fbsp_get_parameters: Speaker protection disabled
09-22 22:32:08.760 D/soundtrigger( 812): audio_extn_sound_trigger_get_parameters input string
09-22 22:32:08.760 D/soundtrigger( 812): extract_sm_handle input string param string
09-22 22:32:08.761 D/audio_hw_extn( 812): audio_extn_fm_get_parameters: Enter
09-22 22:32:08.761 D/audio_hw_extn( 812): audio_extn_get_parameters: returns
09-22 22:32:08.761 D/audio_hw_primary( 812): adev_get_parameters: exit: returns -
09-22 22:32:08.761 I/hash_map_utils( 914): system/bt/osi/src/hash_map_utils.cc:81 hash_map_utils_dump_string_keys_string_values: key: 'is_hw_dec_session_available' value: 'audio/vorbis'
09-22 22:32:08.764 D/CCodec ( 1200): allocate(c2.android.vorbis.decoder)
09-22 22:32:08.767 I/CCodec ( 1200): setting up 'default' as default (vendor) store
09-22 22:32:08.768 V/C2Store ( 1244): in init
09-22 22:32:08.768 V/C2Store ( 1244): loading dll
09-22 22:32:08.774 I/CCodec ( 1200): Created component [c2.android.vorbis.decoder]
09-22 22:32:08.774 D/CCodecConfig( 1200): read media type: audio/vorbis
09-22 22:32:08.779 D/ReflectedParamUpdater( 1200): extent() != 1 for single value type: algo.buffers.max-count.values
09-22 22:32:08.780 D/ReflectedParamUpdater( 1200): extent() != 1 for single value type: output.subscribed-indices.values
09-22 22:32:08.780 D/ReflectedParamUpdater( 1200): extent() != 1 for single value type: input.buffers.allocator-ids.values
09-22 22:32:08.781 D/ReflectedParamUpdater( 1200): extent() != 1 for single value type: output.buffers.allocator-ids.values
09-22 22:32:08.781 D/ReflectedParamUpdater( 1200): extent() != 1 for single value type: algo.buffers.allocator-ids.values
09-22 22:32:08.781 D/ReflectedParamUpdater( 1200): extent() != 1 for single value type: output.buffers.pool-ids.values
09-22 22:32:08.782 D/ReflectedParamUpdater( 1200): extent() != 1 for single value type: algo.buffers.pool-ids.values
09-22 22:32:08.784 I/CCodecConfig( 1200): query failed after returning 7 values (BAD_INDEX)
09-22 22:32:08.785 D/CCodecConfig( 1200): c2 config diff is Dict {
09-22 22:32:08.785 D/CCodecConfig( 1200): c2::u32 coded.bitrate.value = 64000
09-22 22:32:08.785 D/CCodecConfig( 1200): c2::u32 input.buffers.max-size.value = 32768
09-22 22:32:08.785 D/CCodecConfig( 1200): c2::u32 input.delay.value = 0
09-22 22:32:08.785 D/CCodecConfig( 1200): string input.media-type.value = "audio/vorbis"
09-22 22:32:08.785 D/CCodecConfig( 1200): string output.media-type.value = "audio/raw"
09-22 22:32:08.785 D/CCodecConfig( 1200): c2::u32 raw.channel-count.value = 1
09-22 22:32:08.785 D/CCodecConfig( 1200): c2::u32 raw.sample-rate.value = 48000
09-22 22:32:08.785 D/CCodecConfig( 1200): }
09-22 22:32:08.786 D/CCodec ( 1200): [c2.android.vorbis.decoder] buffers are bound to CCodec for this session
09-22 22:32:08.786 D/CCodecConfig( 1200): no c2 equivalents for durationUs
09-22 22:32:08.786 D/CCodecConfig( 1200): no c2 equivalents for csd-1
09-22 22:32:08.786 D/CCodecConfig( 1200): no c2 equivalents for language
09-22 22:32:08.786 D/CCodecConfig( 1200): no c2 equivalents for file-format
09-22 22:32:08.786 D/CCodecConfig( 1200): no c2 equivalents for flags
09-22 22:32:08.787 D/CCodecConfig( 1200): config failed => CORRUPTED
09-22 22:32:08.787 D/CCodecConfig( 1200): c2 config diff is c2::u32 coded.bitrate.value = 70000
09-22 22:32:08.788 W/Codec2Client( 1200): query -- param skipped: index = 1107298332.
09-22 22:32:08.788 D/CCodec ( 1200): setup formats input: AMessage(what = 0x00000000) = {
09-22 22:32:08.788 D/CCodec ( 1200): int32_t bitrate = 70000
09-22 22:32:08.788 D/CCodec ( 1200): int32_t channel-count = 1
09-22 22:32:08.788 D/CCodec ( 1200): int32_t max-input-size = 65307
09-22 22:32:08.788 D/CCodec ( 1200): string mime = "audio/vorbis"
09-22 22:32:08.788 D/CCodec ( 1200): int32_t sample-rate = 48000
09-22 22:32:08.788 D/CCodec ( 1200): }
09-22 22:32:08.788 D/CCodec ( 1200): setup formats output: AMessage(what = 0x00000000) = {
09-22 22:32:08.788 D/CCodec ( 1200): int32_t channel-count = 1
09-22 22:32:08.788 D/CCodec ( 1200): string mime = "audio/raw"
09-22 22:32:08.788 D/CCodec ( 1200): int32_t sample-rate = 48000
09-22 22:32:08.788 D/CCodec ( 1200): int32_t android._config-pcm-encoding = 2
09-22 22:32:08.788 D/CCodec ( 1200): }
09-22 22:32:08.789 I/CCodecConfig( 1200): query failed after returning 7 values (BAD_INDEX)
09-22 22:32:08.789 I/MediaCodec( 1200): MediaCodec will operate in async mode
09-22 22:32:08.789 D/MediaCodec( 1200): keep callback message for reclaim
09-22 22:32:08.790 W/Codec2Client( 1200): query -- param skipped: index = 1342179345.
09-22 22:32:08.790 W/Codec2Client( 1200): query -- param skipped: index = 2415921170.
09-22 22:32:08.791 D/CCodecBufferChannel( 1200): [c2.android.vorbis.decoder#346] Created input block pool with allocatorID 16 => poolID 40 - OK (0)
09-22 22:32:08.791 D/BufferPoolAccessor2.0( 1244): Destruction - bufferpool2 0xb40000763561ada8 cached: 0/0M, 0/0% in use; allocs: 97, 96% recycled; transfers: 96, 96% unfetched
09-22 22:32:08.792 D/BufferPoolAccessor2.0( 1200): Destruction - bufferpool2 0xecc82d28 cached: 0/0M, 0/0% in use; allocs: 103, 92% recycled; transfers: 198, 96% unfetched
09-22 22:32:08.793 I/CCodecBufferChannel( 1200): [c2.android.vorbis.decoder#346] Created output block pool with allocatorID 16 => poolID 49 - OK
09-22 22:32:08.793 D/CCodecBufferChannel( 1200): [c2.android.vorbis.decoder#346] Configured output block pool ids 49 => OK
09-22 22:32:08.793 D/CCodecBufferChannel( 1200): [c2.android.vorbis.decoder#346] start: updating output delay 0
09-22 22:32:08.794 I/CCodecBufferChannel( 1200): pipelineRoom(3) is <= numClientBuffers(3). Not signalling any more buffers to client
09-22 22:32:08.794 D/SimpleC2Component( 1244): Using output block pool with poolID 49 => got 49 - 0
09-22 22:32:08.796 I/CCodecBufferChannel( 1200): pipelineRoom(2) is <= numClientBuffers(2). Not signalling any more buffers to client
09-22 22:32:08.796 I/CCodecBufferChannel( 1200): pipelineRoom(1) is <= numClientBuffers(1). Not signalling any more buffers to client
09-22 22:32:08.803 I/ExtendedNuUtils( 1200): Both src and dst missing for bit-width
09-22 22:32:08.803 I/ExtendedNuUtils( 1200): Overriding durationUs: with 64 bit src value 1728000
09-22 22:32:08.803 I/ExtendedNuUtils( 1200): Both src and dst missing for channel-mask
09-22 22:32:08.806 D/audio_hw_primary( 812): adev_get_parameters:vr_audio_mode_on
09-22 22:32:08.806 I/audio_hw_primary( 812): getting vr mode to 0
09-22 22:32:08.806 D/audio_hw_primary( 812): adev_get_parameters: exit: returns - vr_audio_mode_on=false
09-22 22:32:08.806 I/hash_map_utils( 914): system/bt/osi/src/hash_map_utils.cc:81 hash_map_utils_dump_string_keys_string_values: key: 'vr_audio_mode_on' value: ''
09-22 22:32:08.807 D/AudioFlinger( 914): Client defaulted notificationFrames to 12000 for frameCount 24000
09-22 22:32:08.809 D/AF::TrackHandle( 914): OpPlayAudio: track:79 usage:5 not muted
09-22 22:32:08.811 D/audio_hw_primary( 812): out_set_parameters: enter: usecase(1: low-latency-playback) kvpairs: suspend_playback=false
09-22 22:32:08.811 D/audio_hw_extn( 812): audio_extn_fm_set_parameters: Enter
09-22 22:32:08.812 W/audio_hw_primary( 812): out_write: underrun(157) frames_by_time(45533) > out->last_fifo_frames_remaining(384)
09-22 22:32:08.839 D/audio_hw_primary( 812): out_set_parameters: enter: usecase(1: low-latency-playback) kvpairs: suspend_playback=true
09-22 22:32:08.839 D/audio_hw_extn( 812): audio_extn_fm_set_parameters: Enter
09-22 22:32:08.847 I/EffectsFactory( 812): EffectCreate() create_effect
09-22 22:32:08.851 D/audio_hw_primary( 812): out_set_parameters: enter: usecase(1: low-latency-playback) kvpairs: suspend_playback=false
09-22 22:32:08.851 D/audio_hw_extn( 812): audio_extn_fm_set_parameters: Enter
09-22 22:32:08.852 D/AudioTrack( 1200): getTimestamp_l(55): device stall time corrected using current time 336189776276
09-22 22:32:08.852 D/msm8974_platform( 812): platform_split_snd_device: snd_device(2) num devices(1) new_snd_devices(0)
09-22 22:32:08.852 D/ACDB-LOADER( 812): ACDB -> send_audvoltable
09-22 22:32:08.852 D/ACDB-LOADER( 812): ACDB -> ACDB_CMD_GET_AUDPROC_INSTANCE_GAIN_DEP_STEP_TABLE_SIZE
09-22 22:32:08.852 D/ACDB-LOADER( 812): ACDB -> ACDB_CMD_GET_AUDPROC_INSTANCE_GAIN_DEP_STEP_TABLE, vol index 5
09-22 22:32:08.852 D/ACDB-LOADER( 812): ACDB -> AUDIO_SET_VOL_CAL cal type = 40
09-22 22:32:08.853 W/audio_hw_primary( 812): out_write: underrun(158) frames_by_time(767) > out->last_fifo_frames_remaining(384)
09-22 22:32:08.853 D/audio_hw_primary( 812): out_set_parameters: enter: usecase(1: low-latency-playback) kvpairs: suspend_playback=true
09-22 22:32:08.854 D/audio_hw_extn( 812): audio_extn_fm_set_parameters: Enter
09-22 22:32:08.857 D/Avrcp_ext( 1802): AudioManager Player: AudioPlaybackConfiguration piid:71 deviceId:0 type:android.media.SoundPool u/pid:1000/1451 state:idle attr:AudioAttributes: usage=USAGE_ASSISTANCE_SONIFICATION content=CONTENT_TYPE_SONIFICATION flags=0x800 tags= bundle=null sessionId:0
09-22 22:32:08.857 D/Avrcp_ext( 1802): AudioManager Player: AudioPlaybackConfiguration piid:79 deviceId:0 type:android.media.SoundPool u/pid:10081/1803 state:idle attr:AudioAttributes: usage=USAGE_ASSISTANCE_SONIFICATION content=CONTENT_TYPE_SONIFICATION flags=0x800 tags= bundle=null sessionId:0
09-22 22:32:08.857 D/Avrcp_ext( 1802): AudioManager Player: AudioPlaybackConfiguration piid:271 deviceId:3 type:android.media.MediaPlayer u/pid:10081/1803 state:started attr:AudioAttributes: usage=USAGE_NOTIFICATION content=CONTENT_TYPE_SONIFICATION flags=0x800 tags= bundle=null sessionId:0
09-22 22:32:08.860 D/Avrcp_ext( 1802): AudioManager Player in started state: com.android.systemui
09-22 22:32:08.860 D/Avrcp_ext( 1802): AudioManager Active Player: com.android.systemui
09-22 22:32:08.861 D/Avrcp_ext( 1802): AudioManager isPlaying: true, mAudioPlaybackIsActive = true
09-22 22:32:08.866 D/audio_hw_primary( 812): out_set_parameters: enter: usecase(1: low-latency-playback) kvpairs: suspend_playback=false
09-22 22:32:08.866 D/audio_hw_extn( 812): audio_extn_fm_set_parameters: Enter
09-22 22:32:08.874 D/audio_hw_primary( 812): out_set_parameters: enter: usecase(1: low-latency-playback) kvpairs: suspend_playback=true
09-22 22:32:08.874 D/audio_hw_extn( 812): audio_extn_fm_set_parameters: Enter
09-22 22:32:08.890 D/audio_hw_primary( 812): out_set_parameters: enter: usecase(1: low-latency-playback) kvpairs: suspend_playback=false
09-22 22:32:08.890 D/audio_hw_extn( 812): audio_extn_fm_set_parameters: Enter
09-22 22:32:08.890 D/msm8974_platform( 812): platform_split_snd_device: snd_device(2) num devices(1) new_snd_devices(0)
09-22 22:32:08.890 D/ACDB-LOADER( 812): ACDB -> send_audvoltable
09-22 22:32:08.890 D/ACDB-LOADER( 812): ACDB -> ACDB_CMD_GET_AUDPROC_INSTANCE_GAIN_DEP_STEP_TABLE_SIZE
09-22 22:32:08.890 D/ACDB-LOADER( 812): ACDB -> ACDB_CMD_GET_AUDPROC_INSTANCE_GAIN_DEP_STEP_TABLE, vol index 2
09-22 22:32:08.891 D/ACDB-LOADER( 812): ACDB -> AUDIO_SET_VOL_CAL cal type = 40
09-22 22:32:09.367 I/mpu_uart( 655): [MSG-P:RECV]:No message received in 1000 ms
09-22 22:32:10.233 D/CCodecBufferChannel( 1200): [c2.android.vorbis.decoder#346] buffers after EOS ignored (0 us)
09-22 22:32:10.233 D/CCodecBufferChannel( 1200): [c2.android.vorbis.decoder#346] buffers after EOS ignored (0 us)
09-22 22:32:10.233 D/CCodecBufferChannel( 1200): [c2.android.vorbis.decoder#346] buffers after EOS ignored (0 us)
09-22 22:32:10.234 D/AudioTrack( 1200): stop(55): called with 82980 frames delivered
09-22 22:32:10.301 I/OpenGLRenderer( 2203): Davey! duration=9223371699289ms; Flags=0, FrameTimelineVsyncId=22501, IntendedVsync=337565222416, Vsync=337565222416, InputEventId=0, HandleInputStart=337565809036, AnimationStart=337565812109, PerformTraversalsStart=337565815234, DrawStart=337624552005, FrameDeadline=337581889082, FrameInterval=337565798619, FrameStartTime=16666666, SyncQueued=337625488099, SyncStart=337625567109, IssueDrawCommandsStart=337626607005, SwapBuffers=337629658359, FrameCompleted=9223372036854775807, DequeueBufferDuration=42656, QueueBufferDuration=839167, GpuCompleted=9223372036854775807, SwapBuffersCompleted=337630945651, DisplayPresentTime=0,
09-22 22:32:10.368 I/mpu_uart( 655): [MSG-P:RECV]:No message received in 1000 ms
09-22 22:32:10.542 I/mpu_uart( 655): [MSG-P:R]:recv sync frame timeout
09-22 22:32:10.617 D/audio_hw_primary( 812): out_set_parameters: enter: usecase(1: low-latency-playback) kvpairs: suspend_playback=true
09-22 22:32:10.617 D/audio_hw_extn( 812): audio_extn_fm_set_parameters: Enter
09-22 22:32:10.628 D/audio_hw_primary( 812): out_set_parameters: enter: usecase(1: low-latency-playback) kvpairs: suspend_playback=false
09-22 22:32:10.628 D/audio_hw_extn( 812): audio_extn_fm_set_parameters: Enter
09-22 22:32:10.637 D/audio_hw_primary( 812): out_set_parameters: enter: usecase(1: low-latency-playback) kvpairs: suspend_playback=true
09-22 22:32:10.637 D/audio_hw_extn( 812): audio_extn_fm_set_parameters: Enter
09-22 22:32:10.648 D/audio_hw_primary( 812): out_set_parameters: enter: usecase(1: low-latency-playback) kvpairs: suspend_playback=false
09-22 22:32:10.648 D/audio_hw_extn( 812): audio_extn_fm_set_parameters: Enter
09-22 22:32:10.657 D/audio_hw_primary( 812): out_set_parameters: enter: usecase(1: low-latency-playback) kvpairs: suspend_playback=true
09-22 22:32:10.657 D/audio_hw_extn( 812): audio_extn_fm_set_parameters: Enter
09-22 22:32:10.660 I/MediaFocusControl( 1451): abandonAudioFocus() from uid/pid 10081/1803 clientId=android.media.AudioManager@9f802cc
09-22 22:32:10.661 D/Avrcp_ext( 1802): AudioManager Player: AudioPlaybackConfiguration piid:71 deviceId:0 type:android.media.SoundPool u/pid:1000/1451 state:idle attr:AudioAttributes: usage=USAGE_ASSISTANCE_SONIFICATION content=CONTENT_TYPE_SONIFICATION flags=0x800 tags= bundle=null sessionId:0
09-22 22:32:10.661 D/Avrcp_ext( 1802): AudioManager Player: AudioPlaybackConfiguration piid:79 deviceId:0 type:android.media.SoundPool u/pid:10081/1803 state:idle attr:AudioAttributes: usage=USAGE_ASSISTANCE_SONIFICATION content=CONTENT_TYPE_SONIFICATION flags=0x800 tags= bundle=null sessionId:0
09-22 22:32:10.661 D/Avrcp_ext( 1802): AudioManager Player: AudioPlaybackConfiguration piid:271 deviceId:3 type:android.media.MediaPlayer u/pid:10081/1803 state:stopped attr:AudioAttributes: usage=USAGE_NOTIFICATION content=CONTENT_TYPE_SONIFICATION flags=0x800 tags= bundle=null sessionId:0
09-22 22:32:10.661 V/MediaPlayer( 1803): resetDrmState: mDrmInfo=null mDrmProvisioningThread=null mPrepareDrmInProgress=false mActiveDrmScheme=false
09-22 22:32:10.661 V/MediaPlayer( 1803): cleanDrmObj: mDrmObj=null mDrmSessionId=null
09-22 22:32:10.661 D/Avrcp_ext( 1802): AudioManager isPlaying: false, mAudioPlaybackIsActive = true
09-22 22:32:10.661 D/Avrcp_ext( 1802): AudioManager Reset Active Player
09-22 22:32:10.661 D/NuPlayerDriver( 1200): reset(0xed2c1550) at state 6
09-22 22:32:10.664 D/audio_hw_primary( 812): out_set_parameters: enter: usecase(1: low-latency-playback) kvpairs: suspend_playback=false
09-22 22:32:10.664 D/audio_hw_extn( 812): audio_extn_fm_set_parameters: Enter
09-22 22:32:10.664 V/Avrcp_ext( 1802): updateCurrentMediaState: mMediaController: MediaController (com.android.systemui@dc49a66) null
09-22 22:32:10.664 W/Avrcp_ext( 1802): isMusicActive: false getBluetoothPlayState: 2 A2dp State: 11 mAudioPlaybackIsActive: false
09-22 22:32:10.665 D/Avrcp_ext( 1802): isMusicActive = false mAudioPlaybackIsActive = false player state = null
09-22 22:32:10.665 I/Avrcp_ext( 1802): Skipping update due to invalid playback state
09-22 22:32:10.665 V/Avrcp_ext( 1802): updatePlaybackState, state: null device: null
09-22 22:32:10.665 V/Avrcp_ext( 1802): Device: no name:
09-22 22:32:10.666 V/Avrcp_ext( 1802): Device: no name:
09-22 22:32:10.666 V/Avrcp_ext( 1802): Device: no name:
09-22 22:32:10.666 V/Avrcp_ext( 1802): Device: no name:
09-22 22:32:10.666 V/Avrcp_ext( 1802): Device: no name:
09-22 22:32:10.666 V/Avrcp_ext( 1802): updatePlayerStateAndPosition, old=PlaybackState {state=2, position=-1, buffered position=0, speed=0.0, updated=69121, actions=0, custom actions=[], active item id=-1, error=null}, state=null
09-22 22:32:10.666 I/Avrcp_ext( 1802): updatePlayerStateAndPosition: device: state = null
09-22 22:32:10.666 D/Avrcp_ext( 1802): AudioManager Player: AudioPlaybackConfiguration piid:71 deviceId:0 type:android.media.SoundPool u/pid:1000/1451 state:idle attr:AudioAttributes: usage=USAGE_ASSISTANCE_SONIFICATION content=CONTENT_TYPE_SONIFICATION flags=0x800 tags= bundle=null sessionId:0
09-22 22:32:10.666 D/Avrcp_ext( 1802): AudioManager Player: AudioPlaybackConfiguration piid:79 deviceId:0 type:android.media.SoundPool u/pid:10081/1803 state:idle attr:AudioAttributes: usage=USAGE_ASSISTANCE_SONIFICATION content=CONTENT_TYPE_SONIFICATION flags=0x800 tags= bundle=null sessionId:0
09-22 22:32:10.666 D/Avrcp_ext( 1802): AudioManager isPlaying: false, mAudioPlaybackIsActive = false
09-22 22:32:10.666 D/Avrcp_ext( 1802): AudioManager Reset Active Player
09-22 22:32:10.666 I/hw-BpHwBinder( 1200): onLastStrongRef automatically unlinking death recipients
09-22 22:32:10.667 I/hw-BpHwBinder( 1244): onLastStrongRef automatically unlinking death recipients
09-22 22:32:10.670 V/C2Store ( 1244): in ~ComponentModule
09-22 22:32:10.670 V/C2Store ( 1244): unloading dll
09-22 22:32:10.671 D/NuPlayerDriver( 1200): notifyResetComplete(0xed2c1550)
09-22 22:32:10.672 W/AMessage( 1200): failed to post message as target looper for handler 0 is gone.
09-22 22:32:10.707 D/audio_hw_primary( 812): out_set_parameters: enter: usecase(1: low-latency-playback) kvpairs: suspend_playback=true
09-22 22:32:10.707 D/audio_hw_extn( 812): audio_extn_fm_set_parameters: Enter
09-22 22:32:10.708 D/msm8974_platform( 812): platform_split_snd_device: snd_device(2) num devices(1) new_snd_devices(0)
09-22 22:32:10.708 D/ACDB-LOADER( 812): ACDB -> send_audvoltable
09-22 22:32:10.708 D/ACDB-LOADER( 812): ACDB -> ACDB_CMD_GET_AUDPROC_INSTANCE_GAIN_DEP_STEP_TABLE_SIZE
09-22 22:32:10.708 D/ACDB-LOADER( 812): ACDB -> ACDB_CMD_GET_AUDPROC_INSTANCE_GAIN_DEP_STEP_TABLE, vol index 0
09-22 22:32:10.708 D/ACDB-LOADER( 812): ACDB -> AUDIO_SET_VOL_CAL cal type = 40
09-22 22:32:10.709 D/msm8974_platform( 812): platform_split_snd_device: snd_device(2) num devices(1) new_snd_devices(0)
09-22 22:32:11.128 I/hwservicemanager( 513): getTransport: Cannot find entry android.hardware.light@2.0::ILight/default in either framework or device VINTF manifest.
09-22 22:32:11.130 E/light ( 4648): light_open lights keyboard failed: -22
09-22 22:32:11.130 E/light ( 4648): Light passthrough failed to load legacy HAL.
09-22 22:32:11.131 E/light ( 4648): light_open lights buttons failed: -22
09-22 22:32:11.131 E/light ( 4648): Light passthrough failed to load legacy HAL.
09-22 22:32:11.132 E/light ( 4648): light_open lights bluetooth failed: -22
09-22 22:32:11.132 E/light ( 4648): Light passthrough failed to load legacy HAL.
09-22 22:32:11.132 E/light ( 4648): light_open lights wifi failed: -22
09-22 22:32:11.132 E/light ( 4648): Light passthrough failed to load legacy HAL.
09-22 22:32:11.133 I/hwservicemanager( 513): getTransport: Cannot find entry android.hardware.light@2.0::ILight/default in either framework or device VINTF manifest.
09-22 22:32:11.133 E/HidlServiceManagement( 4648): Service android.hardware.light@2.0::ILight/default must be in VINTF manifest in order to register/get.
09-22 22:32:11.133 E/LegacySupport( 4648): Could not register service android.hardware.light@2.0::ILight/default (-2147483648).
09-22 22:32:11.368 I/mpu_uart( 655): [MSG-P:RECV]:No message received in 1000 ms
09-22 22:32:11.708 D/audio_hw_primary( 812): out_set_parameters: enter: usecase(1: low-latency-playback) kvpairs: suspend_playback=false
09-22 22:32:11.708 D/audio_hw_extn( 812): audio_extn_fm_set_parameters: Enter
09-22 22:32:11.710 W/audio_hw_primary( 812): out_write: underrun(159) frames_by_time(48340) > out->last_fifo_frames_remaining(384)
09-22 22:32:11.756 D/audio_hw_primary( 812): out_set_parameters: enter: usecase(1: low-latency-playback) kvpairs: suspend_playback=true
09-22 22:32:11.757 D/audio_hw_extn( 812): audio_extn_fm_set_parameters: Enter
09-22 22:32:12.148 F/linker ( 4649): CANNOT LINK EXECUTABLE "/vendor/bin/hw/qvrservice": library "vendor.qti.hardware.qxr-V1-ndk_platform.so" not found: needed by /vendor/lib64/libqvrservice.so in namespace (default)
09-22 22:32:12.149 F/linker ( 4650): CANNOT LINK EXECUTABLE "/vendor/bin/hw/sxrservice": library "vendor.qti.hardware.qxr-V1-ndk_platform.so" not found: needed by main executable
09-22 22:32:12.368 I/mpu_uart( 655): [MSG-P:RECV]:No message received in 1000 ms
09-22 22:32:12.757 D/audio_hw_primary( 812): out_set_parameters: enter: usecase(1: low-latency-playback) kvpairs: suspend_playback=false
09-22 22:32:12.757 D/audio_hw_extn( 812): audio_extn_fm_set_parameters: Enter
09-22 22:32:12.758 W/audio_hw_primary( 812): out_write: underrun(160) frames_by_time(48237) > out->last_fifo_frames_remaining(384)
09-22 22:32:12.796 D/audio_hw_primary( 812): out_set_parameters: enter: usecase(1: low-latency-playback) kvpairs: suspend_playback=true
09-22 22:32:12.796 D/audio_hw_extn( 812): audio_extn_fm_set_parameters: Enter
09-22 22:32:13.369 I/mpu_uart( 655): [MSG-P:RECV]:No message received in 1000 ms
09-22 22:32:13.545 I/mpu_uart( 655): [MSG-P:R]:recv sync frame timeout
09-22 22:32:13.792 D/BufferPoolAccessor2.0( 1244): evictor expired: 1, evicted: 0
09-22 22:32:13.797 D/audio_hw_primary( 812): out_set_parameters: enter: usecase(1: low-latency-playback) kvpairs: suspend_playback=false
09-22 22:32:13.797 D/audio_hw_extn( 812): audio_extn_fm_set_parameters: Enter
09-22 22:32:13.797 D/audio_hw_primary( 812): out_standby: enter: stream (0xe45464c0) usecase(1: low-latency-playback)
09-22 22:32:13.817 D/audio_hw_primary( 812): disable_audio_route: reset and update mixer path: low-latency-playback
09-22 22:32:13.819 E/soundtrigger( 812): audio_extn_sound_trigger_update_stream_status: invalid input device 0x0, for event 2
09-22 22:32:13.819 D/soundtrigger( 812): audio_extn_sound_trigger_update_stream_status: uc_info->id 1 of type 0 for Event 2, with Raise=0
09-22 22:32:13.819 D/msm8974_platform( 812): platform_split_snd_device: snd_device(2) num devices(0) new_snd_devices(0)
09-22 22:32:13.819 I/msm8974_platform( 812): platform_get_custom_mtmx_params: no matching param with id 0 ip_ch 2 op_ch 2 uc_id 1 snd_dev 2
09-22 22:32:13.819 D/hardware_info( 812): hw_info_append_hw_type : device_name = speaker
09-22 22:32:13.819 D/audio_hw_primary( 812): disable_snd_device: snd_device(2: speaker)
09-22 22:32:13.819 D/msm8974_platform( 812): platform_split_snd_device: snd_device(2) num devices(0) new_snd_devices(0)
09-22 22:32:13.819 I/soundtrigger( 812): audio_extn_sound_trigger_update_device_status: device 0x2 of type 0 for Event 0, with Raise=0
09-22 22:32:13.819 D/audio_hw_primary( 812): out_standby: exit
09-22 22:32:14.369 I/mpu_uart( 655): [MSG-P:RECV]:No message received in 1000 ms
09-22 22:32:14.792 D/BufferPoolAccessor2.0( 1200): evictor expired: 1, evicted: 0
09-22 22:32:15.370 I/mpu_uart( 655): [MSG-P:RECV]:No message received in 1000 ms
09-22 22:32:15.792 D/BufferPoolAccessor2.0( 1200): bufferpool2 0xecc83e08 : 0(0 size) total buffers - 0(0 size) used buffers - 96/104 (recycle/alloc) - 8/198 (fetch/transfer)
09-22 22:32:15.793 D/BufferPoolAccessor2.0( 1200): evictor expired: 1, evicted: 1
09-22 22:32:15.793 D/BufferPoolAccessor2.0( 1244): bufferpool2 0xb4000076356155c8 : 0(0 size) total buffers - 0(0 size) used buffers - 93/97 (recycle/alloc) - 4/96 (fetch/transfer)
09-22 22:32:15.793 D/BufferPoolAccessor2.0( 1244): evictor expired: 1, evicted: 1
09-22 22:32:16.132 I/hwservicemanager( 513): getTransport: Cannot find entry android.hardware.light@2.0::ILight/default in either framework or device VINTF manifest.
09-22 22:32:16.135 E/light ( 4652): light_open lights keyboard failed: -22
09-22 22:32:16.135 E/light ( 4652): Light passthrough failed to load legacy HAL.
09-22 22:32:16.135 E/light ( 4652): light_open lights buttons failed: -22
09-22 22:32:16.135 E/light ( 4652): Light passthrough failed to load legacy HAL.
09-22 22:32:16.136 E/light ( 4652): light_open lights bluetooth failed: -22
09-22 22:32:16.136 E/light ( 4652): Light passthrough failed to load legacy HAL.
09-22 22:32:16.137 E/light ( 4652): light_open lights wifi failed: -22
09-22 22:32:16.137 E/light ( 4652): Light passthrough failed to load legacy HAL.
09-22 22:32:16.137 I/hwservicemanager( 513): getTransport: Cannot find entry android.hardware.light@2.0::ILight/default in either framework or device VINTF manifest.
09-22 22:32:16.137 E/HidlServiceManagement( 4652): Service android.hardware.light@2.0::ILight/default must be in VINTF manifest in order to register/get.
09-22 22:32:16.137 E/LegacySupport( 4652): Could not register service android.hardware.light@2.0::ILight/default (-2147483648).
09-22 22:32:16.370 I/mpu_uart( 655): [MSG-P:RECV]:No message received in 1000 ms
09-22 22:32:16.549 I/mpu_uart( 655): [MSG-P:R]:recv sync frame timeout
09-22 22:32:17.157 F/linker ( 4654): CANNOT LINK EXECUTABLE "/vendor/bin/hw/sxrservice": library "vendor.qti.hardware.qxr-V1-ndk_platform.so" not found: needed by main executable
09-22 22:32:17.158 F/linker ( 4653): CANNOT LINK EXECUTABLE "/vendor/bin/hw/qvrservice": library "vendor.qti.hardware.qxr-V1-ndk_platform.so" not found: needed by /vendor/lib64/libqvrservice.so in namespace (default)
09-22 22:32:17.370 I/mpu_uart( 655): [MSG-P:RECV]:No message received in 1000 ms
09-22 22:32:18.370 I/mpu_uart( 655): [MSG-P:RECV]:No message received in 1000 ms
09-22 22:32:19.320 I/OpenGLRenderer( 2203): Davey! duration=9223371690253ms; Flags=0, FrameTimelineVsyncId=22564, IntendedVsync=346601336809, Vsync=346601336809, InputEventId=0, HandleInputStart=346602073772, AnimationStart=346602076481, PerformTraversalsStart=346602079345, DrawStart=346648674970, FrameDeadline=346618003475, FrameInterval=346602067053, FrameStartTime=16666666, SyncQueued=346649335126, SyncStart=346649513043, IssueDrawCommandsStart=346650163512, SwapBuffers=346652497626, FrameCompleted=9223372036854775807, DequeueBufferDuration=29584, QueueBufferDuration=577240, GpuCompleted=9223372036854775807, SwapBuffersCompleted=346653464814, DisplayPresentTime=0,
09-22 22:32:19.371 I/mpu_uart( 655): [MSG-P:RECV]:No message received in 1000 ms
09-22 22:32:19.552 I/mpu_uart( 655): [MSG-P:R]:recv sync frame timeout
09-22 22:32:20.307 I/OpenGLRenderer( 2203): Davey! duration=9223371689267ms; Flags=0, FrameTimelineVsyncId=22571, IntendedVsync=347587002630, Vsync=347587002630, InputEventId=0, HandleInputStart=347587541480, AnimationStart=347587543251, PerformTraversalsStart=347587544813, DrawStart=347629842313, FrameDeadline=347603669296, FrameInterval=347587536220, FrameStartTime=16666666, SyncQueued=347630565230, SyncStart=347630749605, IssueDrawCommandsStart=347631271897, SwapBuffers=347633426897, FrameCompleted=9223372036854775807, DequeueBufferDuration=24636, QueueBufferDuration=546875, GpuCompleted=9223372036854775807, SwapBuffersCompleted=347634299397, DisplayPresentTime=0,
09-22 22:32:20.371 I/mpu_uart( 655): [MSG-P:RECV]:No message received in 1000 ms
09-22 22:32:21.147 I/hwservicemanager( 513): getTransport: Cannot find entry android.hardware.light@2.0::ILight/default in either framework or device VINTF manifest.
09-22 22:32:21.149 E/light ( 4655): light_open lights keyboard failed: -22
09-22 22:32:21.149 E/light ( 4655): Light passthrough failed to load legacy HAL.
09-22 22:32:21.149 E/light ( 4655): light_open lights buttons failed: -22
09-22 22:32:21.149 E/light ( 4655): Light passthrough failed to load legacy HAL.
09-22 22:32:21.151 E/light ( 4655): light_open lights bluetooth failed: -22
09-22 22:32:21.151 E/light ( 4655): Light passthrough failed to load legacy HAL.
09-22 22:32:21.151 E/light ( 4655): light_open lights wifi failed: -22
09-22 22:32:21.151 E/light ( 4655): Light passthrough failed to load legacy HAL.
09-22 22:32:21.152 I/hwservicemanager( 513): getTransport: Cannot find entry android.hardware.light@2.0::ILight/default in either framework or device VINTF manifest.
09-22 22:32:21.152 E/HidlServiceManagement( 4655): Service android.hardware.light@2.0::ILight/default must be in VINTF manifest in order to register/get.
09-22 22:32:21.152 E/LegacySupport( 4655): Could not register service android.hardware.light@2.0::ILight/default (-2147483648).
09-22 22:32:21.342 I/OpenGLRenderer( 2203): Davey! duration=9223371688248ms; Flags=0, FrameTimelineVsyncId=22578, IntendedVsync=348606086296, Vsync=348606086296, InputEventId=0, HandleInputStart=348607129813, AnimationStart=348607134501, PerformTraversalsStart=348607137938, DrawStart=348663928823, FrameDeadline=348622752962, FrameInterval=348607112678, FrameStartTime=16666666, SyncQueued=348664905907, SyncStart=348664985073, IssueDrawCommandsStart=348666039084, SwapBuffers=348669094501, FrameCompleted=9223372036854775807, DequeueBufferDuration=48489, QueueBufferDuration=930625, GpuCompleted=9223372036854775807, SwapBuffersCompleted=348670539553, DisplayPresentTime=0,
09-22 22:32:21.371 I/mpu_uart( 655): [MSG-P:RECV]:No message received in 1000 ms
09-22 22:32:22.164 F/linker ( 4656): CANNOT LINK EXECUTABLE "/vendor/bin/hw/qvrservice": library "vendor.qti.hardware.qxr-V1-ndk_platform.so" not found: needed by /vendor/lib64/libqvrservice.so in namespace (default)
09-22 22:32:22.164 F/linker ( 4657): CANNOT LINK EXECUTABLE "/vendor/bin/hw/sxrservice": library "vendor.qti.hardware.qxr-V1-ndk_platform.so" not found: needed by main executable
09-22 22:32:22.345 I/OpenGLRenderer( 2203): Davey! duration=9223371687246ms; Flags=0, FrameTimelineVsyncId=22585, IntendedVsync=349608538370, Vsync=349608538370, InputEventId=0, HandleInputStart=349609504292, AnimationStart=349609508302, PerformTraversalsStart=349609511844, DrawStart=349665666271, FrameDeadline=349625205036, FrameInterval=349609485802, FrameStartTime=16666666, SyncQueued=349666608250, SyncStart=349666687677, IssueDrawCommandsStart=349667708927, SwapBuffers=349670809031, FrameCompleted=9223372036854775807, DequeueBufferDuration=47760, QueueBufferDuration=912135, GpuCompleted=9223372036854775807, SwapBuffersCompleted=349672221011, DisplayPresentTime=0,
09-22 22:32:22.372 I/mpu_uart( 655): [MSG-P:RECV]:No message received in 1000 ms
09-22 22:32:22.555 I/mpu_uart( 655): [MSG-P:R]:recv sync frame timeout
09-22 22:32:23.372 I/mpu_uart( 655): [MSG-P:RECV]:No message received in 1000 ms
09-22 22:32:24.372 I/mpu_uart( 655): [MSG-P:RECV]:No message received in 1000 ms
09-22 22:32:25.372 I/mpu_uart( 655): [MSG-P:RECV]:No message received in 1000 ms
09-22 22:32:25.558 I/mpu_uart( 655): [MSG-P:R]:recv sync frame timeout
09-22 22:32:26.152 I/hwservicemanager( 513): getTransport: Cannot find entry android.hardware.light@2.0::ILight/default in either framework or device VINTF manifest.
09-22 22:32:26.154 E/light ( 4658): light_open lights keyboard failed: -22
09-22 22:32:26.154 E/light ( 4658): Light passthrough failed to load legacy HAL.
09-22 22:32:26.155 E/light ( 4658): light_open lights buttons failed: -22
09-22 22:32:26.155 E/light ( 4658): Light passthrough failed to load legacy HAL.
09-22 22:32:26.156 E/light ( 4658): light_open lights bluetooth failed: -22
09-22 22:32:26.156 E/light ( 4658): Light passthrough failed to load legacy HAL.
09-22 22:32:26.156 E/light ( 4658): light_open lights wifi failed: -22
09-22 22:32:26.156 E/light ( 4658): Light passthrough failed to load legacy HAL.
09-22 22:32:26.157 I/hwservicemanager( 513): getTransport: Cannot find entry android.hardware.light@2.0::ILight/default in either framework or device VINTF manifest.
09-22 22:32:26.157 E/HidlServiceManagement( 4658): Service android.hardware.light@2.0::ILight/default must be in VINTF manifest in order to register/get.
09-22 22:32:26.157 E/LegacySupport( 4658): Could not register service android.hardware.light@2.0::ILight/default (-2147483648).
09-22 22:32:26.373 I/mpu_uart( 655): [MSG-P:RECV]:No message received in 1000 ms
09-22 22:32:27.169 F/linker ( 4660): CANNOT LINK EXECUTABLE "/vendor/bin/hw/sxrservice": library "vendor.qti.hardware.qxr-V1-ndk_platform.so" not found: needed by main executable
09-22 22:32:27.170 F/linker ( 4659): CANNOT LINK EXECUTABLE "/vendor/bin/hw/qvrservice": library "vendor.qti.hardware.qxr-V1-ndk_platform.so" not found: needed by /vendor/lib64/libqvrservice.so in namespace (default)
09-22 22:32:27.373 I/mpu_uart( 655): [MSG-P:RECV]:No message received in 1000 ms
09-22 22:32:28.373 I/mpu_uart( 655): [MSG-P:RECV]:No message received in 1000 ms
09-22 22:32:28.560 I/mpu_uart( 655): [MSG-P:R]:recv sync frame timeout
09-22 22:32:29.373 I/mpu_uart( 655): [MSG-P:RECV]:No message received in 1000 ms
09-22 22:32:30.374 I/mpu_uart( 655): [MSG-P:RECV]:No message received in 1000 ms
09-22 22:32:31.166 I/hwservicemanager( 513): getTransport: Cannot find entry android.hardware.light@2.0::ILight/default in either framework or device VINTF manifest.
09-22 22:32:31.168 E/light ( 4661): light_open lights keyboard failed: -22
09-22 22:32:31.168 E/light ( 4661): Light passthrough failed to load legacy HAL.
09-22 22:32:31.169 E/light ( 4661): light_open lights buttons failed: -22
09-22 22:32:31.169 E/light ( 4661): Light passthrough failed to load legacy HAL.
09-22 22:32:31.170 E/light ( 4661): light_open lights bluetooth failed: -22
09-22 22:32:31.170 E/light ( 4661): Light passthrough failed to load legacy HAL.
09-22 22:32:31.170 E/light ( 4661): light_open lights wifi failed: -22
09-22 22:32:31.171 E/light ( 4661): Light passthrough failed to load legacy HAL.
09-22 22:32:31.171 I/hwservicemanager( 513): getTransport: Cannot find entry android.hardware.light@2.0::ILight/default in either framework or device VINTF manifest.
09-22 22:32:31.171 E/HidlServiceManagement( 4661): Service android.hardware.light@2.0::ILight/default must be in VINTF manifest in order to register/get.
09-22 22:32:31.171 E/LegacySupport( 4661): Could not register service android.hardware.light@2.0::ILight/default (-2147483648).
09-22 22:32:31.374 I/mpu_uart( 655): [MSG-P:RECV]:No message received in 1000 ms
09-22 22:32:31.563 I/mpu_uart( 655): [MSG-P:R]:recv sync frame timeout
09-22 22:32:32.181 F/linker ( 4662): CANNOT LINK EXECUTABLE "/vendor/bin/hw/qvrservice": library "vendor.qti.hardware.qxr-V1-ndk_platform.so" not found: needed by /vendor/lib64/libqvrservice.so in namespace (default)
09-22 22:32:32.182 F/linker ( 4663): CANNOT LINK EXECUTABLE "/vendor/bin/hw/sxrservice": library "vendor.qti.hardware.qxr-V1-ndk_platform.so" not found: needed by main executable
09-22 22:32:32.374 I/mpu_uart( 655): [MSG-P:RECV]:No message received in 1000 ms
09-22 22:32:33.374 I/mpu_uart( 655): [MSG-P:RECV]:No message received in 1000 ms
09-22 22:32:34.375 I/mpu_uart( 655): [MSG-P:RECV]:No message received in 1000 ms
09-22 22:32:34.566 I/mpu_uart( 655): [MSG-P:R]:recv sync frame timeout
09-22 22:32:35.375 I/mpu_uart( 655): [MSG-P:RECV]:No message received in 1000 ms
09-22 22:32:36.172 I/hwservicemanager( 513): getTransport: Cannot find entry android.hardware.light@2.0::ILight/default in either framework or device VINTF manifest.
09-22 22:32:36.174 E/light ( 4664): light_open lights keyboard failed: -22
09-22 22:32:36.174 E/light ( 4664): Light passthrough failed to load legacy HAL.
09-22 22:32:36.174 E/light ( 4664): light_open lights buttons failed: -22
09-22 22:32:36.174 E/light ( 4664): Light passthrough failed to load legacy HAL.
09-22 22:32:36.176 E/light ( 4664): light_open lights bluetooth failed: -22
09-22 22:32:36.176 E/light ( 4664): Light passthrough failed to load legacy HAL.
09-22 22:32:36.176 E/light ( 4664): light_open lights wifi failed: -22
09-22 22:32:36.176 E/light ( 4664): Light passthrough failed to load legacy HAL.
09-22 22:32:36.176 I/hwservicemanager( 513): getTransport: Cannot find entry android.hardware.light@2.0::ILight/default in either framework or device VINTF manifest.
09-22 22:32:36.176 E/HidlServiceManagement( 4664): Service android.hardware.light@2.0::ILight/default must be in VINTF manifest in order to register/get.
09-22 22:32:36.176 E/LegacySupport( 4664): Could not register service android.hardware.light@2.0::ILight/default (-2147483648).
09-22 22:32:36.375 I/mpu_uart( 655): [MSG-P:RECV]:No message received in 1000 ms
09-22 22:32:36.379 I/OpenGLRenderer( 2203): Davey! duration=9223371673212ms; Flags=0, FrameTimelineVsyncId=22683, IntendedVsync=363642282630, Vsync=363642282630, InputEventId=0, HandleInputStart=363643412151, AnimationStart=363643415953, PerformTraversalsStart=363643418922, DrawStart=363701469755, FrameDeadline=363658949296, FrameInterval=363643390224, FrameStartTime=16666666, SyncQueued=363702418349, SyncStart=363702636578, IssueDrawCommandsStart=363703692620, SwapBuffers=363706637047, FrameCompleted=9223372036854775807, DequeueBufferDuration=46042, QueueBufferDuration=779896, GpuCompleted=9223372036854775807, SwapBuffersCompleted=363707919339, DisplayPresentTime=0,
09-22 22:32:37.187 F/linker ( 4665): CANNOT LINK EXECUTABLE "/vendor/bin/hw/qvrservice": library "vendor.qti.hardware.qxr-V1-ndk_platform.so" not found: needed by /vendor/lib64/libqvrservice.so in namespace (default)
09-22 22:32:37.188 F/linker ( 4666): CANNOT LINK EXECUTABLE "/vendor/bin/hw/sxrservice": library "vendor.qti.hardware.qxr-V1-ndk_platform.so" not found: needed by main executable
09-22 22:32:37.375 I/mpu_uart( 655): [MSG-P:RECV]:No message received in 1000 ms
09-22 22:32:37.381 I/OpenGLRenderer( 2203): Davey! duration=9223371672209ms; Flags=0, FrameTimelineVsyncId=22690, IntendedVsync=364644688630, Vsync=364644688630, InputEventId=0, HandleInputStart=364645336422, AnimationStart=364645340067, PerformTraversalsStart=364645343088, DrawStart=364704501005, FrameDeadline=364661355296, FrameInterval=364645325224, FrameStartTime=16666666, SyncQueued=364705469755, SyncStart=364705684911, IssueDrawCommandsStart=364706715328, SwapBuffers=364709804078, FrameCompleted=9223372036854775807, DequeueBufferDuration=45417, QueueBufferDuration=776875, GpuCompleted=9223372036854775807, SwapBuffersCompleted=364711196161, DisplayPresentTime=0,
09-22 22:32:37.567 I/mpu_uart( 655): [MSG-P:R]:recv sync frame timeout
09-22 22:32:38.376 I/mpu_uart( 655): [MSG-P:RECV]:No message received in 1000 ms
09-22 22:32:39.376 I/mpu_uart( 655): [MSG-P:RECV]:No message received in 1000 ms
09-22 22:32:40.376 I/mpu_uart( 655): [MSG-P:RECV]:No message received in 1000 ms
09-22 22:32:40.570 I/mpu_uart( 655): [MSG-P:R]:recv sync frame timeout
09-22 22:32:41.186 I/hwservicemanager( 513): getTransport: Cannot find entry android.hardware.light@2.0::ILight/default in either framework or device VINTF manifest.
09-22 22:32:41.188 E/light ( 4667): light_open lights keyboard failed: -22
09-22 22:32:41.189 E/light ( 4667): Light passthrough failed to load legacy HAL.
09-22 22:32:41.189 E/light ( 4667): light_open lights buttons failed: -22
09-22 22:32:41.189 E/light ( 4667): Light passthrough failed to load legacy HAL.
09-22 22:32:41.190 E/light ( 4667): light_open lights bluetooth failed: -22
09-22 22:32:41.190 E/light ( 4667): Light passthrough failed to load legacy HAL.
09-22 22:32:41.191 E/light ( 4667): light_open lights wifi failed: -22
09-22 22:32:41.191 E/light ( 4667): Light passthrough failed to load legacy HAL.
09-22 22:32:41.191 I/hwservicemanager( 513): getTransport: Cannot find entry android.hardware.light@2.0::ILight/default in either framework or device VINTF manifest.
09-22 22:32:41.191 E/HidlServiceManagement( 4667): Service android.hardware.light@2.0::ILight/default must be in VINTF manifest in order to register/get.
09-22 22:32:41.191 E/LegacySupport( 4667): Could not register service android.hardware.light@2.0::ILight/default (-2147483648).
09-22 22:32:41.376 I/mpu_uart( 655): [MSG-P:RECV]:No message received in 1000 ms
09-22 22:32:42.197 F/linker ( 4669): CANNOT LINK EXECUTABLE "/vendor/bin/hw/sxrservice": library "vendor.qti.hardware.qxr-V1-ndk_platform.so" not found: needed by main executable
09-22 22:32:42.200 F/linker ( 4668): CANNOT LINK EXECUTABLE "/vendor/bin/hw/qvrservice": library "vendor.qti.hardware.qxr-V1-ndk_platform.so" not found: needed by /vendor/lib64/libqvrservice.so in namespace (default)
09-22 22:32:42.376 I/mpu_uart( 655): [MSG-P:RECV]:No message received in 1000 ms
09-22 22:32:43.377 I/mpu_uart( 655): [MSG-P:RECV]:No message received in 1000 ms
09-22 22:32:43.573 I/mpu_uart( 655): [MSG-P:R]:recv sync frame timeout
09-22 22:32:44.378 I/mpu_uart( 655): [MSG-P:RECV]:No message received in 1000 ms
09-22 22:32:45.378 I/mpu_uart( 655): [MSG-P:RECV]:No message received in 1000 ms
09-22 22:32:46.191 I/hwservicemanager( 513): getTransport: Cannot find entry android.hardware.light@2.0::ILight/default in either framework or device VINTF manifest.
09-22 22:32:46.192 E/light ( 4670): light_open lights keyboard failed: -22
09-22 22:32:46.192 E/light ( 4670): Light passthrough failed to load legacy HAL.
09-22 22:32:46.193 E/light ( 4670): light_open lights buttons failed: -22
09-22 22:32:46.193 E/light ( 4670): Light passthrough failed to load legacy HAL.
09-22 22:32:46.194 E/light ( 4670): light_open lights bluetooth failed: -22
09-22 22:32:46.194 E/light ( 4670): Light passthrough failed to load legacy HAL.
09-22 22:32:46.194 E/light ( 4670): light_open lights wifi failed: -22
09-22 22:32:46.194 E/light ( 4670): Light passthrough failed to load legacy HAL.
09-22 22:32:46.195 I/hwservicemanager( 513): getTransport: Cannot find entry android.hardware.light@2.0::ILight/default in either framework or device VINTF manifest.
09-22 22:32:46.195 E/HidlServiceManagement( 4670): Service android.hardware.light@2.0::ILight/default must be in VINTF manifest in order to register/get.
09-22 22:32:46.195 E/LegacySupport( 4670): Could not register service android.hardware.light@2.0::ILight/default (-2147483648).
09-22 22:32:46.378 I/mpu_uart( 655): [MSG-P:RECV]:No message received in 1000 ms
09-22 22:32:46.403 I/OpenGLRenderer( 2203): Davey! duration=9223371663188ms; Flags=0, FrameTimelineVsyncId=22753, IntendedVsync=373666367630, Vsync=373666367630, InputEventId=0, HandleInputStart=373667563085, AnimationStart=373667567304, PerformTraversalsStart=373667570845, DrawStart=373724815012, FrameDeadline=373683034296, FrameInterval=373667547356, FrameStartTime=16666666, SyncQueued=373725772564, SyncStart=373725852199, IssueDrawCommandsStart=373726880533, SwapBuffers=373729872251, FrameCompleted=9223372036854775807, DequeueBufferDuration=45573, QueueBufferDuration=835260, GpuCompleted=9223372036854775807, SwapBuffersCompleted=373731207512, DisplayPresentTime=0,
09-22 22:32:46.577 I/mpu_uart( 655): [MSG-P:R]:recv sync frame timeout
09-22 22:32:47.203 F/linker ( 4671): CANNOT LINK EXECUTABLE "/vendor/bin/hw/qvrservice": library "vendor.qti.hardware.qxr-V1-ndk_platform.so" not found: needed by /vendor/lib64/libqvrservice.so in namespace (default)
09-22 22:32:47.204 F/linker ( 4672): CANNOT LINK EXECUTABLE "/vendor/bin/hw/sxrservice": library "vendor.qti.hardware.qxr-V1-ndk_platform.so" not found: needed by main executable
09-22 22:32:47.378 I/mpu_uart( 655): [MSG-P:RECV]:No message received in 1000 ms
09-22 22:32:48.379 I/mpu_uart( 655): [MSG-P:RECV]:No message received in 1000 ms
09-22 22:32:49.379 I/mpu_uart( 655): [MSG-P:RECV]:No message received in 1000 ms
09-22 22:32:49.580 I/mpu_uart( 655): [MSG-P:R]:recv sync frame timeout
09-22 22:32:50.379 I/mpu_uart( 655): [MSG-P:RECV]:No message received in 1000 ms
09-22 22:32:51.206 I/hwservicemanager( 513): getTransport: Cannot find entry android.hardware.light@2.0::ILight/default in either framework or device VINTF manifest.
09-22 22:32:51.208 E/light ( 4673): light_open lights keyboard failed: -22
09-22 22:32:51.208 E/light ( 4673): Light passthrough failed to load legacy HAL.
09-22 22:32:51.208 E/light ( 4673): light_open lights buttons failed: -22
09-22 22:32:51.208 E/light ( 4673): Light passthrough failed to load legacy HAL.
09-22 22:32:51.210 E/light ( 4673): light_open lights bluetooth failed: -22
09-22 22:32:51.210 E/light ( 4673): Light passthrough failed to load legacy HAL.
09-22 22:32:51.210 E/light ( 4673): light_open lights wifi failed: -22
09-22 22:32:51.210 E/light ( 4673): Light passthrough failed to load legacy HAL.
09-22 22:32:51.211 I/hwservicemanager( 513): getTransport: Cannot find entry android.hardware.light@2.0::ILight/default in either framework or device VINTF manifest.
09-22 22:32:51.211 E/HidlServiceManagement( 4673): Service android.hardware.light@2.0::ILight/default must be in VINTF manifest in order to register/get.
09-22 22:32:51.211 E/LegacySupport( 4673): Could not register service android.hardware.light@2.0::ILight/default (-2147483648).
09-22 22:32:51.379 I/mpu_uart( 655): [MSG-P:RECV]:No message received in 1000 ms
09-22 22:32:52.210 F/linker ( 4674): CANNOT LINK EXECUTABLE "/vendor/bin/hw/qvrservice": library "vendor.qti.hardware.qxr-V1-ndk_platform.so" not found: needed by /vendor/lib64/libqvrservice.so in namespace (default)
09-22 22:32:52.211 F/linker ( 4675): CANNOT LINK EXECUTABLE "/vendor/bin/hw/sxrservice": library "vendor.qti.hardware.qxr-V1-ndk_platform.so" not found: needed by main executable
09-22 22:32:52.379 I/mpu_uart( 655): [MSG-P:RECV]:No message received in 1000 ms
09-22 22:32:52.583 I/mpu_uart( 655): [MSG-P:R]:recv sync frame timeout
09-22 22:32:53.096 I/am_uid_idle( 1451): 10088
09-22 22:32:53.380 I/mpu_uart( 655): [MSG-P:RECV]:No message received in 1000 ms
09-22 22:32:53.419 I/OpenGLRenderer( 2203): Davey! duration=9223371656171ms; Flags=0, FrameTimelineVsyncId=22802, IntendedVsync=380683240630, Vsync=380683240630, InputEventId=0, HandleInputStart=380684203968, AnimationStart=380684206728, PerformTraversalsStart=380684210165, DrawStart=380740778707, FrameDeadline=380699907296, FrameInterval=380684195999, FrameStartTime=16666666, SyncQueued=380741703030, SyncStart=380741802665, IssueDrawCommandsStart=380742775582, SwapBuffers=380745879957, FrameCompleted=9223372036854775807, DequeueBufferDuration=43802, QueueBufferDuration=817708, GpuCompleted=9223372036854775807, SwapBuffersCompleted=380747203447, DisplayPresentTime=0,
09-22 22:32:54.380 I/mpu_uart( 655): [MSG-P:RECV]:No message received in 1000 ms
09-22 22:32:55.380 I/mpu_uart( 655): [MSG-P:RECV]:No message received in 1000 ms
09-22 22:32:55.586 I/mpu_uart( 655): [MSG-P:R]:recv sync frame timeout
09-22 22:32:56.212 I/hwservicemanager( 513): getTransport: Cannot find entry android.hardware.light@2.0::ILight/default in either framework or device VINTF manifest.
