09-23 00:28:53.532 I/am_wtf ( 1471): [0,1471,system_server,-1,DisplayDeviceConfig,requesting nits when no mapping exists.]
09-23 00:28:53.534 I/am_wtf ( 1471): [0,1471,system_server,-1,DisplayDeviceConfig,requesting nits when no mapping exists.]
09-23 00:28:53.549 I/am_wtf ( 1471): [0,1471,system_server,-1,DisplayDeviceConfig,requesting nits when no mapping exists.]
09-23 00:28:53.551 I/am_wtf ( 1471): [0,1471,system_server,-1,DisplayDeviceConfig,requesting nits when no mapping exists.]
09-23 00:28:53.566 I/am_wtf ( 1471): [0,1471,system_server,-1,DisplayDeviceConfig,requesting nits when no mapping exists.]
09-23 00:28:53.567 I/am_wtf ( 1471): [0,1471,system_server,-1,DisplayDeviceConfig,requesting nits when no mapping exists.]
09-23 00:28:53.583 I/am_wtf ( 1471): [0,1471,system_server,-1,DisplayDeviceConfig,requesting nits when no mapping exists.]
09-23 00:28:53.584 I/am_wtf ( 1471): [0,1471,system_server,-1,DisplayDeviceConfig,requesting nits when no mapping exists.]
09-23 00:28:53.599 I/am_wtf ( 1471): [0,1471,system_server,-1,DisplayDeviceConfig,requesting nits when no mapping exists.]
09-23 00:28:53.600 I/am_wtf ( 1471): [0,1471,system_server,-1,DisplayDeviceConfig,requesting nits when no mapping exists.]
09-23 00:28:53.616 I/am_wtf ( 1471): [0,1471,system_server,-1,DisplayDeviceConfig,requesting nits when no mapping exists.]
09-23 00:28:53.617 I/am_wtf ( 1471): [0,1471,system_server,-1,DisplayDeviceConfig,requesting nits when no mapping exists.]
09-23 00:28:53.632 I/am_wtf ( 1471): [0,1471,system_server,-1,DisplayDeviceConfig,requesting nits when no mapping exists.]
09-23 00:28:53.633 I/am_wtf ( 1471): [0,1471,system_server,-1,DisplayDeviceConfig,requesting nits when no mapping exists.]
09-23 00:28:53.650 I/am_wtf ( 1471): [0,1471,system_server,-1,DisplayDeviceConfig,requesting nits when no mapping exists.]
09-23 00:28:53.651 I/am_wtf ( 1471): [0,1471,system_server,-1,DisplayDeviceConfig,requesting nits when no mapping exists.]
09-23 00:28:53.666 I/am_wtf ( 1471): [0,1471,system_server,-1,DisplayDeviceConfig,requesting nits when no mapping exists.]
09-23 00:28:53.668 I/am_wtf ( 1471): [0,1471,system_server,-1,DisplayDeviceConfig,requesting nits when no mapping exists.]
09-23 00:28:53.683 I/am_wtf ( 1471): [0,1471,system_server,-1,DisplayDeviceConfig,requesting nits when no mapping exists.]
09-23 00:28:53.684 I/am_wtf ( 1471): [0,1471,system_server,-1,DisplayDeviceConfig,requesting nits when no mapping exists.]
09-23 00:28:53.699 I/am_wtf ( 1471): [0,1471,system_server,-1,DisplayDeviceConfig,requesting nits when no mapping exists.]
09-23 00:28:53.700 I/am_wtf ( 1471): [0,1471,system_server,-1,DisplayDeviceConfig,requesting nits when no mapping exists.]
09-23 00:28:53.716 I/am_wtf ( 1471): [0,1471,system_server,-1,DisplayDeviceConfig,requesting nits when no mapping exists.]
09-23 00:28:53.717 I/am_wtf ( 1471): [0,1471,system_server,-1,DisplayDeviceConfig,requesting nits when no mapping exists.]
09-23 00:28:53.733 I/am_wtf ( 1471): [0,1471,system_server,-1,DisplayDeviceConfig,requesting nits when no mapping exists.]
09-23 00:28:53.734 I/am_wtf ( 1471): [0,1471,system_server,-1,DisplayDeviceConfig,requesting nits when no mapping exists.]
09-23 00:28:53.750 I/am_wtf ( 1471): [0,1471,system_server,-1,DisplayDeviceConfig,requesting nits when no mapping exists.]
09-23 00:28:53.751 I/am_wtf ( 1471): [0,1471,system_server,-1,DisplayDeviceConfig,requesting nits when no mapping exists.]
09-23 00:28:53.766 I/am_wtf ( 1471): [0,1471,system_server,-1,DisplayDeviceConfig,requesting nits when no mapping exists.]
09-23 00:28:53.767 I/am_wtf ( 1471): [0,1471,system_server,-1,DisplayDeviceConfig,requesting nits when no mapping exists.]
09-23 00:28:53.783 I/am_wtf ( 1471): [0,1471,system_server,-1,DisplayDeviceConfig,requesting nits when no mapping exists.]
09-23 00:28:53.784 I/am_wtf ( 1471): [0,1471,system_server,-1,DisplayDeviceConfig,requesting nits when no mapping exists.]
09-23 00:28:53.800 I/am_wtf ( 1471): [0,1471,system_server,-1,DisplayDeviceConfig,requesting nits when no mapping exists.]
09-23 00:28:53.802 I/am_wtf ( 1471): [0,1471,system_server,-1,DisplayDeviceConfig,requesting nits when no mapping exists.]
09-23 00:28:53.816 I/am_wtf ( 1471): [0,1471,system_server,-1,DisplayDeviceConfig,requesting nits when no mapping exists.]
09-23 00:28:53.817 I/am_wtf ( 1471): [0,1471,system_server,-1,DisplayDeviceConfig,requesting nits when no mapping exists.]
09-23 00:28:53.833 I/am_wtf ( 1471): [0,1471,system_server,-1,DisplayDeviceConfig,requesting nits when no mapping exists.]
09-23 00:28:53.835 I/am_wtf ( 1471): [0,1471,system_server,-1,DisplayDeviceConfig,requesting nits when no mapping exists.]
09-23 00:28:53.850 I/am_wtf ( 1471): [0,1471,system_server,-1,DisplayDeviceConfig,requesting nits when no mapping exists.]
09-23 00:28:53.852 I/am_wtf ( 1471): [0,1471,system_server,-1,DisplayDeviceConfig,requesting nits when no mapping exists.]
09-23 00:28:53.866 I/am_wtf ( 1471): [0,1471,system_server,-1,DisplayDeviceConfig,requesting nits when no mapping exists.]
09-23 00:28:53.868 I/am_wtf ( 1471): [0,1471,system_server,-1,DisplayDeviceConfig,requesting nits when no mapping exists.]
09-23 00:28:53.883 I/am_wtf ( 1471): [0,1471,system_server,-1,DisplayDeviceConfig,requesting nits when no mapping exists.]
09-23 00:28:53.884 I/am_wtf ( 1471): [0,1471,system_server,-1,DisplayDeviceConfig,requesting nits when no mapping exists.]
09-23 00:28:53.900 I/am_wtf ( 1471): [0,1471,system_server,-1,DisplayDeviceConfig,requesting nits when no mapping exists.]
09-23 00:28:53.901 I/am_wtf ( 1471): [0,1471,system_server,-1,DisplayDeviceConfig,requesting nits when no mapping exists.]
09-23 00:28:53.916 I/am_wtf ( 1471): [0,1471,system_server,-1,DisplayDeviceConfig,requesting nits when no mapping exists.]
09-23 00:28:53.918 I/am_wtf ( 1471): [0,1471,system_server,-1,DisplayDeviceConfig,requesting nits when no mapping exists.]
09-23 00:28:53.933 I/am_wtf ( 1471): [0,1471,system_server,-1,DisplayDeviceConfig,requesting nits when no mapping exists.]
09-23 00:28:53.935 I/am_wtf ( 1471): [0,1471,system_server,-1,DisplayDeviceConfig,requesting nits when no mapping exists.]
09-23 00:28:53.950 I/am_wtf ( 1471): [0,1471,system_server,-1,DisplayDeviceConfig,requesting nits when no mapping exists.]
09-23 00:28:53.951 I/am_wtf ( 1471): [0,1471,system_server,-1,DisplayDeviceConfig,requesting nits when no mapping exists.]
09-23 00:28:53.967 I/am_wtf ( 1471): [0,1471,system_server,-1,DisplayDeviceConfig,requesting nits when no mapping exists.]
09-23 00:28:53.969 I/am_wtf ( 1471): [0,1471,system_server,-1,DisplayDeviceConfig,requesting nits when no mapping exists.]
09-23 00:28:53.983 I/am_wtf ( 1471): [0,1471,system_server,-1,DisplayDeviceConfig,requesting nits when no mapping exists.]
09-23 00:28:53.984 I/am_wtf ( 1471): [0,1471,system_server,-1,DisplayDeviceConfig,requesting nits when no mapping exists.]
09-23 00:28:54.000 I/am_wtf ( 1471): [0,1471,system_server,-1,DisplayDeviceConfig,requesting nits when no mapping exists.]
09-23 00:28:54.002 I/am_wtf ( 1471): [0,1471,system_server,-1,DisplayDeviceConfig,requesting nits when no mapping exists.]
09-23 00:28:54.017 I/am_wtf ( 1471): [0,1471,system_server,-1,DisplayDeviceConfig,requesting nits when no mapping exists.]
09-23 00:28:54.018 I/am_wtf ( 1471): [0,1471,system_server,-1,DisplayDeviceConfig,requesting nits when no mapping exists.]
09-23 00:28:54.033 I/am_wtf ( 1471): [0,1471,system_server,-1,DisplayDeviceConfig,requesting nits when no mapping exists.]
09-23 00:28:54.034 I/am_wtf ( 1471): [0,1471,system_server,-1,DisplayDeviceConfig,requesting nits when no mapping exists.]
09-23 00:28:54.051 I/am_wtf ( 1471): [0,1471,system_server,-1,DisplayDeviceConfig,requesting nits when no mapping exists.]
09-23 00:28:54.053 I/am_wtf ( 1471): [0,1471,system_server,-1,DisplayDeviceConfig,requesting nits when no mapping exists.]
09-23 00:28:54.067 I/am_wtf ( 1471): [0,1471,system_server,-1,DisplayDeviceConfig,requesting nits when no mapping exists.]
09-23 00:28:54.068 I/am_wtf ( 1471): [0,1471,system_server,-1,DisplayDeviceConfig,requesting nits when no mapping exists.]
09-23 00:28:54.084 I/am_wtf ( 1471): [0,1471,system_server,-1,DisplayDeviceConfig,requesting nits when no mapping exists.]
09-23 00:28:54.085 I/am_wtf ( 1471): [0,1471,system_server,-1,DisplayDeviceConfig,requesting nits when no mapping exists.]
09-23 00:28:54.100 I/am_wtf ( 1471): [0,1471,system_server,-1,DisplayDeviceConfig,requesting nits when no mapping exists.]
09-23 00:28:54.101 I/am_wtf ( 1471): [0,1471,system_server,-1,DisplayDeviceConfig,requesting nits when no mapping exists.]
09-23 00:28:54.117 I/am_wtf ( 1471): [0,1471,system_server,-1,DisplayDeviceConfig,requesting nits when no mapping exists.]
09-23 00:28:54.118 I/am_wtf ( 1471): [0,1471,system_server,-1,DisplayDeviceConfig,requesting nits when no mapping exists.]
09-23 00:28:54.134 I/am_wtf ( 1471): [0,1471,system_server,-1,DisplayDeviceConfig,requesting nits when no mapping exists.]
09-23 00:28:54.135 I/am_wtf ( 1471): [0,1471,system_server,-1,DisplayDeviceConfig,requesting nits when no mapping exists.]
09-23 00:28:54.151 I/am_wtf ( 1471): [0,1471,system_server,-1,DisplayDeviceConfig,requesting nits when no mapping exists.]
09-23 00:28:54.152 I/am_wtf ( 1471): [0,1471,system_server,-1,DisplayDeviceConfig,requesting nits when no mapping exists.]
09-23 00:28:54.167 I/am_wtf ( 1471): [0,1471,system_server,-1,DisplayDeviceConfig,requesting nits when no mapping exists.]
09-23 00:28:54.169 I/am_wtf ( 1471): [0,1471,system_server,-1,DisplayDeviceConfig,requesting nits when no mapping exists.]
09-23 00:28:54.185 I/am_wtf ( 1471): [0,1471,system_server,-1,DisplayDeviceConfig,requesting nits when no mapping exists.]
09-23 00:28:54.186 I/am_wtf ( 1471): [0,1471,system_server,-1,DisplayDeviceConfig,requesting nits when no mapping exists.]
09-23 00:28:54.201 I/am_wtf ( 1471): [0,1471,system_server,-1,DisplayDeviceConfig,requesting nits when no mapping exists.]
09-23 00:28:54.202 I/am_wtf ( 1471): [0,1471,system_server,-1,DisplayDeviceConfig,requesting nits when no mapping exists.]
09-23 00:28:54.218 I/am_wtf ( 1471): [0,1471,system_server,-1,DisplayDeviceConfig,requesting nits when no mapping exists.]
09-23 00:28:54.219 I/am_wtf ( 1471): [0,1471,system_server,-1,DisplayDeviceConfig,requesting nits when no mapping exists.]
09-23 00:28:54.234 I/am_wtf ( 1471): [0,1471,system_server,-1,DisplayDeviceConfig,requesting nits when no mapping exists.]
09-23 00:28:54.235 I/am_wtf ( 1471): [0,1471,system_server,-1,DisplayDeviceConfig,requesting nits when no mapping exists.]
09-23 00:28:54.251 I/am_wtf ( 1471): [0,1471,system_server,-1,DisplayDeviceConfig,requesting nits when no mapping exists.]
09-23 00:28:54.252 I/am_wtf ( 1471): [0,1471,system_server,-1,DisplayDeviceConfig,requesting nits when no mapping exists.]
09-23 00:28:54.268 I/am_wtf ( 1471): [0,1471,system_server,-1,DisplayDeviceConfig,requesting nits when no mapping exists.]
09-23 00:28:54.268 I/am_wtf ( 1471): [0,1471,system_server,-1,DisplayDeviceConfig,requesting nits when no mapping exists.]
09-23 00:28:54.284 I/am_wtf ( 1471): [0,1471,system_server,-1,DisplayDeviceConfig,requesting nits when no mapping exists.]
09-23 00:28:54.285 I/am_wtf ( 1471): [0,1471,system_server,-1,DisplayDeviceConfig,requesting nits when no mapping exists.]
09-23 00:28:54.300 I/am_wtf ( 1471): [0,1471,system_server,-1,DisplayDeviceConfig,requesting nits when no mapping exists.]
09-23 00:28:54.301 I/service_manager_stats( 1471): [100,67,91060]
09-23 00:28:54.302 I/am_wtf ( 1471): [0,1471,system_server,-1,DisplayDeviceConfig,requesting nits when no mapping exists.]
09-23 00:28:54.318 I/am_wtf ( 1471): [0,1471,system_server,-1,DisplayDeviceConfig,requesting nits when no mapping exists.]
09-23 00:28:54.319 I/am_wtf ( 1471): [0,1471,system_server,-1,DisplayDeviceConfig,requesting nits when no mapping exists.]
09-23 00:28:54.334 I/am_wtf ( 1471): [0,1471,system_server,-1,DisplayDeviceConfig,requesting nits when no mapping exists.]
09-23 00:28:54.335 I/am_wtf ( 1471): [0,1471,system_server,-1,DisplayDeviceConfig,requesting nits when no mapping exists.]
09-23 00:28:54.351 I/am_wtf ( 1471): [0,1471,system_server,-1,DisplayDeviceConfig,requesting nits when no mapping exists.]
09-23 00:28:54.353 I/am_wtf ( 1471): [0,1471,system_server,-1,DisplayDeviceConfig,requesting nits when no mapping exists.]
09-23 00:28:54.368 I/am_wtf ( 1471): [0,1471,system_server,-1,DisplayDeviceConfig,requesting nits when no mapping exists.]
09-23 00:28:54.369 I/am_wtf ( 1471): [0,1471,system_server,-1,DisplayDeviceConfig,requesting nits when no mapping exists.]
09-23 00:28:54.384 I/am_wtf ( 1471): [0,1471,system_server,-1,DisplayDeviceConfig,requesting nits when no mapping exists.]
09-23 00:28:54.385 I/am_wtf ( 1471): [0,1471,system_server,-1,DisplayDeviceConfig,requesting nits when no mapping exists.]
09-23 00:28:54.401 I/am_wtf ( 1471): [0,1471,system_server,-1,DisplayDeviceConfig,requesting nits when no mapping exists.]
09-23 00:28:54.402 I/am_wtf ( 1471): [0,1471,system_server,-1,DisplayDeviceConfig,requesting nits when no mapping exists.]
09-23 00:28:54.418 I/am_wtf ( 1471): [0,1471,system_server,-1,DisplayDeviceConfig,requesting nits when no mapping exists.]
09-23 00:28:54.419 I/am_wtf ( 1471): [0,1471,system_server,-1,DisplayDeviceConfig,requesting nits when no mapping exists.]
09-23 00:28:54.434 I/am_wtf ( 1471): [0,1471,system_server,-1,DisplayDeviceConfig,requesting nits when no mapping exists.]
09-23 00:28:54.435 I/am_wtf ( 1471): [0,1471,system_server,-1,DisplayDeviceConfig,requesting nits when no mapping exists.]
09-23 00:28:54.451 I/am_wtf ( 1471): [0,1471,system_server,-1,DisplayDeviceConfig,requesting nits when no mapping exists.]
09-23 00:28:54.451 I/am_wtf ( 1471): [0,1471,system_server,-1,DisplayDeviceConfig,requesting nits when no mapping exists.]
09-23 00:29:00.505 I/sysui_multi_action( 1471): [757,222,758,1]
09-23 00:29:00.509 I/am_uid_active( 1471): 10066
09-23 00:29:00.525 I/wm_task_created( 1471): [40,-1]
09-23 00:29:00.529 I/wm_task_moved( 1471): [40,1,7]
09-23 00:29:00.529 I/wm_task_to_front( 1471): [0,40]
09-23 00:29:00.529 I/am_pss ( 1471): [8440,1000,com.android.settings,146568192,128684032,0,289841152,0,2,17]
09-23 00:29:00.529 I/wm_create_task( 1471): [0,40]
09-23 00:29:00.529 I/wm_create_activity( 1471): [0,213780156,40,com.android.deskclock/android.service.dreams.DreamActivity,NULL,NULL,NULL,276824064]
09-23 00:29:00.530 I/wm_task_moved( 1471): [40,1,7]
09-23 00:29:00.530 I/wm_on_top_resumed_lost_called( 8440): [175300907,com.android.settings.Settings,topStateChangedWhenResumed]
09-23 00:29:00.534 I/wm_pause_activity( 1471): [0,175300907,com.android.settings/.Settings,userLeaving=true,pauseBackTasks]
09-23 00:29:00.538 I/am_pss ( 1471): [8661,10020,android.process.acore,14032896,9322496,0,117248000,0,19,8]
09-23 00:29:00.542 I/sysui_multi_action( 8440): [757,35,758,2,1089,95940]
09-23 00:29:00.545 I/sysui_multi_action( 8440): [757,39,758,2,1089,59900]
09-23 00:29:00.546 I/wm_on_paused_called( 8440): [175300907,com.android.settings.Settings,performPause]
09-23 00:29:00.548 I/wm_add_to_stopping( 1471): [0,175300907,com.android.settings/.Settings,makeInvisible]
09-23 00:29:00.548 I/wm_restart_activity( 1471): [0,213780156,40,com.android.deskclock/android.service.dreams.DreamActivity]
09-23 00:29:00.550 I/wm_set_resumed_activity( 1471): [0,com.android.deskclock/android.service.dreams.DreamActivity,minimalResumeActivityLocked]
09-23 00:29:00.556 I/sysui_multi_action( 1471): [757,803,799,window_time_0,802,96]
09-23 00:29:00.558 I/wm_on_create_called( 2544): [213780156,android.service.dreams.DreamActivity,performCreate]
09-23 00:29:00.559 I/wm_on_start_called( 2544): [213780156,android.service.dreams.DreamActivity,handleStartActivity]
09-23 00:29:00.559 I/wm_on_resume_called( 2544): [213780156,android.service.dreams.DreamActivity,RESUME_ACTIVITY]
09-23 00:29:00.569 I/wm_on_top_resumed_gained_called( 2544): [213780156,android.service.dreams.DreamActivity,topStateChangedWhenResumed]
09-23 00:29:00.582 I/input_focus( 1471): [Focus leaving b1c8932 com.android.settings/com.android.settings.Settings (server),reason=NO_WINDOW]
09-23 00:29:00.584 I/input_focus( 1471): [Focus request 4c2d2a8 com.android.deskclock/android.service.dreams.DreamActivity,reason=UpdateInputWindows]
09-23 00:29:00.593 I/notification_enqueue( 1471): [10081,1849,com.android.systemui,2048,NULL,0,Notification(channel=updateNotification shortcut=null contentView=null vibrate=null sound=null defaults=0x0 flags=0x0 color=0x00000000 vis=PRIVATE),1]
09-23 00:29:00.593 I/sysui_multi_action( 1849): [757,111,758,2]
09-23 00:29:00.594 I/sysui_multi_action( 1849): [757,111,758,2]
09-23 00:29:00.609 I/sysui_multi_action( 1471): [319,83,322,72,325,7347,757,761,758,8,759,2,806,com.android.deskclock,871,android.service.dreams.DreamActivity,904,com.android.deskclock,905,0,1320,4,1321,1]
09-23 00:29:00.610 I/sysui_multi_action( 1471): [757,1696,758,6,759,3]
09-23 00:29:00.611 I/wm_activity_launch_time( 1471): [0,213780156,com.android.deskclock/android.service.dreams.DreamActivity,72]
09-23 00:29:00.615 I/am_wtf ( 1471): [0,1471,system_server,-1,DisplayDeviceConfig,requesting nits when no mapping exists.]
09-23 00:29:00.616 I/sysui_multi_action( 1849): [757,111,758,1]
09-23 00:29:00.616 I/sysui_multi_action( 1849): [757,126,758,1,759,126,927,0,928,0,1593,0]
09-23 00:29:00.617 I/sysui_multi_action( 1849): [757,113,758,1,759,113,927,1,928,1,1593,0]
09-23 00:29:00.617 I/sysui_multi_action( 1849): [757,0,758,1,759,0,927,2,928,0,1593,0]
09-23 00:29:00.617 I/sysui_multi_action( 1849): [757,0,758,1,759,0,927,3,928,0,1593,0]
09-23 00:29:00.617 I/sysui_multi_action( 1849): [757,1706,758,1,759,1706,927,4,928,0,1593,0]
09-23 00:29:00.617 I/sysui_multi_action( 1849): [757,491,758,1,759,491,927,5,928,0,1311,-1,1593,0]
09-23 00:29:00.617 I/sysui_multi_action( 1849): [757,0,758,1,759,0,927,6,928,0,1593,0]
09-23 00:29:00.618 I/sysui_multi_action( 1849): [757,111,758,1]
09-23 00:29:00.618 I/sysui_multi_action( 1849): [757,126,758,1,759,126,927,0,928,0,1593,0]
09-23 00:29:00.618 I/sysui_multi_action( 1849): [757,113,758,1,759,113,927,1,928,1,1593,0]
09-23 00:29:00.618 I/sysui_multi_action( 1849): [757,0,758,1,759,0,927,2,928,0,1593,0]
09-23 00:29:00.618 I/sysui_multi_action( 1849): [757,0,758,1,759,0,927,3,928,0,1593,0]
09-23 00:29:00.620 I/am_wtf ( 1471): [0,1471,system_server,-1,DisplayDeviceConfig,requesting nits when no mapping exists.]
09-23 00:29:00.633 I/am_wtf ( 1471): [0,1471,system_server,-1,DisplayDeviceConfig,requesting nits when no mapping exists.]
09-23 00:29:00.633 I/input_focus( 1471): [Focus entering 4c2d2a8 com.android.deskclock/android.service.dreams.DreamActivity (server),reason=Window became focusable. Previous reason: NOT_VISIBLE]
09-23 00:29:00.638 I/am_wtf ( 1471): [0,1471,system_server,-1,DisplayDeviceConfig,requesting nits when no mapping exists.]
09-23 00:29:00.651 I/am_wtf ( 1471): [0,1471,system_server,-1,DisplayDeviceConfig,requesting nits when no mapping exists.]
09-23 00:29:00.651 I/am_wtf ( 1471): [0,1471,system_server,-1,DisplayDeviceConfig,requesting nits when no mapping exists.]
09-23 00:29:00.667 I/am_wtf ( 1471): [0,1471,system_server,-1,DisplayDeviceConfig,requesting nits when no mapping exists.]
09-23 00:29:00.668 I/am_wtf ( 1471): [0,1471,system_server,-1,DisplayDeviceConfig,requesting nits when no mapping exists.]
09-23 00:29:00.684 I/am_wtf ( 1471): [0,1471,system_server,-1,DisplayDeviceConfig,requesting nits when no mapping exists.]
09-23 00:29:00.685 I/am_wtf ( 1471): [0,1471,system_server,-1,DisplayDeviceConfig,requesting nits when no mapping exists.]
09-23 00:29:00.701 I/am_wtf ( 1471): [0,1471,system_server,-1,DisplayDeviceConfig,requesting nits when no mapping exists.]
09-23 00:29:00.701 I/am_wtf ( 1471): [0,1471,system_server,-1,DisplayDeviceConfig,requesting nits when no mapping exists.]
09-23 00:29:00.717 I/am_wtf ( 1471): [0,1471,system_server,-1,DisplayDeviceConfig,requesting nits when no mapping exists.]
09-23 00:29:00.718 I/am_wtf ( 1471): [0,1471,system_server,-1,DisplayDeviceConfig,requesting nits when no mapping exists.]
09-23 00:29:00.734 I/am_wtf ( 1471): [0,1471,system_server,-1,DisplayDeviceConfig,requesting nits when no mapping exists.]
09-23 00:29:00.735 I/am_wtf ( 1471): [0,1471,system_server,-1,DisplayDeviceConfig,requesting nits when no mapping exists.]
09-23 00:29:00.751 I/am_wtf ( 1471): [0,1471,system_server,-1,DisplayDeviceConfig,requesting nits when no mapping exists.]
09-23 00:29:00.753 I/am_wtf ( 1471): [0,1471,system_server,-1,DisplayDeviceConfig,requesting nits when no mapping exists.]
09-23 00:29:00.771 I/am_wtf ( 1471): [0,1471,system_server,-1,DisplayDeviceConfig,requesting nits when no mapping exists.]
09-23 00:29:00.771 I/am_wtf ( 1471): [0,1471,system_server,-1,DisplayDeviceConfig,requesting nits when no mapping exists.]
09-23 00:29:00.784 I/am_wtf ( 1471): [0,1471,system_server,-1,DisplayDeviceConfig,requesting nits when no mapping exists.]
09-23 00:29:00.789 I/am_wtf ( 1471): [0,1471,system_server,-1,DisplayDeviceConfig,requesting nits when no mapping exists.]
09-23 00:29:00.796 I/sysui_multi_action( 1471): [757,1501,758,1,793,7327997,794,0,795,205,796,2048,806,com.android.systemui,857,updateNotification,858,3,947,0,1500,0,1688,1]
09-23 00:29:00.796 I/sysui_multi_action( 1471): [757,804,799,note_interruptive,801,0,802,1]
09-23 00:29:00.796 I/sysui_multi_action( 1471): [757,199,758,1,759,2,793,7327997,794,0,795,205,796,2048,806,com.android.systemui,857,updateNotification,858,3,947,0,1500,0,1688,1]
09-23 00:29:00.796 I/notification_alert( 1471): [0|com.android.systemui|2048|null|10081,0,1,0]
09-23 00:29:00.803 I/am_wtf ( 1471): [0,1471,system_server,-1,DisplayDeviceConfig,requesting nits when no mapping exists.]
09-23 00:29:00.804 I/am_wtf ( 1471): [0,1471,system_server,-1,DisplayDeviceConfig,requesting nits when no mapping exists.]
09-23 00:29:00.819 I/am_wtf ( 1471): [0,1471,system_server,-1,DisplayDeviceConfig,requesting nits when no mapping exists.]
09-23 00:29:00.820 I/am_wtf ( 1471): [0,1471,system_server,-1,DisplayDeviceConfig,requesting nits when no mapping exists.]
09-23 00:29:00.834 I/am_wtf ( 1471): [0,1471,system_server,-1,DisplayDeviceConfig,requesting nits when no mapping exists.]
09-23 00:29:00.834 I/am_wtf ( 1471): [0,1471,system_server,-1,DisplayDeviceConfig,requesting nits when no mapping exists.]
09-23 00:29:00.854 I/am_wtf ( 1471): [0,1471,system_server,-1,DisplayDeviceConfig,requesting nits when no mapping exists.]
09-23 00:29:00.855 I/am_wtf ( 1471): [0,1471,system_server,-1,DisplayDeviceConfig,requesting nits when no mapping exists.]
09-23 00:29:00.872 I/am_wtf ( 1471): [0,1471,system_server,-1,DisplayDeviceConfig,requesting nits when no mapping exists.]
09-23 00:29:00.873 I/am_wtf ( 1471): [0,1471,system_server,-1,DisplayDeviceConfig,requesting nits when no mapping exists.]
09-23 00:29:00.886 I/am_wtf ( 1471): [0,1471,system_server,-1,DisplayDeviceConfig,requesting nits when no mapping exists.]
09-23 00:29:00.887 I/am_wtf ( 1471): [0,1471,system_server,-1,DisplayDeviceConfig,requesting nits when no mapping exists.]
09-23 00:29:00.902 I/am_wtf ( 1471): [0,1471,system_server,-1,DisplayDeviceConfig,requesting nits when no mapping exists.]
09-23 00:29:00.903 I/am_wtf ( 1471): [0,1471,system_server,-1,DisplayDeviceConfig,requesting nits when no mapping exists.]
09-23 00:29:00.918 I/am_wtf ( 1471): [0,1471,system_server,-1,DisplayDeviceConfig,requesting nits when no mapping exists.]
09-23 00:29:00.922 I/am_wtf ( 1471): [0,1471,system_server,-1,DisplayDeviceConfig,requesting nits when no mapping exists.]
09-23 00:29:00.935 I/am_wtf ( 1471): [0,1471,system_server,-1,DisplayDeviceConfig,requesting nits when no mapping exists.]
09-23 00:29:00.936 I/am_wtf ( 1471): [0,1471,system_server,-1,DisplayDeviceConfig,requesting nits when no mapping exists.]
09-23 00:29:00.951 I/am_wtf ( 1471): [0,1471,system_server,-1,DisplayDeviceConfig,requesting nits when no mapping exists.]
09-23 00:29:00.952 I/am_wtf ( 1471): [0,1471,system_server,-1,DisplayDeviceConfig,requesting nits when no mapping exists.]
09-23 00:29:00.970 I/am_wtf ( 1471): [0,1471,system_server,-1,DisplayDeviceConfig,requesting nits when no mapping exists.]
09-23 00:29:00.971 I/am_wtf ( 1471): [0,1471,system_server,-1,DisplayDeviceConfig,requesting nits when no mapping exists.]
09-23 00:29:00.984 I/am_wtf ( 1471): [0,1471,system_server,-1,DisplayDeviceConfig,requesting nits when no mapping exists.]
09-23 00:29:00.985 I/am_wtf ( 1471): [0,1471,system_server,-1,DisplayDeviceConfig,requesting nits when no mapping exists.]
09-23 00:29:01.003 I/am_wtf ( 1471): [0,1471,system_server,-1,DisplayDeviceConfig,requesting nits when no mapping exists.]
09-23 00:29:01.004 I/am_wtf ( 1471): [0,1471,system_server,-1,DisplayDeviceConfig,requesting nits when no mapping exists.]
09-23 00:29:01.023 I/am_wtf ( 1471): [0,1471,system_server,-1,DisplayDeviceConfig,requesting nits when no mapping exists.]
09-23 00:29:01.024 I/am_wtf ( 1471): [0,1471,system_server,-1,DisplayDeviceConfig,requesting nits when no mapping exists.]
09-23 00:29:01.038 I/am_wtf ( 1471): [0,1471,system_server,-1,DisplayDeviceConfig,requesting nits when no mapping exists.]
09-23 00:29:01.039 I/am_wtf ( 1471): [0,1471,system_server,-1,DisplayDeviceConfig,requesting nits when no mapping exists.]
09-23 00:29:01.053 I/am_wtf ( 1471): [0,1471,system_server,-1,DisplayDeviceConfig,requesting nits when no mapping exists.]
09-23 00:29:01.056 I/am_wtf ( 1471): [0,1471,system_server,-1,DisplayDeviceConfig,requesting nits when no mapping exists.]
09-23 00:29:01.068 I/am_wtf ( 1471): [0,1471,system_server,-1,DisplayDeviceConfig,requesting nits when no mapping exists.]
09-23 00:29:01.069 I/am_wtf ( 1471): [0,1471,system_server,-1,DisplayDeviceConfig,requesting nits when no mapping exists.]
09-23 00:29:01.085 I/am_wtf ( 1471): [0,1471,system_server,-1,DisplayDeviceConfig,requesting nits when no mapping exists.]
09-23 00:29:01.086 I/am_wtf ( 1471): [0,1471,system_server,-1,DisplayDeviceConfig,requesting nits when no mapping exists.]
09-23 00:29:01.103 I/am_wtf ( 1471): [0,1471,system_server,-1,DisplayDeviceConfig,requesting nits when no mapping exists.]
09-23 00:29:01.107 I/am_wtf ( 1471): [0,1471,system_server,-1,DisplayDeviceConfig,requesting nits when no mapping exists.]
09-23 00:29:01.109 I/wm_stop_activity( 1471): [0,175300907,com.android.settings/.Settings]
09-23 00:29:01.120 I/am_wtf ( 1471): [0,1471,system_server,-1,DisplayDeviceConfig,requesting nits when no mapping exists.]
09-23 00:29:01.121 I/am_wtf ( 1471): [0,1471,system_server,-1,DisplayDeviceConfig,requesting nits when no mapping exists.]
09-23 00:29:01.139 I/am_wtf ( 1471): [0,1471,system_server,-1,DisplayDeviceConfig,requesting nits when no mapping exists.]
09-23 00:29:01.140 I/am_wtf ( 1471): [0,1471,system_server,-1,DisplayDeviceConfig,requesting nits when no mapping exists.]
09-23 00:29:01.146 I/wm_on_stop_called( 8440): [175300907,com.android.settings.Settings,STOP_ACTIVITY_ITEM]
09-23 00:29:01.150 I/am_wtf ( 1471): [0,1471,system_server,-1,DisplayDeviceConfig,requesting nits when no mapping exists.]
09-23 00:29:01.151 I/am_wtf ( 1471): [0,1471,system_server,-1,DisplayDeviceConfig,requesting nits when no mapping exists.]
09-23 00:29:01.169 I/am_wtf ( 1471): [0,1471,system_server,-1,DisplayDeviceConfig,requesting nits when no mapping exists.]
09-23 00:29:01.171 I/am_wtf ( 1471): [0,1471,system_server,-1,DisplayDeviceConfig,requesting nits when no mapping exists.]
09-23 00:29:01.187 I/am_wtf ( 1471): [0,1471,system_server,-1,DisplayDeviceConfig,requesting nits when no mapping exists.]
09-23 00:29:01.188 I/am_wtf ( 1471): [0,1471,system_server,-1,DisplayDeviceConfig,requesting nits when no mapping exists.]
09-23 00:29:01.206 I/am_wtf ( 1471): [0,1471,system_server,-1,DisplayDeviceConfig,requesting nits when no mapping exists.]
09-23 00:29:01.207 I/am_wtf ( 1471): [0,1471,system_server,-1,DisplayDeviceConfig,requesting nits when no mapping exists.]
09-23 00:29:01.218 I/am_wtf ( 1471): [0,1471,system_server,-1,DisplayDeviceConfig,requesting nits when no mapping exists.]
09-23 00:29:01.220 I/am_wtf ( 1471): [0,1471,system_server,-1,DisplayDeviceConfig,requesting nits when no mapping exists.]
09-23 00:29:01.235 I/am_wtf ( 1471): [0,1471,system_server,-1,DisplayDeviceConfig,requesting nits when no mapping exists.]
09-23 00:29:01.236 I/am_wtf ( 1471): [0,1471,system_server,-1,DisplayDeviceConfig,requesting nits when no mapping exists.]
09-23 00:29:01.254 I/am_wtf ( 1471): [0,1471,system_server,-1,DisplayDeviceConfig,requesting nits when no mapping exists.]
09-23 00:29:01.254 I/am_wtf ( 1471): [0,1471,system_server,-1,DisplayDeviceConfig,requesting nits when no mapping exists.]
09-23 00:29:01.268 I/am_wtf ( 1471): [0,1471,system_server,-1,DisplayDeviceConfig,requesting nits when no mapping exists.]
09-23 00:29:01.270 I/am_wtf ( 1471): [0,1471,system_server,-1,DisplayDeviceConfig,requesting nits when no mapping exists.]
09-23 00:29:01.288 I/am_wtf ( 1471): [0,1471,system_server,-1,DisplayDeviceConfig,requesting nits when no mapping exists.]
09-23 00:29:01.289 I/service_manager_stats( 1471): [100,67,6988]
09-23 00:29:01.289 I/am_wtf ( 1471): [0,1471,system_server,-1,DisplayDeviceConfig,requesting nits when no mapping exists.]
09-23 00:29:01.306 I/am_wtf ( 1471): [0,1471,system_server,-1,DisplayDeviceConfig,requesting nits when no mapping exists.]
09-23 00:29:01.306 I/am_wtf ( 1471): [0,1471,system_server,-1,DisplayDeviceConfig,requesting nits when no mapping exists.]
09-23 00:29:01.324 I/am_wtf ( 1471): [0,1471,system_server,-1,DisplayDeviceConfig,requesting nits when no mapping exists.]
09-23 00:29:01.325 I/am_wtf ( 1471): [0,1471,system_server,-1,DisplayDeviceConfig,requesting nits when no mapping exists.]
09-23 00:29:01.339 I/am_wtf ( 1471): [0,1471,system_server,-1,DisplayDeviceConfig,requesting nits when no mapping exists.]
09-23 00:29:01.340 I/am_wtf ( 1471): [0,1471,system_server,-1,DisplayDeviceConfig,requesting nits when no mapping exists.]
09-23 00:29:01.354 I/am_wtf ( 1471): [0,1471,system_server,-1,DisplayDeviceConfig,requesting nits when no mapping exists.]
09-23 00:29:01.355 I/am_wtf ( 1471): [0,1471,system_server,-1,DisplayDeviceConfig,requesting nits when no mapping exists.]
09-23 00:29:01.369 I/am_wtf ( 1471): [0,1471,system_server,-1,DisplayDeviceConfig,requesting nits when no mapping exists.]
09-23 00:29:01.371 I/am_wtf ( 1471): [0,1471,system_server,-1,DisplayDeviceConfig,requesting nits when no mapping exists.]
09-23 00:29:01.387 I/am_wtf ( 1471): [0,1471,system_server,-1,DisplayDeviceConfig,requesting nits when no mapping exists.]
09-23 00:29:01.388 I/am_wtf ( 1471): [0,1471,system_server,-1,DisplayDeviceConfig,requesting nits when no mapping exists.]
09-23 00:29:01.403 I/am_wtf ( 1471): [0,1471,system_server,-1,DisplayDeviceConfig,requesting nits when no mapping exists.]
09-23 00:29:01.403 I/am_wtf ( 1471): [0,1471,system_server,-1,DisplayDeviceConfig,requesting nits when no mapping exists.]
09-23 00:29:01.421 I/am_wtf ( 1471): [0,1471,system_server,-1,DisplayDeviceConfig,requesting nits when no mapping exists.]
09-23 00:29:01.423 I/am_wtf ( 1471): [0,1471,system_server,-1,DisplayDeviceConfig,requesting nits when no mapping exists.]
09-23 00:29:01.437 I/am_wtf ( 1471): [0,1471,system_server,-1,DisplayDeviceConfig,requesting nits when no mapping exists.]
09-23 00:29:01.438 I/am_wtf ( 1471): [0,1471,system_server,-1,DisplayDeviceConfig,requesting nits when no mapping exists.]
09-23 00:29:01.455 I/am_wtf ( 1471): [0,1471,system_server,-1,DisplayDeviceConfig,requesting nits when no mapping exists.]
09-23 00:29:01.456 I/am_wtf ( 1471): [0,1471,system_server,-1,DisplayDeviceConfig,requesting nits when no mapping exists.]
09-23 00:29:01.471 I/am_wtf ( 1471): [0,1471,system_server,-1,DisplayDeviceConfig,requesting nits when no mapping exists.]
09-23 00:29:01.472 I/am_wtf ( 1471): [0,1471,system_server,-1,DisplayDeviceConfig,requesting nits when no mapping exists.]
09-23 00:29:01.487 I/am_wtf ( 1471): [0,1471,system_server,-1,DisplayDeviceConfig,requesting nits when no mapping exists.]
09-23 00:29:01.488 I/am_wtf ( 1471): [0,1471,system_server,-1,DisplayDeviceConfig,requesting nits when no mapping exists.]
09-23 00:29:01.503 I/am_wtf ( 1471): [0,1471,system_server,-1,DisplayDeviceConfig,requesting nits when no mapping exists.]
09-23 00:29:01.507 I/am_wtf ( 1471): [0,1471,system_server,-1,DisplayDeviceConfig,requesting nits when no mapping exists.]
09-23 00:29:01.523 I/am_wtf ( 1471): [0,1471,system_server,-1,DisplayDeviceConfig,requesting nits when no mapping exists.]
09-23 00:29:01.524 I/am_wtf ( 1471): [0,1471,system_server,-1,DisplayDeviceConfig,requesting nits when no mapping exists.]
09-23 00:29:01.537 I/am_wtf ( 1471): [0,1471,system_server,-1,DisplayDeviceConfig,requesting nits when no mapping exists.]
09-23 00:29:01.538 I/am_wtf ( 1471): [0,1471,system_server,-1,DisplayDeviceConfig,requesting nits when no mapping exists.]
09-23 00:29:01.551 I/am_wtf ( 1471): [0,1471,system_server,-1,DisplayDeviceConfig,requesting nits when no mapping exists.]
09-23 00:29:01.552 I/am_wtf ( 1471): [0,1471,system_server,-1,DisplayDeviceConfig,requesting nits when no mapping exists.]
09-23 00:29:01.569 I/am_wtf ( 1471): [0,1471,system_server,-1,DisplayDeviceConfig,requesting nits when no mapping exists.]
09-23 00:29:01.570 I/am_wtf ( 1471): [0,1471,system_server,-1,DisplayDeviceConfig,requesting nits when no mapping exists.]
09-23 00:29:09.736 I/input_interaction( 1471): Interaction with: 4c2d2a8 com.android.deskclock/android.service.dreams.DreamActivity (server), edge-swipe (server), swipe-up (server), PointerEventDispatcher0 (server),
09-23 00:29:09.739 I/wm_finish_activity( 1471): [0,213780156,40,com.android.deskclock/android.service.dreams.DreamActivity,finish-activity]
09-23 00:29:09.740 I/wm_task_moved( 1471): [39,1,6]
09-23 00:29:09.740 I/wm_task_to_front( 1471): [0,39]
09-23 00:29:09.740 I/wm_focused_root_task( 1471): [0,0,39,40,finish-top adjustFocusToNextFocusableTask]
09-23 00:29:09.741 I/wm_pause_activity( 1471): [0,213780156,com.android.deskclock/android.service.dreams.DreamActivity,userLeaving=false,finish]
09-23 00:29:09.748 I/sysui_multi_action( 1471): [757,803,799,window_time_0,802,10]
09-23 00:29:09.755 I/wm_on_top_resumed_lost_called( 2544): [213780156,android.service.dreams.DreamActivity,topStateChangedWhenResumed]
09-23 00:29:09.761 I/wm_on_paused_called( 2544): [213780156,android.service.dreams.DreamActivity,performPause]
09-23 00:29:09.762 I/wm_add_to_stopping( 1471): [0,213780156,com.android.deskclock/android.service.dreams.DreamActivity,completeFinishing]
09-23 00:29:09.765 I/wm_set_resumed_activity( 1471): [0,com.android.settings/.Settings,resumeTopActivityInnerLocked]
09-23 00:29:09.766 I/wm_resume_activity( 1471): [0,175300907,39,com.android.settings/.Settings]
09-23 00:29:09.777 I/input_focus( 1471): [Focus leaving 4c2d2a8 com.android.deskclock/android.service.dreams.DreamActivity (server),reason=NO_WINDOW]
09-23 00:29:09.777 I/view_enqueue_input_event( 2544): [Motion - Cancel,com.android.deskclock/android.service.dreams.DreamActivity]
09-23 00:29:09.778 I/sysui_multi_action( 1471): [757,803,799,window_time_0,802,0]
09-23 00:29:09.780 I/wm_on_restart_called( 8440): [175300907,com.android.settings.Settings,performRestartActivity]
09-23 00:29:09.784 I/wm_on_start_called( 8440): [175300907,com.android.settings.Settings,handleStartActivity]
09-23 00:29:09.785 I/snet_event_log( 8440): [120484087,-1,]
09-23 00:29:09.785 I/wm_on_resume_called( 8440): [175300907,com.android.settings.Settings,RESUME_ACTIVITY]
09-23 00:29:09.785 I/sysui_multi_action( 8440): [757,35,758,1,833,0,1089,0]
09-23 00:29:09.787 I/input_interaction( 1471): Interaction with: edge-swipe (server), swipe-up (server), PointerEventDispatcher0 (server),
09-23 00:29:09.791 I/sysui_multi_action( 8440): [757,39,758,1,833,0,1089,0]
09-23 00:29:09.792 D/TelephonyRegistry( 1471): listen oscl: mHasNotifySubscriptionInfoChangedOccurred==false no callback
09-23 00:29:09.798 D/TelephonyRegistry( 1471): listen oscl: mHasNotifySubscriptionInfoChangedOccurred==false no callback
09-23 00:29:09.807 I/auditd ( 8440): type=1400 audit(0.0:803): avc: denied { read } for comm="pool-2-thread-8" name="pagetypeinfo" dev="proc" ino=4026531857 scontext=u:r:system_app:s0 tcontext=u:object_r:proc_pagetypeinfo:s0 tclass=file permissive=0
09-23 00:29:09.807 I/auditd ( 8440): type=1400 audit(0.0:804): avc: denied { search } for comm="pool-2-thread-8" name="zram0" dev="sysfs" ino=62873 scontext=u:r:system_app:s0 tcontext=u:object_r:sysfs_zram:s0 tclass=dir permissive=0
09-23 00:29:09.807 I/auditd ( 8440): type=1400 audit(0.0:805): avc: denied { search } for comm="pool-2-thread-8" name="zram0" dev="sysfs" ino=62873 scontext=u:r:system_app:s0 tcontext=u:object_r:sysfs_zram:s0 tclass=dir permissive=0
09-23 00:29:09.815 I/wm_on_top_resumed_gained_called( 8440): [175300907,com.android.settings.Settings,topWhenResuming]
09-23 00:29:10.789 I/input_focus( 1471): [Focus request b1c8932 com.android.settings/com.android.settings.Settings,reason=UpdateInputWindows]
09-23 00:29:11.793 I/input_focus( 1471): [Focus entering b1c8932 com.android.settings/com.android.settings.Settings (server),reason=Window became focusable. Previous reason: NOT_VISIBLE]
09-23 00:29:12.300 I/wm_destroy_activity( 1471): [0,213780156,40,com.android.deskclock/android.service.dreams.DreamActivity,finish-imm:idle]
09-23 00:29:12.318 I/wm_on_stop_called( 2544): [213780156,android.service.dreams.DreamActivity,LIFECYCLER_STOP_ACTIVITY]
09-23 00:29:12.318 I/wm_on_destroy_called( 2544): [213780156,android.service.dreams.DreamActivity,performDestroy]
09-23 00:29:12.321 I/sysui_multi_action( 1471): [757,222,758,2]
09-23 00:29:12.322 I/sysui_multi_action( 1471): [757,804,799,dreaming_minutes,801,0,802,1]
09-23 00:29:12.334 I/wm_task_removed( 1471): [40,removeChild:removeChild last r=ActivityRecord{cbe06bc u0 com.android.deskclock/android.service.dreams.DreamActivity t-1 f}} in t=Task{c62ed31 #40 type=dream A=10066:android:com.android.deskclock/dream U=0 visible=false mode=fullscreen translucent=true sz=0}]
09-23 00:29:12.334 I/wm_task_removed( 1471): [40,removeChild]
09-23 00:29:13.491 I/input_interaction( 1471): Interaction with: b1c8932 com.android.settings/com.android.settings.Settings (server), edge-swipe (server), swipe-up (server), PointerEventDispatcher0 (server),
09-23 00:29:13.530 I/view_enqueue_input_event( 8440): [Motion - Cancel,com.android.settings/com.android.settings.Settings]
09-23 00:29:13.543 I/input_interaction( 1471): Interaction with: edge-swipe (server), swipe-up (server), PointerEventDispatcher0 (server),
09-23 00:29:13.819 I/sysui_multi_action( 1471): [757,803,799,key_back_press,802,1]
09-23 00:29:13.821 I/input_interaction( 1471): Interaction with: b1c8932 com.android.settings/com.android.settings.Settings (server), PointerEventDispatcher0 (server),
09-23 00:29:13.826 I/sysui_multi_action( 8440): [757,39,758,2,1089,4035]
09-23 00:29:13.855 I/sysui_multi_action( 8440): [757,744,758,1,833,0,1089,0]
09-23 00:29:22.853 I/input_interaction( 1471): Interaction with: b1c8932 com.android.settings/com.android.settings.Settings (server), edge-swipe (server), swipe-up (server), PointerEventDispatcher0 (server),
09-23 00:29:22.892 I/view_enqueue_input_event( 8440): [Motion - Cancel,com.android.settings/com.android.settings.Settings]
09-23 00:29:22.903 I/input_interaction( 1471): Interaction with: edge-swipe (server), swipe-up (server), PointerEventDispatcher0 (server),
09-23 00:29:23.111 I/sysui_multi_action( 1471): [757,803,799,key_back_press,802,1]
09-23 00:29:23.114 I/input_interaction( 1471): Interaction with: b1c8932 com.android.settings/com.android.settings.Settings (server), PointerEventDispatcher0 (server),
09-23 00:29:23.116 I/wm_task_moved( 1471): [39,0,0]
09-23 00:29:23.120 I/wm_focused_root_task( 1471): [0,0,1,39,moveTaskToBackLocked]
09-23 00:29:23.120 I/wm_add_to_stopping( 1471): [0,175300907,com.android.settings/.Settings,makeInvisible]
09-23 00:29:23.122 I/wm_pause_activity( 1471): [0,175300907,com.android.settings/.Settings,userLeaving=false,pauseBackTasks]
09-23 00:29:23.125 I/wm_set_resumed_activity( 1471): [0,com.android.launcher3/.uioverrides.QuickstepLauncher,resumeTopActivityInnerLocked]
09-23 00:29:23.126 I/wm_resume_activity( 1471): [0,226227664,33,com.android.launcher3/.uioverrides.QuickstepLauncher]
09-23 00:29:23.127 I/wm_on_top_resumed_lost_called( 8440): [175300907,com.android.settings.Settings,topStateChangedWhenResumed]
09-23 00:29:23.129 I/sysui_multi_action( 8440): [757,35,758,2,1089,13343]
09-23 00:29:23.129 I/sysui_multi_action( 8440): [757,744,758,2,1089,9274]
09-23 00:29:23.129 I/wm_on_paused_called( 8440): [175300907,com.android.settings.Settings,performPause]
09-23 00:29:23.139 I/input_focus( 1471): [Focus leaving b1c8932 com.android.settings/com.android.settings.Settings (server),reason=NO_WINDOW]
09-23 00:29:23.142 I/sysui_multi_action( 1471): [757,803,799,window_time_0,802,13]
09-23 00:29:23.145 I/wm_on_restart_called( 2388): [226227664,com.android.launcher3.uioverrides.QuickstepLauncher,performRestartActivity]
09-23 00:29:23.145 I/wm_on_start_called( 2388): [226227664,com.android.launcher3.uioverrides.QuickstepLauncher,handleStartActivity]
09-23 00:29:23.146 I/wm_on_resume_called( 2388): [226227664,com.android.launcher3.uioverrides.QuickstepLauncher,RESUME_ACTIVITY]
09-23 00:29:23.147 I/wm_on_top_resumed_gained_called( 2388): [226227664,com.android.launcher3.uioverrides.QuickstepLauncher,topStateChangedWhenResumed]
09-23 00:29:23.157 I/input_focus( 1471): [Focus request 4ed4abc com.android.launcher3/com.android.launcher3.uioverrides.QuickstepLauncher,reason=UpdateInputWindows]
09-23 00:29:23.162 I/am_pss ( 1471): [8661,10020,android.process.acore,14032896,9322496,0,117248000,0,19,6]
09-23 00:29:23.187 I/input_focus( 1471): [Focus entering 4ed4abc com.android.launcher3/com.android.launcher3.uioverrides.QuickstepLauncher (server),reason=Window became focusable. Previous reason: NOT_VISIBLE]
09-23 00:29:23.542 I/wm_stop_activity( 1471): [0,175300907,com.android.settings/.Settings]
09-23 00:29:23.575 I/wm_on_stop_called( 8440): [175300907,com.android.settings.Settings,STOP_ACTIVITY_ITEM]
09-23 00:29:24.874 I/input_interaction( 1471): Interaction with: 4ed4abc com.android.launcher3/com.android.launcher3.uioverrides.QuickstepLauncher (server), d380f0a com.android.systemui.ImageWallpaper (server), edge-swipe (server), swipe-up (server), PointerEventDispatcher0 (server),
09-23 00:29:24.988 I/wm_task_moved( 1471): [39,1,6]
09-23 00:29:24.988 I/wm_task_to_front( 1471): [0,39]
09-23 00:29:24.989 I/wm_focused_root_task( 1471): [0,0,39,1,bringingFoundTaskToFront]
09-23 00:29:24.991 I/wm_set_resumed_activity( 1471): [0,com.android.settings/.Settings,bringingFoundTaskToFront]
09-23 00:29:24.992 I/wm_new_intent( 1471): [0,175300907,39,com.android.settings/.Settings,android.intent.action.MAIN,NULL,NULL,270532608]
09-23 00:29:24.994 I/wm_pause_activity( 1471): [0,226227664,com.android.launcher3/.uioverrides.QuickstepLauncher,userLeaving=true,pauseBackTasks]
09-23 00:29:25.002 I/wm_on_top_resumed_lost_called( 2388): [226227664,com.android.launcher3.uioverrides.QuickstepLauncher,topStateChangedWhenResumed]
09-23 00:29:25.003 I/wm_on_paused_called( 2388): [226227664,com.android.launcher3.uioverrides.QuickstepLauncher,performPause]
09-23 00:29:25.006 I/wm_set_resumed_activity( 1471): [0,com.android.settings/.Settings,resumeTopActivityInnerLocked]
09-23 00:29:25.007 I/wm_add_to_stopping( 1471): [0,226227664,com.android.launcher3/.uioverrides.QuickstepLauncher,makeInvisible]
09-23 00:29:25.008 I/wm_resume_activity( 1471): [0,175300907,39,com.android.settings/.Settings]
09-23 00:29:25.024 I/sysui_multi_action( 1471): [757,803,799,window_time_0,802,2]
09-23 00:29:25.027 I/wm_on_restart_called( 8440): [175300907,com.android.settings.Settings,performRestartActivity]
09-23 00:29:25.028 I/input_focus( 1471): [Focus leaving 4ed4abc com.android.launcher3/com.android.launcher3.uioverrides.QuickstepLauncher (server),reason=NO_WINDOW]
09-23 00:29:25.030 I/wm_on_start_called( 8440): [175300907,com.android.settings.Settings,handleStartActivity]
09-23 00:29:25.030 I/snet_event_log( 8440): [120484087,-1,]
09-23 00:29:25.031 I/wm_on_resume_called( 8440): [175300907,com.android.settings.Settings,RESUME_ACTIVITY]
09-23 00:29:25.031 I/sysui_multi_action( 8440): [757,35,758,1,833,0,1089,0]
09-23 00:29:25.032 I/sysui_multi_action( 8440): [757,744,758,1,833,0,1089,0]
09-23 00:29:25.035 I/wm_on_top_resumed_gained_called( 8440): [175300907,com.android.settings.Settings,topWhenResuming]
09-23 00:29:25.048 I/input_focus( 1471): [Focus request b1c8932 com.android.settings/com.android.settings.Settings,reason=UpdateInputWindows]
09-23 00:29:25.061 I/sysui_multi_action( 1471): [319,34,321,31,322,71,325,7372,757,761,758,9,759,4,806,com.android.settings,871,com.android.settings.Settings,904,com.android.launcher3,905,0,1320,8,1321,5]
09-23 00:29:25.075 I/input_focus( 1471): [Focus entering b1c8932 com.android.settings/com.android.settings.Settings (server),reason=Window became focusable. Previous reason: NOT_VISIBLE]
09-23 00:29:25.566 I/wm_stop_activity( 1471): [0,226227664,com.android.launcher3/.uioverrides.QuickstepLauncher]
09-23 00:29:25.590 I/wm_on_stop_called( 2388): [226227664,com.android.launcher3.uioverrides.QuickstepLauncher,STOP_ACTIVITY_ITEM]
09-23 00:30:12.338 I/am_uid_idle( 1471): 10066
09-23 00:30:18.000 I/sysui_multi_action( 1471): [757,1696,758,6,759,2]
09-23 00:30:18.010 I/am_wtf ( 1471): [0,1471,system_server,-1,DisplayDeviceConfig,requesting nits when no mapping exists.]
09-23 00:30:18.014 I/am_wtf ( 1471): [0,1471,system_server,-1,DisplayDeviceConfig,requesting nits when no mapping exists.]
09-23 00:30:18.026 I/am_wtf ( 1471): [0,1471,system_server,-1,DisplayDeviceConfig,requesting nits when no mapping exists.]
09-23 00:30:18.028 I/am_wtf ( 1471): [0,1471,system_server,-1,DisplayDeviceConfig,requesting nits when no mapping exists.]
09-23 00:30:18.035 I/am_wtf ( 1471): [0,1471,system_server,-1,DisplayDeviceConfig,requesting nits when no mapping exists.]
09-23 00:30:18.037 I/am_wtf ( 1471): [0,1471,system_server,-1,DisplayDeviceConfig,requesting nits when no mapping exists.]
09-23 00:30:18.051 I/am_wtf ( 1471): [0,1471,system_server,-1,DisplayDeviceConfig,requesting nits when no mapping exists.]
09-23 00:30:18.052 I/am_wtf ( 1471): [0,1471,system_server,-1,DisplayDeviceConfig,requesting nits when no mapping exists.]
09-23 00:30:18.069 I/am_wtf ( 1471): [0,1471,system_server,-1,DisplayDeviceConfig,requesting nits when no mapping exists.]
09-23 00:30:18.070 I/am_wtf ( 1471): [0,1471,system_server,-1,DisplayDeviceConfig,requesting nits when no mapping exists.]
09-23 00:30:18.085 I/am_wtf ( 1471): [0,1471,system_server,-1,DisplayDeviceConfig,requesting nits when no mapping exists.]
09-23 00:30:18.086 I/am_wtf ( 1471): [0,1471,system_server,-1,DisplayDeviceConfig,requesting nits when no mapping exists.]
09-23 00:30:18.102 I/am_wtf ( 1471): [0,1471,system_server,-1,DisplayDeviceConfig,requesting nits when no mapping exists.]
09-23 00:30:18.103 I/am_wtf ( 1471): [0,1471,system_server,-1,DisplayDeviceConfig,requesting nits when no mapping exists.]
09-23 00:30:18.120 I/am_wtf ( 1471): [0,1471,system_server,-1,DisplayDeviceConfig,requesting nits when no mapping exists.]
09-23 00:30:18.121 I/am_wtf ( 1471): [0,1471,system_server,-1,DisplayDeviceConfig,requesting nits when no mapping exists.]
09-23 00:30:18.136 I/am_wtf ( 1471): [0,1471,system_server,-1,DisplayDeviceConfig,requesting nits when no mapping exists.]
09-23 00:30:18.137 I/am_wtf ( 1471): [0,1471,system_server,-1,DisplayDeviceConfig,requesting nits when no mapping exists.]
09-23 00:30:18.152 I/am_wtf ( 1471): [0,1471,system_server,-1,DisplayDeviceConfig,requesting nits when no mapping exists.]
09-23 00:30:18.153 I/am_wtf ( 1471): [0,1471,system_server,-1,DisplayDeviceConfig,requesting nits when no mapping exists.]
09-23 00:30:18.169 I/am_wtf ( 1471): [0,1471,system_server,-1,DisplayDeviceConfig,requesting nits when no mapping exists.]
09-23 00:30:18.170 I/am_wtf ( 1471): [0,1471,system_server,-1,DisplayDeviceConfig,requesting nits when no mapping exists.]
09-23 00:30:18.186 I/am_wtf ( 1471): [0,1471,system_server,-1,DisplayDeviceConfig,requesting nits when no mapping exists.]
09-23 00:30:18.187 I/am_wtf ( 1471): [0,1471,system_server,-1,DisplayDeviceConfig,requesting nits when no mapping exists.]
09-23 00:30:18.203 I/am_wtf ( 1471): [0,1471,system_server,-1,DisplayDeviceConfig,requesting nits when no mapping exists.]
09-23 00:30:18.204 I/am_wtf ( 1471): [0,1471,system_server,-1,DisplayDeviceConfig,requesting nits when no mapping exists.]
09-23 00:30:18.219 I/am_wtf ( 1471): [0,1471,system_server,-1,DisplayDeviceConfig,requesting nits when no mapping exists.]
09-23 00:30:18.220 I/am_wtf ( 1471): [0,1471,system_server,-1,DisplayDeviceConfig,requesting nits when no mapping exists.]
09-23 00:30:18.236 I/am_wtf ( 1471): [0,1471,system_server,-1,DisplayDeviceConfig,requesting nits when no mapping exists.]
09-23 00:30:18.237 I/am_wtf ( 1471): [0,1471,system_server,-1,DisplayDeviceConfig,requesting nits when no mapping exists.]
09-23 00:30:18.253 I/am_wtf ( 1471): [0,1471,system_server,-1,DisplayDeviceConfig,requesting nits when no mapping exists.]
09-23 00:30:18.254 I/am_wtf ( 1471): [0,1471,system_server,-1,DisplayDeviceConfig,requesting nits when no mapping exists.]
09-23 00:30:18.269 I/am_wtf ( 1471): [0,1471,system_server,-1,DisplayDeviceConfig,requesting nits when no mapping exists.]
09-23 00:30:18.270 I/am_wtf ( 1471): [0,1471,system_server,-1,DisplayDeviceConfig,requesting nits when no mapping exists.]
09-23 00:30:18.287 I/am_wtf ( 1471): [0,1471,system_server,-1,DisplayDeviceConfig,requesting nits when no mapping exists.]
