09-22 23:43:29.299 I/am_pss ( 1471): [1849,10081,com.android.systemui,93511680,68210688,0,253140992,0,0,11]
09-22 23:43:29.318 I/am_pss ( 1471): [1471,1000,system,208484352,118571008,0,517283840,0,0,18]
09-22 23:43:30.249 I/am_proc_start( 1471): [0,6913,1000,com.qti.diagservices,service,{com.qti.diagservices/com.qti.diagservices.QTIDiagServices}]
09-22 23:43:30.303 I/am_proc_bound( 1471): [0,6913,com.qti.diagservices]
09-22 23:43:30.339 I/auditd ( 6913): type=1400 audit(0.0:548): avc: denied { read write } for comm="ti.diagservices" name="diag" dev="tmpfs" ino=2196 scontext=u:r:system_app:s0 tcontext=u:object_r:vendor_diag_device:s0 tclass=chr_file permissive=0
09-22 23:49:14.502 I/netstats_mobile_sample( 1471): [0,0,0,0,0,0,0,0,0,0,0,0,1663861754502]
09-22 23:49:14.502 I/netstats_wifi_sample( 1471): [0,0,0,0,0,0,0,0,0,0,0,0,1663861754502]
09-22 23:49:14.506 I/commit_sys_config_file( 1471): [appops,4940088]
09-22 23:49:14.520 I/commit_sys_config_file( 1471): [procstats,9]
09-22 23:56:32.735 I/auditd ( 577): type=1400 audit(0.0:549): avc: denied { read } for comm="Binder:577_2" name="wakeup58" dev="sysfs" ino=83493 scontext=u:r:system_suspend:s0 tcontext=u:object_r:sysfs:s0 tclass=dir permissive=0
09-22 23:56:32.739 I/auditd ( 577): type=1400 audit(0.0:550): avc: denied { read } for comm="Binder:577_2" name="wakeup4" dev="sysfs" ino=52895 scontext=u:r:system_suspend:s0 tcontext=u:object_r:sysfs:s0 tclass=dir permissive=0
09-22 23:56:32.739 I/auditd ( 577): type=1400 audit(0.0:551): avc: denied { read } for comm="Binder:577_2" name="wakeup76" dev="sysfs" ino=88441 scontext=u:r:system_suspend:s0 tcontext=u:object_r:sysfs:s0 tclass=dir permissive=0
09-22 23:56:32.739 I/auditd ( 577): type=1400 audit(0.0:552): avc: denied { read } for comm="Binder:577_2" name="wakeup38" dev="sysfs" ino=68553 scontext=u:r:system_suspend:s0 tcontext=u:object_r:sysfs:s0 tclass=dir permissive=0
09-22 23:56:32.739 I/auditd ( 577): type=1400 audit(0.0:553): avc: denied { read } for comm="Binder:577_2" name="wakeup28" dev="sysfs" ino=59251 scontext=u:r:system_suspend:s0 tcontext=u:object_r:sysfs:s0 tclass=dir permissive=0
09-22 23:56:32.739 I/auditd ( 577): type=1400 audit(0.0:554): avc: denied { read } for comm="Binder:577_2" name="wakeup56" dev="sysfs" ino=83421 scontext=u:r:system_suspend:s0 tcontext=u:object_r:sysfs:s0 tclass=dir permissive=0
09-22 23:56:32.739 I/auditd ( 577): type=1400 audit(0.0:555): avc: denied { read } for comm="Binder:577_2" name="wakeup18" dev="sysfs" ino=58638 scontext=u:r:system_suspend:s0 tcontext=u:object_r:sysfs:s0 tclass=dir permissive=0
09-22 23:56:32.739 I/auditd ( 577): type=1400 audit(0.0:556): avc: denied { read } for comm="Binder:577_2" name="wakeup46" dev="sysfs" ino=77354 scontext=u:r:system_suspend:s0 tcontext=u:object_r:sysfs:s0 tclass=dir permissive=0
09-22 23:56:32.739 I/auditd ( 577): type=1400 audit(0.0:557): avc: denied { read } for comm="Binder:577_2" name="wakeup2" dev="sysfs" ino=52419 scontext=u:r:system_suspend:s0 tcontext=u:object_r:sysfs:s0 tclass=dir permissive=0
09-22 23:56:32.771 I/commit_sys_config_file( 1471): [batterystats,5]
09-22 23:56:32.772 I/commit_sys_config_file( 1471): [batterystats,1]
09-23 00:00:00.024 I/am_pss ( 1471): [2544,10066,com.android.deskclock,59163648,49676288,0,175570944,0,2,12]
09-23 00:19:14.502 I/netstats_mobile_sample( 1471): [0,0,0,0,0,0,0,0,0,0,0,0,1663863554502]
09-23 00:19:14.502 I/netstats_wifi_sample( 1471): [0,0,0,0,0,0,0,0,0,0,0,0,1663863554502]
09-23 00:19:14.514 I/am_pss ( 1471): [2544,10066,com.android.deskclock,59453440,49967104,0,175849472,0,2,14]
09-23 00:19:14.515 I/commit_sys_config_file( 1471): [appops,6740097]
09-23 00:19:14.529 I/am_pss ( 1471): [2388,10076,com.android.launcher3,54472704,42045440,0,177721344,0,6,13]
09-23 00:19:14.540 I/am_pss ( 1471): [2785,10093,com.android.providers.media.module,22677504,17186816,0,125992960,0,0,10]
09-23 00:19:14.548 I/am_pss ( 1471): [2221,10094,android.ext.services,11620352,6230016,0,106483712,0,5,7]
09-23 00:19:14.554 I/am_pss ( 1471): [2913,10080,com.qualcomm.location.XT,7633920,4636672,0,94277632,0,6,6]
09-23 00:19:14.563 I/am_pss ( 1471): [1846,1002,com.android.bluetooth,30420992,22278144,0,142188544,0,0,8]
09-23 00:19:14.569 I/am_pss ( 1471): [2734,10073,com.qualcomm.location,11558912,7446528,0,104919040,0,0,6]
09-23 00:19:14.574 I/am_pss ( 1471): [2623,10027,com.sohu.inputmethod.sogou.car,31667200,9969664,0,93863936,0,7,5]
09-23 00:19:14.580 I/am_pss ( 1471): [1993,1001,.dataservices,9036800,6017024,0,94846976,0,0,5]
09-23 00:19:14.586 I/am_pss ( 1471): [1946,1073,com.android.networkstack.process,12242944,8355840,0,104992768,0,0,5]
09-23 00:19:14.599 I/am_pss ( 1471): [1849,10081,com.android.systemui,96199680,71008256,0,255971328,0,0,12]
09-23 00:19:14.620 I/am_pss ( 1471): [1471,1000,system,209642496,119906304,0,518619136,0,0,20]
09-23 00:24:38.191 I/input_interaction( 1471): Interaction with: 3b6714f com.android.deskclock/android.service.dreams.DreamActivity (server), edge-swipe (server), swipe-up (server), PointerEventDispatcher0 (server),
09-23 00:24:38.195 I/wm_finish_activity( 1471): [0,27998451,38,com.android.deskclock/android.service.dreams.DreamActivity,finish-activity]
09-23 00:24:38.195 I/wm_task_moved( 1471): [1,1,5]
09-23 00:24:38.196 I/wm_task_moved( 1471): [33,1,2147483647]
09-23 00:24:38.196 I/wm_task_to_front( 1471): [0,33]
09-23 00:24:38.196 I/wm_focused_root_task( 1471): [0,0,1,38,finish-top adjustFocusToNextFocusableTask]
09-23 00:24:38.196 I/wm_set_resumed_activity( 1471): [0,com.android.launcher3/.uioverrides.QuickstepLauncher,finish-top adjustFocusToNextFocusableTask]
09-23 00:24:38.198 I/wm_pause_activity( 1471): [0,27998451,com.android.deskclock/android.service.dreams.DreamActivity,userLeaving=false,finish]
09-23 00:24:38.205 I/sysui_multi_action( 1471): [757,803,799,window_time_0,802,5829]
09-23 00:24:38.205 I/wm_on_top_resumed_lost_called( 2544): [27998451,android.service.dreams.DreamActivity,topStateChangedWhenResumed]
09-23 00:24:38.206 I/wm_on_paused_called( 2544): [27998451,android.service.dreams.DreamActivity,performPause]
09-23 00:24:38.206 I/wm_add_to_stopping( 1471): [0,27998451,com.android.deskclock/android.service.dreams.DreamActivity,completeFinishing]
09-23 00:24:38.208 I/wm_set_resumed_activity( 1471): [0,com.android.launcher3/.uioverrides.QuickstepLauncher,resumeTopActivityInnerLocked]
09-23 00:24:38.209 I/wm_resume_activity( 1471): [0,226227664,33,com.android.launcher3/.uioverrides.QuickstepLauncher]
09-23 00:24:38.216 I/sysui_multi_action( 1471): [757,803,799,window_time_0,802,0]
09-23 00:24:38.223 I/view_enqueue_input_event( 2544): [Motion - Cancel,com.android.deskclock/android.service.dreams.DreamActivity]
09-23 00:24:38.224 I/input_focus( 1471): [Focus leaving 3b6714f com.android.deskclock/android.service.dreams.DreamActivity (server),reason=NO_WINDOW]
09-23 00:24:38.225 I/wm_on_restart_called( 2388): [226227664,com.android.launcher3.uioverrides.QuickstepLauncher,performRestartActivity]
09-23 00:24:38.225 I/wm_on_start_called( 2388): [226227664,com.android.launcher3.uioverrides.QuickstepLauncher,handleStartActivity]
09-23 00:24:38.226 I/am_uid_running( 1471): 10068
09-23 00:24:38.226 I/wm_on_resume_called( 2388): [226227664,com.android.launcher3.uioverrides.QuickstepLauncher,RESUME_ACTIVITY]
09-23 00:24:38.226 I/wm_on_top_resumed_gained_called( 2388): [226227664,com.android.launcher3.uioverrides.QuickstepLauncher,topWhenResuming]
09-23 00:24:38.228 I/input_interaction( 1471): Interaction with: edge-swipe (server), swipe-up (server), PointerEventDispatcher0 (server),
09-23 00:24:38.231 I/commit_sys_config_file( 1471): [procstats,15]
09-23 00:24:38.238 I/am_pss ( 1471): [6913,1000,com.qti.diagservices,7019520,3883008,0,93474816,0,10,6]
09-23 00:24:38.239 I/am_proc_start( 1471): [0,8440,1000,com.android.settings,NULL,]
09-23 00:24:38.245 I/am_pss ( 1471): [3397,2000,com.android.shell,7148544,4296704,0,92119040,0,19,5]
09-23 00:24:38.246 I/am_proc_start( 1471): [0,8441,10068,com.android.calendar,NULL,]
09-23 00:24:38.249 I/input_focus( 1471): [Focus request 4ed4abc com.android.launcher3/com.android.launcher3.uioverrides.QuickstepLauncher,reason=UpdateInputWindows]
09-23 00:24:38.251 I/am_pss ( 1471): [3332,10022,com.android.packageinstaller,8311808,5677056,0,91389952,0,19,5]
09-23 00:24:38.258 I/am_pss ( 1471): [3286,10034,com.android.managedprovisioning,9939968,7192576,0,94797824,0,19,5]
09-23 00:24:38.264 I/am_proc_bound( 1471): [0,8440,com.android.settings]
09-23 00:24:38.264 I/am_pss ( 1471): [2729,10082,com.qualcomm.qti.workloadclassifier,9304064,6606848,0,93569024,0,0,5]
09-23 00:24:38.270 I/input_focus( 1471): [Focus entering 4ed4abc com.android.launcher3/com.android.launcher3.uioverrides.QuickstepLauncher (server),reason=setFocusedWindow]
09-23 00:24:38.271 I/am_pss ( 1471): [2704,10086,com.qualcomm.qti.qccnetstat,7076864,4304896,0,92065792,0,0,5]
09-23 00:24:38.277 I/am_proc_bound( 1471): [0,8441,com.android.calendar]
09-23 00:24:38.277 I/am_pss ( 1471): [2654,10053,.pasr,6248448,3604480,0,89657344,0,0,6]
09-23 00:24:38.283 I/am_pss ( 1471): [2680,10072,com.qualcomm.qti.services.systemhelper:systemhelper_service,7316480,4485120,0,93978624,0,0,5]
09-23 00:24:38.290 I/am_pss ( 1471): [2634,10056,ts.car.uart,7030784,4407296,0,90800128,0,0,6]
09-23 00:24:38.297 I/am_pss ( 1471): [2204,1000,com.qualcomm.qti.qdma,10957824,6709248,0,106049536,0,0,6]
09-23 00:24:38.303 I/am_pss ( 1471): [3172,10061,com.qualcomm.qti.devicestatisticsservice,6160384,3547136,0,89366528,0,0,5]
09-23 00:24:38.310 I/am_pss ( 1471): [2111,1000,com.thundercomm.remotecontrolservice,26893312,23584768,0,117137408,0,0,6]
09-23 00:24:38.316 I/am_pss ( 1471): [2104,1068,com.android.se,6710272,3997696,0,91983872,0,0,5]
09-23 00:24:38.324 I/am_pss ( 1471): [2029,10050,.qtidataservices,6883328,4214784,0,91803648,0,0,5]
09-23 00:24:38.329 I/am_pss ( 1471): [2060,10084,com.qti.qualcomm.mstatssystemservice,6330368,3719168,0,90116096,0,0,4]
09-23 00:24:38.335 I/am_pss ( 1471): [2038,1000,vendor.qti.qesdk.sysservice,6465536,3764224,0,90808320,0,0,4]
09-23 00:24:38.341 I/am_pss ( 1471): [1973,1000,com.thundercomm.microsettings,35874816,31457280,0,128413696,0,0,6]
09-23 00:24:38.348 I/am_pss ( 1471): [1954,1000,com.thundercomm.microservice,26224640,23502848,0,111403008,0,0,6]
09-23 00:24:38.508 I/wm_destroy_activity( 1471): [0,27998451,38,com.android.deskclock/android.service.dreams.DreamActivity,finish-imm:idle]
09-23 00:24:38.530 I/wm_on_stop_called( 2544): [27998451,android.service.dreams.DreamActivity,LIFECYCLER_STOP_ACTIVITY]
09-23 00:24:38.530 I/wm_on_destroy_called( 2544): [27998451,android.service.dreams.DreamActivity,performDestroy]
09-23 00:24:38.534 I/sysui_multi_action( 1471): [757,222,758,2]
09-23 00:24:38.534 I/sysui_multi_action( 1471): [757,804,799,dreaming_minutes,801,97,802,1]
09-23 00:24:38.546 I/wm_task_removed( 1471): [38,removeChild:removeChild last r=ActivityRecord{1ab38f3 u0 com.android.deskclock/android.service.dreams.DreamActivity t-1 f}} in t=Task{b21d90c #38 type=dream A=10066:android:com.android.deskclock/dream U=0 visible=false mode=fullscreen translucent=true sz=0}]
09-23 00:24:38.546 I/wm_task_removed( 1471): [38,removeChild]
09-23 00:24:39.733 I/input_interaction( 1471): Interaction with: 4ed4abc com.android.launcher3/com.android.launcher3.uioverrides.QuickstepLauncher (server), d380f0a com.android.systemui.ImageWallpaper (server), edge-swipe (server), swipe-up (server), PointerEventDispatcher0 (server),
09-23 00:24:39.903 I/wm_task_created( 1471): [39,-1]
09-23 00:24:39.907 I/wm_task_moved( 1471): [39,1,6]
09-23 00:24:39.907 I/wm_task_to_front( 1471): [0,39]
09-23 00:24:39.908 I/wm_create_task( 1471): [0,39]
09-23 00:24:39.908 I/wm_create_activity( 1471): [0,175300907,39,com.android.settings/.Settings,android.intent.action.MAIN,NULL,NULL,270532608]
09-23 00:24:39.908 I/wm_task_moved( 1471): [39,1,6]
09-23 00:24:39.910 I/wm_pause_activity( 1471): [0,226227664,com.android.launcher3/.uioverrides.QuickstepLauncher,userLeaving=true,pauseBackTasks]
09-23 00:24:39.919 I/wm_on_top_resumed_lost_called( 2388): [226227664,com.android.launcher3.uioverrides.QuickstepLauncher,topStateChangedWhenResumed]
09-23 00:24:39.920 I/wm_on_paused_called( 2388): [226227664,com.android.launcher3.uioverrides.QuickstepLauncher,performPause]
09-23 00:24:39.924 I/wm_add_to_stopping( 1471): [0,226227664,com.android.launcher3/.uioverrides.QuickstepLauncher,makeInvisible]
09-23 00:24:39.925 I/wm_restart_activity( 1471): [0,175300907,39,com.android.settings/.Settings]
09-23 00:24:39.927 I/wm_set_resumed_activity( 1471): [0,com.android.settings/.Settings,minimalResumeActivityLocked]
09-23 00:24:39.937 I/sysui_multi_action( 1471): [757,803,799,window_time_0,802,2]
09-23 00:24:39.940 I/input_focus( 1471): [Focus leaving 4ed4abc com.android.launcher3/com.android.launcher3.uioverrides.QuickstepLauncher (server),reason=NO_WINDOW]
09-23 00:24:39.982 I/am_uid_running( 1471): 10088
09-23 00:24:39.986 I/wm_on_create_called( 8440): [175300907,com.android.settings.Settings,performCreate]
09-23 00:24:39.988 I/am_proc_start( 1471): [0,8488,10088,com.qualcomm.qti.qccauthmgr,content provider,{com.qualcomm.qti.qccauthmgr/com.qualcomm.qti.qccauthmgr.providers.SMQContentProvider}]
09-23 00:24:40.004 I/am_proc_bound( 1471): [0,8488,com.qualcomm.qti.qccauthmgr]
09-23 00:24:40.006 I/am_uid_active( 1471): 10088
09-23 00:24:40.013 I/wm_on_start_called( 8440): [175300907,com.android.settings.Settings,handleStartActivity]
09-23 00:24:40.014 I/snet_event_log( 8440): [120484087,-1,]
09-23 00:24:40.014 I/wm_on_resume_called( 8440): [175300907,com.android.settings.Settings,RESUME_ACTIVITY]
09-23 00:24:40.015 I/sysui_multi_action( 8440): [757,35,758,1,833,0,1089,28]
09-23 00:24:40.021 I/sysui_multi_action( 8440): [757,1729,758,4,854,isParalleledControllers:false,1089,33]
09-23 00:24:40.029 I/wm_on_top_resumed_gained_called( 8440): [175300907,com.android.settings.Settings,topStateChangedWhenResumed]
09-23 00:24:40.047 I/auditd ( 577): type=1400 audit(0.0:600): avc: denied { read } for comm="Binder:577_2" name="wakeup58" dev="sysfs" ino=83493 scontext=u:r:system_suspend:s0 tcontext=u:object_r:sysfs:s0 tclass=dir permissive=0
09-23 00:24:40.047 I/auditd ( 577): type=1400 audit(0.0:601): avc: denied { read } for comm="Binder:577_2" name="wakeup4" dev="sysfs" ino=52895 scontext=u:r:system_suspend:s0 tcontext=u:object_r:sysfs:s0 tclass=dir permissive=0
09-23 00:24:40.047 I/auditd ( 577): type=1400 audit(0.0:602): avc: denied { read } for comm="Binder:577_2" name="wakeup76" dev="sysfs" ino=88441 scontext=u:r:system_suspend:s0 tcontext=u:object_r:sysfs:s0 tclass=dir permissive=0
09-23 00:24:40.047 I/auditd ( 577): type=1400 audit(0.0:603): avc: denied { read } for comm="Binder:577_2" name="wakeup38" dev="sysfs" ino=68553 scontext=u:r:system_suspend:s0 tcontext=u:object_r:sysfs:s0 tclass=dir permissive=0
09-23 00:24:40.047 I/auditd ( 577): type=1400 audit(0.0:604): avc: denied { read } for comm="Binder:577_2" name="wakeup28" dev="sysfs" ino=59251 scontext=u:r:system_suspend:s0 tcontext=u:object_r:sysfs:s0 tclass=dir permissive=0
09-23 00:24:40.074 I/input_focus( 1471): [Focus request b1c8932 com.android.settings/com.android.settings.Settings,reason=UpdateInputWindows]
09-23 00:24:40.107 I/sysui_multi_action( 1471): [324,1,757,1090,758,12,806,com.android.settings,871,com.android.settings.Settings,1091,214]
09-23 00:24:40.115 I/sysui_multi_action( 1471): [319,76,321,74,322,214,325,7087,757,761,758,8,759,1,806,com.android.settings,871,com.android.settings.Settings,904,com.android.launcher3,905,0,1320,8,1321,5]
09-23 00:24:40.116 I/wm_activity_launch_time( 1471): [0,175300907,com.android.settings/.Settings,214]
09-23 00:24:40.123 I/input_focus( 1471): [Focus entering b1c8932 com.android.settings/com.android.settings.Settings (server),reason=Window became focusable. Previous reason: NOT_VISIBLE]
09-23 00:24:40.172 W/CarrierConfigManager( 8440): Error getting config for subId -1 ICarrierConfigLoader is null
09-23 00:24:40.209 I/sysui_multi_action( 8440): [757,746,758,1,833,0,1089,50]
09-23 00:24:40.210 D/TelephonyRegistry( 1471): listen oscl: mHasNotifySubscriptionInfoChangedOccurred==false no callback
09-23 00:24:40.214 D/TelephonyRegistry( 1471): listen oscl: mHasNotifySubscriptionInfoChangedOccurred==false no callback
09-23 00:24:40.219 I/sysui_multi_action( 8440): [757,1729,758,4,854,isParalleledControllers:false,1089,60]
09-23 00:24:40.219 I/sysui_multi_action( 8440): [757,35,758,2,1089,204]
09-23 00:24:40.232 I/sysui_multi_action( 8440): [757,35,758,1,833,0,1089,12]
09-23 00:24:40.233 I/sysui_multi_action( 8440): [757,1729,758,4,854,isParalleledControllers:false,1089,13]
09-23 00:24:40.512 I/wm_stop_activity( 1471): [0,226227664,com.android.launcher3/.uioverrides.QuickstepLauncher]
09-23 00:24:40.537 I/wm_on_stop_called( 2388): [226227664,com.android.launcher3.uioverrides.QuickstepLauncher,STOP_ACTIVITY_ITEM]
09-23 00:24:42.052 I/input_interaction( 1471): Interaction with: b1c8932 com.android.settings/com.android.settings.Settings (server), edge-swipe (server), swipe-up (server), PointerEventDispatcher0 (server),
09-23 00:24:43.961 I/service_manager_stats( 1471): [100,60,5834333]
09-23 00:24:45.059 I/sysui_multi_action( 8440): [757,830,758,4,833,0,854,top_level_about_device,1089,0]
09-23 00:24:45.072 I/sysui_multi_action( 8440): [757,746,758,2,1089,4864]
09-23 00:24:45.114 I/sysui_multi_action( 8440): [757,40,758,1,833,0,1089,30]
09-23 00:24:45.115 W/FeatureConnector( 8440): [ImsConnector, 0] connect: not supported.
09-23 00:24:45.116 I/sysui_multi_action( 8440): [757,1729,758,4,854,isParalleledControllers:false,1089,32]
09-23 00:24:50.087 I/sysui_multi_action( 8440): [757,830,758,4,833,0,854,top_level_system,1089,0]
09-23 00:24:50.092 I/sysui_multi_action( 8440): [757,40,758,2,1089,4977]
09-23 00:24:50.122 I/sysui_multi_action( 8440): [757,744,758,1,833,0,1089,24]
09-23 00:24:50.127 I/sysui_multi_action( 8440): [757,1729,758,4,854,isParalleledControllers:false,1089,30]
09-23 00:24:51.183 I/sysui_multi_action( 8440): [757,830,758,4,833,0,854,dashboard_tile_pref_com.android.settings.Settings$DevelopmentSettingsDashboardActivity,1089,0]
09-23 00:24:51.192 I/sysui_multi_action( 8440): [757,744,758,2,1089,1071]
09-23 00:24:51.259 I/auditd ( 8440): type=1400 audit(0.0:702): avc: denied { read } for comm="ndroid.settings" name="pagetypeinfo" dev="proc" ino=4026531857 scontext=u:r:system_app:s0 tcontext=u:object_r:proc_pagetypeinfo:s0 tclass=file permissive=0
09-23 00:24:51.267 I/auditd ( 8440): type=1400 audit(0.0:703): avc: denied { search } for comm="ndroid.settings" name="zram0" dev="sysfs" ino=62873 scontext=u:r:system_app:s0 tcontext=u:object_r:sysfs_zram:s0 tclass=dir permissive=0
09-23 00:24:51.267 I/auditd ( 8440): type=1400 audit(0.0:704): avc: denied { search } for comm="ndroid.settings" name="zram0" dev="sysfs" ino=62873 scontext=u:r:system_app:s0 tcontext=u:object_r:sysfs_zram:s0 tclass=dir permissive=0
09-23 00:24:51.315 I/sysui_multi_action( 8440): [757,853,758,4,854,null/switch_bar,1089,1]
09-23 00:24:51.316 I/sysui_multi_action( 8440): [757,39,758,1,833,0,1089,123]
09-23 00:24:51.317 D/TelephonyRegistry( 1471): listen oscl: mHasNotifySubscriptionInfoChangedOccurred==false no callback
09-23 00:24:51.319 D/TelephonyRegistry( 1471): listen oscl: mHasNotifySubscriptionInfoChangedOccurred==false no callback
09-23 00:24:51.331 I/auditd ( 8440): type=1400 audit(0.0:705): avc: denied { read } for comm="pool-2-thread-8" name="pagetypeinfo" dev="proc" ino=4026531857 scontext=u:r:system_app:s0 tcontext=u:object_r:proc_pagetypeinfo:s0 tclass=file permissive=0
09-23 00:24:51.331 I/auditd ( 8440): type=1400 audit(0.0:706): avc: denied { search } for comm="pool-2-thread-8" name="zram0" dev="sysfs" ino=62873 scontext=u:r:system_app:s0 tcontext=u:object_r:sysfs_zram:s0 tclass=dir permissive=0
09-23 00:24:51.342 I/sysui_multi_action( 8440): [757,1729,758,4,854,isParalleledControllers:false,1089,149]
09-23 00:24:57.375 I/sysui_multi_action( 8440): [757,830,758,4,833,0,854,running_apps,1089,0]
09-23 00:24:57.388 I/sysui_multi_action( 8440): [757,39,758,2,1089,6071]
09-23 00:24:57.421 I/sysui_multi_action( 8440): [757,404,758,1,833,0,1089,29]
09-23 00:24:58.431 I/auditd ( 8440): type=1400 audit(0.0:708): avc: denied { search } for comm="ndroid.settings" name="zram0" dev="sysfs" ino=62873 scontext=u:r:system_app:s0 tcontext=u:object_r:sysfs_zram:s0 tclass=dir permissive=0
09-23 00:24:58.431 I/auditd ( 8440): type=1400 audit(0.0:709): avc: denied { search } for comm="ndroid.settings" name="zram0" dev="sysfs" ino=62873 scontext=u:r:system_app:s0 tcontext=u:object_r:sysfs_zram:s0 tclass=dir permissive=0
09-23 00:25:00.159 I/sysui_multi_action( 8440): [757,404,758,2,1089,2737]
09-23 00:25:00.192 I/sysui_multi_action( 8440): [757,39,758,1,833,0,1089,0]
09-23 00:25:00.193 D/TelephonyRegistry( 1471): listen oscl: mHasNotifySubscriptionInfoChangedOccurred==false no callback
09-23 00:25:00.196 D/TelephonyRegistry( 1471): listen oscl: mHasNotifySubscriptionInfoChangedOccurred==false no callback
09-23 00:25:00.203 I/auditd ( 8440): type=1400 audit(0.0:710): avc: denied { read } for comm="pool-2-thread-3" name="pagetypeinfo" dev="proc" ino=4026531857 scontext=u:r:system_app:s0 tcontext=u:object_r:proc_pagetypeinfo:s0 tclass=file permissive=0
09-23 00:25:00.207 I/auditd ( 8440): type=1400 audit(0.0:711): avc: denied { search } for comm="pool-2-thread-3" name="zram0" dev="sysfs" ino=62873 scontext=u:r:system_app:s0 tcontext=u:object_r:sysfs_zram:s0 tclass=dir permissive=0
09-23 00:25:00.207 I/auditd ( 8440): type=1400 audit(0.0:712): avc: denied { search } for comm="pool-2-thread-3" name="zram0" dev="sysfs" ino=62873 scontext=u:r:system_app:s0 tcontext=u:object_r:sysfs_zram:s0 tclass=dir permissive=0
09-23 00:25:03.865 I/sysui_multi_action( 8440): [757,39,758,2,1089,3673]
09-23 00:25:04.104 I/sysui_multi_action( 8440): [757,744,758,1,833,0,1089,0]
09-23 00:25:04.123 I/sysui_multi_action( 8440): [757,830,758,4,833,0,854,top_level_system,1089,0]
09-23 00:25:04.126 I/sysui_multi_action( 8440): [757,744,758,2,1089,22]
09-23 00:25:04.132 I/sysui_multi_action( 8440): [757,744,758,1,833,0,1089,5]
09-23 00:25:04.133 I/sysui_multi_action( 8440): [757,1729,758,4,854,isParalleledControllers:false,1089,5]
09-23 00:25:06.232 I/sysui_multi_action( 8440): [757,830,758,4,833,0,854,dashboard_tile_pref_com.android.settings.Settings$DevelopmentSettingsDashboardActivity,1089,0]
09-23 00:25:06.236 I/sysui_multi_action( 8440): [757,744,758,2,1089,2103]
09-23 00:25:06.279 I/auditd ( 8440): type=1400 audit(0.0:713): avc: denied { read } for comm="ndroid.settings" name="pagetypeinfo" dev="proc" ino=4026531857 scontext=u:r:system_app:s0 tcontext=u:object_r:proc_pagetypeinfo:s0 tclass=file permissive=0
09-23 00:25:06.279 I/auditd ( 8440): type=1400 audit(0.0:714): avc: denied { search } for comm="ndroid.settings" name="zram0" dev="sysfs" ino=62873 scontext=u:r:system_app:s0 tcontext=u:object_r:sysfs_zram:s0 tclass=dir permissive=0
09-23 00:25:06.279 I/auditd ( 8440): type=1400 audit(0.0:715): avc: denied { search } for comm="ndroid.settings" name="zram0" dev="sysfs" ino=62873 scontext=u:r:system_app:s0 tcontext=u:object_r:sysfs_zram:s0 tclass=dir permissive=0
09-23 00:25:06.306 I/sysui_multi_action( 8440): [757,39,758,1,833,0,1089,67]
09-23 00:25:06.306 D/TelephonyRegistry( 1471): listen oscl: mHasNotifySubscriptionInfoChangedOccurred==false no callback
09-23 00:25:06.310 D/TelephonyRegistry( 1471): listen oscl: mHasNotifySubscriptionInfoChangedOccurred==false no callback
09-23 00:25:06.315 I/auditd ( 8440): type=1400 audit(0.0:716): avc: denied { read } for comm="pool-2-thread-4" name="pagetypeinfo" dev="proc" ino=4026531857 scontext=u:r:system_app:s0 tcontext=u:object_r:proc_pagetypeinfo:s0 tclass=file permissive=0
09-23 00:25:06.315 I/auditd ( 8440): type=1400 audit(0.0:717): avc: denied { search } for comm="pool-2-thread-4" name="zram0" dev="sysfs" ino=62873 scontext=u:r:system_app:s0 tcontext=u:object_r:sysfs_zram:s0 tclass=dir permissive=0
09-23 00:25:06.323 I/sysui_multi_action( 8440): [757,1729,758,4,854,isParalleledControllers:false,1089,85]
09-23 00:25:16.030 I/service_manager_stats( 1471): [100,46,32069]
09-23 00:25:24.719 I/sysui_multi_action( 8440): [757,39,758,2,1089,18414]
09-23 00:25:24.749 I/sysui_multi_action( 8440): [757,744,758,1,833,0,1089,0]
09-23 00:25:27.343 I/sysui_multi_action( 8440): [757,830,758,4,833,0,854,top_level_system,1089,0]
09-23 00:25:27.346 I/sysui_multi_action( 8440): [757,744,758,2,1089,2597]
09-23 00:25:27.367 I/sysui_multi_action( 8440): [757,744,758,1,833,0,1089,17]
09-23 00:25:27.370 I/sysui_multi_action( 8440): [757,1729,758,4,854,isParalleledControllers:false,1089,20]
09-23 00:25:28.299 I/sysui_multi_action( 8440): [757,830,758,4,833,0,854,top_level_about_device,1089,0]
09-23 00:25:28.302 I/sysui_multi_action( 8440): [757,744,758,2,1089,934]
09-23 00:25:28.336 I/sysui_multi_action( 8440): [757,40,758,1,833,0,1089,31]
09-23 00:25:28.337 W/FeatureConnector( 8440): [ImsConnector, 0] connect: not supported.
09-23 00:25:28.339 I/sysui_multi_action( 8440): [757,1729,758,4,854,isParalleledControllers:false,1089,34]
09-23 00:25:29.758 I/sysui_multi_action( 8440): [757,830,758,4,833,0,854,top_level_system,1089,0]
09-23 00:25:29.764 I/sysui_multi_action( 8440): [757,40,758,2,1089,1428]
09-23 00:25:29.786 I/sysui_multi_action( 8440): [757,744,758,1,833,0,1089,17]
09-23 00:25:29.789 I/sysui_multi_action( 8440): [757,1729,758,4,854,isParalleledControllers:false,1089,20]
09-23 00:25:34.822 I/sysui_multi_action( 8440): [757,830,758,4,833,0,854,top_level_privacy,1089,0]
09-23 00:25:34.840 I/sysui_multi_action( 8440): [757,744,758,2,1089,5053]
09-23 00:25:34.867 I/sysui_multi_action( 8440): [757,1587,758,1,833,0,1089,24]
09-23 00:25:34.870 I/sysui_multi_action( 8440): [757,1729,758,4,854,isParalleledControllers:false,1089,27]
09-23 00:25:36.397 I/sysui_multi_action( 8440): [757,830,758,4,833,0,854,top_level_system,1089,0]
09-23 00:25:36.400 I/sysui_multi_action( 8440): [757,1587,758,2,1089,1533]
09-23 00:25:36.422 I/sysui_multi_action( 8440): [757,744,758,1,833,0,1089,19]
09-23 00:25:36.425 I/sysui_multi_action( 8440): [757,1729,758,4,854,isParalleledControllers:false,1089,21]
09-23 00:25:37.491 I/sysui_multi_action( 8440): [757,830,758,4,833,0,854,top_level_privacy,1089,0]
09-23 00:25:37.494 I/sysui_multi_action( 8440): [757,744,758,2,1089,1072]
09-23 00:25:37.520 I/sysui_multi_action( 8440): [757,1587,758,1,833,0,1089,22]
09-23 00:25:37.522 I/sysui_multi_action( 8440): [757,1729,758,4,854,isParalleledControllers:false,1089,24]
09-23 00:25:38.082 I/sysui_multi_action( 8440): [757,830,758,4,833,0,854,top_level_security,1089,0]
09-23 00:25:38.088 I/sysui_multi_action( 8440): [757,1587,758,2,1089,568]
09-23 00:25:38.136 I/sysui_multi_action( 8440): [757,87,758,1,833,0,1089,45]
09-23 00:25:38.141 I/sysui_multi_action( 8440): [757,1729,758,4,854,isParalleledControllers:false,1089,50]
09-23 00:25:38.572 I/am_uid_idle( 1471): 10066
09-23 00:25:38.673 I/sysui_multi_action( 8440): [757,830,758,4,833,0,854,top_level_display,1089,0]
09-23 00:25:38.678 I/sysui_multi_action( 8440): [757,87,758,2,1089,541]
09-23 00:25:38.681 I/service_manager_stats( 8440): [100,41,7146004]
09-23 00:25:38.724 I/sysui_multi_action( 8440): [757,46,758,1,833,0,1089,44]
09-23 00:25:38.733 I/sysui_multi_action( 8440): [757,1729,758,4,854,isParalleledControllers:false,1089,53]
09-23 00:25:40.054 I/service_manager_stats( 1471): [100,53,24024]
09-23 00:25:42.893 I/sysui_multi_action( 8440): [757,830,758,4,833,0,854,top_level_network,1089,0]
09-23 00:25:42.896 I/sysui_multi_action( 8440): [757,46,758,2,1089,4172]
09-23 00:25:42.912 W/CarrierConfigManager( 8440): Error getting config for subId -1 ICarrierConfigLoader is null
09-23 00:25:42.960 I/sysui_multi_action( 8440): [757,746,758,1,833,0,1089,55]
09-23 00:25:42.961 D/TelephonyRegistry( 1471): listen oscl: mHasNotifySubscriptionInfoChangedOccurred==false no callback
09-23 00:25:42.967 D/TelephonyRegistry( 1471): listen oscl: mHasNotifySubscriptionInfoChangedOccurred==false no callback
09-23 00:25:42.979 I/sysui_multi_action( 8440): [757,1729,758,4,854,isParalleledControllers:false,1089,74]
09-23 00:25:44.306 I/sysui_multi_action( 8440): [757,830,758,4,833,0,854,top_level_connected_devices,1089,0]
09-23 00:25:44.319 I/sysui_multi_action( 8440): [757,746,758,2,1089,1358]
09-23 00:25:44.400 I/sysui_multi_action( 8440): [757,747,758,1,833,0,1089,67]
09-23 00:25:44.402 I/sysui_multi_action( 8440): [757,1729,758,4,854,isParalleledControllers:false,1089,70]
09-23 00:25:45.824 I/sysui_multi_action( 8440): [757,830,758,4,833,0,854,top_level_apps,1089,0]
09-23 00:25:45.828 I/sysui_multi_action( 8440): [757,747,758,2,1089,1429]
09-23 00:25:45.896 I/sysui_multi_action( 8440): [757,65,758,1,833,0,1089,62]
09-23 00:25:45.905 I/sysui_multi_action( 8440): [757,1729,758,4,854,isParalleledControllers:false,1089,72]
09-23 00:25:46.062 I/am_uid_idle( 1471): 10088
09-23 00:25:47.253 I/sysui_multi_action( 8440): [757,830,758,4,833,0,854,top_level_apps,1089,0]
09-23 00:25:47.255 I/sysui_multi_action( 8440): [757,65,758,2,1089,1360]
09-23 00:25:47.280 I/sysui_multi_action( 8440): [757,65,758,1,833,0,1089,20]
09-23 00:25:47.284 I/sysui_multi_action( 8440): [757,1729,758,4,854,isParalleledControllers:false,1089,24]
09-23 00:25:49.059 I/sysui_multi_action( 8440): [757,830,758,4,833,0,854,top_level_apps,1089,0]
09-23 00:25:49.075 I/sysui_multi_action( 8440): [757,65,758,2,1089,1794]
09-23 00:25:49.111 I/sysui_multi_action( 8440): [757,65,758,1,833,0,1089,33]
09-23 00:25:49.118 I/sysui_multi_action( 8440): [757,1729,758,4,854,isParalleledControllers:false,1089,40]
09-23 00:25:49.981 I/sysui_multi_action( 8440): [757,830,758,4,833,0,854,top_level_notification,1089,0]
09-23 00:25:49.985 I/sysui_multi_action( 8440): [757,65,758,2,1089,873]
09-23 00:25:50.008 I/sysui_multi_action( 8440): [757,337,758,1,833,0,1089,19]
09-23 00:25:50.011 I/sysui_multi_action( 8440): [757,1729,758,4,854,isParalleledControllers:false,1089,23]
09-23 00:25:53.935 I/sysui_multi_action( 8440): [757,830,758,4,833,0,854,top_level_about_device,1089,0]
09-23 00:25:53.938 I/sysui_multi_action( 8440): [757,337,758,2,1089,3931]
09-23 00:25:53.979 I/sysui_multi_action( 8440): [757,40,758,1,833,0,1089,34]
09-23 00:25:53.980 W/FeatureConnector( 8440): [ImsConnector, 0] connect: not supported.
09-23 00:25:53.982 I/sysui_multi_action( 8440): [757,1729,758,4,854,isParalleledControllers:false,1089,36]
09-23 00:25:54.797 I/sysui_multi_action( 8440): [757,830,758,4,833,0,854,top_level_system,1089,0]
09-23 00:25:54.801 I/sysui_multi_action( 8440): [757,40,758,2,1089,822]
09-23 00:25:54.825 I/sysui_multi_action( 8440): [757,744,758,1,833,0,1089,18]
09-23 00:25:54.828 I/sysui_multi_action( 8440): [757,1729,758,4,854,isParalleledControllers:false,1089,21]
09-23 00:25:56.882 I/sysui_multi_action( 8440): [757,830,758,4,833,0,854,dashboard_tile_pref_com.android.settings.Settings$DevelopmentSettingsDashboardActivity,1089,0]
09-23 00:25:56.886 I/sysui_multi_action( 8440): [757,744,758,2,1089,2060]
09-23 00:25:56.927 I/auditd ( 8440): type=1400 audit(0.0:719): avc: denied { read } for comm="ndroid.settings" name="pagetypeinfo" dev="proc" ino=4026531857 scontext=u:r:system_app:s0 tcontext=u:object_r:proc_pagetypeinfo:s0 tclass=file permissive=0
09-23 00:25:56.931 I/auditd ( 8440): type=1400 audit(0.0:720): avc: denied { search } for comm="ndroid.settings" name="zram0" dev="sysfs" ino=62873 scontext=u:r:system_app:s0 tcontext=u:object_r:sysfs_zram:s0 tclass=dir permissive=0
09-23 00:25:56.931 I/auditd ( 8440): type=1400 audit(0.0:721): avc: denied { search } for comm="ndroid.settings" name="zram0" dev="sysfs" ino=62873 scontext=u:r:system_app:s0 tcontext=u:object_r:sysfs_zram:s0 tclass=dir permissive=0
09-23 00:25:56.973 I/sysui_multi_action( 8440): [757,39,758,1,833,0,1089,86]
09-23 00:25:56.974 D/TelephonyRegistry( 1471): listen oscl: mHasNotifySubscriptionInfoChangedOccurred==false no callback
09-23 00:25:56.975 D/TelephonyRegistry( 1471): listen oscl: mHasNotifySubscriptionInfoChangedOccurred==false no callback
09-23 00:25:56.983 I/auditd ( 8440): type=1400 audit(0.0:722): avc: denied { read } for comm="pool-2-thread-7" name="pagetypeinfo" dev="proc" ino=4026531857 scontext=u:r:system_app:s0 tcontext=u:object_r:proc_pagetypeinfo:s0 tclass=file permissive=0
09-23 00:25:56.983 I/auditd ( 8440): type=1400 audit(0.0:723): avc: denied { search } for comm="pool-2-thread-7" name="zram0" dev="sysfs" ino=62873 scontext=u:r:system_app:s0 tcontext=u:object_r:sysfs_zram:s0 tclass=dir permissive=0
09-23 00:25:56.992 I/sysui_multi_action( 8440): [757,1729,758,4,854,isParalleledControllers:false,1089,105]
09-23 00:26:02.977 I/sysui_multi_action( 8440): [757,39,758,2,1089,6003]
09-23 00:26:03.007 I/sysui_multi_action( 8440): [757,744,758,1,833,0,1089,0]
09-23 00:26:05.698 I/sysui_multi_action( 8440): [757,830,758,4,833,0,854,dashboard_tile_pref_com.android.settings.Settings$DevelopmentSettingsDashboardActivity,1089,0]
09-23 00:26:05.700 I/sysui_multi_action( 8440): [757,744,758,2,1089,2693]
09-23 00:26:05.739 I/auditd ( 8440): type=1400 audit(0.0:725): avc: denied { read } for comm="ndroid.settings" name="pagetypeinfo" dev="proc" ino=4026531857 scontext=u:r:system_app:s0 tcontext=u:object_r:proc_pagetypeinfo:s0 tclass=file permissive=0
09-23 00:26:05.739 I/auditd ( 8440): type=1400 audit(0.0:726): avc: denied { search } for comm="ndroid.settings" name="zram0" dev="sysfs" ino=62873 scontext=u:r:system_app:s0 tcontext=u:object_r:sysfs_zram:s0 tclass=dir permissive=0
09-23 00:26:05.739 I/auditd ( 8440): type=1400 audit(0.0:727): avc: denied { search } for comm="ndroid.settings" name="zram0" dev="sysfs" ino=62873 scontext=u:r:system_app:s0 tcontext=u:object_r:sysfs_zram:s0 tclass=dir permissive=0
09-23 00:26:05.769 I/sysui_multi_action( 8440): [757,39,758,1,833,0,1089,68]
09-23 00:26:05.770 D/TelephonyRegistry( 1471): listen oscl: mHasNotifySubscriptionInfoChangedOccurred==false no callback
09-23 00:26:05.771 D/TelephonyRegistry( 1471): listen oscl: mHasNotifySubscriptionInfoChangedOccurred==false no callback
09-23 00:26:05.779 I/auditd ( 8440): type=1400 audit(0.0:728): avc: denied { read } for comm="pool-2-thread-1" name="pagetypeinfo" dev="proc" ino=4026531857 scontext=u:r:system_app:s0 tcontext=u:object_r:proc_pagetypeinfo:s0 tclass=file permissive=0
09-23 00:26:05.779 I/auditd ( 8440): type=1400 audit(0.0:729): avc: denied { search } for comm="pool-2-thread-1" name="zram0" dev="sysfs" ino=62873 scontext=u:r:system_app:s0 tcontext=u:object_r:sysfs_zram:s0 tclass=dir permissive=0
09-23 00:26:05.789 I/sysui_multi_action( 8440): [757,1729,758,4,854,isParalleledControllers:false,1089,88]
09-23 00:26:32.759 I/auditd ( 577): type=1400 audit(0.0:731): avc: denied { read } for comm="Binder:577_2" name="wakeup58" dev="sysfs" ino=83493 scontext=u:r:system_suspend:s0 tcontext=u:object_r:sysfs:s0 tclass=dir permissive=0
09-23 00:26:32.759 I/auditd ( 577): type=1400 audit(0.0:732): avc: denied { read } for comm="Binder:577_2" name="wakeup4" dev="sysfs" ino=52895 scontext=u:r:system_suspend:s0 tcontext=u:object_r:sysfs:s0 tclass=dir permissive=0
09-23 00:26:32.759 I/auditd ( 577): type=1400 audit(0.0:733): avc: denied { read } for comm="Binder:577_2" name="wakeup76" dev="sysfs" ino=88441 scontext=u:r:system_suspend:s0 tcontext=u:object_r:sysfs:s0 tclass=dir permissive=0
09-23 00:26:32.759 I/auditd ( 577): type=1400 audit(0.0:734): avc: denied { read } for comm="Binder:577_2" name="wakeup38" dev="sysfs" ino=68553 scontext=u:r:system_suspend:s0 tcontext=u:object_r:sysfs:s0 tclass=dir permissive=0
09-23 00:26:32.759 I/auditd ( 577): type=1400 audit(0.0:735): avc: denied { read } for comm="Binder:577_2" name="wakeup28" dev="sysfs" ino=59251 scontext=u:r:system_suspend:s0 tcontext=u:object_r:sysfs:s0 tclass=dir permissive=0
09-23 00:26:32.789 I/commit_sys_config_file( 1471): [batterystats,5]
09-23 00:26:32.790 I/commit_sys_config_file( 1471): [batterystats,1]
09-23 00:26:39.166 I/sysui_multi_action( 8440): [757,830,758,4,833,0,854,local_backup_password,1089,0]
09-23 00:26:39.180 I/wm_task_moved( 1471): [39,1,6]
09-23 00:26:39.180 I/wm_set_resumed_activity( 1471): [0,com.android.settings/.Settings,positionChildAt]
09-23 00:26:39.180 I/wm_create_activity( 1471): [0,27683284,39,com.android.settings/.SetFullBackupPassword,android.settings.privacy.SET_FULL_BACKUP_PASSWORD,NULL,NULL,0]
09-23 00:26:39.182 I/wm_pause_activity( 1471): [0,175300907,com.android.settings/.Settings,userLeaving=true,resumeTopActivityInnerLocked]
09-23 00:26:39.193 I/wm_on_top_resumed_lost_called( 8440): [175300907,com.android.settings.Settings,topStateChangedWhenResumed]
09-23 00:26:39.195 I/sysui_multi_action( 8440): [757,35,758,2,1089,118962]
09-23 00:26:39.197 I/sysui_multi_action( 8440): [757,39,758,2,1089,33428]
09-23 00:26:39.198 I/wm_on_paused_called( 8440): [175300907,com.android.settings.Settings,performPause]
09-23 00:26:39.199 I/wm_add_to_stopping( 1471): [0,175300907,com.android.settings/.Settings,makeInvisible]
09-23 00:26:39.200 I/wm_restart_activity( 1471): [0,27683284,39,com.android.settings/.SetFullBackupPassword]
09-23 00:26:39.201 I/wm_set_resumed_activity( 1471): [0,com.android.settings/.SetFullBackupPassword,minimalResumeActivityLocked]
09-23 00:26:39.205 I/sysui_multi_action( 1471): [757,803,799,window_time_0,802,119]
09-23 00:26:39.223 I/am_pss ( 1471): [8440,1000,com.android.settings,143898624,124850176,0,285007872,0,2,12]
09-23 00:26:39.225 I/input_focus( 1471): [Focus leaving b1c8932 com.android.settings/com.android.settings.Settings (server),reason=NO_WINDOW]
09-23 00:26:39.229 I/am_pss ( 1471): [8488,10088,com.qualcomm.qti.qccauthmgr,7304192,4337664,0,95457280,0,19,4]
09-23 00:26:39.236 I/am_pss ( 1471): [2544,10066,com.android.deskclock,24884224,16568320,0,142479360,0,19,6]
09-23 00:26:39.243 I/am_pss ( 1471): [8441,10068,com.android.calendar,7440384,4820992,0,92434432,0,19,5]
09-23 00:26:39.249 I/wm_on_create_called( 8440): [27683284,com.android.settings.SetFullBackupPassword,performCreate]
09-23 00:26:39.250 I/am_pss ( 1471): [6913,1000,com.qti.diagservices,6821888,3878912,0,93474816,0,10,5]
09-23 00:26:39.250 I/wm_on_start_called( 8440): [27683284,com.android.settings.SetFullBackupPassword,handleStartActivity]
09-23 00:26:39.251 I/wm_on_resume_called( 8440): [27683284,com.android.settings.SetFullBackupPassword,RESUME_ACTIVITY]
09-23 00:26:39.255 I/wm_on_top_resumed_gained_called( 8440): [27683284,com.android.settings.SetFullBackupPassword,topStateChangedWhenResumed]
09-23 00:26:39.263 I/input_focus( 1471): [Focus request 3e8aac3 com.android.settings/com.android.settings.SetFullBackupPassword,reason=UpdateInputWindows]
09-23 00:26:39.282 I/wm_activity_launch_time( 1471): [0,27683284,com.android.settings/.SetFullBackupPassword,112]
09-23 00:26:39.294 I/input_focus( 1471): [Focus entering 3e8aac3 com.android.settings/com.android.settings.SetFullBackupPassword (server),reason=setFocusedWindow]
09-23 00:26:39.678 I/wm_stop_activity( 1471): [0,175300907,com.android.settings/.Settings]
09-23 00:26:39.707 I/wm_on_stop_called( 8440): [175300907,com.android.settings.Settings,STOP_ACTIVITY_ITEM]
09-23 00:26:40.668 I/input_interaction( 1471): Interaction with: 3e8aac3 com.android.settings/com.android.settings.SetFullBackupPassword (server), edge-swipe (server), swipe-up (server), PointerEventDispatcher0 (server),
09-23 00:26:40.707 I/view_enqueue_input_event( 8440): [Motion - Cancel,com.android.settings/com.android.settings.SetFullBackupPassword]
09-23 00:26:40.719 I/input_interaction( 1471): Interaction with: edge-swipe (server), swipe-up (server), PointerEventDispatcher0 (server),
09-23 00:26:40.942 I/sysui_multi_action( 1471): [757,803,799,key_back_press,802,1]
09-23 00:26:40.945 I/input_interaction( 1471): Interaction with: 3e8aac3 com.android.settings/com.android.settings.SetFullBackupPassword (server), PointerEventDispatcher0 (server),
09-23 00:26:40.951 I/wm_finish_activity( 1471): [0,27683284,39,com.android.settings/.SetFullBackupPassword,app-request]
09-23 00:26:40.961 I/wm_pause_activity( 1471): [0,27683284,com.android.settings/.SetFullBackupPassword,userLeaving=false,finish]
09-23 00:26:40.964 I/wm_on_top_resumed_lost_called( 8440): [27683284,com.android.settings.SetFullBackupPassword,topStateChangedWhenResumed]
09-23 00:26:40.966 I/wm_on_paused_called( 8440): [27683284,com.android.settings.SetFullBackupPassword,performPause]
09-23 00:26:40.966 I/wm_add_to_stopping( 1471): [0,27683284,com.android.settings/.SetFullBackupPassword,completeFinishing]
09-23 00:26:40.970 I/wm_set_resumed_activity( 1471): [0,com.android.settings/.Settings,resumeTopActivityInnerLocked]
09-23 00:26:40.971 I/wm_resume_activity( 1471): [0,175300907,39,com.android.settings/.Settings]
09-23 00:26:40.976 I/sysui_multi_action( 1471): [757,803,799,window_time_0,802,2]
09-23 00:26:40.976 I/wm_on_restart_called( 8440): [175300907,com.android.settings.Settings,performRestartActivity]
09-23 00:26:40.982 I/input_focus( 1471): [Focus leaving 3e8aac3 com.android.settings/com.android.settings.SetFullBackupPassword (server),reason=NO_WINDOW]
09-23 00:26:40.982 I/wm_on_start_called( 8440): [175300907,com.android.settings.Settings,handleStartActivity]
09-23 00:26:40.983 I/snet_event_log( 8440): [120484087,-1,]
09-23 00:26:40.984 I/wm_on_resume_called( 8440): [175300907,com.android.settings.Settings,RESUME_ACTIVITY]
09-23 00:26:40.985 I/sysui_multi_action( 8440): [757,35,758,1,833,0,1089,0]
09-23 00:26:40.987 I/sysui_multi_action( 8440): [757,39,758,1,833,0,1089,0]
09-23 00:26:40.988 D/TelephonyRegistry( 1471): listen oscl: mHasNotifySubscriptionInfoChangedOccurred==false no callback
09-23 00:26:40.990 D/TelephonyRegistry( 1471): listen oscl: mHasNotifySubscriptionInfoChangedOccurred==false no callback
09-23 00:26:40.999 I/auditd ( 8440): type=1400 audit(0.0:782): avc: denied { read } for comm="pool-2-thread-6" name="pagetypeinfo" dev="proc" ino=4026531857 scontext=u:r:system_app:s0 tcontext=u:object_r:proc_pagetypeinfo:s0 tclass=file permissive=0
09-23 00:26:41.003 I/auditd ( 8440): type=1400 audit(0.0:783): avc: denied { search } for comm="pool-2-thread-6" name="zram0" dev="sysfs" ino=62873 scontext=u:r:system_app:s0 tcontext=u:object_r:sysfs_zram:s0 tclass=dir permissive=0
09-23 00:26:41.003 I/auditd ( 8440): type=1400 audit(0.0:784): avc: denied { search } for comm="pool-2-thread-6" name="zram0" dev="sysfs" ino=62873 scontext=u:r:system_app:s0 tcontext=u:object_r:sysfs_zram:s0 tclass=dir permissive=0
09-23 00:26:41.010 I/wm_on_top_resumed_gained_called( 8440): [175300907,com.android.settings.Settings,topWhenResuming]
09-23 00:26:42.047 I/input_focus( 1471): [Focus request b1c8932 com.android.settings/com.android.settings.Settings,reason=UpdateInputWindows]
09-23 00:26:42.251 I/input_focus( 1471): [Focus entering b1c8932 com.android.settings/com.android.settings.Settings (server),reason=Window became focusable. Previous reason: NOT_VISIBLE]
09-23 00:26:42.636 I/wm_destroy_activity( 1471): [0,27683284,39,com.android.settings/.SetFullBackupPassword,finish-imm:idle]
09-23 00:26:42.661 I/wm_on_stop_called( 8440): [27683284,com.android.settings.SetFullBackupPassword,LIFECYCLER_STOP_ACTIVITY]
09-23 00:26:42.661 I/wm_on_destroy_called( 8440): [27683284,com.android.settings.SetFullBackupPassword,performDestroy]
09-23 00:26:43.550 I/input_interaction( 1471): Interaction with: b1c8932 com.android.settings/com.android.settings.Settings (server), edge-swipe (server), swipe-up (server), PointerEventDispatcher0 (server),
09-23 00:26:43.630 I/view_enqueue_input_event( 8440): [Motion - Cancel,com.android.settings/com.android.settings.Settings]
09-23 00:26:43.643 I/input_interaction( 1471): Interaction with: edge-swipe (server), swipe-up (server), PointerEventDispatcher0 (server),
09-23 00:26:43.659 I/service_manager_stats( 1471): [100,46,63605]
09-23 00:26:44.988 I/input_interaction( 1471): Interaction with: b1c8932 com.android.settings/com.android.settings.Settings (server), edge-swipe (server), swipe-up (server), PointerEventDispatcher0 (server),
09-23 00:26:46.899 I/sysui_multi_action( 8440): [757,830,758,4,833,0,854,top_level_system,1089,0]
09-23 00:26:46.906 I/sysui_multi_action( 8440): [757,39,758,2,1089,5919]
09-23 00:26:46.941 I/sysui_multi_action( 8440): [757,744,758,1,833,0,1089,15]
09-23 00:26:46.943 I/sysui_multi_action( 8440): [757,1729,758,4,854,isParalleledControllers:false,1089,18]
09-23 00:26:48.383 I/sysui_multi_action( 8440): [757,830,758,4,833,0,854,dashboard_tile_pref_com.android.settings.Settings$DevelopmentSettingsDashboardActivity,1089,0]
09-23 00:26:48.385 I/sysui_multi_action( 8440): [757,744,758,2,1089,1445]
09-23 00:26:48.431 I/auditd ( 8440): type=1400 audit(0.0:785): avc: denied { read } for comm="ndroid.settings" name="pagetypeinfo" dev="proc" ino=4026531857 scontext=u:r:system_app:s0 tcontext=u:object_r:proc_pagetypeinfo:s0 tclass=file permissive=0
09-23 00:26:48.435 I/auditd ( 8440): type=1400 audit(0.0:786): avc: denied { search } for comm="ndroid.settings" name="zram0" dev="sysfs" ino=62873 scontext=u:r:system_app:s0 tcontext=u:object_r:sysfs_zram:s0 tclass=dir permissive=0
09-23 00:26:48.435 I/auditd ( 8440): type=1400 audit(0.0:787): avc: denied { search } for comm="ndroid.settings" name="zram0" dev="sysfs" ino=62873 scontext=u:r:system_app:s0 tcontext=u:object_r:sysfs_zram:s0 tclass=dir permissive=0
09-23 00:26:48.480 I/sysui_multi_action( 8440): [757,39,758,1,833,0,1089,93]
09-23 00:26:48.480 D/TelephonyRegistry( 1471): listen oscl: mHasNotifySubscriptionInfoChangedOccurred==false no callback
09-23 00:26:48.487 D/TelephonyRegistry( 1471): listen oscl: mHasNotifySubscriptionInfoChangedOccurred==false no callback
09-23 00:26:48.499 I/auditd ( 8440): type=1400 audit(0.0:788): avc: denied { read } for comm="pool-2-thread-4" name="pagetypeinfo" dev="proc" ino=4026531857 scontext=u:r:system_app:s0 tcontext=u:object_r:proc_pagetypeinfo:s0 tclass=file permissive=0
09-23 00:26:48.503 I/auditd ( 8440): type=1400 audit(0.0:789): avc: denied { search } for comm="pool-2-thread-4" name="zram0" dev="sysfs" ino=62873 scontext=u:r:system_app:s0 tcontext=u:object_r:sysfs_zram:s0 tclass=dir permissive=0
09-23 00:26:48.503 I/auditd ( 8440): type=1400 audit(0.0:790): avc: denied { search } for comm="pool-2-thread-4" name="zram0" dev="sysfs" ino=62873 scontext=u:r:system_app:s0 tcontext=u:object_r:sysfs_zram:s0 tclass=dir permissive=0
09-23 00:26:48.509 I/sysui_multi_action( 8440): [757,1729,758,4,854,isParalleledControllers:false,1089,123]
09-23 00:26:56.173 I/sysui_multi_action( 8440): [757,39,758,2,1089,7693]
09-23 00:26:56.205 I/sysui_multi_action( 8440): [757,744,758,1,833,0,1089,0]
09-23 00:27:00.932 I/sysui_multi_action( 8440): [757,830,758,4,833,0,854,language_input_settings,1089,0]
09-23 00:27:00.946 I/sysui_multi_action( 8440): [757,744,758,2,1089,4740]
09-23 00:27:00.972 I/sysui_multi_action( 8440): [757,750,758,1,833,0,1089,25]
09-23 00:27:00.977 I/am_uid_running( 1471): 10020
09-23 00:27:00.995 I/am_proc_start( 1471): [0,8661,10020,android.process.acore,content provider,{com.android.providers.userdictionary/com.android.providers.userdictionary.UserDictionaryProvider}]
09-23 00:27:01.022 I/am_proc_bound( 1471): [0,8661,android.process.acore]
09-23 00:27:01.026 I/am_uid_active( 1471): 10020
09-23 00:27:01.118 I/sysui_multi_action( 8440): [757,1729,758,4,854,isParalleledControllers:false,1089,171]
09-23 00:27:01.872 I/sysui_multi_action( 8440): [757,750,758,2,1089,900]
09-23 00:27:01.889 I/sysui_multi_action( 8440): [757,744,758,1,833,0,1089,0]
09-23 00:27:03.118 I/sysui_multi_action( 8440): [757,830,758,4,833,0,854,dashboard_tile_pref_com.android.settings.Settings$DevelopmentSettingsDashboardActivity,1089,0]
09-23 00:27:03.121 I/sysui_multi_action( 8440): [757,744,758,2,1089,1232]
09-23 00:27:03.163 I/auditd ( 8440): type=1400 audit(0.0:791): avc: denied { read } for comm="ndroid.settings" name="pagetypeinfo" dev="proc" ino=4026531857 scontext=u:r:system_app:s0 tcontext=u:object_r:proc_pagetypeinfo:s0 tclass=file permissive=0
09-23 00:27:03.167 I/auditd ( 8440): type=1400 audit(0.0:792): avc: denied { search } for comm="ndroid.settings" name="zram0" dev="sysfs" ino=62873 scontext=u:r:system_app:s0 tcontext=u:object_r:sysfs_zram:s0 tclass=dir permissive=0
09-23 00:27:03.167 I/auditd ( 8440): type=1400 audit(0.0:793): avc: denied { search } for comm="ndroid.settings" name="zram0" dev="sysfs" ino=62873 scontext=u:r:system_app:s0 tcontext=u:object_r:sysfs_zram:s0 tclass=dir permissive=0
09-23 00:27:03.212 I/sysui_multi_action( 8440): [757,39,758,1,833,0,1089,90]
09-23 00:27:03.213 D/TelephonyRegistry( 1471): listen oscl: mHasNotifySubscriptionInfoChangedOccurred==false no callback
09-23 00:27:03.214 I/service_manager_stats( 8440): [100,54,84533]
09-23 00:27:03.215 D/TelephonyRegistry( 1471): listen oscl: mHasNotifySubscriptionInfoChangedOccurred==false no callback
09-23 00:27:03.223 I/auditd ( 8440): type=1400 audit(0.0:794): avc: denied { read } for comm="pool-2-thread-6" name="pagetypeinfo" dev="proc" ino=4026531857 scontext=u:r:system_app:s0 tcontext=u:object_r:proc_pagetypeinfo:s0 tclass=file permissive=0
09-23 00:27:03.227 I/auditd ( 8440): type=1400 audit(0.0:795): avc: denied { search } for comm="pool-2-thread-6" name="zram0" dev="sysfs" ino=62873 scontext=u:r:system_app:s0 tcontext=u:object_r:sysfs_zram:s0 tclass=dir permissive=0
09-23 00:27:03.227 I/auditd ( 8440): type=1400 audit(0.0:796): avc: denied { search } for comm="pool-2-thread-6" name="zram0" dev="sysfs" ino=62873 scontext=u:r:system_app:s0 tcontext=u:object_r:sysfs_zram:s0 tclass=dir permissive=0
09-23 00:27:03.237 I/sysui_multi_action( 8440): [757,1729,758,4,854,isParalleledControllers:false,1089,115]
09-23 00:27:07.143 I/wm_task_moved( 1471): [1,0,0]
09-23 00:27:07.144 I/wm_task_moved( 1471): [1,0,5]
