09-23 00:43:46.994 D/vendor.qti.vibrator( 880): Vibrator on for timeoutMs: 350
09-23 00:43:46.994 D/vendor.qti.vibrator( 880): Starting on on another thread
09-23 00:43:47.144 I/mpu_uart( 651): [MSG-P:RECV]:No message received in 1000 ms
09-23 00:43:47.344 D/vendor.qti.vibrator( 880): Notifying on complete
09-23 00:43:47.345 D/vendor.qti.vibrator( 880): QTI Vibrator off
09-23 00:43:47.827 D/CCodecBufferChannel( 1204): [c2.android.vorbis.decoder#162] buffers after EOS ignored (0 us)
09-23 00:43:47.828 D/CCodecBufferChannel( 1204): [c2.android.vorbis.decoder#162] buffers after EOS ignored (0 us)
09-23 00:43:47.829 D/AudioTrack( 1204): stop(50): called with 82980 frames delivered
09-23 00:43:47.865 I/system_server( 1471): Explicit concurrent copying GC freed 47393(2049KB) AllocSpace objects, 4(136KB) LOS objects, 49% free, 10237KB/19MB, paused 274us,64us total 130.146ms
09-23 00:43:47.867 W/System ( 1471): A resource failed to call close.
09-23 00:43:47.867 W/System ( 1471): A resource failed to call close.
09-23 00:43:48.145 I/mpu_uart( 651): [MSG-P:RECV]:No message received in 1000 ms
09-23 00:43:48.263 D/audio_hw_primary( 814): out_set_parameters: enter: usecase(1: low-latency-playback) kvpairs: suspend_playback=true
09-23 00:43:48.263 D/audio_hw_extn( 814): audio_extn_fm_set_parameters: Enter
09-23 00:43:48.274 D/audio_hw_primary( 814): out_set_parameters: enter: usecase(1: low-latency-playback) kvpairs: suspend_playback=false
09-23 00:43:48.274 D/audio_hw_extn( 814): audio_extn_fm_set_parameters: Enter
09-23 00:43:48.278 D/audio_hw_primary( 814): out_set_parameters: enter: usecase(1: low-latency-playback) kvpairs: suspend_playback=true
09-23 00:43:48.278 D/audio_hw_extn( 814): audio_extn_fm_set_parameters: Enter
09-23 00:43:48.289 D/audio_hw_primary( 814): out_set_parameters: enter: usecase(1: low-latency-playback) kvpairs: suspend_playback=false
09-23 00:43:48.289 D/audio_hw_extn( 814): audio_extn_fm_set_parameters: Enter
09-23 00:43:48.294 I/MediaFocusControl( 1471): abandonAudioFocus() from uid/pid 10081/1849 clientId=android.media.AudioManager@a042cca
09-23 00:43:48.294 D/Avrcp_ext( 1846): AudioManager Player: AudioPlaybackConfiguration piid:71 deviceId:0 type:android.media.SoundPool u/pid:1000/1471 state:idle attr:AudioAttributes: usage=USAGE_ASSISTANCE_SONIFICATION content=CONTENT_TYPE_SONIFICATION flags=0x800 tags= bundle=null sessionId:0
09-23 00:43:48.295 D/Avrcp_ext( 1846): AudioManager Player: AudioPlaybackConfiguration piid:231 deviceId:3 type:android.media.MediaPlayer u/pid:10081/1849 state:stopped attr:AudioAttributes: usage=USAGE_NOTIFICATION content=CONTENT_TYPE_SONIFICATION flags=0x800 tags= bundle=null sessionId:0
09-23 00:43:48.295 D/Avrcp_ext( 1846): AudioManager Player: AudioPlaybackConfiguration piid:79 deviceId:0 type:android.media.SoundPool u/pid:10081/1849 state:idle attr:AudioAttributes: usage=USAGE_ASSISTANCE_SONIFICATION content=CONTENT_TYPE_SONIFICATION flags=0x800 tags= bundle=null sessionId:0
09-23 00:43:48.295 D/Avrcp_ext( 1846): AudioManager isPlaying: false, mAudioPlaybackIsActive = true
09-23 00:43:48.295 D/Avrcp_ext( 1846): AudioManager Reset Active Player
09-23 00:43:48.295 D/audio_hw_primary( 814): out_set_parameters: enter: usecase(1: low-latency-playback) kvpairs: suspend_playback=true
09-23 00:43:48.295 D/audio_hw_extn( 814): audio_extn_fm_set_parameters: Enter
09-23 00:43:48.295 V/MediaPlayer( 1849): resetDrmState: mDrmInfo=null mDrmProvisioningThread=null mPrepareDrmInProgress=false mActiveDrmScheme=false
09-23 00:43:48.295 V/MediaPlayer( 1849): cleanDrmObj: mDrmObj=null mDrmSessionId=null
09-23 00:43:48.295 D/NuPlayerDriver( 1204): reset(0xec3c1b90) at state 6
09-23 00:43:48.297 D/audio_hw_primary( 814): out_set_parameters: enter: usecase(1: low-latency-playback) kvpairs: suspend_playback=false
09-23 00:43:48.298 D/audio_hw_extn( 814): audio_extn_fm_set_parameters: Enter
09-23 00:43:48.299 V/Avrcp_ext( 1846): updateCurrentMediaState: mMediaController: MediaController (com.android.systemui@4bcf3cb) null
09-23 00:43:48.299 W/Avrcp_ext( 1846): isMusicActive: false getBluetoothPlayState: 2 A2dp State: 11 mAudioPlaybackIsActive: false
09-23 00:43:48.300 D/Avrcp_ext( 1846): isMusicActive = false mAudioPlaybackIsActive = false player state = null
09-23 00:43:48.300 I/Avrcp_ext( 1846): Skipping update due to invalid playback state
09-23 00:43:48.300 V/Avrcp_ext( 1846): updatePlaybackState, state: null device: null
09-23 00:43:48.300 V/Avrcp_ext( 1846): Device: no name:
09-23 00:43:48.300 V/Avrcp_ext( 1846): Device: no name:
09-23 00:43:48.300 V/Avrcp_ext( 1846): Device: no name:
09-23 00:43:48.300 V/Avrcp_ext( 1846): Device: no name:
09-23 00:43:48.300 V/Avrcp_ext( 1846): Device: no name:
09-23 00:43:48.301 V/Avrcp_ext( 1846): updatePlayerStateAndPosition, old=PlaybackState {state=2, position=-1, buffered position=0, speed=0.0, updated=14343, actions=0, custom actions=[], active item id=-1, error=null}, state=null
09-23 00:43:48.301 I/hw-BpHwBinder( 1204): onLastStrongRef automatically unlinking death recipients
09-23 00:43:48.301 I/Avrcp_ext( 1846): updatePlayerStateAndPosition: device: state = null
09-23 00:43:48.301 D/Avrcp_ext( 1846): AudioManager Player: AudioPlaybackConfiguration piid:71 deviceId:0 type:android.media.SoundPool u/pid:1000/1471 state:idle attr:AudioAttributes: usage=USAGE_ASSISTANCE_SONIFICATION content=CONTENT_TYPE_SONIFICATION flags=0x800 tags= bundle=null sessionId:0
09-23 00:43:48.301 I/hw-BpHwBinder( 1252): onLastStrongRef automatically unlinking death recipients
09-23 00:43:48.301 D/Avrcp_ext( 1846): AudioManager Player: AudioPlaybackConfiguration piid:79 deviceId:0 type:android.media.SoundPool u/pid:10081/1849 state:idle attr:AudioAttributes: usage=USAGE_ASSISTANCE_SONIFICATION content=CONTENT_TYPE_SONIFICATION flags=0x800 tags= bundle=null sessionId:0
09-23 00:43:48.301 D/Avrcp_ext( 1846): AudioManager isPlaying: false, mAudioPlaybackIsActive = false
09-23 00:43:48.301 D/Avrcp_ext( 1846): AudioManager Reset Active Player
09-23 00:43:48.302 V/C2Store ( 1252): in ~ComponentModule
09-23 00:43:48.302 V/C2Store ( 1252): unloading dll
09-23 00:43:48.306 D/NuPlayerDriver( 1204): notifyResetComplete(0xec3c1b90)
09-23 00:43:48.306 W/AMessage( 1204): failed to post message as target looper for handler 0 is gone.
09-23 00:43:48.343 D/audio_hw_primary( 814): out_set_parameters: enter: usecase(1: low-latency-playback) kvpairs: suspend_playback=true
09-23 00:43:48.343 D/audio_hw_extn( 814): audio_extn_fm_set_parameters: Enter
09-23 00:43:48.344 D/msm8974_platform( 814): platform_split_snd_device: snd_device(2) num devices(1) new_snd_devices(0)
09-23 00:43:48.344 D/ACDB-LOADER( 814): ACDB -> send_audvoltable
09-23 00:43:48.344 D/ACDB-LOADER( 814): ACDB -> ACDB_CMD_GET_AUDPROC_INSTANCE_GAIN_DEP_STEP_TABLE_SIZE
09-23 00:43:48.344 D/ACDB-LOADER( 814): ACDB -> ACDB_CMD_GET_AUDPROC_INSTANCE_GAIN_DEP_STEP_TABLE, vol index 0
09-23 00:43:48.344 D/ACDB-LOADER( 814): ACDB -> AUDIO_SET_VOL_CAL cal type = 40
09-23 00:43:48.345 D/msm8974_platform( 814): platform_split_snd_device: snd_device(2) num devices(1) new_snd_devices(0)
09-23 00:43:48.775 I/mpu_uart( 651): [MSG-P:R]:recv sync frame timeout
09-23 00:43:49.145 I/mpu_uart( 651): [MSG-P:RECV]:No message received in 1000 ms
09-23 00:43:49.344 D/audio_hw_primary( 814): out_set_parameters: enter: usecase(1: low-latency-playback) kvpairs: suspend_playback=false
09-23 00:43:49.344 D/audio_hw_extn( 814): audio_extn_fm_set_parameters: Enter
09-23 00:43:49.346 W/audio_hw_primary( 814): out_write: underrun(151) frames_by_time(48243) > out->last_fifo_frames_remaining(384)
09-23 00:43:49.388 D/audio_hw_primary( 814): out_set_parameters: enter: usecase(1: low-latency-playback) kvpairs: suspend_playback=true
09-23 00:43:49.388 D/audio_hw_extn( 814): audio_extn_fm_set_parameters: Enter
09-23 00:43:50.145 I/mpu_uart( 651): [MSG-P:RECV]:No message received in 1000 ms
09-23 00:43:50.388 D/audio_hw_primary( 814): out_set_parameters: enter: usecase(1: low-latency-playback) kvpairs: suspend_playback=false
09-23 00:43:50.389 D/audio_hw_extn( 814): audio_extn_fm_set_parameters: Enter
09-23 00:43:50.389 W/audio_hw_primary( 814): out_write: underrun(152) frames_by_time(48232) > out->last_fifo_frames_remaining(384)
09-23 00:43:50.427 D/audio_hw_primary( 814): out_set_parameters: enter: usecase(1: low-latency-playback) kvpairs: suspend_playback=true
09-23 00:43:50.427 D/audio_hw_extn( 814): audio_extn_fm_set_parameters: Enter
09-23 00:43:51.146 I/mpu_uart( 651): [MSG-P:RECV]:No message received in 1000 ms
09-23 00:43:51.428 D/audio_hw_primary( 814): out_set_parameters: enter: usecase(1: low-latency-playback) kvpairs: suspend_playback=false
09-23 00:43:51.428 D/audio_hw_extn( 814): audio_extn_fm_set_parameters: Enter
09-23 00:43:51.428 D/audio_hw_primary( 814): out_standby: enter: stream (0xe7fc64c0) usecase(1: low-latency-playback)
09-23 00:43:51.448 D/audio_hw_primary( 814): disable_audio_route: reset and update mixer path: low-latency-playback
09-23 00:43:51.450 E/soundtrigger( 814): audio_extn_sound_trigger_update_stream_status: invalid input device 0x0, for event 2
09-23 00:43:51.450 D/soundtrigger( 814): audio_extn_sound_trigger_update_stream_status: uc_info->id 1 of type 0 for Event 2, with Raise=0
09-23 00:43:51.450 D/msm8974_platform( 814): platform_split_snd_device: snd_device(2) num devices(0) new_snd_devices(0)
09-23 00:43:51.450 I/msm8974_platform( 814): platform_get_custom_mtmx_params: no matching param with id 0 ip_ch 2 op_ch 2 uc_id 1 snd_dev 2
09-23 00:43:51.450 D/hardware_info( 814): hw_info_append_hw_type : device_name = speaker
09-23 00:43:51.450 D/audio_hw_primary( 814): disable_snd_device: snd_device(2: speaker)
09-23 00:43:51.450 D/msm8974_platform( 814): platform_split_snd_device: snd_device(2) num devices(0) new_snd_devices(0)
09-23 00:43:51.450 I/soundtrigger( 814): audio_extn_sound_trigger_update_device_status: device 0x2 of type 0 for Event 0, with Raise=0
09-23 00:43:51.450 D/audio_hw_primary( 814): out_standby: exit
09-23 00:43:51.457 D/BufferPoolAccessor2.0( 1252): evictor expired: 2, evicted: 0
09-23 00:43:51.461 F/linker ( 9601): CANNOT LINK EXECUTABLE "/vendor/bin/hw/qvrservice": library "vendor.qti.hardware.qxr-V1-ndk_platform.so" not found: needed by /vendor/lib64/libqvrservice.so in namespace (default)
09-23 00:43:51.461 F/linker ( 9602): CANNOT LINK EXECUTABLE "/vendor/bin/hw/sxrservice": library "vendor.qti.hardware.qxr-V1-ndk_platform.so" not found: needed by main executable
09-23 00:43:51.467 I/hwservicemanager( 513): getTransport: Cannot find entry android.hardware.light@2.0::ILight/default in either framework or device VINTF manifest.
09-23 00:43:51.470 E/light ( 9600): light_open lights keyboard failed: -22
09-23 00:43:51.470 E/light ( 9600): Light passthrough failed to load legacy HAL.
09-23 00:43:51.470 E/light ( 9600): light_open lights buttons failed: -22
09-23 00:43:51.470 E/light ( 9600): Light passthrough failed to load legacy HAL.
09-23 00:43:51.471 E/light ( 9600): light_open lights bluetooth failed: -22
09-23 00:43:51.471 E/light ( 9600): Light passthrough failed to load legacy HAL.
09-23 00:43:51.471 E/light ( 9600): light_open lights wifi failed: -22
09-23 00:43:51.471 E/light ( 9600): Light passthrough failed to load legacy HAL.
09-23 00:43:51.472 I/hwservicemanager( 513): getTransport: Cannot find entry android.hardware.light@2.0::ILight/default in either framework or device VINTF manifest.
09-23 00:43:51.472 E/HidlServiceManagement( 9600): Service android.hardware.light@2.0::ILight/default must be in VINTF manifest in order to register/get.
09-23 00:43:51.472 E/LegacySupport( 9600): Could not register service android.hardware.light@2.0::ILight/default (-2147483648).
09-23 00:43:51.767 I/input_interaction( 1471): Interaction with: 4ed4abc com.android.launcher3/com.android.launcher3.uioverrides.QuickstepLauncher (server), d380f0a com.android.systemui.ImageWallpaper (server), edge-swipe (server), swipe-up (server), PointerEventDispatcher0 (server),
09-23 00:43:51.778 I/mpu_uart( 651): [MSG-P:R]:recv sync frame timeout
09-23 00:43:51.803 I/OMX-VENC: venc_dev( 1213): stats: avg. fps 5.48, bitrate 324378
09-23 00:43:51.893 I/ActivityTaskManager( 1471): START u0 {act=android.intent.action.MAIN cat=[android.intent.category.LAUNCHER] flg=0x10200000 cmp=com.android.settings/.Settings bnds=[2111,696][2292,883]} from uid 10076
09-23 00:43:51.894 I/EventSequenceValidator( 1471): inc AccIntentStartedEvents to 2
09-23 00:43:51.895 I/wm_task_moved( 1471): [39,1,6]
09-23 00:43:51.895 I/wm_task_to_front( 1471): [0,39]
09-23 00:43:51.896 I/wm_focused_root_task( 1471): [0,0,39,1,bringingFoundTaskToFront]
09-23 00:43:51.896 I/wm_set_resumed_activity( 1471): [0,com.android.settings/.Settings,bringingFoundTaskToFront]
09-23 00:43:51.896 I/wm_new_intent( 1471): [0,175300907,39,com.android.settings/.Settings,android.intent.action.MAIN,NULL,NULL,270532608]
09-23 00:43:51.897 D/CompatibilityInfo( 1471): mCompatibilityFlags - 4
09-23 00:43:51.897 D/CompatibilityInfo( 1471): applicationDensity - 240
09-23 00:43:51.897 D/CompatibilityInfo( 1471): applicationScale - 1.0
09-23 00:43:51.898 D/ActivityTrigger( 1471): ActivityTrigger activityPauseTrigger
09-23 00:43:51.898 I/wm_pause_activity( 1471): [0,226227664,com.android.launcher3/.uioverrides.QuickstepLauncher,userLeaving=true,pauseBackTasks]
09-23 00:43:51.901 D/audio_hw_primary( 814): start_output_stream: enter: stream(0xe7fc64c0)usecase(1: low-latency-playback) devices(0x2) is_haptic_usecase(0)
09-23 00:43:51.902 E/ANDR-PERF-TARGET( 866): Error: Invalid logical cluster id 0
09-23 00:43:51.902 E/ANDR-PERF-REQUEST( 866): invalid request
09-23 00:43:51.902 E/ANDR-PERF-MPCTL( 866): invalid request, no optimizations performed
09-23 00:43:51.902 E/audio_hw_extn( 814): audio_extn_perf_lock_acquire: Failed to acquire perf lock, err: -1
09-23 00:43:51.902 D/audio_hw_primary( 814): select_devices for use case (low-latency-playback)
09-23 00:43:51.902 I/msm8974_platform( 814): platform_check_and_set_codec_backend_cfg:becf: afe: bitwidth 16, samplerate 48000 channels 2, backend_idx 0 usecase = 1 device (speaker)
09-23 00:43:51.902 D/msm8974_platform( 814): platform_split_snd_device: snd_device(2) num devices(1) new_snd_devices(0)
09-23 00:43:51.902 I/msm8974_platform( 814): platform_check_and_set_codec_backend_cfg: new_snd_devices[0] is 2
09-23 00:43:51.902 I/msm8974_platform( 814): platform_check_codec_backend_cfg:becf: afe: bitwidth 16, samplerate 48000 channels 2, backend_idx 0 usecase = 1 device (speaker)
09-23 00:43:51.904 D/audio_hw_extn( 814): audio_extn_enable_hifi_filter: mixer_value set 0
09-23 00:43:51.904 D/msm8974_platform( 814): platform_check_codec_backend_cfg:becf: updated afe: bitwidth 16, samplerate 48000 channels 2,backend_idx 0 usecase = 1 device (speaker)
09-23 00:43:51.904 D/msm8974_platform( 814): platform_check_codec_backend_cfg:becf: afe: playback on codec device not supporting native playback set default Sample Rate(48k)
09-23 00:43:51.904 I/msm8974_platform( 814): platform_check_codec_backend_cfg:becf: afe: Codec selected backend: 0 updated bit width: 16 and sample rate: 48000
09-23 00:43:51.904 D/audio_hw_primary( 814): check_usecases_codec_backend:becf: force routing 0
09-23 00:43:51.904 E/msm8974_platform( 814): platform_check_backends_match: Invalid snd_device =
09-23 00:43:51.904 D/audio_hw_primary( 814): check_usecases_codec_backend:becf: (78) check_usecases curr device: speaker, usecase device: backends match 0
09-23 00:43:51.904 D/audio_hw_primary( 814): check_usecases_codec_backend:becf: check_usecases num.of Usecases to switch 0
09-23 00:43:51.904 D/hardware_info( 814): hw_info_append_hw_type : device_name = speaker
09-23 00:43:51.904 D/msm8974_platform( 814): platform_split_snd_device: snd_device(2) num devices(0) new_snd_devices(0)
09-23 00:43:51.904 D/audio_hw_primary( 814): enable_snd_device: snd_device(2: speaker)
09-23 00:43:51.904 D/msm8974_platform( 814): platform_get_island_cfg_on_device:island cfg status on snd_device = (speaker 0)
09-23 00:43:51.904 I/soundtrigger( 814): audio_extn_sound_trigger_update_device_status: device 0x2 of type 0 for Event 1, with Raise=0
09-23 00:43:51.904 D/audio_route( 814): Apply path: speaker
09-23 00:43:51.904 I/audio_hw_utils( 814): audio_extn_utils_update_stream_output_app_type_cfg Allowing 24 and above bits playback on speaker ONLY at default sampling rate
09-23 00:43:51.904 E/soundtrigger( 814): audio_extn_sound_trigger_update_stream_status: invalid input device 0x0, for event 3
09-23 00:43:51.904 D/soundtrigger( 814): audio_extn_sound_trigger_update_stream_status: uc_info->id 1 of type 0 for Event 3, with Raise=0
09-23 00:43:51.904 D/audio_hw_utils( 814): audio_extn_utils_send_app_type_cfg: usecase->out_snd_device speaker
09-23 00:43:51.904 D/msm8974_platform( 814): platform_split_snd_device: snd_device(2) num devices(0) new_snd_devices(0)
09-23 00:43:51.905 D/audio_hw_utils( 814): audio_extn_btsco_get_sample_rate:Not a BT SCO device, need not update sampling rate
09-23 00:43:51.905 I/audio_hw_utils( 814): send_app_type_cfg_for_device PLAYBACK app_type 69937, acdb_dev_id 15, sample_rate 48000, snd_device_be_idx 179
09-23 00:43:51.905 D/msm8974_platform( 814): platform_split_snd_device: snd_device(2) num devices(1) new_snd_devices(0)
09-23 00:43:51.905 D/audio_hw_utils( 814): audio_extn_btsco_get_sample_rate:Not a BT SCO device, need not update sampling rate
09-23 00:43:51.905 D/ACDB-LOADER( 814): ACDB -> send_audio_cal, acdb_id = 15, path = 0, app id = 0x11131, sample rate = 48000, afe_sample_rate = 48000
09-23 00:43:51.905 D/ACDB-LOADER( 814): ACDB -> send_asm_topology
09-23 00:43:51.905 D/ACDB-LOADER( 814): ACDB -> ACDB_CMD_GET_AUDPROC_STREAM_TOPOLOGY_ID
09-23 00:43:51.905 D/ACDB-LOADER( 814): ACDB -> send_adm_topology
09-23 00:43:51.905 D/ACDB-LOADER( 814): ACDB -> ACDB_CMD_GET_AUDPROC_COMMON_TOPOLOGY_ID
09-23 00:43:51.905 D/ACDB-LOADER( 814): ACDB -> send_audtable
09-23 00:43:51.905 D/ACDB-LOADER( 814): ACDB -> ACDB_CMD_GET_AUDPROC_INSTANCE_COMMON_TABLE_SIZE
09-23 00:43:51.905 D/ACDB-LOADER( 814): ACDB -> ACDB_CMD_GET_AUDPROC_INSTANCE_COMMON_TABLE
09-23 00:43:51.905 D/ACDB-LOADER( 814): ACDB -> AUDIO_SET_AUDPROC_CAL cal_type[11] acdb_id[15] app_type[69937]
09-23 00:43:51.905 D/ACDB-LOADER( 814): ACDB -> send_audvoltable
09-23 00:43:51.905 D/ACDB-LOADER( 814): ACDB -> ACDB_CMD_GET_AUDPROC_INSTANCE_GAIN_DEP_STEP_TABLE_SIZE
09-23 00:43:51.905 D/ACDB-LOADER( 814): ACDB -> ACDB_CMD_GET_AUDPROC_INSTANCE_GAIN_DEP_STEP_TABLE, vol index 0
09-23 00:43:51.905 D/ACDB-LOADER( 814): ACDB -> AUDIO_SET_VOL_CAL cal type = 12
09-23 00:43:51.905 D/ACDB-LOADER( 814): ACDB -> ACDB_CMD_GET_AUDPROC_INSTANCE_STREAM_TABLE_SIZE
09-23 00:43:51.906 D/ACDB-LOADER( 814): ACDB -> send_audstrmtable
09-23 00:43:51.906 D/ACDB-LOADER( 814): ACDB -> ACDB_CMD_GET_AUDPROC_INSTANCE_STREAM_TABLE
09-23 00:43:51.906 D/ACDB-LOADER( 814): ACDB -> audstrm_cal->cal_type.cal_data.cal_size = 20
09-23 00:43:51.906 D/ACDB-LOADER( 814): ACDB -> send_afe_topology
09-23 00:43:51.906 D/ACDB-LOADER( 814): ACDB -> ACDB_CMD_GET_AFE_TOPOLOGY_ID
09-23 00:43:51.906 D/ACDB-LOADER( 814): ACDB -> GET_AFE_TOPOLOGY_ID for adcd_id 15, Topology Id 112fc
09-23 00:43:51.906 D/ACDB-LOADER( 814): ACDB -> send_afe_cal
09-23 00:43:51.906 D/ACDB-LOADER( 814): ACDB -> ACDB_CMD_GET_AFE_INSTANCE_COMMON_TABLE_SIZE
09-23 00:43:51.906 D/android.hardware.audio.service( 814): Failed to fetch the lookup information of the device 0000000F
09-23 00:43:51.906 D/ACDB-LOADER( 814): Error: ACDB_CMD_GET_AFE_INSTANCE_COMMON_TABLE_SIZE Returned = -19
09-23 00:43:51.906 D/ACDB-LOADER( 814): ACDB -> ACDB_CMD_GET_AFE_INSTANCE_COMMON_TABLE
09-23 00:43:51.906 D/android.hardware.audio.service( 814): Failed to fetch the lookup information of the device 0000000F
09-23 00:43:51.906 D/ACDB-LOADER( 814): Error: ACDB AFE returned = -19
09-23 00:43:51.906 D/ACDB-LOADER( 814): ACDB -> AUDIO_SET_AFE_CAL cal_type[16] acdb_id[15]
09-23 00:43:51.906 D/ACDB-LOADER( 814): ACDB -> send_hw_delay : acdb_id = 15 path = 0
09-23 00:43:51.906 D/ACDB-LOADER( 814): ACDB -> ACDB_AVSYNC_INFO: ACDB_CMD_GET_DEVICE_PROPERTY
09-23 00:43:51.906 D/msm8974_platform( 814): platform_split_snd_device: snd_device(2) num devices(0) new_snd_devices(0)
09-23 00:43:51.906 I/msm8974_platform( 814): platform_get_custom_mtmx_params: no matching param with id 0 ip_ch 2 op_ch 2 uc_id 1 snd_dev 2
09-23 00:43:51.906 D/audio_hw_primary( 814): enable_audio_route: apply mixer and update path: low-latency-playback
09-23 00:43:51.906 D/audio_route( 814): Apply path: low-latency-playback
09-23 00:43:51.907 D/audio_hw_primary( 814): select_devices: done
09-23 00:43:51.907 I/wm_on_top_resumed_lost_called( 2388): [226227664,com.android.launcher3.uioverrides.QuickstepLauncher,topStateChangedWhenResumed]
09-23 00:43:51.908 I/wm_on_paused_called( 2388): [226227664,com.android.launcher3.uioverrides.QuickstepLauncher,performPause]
09-23 00:43:51.911 I/wm_set_resumed_activity( 1471): [0,com.android.settings/.Settings,resumeTopActivityInnerLocked]
09-23 00:43:51.912 I/wm_add_to_stopping( 1471): [0,226227664,com.android.launcher3/.uioverrides.QuickstepLauncher,makeInvisible]
09-23 00:43:51.913 I/wm_resume_activity( 1471): [0,175300907,39,com.android.settings/.Settings]
09-23 00:43:51.921 I/sysui_multi_action( 1471): [757,803,799,window_time_0,802,10]
09-23 00:43:51.927 I/wm_on_restart_called( 8440): [175300907,com.android.settings.Settings,performRestartActivity]
09-23 00:43:51.928 W/BatteryBroadcastRcvr( 8440): Problem reading the battery meter.
09-23 00:43:51.932 I/wm_on_start_called( 8440): [175300907,com.android.settings.Settings,handleStartActivity]
09-23 00:43:51.933 I/snet_event_log( 8440): [120484087,-1,]
09-23 00:43:51.934 D/msm8974_platform( 814): platform_set_channel_map mixer_ctl_name:Playback Channel Map9
09-23 00:43:51.934 I/wm_on_resume_called( 8440): [175300907,com.android.settings.Settings,RESUME_ACTIVITY]
09-23 00:43:51.934 D/msm8974_platform( 814): platform_set_channel_map: set mapping(1 2 0 0 0 0 0 0) for channel:2
09-23 00:43:51.934 I/sysui_multi_action( 8440): [757,35,758,1,833,0,1089,0]
09-23 00:43:51.935 I/sysui_multi_action( 8440): [757,744,758,1,833,0,1089,0]
09-23 00:43:51.935 E/audio_hw_extn( 814): audio_extn_perf_lock_release: Perf lock release error
09-23 00:43:51.935 D/DashboardFragment( 8440): Cannot find preference with key system_update_settings in Controller SystemUpdatePreferenceController
09-23 00:43:51.935 D/audio_hw_primary( 814): start_output_stream: exit
09-23 00:43:51.935 D/audio_hw_primary( 814): out_write: retry previous failed cal level set
09-23 00:43:51.935 D/msm8974_platform( 814): platform_split_snd_device: snd_device(2) num devices(1) new_snd_devices(0)
09-23 00:43:51.935 D/AssistGesture( 8440): mAssistOnly:false, isSupported:false, isSensorAvailable:false
09-23 00:43:51.936 I/wm_on_top_resumed_gained_called( 8440): [175300907,com.android.settings.Settings,topWhenResuming]
09-23 00:43:51.936 D/BatteryInfo( 8440): time for getStats: 0ms
09-23 00:43:51.938 D/BatteryInfo( 8440): time for regular BatteryInfo: 2ms
09-23 00:43:51.938 D/BatteryInfo( 8440): time for getBatteryInfo: 0ms
09-23 00:43:51.943 D/BatteryTipLoader( 8440): BatteryInfoLoader post query: 1ms
09-23 00:43:51.943 D/BatteryInfo( 8440): time for getBatteryInfo: 0ms
09-23 00:43:51.943 D/BatteryTipLoader( 8440): BatteryInfoLoader.loadInBackground: 1ms
09-23 00:43:51.943 I/input_focus( 1471): [Focus leaving 4ed4abc com.android.launcher3/com.android.launcher3.uioverrides.QuickstepLauncher (server),reason=NO_WINDOW]
09-23 00:43:51.943 D/UsageGraph( 8440): No enabled state changed, skipping updateCategory call
09-23 00:43:51.947 I/input_focus( 1471): [Focus request b1c8932 com.android.settings/com.android.settings.Settings,reason=UpdateInputWindows]
09-23 00:43:51.956 W/BatteryBroadcastRcvr( 8440): Problem reading the battery meter.
09-23 00:43:51.956 D/BatteryInfo( 8440): time for callback: 0ms
09-23 00:43:51.957 D/SystemDashboardFrag( 8440): refreshDashboardTiles ::com.android.settingslib.drawer.ActivityTile@a0e4930
09-23 00:43:51.963 I/EventSequenceValidator( 1471): dec AccIntentStartedEvents to 1
09-23 00:43:51.968 D/BatteryInfo( 8440): time for getStats: 0ms
09-23 00:43:51.969 D/BatteryInfo( 8440): time for regular BatteryInfo: 1ms
09-23 00:43:51.970 D/BatteryInfo( 8440): time for getBatteryInfo: 1ms
09-23 00:43:51.970 D/BatteryInfo( 8440): time for callback: 0ms
09-23 00:43:51.972 I/sysui_multi_action( 1471): [319,45,321,42,322,67,325,8239,757,761,758,9,759,4,806,com.android.settings,871,com.android.settings.Settings,904,com.android.launcher3,905,0,1320,8,1321,5]
09-23 00:43:51.977 I/input_focus( 1471): [Focus entering b1c8932 com.android.settings/com.android.settings.Settings (server),reason=setFocusedWindow]
09-23 00:43:51.980 D/Sogou ( 2623): onUnbindInput finish
09-23 00:43:51.980 D/BatteryTipLoader( 8440): BatteryInfoLoader post query: 0ms
09-23 00:43:51.980 D/BatteryInfo( 8440): time for getBatteryInfo: 0ms
09-23 00:43:51.980 D/BatteryTipLoader( 8440): BatteryInfoLoader.loadInBackground: 0ms
09-23 00:43:51.980 D/Sogou ( 2623): onFinishInput:
09-23 00:43:51.982 W/System ( 1849): A resource failed to call release.
09-23 00:43:51.982 W/System ( 1849): A resource failed to call release.
09-23 00:43:51.982 W/System ( 1849): A resource failed to call close.
09-23 00:43:51.984 W/System ( 1849): A resource failed to call close.
09-23 00:43:51.985 W/System ( 1849): A resource failed to call release.
09-23 00:43:52.064 W/InputManager-JNI( 1471): Input channel object '874410b SnapshotStartingWindow for taskId=39 (client)' was disposed without first being removed with the input manager!
09-23 00:43:52.122 D/audio_hw_primary( 814): out_set_parameters: enter: usecase(1: low-latency-playback) kvpairs: suspend_playback=true
09-23 00:43:52.122 D/audio_hw_extn( 814): audio_extn_fm_set_parameters: Enter
09-23 00:43:52.148 I/mpu_uart( 651): [MSG-P:RECV]:No message received in 1000 ms
09-23 00:43:52.457 D/BufferPoolAccessor2.0( 1204): evictor expired: 2, evicted: 0
09-23 00:43:52.468 I/wm_stop_activity( 1471): [0,226227664,com.android.launcher3/.uioverrides.QuickstepLauncher]
09-23 00:43:52.497 D/StateManager( 2388): goToState: Normal
09-23 00:43:52.501 I/wm_on_stop_called( 2388): [226227664,com.android.launcher3.uioverrides.QuickstepLauncher,STOP_ACTIVITY_ITEM]
09-23 00:43:53.123 D/audio_hw_primary( 814): out_set_parameters: enter: usecase(1: low-latency-playback) kvpairs: suspend_playback=false
09-23 00:43:53.123 D/audio_hw_extn( 814): audio_extn_fm_set_parameters: Enter
09-23 00:43:53.124 W/audio_hw_primary( 814): out_write: underrun(153) frames_by_time(48229) > out->last_fifo_frames_remaining(384)
09-23 00:43:53.148 I/mpu_uart( 651): [MSG-P:RECV]:No message received in 1000 ms
09-23 00:43:53.165 D/audio_hw_primary( 814): out_set_parameters: enter: usecase(1: low-latency-playback) kvpairs: suspend_playback=true
09-23 00:43:53.165 D/audio_hw_extn( 814): audio_extn_fm_set_parameters: Enter
09-23 00:43:53.458 D/BufferPoolAccessor2.0( 1204): bufferpool2 0xec042548 : 0(0 size) total buffers - 0(0 size) used buffers - 95/103 (recycle/alloc) - 8/198 (fetch/transfer)
09-23 00:43:53.458 D/BufferPoolAccessor2.0( 1204): evictor expired: 1, evicted: 1
09-23 00:43:53.458 D/BufferPoolAccessor2.0( 1252): bufferpool2 0xb40000753204e508 : 0(0 size) total buffers - 0(0 size) used buffers - 93/97 (recycle/alloc) - 4/96 (fetch/transfer)
09-23 00:43:53.458 D/BufferPoolAccessor2.0( 1252): evictor expired: 1, evicted: 1
09-23 00:43:53.605 I/OMX-VENC: venc_dev( 1213): stats: avg. fps 24.96, bitrate 2630981
09-23 00:43:53.905 I/input_interaction( 1471): Interaction with: b1c8932 com.android.settings/com.android.settings.Settings (server), edge-swipe (server), swipe-up (server), PointerEventDispatcher0 (server),
09-23 00:43:54.149 I/mpu_uart( 651): [MSG-P:RECV]:No message received in 1000 ms
09-23 00:43:54.166 D/audio_hw_primary( 814): out_set_parameters: enter: usecase(1: low-latency-playback) kvpairs: suspend_playback=false
09-23 00:43:54.166 D/audio_hw_extn( 814): audio_extn_fm_set_parameters: Enter
09-23 00:43:54.166 W/audio_hw_primary( 814): out_write: underrun(154) frames_by_time(48189) > out->last_fifo_frames_remaining(384)
09-23 00:43:54.208 D/audio_hw_primary( 814): out_set_parameters: enter: usecase(1: low-latency-playback) kvpairs: suspend_playback=true
09-23 00:43:54.208 D/audio_hw_extn( 814): audio_extn_fm_set_parameters: Enter
09-23 00:43:54.617 I/OMX-VENC: venc_dev( 1213): stats: avg. fps 51.40, bitrate 2345964
09-23 00:43:54.781 I/mpu_uart( 651): [MSG-P:R]:recv sync frame timeout
09-23 00:43:54.921 E/TaskPersister( 1471): File error accessing recents directory (directory doesn't exist?).
09-23 00:43:55.149 I/mpu_uart( 651): [MSG-P:RECV]:No message received in 1000 ms
09-23 00:43:55.209 D/audio_hw_primary( 814): out_set_parameters: enter: usecase(1: low-latency-playback) kvpairs: suspend_playback=false
09-23 00:43:55.209 D/audio_hw_extn( 814): audio_extn_fm_set_parameters: Enter
09-23 00:43:55.210 D/audio_hw_primary( 814): out_standby: enter: stream (0xe7fc64c0) usecase(1: low-latency-playback)
09-23 00:43:55.230 D/audio_hw_primary( 814): disable_audio_route: reset and update mixer path: low-latency-playback
09-23 00:43:55.231 E/soundtrigger( 814): audio_extn_sound_trigger_update_stream_status: invalid input device 0x0, for event 2
09-23 00:43:55.231 D/soundtrigger( 814): audio_extn_sound_trigger_update_stream_status: uc_info->id 1 of type 0 for Event 2, with Raise=0
09-23 00:43:55.231 D/msm8974_platform( 814): platform_split_snd_device: snd_device(2) num devices(0) new_snd_devices(0)
09-23 00:43:55.231 I/msm8974_platform( 814): platform_get_custom_mtmx_params: no matching param with id 0 ip_ch 2 op_ch 2 uc_id 1 snd_dev 2
09-23 00:43:55.231 D/hardware_info( 814): hw_info_append_hw_type : device_name = speaker
09-23 00:43:55.231 D/audio_hw_primary( 814): disable_snd_device: snd_device(2: speaker)
09-23 00:43:55.231 D/msm8974_platform( 814): platform_split_snd_device: snd_device(2) num devices(0) new_snd_devices(0)
09-23 00:43:55.231 I/soundtrigger( 814): audio_extn_sound_trigger_update_device_status: device 0x2 of type 0 for Event 0, with Raise=0
09-23 00:43:55.231 D/audio_hw_primary( 814): out_standby: exit
09-23 00:43:55.531 I/commit_sys_config_file( 1471): [appops,8221113]
09-23 00:43:55.889 I/DashboardFragment( 8440): onPreferenceTreeClick: onPreferenceTreeClick::com.android.settings.development.DevelopmentSettingsDashboardFragment
09-23 00:43:55.889 I/sysui_multi_action( 8440): [757,830,758,4,833,0,854,dashboard_tile_pref_com.android.settings.Settings$DevelopmentSettingsDashboardActivity,1089,0]
09-23 00:43:55.889 W/PreferenceFragment( 8440): onPreferenceStartFragment is not implemented in the parent activity - attempting to use a fallback implementation. You should implement this method so that you can configure the new fragment that will be displayed, and set a transition between the fragments.
09-23 00:43:55.892 I/sysui_multi_action( 8440): [757,744,758,2,1089,3957]
09-23 00:43:55.897 D/ForcePeakRefreshRateCtr( 8440): DEFAULT_REFRESH_RATE : 60.0 mPeakRefreshRate : 60.0
09-23 00:43:55.902 D/audio_hw_primary( 814): start_output_stream: enter: stream(0xe7fc64c0)usecase(1: low-latency-playback) devices(0x2) is_haptic_usecase(0)
09-23 00:43:55.903 E/ANDR-PERF-TARGET( 866): Error: Invalid logical cluster id 0
09-23 00:43:55.903 E/ANDR-PERF-REQUEST( 866): invalid request
09-23 00:43:55.903 E/ANDR-PERF-MPCTL( 866): invalid request, no optimizations performed
09-23 00:43:55.903 E/audio_hw_extn( 814): audio_extn_perf_lock_acquire: Failed to acquire perf lock, err: -1
09-23 00:43:55.903 D/audio_hw_primary( 814): select_devices for use case (low-latency-playback)
09-23 00:43:55.903 I/msm8974_platform( 814): platform_check_and_set_codec_backend_cfg:becf: afe: bitwidth 16, samplerate 48000 channels 2, backend_idx 0 usecase = 1 device (speaker)
09-23 00:43:55.903 D/msm8974_platform( 814): platform_split_snd_device: snd_device(2) num devices(1) new_snd_devices(0)
09-23 00:43:55.903 I/msm8974_platform( 814): platform_check_and_set_codec_backend_cfg: new_snd_devices[0] is 2
09-23 00:43:55.903 I/msm8974_platform( 814): platform_check_codec_backend_cfg:becf: afe: bitwidth 16, samplerate 48000 channels 2, backend_idx 0 usecase = 1 device (speaker)
09-23 00:43:55.905 D/audio_hw_extn( 814): audio_extn_enable_hifi_filter: mixer_value set 0
09-23 00:43:55.905 D/msm8974_platform( 814): platform_check_codec_backend_cfg:becf: updated afe: bitwidth 16, samplerate 48000 channels 2,backend_idx 0 usecase = 1 device (speaker)
09-23 00:43:55.905 D/msm8974_platform( 814): platform_check_codec_backend_cfg:becf: afe: playback on codec device not supporting native playback set default Sample Rate(48k)
09-23 00:43:55.905 I/msm8974_platform( 814): platform_check_codec_backend_cfg:becf: afe: Codec selected backend: 0 updated bit width: 16 and sample rate: 48000
09-23 00:43:55.905 D/audio_hw_primary( 814): check_usecases_codec_backend:becf: force routing 0
09-23 00:43:55.905 E/msm8974_platform( 814): platform_check_backends_match: Invalid snd_device =
09-23 00:43:55.905 D/audio_hw_primary( 814): check_usecases_codec_backend:becf: (78) check_usecases curr device: speaker, usecase device: backends match 0
09-23 00:43:55.905 D/audio_hw_primary( 814): check_usecases_codec_backend:becf: check_usecases num.of Usecases to switch 0
09-23 00:43:55.905 D/hardware_info( 814): hw_info_append_hw_type : device_name = speaker
09-23 00:43:55.905 D/msm8974_platform( 814): platform_split_snd_device: snd_device(2) num devices(0) new_snd_devices(0)
09-23 00:43:55.905 D/audio_hw_primary( 814): enable_snd_device: snd_device(2: speaker)
09-23 00:43:55.905 D/msm8974_platform( 814): platform_get_island_cfg_on_device:island cfg status on snd_device = (speaker 0)
09-23 00:43:55.905 I/soundtrigger( 814): audio_extn_sound_trigger_update_device_status: device 0x2 of type 0 for Event 1, with Raise=0
09-23 00:43:55.905 D/audio_route( 814): Apply path: speaker
09-23 00:43:55.905 I/audio_hw_utils( 814): audio_extn_utils_update_stream_output_app_type_cfg Allowing 24 and above bits playback on speaker ONLY at default sampling rate
09-23 00:43:55.905 E/soundtrigger( 814): audio_extn_sound_trigger_update_stream_status: invalid input device 0x0, for event 3
09-23 00:43:55.905 D/soundtrigger( 814): audio_extn_sound_trigger_update_stream_status: uc_info->id 1 of type 0 for Event 3, with Raise=0
09-23 00:43:55.905 D/audio_hw_utils( 814): audio_extn_utils_send_app_type_cfg: usecase->out_snd_device speaker
09-23 00:43:55.905 D/msm8974_platform( 814): platform_split_snd_device: snd_device(2) num devices(0) new_snd_devices(0)
09-23 00:43:55.905 D/audio_hw_utils( 814): audio_extn_btsco_get_sample_rate:Not a BT SCO device, need not update sampling rate
09-23 00:43:55.905 I/audio_hw_utils( 814): send_app_type_cfg_for_device PLAYBACK app_type 69937, acdb_dev_id 15, sample_rate 48000, snd_device_be_idx 179
09-23 00:43:55.906 D/msm8974_platform( 814): platform_split_snd_device: snd_device(2) num devices(1) new_snd_devices(0)
09-23 00:43:55.906 D/audio_hw_utils( 814): audio_extn_btsco_get_sample_rate:Not a BT SCO device, need not update sampling rate
09-23 00:43:55.906 D/ACDB-LOADER( 814): ACDB -> send_audio_cal, acdb_id = 15, path = 0, app id = 0x11131, sample rate = 48000, afe_sample_rate = 48000
09-23 00:43:55.906 D/ACDB-LOADER( 814): ACDB -> send_asm_topology
09-23 00:43:55.906 D/ACDB-LOADER( 814): ACDB -> ACDB_CMD_GET_AUDPROC_STREAM_TOPOLOGY_ID
09-23 00:43:55.906 D/ACDB-LOADER( 814): ACDB -> send_adm_topology
09-23 00:43:55.906 D/ACDB-LOADER( 814): ACDB -> ACDB_CMD_GET_AUDPROC_COMMON_TOPOLOGY_ID
09-23 00:43:55.906 D/ACDB-LOADER( 814): ACDB -> send_audtable
09-23 00:43:55.906 D/ACDB-LOADER( 814): ACDB -> ACDB_CMD_GET_AUDPROC_INSTANCE_COMMON_TABLE_SIZE
09-23 00:43:55.906 D/ACDB-LOADER( 814): ACDB -> ACDB_CMD_GET_AUDPROC_INSTANCE_COMMON_TABLE
09-23 00:43:55.906 D/ACDB-LOADER( 814): ACDB -> AUDIO_SET_AUDPROC_CAL cal_type[11] acdb_id[15] app_type[69937]
09-23 00:43:55.906 D/ACDB-LOADER( 814): ACDB -> send_audvoltable
09-23 00:43:55.906 D/ACDB-LOADER( 814): ACDB -> ACDB_CMD_GET_AUDPROC_INSTANCE_GAIN_DEP_STEP_TABLE_SIZE
09-23 00:43:55.906 D/ACDB-LOADER( 814): ACDB -> ACDB_CMD_GET_AUDPROC_INSTANCE_GAIN_DEP_STEP_TABLE, vol index 0
09-23 00:43:55.906 D/ACDB-LOADER( 814): ACDB -> AUDIO_SET_VOL_CAL cal type = 12
09-23 00:43:55.906 D/ACDB-LOADER( 814): ACDB -> ACDB_CMD_GET_AUDPROC_INSTANCE_STREAM_TABLE_SIZE
09-23 00:43:55.906 D/ACDB-LOADER( 814): ACDB -> send_audstrmtable
09-23 00:43:55.906 D/ACDB-LOADER( 814): ACDB -> ACDB_CMD_GET_AUDPROC_INSTANCE_STREAM_TABLE
09-23 00:43:55.906 D/ACDB-LOADER( 814): ACDB -> audstrm_cal->cal_type.cal_data.cal_size = 20
09-23 00:43:55.906 D/ACDB-LOADER( 814): ACDB -> send_afe_topology
09-23 00:43:55.906 D/ACDB-LOADER( 814): ACDB -> ACDB_CMD_GET_AFE_TOPOLOGY_ID
09-23 00:43:55.906 D/ACDB-LOADER( 814): ACDB -> GET_AFE_TOPOLOGY_ID for adcd_id 15, Topology Id 112fc
09-23 00:43:55.906 D/ACDB-LOADER( 814): ACDB -> send_afe_cal
09-23 00:43:55.906 D/ACDB-LOADER( 814): ACDB -> ACDB_CMD_GET_AFE_INSTANCE_COMMON_TABLE_SIZE
09-23 00:43:55.906 D/android.hardware.audio.service( 814): Failed to fetch the lookup information of the device 0000000F
09-23 00:43:55.906 D/ACDB-LOADER( 814): Error: ACDB_CMD_GET_AFE_INSTANCE_COMMON_TABLE_SIZE Returned = -19
09-23 00:43:55.906 D/ACDB-LOADER( 814): ACDB -> ACDB_CMD_GET_AFE_INSTANCE_COMMON_TABLE
09-23 00:43:55.906 D/android.hardware.audio.service( 814): Failed to fetch the lookup information of the device 0000000F
09-23 00:43:55.906 D/ACDB-LOADER( 814): Error: ACDB AFE returned = -19
09-23 00:43:55.906 D/ACDB-LOADER( 814): ACDB -> AUDIO_SET_AFE_CAL cal_type[16] acdb_id[15]
09-23 00:43:55.906 D/ACDB-LOADER( 814): ACDB -> send_hw_delay : acdb_id = 15 path = 0
09-23 00:43:55.906 D/ACDB-LOADER( 814): ACDB -> ACDB_AVSYNC_INFO: ACDB_CMD_GET_DEVICE_PROPERTY
09-23 00:43:55.906 D/msm8974_platform( 814): platform_split_snd_device: snd_device(2) num devices(0) new_snd_devices(0)
09-23 00:43:55.906 I/msm8974_platform( 814): platform_get_custom_mtmx_params: no matching param with id 0 ip_ch 2 op_ch 2 uc_id 1 snd_dev 2
09-23 00:43:55.906 D/audio_hw_primary( 814): enable_audio_route: apply mixer and update path: low-latency-playback
09-23 00:43:55.906 D/audio_route( 814): Apply path: low-latency-playback
09-23 00:43:55.907 D/audio_hw_primary( 814): select_devices: done
09-23 00:43:55.911 D/PrefCtrlListHelper( 8440): Could not find Context-only controller for pref: com.android.settings.development.Prefer5GNetworkSummaryController
09-23 00:43:55.911 W/PrefCtrlListHelper( 8440): Cannot instantiate controller from reflection: com.android.settings.development.Prefer5GNetworkSummaryController
09-23 00:43:55.911 D/PrefCtrlListHelper( 8440): Could not find Context-only controller for pref: com.android.settings.notification.ImportanceResetPreferenceController
09-23 00:43:55.911 D/PrefCtrlListHelper( 8440): Could not find Context-only controller for pref: com.android.settings.location.LocationIndicatorsPreferenceController
09-23 00:43:55.911 I/OMX-VENC: venc_dev( 1213): stats: avg. fps 27.81, bitrate 764228
09-23 00:43:55.914 E/UserRestrictionsUtils( 1471): Unknown restriction queried by uid 1000 (com.android.dynsystem et al): null
09-23 00:43:55.915 E/UserRestrictionsUtils( 1471): Unknown restriction queried by uid 1000 (com.android.dynsystem et al): null
09-23 00:43:55.916 E/UserRestrictionsUtils( 1471): Unknown restriction queried by uid 1000 (com.android.dynsystem et al): null
09-23 00:43:55.916 E/UserRestrictionsUtils( 1471): Unknown restriction queried by uid 1000 (com.android.dynsystem et al): null
09-23 00:43:55.917 E/UserRestrictionsUtils( 1471): Unknown restriction queried by uid 1000 (com.android.dynsystem et al): null
09-23 00:43:55.918 E/UserRestrictionsUtils( 1471): Unknown restriction queried by uid 1000 (com.android.dynsystem et al): null
09-23 00:43:55.919 E/UserRestrictionsUtils( 1471): Unknown restriction queried by uid 1000 (com.android.dynsystem et al): null
09-23 00:43:55.919 E/UserRestrictionsUtils( 1471): Unknown restriction queried by uid 1000 (com.android.dynsystem et al): null
09-23 00:43:55.920 E/BtCodecDlgPref( 8440): a2dp_codec_titles array length: 8
09-23 00:43:55.920 E/BtCodecDlgPref( 8440): a2dp_codec_summaries array length: 8
09-23 00:43:55.923 E/UserRestrictionsUtils( 1471): Unknown restriction queried by uid 1000 (com.android.dynsystem et al): null
09-23 00:43:55.929 V/AutofillPreferenceCategory( 8440): isAutofillEnabled(): false
09-23 00:43:55.929 V/AutofillPreferenceCategory( 8440): shouldDisableDependents(): true
09-23 00:43:55.929 V/AutofillPreferenceCategory( 8440): isAutofillEnabled(): false
09-23 00:43:55.929 V/AutofillPreferenceCategory( 8440): shouldDisableDependents(): true
09-23 00:43:55.929 V/AutofillPreferenceCategory( 8440): isAutofillEnabled(): false
09-23 00:43:55.929 V/AutofillPreferenceCategory( 8440): shouldDisableDependents(): true
09-23 00:43:55.929 V/AutofillPreferenceCategory( 8440): isAutofillEnabled(): false
09-23 00:43:55.929 V/AutofillPreferenceCategory( 8440): shouldDisableDependents(): true
09-23 00:43:55.936 D/msm8974_platform( 814): platform_set_channel_map mixer_ctl_name:Playback Channel Map9
09-23 00:43:55.936 D/msm8974_platform( 814): platform_set_channel_map: set mapping(1 2 0 0 0 0 0 0) for channel:2
09-23 00:43:55.938 E/audio_hw_extn( 814): audio_extn_perf_lock_release: Perf lock release error
09-23 00:43:55.938 D/audio_hw_primary( 814): start_output_stream: exit
09-23 00:43:55.935 I/auditd ( 8440): type=1400 audit(0.0:1055): avc: denied { read } for comm="ndroid.settings" name="pagetypeinfo" dev="proc" ino=4026531857 scontext=u:r:system_app:s0 tcontext=u:object_r:proc_pagetypeinfo:s0 tclass=file permissive=0
09-23 00:43:55.935 W/ndroid.settings( 8440): type=1400 audit(0.0:1055): avc: denied { read } for name="pagetypeinfo" dev="proc" ino=4026531857 scontext=u:r:system_app:s0 tcontext=u:object_r:proc_pagetypeinfo:s0 tclass=file permissive=0
09-23 00:43:55.939 I/auditd ( 8440): type=1400 audit(0.0:1056): avc: denied { search } for comm="ndroid.settings" name="zram0" dev="sysfs" ino=62873 scontext=u:r:system_app:s0 tcontext=u:object_r:sysfs_zram:s0 tclass=dir permissive=0
09-23 00:43:55.939 W/ndroid.settings( 8440): type=1400 audit(0.0:1056): avc: denied { search } for name="zram0" dev="sysfs" ino=62873 scontext=u:r:system_app:s0 tcontext=u:object_r:sysfs_zram:s0 tclass=dir permissive=0
09-23 00:43:55.944 E/ndroid.setting( 8440): Can't find memory status under: /sys/block/zram0/
09-23 00:43:55.939 I/auditd ( 8440): type=1400 audit(0.0:1057): avc: denied { search } for comm="ndroid.settings" name="zram0" dev="sysfs" ino=62873 scontext=u:r:system_app:s0 tcontext=u:object_r:sysfs_zram:s0 tclass=dir permissive=0
09-23 00:43:55.939 W/ndroid.settings( 8440): type=1400 audit(0.0:1057): avc: denied { search } for name="zram0" dev="sysfs" ino=62873 scontext=u:r:system_app:s0 tcontext=u:object_r:sysfs_zram:s0 tclass=dir permissive=0
09-23 00:43:55.945 W/ProcStatsManager( 8440): No process com.android.dynsystem:dynsystem/1000 for service com.android.dynsystem.DynamicSystemInstallationService
09-23 00:43:55.946 W/ProcStatsManager( 8440): No process com.android.providers.calendar/10030 for service com.android.providers.calendar.CalendarProviderJobService
09-23 00:43:55.946 W/ProcStatsManager( 8440): No process android.process.media/10026 for service com.android.providers.downloads.DownloadIdleService
09-23 00:43:55.946 W/ProcStatsManager( 8440): No process com.android.phone/1001 for service com.android.stk.StkAppService
09-23 00:43:55.946 W/ProcStatsManager( 8440): No process com.android.keychain/1000 for service com.android.keychain.KeyChainService
09-23 00:43:55.946 W/ProcStatsManager( 8440): No process com.android.localtransport/1000 for service com.android.localtransport.LocalTransportService
09-23 00:43:55.946 W/ProcStatsManager( 8440): No process com.android.inputmethod.latin/10069 for service com.android.inputmethod.latin.LatinIME
09-23 00:43:55.946 W/ProcStatsManager( 8440): No process com.qti.ltebc/10079 for service com.qualcomm.ltebc.LTERootService
09-23 00:43:55.946 W/ProcStatsManager( 8440): No process com.android.permissioncontroller/10092 for service com.android.permissioncontroller.permission.service.PermissionControllerServiceImpl
09-23 00:43:55.946 W/ProcStatsManager( 8440): No process com.qualcomm.qti.qms.service.trustzoneaccess/10052 for service com.qualcomm.qti.qms.service.trustzoneaccess.TZAccessService
09-23 00:43:55.946 W/ProcStatsManager( 8440): No process com.qualcomm.qtil.aptxui/10085 for service com.qualcomm.qtil.aptxui.aptxuiService
09-23 00:43:55.951 I/hwservicemanager( 513): getTransport: Cannot find entry android.hardware.dumpstate@1.1::IDumpstateDevice/default in either framework or device VINTF manifest.
09-23 00:43:55.951 I/hwservicemanager( 513): getTransport: Cannot find entry android.hardware.dumpstate@1.0::IDumpstateDevice/default in either framework or device VINTF manifest.
09-23 00:43:55.953 D/DevSettingsDashboard( 8440): refreshDashboardTiles ::com.android.settingslib.drawer.ActivityTile@16870a9
09-23 00:43:55.956 D/DevSettingsDashboard( 8440): All preferences added, reporting fully drawn
09-23 00:43:55.960 D/BluetoothA2dp( 8440): Binding service...
09-23 00:43:55.979 I/hwservicemanager( 513): getTransport: Cannot find entry android.hardware.dumpstate@1.1::IDumpstateDevice/default in either framework or device VINTF manifest.
09-23 00:43:55.980 I/hwservicemanager( 513): getTransport: Cannot find entry android.hardware.dumpstate@1.0::IDumpstateDevice/default in either framework or device VINTF manifest.
09-23 00:43:55.985 I/sysui_multi_action( 8440): [757,39,758,1,833,0,1089,92]
09-23 00:43:55.986 D/SubscriptionsChangeListener( 8440): Start
09-23 00:43:55.986 D/TelephonyRegistry( 1471): listen oscl: mHasNotifySubscriptionInfoChangedOccurred==false no callback
09-23 00:43:55.989 W/MobileNetworkUtils( 8440): EuiccManager is not enabled.
09-23 00:43:55.990 W/MobileNetworkUtils( 8440): EuiccManager is not enabled.
09-23 00:43:55.990 D/SubscriptionsChangeListener( 8440): Start
09-23 00:43:55.990 D/TelephonyRegistry( 1471): listen oscl: mHasNotifySubscriptionInfoChangedOccurred==false no callback
09-23 00:43:55.991 D/AbstractBtDlgCtr( 8440): Unable to get current config index. Current codec Config is null.
09-23 00:43:55.998 D/AbstractBtDlgCtr( 8440): Unable to get current config index. Current codec Config is null.
09-23 00:43:56.000 D/AbstractBtDlgCtr( 8440): Unable to get current config index. Current codec Config is null.
09-23 00:43:56.002 W/Settings( 8440): Setting bugreport_in_power_menu has moved from android.provider.Settings.Secure to android.provider.Settings.Global.
09-23 00:43:56.006 I/hwservicemanager( 513): getTransport: Cannot find entry android.hardware.dumpstate@1.1::IDumpstateDevice/default in either framework or device VINTF manifest.
09-23 00:43:56.007 I/hwservicemanager( 513): getTransport: Cannot find entry android.hardware.dumpstate@1.0::IDumpstateDevice/default in either framework or device VINTF manifest.
09-23 00:43:56.003 I/auditd ( 8440): type=1400 audit(0.0:1058): avc: denied { read } for comm="pool-2-thread-5" name="pagetypeinfo" dev="proc" ino=4026531857 scontext=u:r:system_app:s0 tcontext=u:object_r:proc_pagetypeinfo:s0 tclass=file permissive=0
09-23 00:43:56.003 W/pool-2-thread-5( 8440): type=1400 audit(0.0:1058): avc: denied { read } for name="pagetypeinfo" dev="proc" ino=4026531857 scontext=u:r:system_app:s0 tcontext=u:object_r:proc_pagetypeinfo:s0 tclass=file permissive=0
09-23 00:43:56.009 D/AbstractBtDlgCtr( 8440): Unable to get current config index. Current codec Config is null.
09-23 00:43:56.007 I/auditd ( 8440): type=1400 audit(0.0:1059): avc: denied { search } for comm="pool-2-thread-5" name="zram0" dev="sysfs" ino=62873 scontext=u:r:system_app:s0 tcontext=u:object_r:sysfs_zram:s0 tclass=dir permissive=0
09-23 00:43:56.007 W/pool-2-thread-5( 8440): type=1400 audit(0.0:1059): avc: denied { search } for name="zram0" dev="sysfs" ino=62873 scontext=u:r:system_app:s0 tcontext=u:object_r:sysfs_zram:s0 tclass=dir permissive=0
09-23 00:43:56.010 D/AbstractBtDlgCtr( 8440): Unable to get current config index. Current codec Config is null.
09-23 00:43:56.010 E/ndroid.setting( 8440): Can't find memory status under: /sys/block/zram0/
09-23 00:43:56.011 I/sysui_multi_action( 8440): [757,1729,758,4,854,isParalleledControllers:false,1089,118]
09-23 00:43:56.014 W/ProcStatsManager( 8440): No process com.android.dynsystem:dynsystem/1000 for service com.android.dynsystem.DynamicSystemInstallationService
09-23 00:43:56.014 W/ProcStatsManager( 8440): No process com.android.providers.calendar/10030 for service com.android.providers.calendar.CalendarProviderJobService
09-23 00:43:56.014 W/ProcStatsManager( 8440): No process android.process.media/10026 for service com.android.providers.downloads.DownloadIdleService
09-23 00:43:56.014 W/ProcStatsManager( 8440): No process com.android.phone/1001 for service com.android.stk.StkAppService
09-23 00:43:56.014 W/ProcStatsManager( 8440): No process com.android.keychain/1000 for service com.android.keychain.KeyChainService
09-23 00:43:56.014 W/ProcStatsManager( 8440): No process com.android.localtransport/1000 for service com.android.localtransport.LocalTransportService
09-23 00:43:56.014 W/ProcStatsManager( 8440): No process com.android.inputmethod.latin/10069 for service com.android.inputmethod.latin.LatinIME
09-23 00:43:56.014 W/ProcStatsManager( 8440): No process com.qti.ltebc/10079 for service com.qualcomm.ltebc.LTERootService
09-23 00:43:56.015 W/ProcStatsManager( 8440): No process com.android.permissioncontroller/10092 for service com.android.permissioncontroller.permission.service.PermissionControllerServiceImpl
