09-22 22:27:59.589 I/notification_enqueue( 1471): [10081,1849,com.android.systemui,2048,NULL,0,Notification(channel=updateNotification shortcut=null contentView=null vibrate=null sound=null defaults=0x0 flags=0x0 color=0x00000000 vis=PRIVATE),1]
09-22 22:27:59.589 I/sysui_multi_action( 1849): [757,111,758,2]
09-22 22:27:59.594 I/sysui_multi_action( 1849): [757,111,758,1]
09-22 22:27:59.594 I/sysui_multi_action( 1849): [757,126,758,1,759,126,927,0,928,0,1593,0]
09-22 22:27:59.594 I/sysui_multi_action( 1849): [757,113,758,1,759,113,927,1,928,1,1593,0]
09-22 22:27:59.594 I/sysui_multi_action( 1849): [757,0,758,1,759,0,927,2,928,0,1593,0]
09-22 22:27:59.594 I/sysui_multi_action( 1849): [757,0,758,1,759,0,927,3,928,0,1593,0]
09-22 22:27:59.594 I/sysui_multi_action( 1849): [757,1706,758,1,759,1706,927,4,928,0,1593,0]
09-22 22:27:59.594 I/sysui_multi_action( 1849): [757,491,758,1,759,491,927,5,928,0,1311,-1,1593,0]
09-22 22:27:59.594 I/sysui_multi_action( 1849): [757,0,758,1,759,0,927,6,928,0,1593,0]
09-22 22:27:59.594 I/sysui_multi_action( 1849): [757,111,758,1]
09-22 22:27:59.594 I/sysui_multi_action( 1849): [757,126,758,1,759,126,927,0,928,0,1593,0]
09-22 22:27:59.595 I/sysui_multi_action( 1849): [757,113,758,1,759,113,927,1,928,1,1593,0]
09-22 22:27:59.595 I/sysui_multi_action( 1849): [757,0,758,1,759,0,927,2,928,0,1593,0]
09-22 22:27:59.595 I/sysui_multi_action( 1849): [757,0,758,1,759,0,927,3,928,0,1593,0]
09-22 22:27:59.615 I/notification_enqueue( 1471): [10081,1849,com.android.systemui,2048,NULL,0,Notification(channel=updateNotification shortcut=null contentView=null vibrate=null sound=null defaults=0x0 flags=0x0 color=0x00000000 vis=PRIVATE),1]
09-22 22:27:59.616 I/sysui_multi_action( 1849): [757,111,758,2]
09-22 22:27:59.616 I/sysui_multi_action( 1849): [757,111,758,2]
09-22 22:27:59.621 I/sysui_multi_action( 1849): [757,111,758,1]
09-22 22:27:59.622 I/sysui_multi_action( 1849): [757,126,758,1,759,126,927,0,928,0,1593,0]
09-22 22:27:59.622 I/sysui_multi_action( 1849): [757,113,758,1,759,113,927,1,928,1,1593,0]
09-22 22:27:59.622 I/sysui_multi_action( 1849): [757,0,758,1,759,0,927,2,928,0,1593,0]
09-22 22:27:59.622 I/sysui_multi_action( 1849): [757,0,758,1,759,0,927,3,928,0,1593,0]
09-22 22:27:59.622 I/sysui_multi_action( 1849): [757,1706,758,1,759,1706,927,4,928,0,1593,0]
09-22 22:27:59.622 I/sysui_multi_action( 1849): [757,491,758,1,759,491,927,5,928,0,1311,-1,1593,0]
09-22 22:27:59.622 I/sysui_multi_action( 1849): [757,0,758,1,759,0,927,6,928,0,1593,0]
09-22 22:27:59.622 I/sysui_multi_action( 1849): [757,111,758,1]
09-22 22:27:59.622 I/sysui_multi_action( 1849): [757,126,758,1,759,126,927,0,928,0,1593,0]
09-22 22:27:59.622 I/sysui_multi_action( 1849): [757,113,758,1,759,113,927,1,928,1,1593,0]
09-22 22:27:59.622 I/sysui_multi_action( 1849): [757,0,758,1,759,0,927,2,928,0,1593,0]
09-22 22:27:59.622 I/sysui_multi_action( 1849): [757,0,758,1,759,0,927,3,928,0,1593,0]
09-22 22:27:59.737 I/sysui_multi_action( 1471): [757,128,758,1,793,73899,794,0,795,73899,796,26,798,0,806,android,857,DEVELOPER_IMPORTANT,858,4,947,0,1395,2,1500,73470,1688,1]
09-22 22:27:59.737 I/sysui_multi_action( 1471): [757,804,799,note_freshness,801,73899,802,1]
09-22 22:27:59.737 I/notification_visibility( 1471): [-1|android|26|null|1000,1,73899,73899,0,0]
09-22 22:27:59.737 I/sysui_multi_action( 1471): [757,128,758,1,793,74869,794,0,795,74869,796,32,798,1,806,android,857,USB,858,1,947,0,1395,2,1500,74727,1688,1]
09-22 22:27:59.737 I/sysui_multi_action( 1471): [757,804,799,note_freshness,801,74869,802,1]
09-22 22:27:59.737 I/notification_visibility( 1471): [-1|android|32|null|1000,1,74869,74869,0,1]
09-22 22:28:04.291 I/input_interaction( 1471): Interaction with: b23aca NotificationShade (server), edge-swipe (server), swipe-up (server), PointerEventDispatcher0 (server),
09-22 22:28:04.295 I/service_manager_stats( 1471): [100,56,17746]
09-22 22:28:04.663 I/notification_enqueue( 1471): [10081,1849,com.android.systemui,2048,NULL,0,Notification(channel=updateNotification shortcut=null contentView=null vibrate=null sound=null defaults=0x0 flags=0x0 color=0x00000000 vis=PRIVATE),1]
09-22 22:28:04.665 I/sysui_multi_action( 1849): [757,111,758,2]
09-22 22:28:04.665 I/sysui_multi_action( 1849): [757,111,758,2]
09-22 22:28:04.676 I/sysui_multi_action( 1849): [757,111,758,1]
09-22 22:28:04.676 I/sysui_multi_action( 1849): [757,126,758,1,759,126,927,0,928,0,1593,1]
09-22 22:28:04.676 I/sysui_multi_action( 1849): [757,113,758,1,759,113,927,1,928,1,1593,1]
09-22 22:28:04.676 I/sysui_multi_action( 1849): [757,0,758,1,759,0,927,2,928,0,1593,1]
09-22 22:28:04.676 I/sysui_multi_action( 1849): [757,0,758,1,759,0,927,3,928,0,1593,1]
09-22 22:28:04.676 I/sysui_multi_action( 1849): [757,1706,758,1,759,1706,927,4,928,0,1593,1]
09-22 22:28:04.677 I/sysui_multi_action( 1849): [757,491,758,1,759,491,927,5,928,0,1311,-1,1593,0]
09-22 22:28:04.677 I/sysui_multi_action( 1849): [757,0,758,1,759,0,927,6,928,0,1593,0]
09-22 22:28:04.678 I/sysui_multi_action( 1849): [757,111,758,1]
09-22 22:28:04.678 I/sysui_multi_action( 1849): [757,126,758,1,759,126,927,0,928,0,1593,1]
09-22 22:28:04.678 I/sysui_multi_action( 1849): [757,113,758,1,759,113,927,1,928,1,1593,1]
09-22 22:28:04.678 I/sysui_multi_action( 1849): [757,0,758,1,759,0,927,2,928,0,1593,1]
09-22 22:28:04.678 I/sysui_multi_action( 1849): [757,0,758,1,759,0,927,3,928,0,1593,1]
09-22 22:28:04.700 I/notification_enqueue( 1471): [10081,1849,com.android.systemui,2048,NULL,0,Notification(channel=updateNotification shortcut=null contentView=null vibrate=null sound=null defaults=0x0 flags=0x0 color=0x00000000 vis=PRIVATE),1]
09-22 22:28:04.700 I/sysui_multi_action( 1849): [757,111,758,2]
09-22 22:28:04.700 I/sysui_multi_action( 1849): [757,111,758,2]
09-22 22:28:04.708 I/sysui_multi_action( 1849): [757,111,758,1]
09-22 22:28:04.708 I/sysui_multi_action( 1849): [757,126,758,1,759,126,927,0,928,0,1593,1]
09-22 22:28:04.708 I/sysui_multi_action( 1849): [757,113,758,1,759,113,927,1,928,1,1593,1]
09-22 22:28:04.708 I/sysui_multi_action( 1849): [757,0,758,1,759,0,927,2,928,0,1593,1]
09-22 22:28:04.708 I/sysui_multi_action( 1849): [757,0,758,1,759,0,927,3,928,0,1593,1]
09-22 22:28:04.708 I/sysui_multi_action( 1849): [757,1706,758,1,759,1706,927,4,928,0,1593,1]
09-22 22:28:04.709 I/sysui_multi_action( 1849): [757,491,758,1,759,491,927,5,928,0,1311,-1,1593,0]
09-22 22:28:04.709 I/sysui_multi_action( 1849): [757,0,758,1,759,0,927,6,928,0,1593,0]
09-22 22:28:04.709 I/sysui_multi_action( 1849): [757,111,758,1]
09-22 22:28:04.709 I/sysui_multi_action( 1849): [757,126,758,1,759,126,927,0,928,0,1593,1]
09-22 22:28:04.709 I/sysui_multi_action( 1849): [757,113,758,1,759,113,927,1,928,1,1593,1]
09-22 22:28:04.709 I/sysui_multi_action( 1849): [757,0,758,1,759,0,927,2,928,0,1593,1]
09-22 22:28:04.709 I/sysui_multi_action( 1849): [757,0,758,1,759,0,927,3,928,0,1593,1]
09-22 22:28:04.728 I/notification_enqueue( 1471): [10081,1849,com.android.systemui,2048,NULL,0,Notification(channel=updateNotification shortcut=null contentView=null vibrate=null sound=null defaults=0x0 flags=0x0 color=0x00000000 vis=PRIVATE),1]
09-22 22:28:04.728 I/sysui_multi_action( 1849): [757,111,758,2]
09-22 22:28:04.728 I/sysui_multi_action( 1849): [757,111,758,2]
09-22 22:28:04.734 I/sysui_multi_action( 1849): [757,111,758,1]
09-22 22:28:04.735 I/sysui_multi_action( 1849): [757,126,758,1,759,126,927,0,928,0,1593,1]
09-22 22:28:04.735 I/sysui_multi_action( 1849): [757,113,758,1,759,113,927,1,928,1,1593,1]
09-22 22:28:04.735 I/sysui_multi_action( 1849): [757,0,758,1,759,0,927,2,928,0,1593,1]
09-22 22:28:04.735 I/sysui_multi_action( 1849): [757,0,758,1,759,0,927,3,928,0,1593,1]
09-22 22:28:04.735 I/sysui_multi_action( 1849): [757,1706,758,1,759,1706,927,4,928,0,1593,1]
09-22 22:28:04.735 I/sysui_multi_action( 1849): [757,491,758,1,759,491,927,5,928,0,1311,-1,1593,0]
09-22 22:28:04.735 I/sysui_multi_action( 1849): [757,0,758,1,759,0,927,6,928,0,1593,0]
09-22 22:28:04.735 I/sysui_multi_action( 1849): [757,111,758,1]
09-22 22:28:04.735 I/sysui_multi_action( 1849): [757,126,758,1,759,126,927,0,928,0,1593,1]
09-22 22:28:04.735 I/sysui_multi_action( 1849): [757,113,758,1,759,113,927,1,928,1,1593,1]
09-22 22:28:04.736 I/sysui_multi_action( 1849): [757,0,758,1,759,0,927,2,928,0,1593,1]
09-22 22:28:04.736 I/sysui_multi_action( 1849): [757,0,758,1,759,0,927,3,928,0,1593,1]
09-22 22:28:04.750 I/notification_enqueue( 1471): [10081,1849,com.android.systemui,2048,NULL,0,Notification(channel=updateNotification shortcut=null contentView=null vibrate=null sound=null defaults=0x0 flags=0x0 color=0x00000000 vis=PRIVATE),1]
09-22 22:28:04.750 I/sysui_multi_action( 1849): [757,111,758,2]
09-22 22:28:04.750 I/sysui_multi_action( 1849): [757,111,758,2]
09-22 22:28:04.756 I/sysui_multi_action( 1849): [757,111,758,1]
09-22 22:28:04.756 I/sysui_multi_action( 1849): [757,126,758,1,759,126,927,0,928,0,1593,1]
09-22 22:28:04.756 I/sysui_multi_action( 1849): [757,113,758,1,759,113,927,1,928,1,1593,1]
09-22 22:28:04.756 I/sysui_multi_action( 1849): [757,0,758,1,759,0,927,2,928,0,1593,1]
09-22 22:28:04.756 I/sysui_multi_action( 1849): [757,0,758,1,759,0,927,3,928,0,1593,1]
09-22 22:28:04.756 I/sysui_multi_action( 1849): [757,1706,758,1,759,1706,927,4,928,0,1593,1]
09-22 22:28:04.756 I/sysui_multi_action( 1849): [757,491,758,1,759,491,927,5,928,0,1311,-1,1593,0]
09-22 22:28:04.756 I/sysui_multi_action( 1849): [757,0,758,1,759,0,927,6,928,0,1593,0]
09-22 22:28:04.756 I/sysui_multi_action( 1849): [757,111,758,1]
09-22 22:28:04.757 I/sysui_multi_action( 1849): [757,126,758,1,759,126,927,0,928,0,1593,1]
09-22 22:28:04.757 I/sysui_multi_action( 1849): [757,113,758,1,759,113,927,1,928,1,1593,1]
09-22 22:28:04.757 I/sysui_multi_action( 1849): [757,0,758,1,759,0,927,2,928,0,1593,1]
09-22 22:28:04.757 I/sysui_multi_action( 1849): [757,0,758,1,759,0,927,3,928,0,1593,1]
09-22 22:28:04.770 I/notification_enqueue( 1471): [10081,1849,com.android.systemui,2048,NULL,0,Notification(channel=updateNotification shortcut=null contentView=null vibrate=null sound=null defaults=0x0 flags=0x0 color=0x00000000 vis=PRIVATE),1]
09-22 22:28:04.770 I/sysui_multi_action( 1849): [757,111,758,2]
09-22 22:28:04.770 I/sysui_multi_action( 1849): [757,111,758,2]
09-22 22:28:04.775 I/sysui_multi_action( 1849): [757,111,758,1]
09-22 22:28:04.776 I/sysui_multi_action( 1849): [757,126,758,1,759,126,927,0,928,0,1593,1]
09-22 22:28:04.776 I/sysui_multi_action( 1849): [757,113,758,1,759,113,927,1,928,1,1593,1]
09-22 22:28:04.776 I/sysui_multi_action( 1849): [757,0,758,1,759,0,927,2,928,0,1593,1]
09-22 22:28:04.776 I/sysui_multi_action( 1849): [757,0,758,1,759,0,927,3,928,0,1593,1]
09-22 22:28:04.776 I/sysui_multi_action( 1849): [757,1706,758,1,759,1706,927,4,928,0,1593,1]
09-22 22:28:04.776 I/sysui_multi_action( 1849): [757,491,758,1,759,491,927,5,928,0,1311,-1,1593,0]
09-22 22:28:04.776 I/sysui_multi_action( 1849): [757,0,758,1,759,0,927,6,928,0,1593,0]
09-22 22:28:04.776 I/sysui_multi_action( 1849): [757,111,758,1]
09-22 22:28:04.776 I/sysui_multi_action( 1849): [757,126,758,1,759,126,927,0,928,0,1593,1]
09-22 22:28:04.776 I/sysui_multi_action( 1849): [757,113,758,1,759,113,927,1,928,1,1593,1]
09-22 22:28:04.776 I/sysui_multi_action( 1849): [757,0,758,1,759,0,927,2,928,0,1593,1]
09-22 22:28:04.776 I/sysui_multi_action( 1849): [757,0,758,1,759,0,927,3,928,0,1593,1]
09-22 22:28:04.790 I/sysui_multi_action( 1849): [757,111,758,2]
09-22 22:28:04.790 I/notification_enqueue( 1471): [10081,1849,com.android.systemui,2048,NULL,0,Notification(channel=updateNotification shortcut=null contentView=null vibrate=null sound=null defaults=0x0 flags=0x0 color=0x00000000 vis=PRIVATE),1]
09-22 22:28:04.790 I/sysui_multi_action( 1849): [757,111,758,2]
09-22 22:28:04.796 I/sysui_multi_action( 1849): [757,111,758,1]
09-22 22:28:04.796 I/sysui_multi_action( 1849): [757,126,758,1,759,126,927,0,928,0,1593,1]
09-22 22:28:04.796 I/sysui_multi_action( 1849): [757,113,758,1,759,113,927,1,928,1,1593,1]
09-22 22:28:04.796 I/sysui_multi_action( 1849): [757,0,758,1,759,0,927,2,928,0,1593,1]
09-22 22:28:04.796 I/sysui_multi_action( 1849): [757,0,758,1,759,0,927,3,928,0,1593,1]
09-22 22:28:04.796 I/sysui_multi_action( 1849): [757,1706,758,1,759,1706,927,4,928,0,1593,0]
09-22 22:28:04.796 I/sysui_multi_action( 1849): [757,491,758,1,759,491,927,5,928,0,1311,-1,1593,0]
09-22 22:28:04.796 I/sysui_multi_action( 1849): [757,0,758,1,759,0,927,6,928,0,1593,0]
09-22 22:28:04.796 I/sysui_multi_action( 1849): [757,111,758,1]
09-22 22:28:04.796 I/sysui_multi_action( 1849): [757,126,758,1,759,126,927,0,928,0,1593,1]
09-22 22:28:04.796 I/sysui_multi_action( 1849): [757,113,758,1,759,113,927,1,928,1,1593,1]
09-22 22:28:04.796 I/sysui_multi_action( 1849): [757,0,758,1,759,0,927,2,928,0,1593,1]
09-22 22:28:04.797 I/sysui_multi_action( 1849): [757,0,758,1,759,0,927,3,928,0,1593,1]
09-22 22:28:04.810 I/notification_enqueue( 1471): [10081,1849,com.android.systemui,2048,NULL,0,Notification(channel=updateNotification shortcut=null contentView=null vibrate=null sound=null defaults=0x0 flags=0x0 color=0x00000000 vis=PRIVATE),1]
09-22 22:28:04.810 I/sysui_multi_action( 1849): [757,111,758,2]
09-22 22:28:04.810 I/sysui_multi_action( 1849): [757,111,758,2]
09-22 22:28:04.815 I/sysui_multi_action( 1849): [757,111,758,1]
09-22 22:28:04.815 I/sysui_multi_action( 1849): [757,126,758,1,759,126,927,0,928,0,1593,0]
09-22 22:28:04.815 I/sysui_multi_action( 1849): [757,113,758,1,759,113,927,1,928,1,1593,0]
09-22 22:28:04.815 I/sysui_multi_action( 1849): [757,0,758,1,759,0,927,2,928,0,1593,1]
09-22 22:28:04.815 I/sysui_multi_action( 1849): [757,0,758,1,759,0,927,3,928,0,1593,1]
09-22 22:28:04.815 I/sysui_multi_action( 1849): [757,1706,758,1,759,1706,927,4,928,0,1593,1]
09-22 22:28:04.816 I/sysui_multi_action( 1849): [757,491,758,1,759,491,927,5,928,0,1311,-1,1593,0]
09-22 22:28:04.816 I/sysui_multi_action( 1849): [757,0,758,1,759,0,927,6,928,0,1593,0]
09-22 22:28:04.816 I/sysui_multi_action( 1849): [757,111,758,1]
09-22 22:28:04.816 I/sysui_multi_action( 1849): [757,126,758,1,759,126,927,0,928,0,1593,1]
09-22 22:28:04.816 I/sysui_multi_action( 1849): [757,113,758,1,759,113,927,1,928,1,1593,1]
09-22 22:28:04.816 I/sysui_multi_action( 1849): [757,0,758,1,759,0,927,2,928,0,1593,1]
09-22 22:28:04.816 I/sysui_multi_action( 1849): [757,0,758,1,759,0,927,3,928,0,1593,1]
09-22 22:28:04.830 I/sysui_multi_action( 1849): [757,111,758,2]
09-22 22:28:04.830 I/notification_enqueue( 1471): [10081,1849,com.android.systemui,2048,NULL,0,Notification(channel=updateNotification shortcut=null contentView=null vibrate=null sound=null defaults=0x0 flags=0x0 color=0x00000000 vis=PRIVATE),1]
09-22 22:28:04.830 I/sysui_multi_action( 1849): [757,111,758,2]
09-22 22:28:04.836 I/sysui_multi_action( 1849): [757,111,758,1]
09-22 22:28:04.836 I/sysui_multi_action( 1849): [757,126,758,1,759,126,927,0,928,0,1593,0]
09-22 22:28:04.836 I/sysui_multi_action( 1849): [757,113,758,1,759,113,927,1,928,1,1593,0]
09-22 22:28:04.836 I/sysui_multi_action( 1849): [757,0,758,1,759,0,927,2,928,0,1593,0]
09-22 22:28:04.836 I/sysui_multi_action( 1849): [757,0,758,1,759,0,927,3,928,0,1593,0]
09-22 22:28:04.836 I/sysui_multi_action( 1849): [757,1706,758,1,759,1706,927,4,928,0,1593,0]
09-22 22:28:04.836 I/sysui_multi_action( 1849): [757,491,758,1,759,491,927,5,928,0,1311,-1,1593,0]
09-22 22:28:04.836 I/sysui_multi_action( 1849): [757,0,758,1,759,0,927,6,928,0,1593,0]
09-22 22:28:04.837 I/sysui_multi_action( 1849): [757,111,758,1]
09-22 22:28:04.837 I/sysui_multi_action( 1849): [757,126,758,1,759,126,927,0,928,0,1593,1]
09-22 22:28:04.837 I/sysui_multi_action( 1849): [757,113,758,1,759,113,927,1,928,1,1593,1]
09-22 22:28:04.837 I/sysui_multi_action( 1849): [757,0,758,1,759,0,927,2,928,0,1593,1]
09-22 22:28:04.837 I/sysui_multi_action( 1849): [757,0,758,1,759,0,927,3,928,0,1593,1]
09-22 22:28:04.851 I/notification_enqueue( 1471): [10081,1849,com.android.systemui,2048,NULL,0,Notification(channel=updateNotification shortcut=null contentView=null vibrate=null sound=null defaults=0x0 flags=0x0 color=0x00000000 vis=PRIVATE),1]
09-22 22:28:04.852 I/sysui_multi_action( 1849): [757,111,758,2]
09-22 22:28:04.852 I/sysui_multi_action( 1849): [757,111,758,2]
09-22 22:28:04.857 I/sysui_multi_action( 1849): [757,111,758,1]
09-22 22:28:04.857 I/sysui_multi_action( 1849): [757,126,758,1,759,126,927,0,928,0,1593,0]
09-22 22:28:04.857 I/sysui_multi_action( 1849): [757,113,758,1,759,113,927,1,928,1,1593,0]
09-22 22:28:04.857 I/sysui_multi_action( 1849): [757,0,758,1,759,0,927,2,928,0,1593,0]
09-22 22:28:04.857 I/sysui_multi_action( 1849): [757,0,758,1,759,0,927,3,928,0,1593,0]
09-22 22:28:04.857 I/sysui_multi_action( 1849): [757,1706,758,1,759,1706,927,4,928,0,1593,0]
09-22 22:28:04.857 I/sysui_multi_action( 1849): [757,491,758,1,759,491,927,5,928,0,1311,-1,1593,0]
09-22 22:28:04.857 I/sysui_multi_action( 1849): [757,0,758,1,759,0,927,6,928,0,1593,0]
09-22 22:28:04.857 I/sysui_multi_action( 1849): [757,111,758,1]
09-22 22:28:04.858 I/sysui_multi_action( 1849): [757,126,758,1,759,126,927,0,928,0,1593,1]
09-22 22:28:04.858 I/sysui_multi_action( 1849): [757,113,758,1,759,113,927,1,928,1,1593,1]
09-22 22:28:04.858 I/sysui_multi_action( 1849): [757,0,758,1,759,0,927,2,928,0,1593,1]
09-22 22:28:04.858 I/sysui_multi_action( 1849): [757,0,758,1,759,0,927,3,928,0,1593,1]
09-22 22:28:04.864 I/sysui_multi_action( 1471): [757,1501,758,1,793,72065,794,0,795,203,796,2048,806,com.android.systemui,857,updateNotification,858,3,947,0,1500,0,1688,1]
09-22 22:28:04.865 I/sysui_multi_action( 1471): [757,804,799,note_interruptive,801,0,802,1]
09-22 22:28:04.865 I/sysui_multi_action( 1471): [757,199,758,1,759,2,793,72066,794,0,795,204,796,2048,806,com.android.systemui,857,updateNotification,858,3,947,0,1500,1,1688,1]
09-22 22:28:04.865 I/notification_alert( 1471): [0|com.android.systemui|2048|null|10081,0,1,0]
09-22 22:28:04.871 I/notification_enqueue( 1471): [10081,1849,com.android.systemui,2048,NULL,0,Notification(channel=updateNotification shortcut=null contentView=null vibrate=null sound=null defaults=0x0 flags=0x0 color=0x00000000 vis=PRIVATE),1]
09-22 22:28:04.871 I/sysui_multi_action( 1849): [757,111,758,2]
09-22 22:28:04.871 I/sysui_multi_action( 1849): [757,111,758,2]
09-22 22:28:04.876 I/sysui_multi_action( 1849): [757,111,758,1]
09-22 22:28:04.876 I/sysui_multi_action( 1849): [757,126,758,1,759,126,927,0,928,0,1593,1]
09-22 22:28:04.876 I/sysui_multi_action( 1849): [757,113,758,1,759,113,927,1,928,1,1593,1]
09-22 22:28:04.876 I/sysui_multi_action( 1849): [757,0,758,1,759,0,927,2,928,0,1593,1]
09-22 22:28:04.876 I/sysui_multi_action( 1849): [757,0,758,1,759,0,927,3,928,0,1593,1]
09-22 22:28:04.876 I/sysui_multi_action( 1849): [757,1706,758,1,759,1706,927,4,928,0,1593,1]
09-22 22:28:04.876 I/sysui_multi_action( 1849): [757,491,758,1,759,491,927,5,928,0,1311,-1,1593,0]
09-22 22:28:04.876 I/sysui_multi_action( 1849): [757,0,758,1,759,0,927,6,928,0,1593,0]
09-22 22:28:04.876 I/sysui_multi_action( 1849): [757,111,758,1]
09-22 22:28:04.876 I/sysui_multi_action( 1849): [757,126,758,1,759,126,927,0,928,0,1593,1]
09-22 22:28:04.876 I/sysui_multi_action( 1849): [757,113,758,1,759,113,927,1,928,1,1593,1]
09-22 22:28:04.876 I/sysui_multi_action( 1849): [757,0,758,1,759,0,927,2,928,0,1593,1]
09-22 22:28:04.877 I/sysui_multi_action( 1849): [757,0,758,1,759,0,927,3,928,0,1593,1]
09-22 22:28:04.881 I/am_pss ( 1471): [2785,10093,com.android.providers.media.module,16813056,12591104,0,121409536,0,0,5]
09-22 22:28:04.890 I/notification_enqueue( 1471): [10081,1849,com.android.systemui,2048,NULL,0,Notification(channel=updateNotification shortcut=null contentView=null vibrate=null sound=null defaults=0x0 flags=0x0 color=0x00000000 vis=PRIVATE),1]
09-22 22:28:04.891 I/sysui_multi_action( 1849): [757,111,758,2]
09-22 22:28:04.891 I/sysui_multi_action( 1849): [757,111,758,2]
09-22 22:28:04.896 I/sysui_multi_action( 1849): [757,111,758,1]
09-22 22:28:04.896 I/sysui_multi_action( 1849): [757,126,758,1,759,126,927,0,928,0,1593,1]
09-22 22:28:04.896 I/sysui_multi_action( 1849): [757,113,758,1,759,113,927,1,928,1,1593,1]
09-22 22:28:04.896 I/sysui_multi_action( 1849): [757,0,758,1,759,0,927,2,928,0,1593,1]
09-22 22:28:04.896 I/sysui_multi_action( 1849): [757,0,758,1,759,0,927,3,928,0,1593,1]
09-22 22:28:04.896 I/sysui_multi_action( 1849): [757,1706,758,1,759,1706,927,4,928,0,1593,1]
09-22 22:28:04.896 I/sysui_multi_action( 1849): [757,491,758,1,759,491,927,5,928,0,1311,-1,1593,0]
09-22 22:28:04.896 I/sysui_multi_action( 1849): [757,0,758,1,759,0,927,6,928,0,1593,0]
09-22 22:28:04.896 I/sysui_multi_action( 1849): [757,111,758,1]
09-22 22:28:04.896 I/sysui_multi_action( 1849): [757,126,758,1,759,126,927,0,928,0,1593,1]
09-22 22:28:04.896 I/sysui_multi_action( 1849): [757,113,758,1,759,113,927,1,928,1,1593,1]
09-22 22:28:04.896 I/sysui_multi_action( 1849): [757,0,758,1,759,0,927,2,928,0,1593,1]
09-22 22:28:04.896 I/sysui_multi_action( 1849): [757,0,758,1,759,0,927,3,928,0,1593,1]
09-22 22:28:04.914 I/sysui_multi_action( 1471): [757,128,758,2,793,79076,794,5177,795,79076,796,26,798,0,806,android,857,DEVELOPER_IMPORTANT,858,4,947,0,1395,2,1500,78647,1688,1]
09-22 22:28:04.915 I/notification_visibility( 1471): [-1|android|26|null|1000,0,79076,79076,0,0]
09-22 22:28:04.915 I/sysui_multi_action( 1471): [757,128,758,2,793,80047,794,5178,795,80047,796,32,798,1,806,android,857,USB,858,1,947,0,1395,2,1500,79905,1688,1]
09-22 22:28:04.915 I/notification_visibility( 1471): [-1|android|32|null|1000,0,80047,80047,0,1]
09-22 22:28:04.917 I/notification_enqueue( 1471): [10081,1849,com.android.systemui,2048,NULL,0,Notification(channel=updateNotification shortcut=null contentView=null vibrate=null sound=null defaults=0x0 flags=0x0 color=0x00000000 vis=PRIVATE),1]
09-22 22:28:04.918 I/sysui_multi_action( 1849): [757,111,758,2]
09-22 22:28:04.918 I/sysui_multi_action( 1849): [757,111,758,2]
09-22 22:28:04.923 I/sysui_multi_action( 1849): [757,111,758,1]
09-22 22:28:04.923 I/sysui_multi_action( 1849): [757,126,758,1,759,126,927,0,928,0,1593,1]
09-22 22:28:04.923 I/sysui_multi_action( 1849): [757,113,758,1,759,113,927,1,928,1,1593,1]
09-22 22:28:04.923 I/sysui_multi_action( 1849): [757,0,758,1,759,0,927,2,928,0,1593,1]
09-22 22:28:04.923 I/sysui_multi_action( 1849): [757,0,758,1,759,0,927,3,928,0,1593,1]
09-22 22:28:04.923 I/sysui_multi_action( 1849): [757,1706,758,1,759,1706,927,4,928,0,1593,1]
09-22 22:28:04.923 I/sysui_multi_action( 1849): [757,491,758,1,759,491,927,5,928,0,1311,-1,1593,0]
09-22 22:28:04.923 I/sysui_multi_action( 1849): [757,0,758,1,759,0,927,6,928,0,1593,0]
09-22 22:28:04.923 I/sysui_multi_action( 1849): [757,111,758,1]
09-22 22:28:04.923 I/sysui_multi_action( 1849): [757,126,758,1,759,126,927,0,928,0,1593,1]
09-22 22:28:04.923 I/sysui_multi_action( 1849): [757,113,758,1,759,113,927,1,928,1,1593,1]
09-22 22:28:04.924 I/sysui_multi_action( 1849): [757,0,758,1,759,0,927,2,928,0,1593,1]
09-22 22:28:04.924 I/sysui_multi_action( 1849): [757,0,758,1,759,0,927,3,928,0,1593,1]
09-22 22:28:04.943 I/notification_enqueue( 1471): [10081,1849,com.android.systemui,2048,NULL,0,Notification(channel=updateNotification shortcut=null contentView=null vibrate=null sound=null defaults=0x0 flags=0x0 color=0x00000000 vis=PRIVATE),1]
09-22 22:28:04.944 I/sysui_multi_action( 1849): [757,111,758,2]
09-22 22:28:04.944 I/sysui_multi_action( 1849): [757,111,758,2]
09-22 22:28:04.949 I/sysui_multi_action( 1849): [757,111,758,1]
09-22 22:28:04.950 I/sysui_multi_action( 1849): [757,126,758,1,759,126,927,0,928,0,1593,1]
09-22 22:28:04.950 I/sysui_multi_action( 1849): [757,113,758,1,759,113,927,1,928,1,1593,1]
09-22 22:28:04.950 I/sysui_multi_action( 1849): [757,0,758,1,759,0,927,2,928,0,1593,1]
09-22 22:28:04.950 I/sysui_multi_action( 1849): [757,0,758,1,759,0,927,3,928,0,1593,1]
09-22 22:28:04.950 I/sysui_multi_action( 1849): [757,1706,758,1,759,1706,927,4,928,0,1593,1]
09-22 22:28:04.950 I/sysui_multi_action( 1849): [757,491,758,1,759,491,927,5,928,0,1311,-1,1593,0]
09-22 22:28:04.950 I/sysui_multi_action( 1849): [757,0,758,1,759,0,927,6,928,0,1593,0]
09-22 22:28:04.950 I/sysui_multi_action( 1849): [757,111,758,1]
09-22 22:28:04.950 I/sysui_multi_action( 1849): [757,126,758,1,759,126,927,0,928,0,1593,1]
09-22 22:28:04.950 I/sysui_multi_action( 1849): [757,113,758,1,759,113,927,1,928,1,1593,1]
09-22 22:28:04.950 I/sysui_multi_action( 1849): [757,0,758,1,759,0,927,2,928,0,1593,1]
09-22 22:28:04.950 I/sysui_multi_action( 1849): [757,0,758,1,759,0,927,3,928,0,1593,1]
09-22 22:28:04.965 I/sysui_multi_action( 1849): [757,111,758,2]
09-22 22:28:04.965 I/notification_enqueue( 1471): [10081,1849,com.android.systemui,2048,NULL,0,Notification(channel=updateNotification shortcut=null contentView=null vibrate=null sound=null defaults=0x0 flags=0x0 color=0x00000000 vis=PRIVATE),1]
09-22 22:28:04.966 I/sysui_multi_action( 1849): [757,111,758,2]
09-22 22:28:04.980 I/input_focus( 1471): [Focus request 4ed4abc com.android.launcher3/com.android.launcher3.uioverrides.QuickstepLauncher,reason=UpdateInputWindows]
09-22 22:28:04.982 I/sysui_multi_action( 1849): [757,111,758,1]
09-22 22:28:04.982 I/sysui_multi_action( 1849): [757,126,758,1,759,126,927,0,928,0,1593,1]
09-22 22:28:04.982 I/sysui_multi_action( 1849): [757,113,758,1,759,113,927,1,928,1,1593,1]
09-22 22:28:04.982 I/sysui_multi_action( 1849): [757,0,758,1,759,0,927,2,928,0,1593,1]
09-22 22:28:04.982 I/sysui_multi_action( 1849): [757,0,758,1,759,0,927,3,928,0,1593,1]
09-22 22:28:04.982 I/sysui_multi_action( 1849): [757,1706,758,1,759,1706,927,4,928,0,1593,1]
09-22 22:28:04.983 I/sysui_multi_action( 1849): [757,491,758,1,759,491,927,5,928,0,1311,-1,1593,0]
09-22 22:28:04.983 I/sysui_multi_action( 1849): [757,0,758,1,759,0,927,6,928,0,1593,0]
09-22 22:28:04.983 I/sysui_multi_action( 1849): [757,111,758,1]
09-22 22:28:04.983 I/sysui_multi_action( 1849): [757,126,758,1,759,126,927,0,928,0,1593,1]
09-22 22:28:04.983 I/sysui_multi_action( 1849): [757,113,758,1,759,113,927,1,928,1,1593,1]
09-22 22:28:04.983 I/sysui_multi_action( 1849): [757,0,758,1,759,0,927,2,928,0,1593,1]
09-22 22:28:04.983 I/sysui_multi_action( 1849): [757,0,758,1,759,0,927,3,928,0,1593,1]
09-22 22:28:05.009 I/input_focus( 1471): [Focus leaving b23aca NotificationShade (server),reason=NOT_FOCUSABLE]
09-22 22:28:05.009 I/input_focus( 1471): [Focus entering 4ed4abc com.android.launcher3/com.android.launcher3.uioverrides.QuickstepLauncher (server),reason=setFocusedWindow]
09-22 22:28:05.010 I/sysui_multi_action( 1849): [757,111,758,2]
09-22 22:28:05.010 I/sysui_multi_action( 1849): [757,111,758,2]
09-22 22:28:05.011 I/notification_enqueue( 1471): [10081,1849,com.android.systemui,2048,NULL,0,Notification(channel=updateNotification shortcut=null contentView=null vibrate=null sound=null defaults=0x0 flags=0x0 color=0x00000000 vis=PRIVATE),1]
09-22 22:28:05.013 I/sysui_multi_action( 1471): [757,127,758,2]
09-22 22:28:05.013 I/notification_panel_hidden( 1471):
09-22 22:28:05.027 I/am_pss ( 1471): [1849,10081,com.android.systemui,138774528,115552256,0,300019712,0,0,9]
09-22 22:28:05.037 I/sysui_multi_action( 1849): [757,111,758,1]
09-22 22:28:05.038 I/sysui_multi_action( 1849): [757,126,758,1,759,126,927,0,928,0,1593,0]
09-22 22:28:05.038 I/sysui_multi_action( 1849): [757,113,758,1,759,113,927,1,928,1,1593,0]
09-22 22:28:05.038 I/sysui_multi_action( 1849): [757,0,758,1,759,0,927,2,928,0,1593,0]
09-22 22:28:05.038 I/sysui_multi_action( 1849): [757,0,758,1,759,0,927,3,928,0,1593,0]
09-22 22:28:05.038 I/sysui_multi_action( 1849): [757,1706,758,1,759,1706,927,4,928,0,1593,0]
09-22 22:28:05.038 I/sysui_multi_action( 1849): [757,491,758,1,759,491,927,5,928,0,1311,-1,1593,0]
09-22 22:28:05.038 I/sysui_multi_action( 1849): [757,0,758,1,759,0,927,6,928,0,1593,0]
09-22 22:28:05.038 I/sysui_multi_action( 1849): [757,111,758,1]
09-22 22:28:05.038 I/sysui_multi_action( 1849): [757,126,758,1,759,126,927,0,928,0,1593,0]
09-22 22:28:05.039 I/sysui_multi_action( 1849): [757,113,758,1,759,113,927,1,928,1,1593,0]
09-22 22:28:05.039 I/sysui_multi_action( 1849): [757,0,758,1,759,0,927,2,928,0,1593,0]
09-22 22:28:05.039 I/sysui_multi_action( 1849): [757,0,758,1,759,0,927,3,928,0,1593,0]
09-22 22:28:06.642 I/am_uid_idle( 1471): 10031
09-22 22:28:06.976 I/am_uid_idle( 1471): 10068
09-22 22:28:07.220 I/am_uid_idle( 1471): 10034
09-22 22:28:07.339 I/am_uid_idle( 1471): 10057
09-22 22:28:07.413 I/am_uid_idle( 1471): 10022
09-22 22:28:07.672 I/am_uid_idle( 1471): 10030
09-22 22:28:07.762 I/am_uid_idle( 1471): 10026
09-22 22:28:07.792 I/am_uid_idle( 1471): 2000
09-22 22:28:08.428 I/am_uid_idle( 1471): 10088
09-22 22:28:08.435 I/am_uid_idle( 1471): 10055
09-22 22:28:08.543 I/am_uid_idle( 1471): 10085
09-22 22:28:52.199 I/am_uid_idle( 1471): 10066
09-22 22:28:54.544 I/am_uid_idle( 1471): 10092
09-22 22:28:57.408 I/sysui_multi_action( 1471): [757,1696,758,6,759,2]
09-22 22:28:57.417 I/am_wtf ( 1471): [0,1471,system_server,-1,DisplayDeviceConfig,requesting nits when no mapping exists.]
09-22 22:28:57.421 I/am_wtf ( 1471): [0,1471,system_server,-1,DisplayDeviceConfig,requesting nits when no mapping exists.]
09-22 22:28:57.434 I/am_wtf ( 1471): [0,1471,system_server,-1,DisplayDeviceConfig,requesting nits when no mapping exists.]
09-22 22:28:57.436 I/am_wtf ( 1471): [0,1471,system_server,-1,DisplayDeviceConfig,requesting nits when no mapping exists.]
09-22 22:28:57.450 I/am_wtf ( 1471): [0,1471,system_server,-1,DisplayDeviceConfig,requesting nits when no mapping exists.]
09-22 22:28:57.452 I/am_wtf ( 1471): [0,1471,system_server,-1,DisplayDeviceConfig,requesting nits when no mapping exists.]
09-22 22:28:57.468 I/am_wtf ( 1471): [0,1471,system_server,-1,DisplayDeviceConfig,requesting nits when no mapping exists.]
09-22 22:28:57.470 I/am_wtf ( 1471): [0,1471,system_server,-1,DisplayDeviceConfig,requesting nits when no mapping exists.]
09-22 22:28:57.484 I/am_wtf ( 1471): [0,1471,system_server,-1,DisplayDeviceConfig,requesting nits when no mapping exists.]
09-22 22:28:57.486 I/am_wtf ( 1471): [0,1471,system_server,-1,DisplayDeviceConfig,requesting nits when no mapping exists.]
09-22 22:28:57.501 I/am_wtf ( 1471): [0,1471,system_server,-1,DisplayDeviceConfig,requesting nits when no mapping exists.]
09-22 22:28:57.502 I/am_wtf ( 1471): [0,1471,system_server,-1,DisplayDeviceConfig,requesting nits when no mapping exists.]
09-22 22:28:57.519 I/am_wtf ( 1471): [0,1471,system_server,-1,DisplayDeviceConfig,requesting nits when no mapping exists.]
09-22 22:28:57.520 I/am_wtf ( 1471): [0,1471,system_server,-1,DisplayDeviceConfig,requesting nits when no mapping exists.]
09-22 22:28:57.535 I/am_wtf ( 1471): [0,1471,system_server,-1,DisplayDeviceConfig,requesting nits when no mapping exists.]
09-22 22:28:57.535 I/am_wtf ( 1471): [0,1471,system_server,-1,DisplayDeviceConfig,requesting nits when no mapping exists.]
09-22 22:28:57.551 I/am_wtf ( 1471): [0,1471,system_server,-1,DisplayDeviceConfig,requesting nits when no mapping exists.]
09-22 22:28:57.552 I/am_wtf ( 1471): [0,1471,system_server,-1,DisplayDeviceConfig,requesting nits when no mapping exists.]
09-22 22:28:57.568 I/am_wtf ( 1471): [0,1471,system_server,-1,DisplayDeviceConfig,requesting nits when no mapping exists.]
09-22 22:28:57.570 I/am_wtf ( 1471): [0,1471,system_server,-1,DisplayDeviceConfig,requesting nits when no mapping exists.]
09-22 22:28:57.585 I/am_wtf ( 1471): [0,1471,system_server,-1,DisplayDeviceConfig,requesting nits when no mapping exists.]
09-22 22:28:57.586 I/am_wtf ( 1471): [0,1471,system_server,-1,DisplayDeviceConfig,requesting nits when no mapping exists.]
09-22 22:28:57.602 I/am_wtf ( 1471): [0,1471,system_server,-1,DisplayDeviceConfig,requesting nits when no mapping exists.]
09-22 22:28:57.603 I/am_wtf ( 1471): [0,1471,system_server,-1,DisplayDeviceConfig,requesting nits when no mapping exists.]
09-22 22:28:57.619 I/am_wtf ( 1471): [0,1471,system_server,-1,DisplayDeviceConfig,requesting nits when no mapping exists.]
09-22 22:28:57.620 I/am_wtf ( 1471): [0,1471,system_server,-1,DisplayDeviceConfig,requesting nits when no mapping exists.]
09-22 22:28:57.635 I/am_wtf ( 1471): [0,1471,system_server,-1,DisplayDeviceConfig,requesting nits when no mapping exists.]
09-22 22:28:57.636 I/am_wtf ( 1471): [0,1471,system_server,-1,DisplayDeviceConfig,requesting nits when no mapping exists.]
09-22 22:28:57.652 I/am_wtf ( 1471): [0,1471,system_server,-1,DisplayDeviceConfig,requesting nits when no mapping exists.]
09-22 22:28:57.653 I/am_wtf ( 1471): [0,1471,system_server,-1,DisplayDeviceConfig,requesting nits when no mapping exists.]
09-22 22:28:57.669 I/am_wtf ( 1471): [0,1471,system_server,-1,DisplayDeviceConfig,requesting nits when no mapping exists.]
09-22 22:28:57.670 I/am_wtf ( 1471): [0,1471,system_server,-1,DisplayDeviceConfig,requesting nits when no mapping exists.]
09-22 22:28:57.685 I/am_wtf ( 1471): [0,1471,system_server,-1,DisplayDeviceConfig,requesting nits when no mapping exists.]
09-22 22:28:57.686 I/am_wtf ( 1471): [0,1471,system_server,-1,DisplayDeviceConfig,requesting nits when no mapping exists.]
09-22 22:28:57.702 I/am_wtf ( 1471): [0,1471,system_server,-1,DisplayDeviceConfig,requesting nits when no mapping exists.]
09-22 22:28:57.703 I/am_wtf ( 1471): [0,1471,system_server,-1,DisplayDeviceConfig,requesting nits when no mapping exists.]
09-22 22:28:57.719 I/am_wtf ( 1471): [0,1471,system_server,-1,DisplayDeviceConfig,requesting nits when no mapping exists.]
09-22 22:28:57.720 I/am_wtf ( 1471): [0,1471,system_server,-1,DisplayDeviceConfig,requesting nits when no mapping exists.]
09-22 22:28:57.735 I/am_wtf ( 1471): [0,1471,system_server,-1,DisplayDeviceConfig,requesting nits when no mapping exists.]
09-22 22:28:57.736 I/am_wtf ( 1471): [0,1471,system_server,-1,DisplayDeviceConfig,requesting nits when no mapping exists.]
09-22 22:28:57.752 I/am_wtf ( 1471): [0,1471,system_server,-1,DisplayDeviceConfig,requesting nits when no mapping exists.]
09-22 22:28:57.753 I/am_wtf ( 1471): [0,1471,system_server,-1,DisplayDeviceConfig,requesting nits when no mapping exists.]
09-22 22:28:57.769 I/am_wtf ( 1471): [0,1471,system_server,-1,DisplayDeviceConfig,requesting nits when no mapping exists.]
09-22 22:28:57.770 I/am_wtf ( 1471): [0,1471,system_server,-1,DisplayDeviceConfig,requesting nits when no mapping exists.]
09-22 22:28:57.785 I/am_wtf ( 1471): [0,1471,system_server,-1,DisplayDeviceConfig,requesting nits when no mapping exists.]
09-22 22:28:57.786 I/am_wtf ( 1471): [0,1471,system_server,-1,DisplayDeviceConfig,requesting nits when no mapping exists.]
09-22 22:28:57.802 I/am_wtf ( 1471): [0,1471,system_server,-1,DisplayDeviceConfig,requesting nits when no mapping exists.]
09-22 22:28:57.803 I/am_wtf ( 1471): [0,1471,system_server,-1,DisplayDeviceConfig,requesting nits when no mapping exists.]
09-22 22:28:57.819 I/am_wtf ( 1471): [0,1471,system_server,-1,DisplayDeviceConfig,requesting nits when no mapping exists.]
09-22 22:28:57.820 I/am_wtf ( 1471): [0,1471,system_server,-1,DisplayDeviceConfig,requesting nits when no mapping exists.]
09-22 22:28:57.835 I/am_wtf ( 1471): [0,1471,system_server,-1,DisplayDeviceConfig,requesting nits when no mapping exists.]
09-22 22:28:57.837 I/am_wtf ( 1471): [0,1471,system_server,-1,DisplayDeviceConfig,requesting nits when no mapping exists.]
09-22 22:28:57.852 I/am_wtf ( 1471): [0,1471,system_server,-1,DisplayDeviceConfig,requesting nits when no mapping exists.]
09-22 22:28:57.853 I/am_wtf ( 1471): [0,1471,system_server,-1,DisplayDeviceConfig,requesting nits when no mapping exists.]
09-22 22:28:57.869 I/am_wtf ( 1471): [0,1471,system_server,-1,DisplayDeviceConfig,requesting nits when no mapping exists.]
09-22 22:28:57.870 I/am_wtf ( 1471): [0,1471,system_server,-1,DisplayDeviceConfig,requesting nits when no mapping exists.]
09-22 22:28:57.886 I/am_wtf ( 1471): [0,1471,system_server,-1,DisplayDeviceConfig,requesting nits when no mapping exists.]
09-22 22:28:57.887 I/am_wtf ( 1471): [0,1471,system_server,-1,DisplayDeviceConfig,requesting nits when no mapping exists.]
09-22 22:28:57.903 I/am_wtf ( 1471): [0,1471,system_server,-1,DisplayDeviceConfig,requesting nits when no mapping exists.]
09-22 22:28:57.904 I/am_wtf ( 1471): [0,1471,system_server,-1,DisplayDeviceConfig,requesting nits when no mapping exists.]
09-22 22:28:57.919 I/am_wtf ( 1471): [0,1471,system_server,-1,DisplayDeviceConfig,requesting nits when no mapping exists.]
09-22 22:28:57.920 I/am_wtf ( 1471): [0,1471,system_server,-1,DisplayDeviceConfig,requesting nits when no mapping exists.]
09-22 22:28:57.935 I/am_wtf ( 1471): [0,1471,system_server,-1,DisplayDeviceConfig,requesting nits when no mapping exists.]
09-22 22:28:57.936 I/am_wtf ( 1471): [0,1471,system_server,-1,DisplayDeviceConfig,requesting nits when no mapping exists.]
09-22 22:28:57.953 I/am_wtf ( 1471): [0,1471,system_server,-1,DisplayDeviceConfig,requesting nits when no mapping exists.]
09-22 22:28:57.954 I/am_wtf ( 1471): [0,1471,system_server,-1,DisplayDeviceConfig,requesting nits when no mapping exists.]
09-22 22:28:57.969 I/am_wtf ( 1471): [0,1471,system_server,-1,DisplayDeviceConfig,requesting nits when no mapping exists.]
09-22 22:28:57.970 I/am_wtf ( 1471): [0,1471,system_server,-1,DisplayDeviceConfig,requesting nits when no mapping exists.]
09-22 22:28:57.986 I/am_wtf ( 1471): [0,1471,system_server,-1,DisplayDeviceConfig,requesting nits when no mapping exists.]
09-22 22:28:57.987 I/am_wtf ( 1471): [0,1471,system_server,-1,DisplayDeviceConfig,requesting nits when no mapping exists.]
09-22 22:28:58.003 I/am_wtf ( 1471): [0,1471,system_server,-1,DisplayDeviceConfig,requesting nits when no mapping exists.]
09-22 22:28:58.004 I/am_wtf ( 1471): [0,1471,system_server,-1,DisplayDeviceConfig,requesting nits when no mapping exists.]
09-22 22:28:58.019 I/am_wtf ( 1471): [0,1471,system_server,-1,DisplayDeviceConfig,requesting nits when no mapping exists.]
09-22 22:28:58.021 I/am_wtf ( 1471): [0,1471,system_server,-1,DisplayDeviceConfig,requesting nits when no mapping exists.]
09-22 22:28:58.036 I/am_wtf ( 1471): [0,1471,system_server,-1,DisplayDeviceConfig,requesting nits when no mapping exists.]
09-22 22:28:58.037 I/am_wtf ( 1471): [0,1471,system_server,-1,DisplayDeviceConfig,requesting nits when no mapping exists.]
09-22 22:28:58.053 I/am_wtf ( 1471): [0,1471,system_server,-1,DisplayDeviceConfig,requesting nits when no mapping exists.]
09-22 22:28:58.054 I/am_wtf ( 1471): [0,1471,system_server,-1,DisplayDeviceConfig,requesting nits when no mapping exists.]
09-22 22:28:58.069 I/am_wtf ( 1471): [0,1471,system_server,-1,DisplayDeviceConfig,requesting nits when no mapping exists.]
09-22 22:28:58.070 I/am_wtf ( 1471): [0,1471,system_server,-1,DisplayDeviceConfig,requesting nits when no mapping exists.]
09-22 22:28:58.086 I/am_wtf ( 1471): [0,1471,system_server,-1,DisplayDeviceConfig,requesting nits when no mapping exists.]
09-22 22:28:58.087 I/am_wtf ( 1471): [0,1471,system_server,-1,DisplayDeviceConfig,requesting nits when no mapping exists.]
09-22 22:28:58.102 I/am_wtf ( 1471): [0,1471,system_server,-1,DisplayDeviceConfig,requesting nits when no mapping exists.]
09-22 22:28:58.103 I/am_wtf ( 1471): [0,1471,system_server,-1,DisplayDeviceConfig,requesting nits when no mapping exists.]
09-22 22:28:58.119 I/am_wtf ( 1471): [0,1471,system_server,-1,DisplayDeviceConfig,requesting nits when no mapping exists.]
09-22 22:28:58.121 I/am_wtf ( 1471): [0,1471,system_server,-1,DisplayDeviceConfig,requesting nits when no mapping exists.]
09-22 22:28:58.136 I/am_wtf ( 1471): [0,1471,system_server,-1,DisplayDeviceConfig,requesting nits when no mapping exists.]
09-22 22:28:58.137 I/am_wtf ( 1471): [0,1471,system_server,-1,DisplayDeviceConfig,requesting nits when no mapping exists.]
09-22 22:28:58.152 I/am_wtf ( 1471): [0,1471,system_server,-1,DisplayDeviceConfig,requesting nits when no mapping exists.]
09-22 22:28:58.154 I/am_wtf ( 1471): [0,1471,system_server,-1,DisplayDeviceConfig,requesting nits when no mapping exists.]
09-22 22:28:58.170 I/am_wtf ( 1471): [0,1471,system_server,-1,DisplayDeviceConfig,requesting nits when no mapping exists.]
09-22 22:28:58.171 I/am_wtf ( 1471): [0,1471,system_server,-1,DisplayDeviceConfig,requesting nits when no mapping exists.]
09-22 22:28:58.186 I/am_wtf ( 1471): [0,1471,system_server,-1,DisplayDeviceConfig,requesting nits when no mapping exists.]
09-22 22:28:58.187 I/am_wtf ( 1471): [0,1471,system_server,-1,DisplayDeviceConfig,requesting nits when no mapping exists.]
09-22 22:28:58.203 I/am_wtf ( 1471): [0,1471,system_server,-1,DisplayDeviceConfig,requesting nits when no mapping exists.]
09-22 22:28:58.204 I/am_wtf ( 1471): [0,1471,system_server,-1,DisplayDeviceConfig,requesting nits when no mapping exists.]
09-22 22:28:58.220 I/am_wtf ( 1471): [0,1471,system_server,-1,DisplayDeviceConfig,requesting nits when no mapping exists.]
09-22 22:28:58.221 I/am_wtf ( 1471): [0,1471,system_server,-1,DisplayDeviceConfig,requesting nits when no mapping exists.]
09-22 22:28:58.236 I/am_wtf ( 1471): [0,1471,system_server,-1,DisplayDeviceConfig,requesting nits when no mapping exists.]
09-22 22:28:58.237 I/service_manager_stats( 1471): [100,60,53942]
09-22 22:28:58.238 I/am_wtf ( 1471): [0,1471,system_server,-1,DisplayDeviceConfig,requesting nits when no mapping exists.]
09-22 22:28:58.253 I/am_wtf ( 1471): [0,1471,system_server,-1,DisplayDeviceConfig,requesting nits when no mapping exists.]
09-22 22:28:58.254 I/am_wtf ( 1471): [0,1471,system_server,-1,DisplayDeviceConfig,requesting nits when no mapping exists.]
09-22 22:28:58.270 I/am_wtf ( 1471): [0,1471,system_server,-1,DisplayDeviceConfig,requesting nits when no mapping exists.]
09-22 22:28:58.271 I/am_wtf ( 1471): [0,1471,system_server,-1,DisplayDeviceConfig,requesting nits when no mapping exists.]
09-22 22:28:58.287 I/am_wtf ( 1471): [0,1471,system_server,-1,DisplayDeviceConfig,requesting nits when no mapping exists.]
09-22 22:28:58.288 I/am_wtf ( 1471): [0,1471,system_server,-1,DisplayDeviceConfig,requesting nits when no mapping exists.]
09-22 22:28:58.303 I/am_wtf ( 1471): [0,1471,system_server,-1,DisplayDeviceConfig,requesting nits when no mapping exists.]
09-22 22:28:58.304 I/am_wtf ( 1471): [0,1471,system_server,-1,DisplayDeviceConfig,requesting nits when no mapping exists.]
09-22 22:28:58.320 I/am_wtf ( 1471): [0,1471,system_server,-1,DisplayDeviceConfig,requesting nits when no mapping exists.]
09-22 22:28:58.321 I/am_wtf ( 1471): [0,1471,system_server,-1,DisplayDeviceConfig,requesting nits when no mapping exists.]
09-22 22:28:58.336 I/am_wtf ( 1471): [0,1471,system_server,-1,DisplayDeviceConfig,requesting nits when no mapping exists.]
09-22 22:28:58.337 I/am_wtf ( 1471): [0,1471,system_server,-1,DisplayDeviceConfig,requesting nits when no mapping exists.]
09-22 22:28:58.353 I/am_wtf ( 1471): [0,1471,system_server,-1,DisplayDeviceConfig,requesting nits when no mapping exists.]
09-22 22:28:58.354 I/am_wtf ( 1471): [0,1471,system_server,-1,DisplayDeviceConfig,requesting nits when no mapping exists.]
09-22 22:28:58.370 I/am_wtf ( 1471): [0,1471,system_server,-1,DisplayDeviceConfig,requesting nits when no mapping exists.]
09-22 22:28:58.371 I/am_wtf ( 1471): [0,1471,system_server,-1,DisplayDeviceConfig,requesting nits when no mapping exists.]
09-22 22:29:04.410 I/sysui_multi_action( 1471): [757,222,758,1]
09-22 22:29:04.415 I/am_uid_active( 1471): 10066
09-22 22:29:04.425 I/am_pss ( 1471): [3596,10052,com.qualcomm.qti.qms.service.trustzoneaccess,5788672,3788800,0,92016640,0,19,9]
09-22 22:29:04.429 I/wm_task_created( 1471): [35,-1]
09-22 22:29:04.434 I/wm_task_moved( 1471): [35,1,6]
09-22 22:29:04.434 I/wm_task_to_front( 1471): [0,35]
09-22 22:29:04.435 I/wm_create_task( 1471): [0,35]
09-22 22:29:04.435 I/wm_create_activity( 1471): [0,95893551,35,com.android.deskclock/android.service.dreams.DreamActivity,NULL,NULL,NULL,276824064]
09-22 22:29:04.435 I/wm_task_moved( 1471): [35,1,6]
09-22 22:29:04.435 I/wm_on_top_resumed_lost_called( 2388): [226227664,com.android.launcher3.uioverrides.QuickstepLauncher,topStateChangedWhenResumed]
09-22 22:29:04.435 I/am_pss ( 1471): [3370,10030,com.android.providers.calendar,7475200,5230592,0,98283520,0,19,9]
09-22 22:29:04.436 I/wm_pause_activity( 1471): [0,226227664,com.android.launcher3/.uioverrides.QuickstepLauncher,userLeaving=true,pauseBackTasks]
09-22 22:29:04.441 I/wm_on_paused_called( 2388): [226227664,com.android.launcher3.uioverrides.QuickstepLauncher,performPause]
09-22 22:29:04.446 I/am_pss ( 1471): [3532,1000,com.android.localtransport,5680128,3866624,0,90591232,0,19,7]
09-22 22:29:04.451 I/wm_add_to_stopping( 1471): [0,226227664,com.android.launcher3/.uioverrides.QuickstepLauncher,makeInvisible]
09-22 22:29:04.452 I/wm_restart_activity( 1471): [0,95893551,35,com.android.deskclock/android.service.dreams.DreamActivity]
09-22 22:29:04.455 I/wm_set_resumed_activity( 1471): [0,com.android.deskclock/android.service.dreams.DreamActivity,minimalResumeActivityLocked]
09-22 22:29:04.455 I/am_pss ( 1471): [2853,10026,android.process.media,10104832,7778304,0,101265408,0,19,7]
09-22 22:29:04.461 I/sysui_multi_action( 1471): [757,803,799,window_time_0,802,72]
09-22 22:29:04.462 I/am_pss ( 1471): [3502,10018,com.android.externalstorage,5729280,3846144,0,91828224,0,19,6]
09-22 22:29:04.469 I/am_pss ( 1471): [2350,10088,com.qualcomm.qti.qccauthmgr,6457344,4313088,0,95797248,0,19,5]
09-22 22:29:04.469 I/wm_on_create_called( 2544): [95893551,android.service.dreams.DreamActivity,performCreate]
09-22 22:29:04.470 I/wm_on_start_called( 2544): [95893551,android.service.dreams.DreamActivity,handleStartActivity]
09-22 22:29:04.470 I/wm_on_resume_called( 2544): [95893551,android.service.dreams.DreamActivity,RESUME_ACTIVITY]
09-22 22:29:04.475 I/wm_on_top_resumed_gained_called( 2544): [95893551,android.service.dreams.DreamActivity,topStateChangedWhenResumed]
09-22 22:29:04.475 I/am_pss ( 1471): [2977,10020,android.process.acore,13614080,9592832,0,117420032,0,19,6]
09-22 22:29:04.482 I/am_pss ( 1471): [2734,10073,com.qualcomm.location,10037248,7315456,0,102813696,0,0,6]
09-22 22:29:04.488 I/am_pss ( 1471): [2729,10082,com.qualcomm.qti.workloadclassifier,8437760,6606848,0,93569024,0,0,5]
09-22 22:29:04.488 I/input_focus( 1471): [Focus leaving 4ed4abc com.android.launcher3/com.android.launcher3.uioverrides.QuickstepLauncher (server),reason=NO_WINDOW]
09-22 22:29:04.494 I/am_pss ( 1471): [2704,10086,com.qualcomm.qti.qccnetstat,6185984,4304896,0,92065792,0,0,6]
09-22 22:29:04.501 I/am_pss ( 1471): [2654,10053,.pasr,5398528,3604480,0,89657344,0,0,6]
09-22 22:29:04.503 I/input_focus( 1471): [Focus request dc4651a com.android.deskclock/android.service.dreams.DreamActivity,reason=UpdateInputWindows]
09-22 22:29:04.508 I/notification_enqueue( 1471): [10081,1849,com.android.systemui,2048,NULL,0,Notification(channel=updateNotification shortcut=null contentView=null vibrate=null sound=null defaults=0x0 flags=0x0 color=0x00000000 vis=PRIVATE),1]
09-22 22:29:04.508 I/am_pss ( 1471): [2680,10072,com.qualcomm.qti.services.systemhelper:systemhelper_service,6454272,4485120,0,93978624,0,0,6]
09-22 22:29:04.508 I/sysui_multi_action( 1849): [757,111,758,2]
09-22 22:29:04.509 I/sysui_multi_action( 1849): [757,111,758,2]
09-22 22:29:04.515 I/am_pss ( 1471): [2634,10056,ts.car.uart,6199296,4407296,0,90800128,0,0,5]
09-22 22:29:04.521 I/am_pss ( 1471): [3172,10061,com.qualcomm.qti.devicestatisticsservice,5332992,3547136,0,89366528,0,0,5]
09-22 22:29:04.523 I/sysui_multi_action( 1471): [757,1696,758,6,759,3]
09-22 22:29:04.526 I/sysui_multi_action( 1471): [319,92,322,91,325,151,757,761,758,8,759,2,806,com.android.deskclock,871,android.service.dreams.DreamActivity,904,com.android.deskclock,905,0,1320,4,1321,1]
09-22 22:29:04.526 I/wm_activity_launch_time( 1471): [0,95893551,com.android.deskclock/android.service.dreams.DreamActivity,91]
09-22 22:29:04.533 I/sysui_multi_action( 1849): [757,111,758,1]
09-22 22:29:04.534 I/sysui_multi_action( 1849): [757,126,758,1,759,126,927,0,928,0,1593,0]
09-22 22:29:04.534 I/sysui_multi_action( 1849): [757,113,758,1,759,113,927,1,928,1,1593,0]
09-22 22:29:04.534 I/sysui_multi_action( 1849): [757,0,758,1,759,0,927,2,928,0,1593,0]
09-22 22:29:04.534 I/sysui_multi_action( 1849): [757,0,758,1,759,0,927,3,928,0,1593,0]
09-22 22:29:04.535 I/sysui_multi_action( 1849): [757,1706,758,1,759,1706,927,4,928,0,1593,0]
09-22 22:29:04.535 I/am_wtf ( 1471): [0,1471,system_server,-1,DisplayDeviceConfig,requesting nits when no mapping exists.]
09-22 22:29:04.535 I/sysui_multi_action( 1849): [757,491,758,1,759,491,927,5,928,0,1311,-1,1593,0]
09-22 22:29:04.535 I/sysui_multi_action( 1849): [757,0,758,1,759,0,927,6,928,0,1593,0]
09-22 22:29:04.536 I/sysui_multi_action( 1849): [757,111,758,1]
09-22 22:29:04.536 I/sysui_multi_action( 1849): [757,126,758,1,759,126,927,0,928,0,1593,0]
09-22 22:29:04.536 I/sysui_multi_action( 1849): [757,113,758,1,759,113,927,1,928,1,1593,0]
09-22 22:29:04.536 I/sysui_multi_action( 1849): [757,0,758,1,759,0,927,2,928,0,1593,0]
09-22 22:29:04.536 I/sysui_multi_action( 1849): [757,0,758,1,759,0,927,3,928,0,1593,0]
09-22 22:29:04.539 I/am_wtf ( 1471): [0,1471,system_server,-1,DisplayDeviceConfig,requesting nits when no mapping exists.]
09-22 22:29:04.557 I/am_wtf ( 1471): [0,1471,system_server,-1,DisplayDeviceConfig,requesting nits when no mapping exists.]
09-22 22:29:04.558 I/am_wtf ( 1471): [0,1471,system_server,-1,DisplayDeviceConfig,requesting nits when no mapping exists.]
09-22 22:29:04.568 I/input_focus( 1471): [Focus entering dc4651a com.android.deskclock/android.service.dreams.DreamActivity (server),reason=Window became focusable. Previous reason: NOT_VISIBLE]
09-22 22:29:04.575 I/am_wtf ( 1471): [0,1471,system_server,-1,DisplayDeviceConfig,requesting nits when no mapping exists.]
09-22 22:29:04.575 I/am_wtf ( 1471): [0,1471,system_server,-1,DisplayDeviceConfig,requesting nits when no mapping exists.]
09-22 22:29:04.590 I/am_wtf ( 1471): [0,1471,system_server,-1,DisplayDeviceConfig,requesting nits when no mapping exists.]
