09-23 00:38:20.428 I/am_wtf ( 1471): [0,1471,system_server,-1,DisplayDeviceConfig,requesting nits when no mapping exists.]
09-23 00:38:20.429 I/am_wtf ( 1471): [0,1471,system_server,-1,DisplayDeviceConfig,requesting nits when no mapping exists.]
09-23 00:38:20.445 I/am_wtf ( 1471): [0,1471,system_server,-1,DisplayDeviceConfig,requesting nits when no mapping exists.]
09-23 00:38:20.446 I/am_wtf ( 1471): [0,1471,system_server,-1,DisplayDeviceConfig,requesting nits when no mapping exists.]
09-23 00:38:20.462 I/am_wtf ( 1471): [0,1471,system_server,-1,DisplayDeviceConfig,requesting nits when no mapping exists.]
09-23 00:38:20.463 I/am_wtf ( 1471): [0,1471,system_server,-1,DisplayDeviceConfig,requesting nits when no mapping exists.]
09-23 00:38:20.478 I/am_wtf ( 1471): [0,1471,system_server,-1,DisplayDeviceConfig,requesting nits when no mapping exists.]
09-23 00:38:20.479 I/am_wtf ( 1471): [0,1471,system_server,-1,DisplayDeviceConfig,requesting nits when no mapping exists.]
09-23 00:38:20.495 I/am_wtf ( 1471): [0,1471,system_server,-1,DisplayDeviceConfig,requesting nits when no mapping exists.]
09-23 00:38:20.496 I/am_wtf ( 1471): [0,1471,system_server,-1,DisplayDeviceConfig,requesting nits when no mapping exists.]
09-23 00:38:20.512 I/am_wtf ( 1471): [0,1471,system_server,-1,DisplayDeviceConfig,requesting nits when no mapping exists.]
09-23 00:38:20.513 I/am_wtf ( 1471): [0,1471,system_server,-1,DisplayDeviceConfig,requesting nits when no mapping exists.]
09-23 00:38:20.528 I/am_wtf ( 1471): [0,1471,system_server,-1,DisplayDeviceConfig,requesting nits when no mapping exists.]
09-23 00:38:20.530 I/am_wtf ( 1471): [0,1471,system_server,-1,DisplayDeviceConfig,requesting nits when no mapping exists.]
09-23 00:38:20.545 I/am_wtf ( 1471): [0,1471,system_server,-1,DisplayDeviceConfig,requesting nits when no mapping exists.]
09-23 00:38:20.546 I/am_wtf ( 1471): [0,1471,system_server,-1,DisplayDeviceConfig,requesting nits when no mapping exists.]
09-23 00:38:20.562 I/am_wtf ( 1471): [0,1471,system_server,-1,DisplayDeviceConfig,requesting nits when no mapping exists.]
09-23 00:38:20.563 I/am_wtf ( 1471): [0,1471,system_server,-1,DisplayDeviceConfig,requesting nits when no mapping exists.]
09-23 00:38:20.579 I/am_wtf ( 1471): [0,1471,system_server,-1,DisplayDeviceConfig,requesting nits when no mapping exists.]
09-23 00:38:20.580 I/am_wtf ( 1471): [0,1471,system_server,-1,DisplayDeviceConfig,requesting nits when no mapping exists.]
09-23 00:38:26.620 I/sysui_multi_action( 1471): [757,222,758,1]
09-23 00:38:26.622 I/am_uid_active( 1471): 10066
09-23 00:38:26.637 I/wm_task_created( 1471): [43,-1]
09-23 00:38:26.641 I/wm_task_moved( 1471): [43,1,7]
09-23 00:38:26.641 I/wm_task_to_front( 1471): [0,43]
09-23 00:38:26.641 I/wm_create_task( 1471): [0,43]
09-23 00:38:26.641 I/wm_create_activity( 1471): [0,218932721,43,com.android.deskclock/android.service.dreams.DreamActivity,NULL,NULL,NULL,276824064]
09-23 00:38:26.641 I/wm_task_moved( 1471): [43,1,7]
09-23 00:38:26.642 I/wm_on_top_resumed_lost_called( 8440): [175300907,com.android.settings.Settings,topStateChangedWhenResumed]
09-23 00:38:26.643 I/wm_pause_activity( 1471): [0,175300907,com.android.settings/.Settings,userLeaving=true,pauseBackTasks]
09-23 00:38:26.648 I/sysui_multi_action( 8440): [757,35,758,2,1089,125726]
09-23 00:38:26.649 I/sysui_multi_action( 8440): [757,744,758,2,1089,59937]
09-23 00:38:26.649 I/wm_on_paused_called( 8440): [175300907,com.android.settings.Settings,performPause]
09-23 00:38:26.653 I/wm_add_to_stopping( 1471): [0,175300907,com.android.settings/.Settings,makeInvisible]
09-23 00:38:26.654 I/wm_restart_activity( 1471): [0,218932721,43,com.android.deskclock/android.service.dreams.DreamActivity]
09-23 00:38:26.656 I/wm_set_resumed_activity( 1471): [0,com.android.deskclock/android.service.dreams.DreamActivity,minimalResumeActivityLocked]
09-23 00:38:26.662 I/sysui_multi_action( 1471): [757,803,799,window_time_0,802,125]
09-23 00:38:26.672 I/wm_on_create_called( 2544): [218932721,android.service.dreams.DreamActivity,performCreate]
09-23 00:38:26.674 I/wm_on_start_called( 2544): [218932721,android.service.dreams.DreamActivity,handleStartActivity]
09-23 00:38:26.674 I/wm_on_resume_called( 2544): [218932721,android.service.dreams.DreamActivity,RESUME_ACTIVITY]
09-23 00:38:26.676 I/input_focus( 1471): [Focus leaving b1c8932 com.android.settings/com.android.settings.Settings (server),reason=NO_WINDOW]
09-23 00:38:26.679 I/wm_on_top_resumed_gained_called( 2544): [218932721,android.service.dreams.DreamActivity,topStateChangedWhenResumed]
09-23 00:38:26.718 I/input_focus( 1471): [Focus request c34b02d com.android.deskclock/android.service.dreams.DreamActivity,reason=UpdateInputWindows]
09-23 00:38:26.721 I/sysui_multi_action( 1849): [757,111,758,2]
09-23 00:38:26.721 I/notification_enqueue( 1471): [10081,1849,com.android.systemui,2048,NULL,0,Notification(channel=updateNotification shortcut=null contentView=null vibrate=null sound=null defaults=0x0 flags=0x0 color=0x00000000 vis=PRIVATE),1]
09-23 00:38:26.722 I/sysui_multi_action( 1849): [757,111,758,2]
09-23 00:38:26.744 I/sysui_multi_action( 1849): [757,111,758,1]
09-23 00:38:26.745 I/sysui_multi_action( 1849): [757,126,758,1,759,126,927,0,928,0,1593,0]
09-23 00:38:26.745 I/sysui_multi_action( 1849): [757,113,758,1,759,113,927,1,928,1,1593,0]
09-23 00:38:26.745 I/sysui_multi_action( 1849): [757,0,758,1,759,0,927,2,928,0,1593,0]
09-23 00:38:26.746 I/sysui_multi_action( 1849): [757,0,758,1,759,0,927,3,928,0,1593,0]
09-23 00:38:26.746 I/sysui_multi_action( 1849): [757,1706,758,1,759,1706,927,4,928,0,1593,0]
09-23 00:38:26.746 I/sysui_multi_action( 1849): [757,491,758,1,759,491,927,5,928,0,1311,-1,1593,0]
09-23 00:38:26.746 I/sysui_multi_action( 1849): [757,0,758,1,759,0,927,6,928,0,1593,0]
09-23 00:38:26.747 I/sysui_multi_action( 1849): [757,111,758,1]
09-23 00:38:26.747 I/sysui_multi_action( 1849): [757,126,758,1,759,126,927,0,928,0,1593,0]
09-23 00:38:26.747 I/sysui_multi_action( 1849): [757,113,758,1,759,113,927,1,928,1,1593,0]
09-23 00:38:26.747 I/sysui_multi_action( 1849): [757,0,758,1,759,0,927,2,928,0,1593,0]
09-23 00:38:26.748 I/sysui_multi_action( 1849): [757,0,758,1,759,0,927,3,928,0,1593,0]
09-23 00:38:26.749 I/sysui_multi_action( 1471): [757,1696,758,6,759,3]
09-23 00:38:26.760 I/sysui_multi_action( 1471): [319,109,322,102,325,7913,757,761,758,8,759,2,806,com.android.deskclock,871,android.service.dreams.DreamActivity,904,com.android.deskclock,905,0,1320,4,1321,1]
09-23 00:38:26.761 I/wm_activity_launch_time( 1471): [0,218932721,com.android.deskclock/android.service.dreams.DreamActivity,102]
09-23 00:38:26.761 I/am_wtf ( 1471): [0,1471,system_server,-1,DisplayDeviceConfig,requesting nits when no mapping exists.]
09-23 00:38:26.767 I/am_wtf ( 1471): [0,1471,system_server,-1,DisplayDeviceConfig,requesting nits when no mapping exists.]
09-23 00:38:26.777 I/am_wtf ( 1471): [0,1471,system_server,-1,DisplayDeviceConfig,requesting nits when no mapping exists.]
09-23 00:38:26.778 I/input_focus( 1471): [Focus entering c34b02d com.android.deskclock/android.service.dreams.DreamActivity (server),reason=Window became focusable. Previous reason: NOT_VISIBLE]
09-23 00:38:26.778 I/am_wtf ( 1471): [0,1471,system_server,-1,DisplayDeviceConfig,requesting nits when no mapping exists.]
09-23 00:38:26.795 I/am_wtf ( 1471): [0,1471,system_server,-1,DisplayDeviceConfig,requesting nits when no mapping exists.]
09-23 00:38:26.798 I/am_wtf ( 1471): [0,1471,system_server,-1,DisplayDeviceConfig,requesting nits when no mapping exists.]
09-23 00:38:26.811 I/am_wtf ( 1471): [0,1471,system_server,-1,DisplayDeviceConfig,requesting nits when no mapping exists.]
09-23 00:38:26.815 I/am_wtf ( 1471): [0,1471,system_server,-1,DisplayDeviceConfig,requesting nits when no mapping exists.]
09-23 00:38:26.828 I/am_wtf ( 1471): [0,1471,system_server,-1,DisplayDeviceConfig,requesting nits when no mapping exists.]
09-23 00:38:26.829 I/am_wtf ( 1471): [0,1471,system_server,-1,DisplayDeviceConfig,requesting nits when no mapping exists.]
09-23 00:38:26.845 I/am_wtf ( 1471): [0,1471,system_server,-1,DisplayDeviceConfig,requesting nits when no mapping exists.]
09-23 00:38:26.846 I/am_wtf ( 1471): [0,1471,system_server,-1,DisplayDeviceConfig,requesting nits when no mapping exists.]
09-23 00:38:26.861 I/am_wtf ( 1471): [0,1471,system_server,-1,DisplayDeviceConfig,requesting nits when no mapping exists.]
09-23 00:38:26.862 I/am_wtf ( 1471): [0,1471,system_server,-1,DisplayDeviceConfig,requesting nits when no mapping exists.]
09-23 00:38:26.879 I/am_wtf ( 1471): [0,1471,system_server,-1,DisplayDeviceConfig,requesting nits when no mapping exists.]
09-23 00:38:26.880 I/am_wtf ( 1471): [0,1471,system_server,-1,DisplayDeviceConfig,requesting nits when no mapping exists.]
09-23 00:38:26.894 I/am_wtf ( 1471): [0,1471,system_server,-1,DisplayDeviceConfig,requesting nits when no mapping exists.]
09-23 00:38:26.895 I/am_wtf ( 1471): [0,1471,system_server,-1,DisplayDeviceConfig,requesting nits when no mapping exists.]
09-23 00:38:26.911 I/am_wtf ( 1471): [0,1471,system_server,-1,DisplayDeviceConfig,requesting nits when no mapping exists.]
09-23 00:38:26.912 I/am_wtf ( 1471): [0,1471,system_server,-1,DisplayDeviceConfig,requesting nits when no mapping exists.]
09-23 00:38:26.925 I/sysui_multi_action( 1471): [757,1501,758,1,793,7894125,794,0,795,205,796,2048,806,com.android.systemui,857,updateNotification,858,3,947,0,1500,0,1688,1]
09-23 00:38:26.925 I/sysui_multi_action( 1471): [757,804,799,note_interruptive,801,0,802,1]
09-23 00:38:26.925 I/sysui_multi_action( 1471): [757,199,758,1,759,2,793,7894126,794,0,795,206,796,2048,806,com.android.systemui,857,updateNotification,858,3,947,0,1500,1,1688,1]
09-23 00:38:26.926 I/notification_alert( 1471): [0|com.android.systemui|2048|null|10081,0,1,0]
09-23 00:38:26.927 I/am_wtf ( 1471): [0,1471,system_server,-1,DisplayDeviceConfig,requesting nits when no mapping exists.]
09-23 00:38:26.927 I/am_wtf ( 1471): [0,1471,system_server,-1,DisplayDeviceConfig,requesting nits when no mapping exists.]
09-23 00:38:26.951 I/am_wtf ( 1471): [0,1471,system_server,-1,DisplayDeviceConfig,requesting nits when no mapping exists.]
09-23 00:38:26.952 I/am_wtf ( 1471): [0,1471,system_server,-1,DisplayDeviceConfig,requesting nits when no mapping exists.]
09-23 00:38:26.960 I/am_wtf ( 1471): [0,1471,system_server,-1,DisplayDeviceConfig,requesting nits when no mapping exists.]
09-23 00:38:26.961 I/am_wtf ( 1471): [0,1471,system_server,-1,DisplayDeviceConfig,requesting nits when no mapping exists.]
09-23 00:38:26.978 I/am_wtf ( 1471): [0,1471,system_server,-1,DisplayDeviceConfig,requesting nits when no mapping exists.]
09-23 00:38:26.978 I/am_wtf ( 1471): [0,1471,system_server,-1,DisplayDeviceConfig,requesting nits when no mapping exists.]
09-23 00:38:26.994 I/am_wtf ( 1471): [0,1471,system_server,-1,DisplayDeviceConfig,requesting nits when no mapping exists.]
09-23 00:38:26.995 I/am_wtf ( 1471): [0,1471,system_server,-1,DisplayDeviceConfig,requesting nits when no mapping exists.]
09-23 00:38:27.016 I/am_wtf ( 1471): [0,1471,system_server,-1,DisplayDeviceConfig,requesting nits when no mapping exists.]
09-23 00:38:27.017 I/am_wtf ( 1471): [0,1471,system_server,-1,DisplayDeviceConfig,requesting nits when no mapping exists.]
09-23 00:38:27.032 I/am_wtf ( 1471): [0,1471,system_server,-1,DisplayDeviceConfig,requesting nits when no mapping exists.]
09-23 00:38:27.033 I/am_wtf ( 1471): [0,1471,system_server,-1,DisplayDeviceConfig,requesting nits when no mapping exists.]
09-23 00:38:27.045 I/am_wtf ( 1471): [0,1471,system_server,-1,DisplayDeviceConfig,requesting nits when no mapping exists.]
09-23 00:38:27.050 I/am_wtf ( 1471): [0,1471,system_server,-1,DisplayDeviceConfig,requesting nits when no mapping exists.]
09-23 00:38:27.062 I/am_wtf ( 1471): [0,1471,system_server,-1,DisplayDeviceConfig,requesting nits when no mapping exists.]
09-23 00:38:27.064 I/am_wtf ( 1471): [0,1471,system_server,-1,DisplayDeviceConfig,requesting nits when no mapping exists.]
09-23 00:38:27.077 I/am_wtf ( 1471): [0,1471,system_server,-1,DisplayDeviceConfig,requesting nits when no mapping exists.]
09-23 00:38:27.078 I/am_wtf ( 1471): [0,1471,system_server,-1,DisplayDeviceConfig,requesting nits when no mapping exists.]
09-23 00:38:27.100 I/am_wtf ( 1471): [0,1471,system_server,-1,DisplayDeviceConfig,requesting nits when no mapping exists.]
09-23 00:38:27.101 I/am_wtf ( 1471): [0,1471,system_server,-1,DisplayDeviceConfig,requesting nits when no mapping exists.]
09-23 00:38:27.117 I/am_wtf ( 1471): [0,1471,system_server,-1,DisplayDeviceConfig,requesting nits when no mapping exists.]
09-23 00:38:27.117 I/am_wtf ( 1471): [0,1471,system_server,-1,DisplayDeviceConfig,requesting nits when no mapping exists.]
09-23 00:38:27.129 I/am_wtf ( 1471): [0,1471,system_server,-1,DisplayDeviceConfig,requesting nits when no mapping exists.]
09-23 00:38:27.130 I/am_wtf ( 1471): [0,1471,system_server,-1,DisplayDeviceConfig,requesting nits when no mapping exists.]
09-23 00:38:27.150 I/am_wtf ( 1471): [0,1471,system_server,-1,DisplayDeviceConfig,requesting nits when no mapping exists.]
09-23 00:38:27.151 I/am_wtf ( 1471): [0,1471,system_server,-1,DisplayDeviceConfig,requesting nits when no mapping exists.]
09-23 00:38:27.163 I/am_wtf ( 1471): [0,1471,system_server,-1,DisplayDeviceConfig,requesting nits when no mapping exists.]
09-23 00:38:27.164 I/am_wtf ( 1471): [0,1471,system_server,-1,DisplayDeviceConfig,requesting nits when no mapping exists.]
09-23 00:38:27.179 I/am_wtf ( 1471): [0,1471,system_server,-1,DisplayDeviceConfig,requesting nits when no mapping exists.]
09-23 00:38:27.180 I/am_wtf ( 1471): [0,1471,system_server,-1,DisplayDeviceConfig,requesting nits when no mapping exists.]
09-23 00:38:27.199 I/am_wtf ( 1471): [0,1471,system_server,-1,DisplayDeviceConfig,requesting nits when no mapping exists.]
09-23 00:38:27.200 I/am_wtf ( 1471): [0,1471,system_server,-1,DisplayDeviceConfig,requesting nits when no mapping exists.]
09-23 00:38:27.214 I/am_wtf ( 1471): [0,1471,system_server,-1,DisplayDeviceConfig,requesting nits when no mapping exists.]
09-23 00:38:27.215 I/am_wtf ( 1471): [0,1471,system_server,-1,DisplayDeviceConfig,requesting nits when no mapping exists.]
09-23 00:38:27.232 I/am_wtf ( 1471): [0,1471,system_server,-1,DisplayDeviceConfig,requesting nits when no mapping exists.]
09-23 00:38:27.232 I/am_wtf ( 1471): [0,1471,system_server,-1,DisplayDeviceConfig,requesting nits when no mapping exists.]
09-23 00:38:27.245 I/am_wtf ( 1471): [0,1471,system_server,-1,DisplayDeviceConfig,requesting nits when no mapping exists.]
09-23 00:38:27.249 I/wm_stop_activity( 1471): [0,175300907,com.android.settings/.Settings]
09-23 00:38:27.251 I/am_wtf ( 1471): [0,1471,system_server,-1,DisplayDeviceConfig,requesting nits when no mapping exists.]
09-23 00:38:27.263 I/am_wtf ( 1471): [0,1471,system_server,-1,DisplayDeviceConfig,requesting nits when no mapping exists.]
09-23 00:38:27.264 I/service_manager_stats( 1471): [100,62,7001]
09-23 00:38:27.264 I/am_wtf ( 1471): [0,1471,system_server,-1,DisplayDeviceConfig,requesting nits when no mapping exists.]
09-23 00:38:27.282 I/wm_on_stop_called( 8440): [175300907,com.android.settings.Settings,STOP_ACTIVITY_ITEM]
09-23 00:38:27.289 I/am_wtf ( 1471): [0,1471,system_server,-1,DisplayDeviceConfig,requesting nits when no mapping exists.]
09-23 00:38:27.290 I/am_wtf ( 1471): [0,1471,system_server,-1,DisplayDeviceConfig,requesting nits when no mapping exists.]
09-23 00:38:27.299 I/am_wtf ( 1471): [0,1471,system_server,-1,DisplayDeviceConfig,requesting nits when no mapping exists.]
09-23 00:38:27.300 I/am_wtf ( 1471): [0,1471,system_server,-1,DisplayDeviceConfig,requesting nits when no mapping exists.]
09-23 00:38:27.313 I/am_wtf ( 1471): [0,1471,system_server,-1,DisplayDeviceConfig,requesting nits when no mapping exists.]
09-23 00:38:27.315 I/am_wtf ( 1471): [0,1471,system_server,-1,DisplayDeviceConfig,requesting nits when no mapping exists.]
09-23 00:38:27.329 I/am_wtf ( 1471): [0,1471,system_server,-1,DisplayDeviceConfig,requesting nits when no mapping exists.]
09-23 00:38:27.330 I/am_wtf ( 1471): [0,1471,system_server,-1,DisplayDeviceConfig,requesting nits when no mapping exists.]
09-23 00:38:27.346 I/am_wtf ( 1471): [0,1471,system_server,-1,DisplayDeviceConfig,requesting nits when no mapping exists.]
09-23 00:38:27.347 I/am_wtf ( 1471): [0,1471,system_server,-1,DisplayDeviceConfig,requesting nits when no mapping exists.]
09-23 00:38:27.371 I/am_wtf ( 1471): [0,1471,system_server,-1,DisplayDeviceConfig,requesting nits when no mapping exists.]
09-23 00:38:27.372 I/am_wtf ( 1471): [0,1471,system_server,-1,DisplayDeviceConfig,requesting nits when no mapping exists.]
09-23 00:38:27.382 I/am_wtf ( 1471): [0,1471,system_server,-1,DisplayDeviceConfig,requesting nits when no mapping exists.]
09-23 00:38:27.383 I/am_wtf ( 1471): [0,1471,system_server,-1,DisplayDeviceConfig,requesting nits when no mapping exists.]
09-23 00:38:27.399 I/am_wtf ( 1471): [0,1471,system_server,-1,DisplayDeviceConfig,requesting nits when no mapping exists.]
09-23 00:38:27.401 I/am_wtf ( 1471): [0,1471,system_server,-1,DisplayDeviceConfig,requesting nits when no mapping exists.]
09-23 00:38:27.415 I/am_wtf ( 1471): [0,1471,system_server,-1,DisplayDeviceConfig,requesting nits when no mapping exists.]
09-23 00:38:27.416 I/am_wtf ( 1471): [0,1471,system_server,-1,DisplayDeviceConfig,requesting nits when no mapping exists.]
09-23 00:38:27.432 I/am_wtf ( 1471): [0,1471,system_server,-1,DisplayDeviceConfig,requesting nits when no mapping exists.]
09-23 00:38:27.433 I/am_wtf ( 1471): [0,1471,system_server,-1,DisplayDeviceConfig,requesting nits when no mapping exists.]
09-23 00:38:27.452 I/am_wtf ( 1471): [0,1471,system_server,-1,DisplayDeviceConfig,requesting nits when no mapping exists.]
09-23 00:38:27.454 I/am_wtf ( 1471): [0,1471,system_server,-1,DisplayDeviceConfig,requesting nits when no mapping exists.]
09-23 00:38:27.466 I/am_wtf ( 1471): [0,1471,system_server,-1,DisplayDeviceConfig,requesting nits when no mapping exists.]
09-23 00:38:27.468 I/am_wtf ( 1471): [0,1471,system_server,-1,DisplayDeviceConfig,requesting nits when no mapping exists.]
09-23 00:38:27.487 I/am_wtf ( 1471): [0,1471,system_server,-1,DisplayDeviceConfig,requesting nits when no mapping exists.]
09-23 00:38:27.488 I/am_wtf ( 1471): [0,1471,system_server,-1,DisplayDeviceConfig,requesting nits when no mapping exists.]
09-23 00:38:27.500 I/am_wtf ( 1471): [0,1471,system_server,-1,DisplayDeviceConfig,requesting nits when no mapping exists.]
09-23 00:38:27.501 I/am_wtf ( 1471): [0,1471,system_server,-1,DisplayDeviceConfig,requesting nits when no mapping exists.]
09-23 00:38:27.514 I/am_wtf ( 1471): [0,1471,system_server,-1,DisplayDeviceConfig,requesting nits when no mapping exists.]
09-23 00:38:27.514 I/am_wtf ( 1471): [0,1471,system_server,-1,DisplayDeviceConfig,requesting nits when no mapping exists.]
09-23 00:38:27.532 I/am_wtf ( 1471): [0,1471,system_server,-1,DisplayDeviceConfig,requesting nits when no mapping exists.]
09-23 00:38:27.532 I/am_wtf ( 1471): [0,1471,system_server,-1,DisplayDeviceConfig,requesting nits when no mapping exists.]
09-23 00:38:27.549 I/am_wtf ( 1471): [0,1471,system_server,-1,DisplayDeviceConfig,requesting nits when no mapping exists.]
09-23 00:38:27.550 I/am_wtf ( 1471): [0,1471,system_server,-1,DisplayDeviceConfig,requesting nits when no mapping exists.]
09-23 00:38:27.563 I/am_wtf ( 1471): [0,1471,system_server,-1,DisplayDeviceConfig,requesting nits when no mapping exists.]
09-23 00:38:27.565 I/am_wtf ( 1471): [0,1471,system_server,-1,DisplayDeviceConfig,requesting nits when no mapping exists.]
09-23 00:38:27.579 I/am_wtf ( 1471): [0,1471,system_server,-1,DisplayDeviceConfig,requesting nits when no mapping exists.]
09-23 00:38:27.582 I/am_wtf ( 1471): [0,1471,system_server,-1,DisplayDeviceConfig,requesting nits when no mapping exists.]
09-23 00:38:27.596 I/am_wtf ( 1471): [0,1471,system_server,-1,DisplayDeviceConfig,requesting nits when no mapping exists.]
09-23 00:38:27.598 I/am_wtf ( 1471): [0,1471,system_server,-1,DisplayDeviceConfig,requesting nits when no mapping exists.]
09-23 00:38:27.614 I/am_wtf ( 1471): [0,1471,system_server,-1,DisplayDeviceConfig,requesting nits when no mapping exists.]
09-23 00:38:27.615 I/am_wtf ( 1471): [0,1471,system_server,-1,DisplayDeviceConfig,requesting nits when no mapping exists.]
09-23 00:38:27.631 I/am_wtf ( 1471): [0,1471,system_server,-1,DisplayDeviceConfig,requesting nits when no mapping exists.]
09-23 00:38:27.632 I/am_wtf ( 1471): [0,1471,system_server,-1,DisplayDeviceConfig,requesting nits when no mapping exists.]
09-23 00:38:27.649 I/am_wtf ( 1471): [0,1471,system_server,-1,DisplayDeviceConfig,requesting nits when no mapping exists.]
09-23 00:38:27.651 I/am_wtf ( 1471): [0,1471,system_server,-1,DisplayDeviceConfig,requesting nits when no mapping exists.]
09-23 00:38:27.664 I/am_wtf ( 1471): [0,1471,system_server,-1,DisplayDeviceConfig,requesting nits when no mapping exists.]
09-23 00:38:27.665 I/am_wtf ( 1471): [0,1471,system_server,-1,DisplayDeviceConfig,requesting nits when no mapping exists.]
09-23 00:38:27.682 I/am_wtf ( 1471): [0,1471,system_server,-1,DisplayDeviceConfig,requesting nits when no mapping exists.]
09-23 00:38:27.687 I/am_wtf ( 1471): [0,1471,system_server,-1,DisplayDeviceConfig,requesting nits when no mapping exists.]
09-23 00:38:27.703 I/am_wtf ( 1471): [0,1471,system_server,-1,DisplayDeviceConfig,requesting nits when no mapping exists.]
09-23 00:38:27.704 I/am_wtf ( 1471): [0,1471,system_server,-1,DisplayDeviceConfig,requesting nits when no mapping exists.]
09-23 00:38:27.713 I/am_wtf ( 1471): [0,1471,system_server,-1,DisplayDeviceConfig,requesting nits when no mapping exists.]
09-23 00:38:27.713 I/am_wtf ( 1471): [0,1471,system_server,-1,DisplayDeviceConfig,requesting nits when no mapping exists.]
09-23 00:38:39.745 I/input_interaction( 1471): Interaction with: c34b02d com.android.deskclock/android.service.dreams.DreamActivity (server), edge-swipe (server), swipe-up (server), PointerEventDispatcher0 (server),
09-23 00:38:39.748 I/wm_finish_activity( 1471): [0,218932721,43,com.android.deskclock/android.service.dreams.DreamActivity,finish-activity]
09-23 00:38:39.748 I/wm_task_moved( 1471): [39,1,6]
09-23 00:38:39.748 I/wm_task_to_front( 1471): [0,39]
09-23 00:38:39.749 I/wm_focused_root_task( 1471): [0,0,39,43,finish-top adjustFocusToNextFocusableTask]
09-23 00:38:39.750 I/wm_pause_activity( 1471): [0,218932721,com.android.deskclock/android.service.dreams.DreamActivity,userLeaving=false,finish]
09-23 00:38:39.758 I/sysui_multi_action( 1471): [757,803,799,window_time_0,802,14]
09-23 00:38:39.758 I/wm_on_top_resumed_lost_called( 2544): [218932721,android.service.dreams.DreamActivity,topStateChangedWhenResumed]
09-23 00:38:39.759 I/wm_on_paused_called( 2544): [218932721,android.service.dreams.DreamActivity,performPause]
09-23 00:38:39.759 I/wm_add_to_stopping( 1471): [0,218932721,com.android.deskclock/android.service.dreams.DreamActivity,completeFinishing]
09-23 00:38:39.761 I/wm_set_resumed_activity( 1471): [0,com.android.settings/.Settings,resumeTopActivityInnerLocked]
09-23 00:38:39.762 I/wm_resume_activity( 1471): [0,175300907,39,com.android.settings/.Settings]
09-23 00:38:39.772 I/view_enqueue_input_event( 2544): [Motion - Cancel,com.android.deskclock/android.service.dreams.DreamActivity]
09-23 00:38:39.773 I/input_focus( 1471): [Focus leaving c34b02d com.android.deskclock/android.service.dreams.DreamActivity (server),reason=NO_WINDOW]
09-23 00:38:39.773 I/input_interaction( 1471): Interaction with: edge-swipe (server), swipe-up (server), PointerEventDispatcher0 (server),
09-23 00:38:39.775 I/sysui_multi_action( 1471): [757,803,799,window_time_0,802,0]
09-23 00:38:39.776 I/wm_on_restart_called( 8440): [175300907,com.android.settings.Settings,performRestartActivity]
09-23 00:38:39.780 I/wm_on_start_called( 8440): [175300907,com.android.settings.Settings,handleStartActivity]
09-23 00:38:39.781 I/snet_event_log( 8440): [120484087,-1,]
09-23 00:38:39.781 I/wm_on_resume_called( 8440): [175300907,com.android.settings.Settings,RESUME_ACTIVITY]
09-23 00:38:39.782 I/sysui_multi_action( 8440): [757,35,758,1,833,0,1089,0]
09-23 00:38:39.783 I/sysui_multi_action( 8440): [757,744,758,1,833,0,1089,0]
09-23 00:38:39.786 I/wm_on_top_resumed_gained_called( 8440): [175300907,com.android.settings.Settings,topWhenResuming]
09-23 00:38:39.800 I/input_focus( 1471): [Focus request b1c8932 com.android.settings/com.android.settings.Settings,reason=UpdateInputWindows]
09-23 00:38:39.825 I/input_focus( 1471): [Focus entering b1c8932 com.android.settings/com.android.settings.Settings (server),reason=setFocusedWindow]
09-23 00:38:40.332 I/wm_destroy_activity( 1471): [0,218932721,43,com.android.deskclock/android.service.dreams.DreamActivity,finish-imm:idle]
09-23 00:38:40.356 I/wm_on_stop_called( 2544): [218932721,android.service.dreams.DreamActivity,LIFECYCLER_STOP_ACTIVITY]
09-23 00:38:40.356 I/wm_on_destroy_called( 2544): [218932721,android.service.dreams.DreamActivity,performDestroy]
09-23 00:38:40.360 I/sysui_multi_action( 1471): [757,222,758,2]
09-23 00:38:40.360 I/sysui_multi_action( 1471): [757,804,799,dreaming_minutes,801,0,802,1]
09-23 00:38:40.373 I/wm_task_removed( 1471): [43,removeChild:removeChild last r=ActivityRecord{d0ca5f1 u0 com.android.deskclock/android.service.dreams.DreamActivity t-1 f}} in t=Task{8a46f12 #43 type=dream A=10066:android:com.android.deskclock/dream U=0 visible=false mode=fullscreen translucent=true sz=0}]
09-23 00:38:40.373 I/wm_task_removed( 1471): [43,removeChild]
09-23 00:39:00.514 I/am_freeze( 1471): [8661,android.process.acore]
09-23 00:39:00.516 I/am_kill ( 1471): [0,8661,android.process.acore,915,Unable to freeze binder interface]
09-23 00:39:00.548 I/am_proc_died( 1471): [0,8661,android.process.acore,915,19]
09-23 00:39:00.549 I/am_uid_stopped( 1471): 10020
09-23 00:39:08.674 I/input_interaction( 1471): Interaction with: b1c8932 com.android.settings/com.android.settings.Settings (server), edge-swipe (server), swipe-up (server), PointerEventDispatcher0 (server),
09-23 00:39:08.836 I/sysui_multi_action( 8440): [757,830,758,4,833,0,854,dashboard_tile_pref_com.android.settings.Settings$DevelopmentSettingsDashboardActivity,1089,0]
09-23 00:39:08.839 I/sysui_multi_action( 8440): [757,744,758,2,1089,29055]
09-23 00:39:08.875 I/auditd ( 8440): type=1400 audit(0.0:929): avc: denied { read } for comm="ndroid.settings" name="pagetypeinfo" dev="proc" ino=4026531857 scontext=u:r:system_app:s0 tcontext=u:object_r:proc_pagetypeinfo:s0 tclass=file permissive=0
09-23 00:39:08.879 I/auditd ( 8440): type=1400 audit(0.0:930): avc: denied { search } for comm="ndroid.settings" name="zram0" dev="sysfs" ino=62873 scontext=u:r:system_app:s0 tcontext=u:object_r:sysfs_zram:s0 tclass=dir permissive=0
09-23 00:39:08.879 I/auditd ( 8440): type=1400 audit(0.0:931): avc: denied { search } for comm="ndroid.settings" name="zram0" dev="sysfs" ino=62873 scontext=u:r:system_app:s0 tcontext=u:object_r:sysfs_zram:s0 tclass=dir permissive=0
09-23 00:39:08.927 I/sysui_multi_action( 8440): [757,39,758,1,833,0,1089,87]
09-23 00:39:08.928 D/TelephonyRegistry( 1471): listen oscl: mHasNotifySubscriptionInfoChangedOccurred==false no callback
09-23 00:39:08.931 D/TelephonyRegistry( 1471): listen oscl: mHasNotifySubscriptionInfoChangedOccurred==false no callback
09-23 00:39:08.947 I/auditd ( 8440): type=1400 audit(0.0:932): avc: denied { read } for comm="pool-2-thread-1" name="pagetypeinfo" dev="proc" ino=4026531857 scontext=u:r:system_app:s0 tcontext=u:object_r:proc_pagetypeinfo:s0 tclass=file permissive=0
09-23 00:39:08.951 I/auditd ( 8440): type=1400 audit(0.0:933): avc: denied { search } for comm="pool-2-thread-1" name="zram0" dev="sysfs" ino=62873 scontext=u:r:system_app:s0 tcontext=u:object_r:sysfs_zram:s0 tclass=dir permissive=0
09-23 00:39:08.951 I/auditd ( 8440): type=1400 audit(0.0:934): avc: denied { search } for comm="pool-2-thread-1" name="zram0" dev="sysfs" ino=62873 scontext=u:r:system_app:s0 tcontext=u:object_r:sysfs_zram:s0 tclass=dir permissive=0
09-23 00:39:08.956 I/sysui_multi_action( 8440): [757,1729,758,4,854,isParalleledControllers:false,1089,117]
09-23 00:39:23.219 I/sysui_multi_action( 8440): [757,830,758,4,833,0,854,top_level_about_device,1089,0]
09-23 00:39:23.226 I/sysui_multi_action( 8440): [757,39,758,2,1089,14299]
09-23 00:39:23.274 I/sysui_multi_action( 8440): [757,40,758,1,833,0,1089,27]
09-23 00:39:23.275 W/FeatureConnector( 8440): [ImsConnector, 0] connect: not supported.
09-23 00:39:23.278 I/sysui_multi_action( 8440): [757,1729,758,4,854,isParalleledControllers:false,1089,30]
09-23 00:39:24.099 I/input_interaction( 1471): Interaction with: b1c8932 com.android.settings/com.android.settings.Settings (server), PointerEventDispatcher0 (server),
09-23 00:39:24.111 I/input_interaction( 1471): Interaction with: b1c8932 com.android.settings/com.android.settings.Settings (server), edge-swipe (server), swipe-up (server), PointerEventDispatcher0 (server),
09-23 00:39:40.388 I/am_uid_idle( 1471): 10066
09-23 00:39:52.802 I/sysui_multi_action( 8440): [757,830,758,4,833,0,854,top_level_system,1089,0]
09-23 00:39:52.806 I/sysui_multi_action( 8440): [757,40,758,2,1089,29532]
09-23 00:39:52.840 I/sysui_multi_action( 8440): [757,744,758,1,833,0,1089,22]
09-23 00:39:52.843 I/sysui_multi_action( 8440): [757,1729,758,4,854,isParalleledControllers:false,1089,25]
09-23 00:40:45.827 I/sysui_multi_action( 1471): [757,1696,758,6,759,2]
09-23 00:40:45.835 I/am_wtf ( 1471): [0,1471,system_server,-1,DisplayDeviceConfig,requesting nits when no mapping exists.]
09-23 00:40:45.839 I/am_wtf ( 1471): [0,1471,system_server,-1,DisplayDeviceConfig,requesting nits when no mapping exists.]
09-23 00:40:45.851 I/am_wtf ( 1471): [0,1471,system_server,-1,DisplayDeviceConfig,requesting nits when no mapping exists.]
09-23 00:40:45.853 I/am_wtf ( 1471): [0,1471,system_server,-1,DisplayDeviceConfig,requesting nits when no mapping exists.]
09-23 00:40:45.868 I/am_wtf ( 1471): [0,1471,system_server,-1,DisplayDeviceConfig,requesting nits when no mapping exists.]
09-23 00:40:45.869 I/am_wtf ( 1471): [0,1471,system_server,-1,DisplayDeviceConfig,requesting nits when no mapping exists.]
09-23 00:40:45.878 I/am_wtf ( 1471): [0,1471,system_server,-1,DisplayDeviceConfig,requesting nits when no mapping exists.]
09-23 00:40:45.879 I/am_wtf ( 1471): [0,1471,system_server,-1,DisplayDeviceConfig,requesting nits when no mapping exists.]
09-23 00:40:45.894 I/am_wtf ( 1471): [0,1471,system_server,-1,DisplayDeviceConfig,requesting nits when no mapping exists.]
09-23 00:40:45.895 I/am_wtf ( 1471): [0,1471,system_server,-1,DisplayDeviceConfig,requesting nits when no mapping exists.]
09-23 00:40:45.911 I/am_wtf ( 1471): [0,1471,system_server,-1,DisplayDeviceConfig,requesting nits when no mapping exists.]
09-23 00:40:45.912 I/am_wtf ( 1471): [0,1471,system_server,-1,DisplayDeviceConfig,requesting nits when no mapping exists.]
09-23 00:40:45.928 I/am_wtf ( 1471): [0,1471,system_server,-1,DisplayDeviceConfig,requesting nits when no mapping exists.]
09-23 00:40:45.929 I/am_wtf ( 1471): [0,1471,system_server,-1,DisplayDeviceConfig,requesting nits when no mapping exists.]
09-23 00:40:45.945 I/am_wtf ( 1471): [0,1471,system_server,-1,DisplayDeviceConfig,requesting nits when no mapping exists.]
09-23 00:40:45.951 I/am_wtf ( 1471): [0,1471,system_server,-1,DisplayDeviceConfig,requesting nits when no mapping exists.]
09-23 00:40:45.962 I/am_wtf ( 1471): [0,1471,system_server,-1,DisplayDeviceConfig,requesting nits when no mapping exists.]
09-23 00:40:45.963 I/am_wtf ( 1471): [0,1471,system_server,-1,DisplayDeviceConfig,requesting nits when no mapping exists.]
09-23 00:40:45.978 I/am_wtf ( 1471): [0,1471,system_server,-1,DisplayDeviceConfig,requesting nits when no mapping exists.]
09-23 00:40:45.979 I/am_wtf ( 1471): [0,1471,system_server,-1,DisplayDeviceConfig,requesting nits when no mapping exists.]
09-23 00:40:45.995 I/am_wtf ( 1471): [0,1471,system_server,-1,DisplayDeviceConfig,requesting nits when no mapping exists.]
09-23 00:40:45.995 I/service_manager_stats( 1471): [100,68,138731]
09-23 00:40:45.996 I/am_wtf ( 1471): [0,1471,system_server,-1,DisplayDeviceConfig,requesting nits when no mapping exists.]
09-23 00:40:46.012 I/am_wtf ( 1471): [0,1471,system_server,-1,DisplayDeviceConfig,requesting nits when no mapping exists.]
09-23 00:40:46.012 I/am_wtf ( 1471): [0,1471,system_server,-1,DisplayDeviceConfig,requesting nits when no mapping exists.]
09-23 00:40:46.029 I/am_wtf ( 1471): [0,1471,system_server,-1,DisplayDeviceConfig,requesting nits when no mapping exists.]
09-23 00:40:46.030 I/am_wtf ( 1471): [0,1471,system_server,-1,DisplayDeviceConfig,requesting nits when no mapping exists.]
09-23 00:40:46.045 I/am_wtf ( 1471): [0,1471,system_server,-1,DisplayDeviceConfig,requesting nits when no mapping exists.]
09-23 00:40:46.046 I/am_wtf ( 1471): [0,1471,system_server,-1,DisplayDeviceConfig,requesting nits when no mapping exists.]
09-23 00:40:46.062 I/am_wtf ( 1471): [0,1471,system_server,-1,DisplayDeviceConfig,requesting nits when no mapping exists.]
09-23 00:40:46.063 I/am_wtf ( 1471): [0,1471,system_server,-1,DisplayDeviceConfig,requesting nits when no mapping exists.]
09-23 00:40:46.079 I/am_wtf ( 1471): [0,1471,system_server,-1,DisplayDeviceConfig,requesting nits when no mapping exists.]
09-23 00:40:46.080 I/am_wtf ( 1471): [0,1471,system_server,-1,DisplayDeviceConfig,requesting nits when no mapping exists.]
09-23 00:40:46.095 I/am_wtf ( 1471): [0,1471,system_server,-1,DisplayDeviceConfig,requesting nits when no mapping exists.]
09-23 00:40:46.096 I/am_wtf ( 1471): [0,1471,system_server,-1,DisplayDeviceConfig,requesting nits when no mapping exists.]
09-23 00:40:46.116 I/am_wtf ( 1471): [0,1471,system_server,-1,DisplayDeviceConfig,requesting nits when no mapping exists.]
09-23 00:40:46.117 I/am_wtf ( 1471): [0,1471,system_server,-1,DisplayDeviceConfig,requesting nits when no mapping exists.]
09-23 00:40:46.128 I/am_wtf ( 1471): [0,1471,system_server,-1,DisplayDeviceConfig,requesting nits when no mapping exists.]
09-23 00:40:46.129 I/am_wtf ( 1471): [0,1471,system_server,-1,DisplayDeviceConfig,requesting nits when no mapping exists.]
09-23 00:40:46.145 I/am_wtf ( 1471): [0,1471,system_server,-1,DisplayDeviceConfig,requesting nits when no mapping exists.]
09-23 00:40:46.145 I/am_wtf ( 1471): [0,1471,system_server,-1,DisplayDeviceConfig,requesting nits when no mapping exists.]
09-23 00:40:46.163 I/am_wtf ( 1471): [0,1471,system_server,-1,DisplayDeviceConfig,requesting nits when no mapping exists.]
09-23 00:40:46.164 I/am_wtf ( 1471): [0,1471,system_server,-1,DisplayDeviceConfig,requesting nits when no mapping exists.]
09-23 00:40:46.179 I/am_wtf ( 1471): [0,1471,system_server,-1,DisplayDeviceConfig,requesting nits when no mapping exists.]
09-23 00:40:46.180 I/am_wtf ( 1471): [0,1471,system_server,-1,DisplayDeviceConfig,requesting nits when no mapping exists.]
09-23 00:40:46.195 I/am_wtf ( 1471): [0,1471,system_server,-1,DisplayDeviceConfig,requesting nits when no mapping exists.]
09-23 00:40:46.196 I/am_wtf ( 1471): [0,1471,system_server,-1,DisplayDeviceConfig,requesting nits when no mapping exists.]
09-23 00:40:46.212 I/am_wtf ( 1471): [0,1471,system_server,-1,DisplayDeviceConfig,requesting nits when no mapping exists.]
09-23 00:40:46.214 I/am_wtf ( 1471): [0,1471,system_server,-1,DisplayDeviceConfig,requesting nits when no mapping exists.]
09-23 00:40:46.229 I/am_wtf ( 1471): [0,1471,system_server,-1,DisplayDeviceConfig,requesting nits when no mapping exists.]
09-23 00:40:46.230 I/am_wtf ( 1471): [0,1471,system_server,-1,DisplayDeviceConfig,requesting nits when no mapping exists.]
09-23 00:40:46.246 I/am_wtf ( 1471): [0,1471,system_server,-1,DisplayDeviceConfig,requesting nits when no mapping exists.]
09-23 00:40:46.247 I/am_wtf ( 1471): [0,1471,system_server,-1,DisplayDeviceConfig,requesting nits when no mapping exists.]
09-23 00:40:46.263 I/am_wtf ( 1471): [0,1471,system_server,-1,DisplayDeviceConfig,requesting nits when no mapping exists.]
09-23 00:40:46.265 I/am_wtf ( 1471): [0,1471,system_server,-1,DisplayDeviceConfig,requesting nits when no mapping exists.]
09-23 00:40:46.279 I/am_wtf ( 1471): [0,1471,system_server,-1,DisplayDeviceConfig,requesting nits when no mapping exists.]
09-23 00:40:46.280 I/am_wtf ( 1471): [0,1471,system_server,-1,DisplayDeviceConfig,requesting nits when no mapping exists.]
09-23 00:40:46.296 I/am_wtf ( 1471): [0,1471,system_server,-1,DisplayDeviceConfig,requesting nits when no mapping exists.]
09-23 00:40:46.297 I/am_wtf ( 1471): [0,1471,system_server,-1,DisplayDeviceConfig,requesting nits when no mapping exists.]
09-23 00:40:46.312 I/am_wtf ( 1471): [0,1471,system_server,-1,DisplayDeviceConfig,requesting nits when no mapping exists.]
09-23 00:40:46.313 I/am_wtf ( 1471): [0,1471,system_server,-1,DisplayDeviceConfig,requesting nits when no mapping exists.]
09-23 00:40:46.329 I/am_wtf ( 1471): [0,1471,system_server,-1,DisplayDeviceConfig,requesting nits when no mapping exists.]
09-23 00:40:46.330 I/am_wtf ( 1471): [0,1471,system_server,-1,DisplayDeviceConfig,requesting nits when no mapping exists.]
09-23 00:40:46.346 I/am_wtf ( 1471): [0,1471,system_server,-1,DisplayDeviceConfig,requesting nits when no mapping exists.]
09-23 00:40:46.347 I/am_wtf ( 1471): [0,1471,system_server,-1,DisplayDeviceConfig,requesting nits when no mapping exists.]
09-23 00:40:46.363 I/am_wtf ( 1471): [0,1471,system_server,-1,DisplayDeviceConfig,requesting nits when no mapping exists.]
09-23 00:40:46.365 I/am_wtf ( 1471): [0,1471,system_server,-1,DisplayDeviceConfig,requesting nits when no mapping exists.]
09-23 00:40:46.379 I/am_wtf ( 1471): [0,1471,system_server,-1,DisplayDeviceConfig,requesting nits when no mapping exists.]
09-23 00:40:46.380 I/am_wtf ( 1471): [0,1471,system_server,-1,DisplayDeviceConfig,requesting nits when no mapping exists.]
09-23 00:40:46.396 I/am_wtf ( 1471): [0,1471,system_server,-1,DisplayDeviceConfig,requesting nits when no mapping exists.]
09-23 00:40:46.398 I/am_wtf ( 1471): [0,1471,system_server,-1,DisplayDeviceConfig,requesting nits when no mapping exists.]
09-23 00:40:46.413 I/am_wtf ( 1471): [0,1471,system_server,-1,DisplayDeviceConfig,requesting nits when no mapping exists.]
09-23 00:40:46.414 I/am_wtf ( 1471): [0,1471,system_server,-1,DisplayDeviceConfig,requesting nits when no mapping exists.]
09-23 00:40:46.429 I/am_wtf ( 1471): [0,1471,system_server,-1,DisplayDeviceConfig,requesting nits when no mapping exists.]
09-23 00:40:46.430 I/am_wtf ( 1471): [0,1471,system_server,-1,DisplayDeviceConfig,requesting nits when no mapping exists.]
09-23 00:40:46.446 I/am_wtf ( 1471): [0,1471,system_server,-1,DisplayDeviceConfig,requesting nits when no mapping exists.]
09-23 00:40:46.447 I/am_wtf ( 1471): [0,1471,system_server,-1,DisplayDeviceConfig,requesting nits when no mapping exists.]
09-23 00:40:46.463 I/am_wtf ( 1471): [0,1471,system_server,-1,DisplayDeviceConfig,requesting nits when no mapping exists.]
09-23 00:40:46.464 I/am_wtf ( 1471): [0,1471,system_server,-1,DisplayDeviceConfig,requesting nits when no mapping exists.]
09-23 00:40:46.479 I/am_wtf ( 1471): [0,1471,system_server,-1,DisplayDeviceConfig,requesting nits when no mapping exists.]
09-23 00:40:46.480 I/am_wtf ( 1471): [0,1471,system_server,-1,DisplayDeviceConfig,requesting nits when no mapping exists.]
09-23 00:40:46.496 I/am_wtf ( 1471): [0,1471,system_server,-1,DisplayDeviceConfig,requesting nits when no mapping exists.]
09-23 00:40:46.498 I/am_wtf ( 1471): [0,1471,system_server,-1,DisplayDeviceConfig,requesting nits when no mapping exists.]
09-23 00:40:46.513 I/am_wtf ( 1471): [0,1471,system_server,-1,DisplayDeviceConfig,requesting nits when no mapping exists.]
09-23 00:40:46.514 I/am_wtf ( 1471): [0,1471,system_server,-1,DisplayDeviceConfig,requesting nits when no mapping exists.]
09-23 00:40:46.530 I/am_wtf ( 1471): [0,1471,system_server,-1,DisplayDeviceConfig,requesting nits when no mapping exists.]
09-23 00:40:46.531 I/am_wtf ( 1471): [0,1471,system_server,-1,DisplayDeviceConfig,requesting nits when no mapping exists.]
09-23 00:40:46.546 I/am_wtf ( 1471): [0,1471,system_server,-1,DisplayDeviceConfig,requesting nits when no mapping exists.]
09-23 00:40:46.548 I/am_wtf ( 1471): [0,1471,system_server,-1,DisplayDeviceConfig,requesting nits when no mapping exists.]
09-23 00:40:46.563 I/am_wtf ( 1471): [0,1471,system_server,-1,DisplayDeviceConfig,requesting nits when no mapping exists.]
09-23 00:40:46.564 I/am_wtf ( 1471): [0,1471,system_server,-1,DisplayDeviceConfig,requesting nits when no mapping exists.]
09-23 00:40:46.580 I/am_wtf ( 1471): [0,1471,system_server,-1,DisplayDeviceConfig,requesting nits when no mapping exists.]
09-23 00:40:46.581 I/am_wtf ( 1471): [0,1471,system_server,-1,DisplayDeviceConfig,requesting nits when no mapping exists.]
09-23 00:40:46.596 I/am_wtf ( 1471): [0,1471,system_server,-1,DisplayDeviceConfig,requesting nits when no mapping exists.]
09-23 00:40:46.598 I/am_wtf ( 1471): [0,1471,system_server,-1,DisplayDeviceConfig,requesting nits when no mapping exists.]
09-23 00:40:46.614 I/am_wtf ( 1471): [0,1471,system_server,-1,DisplayDeviceConfig,requesting nits when no mapping exists.]
09-23 00:40:46.615 I/am_wtf ( 1471): [0,1471,system_server,-1,DisplayDeviceConfig,requesting nits when no mapping exists.]
09-23 00:40:46.630 I/am_wtf ( 1471): [0,1471,system_server,-1,DisplayDeviceConfig,requesting nits when no mapping exists.]
09-23 00:40:46.631 I/am_wtf ( 1471): [0,1471,system_server,-1,DisplayDeviceConfig,requesting nits when no mapping exists.]
09-23 00:40:46.646 I/am_wtf ( 1471): [0,1471,system_server,-1,DisplayDeviceConfig,requesting nits when no mapping exists.]
09-23 00:40:46.647 I/am_wtf ( 1471): [0,1471,system_server,-1,DisplayDeviceConfig,requesting nits when no mapping exists.]
09-23 00:40:46.663 I/am_wtf ( 1471): [0,1471,system_server,-1,DisplayDeviceConfig,requesting nits when no mapping exists.]
09-23 00:40:46.664 I/am_wtf ( 1471): [0,1471,system_server,-1,DisplayDeviceConfig,requesting nits when no mapping exists.]
09-23 00:40:46.680 I/am_wtf ( 1471): [0,1471,system_server,-1,DisplayDeviceConfig,requesting nits when no mapping exists.]
09-23 00:40:46.681 I/am_wtf ( 1471): [0,1471,system_server,-1,DisplayDeviceConfig,requesting nits when no mapping exists.]
09-23 00:40:46.697 I/am_wtf ( 1471): [0,1471,system_server,-1,DisplayDeviceConfig,requesting nits when no mapping exists.]
09-23 00:40:46.698 I/am_wtf ( 1471): [0,1471,system_server,-1,DisplayDeviceConfig,requesting nits when no mapping exists.]
09-23 00:40:46.713 I/am_wtf ( 1471): [0,1471,system_server,-1,DisplayDeviceConfig,requesting nits when no mapping exists.]
09-23 00:40:46.715 I/am_wtf ( 1471): [0,1471,system_server,-1,DisplayDeviceConfig,requesting nits when no mapping exists.]
09-23 00:40:46.730 I/am_wtf ( 1471): [0,1471,system_server,-1,DisplayDeviceConfig,requesting nits when no mapping exists.]
09-23 00:40:46.731 I/am_wtf ( 1471): [0,1471,system_server,-1,DisplayDeviceConfig,requesting nits when no mapping exists.]
09-23 00:40:46.747 I/am_wtf ( 1471): [0,1471,system_server,-1,DisplayDeviceConfig,requesting nits when no mapping exists.]
09-23 00:40:46.749 I/am_wtf ( 1471): [0,1471,system_server,-1,DisplayDeviceConfig,requesting nits when no mapping exists.]
09-23 00:40:46.764 I/am_wtf ( 1471): [0,1471,system_server,-1,DisplayDeviceConfig,requesting nits when no mapping exists.]
09-23 00:40:46.765 I/am_wtf ( 1471): [0,1471,system_server,-1,DisplayDeviceConfig,requesting nits when no mapping exists.]
09-23 00:40:46.780 I/am_wtf ( 1471): [0,1471,system_server,-1,DisplayDeviceConfig,requesting nits when no mapping exists.]
09-23 00:40:46.781 I/am_wtf ( 1471): [0,1471,system_server,-1,DisplayDeviceConfig,requesting nits when no mapping exists.]
09-23 00:40:52.798 I/sysui_multi_action( 1471): [757,222,758,1]
09-23 00:40:52.801 I/am_uid_active( 1471): 10066
09-23 00:40:52.814 I/wm_task_created( 1471): [44,-1]
09-23 00:40:52.819 I/wm_task_moved( 1471): [44,1,7]
09-23 00:40:52.820 I/wm_task_to_front( 1471): [0,44]
09-23 00:40:52.820 I/wm_create_task( 1471): [0,44]
09-23 00:40:52.820 I/wm_create_activity( 1471): [0,32805477,44,com.android.deskclock/android.service.dreams.DreamActivity,NULL,NULL,NULL,276824064]
09-23 00:40:52.820 I/wm_task_moved( 1471): [44,1,7]
09-23 00:40:52.820 I/wm_on_top_resumed_lost_called( 8440): [175300907,com.android.settings.Settings,topStateChangedWhenResumed]
09-23 00:40:52.822 I/wm_pause_activity( 1471): [0,175300907,com.android.settings/.Settings,userLeaving=true,pauseBackTasks]
09-23 00:40:52.827 I/sysui_multi_action( 8440): [757,35,758,2,1089,133045]
09-23 00:40:52.828 I/sysui_multi_action( 8440): [757,744,758,2,1089,59988]
09-23 00:40:52.828 I/wm_on_paused_called( 8440): [175300907,com.android.settings.Settings,performPause]
09-23 00:40:52.830 I/wm_add_to_stopping( 1471): [0,175300907,com.android.settings/.Settings,makeInvisible]
09-23 00:40:52.831 I/wm_restart_activity( 1471): [0,32805477,44,com.android.deskclock/android.service.dreams.DreamActivity]
09-23 00:40:52.833 I/wm_set_resumed_activity( 1471): [0,com.android.deskclock/android.service.dreams.DreamActivity,minimalResumeActivityLocked]
09-23 00:40:52.839 I/sysui_multi_action( 1471): [757,803,799,window_time_0,802,133]
09-23 00:40:52.851 I/wm_on_create_called( 2544): [32805477,android.service.dreams.DreamActivity,performCreate]
09-23 00:40:52.852 I/wm_on_start_called( 2544): [32805477,android.service.dreams.DreamActivity,handleStartActivity]
09-23 00:40:52.852 I/wm_on_resume_called( 2544): [32805477,android.service.dreams.DreamActivity,RESUME_ACTIVITY]
09-23 00:40:52.857 I/wm_on_top_resumed_gained_called( 2544): [32805477,android.service.dreams.DreamActivity,topStateChangedWhenResumed]
09-23 00:40:52.861 I/input_focus( 1471): [Focus leaving b1c8932 com.android.settings/com.android.settings.Settings (server),reason=NO_WINDOW]
09-23 00:40:52.884 I/input_focus( 1471): [Focus request a0efe1 com.android.deskclock/android.service.dreams.DreamActivity,reason=UpdateInputWindows]
09-23 00:40:52.888 I/notification_enqueue( 1471): [10081,1849,com.android.systemui,2048,NULL,0,Notification(channel=updateNotification shortcut=null contentView=null vibrate=null sound=null defaults=0x0 flags=0x0 color=0x00000000 vis=PRIVATE),1]
09-23 00:40:52.889 I/sysui_multi_action( 1849): [757,111,758,2]
09-23 00:40:52.890 I/sysui_multi_action( 1849): [757,111,758,2]
09-23 00:40:52.909 I/sysui_multi_action( 1471): [757,1696,758,6,759,3]
09-23 00:40:52.913 I/am_wtf ( 1471): [0,1471,system_server,-1,DisplayDeviceConfig,requesting nits when no mapping exists.]
09-23 00:40:52.913 I/am_wtf ( 1471): [0,1471,system_server,-1,DisplayDeviceConfig,requesting nits when no mapping exists.]
09-23 00:40:52.914 I/sysui_multi_action( 1471): [319,93,322,82,325,8060,757,761,758,8,759,2,806,com.android.deskclock,871,android.service.dreams.DreamActivity,904,com.android.deskclock,905,0,1320,4,1321,1]
09-23 00:40:52.915 I/wm_activity_launch_time( 1471): [0,32805477,com.android.deskclock/android.service.dreams.DreamActivity,82]
09-23 00:40:52.921 I/sysui_multi_action( 1849): [757,111,758,1]
09-23 00:40:52.922 I/sysui_multi_action( 1849): [757,126,758,1,759,126,927,0,928,0,1593,0]
09-23 00:40:52.922 I/sysui_multi_action( 1849): [757,113,758,1,759,113,927,1,928,1,1593,0]
09-23 00:40:52.922 I/sysui_multi_action( 1849): [757,0,758,1,759,0,927,2,928,0,1593,0]
09-23 00:40:52.922 I/sysui_multi_action( 1849): [757,0,758,1,759,0,927,3,928,0,1593,0]
09-23 00:40:52.922 I/sysui_multi_action( 1849): [757,1706,758,1,759,1706,927,4,928,0,1593,0]
09-23 00:40:52.923 I/sysui_multi_action( 1849): [757,491,758,1,759,491,927,5,928,0,1311,-1,1593,0]
09-23 00:40:52.923 I/sysui_multi_action( 1849): [757,0,758,1,759,0,927,6,928,0,1593,0]
09-23 00:40:52.923 I/sysui_multi_action( 1849): [757,111,758,1]
09-23 00:40:52.924 I/sysui_multi_action( 1849): [757,126,758,1,759,126,927,0,928,0,1593,0]
09-23 00:40:52.924 I/sysui_multi_action( 1849): [757,113,758,1,759,113,927,1,928,1,1593,0]
09-23 00:40:52.924 I/sysui_multi_action( 1849): [757,0,758,1,759,0,927,2,928,0,1593,0]
09-23 00:40:52.924 I/sysui_multi_action( 1849): [757,0,758,1,759,0,927,3,928,0,1593,0]
09-23 00:40:52.929 I/am_wtf ( 1471): [0,1471,system_server,-1,DisplayDeviceConfig,requesting nits when no mapping exists.]
09-23 00:40:52.930 I/am_wtf ( 1471): [0,1471,system_server,-1,DisplayDeviceConfig,requesting nits when no mapping exists.]
09-23 00:40:52.945 I/input_focus( 1471): [Focus entering a0efe1 com.android.deskclock/android.service.dreams.DreamActivity (server),reason=Window became focusable. Previous reason: NOT_VISIBLE]
09-23 00:40:52.946 I/am_wtf ( 1471): [0,1471,system_server,-1,DisplayDeviceConfig,requesting nits when no mapping exists.]
09-23 00:40:52.947 I/service_manager_stats( 1471): [100,62,6952]
09-23 00:40:52.947 I/am_wtf ( 1471): [0,1471,system_server,-1,DisplayDeviceConfig,requesting nits when no mapping exists.]
09-23 00:40:52.962 I/am_wtf ( 1471): [0,1471,system_server,-1,DisplayDeviceConfig,requesting nits when no mapping exists.]
09-23 00:40:52.962 I/am_wtf ( 1471): [0,1471,system_server,-1,DisplayDeviceConfig,requesting nits when no mapping exists.]
09-23 00:40:52.986 I/am_wtf ( 1471): [0,1471,system_server,-1,DisplayDeviceConfig,requesting nits when no mapping exists.]
09-23 00:40:52.987 I/am_wtf ( 1471): [0,1471,system_server,-1,DisplayDeviceConfig,requesting nits when no mapping exists.]
09-23 00:40:52.996 I/am_wtf ( 1471): [0,1471,system_server,-1,DisplayDeviceConfig,requesting nits when no mapping exists.]
09-23 00:40:53.000 I/am_wtf ( 1471): [0,1471,system_server,-1,DisplayDeviceConfig,requesting nits when no mapping exists.]
09-23 00:40:53.013 I/am_wtf ( 1471): [0,1471,system_server,-1,DisplayDeviceConfig,requesting nits when no mapping exists.]
