09-23 00:27:07.165 I/wm_on_restart_called( 2388): [226227664,com.android.launcher3.uioverrides.QuickstepLauncher,performRestartActivity]
09-23 00:27:07.192 I/wm_on_start_called( 2388): [226227664,com.android.launcher3.uioverrides.QuickstepLauncher,handleStartActivity]
09-23 00:27:07.250 I/sysui_latency( 2388): [1,80]
09-23 00:27:07.251 I/input_focus( 1471): [Focus request recents_animation_input_consumer,reason=UpdateInputWindows]
09-23 00:27:07.254 I/view_enqueue_input_event( 8440): [Motion - Cancel,com.android.settings/com.android.settings.Settings]
09-23 00:27:07.256 I/input_interaction( 1471): Interaction with: edge-swipe (server), swipe-up (server), PointerEventDispatcher0 (server),
09-23 00:27:07.261 I/sysui_multi_action( 1471): [319,8,322,109,325,7234,757,761,758,9,759,5,806,com.android.launcher3,871,com.android.launcher3.uioverrides.QuickstepLauncher,905,0,1320,8,1321,5]
09-23 00:27:07.262 I/input_focus( 1471): [Focus leaving b1c8932 com.android.settings/com.android.settings.Settings (server),reason=NOT_FOCUSABLE]
09-23 00:27:07.262 I/input_focus( 1471): [Focus entering recents_animation_input_consumer (server),reason=setFocusedWindow]
09-23 00:27:07.555 I/sysui_latency( 1471): [8,128]
09-23 00:27:09.544 I/input_interaction( 1471): Interaction with: 4ed4abc com.android.launcher3/com.android.launcher3.uioverrides.QuickstepLauncher (server), edge-swipe (server), swipe-up (server), PointerEventDispatcher0 (server),
09-23 00:27:10.037 I/wm_task_moved( 1471): [1,0,5]
09-23 00:27:10.038 I/wm_add_to_stopping( 1471): [0,226227664,com.android.launcher3/.uioverrides.QuickstepLauncher,makeInvisible]
09-23 00:27:10.047 I/input_focus( 1471): [Focus request b1c8932 com.android.settings/com.android.settings.Settings,reason=UpdateInputWindows]
09-23 00:27:10.048 I/wm_stop_activity( 1471): [0,226227664,com.android.launcher3/.uioverrides.QuickstepLauncher]
09-23 00:27:10.067 I/input_focus( 1471): [Focus leaving recents_animation_input_consumer (server),reason=NOT_VISIBLE]
09-23 00:27:10.067 I/input_focus( 1471): [Focus entering b1c8932 com.android.settings/com.android.settings.Settings (server),reason=setFocusedWindow]
09-23 00:27:10.071 I/am_pss ( 1471): [8440,1000,com.android.settings,157551616,139640832,0,300806144,0,2,16]
09-23 00:27:10.077 I/am_pss ( 1471): [8488,10088,com.qualcomm.qti.qccauthmgr,7194624,4337664,0,95457280,0,19,5]
09-23 00:27:10.084 I/am_pss ( 1471): [2544,10066,com.android.deskclock,24615936,16568320,0,142479360,0,19,6]
09-23 00:27:10.090 I/am_pss ( 1471): [8441,10068,com.android.calendar,6979584,4050944,0,92434432,0,19,5]
09-23 00:27:10.097 I/wm_on_stop_called( 2388): [226227664,com.android.launcher3.uioverrides.QuickstepLauncher,STOP_ACTIVITY_ITEM]
09-23 00:27:10.641 I/input_interaction( 1471): Interaction with: b1c8932 com.android.settings/com.android.settings.Settings (server), edge-swipe (server), swipe-up (server), PointerEventDispatcher0 (server),
09-23 00:27:18.300 I/sysui_multi_action( 8440): [757,39,758,2,1089,15088]
09-23 00:27:18.330 I/sysui_multi_action( 8440): [757,744,758,1,833,0,1089,0]
09-23 00:27:20.494 I/wm_task_moved( 1471): [39,0,0]
09-23 00:27:20.499 I/wm_focused_root_task( 1471): [0,0,1,39,moveTaskToBackLocked]
09-23 00:27:20.500 I/wm_add_to_stopping( 1471): [0,175300907,com.android.settings/.Settings,makeInvisible]
09-23 00:27:20.502 I/wm_pause_activity( 1471): [0,175300907,com.android.settings/.Settings,userLeaving=false,pauseBackTasks]
09-23 00:27:20.504 I/wm_set_resumed_activity( 1471): [0,com.android.launcher3/.uioverrides.QuickstepLauncher,resumeTopActivityInnerLocked]
09-23 00:27:20.505 I/wm_resume_activity( 1471): [0,226227664,33,com.android.launcher3/.uioverrides.QuickstepLauncher]
09-23 00:27:20.506 I/wm_on_top_resumed_lost_called( 8440): [175300907,com.android.settings.Settings,topStateChangedWhenResumed]
09-23 00:27:20.518 I/wm_on_restart_called( 2388): [226227664,com.android.launcher3.uioverrides.QuickstepLauncher,performRestartActivity]
09-23 00:27:20.518 I/sysui_multi_action( 8440): [757,35,758,2,1089,39534]
09-23 00:27:20.519 I/wm_on_start_called( 2388): [226227664,com.android.launcher3.uioverrides.QuickstepLauncher,handleStartActivity]
09-23 00:27:20.519 I/sysui_multi_action( 8440): [757,744,758,2,1089,2190]
09-23 00:27:20.519 I/wm_on_paused_called( 8440): [175300907,com.android.settings.Settings,performPause]
09-23 00:27:20.519 I/sysui_multi_action( 1471): [757,803,799,window_time_0,802,39]
09-23 00:27:20.520 I/wm_on_resume_called( 2388): [226227664,com.android.launcher3.uioverrides.QuickstepLauncher,RESUME_ACTIVITY]
09-23 00:27:20.520 I/wm_on_top_resumed_gained_called( 2388): [226227664,com.android.launcher3.uioverrides.QuickstepLauncher,topStateChangedWhenResumed]
09-23 00:27:20.525 I/input_focus( 1471): [Focus leaving b1c8932 com.android.settings/com.android.settings.Settings (server),reason=NO_WINDOW]
09-23 00:27:20.531 I/input_focus( 1471): [Focus request 4ed4abc com.android.launcher3/com.android.launcher3.uioverrides.QuickstepLauncher,reason=UpdateInputWindows]
09-23 00:27:20.559 I/input_focus( 1471): [Focus entering 4ed4abc com.android.launcher3/com.android.launcher3.uioverrides.QuickstepLauncher (server),reason=setFocusedWindow]
09-23 00:27:20.918 I/wm_stop_activity( 1471): [0,175300907,com.android.settings/.Settings]
09-23 00:27:20.941 I/wm_on_stop_called( 8440): [175300907,com.android.settings.Settings,STOP_ACTIVITY_ITEM]
09-23 00:27:21.564 I/input_interaction( 1471): Interaction with: 4ed4abc com.android.launcher3/com.android.launcher3.uioverrides.QuickstepLauncher (server), d380f0a com.android.systemui.ImageWallpaper (server), edge-swipe (server), swipe-up (server), PointerEventDispatcher0 (server),
09-23 00:27:21.730 I/sysui_multi_action( 1471): [757,127,758,1]
09-23 00:27:21.730 I/sysui_multi_action( 1471): [757,804,799,note_load,801,2,802,1]
09-23 00:27:21.730 I/notification_panel_revealed( 1471): 2
09-23 00:27:21.750 I/input_focus( 1471): [Focus request b23aca NotificationShade,reason=UpdateInputWindows]
09-23 00:27:21.779 I/input_focus( 1471): [Focus leaving 4ed4abc com.android.launcher3/com.android.launcher3.uioverrides.QuickstepLauncher (server),reason=setFocusedWindow]
09-23 00:27:21.779 I/input_focus( 1471): [Focus entering b23aca NotificationShade (server),reason=setFocusedWindow]
09-23 00:27:21.780 I/input_interaction( 1471): Interaction with: 4ed4abc com.android.launcher3/com.android.launcher3.uioverrides.QuickstepLauncher (server), d380f0a com.android.systemui.ImageWallpaper (server), b23aca NotificationShade (server), edge-swipe (server), swipe-up (server), PointerEventDispatcher0 (server),
09-23 00:27:21.780 I/view_enqueue_input_event( 2388): [Motion - Cancel,com.android.launcher3/com.android.launcher3.uioverrides.QuickstepLauncher]
09-23 00:27:21.790 I/sysui_multi_action( 1849): [757,803,799,panel_open,802,1]
09-23 00:27:21.791 I/sysui_multi_action( 1849): [757,1328,758,4,1326,55,1327,73,1329,0]
09-23 00:27:21.794 I/input_interaction( 1471): Interaction with: d380f0a com.android.systemui.ImageWallpaper (server), b23aca NotificationShade (server), edge-swipe (server), swipe-up (server), PointerEventDispatcher0 (server),
09-23 00:27:21.811 I/sysui_multi_action( 1849): [757,111,758,2]
09-23 00:27:21.811 I/notification_enqueue( 1471): [10081,1849,com.android.systemui,2048,NULL,0,Notification(channel=updateNotification shortcut=null contentView=null vibrate=null sound=null defaults=0x0 flags=0x0 color=0x00000000 vis=PRIVATE),1]
09-23 00:27:21.812 I/sysui_multi_action( 1849): [757,111,758,2]
09-23 00:27:21.829 I/input_focus( 1471): [Focus request 4ed4abc com.android.launcher3/com.android.launcher3.uioverrides.QuickstepLauncher,reason=UpdateInputWindows]
09-23 00:27:21.840 I/sysui_multi_action( 1849): [757,111,758,1]
09-23 00:27:21.840 I/sysui_multi_action( 1849): [757,126,758,1,759,126,927,0,928,0,1593,0]
09-23 00:27:21.840 I/sysui_multi_action( 1849): [757,113,758,1,759,113,927,1,928,1,1593,0]
09-23 00:27:21.840 I/sysui_multi_action( 1849): [757,0,758,1,759,0,927,2,928,0,1593,0]
09-23 00:27:21.840 I/sysui_multi_action( 1849): [757,0,758,1,759,0,927,3,928,0,1593,0]
09-23 00:27:21.841 I/sysui_multi_action( 1849): [757,1706,758,1,759,1706,927,4,928,0,1593,0]
09-23 00:27:21.841 I/sysui_multi_action( 1849): [757,491,758,1,759,491,927,5,928,0,1311,-1,1593,0]
09-23 00:27:21.841 I/sysui_multi_action( 1849): [757,0,758,1,759,0,927,6,928,0,1593,0]
09-23 00:27:21.841 I/sysui_multi_action( 1849): [757,111,758,1]
09-23 00:27:21.842 I/sysui_multi_action( 1849): [757,126,758,1,759,126,927,0,928,0,1593,0]
09-23 00:27:21.842 I/sysui_multi_action( 1849): [757,113,758,1,759,113,927,1,928,1,1593,0]
09-23 00:27:21.842 I/sysui_multi_action( 1849): [757,0,758,1,759,0,927,2,928,0,1593,0]
09-23 00:27:21.842 I/sysui_multi_action( 1849): [757,0,758,1,759,0,927,3,928,0,1593,0]
09-23 00:27:21.846 I/input_focus( 1471): [Focus leaving b23aca NotificationShade (server),reason=NOT_FOCUSABLE]
09-23 00:27:21.846 I/input_focus( 1471): [Focus entering 4ed4abc com.android.launcher3/com.android.launcher3.uioverrides.QuickstepLauncher (server),reason=setFocusedWindow]
09-23 00:27:21.854 I/notification_enqueue( 1471): [10081,1849,com.android.systemui,2048,NULL,0,Notification(channel=updateNotification shortcut=null contentView=null vibrate=null sound=null defaults=0x0 flags=0x0 color=0x00000000 vis=PRIVATE),1]
09-23 00:27:21.854 I/sysui_multi_action( 1849): [757,111,758,2]
09-23 00:27:21.854 I/sysui_multi_action( 1849): [757,111,758,2]
09-23 00:27:21.860 I/sysui_multi_action( 1849): [757,111,758,1]
09-23 00:27:21.861 I/sysui_multi_action( 1849): [757,126,758,1,759,126,927,0,928,0,1593,0]
09-23 00:27:21.861 I/sysui_multi_action( 1849): [757,113,758,1,759,113,927,1,928,1,1593,0]
09-23 00:27:21.861 I/sysui_multi_action( 1849): [757,0,758,1,759,0,927,2,928,0,1593,0]
09-23 00:27:21.861 I/sysui_multi_action( 1849): [757,0,758,1,759,0,927,3,928,0,1593,0]
09-23 00:27:21.861 I/sysui_multi_action( 1849): [757,1706,758,1,759,1706,927,4,928,0,1593,0]
09-23 00:27:21.861 I/sysui_multi_action( 1849): [757,491,758,1,759,491,927,5,928,0,1311,-1,1593,0]
09-23 00:27:21.862 I/sysui_multi_action( 1849): [757,0,758,1,759,0,927,6,928,0,1593,0]
09-23 00:27:21.862 I/sysui_multi_action( 1849): [757,111,758,1]
09-23 00:27:21.862 I/sysui_multi_action( 1849): [757,126,758,1,759,126,927,0,928,0,1593,0]
09-23 00:27:21.862 I/sysui_multi_action( 1849): [757,113,758,1,759,113,927,1,928,1,1593,0]
09-23 00:27:21.862 I/sysui_multi_action( 1849): [757,0,758,1,759,0,927,2,928,0,1593,0]
09-23 00:27:21.862 I/sysui_multi_action( 1849): [757,0,758,1,759,0,927,3,928,0,1593,0]
09-23 00:27:21.872 I/sysui_multi_action( 1849): [757,111,758,2]
09-23 00:27:21.872 I/sysui_multi_action( 1849): [757,111,758,2]
09-23 00:27:21.872 I/notification_enqueue( 1471): [10081,1849,com.android.systemui,2048,NULL,0,Notification(channel=updateNotification shortcut=null contentView=null vibrate=null sound=null defaults=0x0 flags=0x0 color=0x00000000 vis=PRIVATE),1]
09-23 00:27:21.875 I/sysui_multi_action( 1471): [757,127,758,2]
09-23 00:27:21.875 I/notification_panel_hidden( 1471):
09-23 00:27:21.882 I/sysui_multi_action( 1471): [757,127,758,1]
09-23 00:27:21.882 I/sysui_multi_action( 1471): [757,804,799,note_load,801,2,802,1]
09-23 00:27:21.882 I/notification_panel_revealed( 1471): 2
09-23 00:27:21.891 I/input_focus( 1471): [Focus request b23aca NotificationShade,reason=UpdateInputWindows]
09-23 00:27:21.894 I/sysui_multi_action( 1849): [757,111,758,1]
09-23 00:27:21.894 I/sysui_multi_action( 1849): [757,126,758,1,759,126,927,0,928,0,1593,0]
09-23 00:27:21.894 I/sysui_multi_action( 1849): [757,113,758,1,759,113,927,1,928,1,1593,0]
09-23 00:27:21.894 I/sysui_multi_action( 1849): [757,0,758,1,759,0,927,2,928,0,1593,0]
09-23 00:27:21.894 I/sysui_multi_action( 1849): [757,0,758,1,759,0,927,3,928,0,1593,0]
09-23 00:27:21.895 I/sysui_multi_action( 1849): [757,1706,758,1,759,1706,927,4,928,0,1593,0]
09-23 00:27:21.895 I/sysui_multi_action( 1849): [757,491,758,1,759,491,927,5,928,0,1311,-1,1593,0]
09-23 00:27:21.895 I/sysui_multi_action( 1849): [757,0,758,1,759,0,927,6,928,0,1593,0]
09-23 00:27:21.895 I/sysui_multi_action( 1849): [757,111,758,1]
09-23 00:27:21.895 I/sysui_multi_action( 1849): [757,126,758,1,759,126,927,0,928,0,1593,0]
09-23 00:27:21.895 I/sysui_multi_action( 1849): [757,113,758,1,759,113,927,1,928,1,1593,0]
09-23 00:27:21.895 I/sysui_multi_action( 1849): [757,0,758,1,759,0,927,2,928,0,1593,0]
09-23 00:27:21.895 I/sysui_multi_action( 1849): [757,0,758,1,759,0,927,3,928,0,1593,0]
09-23 00:27:21.903 I/sysui_multi_action( 1849): [757,111,758,2]
09-23 00:27:21.903 I/notification_enqueue( 1471): [10081,1849,com.android.systemui,2048,NULL,0,Notification(channel=updateNotification shortcut=null contentView=null vibrate=null sound=null defaults=0x0 flags=0x0 color=0x00000000 vis=PRIVATE),1]
09-23 00:27:21.903 I/sysui_multi_action( 1849): [757,111,758,2]
09-23 00:27:21.906 I/sysui_multi_action( 1849): [757,111,758,1]
09-23 00:27:21.906 I/sysui_multi_action( 1849): [757,126,758,1,759,126,927,0,928,0,1593,0]
09-23 00:27:21.906 I/sysui_multi_action( 1849): [757,113,758,1,759,113,927,1,928,1,1593,0]
09-23 00:27:21.906 I/sysui_multi_action( 1849): [757,0,758,1,759,0,927,2,928,0,1593,0]
09-23 00:27:21.906 I/sysui_multi_action( 1849): [757,0,758,1,759,0,927,3,928,0,1593,0]
09-23 00:27:21.906 I/sysui_multi_action( 1849): [757,1706,758,1,759,1706,927,4,928,0,1593,0]
09-23 00:27:21.906 I/sysui_multi_action( 1849): [757,491,758,1,759,491,927,5,928,0,1311,-1,1593,0]
09-23 00:27:21.907 I/sysui_multi_action( 1849): [757,0,758,1,759,0,927,6,928,0,1593,0]
09-23 00:27:21.907 I/sysui_multi_action( 1849): [757,111,758,1]
09-23 00:27:21.907 I/sysui_multi_action( 1849): [757,126,758,1,759,126,927,0,928,0,1593,0]
09-23 00:27:21.907 I/sysui_multi_action( 1849): [757,113,758,1,759,113,927,1,928,1,1593,0]
09-23 00:27:21.907 I/sysui_multi_action( 1849): [757,0,758,1,759,0,927,2,928,0,1593,0]
09-23 00:27:21.907 I/sysui_multi_action( 1849): [757,0,758,1,759,0,927,3,928,0,1593,0]
09-23 00:27:21.913 I/input_focus( 1471): [Focus leaving 4ed4abc com.android.launcher3/com.android.launcher3.uioverrides.QuickstepLauncher (server),reason=setFocusedWindow]
09-23 00:27:21.913 I/input_focus( 1471): [Focus entering b23aca NotificationShade (server),reason=setFocusedWindow]
09-23 00:27:21.913 I/sysui_multi_action( 1849): [757,111,758,2]
09-23 00:27:21.914 I/sysui_multi_action( 1849): [757,111,758,2]
09-23 00:27:21.914 I/notification_enqueue( 1471): [10081,1849,com.android.systemui,2048,NULL,0,Notification(channel=updateNotification shortcut=null contentView=null vibrate=null sound=null defaults=0x0 flags=0x0 color=0x00000000 vis=PRIVATE),1]
09-23 00:27:21.918 I/sysui_multi_action( 1849): [757,111,758,1]
09-23 00:27:21.919 I/sysui_multi_action( 1849): [757,126,758,1,759,126,927,0,928,0,1593,0]
09-23 00:27:21.919 I/sysui_multi_action( 1849): [757,113,758,1,759,113,927,1,928,1,1593,0]
09-23 00:27:21.919 I/sysui_multi_action( 1849): [757,0,758,1,759,0,927,2,928,0,1593,0]
09-23 00:27:21.919 I/sysui_multi_action( 1849): [757,0,758,1,759,0,927,3,928,0,1593,0]
09-23 00:27:21.919 I/sysui_multi_action( 1849): [757,1706,758,1,759,1706,927,4,928,0,1593,0]
09-23 00:27:21.919 I/sysui_multi_action( 1849): [757,491,758,1,759,491,927,5,928,0,1311,-1,1593,0]
09-23 00:27:21.919 I/sysui_multi_action( 1849): [757,0,758,1,759,0,927,6,928,0,1593,0]
09-23 00:27:21.919 I/sysui_multi_action( 1849): [757,111,758,1]
09-23 00:27:21.919 I/sysui_multi_action( 1849): [757,126,758,1,759,126,927,0,928,0,1593,0]
09-23 00:27:21.919 I/sysui_multi_action( 1849): [757,113,758,1,759,113,927,1,928,1,1593,0]
09-23 00:27:21.919 I/sysui_multi_action( 1849): [757,0,758,1,759,0,927,2,928,0,1593,0]
09-23 00:27:21.919 I/sysui_multi_action( 1849): [757,0,758,1,759,0,927,3,928,0,1593,0]
09-23 00:27:21.930 I/sysui_multi_action( 1849): [757,111,758,2]
09-23 00:27:21.930 I/notification_enqueue( 1471): [10081,1849,com.android.systemui,2048,NULL,0,Notification(channel=updateNotification shortcut=null contentView=null vibrate=null sound=null defaults=0x0 flags=0x0 color=0x00000000 vis=PRIVATE),1]
09-23 00:27:21.930 I/sysui_multi_action( 1849): [757,111,758,2]
09-23 00:27:21.933 I/sysui_multi_action( 1849): [757,111,758,1]
09-23 00:27:21.934 I/sysui_multi_action( 1849): [757,126,758,1,759,126,927,0,928,0,1593,0]
09-23 00:27:21.934 I/sysui_multi_action( 1849): [757,113,758,1,759,113,927,1,928,1,1593,0]
09-23 00:27:21.934 I/sysui_multi_action( 1849): [757,0,758,1,759,0,927,2,928,0,1593,0]
09-23 00:27:21.934 I/sysui_multi_action( 1849): [757,0,758,1,759,0,927,3,928,0,1593,0]
09-23 00:27:21.934 I/sysui_multi_action( 1849): [757,1706,758,1,759,1706,927,4,928,0,1593,0]
09-23 00:27:21.934 I/sysui_multi_action( 1849): [757,491,758,1,759,491,927,5,928,0,1311,-1,1593,0]
09-23 00:27:21.934 I/sysui_multi_action( 1849): [757,0,758,1,759,0,927,6,928,0,1593,0]
09-23 00:27:21.934 I/sysui_multi_action( 1849): [757,111,758,1]
09-23 00:27:21.934 I/sysui_multi_action( 1849): [757,126,758,1,759,126,927,0,928,0,1593,0]
09-23 00:27:21.934 I/sysui_multi_action( 1849): [757,113,758,1,759,113,927,1,928,1,1593,0]
09-23 00:27:21.934 I/sysui_multi_action( 1849): [757,0,758,1,759,0,927,2,928,0,1593,0]
09-23 00:27:21.934 I/sysui_multi_action( 1849): [757,0,758,1,759,0,927,3,928,0,1593,0]
09-23 00:27:22.015 I/sysui_multi_action( 1471): [757,1501,758,1,793,7229215,794,0,795,205,796,2048,806,com.android.systemui,857,updateNotification,858,3,947,0,1500,0,1688,1]
09-23 00:27:22.015 I/sysui_multi_action( 1471): [757,804,799,note_interruptive,801,0,802,1]
09-23 00:27:22.015 I/sysui_multi_action( 1471): [757,199,758,1,759,2,793,7229216,794,0,795,206,796,2048,806,com.android.systemui,857,updateNotification,858,3,947,0,1500,1,1688,1]
09-23 00:27:22.015 I/notification_alert( 1471): [0|com.android.systemui|2048|null|10081,0,1,0]
09-23 00:27:22.257 I/sysui_multi_action( 1471): [757,128,758,1,793,7236419,794,0,795,7236419,796,26,798,0,806,android,857,DEVELOPER_IMPORTANT,858,4,947,0,1395,2,1500,7235990,1688,1]
09-23 00:27:22.258 I/sysui_multi_action( 1471): [757,804,799,note_freshness,801,7236419,802,1]
09-23 00:27:22.258 I/notification_visibility( 1471): [-1|android|26|null|1000,1,7236419,7236419,0,0]
09-23 00:27:22.259 I/sysui_multi_action( 1471): [757,128,758,1,793,7237391,794,0,795,7237391,796,32,798,1,806,android,857,USB,858,1,947,0,1395,2,1500,7237249,1688,1]
09-23 00:27:22.260 I/sysui_multi_action( 1471): [757,804,799,note_freshness,801,7237391,802,1]
09-23 00:27:22.260 I/notification_visibility( 1471): [-1|android|32|null|1000,1,7237391,7237391,0,1]
09-23 00:27:23.238 I/input_interaction( 1471): Interaction with: b23aca NotificationShade (server), edge-swipe (server), swipe-up (server), PointerEventDispatcher0 (server),
09-23 00:27:23.241 I/service_manager_stats( 1471): [100,46,39582]
09-23 00:27:23.636 I/notification_enqueue( 1471): [10081,1849,com.android.systemui,2048,NULL,0,Notification(channel=updateNotification shortcut=null contentView=null vibrate=null sound=null defaults=0x0 flags=0x0 color=0x00000000 vis=PRIVATE),1]
09-23 00:27:23.637 I/sysui_multi_action( 1849): [757,111,758,2]
09-23 00:27:23.638 I/sysui_multi_action( 1849): [757,111,758,2]
09-23 00:27:23.650 I/sysui_multi_action( 1849): [757,111,758,1]
09-23 00:27:23.651 I/sysui_multi_action( 1849): [757,126,758,1,759,126,927,0,928,0,1593,1]
09-23 00:27:23.651 I/sysui_multi_action( 1849): [757,113,758,1,759,113,927,1,928,1,1593,1]
09-23 00:27:23.652 I/sysui_multi_action( 1849): [757,0,758,1,759,0,927,2,928,0,1593,1]
09-23 00:27:23.652 I/sysui_multi_action( 1849): [757,0,758,1,759,0,927,3,928,0,1593,1]
09-23 00:27:23.652 I/sysui_multi_action( 1849): [757,1706,758,1,759,1706,927,4,928,0,1593,1]
09-23 00:27:23.654 I/sysui_multi_action( 1849): [757,491,758,1,759,491,927,5,928,0,1311,-1,1593,0]
09-23 00:27:23.654 I/sysui_multi_action( 1849): [757,0,758,1,759,0,927,6,928,0,1593,1]
09-23 00:27:23.654 I/sysui_multi_action( 1849): [757,111,758,1]
09-23 00:27:23.655 I/sysui_multi_action( 1849): [757,126,758,1,759,126,927,0,928,0,1593,1]
09-23 00:27:23.655 I/sysui_multi_action( 1849): [757,113,758,1,759,113,927,1,928,1,1593,1]
09-23 00:27:23.655 I/sysui_multi_action( 1849): [757,0,758,1,759,0,927,2,928,0,1593,1]
09-23 00:27:23.656 I/sysui_multi_action( 1849): [757,0,758,1,759,0,927,3,928,0,1593,1]
09-23 00:27:23.680 I/sysui_multi_action( 1849): [757,111,758,2]
09-23 00:27:23.680 I/notification_enqueue( 1471): [10081,1849,com.android.systemui,2048,NULL,0,Notification(channel=updateNotification shortcut=null contentView=null vibrate=null sound=null defaults=0x0 flags=0x0 color=0x00000000 vis=PRIVATE),1]
09-23 00:27:23.680 I/sysui_multi_action( 1849): [757,111,758,2]
09-23 00:27:23.688 I/sysui_multi_action( 1849): [757,111,758,1]
09-23 00:27:23.688 I/sysui_multi_action( 1849): [757,126,758,1,759,126,927,0,928,0,1593,1]
09-23 00:27:23.688 I/sysui_multi_action( 1849): [757,113,758,1,759,113,927,1,928,1,1593,1]
09-23 00:27:23.688 I/sysui_multi_action( 1849): [757,0,758,1,759,0,927,2,928,0,1593,1]
09-23 00:27:23.688 I/sysui_multi_action( 1849): [757,0,758,1,759,0,927,3,928,0,1593,1]
09-23 00:27:23.689 I/sysui_multi_action( 1849): [757,1706,758,1,759,1706,927,4,928,0,1593,1]
09-23 00:27:23.689 I/sysui_multi_action( 1849): [757,491,758,1,759,491,927,5,928,0,1311,-1,1593,0]
09-23 00:27:23.689 I/sysui_multi_action( 1849): [757,0,758,1,759,0,927,6,928,0,1593,0]
09-23 00:27:23.689 I/sysui_multi_action( 1849): [757,111,758,1]
09-23 00:27:23.689 I/sysui_multi_action( 1849): [757,126,758,1,759,126,927,0,928,0,1593,1]
09-23 00:27:23.690 I/sysui_multi_action( 1849): [757,113,758,1,759,113,927,1,928,1,1593,1]
09-23 00:27:23.690 I/sysui_multi_action( 1849): [757,0,758,1,759,0,927,2,928,0,1593,1]
09-23 00:27:23.690 I/sysui_multi_action( 1849): [757,0,758,1,759,0,927,3,928,0,1593,1]
09-23 00:27:23.701 I/sysui_multi_action( 1849): [757,111,758,2]
09-23 00:27:23.701 I/sysui_multi_action( 1849): [757,111,758,2]
09-23 00:27:23.705 I/notification_enqueue( 1471): [10081,1849,com.android.systemui,2048,NULL,0,Notification(channel=updateNotification shortcut=null contentView=null vibrate=null sound=null defaults=0x0 flags=0x0 color=0x00000000 vis=PRIVATE),1]
09-23 00:27:23.706 I/sysui_multi_action( 1849): [757,111,758,1]
09-23 00:27:23.706 I/sysui_multi_action( 1849): [757,126,758,1,759,126,927,0,928,0,1593,0]
09-23 00:27:23.707 I/sysui_multi_action( 1849): [757,113,758,1,759,113,927,1,928,1,1593,0]
09-23 00:27:23.707 I/sysui_multi_action( 1849): [757,0,758,1,759,0,927,2,928,0,1593,0]
09-23 00:27:23.707 I/sysui_multi_action( 1849): [757,0,758,1,759,0,927,3,928,0,1593,0]
09-23 00:27:23.707 I/sysui_multi_action( 1849): [757,1706,758,1,759,1706,927,4,928,0,1593,0]
09-23 00:27:23.707 I/sysui_multi_action( 1849): [757,491,758,1,759,491,927,5,928,0,1311,-1,1593,0]
09-23 00:27:23.707 I/sysui_multi_action( 1849): [757,0,758,1,759,0,927,6,928,0,1593,0]
09-23 00:27:23.707 I/sysui_multi_action( 1849): [757,111,758,1]
09-23 00:27:23.707 I/sysui_multi_action( 1849): [757,126,758,1,759,126,927,0,928,0,1593,0]
09-23 00:27:23.707 I/sysui_multi_action( 1849): [757,113,758,1,759,113,927,1,928,1,1593,0]
09-23 00:27:23.708 I/sysui_multi_action( 1849): [757,0,758,1,759,0,927,2,928,0,1593,0]
09-23 00:27:23.708 I/sysui_multi_action( 1849): [757,0,758,1,759,0,927,3,928,0,1593,0]
09-23 00:27:23.717 I/sysui_multi_action( 1849): [757,111,758,2]
09-23 00:27:23.718 I/notification_enqueue( 1471): [10081,1849,com.android.systemui,2048,NULL,0,Notification(channel=updateNotification shortcut=null contentView=null vibrate=null sound=null defaults=0x0 flags=0x0 color=0x00000000 vis=PRIVATE),1]
09-23 00:27:23.718 I/sysui_multi_action( 1849): [757,111,758,2]
09-23 00:27:23.722 I/sysui_multi_action( 1849): [757,111,758,1]
09-23 00:27:23.723 I/sysui_multi_action( 1849): [757,126,758,1,759,126,927,0,928,0,1593,1]
09-23 00:27:23.723 I/sysui_multi_action( 1849): [757,113,758,1,759,113,927,1,928,1,1593,1]
09-23 00:27:23.723 I/sysui_multi_action( 1849): [757,0,758,1,759,0,927,2,928,0,1593,1]
09-23 00:27:23.723 I/sysui_multi_action( 1849): [757,0,758,1,759,0,927,3,928,0,1593,1]
09-23 00:27:23.723 I/sysui_multi_action( 1849): [757,1706,758,1,759,1706,927,4,928,0,1593,1]
09-23 00:27:23.723 I/sysui_multi_action( 1849): [757,491,758,1,759,491,927,5,928,0,1311,-1,1593,1]
09-23 00:27:23.723 I/sysui_multi_action( 1849): [757,0,758,1,759,0,927,6,928,0,1593,1]
09-23 00:27:23.723 I/sysui_multi_action( 1849): [757,111,758,1]
09-23 00:27:23.724 I/sysui_multi_action( 1849): [757,126,758,1,759,126,927,0,928,0,1593,1]
09-23 00:27:23.724 I/sysui_multi_action( 1849): [757,113,758,1,759,113,927,1,928,1,1593,1]
09-23 00:27:23.724 I/sysui_multi_action( 1849): [757,0,758,1,759,0,927,2,928,0,1593,1]
09-23 00:27:23.724 I/sysui_multi_action( 1849): [757,0,758,1,759,0,927,3,928,0,1593,1]
09-23 00:27:23.734 I/sysui_multi_action( 1849): [757,111,758,2]
09-23 00:27:23.734 I/notification_enqueue( 1471): [10081,1849,com.android.systemui,2048,NULL,0,Notification(channel=updateNotification shortcut=null contentView=null vibrate=null sound=null defaults=0x0 flags=0x0 color=0x00000000 vis=PRIVATE),1]
09-23 00:27:23.734 I/sysui_multi_action( 1849): [757,111,758,2]
09-23 00:27:23.738 I/sysui_multi_action( 1849): [757,111,758,1]
09-23 00:27:23.739 I/sysui_multi_action( 1849): [757,126,758,1,759,126,927,0,928,0,1593,0]
09-23 00:27:23.739 I/sysui_multi_action( 1849): [757,113,758,1,759,113,927,1,928,1,1593,0]
09-23 00:27:23.739 I/sysui_multi_action( 1849): [757,0,758,1,759,0,927,2,928,0,1593,0]
09-23 00:27:23.739 I/sysui_multi_action( 1849): [757,0,758,1,759,0,927,3,928,0,1593,0]
09-23 00:27:23.739 I/sysui_multi_action( 1849): [757,1706,758,1,759,1706,927,4,928,0,1593,0]
09-23 00:27:23.739 I/sysui_multi_action( 1849): [757,491,758,1,759,491,927,5,928,0,1311,-1,1593,0]
09-23 00:27:23.739 I/sysui_multi_action( 1849): [757,0,758,1,759,0,927,6,928,0,1593,0]
09-23 00:27:23.739 I/sysui_multi_action( 1849): [757,111,758,1]
09-23 00:27:23.739 I/sysui_multi_action( 1849): [757,126,758,1,759,126,927,0,928,0,1593,0]
09-23 00:27:23.739 I/sysui_multi_action( 1849): [757,113,758,1,759,113,927,1,928,1,1593,0]
09-23 00:27:23.739 I/sysui_multi_action( 1849): [757,0,758,1,759,0,927,2,928,0,1593,0]
09-23 00:27:23.739 I/sysui_multi_action( 1849): [757,0,758,1,759,0,927,3,928,0,1593,1]
09-23 00:27:23.751 I/sysui_multi_action( 1849): [757,111,758,2]
09-23 00:27:23.751 I/notification_enqueue( 1471): [10081,1849,com.android.systemui,2048,NULL,0,Notification(channel=updateNotification shortcut=null contentView=null vibrate=null sound=null defaults=0x0 flags=0x0 color=0x00000000 vis=PRIVATE),1]
09-23 00:27:23.751 I/sysui_multi_action( 1849): [757,111,758,2]
09-23 00:27:23.756 I/sysui_multi_action( 1849): [757,111,758,1]
09-23 00:27:23.756 I/sysui_multi_action( 1849): [757,126,758,1,759,126,927,0,928,0,1593,1]
09-23 00:27:23.756 I/sysui_multi_action( 1849): [757,113,758,1,759,113,927,1,928,1,1593,1]
09-23 00:27:23.756 I/sysui_multi_action( 1849): [757,0,758,1,759,0,927,2,928,0,1593,1]
09-23 00:27:23.756 I/sysui_multi_action( 1849): [757,0,758,1,759,0,927,3,928,0,1593,1]
09-23 00:27:23.756 I/sysui_multi_action( 1849): [757,1706,758,1,759,1706,927,4,928,0,1593,1]
09-23 00:27:23.756 I/sysui_multi_action( 1849): [757,491,758,1,759,491,927,5,928,0,1311,-1,1593,0]
09-23 00:27:23.757 I/sysui_multi_action( 1849): [757,0,758,1,759,0,927,6,928,0,1593,0]
09-23 00:27:23.757 I/sysui_multi_action( 1849): [757,111,758,1]
09-23 00:27:23.757 I/sysui_multi_action( 1849): [757,126,758,1,759,126,927,0,928,0,1593,1]
09-23 00:27:23.757 I/sysui_multi_action( 1849): [757,113,758,1,759,113,927,1,928,1,1593,1]
09-23 00:27:23.757 I/sysui_multi_action( 1849): [757,0,758,1,759,0,927,2,928,0,1593,1]
09-23 00:27:23.757 I/sysui_multi_action( 1849): [757,0,758,1,759,0,927,3,928,0,1593,1]
09-23 00:27:23.768 I/sysui_multi_action( 1849): [757,111,758,2]
09-23 00:27:23.768 I/sysui_multi_action( 1849): [757,111,758,2]
09-23 00:27:23.768 I/notification_enqueue( 1471): [10081,1849,com.android.systemui,2048,NULL,0,Notification(channel=updateNotification shortcut=null contentView=null vibrate=null sound=null defaults=0x0 flags=0x0 color=0x00000000 vis=PRIVATE),1]
09-23 00:27:23.772 I/sysui_multi_action( 1849): [757,111,758,1]
09-23 00:27:23.772 I/sysui_multi_action( 1849): [757,126,758,1,759,126,927,0,928,0,1593,1]
09-23 00:27:23.772 I/sysui_multi_action( 1849): [757,113,758,1,759,113,927,1,928,1,1593,1]
09-23 00:27:23.772 I/sysui_multi_action( 1849): [757,0,758,1,759,0,927,2,928,0,1593,1]
09-23 00:27:23.772 I/sysui_multi_action( 1849): [757,0,758,1,759,0,927,3,928,0,1593,1]
09-23 00:27:23.772 I/sysui_multi_action( 1849): [757,1706,758,1,759,1706,927,4,928,0,1593,1]
09-23 00:27:23.773 I/sysui_multi_action( 1849): [757,491,758,1,759,491,927,5,928,0,1311,-1,1593,0]
09-23 00:27:23.773 I/sysui_multi_action( 1849): [757,0,758,1,759,0,927,6,928,0,1593,0]
09-23 00:27:23.773 I/sysui_multi_action( 1849): [757,111,758,1]
09-23 00:27:23.773 I/sysui_multi_action( 1849): [757,126,758,1,759,126,927,0,928,0,1593,1]
09-23 00:27:23.773 I/sysui_multi_action( 1849): [757,113,758,1,759,113,927,1,928,1,1593,1]
09-23 00:27:23.773 I/sysui_multi_action( 1849): [757,0,758,1,759,0,927,2,928,0,1593,1]
09-23 00:27:23.773 I/sysui_multi_action( 1849): [757,0,758,1,759,0,927,3,928,0,1593,1]
09-23 00:27:23.784 I/sysui_multi_action( 1849): [757,111,758,2]
09-23 00:27:23.784 I/notification_enqueue( 1471): [10081,1849,com.android.systemui,2048,NULL,0,Notification(channel=updateNotification shortcut=null contentView=null vibrate=null sound=null defaults=0x0 flags=0x0 color=0x00000000 vis=PRIVATE),1]
09-23 00:27:23.784 I/sysui_multi_action( 1849): [757,111,758,2]
09-23 00:27:23.788 I/sysui_multi_action( 1849): [757,111,758,1]
09-23 00:27:23.788 I/sysui_multi_action( 1849): [757,126,758,1,759,126,927,0,928,0,1593,1]
09-23 00:27:23.788 I/sysui_multi_action( 1849): [757,113,758,1,759,113,927,1,928,1,1593,1]
09-23 00:27:23.788 I/sysui_multi_action( 1849): [757,0,758,1,759,0,927,2,928,0,1593,1]
09-23 00:27:23.789 I/sysui_multi_action( 1849): [757,0,758,1,759,0,927,3,928,0,1593,1]
09-23 00:27:23.789 I/sysui_multi_action( 1849): [757,1706,758,1,759,1706,927,4,928,0,1593,1]
09-23 00:27:23.789 I/sysui_multi_action( 1849): [757,491,758,1,759,491,927,5,928,0,1311,-1,1593,0]
09-23 00:27:23.789 I/sysui_multi_action( 1849): [757,0,758,1,759,0,927,6,928,0,1593,0]
09-23 00:27:23.789 I/sysui_multi_action( 1849): [757,111,758,1]
09-23 00:27:23.789 I/sysui_multi_action( 1849): [757,126,758,1,759,126,927,0,928,0,1593,1]
09-23 00:27:23.789 I/sysui_multi_action( 1849): [757,113,758,1,759,113,927,1,928,1,1593,1]
09-23 00:27:23.789 I/sysui_multi_action( 1849): [757,0,758,1,759,0,927,2,928,0,1593,1]
09-23 00:27:23.789 I/sysui_multi_action( 1849): [757,0,758,1,759,0,927,3,928,0,1593,1]
09-23 00:27:23.801 I/sysui_multi_action( 1849): [757,111,758,2]
09-23 00:27:23.801 I/notification_enqueue( 1471): [10081,1849,com.android.systemui,2048,NULL,0,Notification(channel=updateNotification shortcut=null contentView=null vibrate=null sound=null defaults=0x0 flags=0x0 color=0x00000000 vis=PRIVATE),1]
09-23 00:27:23.801 I/sysui_multi_action( 1849): [757,111,758,2]
09-23 00:27:23.805 I/sysui_multi_action( 1849): [757,111,758,1]
09-23 00:27:23.805 I/sysui_multi_action( 1849): [757,126,758,1,759,126,927,0,928,0,1593,0]
09-23 00:27:23.805 I/sysui_multi_action( 1849): [757,113,758,1,759,113,927,1,928,1,1593,1]
09-23 00:27:23.805 I/sysui_multi_action( 1849): [757,0,758,1,759,0,927,2,928,0,1593,1]
09-23 00:27:23.805 I/sysui_multi_action( 1849): [757,0,758,1,759,0,927,3,928,0,1593,1]
09-23 00:27:23.805 I/sysui_multi_action( 1849): [757,1706,758,1,759,1706,927,4,928,0,1593,1]
09-23 00:27:23.806 I/sysui_multi_action( 1849): [757,491,758,1,759,491,927,5,928,0,1311,-1,1593,0]
09-23 00:27:23.806 I/sysui_multi_action( 1849): [757,0,758,1,759,0,927,6,928,0,1593,0]
09-23 00:27:23.806 I/sysui_multi_action( 1849): [757,111,758,1]
09-23 00:27:23.806 I/sysui_multi_action( 1849): [757,126,758,1,759,126,927,0,928,0,1593,1]
09-23 00:27:23.806 I/sysui_multi_action( 1849): [757,113,758,1,759,113,927,1,928,1,1593,1]
09-23 00:27:23.806 I/sysui_multi_action( 1849): [757,0,758,1,759,0,927,2,928,0,1593,1]
09-23 00:27:23.806 I/sysui_multi_action( 1849): [757,0,758,1,759,0,927,3,928,0,1593,1]
09-23 00:27:23.818 I/notification_enqueue( 1471): [10081,1849,com.android.systemui,2048,NULL,0,Notification(channel=updateNotification shortcut=null contentView=null vibrate=null sound=null defaults=0x0 flags=0x0 color=0x00000000 vis=PRIVATE),1]
09-23 00:27:23.818 I/sysui_multi_action( 1849): [757,111,758,2]
09-23 00:27:23.818 I/sysui_multi_action( 1849): [757,111,758,2]
09-23 00:27:23.822 I/sysui_multi_action( 1849): [757,111,758,1]
09-23 00:27:23.822 I/sysui_multi_action( 1849): [757,126,758,1,759,126,927,0,928,0,1593,1]
09-23 00:27:23.822 I/sysui_multi_action( 1849): [757,113,758,1,759,113,927,1,928,1,1593,1]
09-23 00:27:23.822 I/sysui_multi_action( 1849): [757,0,758,1,759,0,927,2,928,0,1593,1]
09-23 00:27:23.822 I/sysui_multi_action( 1849): [757,0,758,1,759,0,927,3,928,0,1593,1]
09-23 00:27:23.822 I/sysui_multi_action( 1849): [757,1706,758,1,759,1706,927,4,928,0,1593,1]
09-23 00:27:23.822 I/sysui_multi_action( 1849): [757,491,758,1,759,491,927,5,928,0,1311,-1,1593,0]
09-23 00:27:23.822 I/sysui_multi_action( 1849): [757,0,758,1,759,0,927,6,928,0,1593,0]
09-23 00:27:23.823 I/sysui_multi_action( 1849): [757,111,758,1]
09-23 00:27:23.823 I/sysui_multi_action( 1849): [757,126,758,1,759,126,927,0,928,0,1593,1]
09-23 00:27:23.823 I/sysui_multi_action( 1849): [757,113,758,1,759,113,927,1,928,1,1593,1]
09-23 00:27:23.823 I/sysui_multi_action( 1849): [757,0,758,1,759,0,927,2,928,0,1593,1]
09-23 00:27:23.823 I/sysui_multi_action( 1849): [757,0,758,1,759,0,927,3,928,0,1593,1]
09-23 00:27:23.835 I/notification_enqueue( 1471): [10081,1849,com.android.systemui,2048,NULL,0,Notification(channel=updateNotification shortcut=null contentView=null vibrate=null sound=null defaults=0x0 flags=0x0 color=0x00000000 vis=PRIVATE),1]
09-23 00:27:23.835 I/sysui_multi_action( 1849): [757,111,758,2]
09-23 00:27:23.835 I/sysui_multi_action( 1849): [757,111,758,2]
09-23 00:27:23.838 I/sysui_multi_action( 1471): [757,1501,758,1,793,7231039,794,0,795,203,796,2048,806,com.android.systemui,857,updateNotification,858,3,947,0,1500,0,1688,1]
09-23 00:27:23.839 I/sysui_multi_action( 1849): [757,111,758,1]
09-23 00:27:23.839 I/sysui_multi_action( 1471): [757,804,799,note_interruptive,801,0,802,1]
09-23 00:27:23.839 I/sysui_multi_action( 1849): [757,126,758,1,759,126,927,0,928,0,1593,1]
09-23 00:27:23.839 I/sysui_multi_action( 1471): [757,199,758,1,759,2,793,7231040,794,0,795,204,796,2048,806,com.android.systemui,857,updateNotification,858,3,947,0,1500,1,1688,1]
09-23 00:27:23.839 I/sysui_multi_action( 1849): [757,113,758,1,759,113,927,1,928,1,1593,1]
09-23 00:27:23.839 I/sysui_multi_action( 1849): [757,0,758,1,759,0,927,2,928,0,1593,1]
09-23 00:27:23.839 I/notification_alert( 1471): [0|com.android.systemui|2048|null|10081,0,1,0]
09-23 00:27:23.839 I/sysui_multi_action( 1849): [757,0,758,1,759,0,927,3,928,0,1593,1]
09-23 00:27:23.839 I/sysui_multi_action( 1849): [757,1706,758,1,759,1706,927,4,928,0,1593,1]
09-23 00:27:23.839 I/sysui_multi_action( 1849): [757,491,758,1,759,491,927,5,928,0,1311,-1,1593,0]
09-23 00:27:23.839 I/sysui_multi_action( 1849): [757,0,758,1,759,0,927,6,928,0,1593,0]
09-23 00:27:23.839 I/sysui_multi_action( 1849): [757,111,758,1]
09-23 00:27:23.839 I/sysui_multi_action( 1849): [757,126,758,1,759,126,927,0,928,0,1593,1]
09-23 00:27:23.839 I/sysui_multi_action( 1849): [757,113,758,1,759,113,927,1,928,1,1593,1]
09-23 00:27:23.839 I/sysui_multi_action( 1849): [757,0,758,1,759,0,927,2,928,0,1593,1]
09-23 00:27:23.839 I/sysui_multi_action( 1849): [757,0,758,1,759,0,927,3,928,0,1593,1]
09-23 00:27:23.851 I/sysui_multi_action( 1849): [757,111,758,2]
09-23 00:27:23.851 I/sysui_multi_action( 1849): [757,111,758,2]
09-23 00:27:23.854 I/notification_enqueue( 1471): [10081,1849,com.android.systemui,2048,NULL,0,Notification(channel=updateNotification shortcut=null contentView=null vibrate=null sound=null defaults=0x0 flags=0x0 color=0x00000000 vis=PRIVATE),1]
09-23 00:27:23.854 I/sysui_multi_action( 1849): [757,111,758,1]
09-23 00:27:23.854 I/sysui_multi_action( 1849): [757,126,758,1,759,126,927,0,928,0,1593,1]
09-23 00:27:23.854 I/sysui_multi_action( 1849): [757,113,758,1,759,113,927,1,928,1,1593,1]
09-23 00:27:23.854 I/sysui_multi_action( 1849): [757,0,758,1,759,0,927,2,928,0,1593,1]
09-23 00:27:23.854 I/sysui_multi_action( 1849): [757,0,758,1,759,0,927,3,928,0,1593,1]
09-23 00:27:23.854 I/sysui_multi_action( 1849): [757,1706,758,1,759,1706,927,4,928,0,1593,1]
09-23 00:27:23.855 I/sysui_multi_action( 1849): [757,491,758,1,759,491,927,5,928,0,1311,-1,1593,0]
09-23 00:27:23.855 I/sysui_multi_action( 1849): [757,0,758,1,759,0,927,6,928,0,1593,0]
09-23 00:27:23.855 I/sysui_multi_action( 1849): [757,111,758,1]
09-23 00:27:23.855 I/sysui_multi_action( 1849): [757,126,758,1,759,126,927,0,928,0,1593,1]
09-23 00:27:23.855 I/sysui_multi_action( 1849): [757,113,758,1,759,113,927,1,928,1,1593,1]
09-23 00:27:23.855 I/sysui_multi_action( 1849): [757,0,758,1,759,0,927,2,928,0,1593,1]
09-23 00:27:23.855 I/sysui_multi_action( 1849): [757,0,758,1,759,0,927,3,928,0,1593,1]
09-23 00:27:23.867 I/sysui_multi_action( 1849): [757,111,758,2]
09-23 00:27:23.867 I/sysui_multi_action( 1849): [757,111,758,2]
09-23 00:27:23.870 I/notification_enqueue( 1471): [10081,1849,com.android.systemui,2048,NULL,0,Notification(channel=updateNotification shortcut=null contentView=null vibrate=null sound=null defaults=0x0 flags=0x0 color=0x00000000 vis=PRIVATE),1]
09-23 00:27:23.871 I/sysui_multi_action( 1849): [757,111,758,1]
09-23 00:27:23.871 I/sysui_multi_action( 1849): [757,126,758,1,759,126,927,0,928,0,1593,1]
09-23 00:27:23.871 I/sysui_multi_action( 1849): [757,113,758,1,759,113,927,1,928,1,1593,1]
09-23 00:27:23.871 I/sysui_multi_action( 1849): [757,0,758,1,759,0,927,2,928,0,1593,1]
09-23 00:27:23.871 I/sysui_multi_action( 1849): [757,0,758,1,759,0,927,3,928,0,1593,1]
09-23 00:27:23.871 I/sysui_multi_action( 1849): [757,1706,758,1,759,1706,927,4,928,0,1593,1]
09-23 00:27:23.872 I/sysui_multi_action( 1849): [757,491,758,1,759,491,927,5,928,0,1311,-1,1593,0]
09-23 00:27:23.872 I/sysui_multi_action( 1849): [757,0,758,1,759,0,927,6,928,0,1593,0]
09-23 00:27:23.872 I/sysui_multi_action( 1849): [757,111,758,1]
09-23 00:27:23.872 I/sysui_multi_action( 1849): [757,126,758,1,759,126,927,0,928,0,1593,1]
09-23 00:27:23.872 I/sysui_multi_action( 1849): [757,113,758,1,759,113,927,1,928,1,1593,1]
09-23 00:27:23.872 I/sysui_multi_action( 1849): [757,0,758,1,759,0,927,2,928,0,1593,1]
09-23 00:27:23.872 I/sysui_multi_action( 1849): [757,0,758,1,759,0,927,3,928,0,1593,1]
09-23 00:27:23.884 I/sysui_multi_action( 1849): [757,111,758,2]
09-23 00:27:23.884 I/sysui_multi_action( 1849): [757,111,758,2]
09-23 00:27:23.884 I/notification_enqueue( 1471): [10081,1849,com.android.systemui,2048,NULL,0,Notification(channel=updateNotification shortcut=null contentView=null vibrate=null sound=null defaults=0x0 flags=0x0 color=0x00000000 vis=PRIVATE),1]
09-23 00:27:23.887 I/sysui_multi_action( 1849): [757,111,758,1]
09-23 00:27:23.887 I/sysui_multi_action( 1849): [757,126,758,1,759,126,927,0,928,0,1593,1]
09-23 00:27:23.887 I/sysui_multi_action( 1849): [757,113,758,1,759,113,927,1,928,1,1593,1]
09-23 00:27:23.888 I/sysui_multi_action( 1849): [757,0,758,1,759,0,927,2,928,0,1593,1]
09-23 00:27:23.888 I/sysui_multi_action( 1849): [757,0,758,1,759,0,927,3,928,0,1593,1]
09-23 00:27:23.888 I/sysui_multi_action( 1849): [757,1706,758,1,759,1706,927,4,928,0,1593,1]
09-23 00:27:23.888 I/sysui_multi_action( 1849): [757,491,758,1,759,491,927,5,928,0,1311,-1,1593,0]
09-23 00:27:23.888 I/sysui_multi_action( 1849): [757,0,758,1,759,0,927,6,928,0,1593,0]
09-23 00:27:23.888 I/sysui_multi_action( 1849): [757,111,758,1]
09-23 00:27:23.888 I/sysui_multi_action( 1849): [757,126,758,1,759,126,927,0,928,0,1593,1]
09-23 00:27:23.888 I/sysui_multi_action( 1849): [757,113,758,1,759,113,927,1,928,1,1593,1]
09-23 00:27:23.888 I/sysui_multi_action( 1849): [757,0,758,1,759,0,927,2,928,0,1593,1]
09-23 00:27:23.888 I/sysui_multi_action( 1849): [757,0,758,1,759,0,927,3,928,0,1593,1]
09-23 00:27:23.901 I/sysui_multi_action( 1849): [757,111,758,2]
09-23 00:27:23.901 I/notification_enqueue( 1471): [10081,1849,com.android.systemui,2048,NULL,0,Notification(channel=updateNotification shortcut=null contentView=null vibrate=null sound=null defaults=0x0 flags=0x0 color=0x00000000 vis=PRIVATE),1]
09-23 00:27:23.901 I/sysui_multi_action( 1849): [757,111,758,2]
09-23 00:27:23.913 I/input_focus( 1471): [Focus request 4ed4abc com.android.launcher3/com.android.launcher3.uioverrides.QuickstepLauncher,reason=UpdateInputWindows]
09-23 00:27:23.915 I/sysui_multi_action( 1849): [757,111,758,1]
09-23 00:27:23.915 I/sysui_multi_action( 1849): [757,126,758,1,759,126,927,0,928,0,1593,1]
09-23 00:27:23.915 I/sysui_multi_action( 1849): [757,113,758,1,759,113,927,1,928,1,1593,1]
09-23 00:27:23.915 I/sysui_multi_action( 1849): [757,0,758,1,759,0,927,2,928,0,1593,1]
09-23 00:27:23.915 I/sysui_multi_action( 1849): [757,0,758,1,759,0,927,3,928,0,1593,1]
09-23 00:27:23.915 I/sysui_multi_action( 1849): [757,1706,758,1,759,1706,927,4,928,0,1593,1]
09-23 00:27:23.916 I/sysui_multi_action( 1849): [757,491,758,1,759,491,927,5,928,0,1311,-1,1593,0]
09-23 00:27:23.916 I/sysui_multi_action( 1849): [757,0,758,1,759,0,927,6,928,0,1593,0]
09-23 00:27:23.916 I/sysui_multi_action( 1849): [757,111,758,1]
09-23 00:27:23.916 I/sysui_multi_action( 1849): [757,126,758,1,759,126,927,0,928,0,1593,1]
09-23 00:27:23.916 I/sysui_multi_action( 1849): [757,113,758,1,759,113,927,1,928,1,1593,1]
09-23 00:27:23.916 I/sysui_multi_action( 1849): [757,0,758,1,759,0,927,2,928,0,1593,1]
09-23 00:27:23.916 I/sysui_multi_action( 1849): [757,0,758,1,759,0,927,3,928,0,1593,1]
09-23 00:27:23.929 I/sysui_multi_action( 1471): [757,128,758,2,793,7238091,794,1672,795,7238091,796,26,798,0,806,android,857,DEVELOPER_IMPORTANT,858,4,947,0,1395,2,1500,7237662,1688,1]
09-23 00:27:23.929 I/notification_visibility( 1471): [-1|android|26|null|1000,0,7238091,7238091,0,0]
09-23 00:27:23.930 I/sysui_multi_action( 1471): [757,128,758,2,793,7239061,794,1670,795,7239061,796,32,798,1,806,android,857,USB,858,1,947,0,1395,2,1500,7238919,1688,1]
09-23 00:27:23.930 I/notification_visibility( 1471): [-1|android|32|null|1000,0,7239061,7239061,0,1]
09-23 00:27:23.932 I/sysui_multi_action( 1849): [757,111,758,2]
09-23 00:27:23.932 I/notification_enqueue( 1471): [10081,1849,com.android.systemui,2048,NULL,0,Notification(channel=updateNotification shortcut=null contentView=null vibrate=null sound=null defaults=0x0 flags=0x0 color=0x00000000 vis=PRIVATE),1]
09-23 00:27:23.932 I/sysui_multi_action( 1849): [757,111,758,2]
09-23 00:27:23.934 I/sysui_multi_action( 1471): [757,127,758,2]
09-23 00:27:23.934 I/notification_panel_hidden( 1471):
09-23 00:27:23.935 I/input_focus( 1471): [Focus leaving b23aca NotificationShade (server),reason=NOT_FOCUSABLE]
09-23 00:27:23.935 I/input_focus( 1471): [Focus entering 4ed4abc com.android.launcher3/com.android.launcher3.uioverrides.QuickstepLauncher (server),reason=setFocusedWindow]
09-23 00:27:23.949 I/sysui_multi_action( 1849): [757,111,758,1]
09-23 00:27:23.949 I/sysui_multi_action( 1849): [757,126,758,1,759,126,927,0,928,0,1593,0]
09-23 00:27:23.949 I/sysui_multi_action( 1849): [757,113,758,1,759,113,927,1,928,1,1593,1]
09-23 00:27:23.950 I/sysui_multi_action( 1849): [757,0,758,1,759,0,927,2,928,0,1593,1]
09-23 00:27:23.950 I/sysui_multi_action( 1849): [757,0,758,1,759,0,927,3,928,0,1593,1]
09-23 00:27:23.950 I/sysui_multi_action( 1849): [757,1706,758,1,759,1706,927,4,928,0,1593,1]
09-23 00:27:23.950 I/sysui_multi_action( 1849): [757,491,758,1,759,491,927,5,928,0,1311,-1,1593,0]
09-23 00:27:23.950 I/sysui_multi_action( 1849): [757,0,758,1,759,0,927,6,928,0,1593,0]
09-23 00:27:23.950 I/sysui_multi_action( 1849): [757,111,758,1]
09-23 00:27:23.950 I/sysui_multi_action( 1849): [757,126,758,1,759,126,927,0,928,0,1593,1]
09-23 00:27:23.950 I/sysui_multi_action( 1849): [757,113,758,1,759,113,927,1,928,1,1593,1]
09-23 00:27:23.950 I/sysui_multi_action( 1849): [757,0,758,1,759,0,927,2,928,0,1593,1]
09-23 00:27:23.951 I/sysui_multi_action( 1849): [757,0,758,1,759,0,927,3,928,0,1593,1]
09-23 00:27:24.422 I/input_interaction( 1471): Interaction with: 4ed4abc com.android.launcher3/com.android.launcher3.uioverrides.QuickstepLauncher (server), d380f0a com.android.systemui.ImageWallpaper (server), edge-swipe (server), swipe-up (server), PointerEventDispatcher0 (server),
09-23 00:27:24.563 I/wm_task_moved( 1471): [39,1,6]
09-23 00:27:24.563 I/wm_task_to_front( 1471): [0,39]
09-23 00:27:24.564 I/wm_focused_root_task( 1471): [0,0,39,1,bringingFoundTaskToFront]
09-23 00:27:24.565 I/wm_set_resumed_activity( 1471): [0,com.android.settings/.Settings,bringingFoundTaskToFront]
09-23 00:27:24.566 I/wm_new_intent( 1471): [0,175300907,39,com.android.settings/.Settings,android.intent.action.MAIN,NULL,NULL,270532608]
09-23 00:27:24.569 I/wm_pause_activity( 1471): [0,226227664,com.android.launcher3/.uioverrides.QuickstepLauncher,userLeaving=true,pauseBackTasks]
09-23 00:27:24.574 I/wm_on_top_resumed_lost_called( 2388): [226227664,com.android.launcher3.uioverrides.QuickstepLauncher,topStateChangedWhenResumed]
09-23 00:27:24.575 I/wm_on_paused_called( 2388): [226227664,com.android.launcher3.uioverrides.QuickstepLauncher,performPause]
09-23 00:27:24.577 I/wm_set_resumed_activity( 1471): [0,com.android.settings/.Settings,resumeTopActivityInnerLocked]
09-23 00:27:24.578 I/wm_add_to_stopping( 1471): [0,226227664,com.android.launcher3/.uioverrides.QuickstepLauncher,makeInvisible]
09-23 00:27:24.590 I/wm_resume_activity( 1471): [0,175300907,39,com.android.settings/.Settings]
09-23 00:27:24.597 I/wm_on_restart_called( 8440): [175300907,com.android.settings.Settings,performRestartActivity]
09-23 00:27:24.597 I/sysui_multi_action( 1471): [757,803,799,window_time_0,802,4]
09-23 00:27:24.600 I/wm_on_start_called( 8440): [175300907,com.android.settings.Settings,handleStartActivity]
09-23 00:27:24.601 I/snet_event_log( 8440): [120484087,-1,]
09-23 00:27:24.601 I/wm_on_resume_called( 8440): [175300907,com.android.settings.Settings,RESUME_ACTIVITY]
09-23 00:27:24.601 I/sysui_multi_action( 8440): [757,35,758,1,833,0,1089,0]
09-23 00:27:24.602 I/sysui_multi_action( 8440): [757,744,758,1,833,0,1089,0]
09-23 00:27:24.605 I/input_focus( 1471): [Focus leaving 4ed4abc com.android.launcher3/com.android.launcher3.uioverrides.QuickstepLauncher (server),reason=NO_WINDOW]
09-23 00:27:24.613 I/wm_on_top_resumed_gained_called( 8440): [175300907,com.android.settings.Settings,topWhenResuming]
09-23 00:27:24.622 I/input_focus( 1471): [Focus request b1c8932 com.android.settings/com.android.settings.Settings,reason=UpdateInputWindows]
09-23 00:27:24.636 I/input_focus( 1471): [Focus entering b1c8932 com.android.settings/com.android.settings.Settings (server),reason=setFocusedWindow]
09-23 00:27:24.637 I/sysui_multi_action( 1471): [319,45,321,43,322,67,325,7251,757,761,758,9,759,4,806,com.android.settings,871,com.android.settings.Settings,904,com.android.launcher3,905,0,1320,8,1321,5]
09-23 00:27:25.145 I/wm_stop_activity( 1471): [0,226227664,com.android.launcher3/.uioverrides.QuickstepLauncher]
09-23 00:27:25.163 I/wm_on_stop_called( 2388): [226227664,com.android.launcher3.uioverrides.QuickstepLauncher,STOP_ACTIVITY_ITEM]
09-23 00:28:00.391 I/input_interaction( 1471): Interaction with: b1c8932 com.android.settings/com.android.settings.Settings (server), edge-swipe (server), swipe-up (server), PointerEventDispatcher0 (server),
09-23 00:28:00.553 I/sysui_multi_action( 8440): [757,830,758,4,833,0,854,dashboard_tile_pref_com.android.settings.Settings$DevelopmentSettingsDashboardActivity,1089,0]
09-23 00:28:00.557 I/sysui_multi_action( 8440): [757,744,758,2,1089,35954]
09-23 00:28:00.595 I/auditd ( 8440): type=1400 audit(0.0:797): avc: denied { read } for comm="ndroid.settings" name="pagetypeinfo" dev="proc" ino=4026531857 scontext=u:r:system_app:s0 tcontext=u:object_r:proc_pagetypeinfo:s0 tclass=file permissive=0
09-23 00:28:00.599 I/auditd ( 8440): type=1400 audit(0.0:798): avc: denied { search } for comm="ndroid.settings" name="zram0" dev="sysfs" ino=62873 scontext=u:r:system_app:s0 tcontext=u:object_r:sysfs_zram:s0 tclass=dir permissive=0
09-23 00:28:00.599 I/auditd ( 8440): type=1400 audit(0.0:799): avc: denied { search } for comm="ndroid.settings" name="zram0" dev="sysfs" ino=62873 scontext=u:r:system_app:s0 tcontext=u:object_r:sysfs_zram:s0 tclass=dir permissive=0
09-23 00:28:00.645 I/sysui_multi_action( 8440): [757,39,758,1,833,0,1089,87]
09-23 00:28:00.646 D/TelephonyRegistry( 1471): listen oscl: mHasNotifySubscriptionInfoChangedOccurred==false no callback
09-23 00:28:00.649 D/TelephonyRegistry( 1471): listen oscl: mHasNotifySubscriptionInfoChangedOccurred==false no callback
09-23 00:28:00.659 I/auditd ( 8440): type=1400 audit(0.0:800): avc: denied { read } for comm="pool-2-thread-5" name="pagetypeinfo" dev="proc" ino=4026531857 scontext=u:r:system_app:s0 tcontext=u:object_r:proc_pagetypeinfo:s0 tclass=file permissive=0
09-23 00:28:00.659 I/auditd ( 8440): type=1400 audit(0.0:801): avc: denied { search } for comm="pool-2-thread-5" name="zram0" dev="sysfs" ino=62873 scontext=u:r:system_app:s0 tcontext=u:object_r:sysfs_zram:s0 tclass=dir permissive=0
09-23 00:28:00.668 I/sysui_multi_action( 8440): [757,1729,758,4,854,isParalleledControllers:false,1089,110]
09-23 00:28:07.129 I/am_uid_idle( 1471): 10020
09-23 00:28:53.498 I/sysui_multi_action( 1471): [757,1696,758,6,759,2]
09-23 00:28:53.516 I/am_wtf ( 1471): [0,1471,system_server,-1,DisplayDeviceConfig,requesting nits when no mapping exists.]
09-23 00:28:53.520 I/am_wtf ( 1471): [0,1471,system_server,-1,DisplayDeviceConfig,requesting nits when no mapping exists.]
