09-22 22:46:23.426 I/wm_set_resumed_activity( 1471): [0,com.android.launcher3/.uioverrides.QuickstepLauncher,finish-top adjustFocusToNextFocusableTask]
09-22 22:46:23.427 I/wm_pause_activity( 1471): [0,219749558,com.android.deskclock/android.service.dreams.DreamActivity,userLeaving=false,finish]
09-22 22:46:23.432 I/wm_on_top_resumed_lost_called( 2544): [219749558,android.service.dreams.DreamActivity,topStateChangedWhenResumed]
09-22 22:46:23.434 I/wm_on_paused_called( 2544): [219749558,android.service.dreams.DreamActivity,performPause]
09-22 22:46:23.437 I/sysui_multi_action( 1471): [757,803,799,window_time_0,802,352]
09-22 22:46:23.438 I/wm_add_to_stopping( 1471): [0,219749558,com.android.deskclock/android.service.dreams.DreamActivity,completeFinishing]
09-22 22:46:23.440 I/wm_set_resumed_activity( 1471): [0,com.android.launcher3/.uioverrides.QuickstepLauncher,resumeTopActivityInnerLocked]
09-22 22:46:23.441 I/wm_resume_activity( 1471): [0,226227664,33,com.android.launcher3/.uioverrides.QuickstepLauncher]
09-22 22:46:23.445 I/sysui_multi_action( 1471): [757,803,799,window_time_0,802,0]
09-22 22:46:23.454 I/view_enqueue_input_event( 2544): [Motion - Cancel,com.android.deskclock/android.service.dreams.DreamActivity]
09-22 22:46:23.454 I/input_focus( 1471): [Focus leaving a924e42 com.android.deskclock/android.service.dreams.DreamActivity (server),reason=NO_WINDOW]
09-22 22:46:23.455 I/input_interaction( 1471): Interaction with: edge-swipe (server), swipe-up (server), PointerEventDispatcher0 (server),
09-22 22:46:23.457 I/wm_on_restart_called( 2388): [226227664,com.android.launcher3.uioverrides.QuickstepLauncher,performRestartActivity]
09-22 22:46:23.458 I/wm_on_start_called( 2388): [226227664,com.android.launcher3.uioverrides.QuickstepLauncher,handleStartActivity]
09-22 22:46:23.459 I/wm_on_resume_called( 2388): [226227664,com.android.launcher3.uioverrides.QuickstepLauncher,RESUME_ACTIVITY]
09-22 22:46:23.459 I/wm_on_top_resumed_gained_called( 2388): [226227664,com.android.launcher3.uioverrides.QuickstepLauncher,topWhenResuming]
09-22 22:46:23.459 I/am_pss ( 1471): [4196,10068,com.android.calendar,7578624,4878336,0,92504064,0,19,6]
09-22 22:46:23.466 I/am_pss ( 1471): [4194,1000,com.android.settings,21494784,12869632,0,112664576,0,19,5]
09-22 22:46:23.473 I/input_focus( 1471): [Focus request 4ed4abc com.android.launcher3/com.android.launcher3.uioverrides.QuickstepLauncher,reason=UpdateInputWindows]
09-22 22:46:23.473 I/am_pss ( 1471): [3191,1000,com.qti.diagservices,6929408,3829760,0,94408704,0,10,6]
09-22 22:46:23.499 I/input_focus( 1471): [Focus entering 4ed4abc com.android.launcher3/com.android.launcher3.uioverrides.QuickstepLauncher (server),reason=setFocusedWindow]
09-22 22:46:23.739 I/wm_destroy_activity( 1471): [0,219749558,37,com.android.deskclock/android.service.dreams.DreamActivity,finish-imm:idle]
09-22 22:46:23.758 I/wm_on_stop_called( 2544): [219749558,android.service.dreams.DreamActivity,LIFECYCLER_STOP_ACTIVITY]
09-22 22:46:23.759 I/wm_on_destroy_called( 2544): [219749558,android.service.dreams.DreamActivity,performDestroy]
09-22 22:46:23.763 I/sysui_multi_action( 1471): [757,222,758,2]
09-22 22:46:23.763 I/sysui_multi_action( 1471): [757,804,799,dreaming_minutes,801,5,802,1]
09-22 22:46:23.779 I/wm_task_removed( 1471): [37,removeChild:removeChild last r=ActivityRecord{d191cb6 u0 com.android.deskclock/android.service.dreams.DreamActivity t-1 f}} in t=Task{72cc243 #37 type=dream A=10066:android:com.android.deskclock/dream U=0 visible=false mode=fullscreen translucent=true sz=0}]
09-22 22:46:23.779 I/wm_task_removed( 1471): [37,removeChild]
09-22 22:46:27.816 I/input_interaction( 1471): Interaction with: 4ed4abc com.android.launcher3/com.android.launcher3.uioverrides.QuickstepLauncher (server), d380f0a com.android.systemui.ImageWallpaper (server), edge-swipe (server), swipe-up (server), PointerEventDispatcher0 (server),
09-22 22:47:21.857 I/sysui_multi_action( 1471): [757,1696,758,6,759,2]
09-22 22:47:21.873 I/am_wtf ( 1471): [0,1471,system_server,-1,DisplayDeviceConfig,requesting nits when no mapping exists.]
09-22 22:47:21.877 I/am_wtf ( 1471): [0,1471,system_server,-1,DisplayDeviceConfig,requesting nits when no mapping exists.]
09-22 22:47:21.889 I/am_wtf ( 1471): [0,1471,system_server,-1,DisplayDeviceConfig,requesting nits when no mapping exists.]
09-22 22:47:21.894 I/am_wtf ( 1471): [0,1471,system_server,-1,DisplayDeviceConfig,requesting nits when no mapping exists.]
09-22 22:47:21.906 I/am_wtf ( 1471): [0,1471,system_server,-1,DisplayDeviceConfig,requesting nits when no mapping exists.]
09-22 22:47:21.908 I/am_wtf ( 1471): [0,1471,system_server,-1,DisplayDeviceConfig,requesting nits when no mapping exists.]
09-22 22:47:21.922 I/am_wtf ( 1471): [0,1471,system_server,-1,DisplayDeviceConfig,requesting nits when no mapping exists.]
09-22 22:47:21.923 I/am_wtf ( 1471): [0,1471,system_server,-1,DisplayDeviceConfig,requesting nits when no mapping exists.]
09-22 22:47:21.939 I/am_wtf ( 1471): [0,1471,system_server,-1,DisplayDeviceConfig,requesting nits when no mapping exists.]
09-22 22:47:21.940 I/am_wtf ( 1471): [0,1471,system_server,-1,DisplayDeviceConfig,requesting nits when no mapping exists.]
09-22 22:47:21.956 I/am_wtf ( 1471): [0,1471,system_server,-1,DisplayDeviceConfig,requesting nits when no mapping exists.]
09-22 22:47:21.957 I/am_wtf ( 1471): [0,1471,system_server,-1,DisplayDeviceConfig,requesting nits when no mapping exists.]
09-22 22:47:21.973 I/am_wtf ( 1471): [0,1471,system_server,-1,DisplayDeviceConfig,requesting nits when no mapping exists.]
09-22 22:47:21.974 I/am_wtf ( 1471): [0,1471,system_server,-1,DisplayDeviceConfig,requesting nits when no mapping exists.]
09-22 22:47:21.989 I/am_wtf ( 1471): [0,1471,system_server,-1,DisplayDeviceConfig,requesting nits when no mapping exists.]
09-22 22:47:21.991 I/am_wtf ( 1471): [0,1471,system_server,-1,DisplayDeviceConfig,requesting nits when no mapping exists.]
09-22 22:47:22.007 I/am_wtf ( 1471): [0,1471,system_server,-1,DisplayDeviceConfig,requesting nits when no mapping exists.]
09-22 22:47:22.008 I/am_wtf ( 1471): [0,1471,system_server,-1,DisplayDeviceConfig,requesting nits when no mapping exists.]
09-22 22:47:22.023 I/am_wtf ( 1471): [0,1471,system_server,-1,DisplayDeviceConfig,requesting nits when no mapping exists.]
09-22 22:47:22.024 I/am_wtf ( 1471): [0,1471,system_server,-1,DisplayDeviceConfig,requesting nits when no mapping exists.]
09-22 22:47:22.040 I/am_wtf ( 1471): [0,1471,system_server,-1,DisplayDeviceConfig,requesting nits when no mapping exists.]
09-22 22:47:22.041 I/am_wtf ( 1471): [0,1471,system_server,-1,DisplayDeviceConfig,requesting nits when no mapping exists.]
09-22 22:47:22.056 I/am_wtf ( 1471): [0,1471,system_server,-1,DisplayDeviceConfig,requesting nits when no mapping exists.]
09-22 22:47:22.058 I/am_wtf ( 1471): [0,1471,system_server,-1,DisplayDeviceConfig,requesting nits when no mapping exists.]
09-22 22:47:22.073 I/am_wtf ( 1471): [0,1471,system_server,-1,DisplayDeviceConfig,requesting nits when no mapping exists.]
09-22 22:47:22.074 I/am_wtf ( 1471): [0,1471,system_server,-1,DisplayDeviceConfig,requesting nits when no mapping exists.]
09-22 22:47:22.090 I/am_wtf ( 1471): [0,1471,system_server,-1,DisplayDeviceConfig,requesting nits when no mapping exists.]
09-22 22:47:22.091 I/am_wtf ( 1471): [0,1471,system_server,-1,DisplayDeviceConfig,requesting nits when no mapping exists.]
09-22 22:47:22.106 I/am_wtf ( 1471): [0,1471,system_server,-1,DisplayDeviceConfig,requesting nits when no mapping exists.]
09-22 22:47:22.107 I/am_wtf ( 1471): [0,1471,system_server,-1,DisplayDeviceConfig,requesting nits when no mapping exists.]
09-22 22:47:22.123 I/am_wtf ( 1471): [0,1471,system_server,-1,DisplayDeviceConfig,requesting nits when no mapping exists.]
09-22 22:47:22.124 I/am_wtf ( 1471): [0,1471,system_server,-1,DisplayDeviceConfig,requesting nits when no mapping exists.]
09-22 22:47:22.140 I/am_wtf ( 1471): [0,1471,system_server,-1,DisplayDeviceConfig,requesting nits when no mapping exists.]
09-22 22:47:22.141 I/am_wtf ( 1471): [0,1471,system_server,-1,DisplayDeviceConfig,requesting nits when no mapping exists.]
09-22 22:47:22.156 I/am_wtf ( 1471): [0,1471,system_server,-1,DisplayDeviceConfig,requesting nits when no mapping exists.]
09-22 22:47:22.157 I/am_wtf ( 1471): [0,1471,system_server,-1,DisplayDeviceConfig,requesting nits when no mapping exists.]
09-22 22:47:22.173 I/am_wtf ( 1471): [0,1471,system_server,-1,DisplayDeviceConfig,requesting nits when no mapping exists.]
09-22 22:47:22.174 I/am_wtf ( 1471): [0,1471,system_server,-1,DisplayDeviceConfig,requesting nits when no mapping exists.]
09-22 22:47:22.190 I/am_wtf ( 1471): [0,1471,system_server,-1,DisplayDeviceConfig,requesting nits when no mapping exists.]
09-22 22:47:22.191 I/am_wtf ( 1471): [0,1471,system_server,-1,DisplayDeviceConfig,requesting nits when no mapping exists.]
09-22 22:47:22.207 I/am_wtf ( 1471): [0,1471,system_server,-1,DisplayDeviceConfig,requesting nits when no mapping exists.]
09-22 22:47:22.208 I/am_wtf ( 1471): [0,1471,system_server,-1,DisplayDeviceConfig,requesting nits when no mapping exists.]
09-22 22:47:22.223 I/am_wtf ( 1471): [0,1471,system_server,-1,DisplayDeviceConfig,requesting nits when no mapping exists.]
09-22 22:47:22.224 I/am_wtf ( 1471): [0,1471,system_server,-1,DisplayDeviceConfig,requesting nits when no mapping exists.]
09-22 22:47:22.240 I/am_wtf ( 1471): [0,1471,system_server,-1,DisplayDeviceConfig,requesting nits when no mapping exists.]
09-22 22:47:22.241 I/am_wtf ( 1471): [0,1471,system_server,-1,DisplayDeviceConfig,requesting nits when no mapping exists.]
09-22 22:47:22.257 I/am_wtf ( 1471): [0,1471,system_server,-1,DisplayDeviceConfig,requesting nits when no mapping exists.]
09-22 22:47:22.258 I/am_wtf ( 1471): [0,1471,system_server,-1,DisplayDeviceConfig,requesting nits when no mapping exists.]
09-22 22:47:22.273 I/am_wtf ( 1471): [0,1471,system_server,-1,DisplayDeviceConfig,requesting nits when no mapping exists.]
09-22 22:47:22.274 I/am_wtf ( 1471): [0,1471,system_server,-1,DisplayDeviceConfig,requesting nits when no mapping exists.]
09-22 22:47:22.291 I/am_wtf ( 1471): [0,1471,system_server,-1,DisplayDeviceConfig,requesting nits when no mapping exists.]
09-22 22:47:22.292 I/am_wtf ( 1471): [0,1471,system_server,-1,DisplayDeviceConfig,requesting nits when no mapping exists.]
09-22 22:47:22.307 I/am_wtf ( 1471): [0,1471,system_server,-1,DisplayDeviceConfig,requesting nits when no mapping exists.]
09-22 22:47:22.308 I/am_wtf ( 1471): [0,1471,system_server,-1,DisplayDeviceConfig,requesting nits when no mapping exists.]
09-22 22:47:22.323 I/am_wtf ( 1471): [0,1471,system_server,-1,DisplayDeviceConfig,requesting nits when no mapping exists.]
09-22 22:47:22.324 I/am_wtf ( 1471): [0,1471,system_server,-1,DisplayDeviceConfig,requesting nits when no mapping exists.]
09-22 22:47:22.341 I/am_wtf ( 1471): [0,1471,system_server,-1,DisplayDeviceConfig,requesting nits when no mapping exists.]
09-22 22:47:22.342 I/am_wtf ( 1471): [0,1471,system_server,-1,DisplayDeviceConfig,requesting nits when no mapping exists.]
09-22 22:47:22.357 I/am_wtf ( 1471): [0,1471,system_server,-1,DisplayDeviceConfig,requesting nits when no mapping exists.]
09-22 22:47:22.358 I/am_wtf ( 1471): [0,1471,system_server,-1,DisplayDeviceConfig,requesting nits when no mapping exists.]
09-22 22:47:22.374 I/am_wtf ( 1471): [0,1471,system_server,-1,DisplayDeviceConfig,requesting nits when no mapping exists.]
09-22 22:47:22.375 I/am_wtf ( 1471): [0,1471,system_server,-1,DisplayDeviceConfig,requesting nits when no mapping exists.]
09-22 22:47:22.391 I/am_wtf ( 1471): [0,1471,system_server,-1,DisplayDeviceConfig,requesting nits when no mapping exists.]
09-22 22:47:22.392 I/am_wtf ( 1471): [0,1471,system_server,-1,DisplayDeviceConfig,requesting nits when no mapping exists.]
09-22 22:47:22.407 I/am_wtf ( 1471): [0,1471,system_server,-1,DisplayDeviceConfig,requesting nits when no mapping exists.]
09-22 22:47:22.408 I/am_wtf ( 1471): [0,1471,system_server,-1,DisplayDeviceConfig,requesting nits when no mapping exists.]
09-22 22:47:22.424 I/am_wtf ( 1471): [0,1471,system_server,-1,DisplayDeviceConfig,requesting nits when no mapping exists.]
09-22 22:47:22.426 I/am_wtf ( 1471): [0,1471,system_server,-1,DisplayDeviceConfig,requesting nits when no mapping exists.]
09-22 22:47:22.440 I/am_wtf ( 1471): [0,1471,system_server,-1,DisplayDeviceConfig,requesting nits when no mapping exists.]
09-22 22:47:22.441 I/am_wtf ( 1471): [0,1471,system_server,-1,DisplayDeviceConfig,requesting nits when no mapping exists.]
09-22 22:47:22.457 I/am_wtf ( 1471): [0,1471,system_server,-1,DisplayDeviceConfig,requesting nits when no mapping exists.]
09-22 22:47:22.458 I/am_wtf ( 1471): [0,1471,system_server,-1,DisplayDeviceConfig,requesting nits when no mapping exists.]
09-22 22:47:22.474 I/am_wtf ( 1471): [0,1471,system_server,-1,DisplayDeviceConfig,requesting nits when no mapping exists.]
09-22 22:47:22.475 I/am_wtf ( 1471): [0,1471,system_server,-1,DisplayDeviceConfig,requesting nits when no mapping exists.]
09-22 22:47:22.491 I/am_wtf ( 1471): [0,1471,system_server,-1,DisplayDeviceConfig,requesting nits when no mapping exists.]
09-22 22:47:22.492 I/am_wtf ( 1471): [0,1471,system_server,-1,DisplayDeviceConfig,requesting nits when no mapping exists.]
09-22 22:47:22.507 I/am_wtf ( 1471): [0,1471,system_server,-1,DisplayDeviceConfig,requesting nits when no mapping exists.]
09-22 22:47:22.508 I/am_wtf ( 1471): [0,1471,system_server,-1,DisplayDeviceConfig,requesting nits when no mapping exists.]
09-22 22:47:22.524 I/am_wtf ( 1471): [0,1471,system_server,-1,DisplayDeviceConfig,requesting nits when no mapping exists.]
09-22 22:47:22.525 I/am_wtf ( 1471): [0,1471,system_server,-1,DisplayDeviceConfig,requesting nits when no mapping exists.]
09-22 22:47:22.540 I/am_wtf ( 1471): [0,1471,system_server,-1,DisplayDeviceConfig,requesting nits when no mapping exists.]
09-22 22:47:22.542 I/am_wtf ( 1471): [0,1471,system_server,-1,DisplayDeviceConfig,requesting nits when no mapping exists.]
09-22 22:47:22.558 I/am_wtf ( 1471): [0,1471,system_server,-1,DisplayDeviceConfig,requesting nits when no mapping exists.]
09-22 22:47:22.559 I/am_wtf ( 1471): [0,1471,system_server,-1,DisplayDeviceConfig,requesting nits when no mapping exists.]
09-22 22:47:22.575 I/am_wtf ( 1471): [0,1471,system_server,-1,DisplayDeviceConfig,requesting nits when no mapping exists.]
09-22 22:47:22.576 I/am_wtf ( 1471): [0,1471,system_server,-1,DisplayDeviceConfig,requesting nits when no mapping exists.]
09-22 22:47:22.591 I/am_wtf ( 1471): [0,1471,system_server,-1,DisplayDeviceConfig,requesting nits when no mapping exists.]
09-22 22:47:22.593 I/am_wtf ( 1471): [0,1471,system_server,-1,DisplayDeviceConfig,requesting nits when no mapping exists.]
09-22 22:47:22.608 I/am_wtf ( 1471): [0,1471,system_server,-1,DisplayDeviceConfig,requesting nits when no mapping exists.]
09-22 22:47:22.609 I/am_wtf ( 1471): [0,1471,system_server,-1,DisplayDeviceConfig,requesting nits when no mapping exists.]
09-22 22:47:22.625 I/am_wtf ( 1471): [0,1471,system_server,-1,DisplayDeviceConfig,requesting nits when no mapping exists.]
09-22 22:47:22.626 I/am_wtf ( 1471): [0,1471,system_server,-1,DisplayDeviceConfig,requesting nits when no mapping exists.]
09-22 22:47:22.640 I/am_wtf ( 1471): [0,1471,system_server,-1,DisplayDeviceConfig,requesting nits when no mapping exists.]
09-22 22:47:22.641 I/am_wtf ( 1471): [0,1471,system_server,-1,DisplayDeviceConfig,requesting nits when no mapping exists.]
09-22 22:47:22.657 I/am_wtf ( 1471): [0,1471,system_server,-1,DisplayDeviceConfig,requesting nits when no mapping exists.]
09-22 22:47:22.657 I/service_manager_stats( 1471): [100,68,59234]
09-22 22:47:22.657 I/am_wtf ( 1471): [0,1471,system_server,-1,DisplayDeviceConfig,requesting nits when no mapping exists.]
09-22 22:47:22.674 I/am_wtf ( 1471): [0,1471,system_server,-1,DisplayDeviceConfig,requesting nits when no mapping exists.]
09-22 22:47:22.675 I/am_wtf ( 1471): [0,1471,system_server,-1,DisplayDeviceConfig,requesting nits when no mapping exists.]
09-22 22:47:22.692 I/am_wtf ( 1471): [0,1471,system_server,-1,DisplayDeviceConfig,requesting nits when no mapping exists.]
09-22 22:47:22.693 I/am_wtf ( 1471): [0,1471,system_server,-1,DisplayDeviceConfig,requesting nits when no mapping exists.]
09-22 22:47:22.709 I/am_wtf ( 1471): [0,1471,system_server,-1,DisplayDeviceConfig,requesting nits when no mapping exists.]
09-22 22:47:22.711 I/am_wtf ( 1471): [0,1471,system_server,-1,DisplayDeviceConfig,requesting nits when no mapping exists.]
09-22 22:47:22.724 I/am_wtf ( 1471): [0,1471,system_server,-1,DisplayDeviceConfig,requesting nits when no mapping exists.]
09-22 22:47:22.725 I/am_wtf ( 1471): [0,1471,system_server,-1,DisplayDeviceConfig,requesting nits when no mapping exists.]
09-22 22:47:22.741 I/am_wtf ( 1471): [0,1471,system_server,-1,DisplayDeviceConfig,requesting nits when no mapping exists.]
09-22 22:47:22.742 I/am_wtf ( 1471): [0,1471,system_server,-1,DisplayDeviceConfig,requesting nits when no mapping exists.]
09-22 22:47:22.758 I/am_wtf ( 1471): [0,1471,system_server,-1,DisplayDeviceConfig,requesting nits when no mapping exists.]
09-22 22:47:22.759 I/am_wtf ( 1471): [0,1471,system_server,-1,DisplayDeviceConfig,requesting nits when no mapping exists.]
09-22 22:47:22.775 I/am_wtf ( 1471): [0,1471,system_server,-1,DisplayDeviceConfig,requesting nits when no mapping exists.]
09-22 22:47:22.776 I/am_wtf ( 1471): [0,1471,system_server,-1,DisplayDeviceConfig,requesting nits when no mapping exists.]
09-22 22:47:22.791 I/am_wtf ( 1471): [0,1471,system_server,-1,DisplayDeviceConfig,requesting nits when no mapping exists.]
09-22 22:47:22.792 I/am_wtf ( 1471): [0,1471,system_server,-1,DisplayDeviceConfig,requesting nits when no mapping exists.]
09-22 22:47:22.808 I/am_wtf ( 1471): [0,1471,system_server,-1,DisplayDeviceConfig,requesting nits when no mapping exists.]
09-22 22:47:22.810 I/am_wtf ( 1471): [0,1471,system_server,-1,DisplayDeviceConfig,requesting nits when no mapping exists.]
09-22 22:47:23.768 I/am_uid_idle( 1471): 10066
09-22 22:47:28.846 I/sysui_multi_action( 1471): [757,222,758,1]
09-22 22:47:28.851 I/am_uid_active( 1471): 10066
09-22 22:47:28.864 I/wm_task_created( 1471): [38,-1]
09-22 22:47:28.869 I/wm_task_moved( 1471): [38,1,6]
09-22 22:47:28.869 I/wm_task_to_front( 1471): [0,38]
09-22 22:47:28.869 I/wm_create_task( 1471): [0,38]
09-22 22:47:28.869 I/wm_create_activity( 1471): [0,27998451,38,com.android.deskclock/android.service.dreams.DreamActivity,NULL,NULL,NULL,276824064]
09-22 22:47:28.870 I/wm_task_moved( 1471): [38,1,6]
09-22 22:47:28.870 I/wm_on_top_resumed_lost_called( 2388): [226227664,com.android.launcher3.uioverrides.QuickstepLauncher,topStateChangedWhenResumed]
09-22 22:47:28.872 I/wm_pause_activity( 1471): [0,226227664,com.android.launcher3/.uioverrides.QuickstepLauncher,userLeaving=true,pauseBackTasks]
09-22 22:47:28.879 I/wm_on_paused_called( 2388): [226227664,com.android.launcher3.uioverrides.QuickstepLauncher,performPause]
09-22 22:47:28.881 I/wm_add_to_stopping( 1471): [0,226227664,com.android.launcher3/.uioverrides.QuickstepLauncher,makeInvisible]
09-22 22:47:28.882 I/wm_restart_activity( 1471): [0,27998451,38,com.android.deskclock/android.service.dreams.DreamActivity]
09-22 22:47:28.883 I/wm_set_resumed_activity( 1471): [0,com.android.deskclock/android.service.dreams.DreamActivity,minimalResumeActivityLocked]
09-22 22:47:28.890 I/sysui_multi_action( 1471): [757,803,799,window_time_0,802,66]
09-22 22:47:28.891 I/input_focus( 1471): [Focus leaving 4ed4abc com.android.launcher3/com.android.launcher3.uioverrides.QuickstepLauncher (server),reason=NO_WINDOW]
09-22 22:47:28.894 I/wm_on_create_called( 2544): [27998451,android.service.dreams.DreamActivity,performCreate]
09-22 22:47:28.895 I/wm_on_start_called( 2544): [27998451,android.service.dreams.DreamActivity,handleStartActivity]
09-22 22:47:28.895 I/wm_on_resume_called( 2544): [27998451,android.service.dreams.DreamActivity,RESUME_ACTIVITY]
09-22 22:47:28.899 I/wm_on_top_resumed_gained_called( 2544): [27998451,android.service.dreams.DreamActivity,topStateChangedWhenResumed]
09-22 22:47:28.923 I/input_focus( 1471): [Focus request 3b6714f com.android.deskclock/android.service.dreams.DreamActivity,reason=UpdateInputWindows]
09-22 22:47:28.927 I/notification_enqueue( 1471): [10081,1849,com.android.systemui,2048,NULL,0,Notification(channel=updateNotification shortcut=null contentView=null vibrate=null sound=null defaults=0x0 flags=0x0 color=0x00000000 vis=PRIVATE),1]
09-22 22:47:28.929 I/sysui_multi_action( 1849): [757,111,758,2]
09-22 22:47:28.929 I/sysui_multi_action( 1849): [757,111,758,2]
09-22 22:47:28.943 I/sysui_multi_action( 1471): [757,1696,758,6,759,3]
09-22 22:47:28.946 I/sysui_multi_action( 1471): [319,75,322,74,325,1256,757,761,758,8,759,2,806,com.android.deskclock,871,android.service.dreams.DreamActivity,904,com.android.deskclock,905,0,1320,4,1321,1]
09-22 22:47:28.947 I/wm_activity_launch_time( 1471): [0,27998451,com.android.deskclock/android.service.dreams.DreamActivity,74]
09-22 22:47:28.954 I/sysui_multi_action( 1849): [757,111,758,1]
09-22 22:47:28.955 I/sysui_multi_action( 1849): [757,126,758,1,759,126,927,0,928,0,1593,0]
09-22 22:47:28.955 I/sysui_multi_action( 1849): [757,113,758,1,759,113,927,1,928,1,1593,0]
09-22 22:47:28.956 I/sysui_multi_action( 1849): [757,0,758,1,759,0,927,2,928,0,1593,0]
09-22 22:47:28.956 I/sysui_multi_action( 1849): [757,0,758,1,759,0,927,3,928,0,1593,0]
09-22 22:47:28.956 I/sysui_multi_action( 1849): [757,1706,758,1,759,1706,927,4,928,0,1593,0]
09-22 22:47:28.957 I/sysui_multi_action( 1849): [757,491,758,1,759,491,927,5,928,0,1311,-1,1593,0]
09-22 22:47:28.957 I/sysui_multi_action( 1849): [757,0,758,1,759,0,927,6,928,0,1593,0]
09-22 22:47:28.957 I/sysui_multi_action( 1849): [757,111,758,1]
09-22 22:47:28.957 I/sysui_multi_action( 1849): [757,126,758,1,759,126,927,0,928,0,1593,0]
09-22 22:47:28.958 I/sysui_multi_action( 1849): [757,113,758,1,759,113,927,1,928,1,1593,0]
09-22 22:47:28.958 I/sysui_multi_action( 1849): [757,0,758,1,759,0,927,2,928,0,1593,0]
09-22 22:47:28.958 I/sysui_multi_action( 1849): [757,0,758,1,759,0,927,3,928,0,1593,0]
09-22 22:47:28.961 I/am_wtf ( 1471): [0,1471,system_server,-1,DisplayDeviceConfig,requesting nits when no mapping exists.]
09-22 22:47:28.962 I/am_wtf ( 1471): [0,1471,system_server,-1,DisplayDeviceConfig,requesting nits when no mapping exists.]
09-22 22:47:28.974 I/am_wtf ( 1471): [0,1471,system_server,-1,DisplayDeviceConfig,requesting nits when no mapping exists.]
09-22 22:47:28.974 I/input_focus( 1471): [Focus entering 3b6714f com.android.deskclock/android.service.dreams.DreamActivity (server),reason=Window became focusable. Previous reason: NOT_VISIBLE]
09-22 22:47:28.974 I/am_wtf ( 1471): [0,1471,system_server,-1,DisplayDeviceConfig,requesting nits when no mapping exists.]
09-22 22:47:28.989 I/am_wtf ( 1471): [0,1471,system_server,-1,DisplayDeviceConfig,requesting nits when no mapping exists.]
09-22 22:47:28.990 I/am_wtf ( 1471): [0,1471,system_server,-1,DisplayDeviceConfig,requesting nits when no mapping exists.]
09-22 22:47:29.007 I/am_wtf ( 1471): [0,1471,system_server,-1,DisplayDeviceConfig,requesting nits when no mapping exists.]
09-22 22:47:29.008 I/am_wtf ( 1471): [0,1471,system_server,-1,DisplayDeviceConfig,requesting nits when no mapping exists.]
09-22 22:47:29.024 I/am_wtf ( 1471): [0,1471,system_server,-1,DisplayDeviceConfig,requesting nits when no mapping exists.]
09-22 22:47:29.027 I/am_wtf ( 1471): [0,1471,system_server,-1,DisplayDeviceConfig,requesting nits when no mapping exists.]
09-22 22:47:29.040 I/am_wtf ( 1471): [0,1471,system_server,-1,DisplayDeviceConfig,requesting nits when no mapping exists.]
09-22 22:47:29.041 I/am_wtf ( 1471): [0,1471,system_server,-1,DisplayDeviceConfig,requesting nits when no mapping exists.]
09-22 22:47:29.056 I/am_wtf ( 1471): [0,1471,system_server,-1,DisplayDeviceConfig,requesting nits when no mapping exists.]
09-22 22:47:29.057 I/am_wtf ( 1471): [0,1471,system_server,-1,DisplayDeviceConfig,requesting nits when no mapping exists.]
09-22 22:47:29.073 I/am_wtf ( 1471): [0,1471,system_server,-1,DisplayDeviceConfig,requesting nits when no mapping exists.]
09-22 22:47:29.074 I/am_wtf ( 1471): [0,1471,system_server,-1,DisplayDeviceConfig,requesting nits when no mapping exists.]
09-22 22:47:29.089 I/am_wtf ( 1471): [0,1471,system_server,-1,DisplayDeviceConfig,requesting nits when no mapping exists.]
09-22 22:47:29.090 I/am_wtf ( 1471): [0,1471,system_server,-1,DisplayDeviceConfig,requesting nits when no mapping exists.]
09-22 22:47:29.113 I/am_wtf ( 1471): [0,1471,system_server,-1,DisplayDeviceConfig,requesting nits when no mapping exists.]
09-22 22:47:29.114 I/am_wtf ( 1471): [0,1471,system_server,-1,DisplayDeviceConfig,requesting nits when no mapping exists.]
09-22 22:47:29.124 I/am_wtf ( 1471): [0,1471,system_server,-1,DisplayDeviceConfig,requesting nits when no mapping exists.]
09-22 22:47:29.125 I/am_wtf ( 1471): [0,1471,system_server,-1,DisplayDeviceConfig,requesting nits when no mapping exists.]
09-22 22:47:29.132 I/sysui_multi_action( 1471): [757,1501,758,1,793,1236333,794,0,795,208,796,2048,806,com.android.systemui,857,updateNotification,858,3,947,0,1500,0,1688,1]
09-22 22:47:29.132 I/sysui_multi_action( 1471): [757,804,799,note_interruptive,801,0,802,1]
09-22 22:47:29.132 I/sysui_multi_action( 1471): [757,199,758,1,759,2,793,1236333,794,0,795,208,796,2048,806,com.android.systemui,857,updateNotification,858,3,947,0,1500,0,1688,1]
09-22 22:47:29.132 I/notification_alert( 1471): [0|com.android.systemui|2048|null|10081,0,1,0]
09-22 22:47:29.140 I/am_wtf ( 1471): [0,1471,system_server,-1,DisplayDeviceConfig,requesting nits when no mapping exists.]
09-22 22:47:29.141 I/am_wtf ( 1471): [0,1471,system_server,-1,DisplayDeviceConfig,requesting nits when no mapping exists.]
09-22 22:47:29.162 I/am_wtf ( 1471): [0,1471,system_server,-1,DisplayDeviceConfig,requesting nits when no mapping exists.]
09-22 22:47:29.163 I/am_wtf ( 1471): [0,1471,system_server,-1,DisplayDeviceConfig,requesting nits when no mapping exists.]
09-22 22:47:29.176 I/am_wtf ( 1471): [0,1471,system_server,-1,DisplayDeviceConfig,requesting nits when no mapping exists.]
09-22 22:47:29.177 I/am_wtf ( 1471): [0,1471,system_server,-1,DisplayDeviceConfig,requesting nits when no mapping exists.]
09-22 22:47:29.190 I/am_wtf ( 1471): [0,1471,system_server,-1,DisplayDeviceConfig,requesting nits when no mapping exists.]
09-22 22:47:29.191 I/am_wtf ( 1471): [0,1471,system_server,-1,DisplayDeviceConfig,requesting nits when no mapping exists.]
09-22 22:47:29.208 I/am_wtf ( 1471): [0,1471,system_server,-1,DisplayDeviceConfig,requesting nits when no mapping exists.]
09-22 22:47:29.209 I/am_wtf ( 1471): [0,1471,system_server,-1,DisplayDeviceConfig,requesting nits when no mapping exists.]
09-22 22:47:29.228 I/am_wtf ( 1471): [0,1471,system_server,-1,DisplayDeviceConfig,requesting nits when no mapping exists.]
09-22 22:47:29.228 I/am_wtf ( 1471): [0,1471,system_server,-1,DisplayDeviceConfig,requesting nits when no mapping exists.]
09-22 22:47:29.241 I/am_wtf ( 1471): [0,1471,system_server,-1,DisplayDeviceConfig,requesting nits when no mapping exists.]
09-22 22:47:29.243 I/am_wtf ( 1471): [0,1471,system_server,-1,DisplayDeviceConfig,requesting nits when no mapping exists.]
09-22 22:47:29.245 I/wm_stop_activity( 1471): [0,226227664,com.android.launcher3/.uioverrides.QuickstepLauncher]
09-22 22:47:29.258 I/am_wtf ( 1471): [0,1471,system_server,-1,DisplayDeviceConfig,requesting nits when no mapping exists.]
09-22 22:47:29.265 I/am_wtf ( 1471): [0,1471,system_server,-1,DisplayDeviceConfig,requesting nits when no mapping exists.]
09-22 22:47:29.271 I/wm_on_stop_called( 2388): [226227664,com.android.launcher3.uioverrides.QuickstepLauncher,STOP_ACTIVITY_ITEM]
09-22 22:47:29.277 I/am_wtf ( 1471): [0,1471,system_server,-1,DisplayDeviceConfig,requesting nits when no mapping exists.]
09-22 22:47:29.279 I/am_wtf ( 1471): [0,1471,system_server,-1,DisplayDeviceConfig,requesting nits when no mapping exists.]
09-22 22:47:29.291 I/am_wtf ( 1471): [0,1471,system_server,-1,DisplayDeviceConfig,requesting nits when no mapping exists.]
09-22 22:47:29.292 I/am_wtf ( 1471): [0,1471,system_server,-1,DisplayDeviceConfig,requesting nits when no mapping exists.]
09-22 22:47:29.312 I/am_wtf ( 1471): [0,1471,system_server,-1,DisplayDeviceConfig,requesting nits when no mapping exists.]
09-22 22:47:29.313 I/am_wtf ( 1471): [0,1471,system_server,-1,DisplayDeviceConfig,requesting nits when no mapping exists.]
09-22 22:47:29.326 I/am_wtf ( 1471): [0,1471,system_server,-1,DisplayDeviceConfig,requesting nits when no mapping exists.]
09-22 22:47:29.326 I/am_wtf ( 1471): [0,1471,system_server,-1,DisplayDeviceConfig,requesting nits when no mapping exists.]
09-22 22:47:29.342 I/am_wtf ( 1471): [0,1471,system_server,-1,DisplayDeviceConfig,requesting nits when no mapping exists.]
09-22 22:47:29.343 I/am_wtf ( 1471): [0,1471,system_server,-1,DisplayDeviceConfig,requesting nits when no mapping exists.]
09-22 22:47:29.361 I/am_wtf ( 1471): [0,1471,system_server,-1,DisplayDeviceConfig,requesting nits when no mapping exists.]
09-22 22:47:29.362 I/am_wtf ( 1471): [0,1471,system_server,-1,DisplayDeviceConfig,requesting nits when no mapping exists.]
09-22 22:47:29.377 I/am_wtf ( 1471): [0,1471,system_server,-1,DisplayDeviceConfig,requesting nits when no mapping exists.]
09-22 22:47:29.378 I/am_wtf ( 1471): [0,1471,system_server,-1,DisplayDeviceConfig,requesting nits when no mapping exists.]
09-22 22:47:29.392 I/am_wtf ( 1471): [0,1471,system_server,-1,DisplayDeviceConfig,requesting nits when no mapping exists.]
09-22 22:47:29.394 I/am_wtf ( 1471): [0,1471,system_server,-1,DisplayDeviceConfig,requesting nits when no mapping exists.]
09-22 22:47:29.413 I/am_wtf ( 1471): [0,1471,system_server,-1,DisplayDeviceConfig,requesting nits when no mapping exists.]
09-22 22:47:29.414 I/am_wtf ( 1471): [0,1471,system_server,-1,DisplayDeviceConfig,requesting nits when no mapping exists.]
09-22 22:47:29.425 I/am_wtf ( 1471): [0,1471,system_server,-1,DisplayDeviceConfig,requesting nits when no mapping exists.]
09-22 22:47:29.426 I/am_wtf ( 1471): [0,1471,system_server,-1,DisplayDeviceConfig,requesting nits when no mapping exists.]
09-22 22:47:29.445 I/am_wtf ( 1471): [0,1471,system_server,-1,DisplayDeviceConfig,requesting nits when no mapping exists.]
09-22 22:47:29.446 I/am_wtf ( 1471): [0,1471,system_server,-1,DisplayDeviceConfig,requesting nits when no mapping exists.]
09-22 22:47:29.460 I/am_wtf ( 1471): [0,1471,system_server,-1,DisplayDeviceConfig,requesting nits when no mapping exists.]
09-22 22:47:29.462 I/am_wtf ( 1471): [0,1471,system_server,-1,DisplayDeviceConfig,requesting nits when no mapping exists.]
09-22 22:47:29.477 I/am_wtf ( 1471): [0,1471,system_server,-1,DisplayDeviceConfig,requesting nits when no mapping exists.]
09-22 22:47:29.479 I/am_wtf ( 1471): [0,1471,system_server,-1,DisplayDeviceConfig,requesting nits when no mapping exists.]
09-22 22:47:29.493 I/am_wtf ( 1471): [0,1471,system_server,-1,DisplayDeviceConfig,requesting nits when no mapping exists.]
09-22 22:47:29.494 I/am_wtf ( 1471): [0,1471,system_server,-1,DisplayDeviceConfig,requesting nits when no mapping exists.]
09-22 22:47:29.510 I/am_wtf ( 1471): [0,1471,system_server,-1,DisplayDeviceConfig,requesting nits when no mapping exists.]
09-22 22:47:29.511 I/am_wtf ( 1471): [0,1471,system_server,-1,DisplayDeviceConfig,requesting nits when no mapping exists.]
09-22 22:47:29.529 I/am_wtf ( 1471): [0,1471,system_server,-1,DisplayDeviceConfig,requesting nits when no mapping exists.]
09-22 22:47:29.530 I/am_wtf ( 1471): [0,1471,system_server,-1,DisplayDeviceConfig,requesting nits when no mapping exists.]
09-22 22:47:29.544 I/am_wtf ( 1471): [0,1471,system_server,-1,DisplayDeviceConfig,requesting nits when no mapping exists.]
09-22 22:47:29.548 I/am_wtf ( 1471): [0,1471,system_server,-1,DisplayDeviceConfig,requesting nits when no mapping exists.]
09-22 22:47:29.561 I/am_wtf ( 1471): [0,1471,system_server,-1,DisplayDeviceConfig,requesting nits when no mapping exists.]
09-22 22:47:29.562 I/am_wtf ( 1471): [0,1471,system_server,-1,DisplayDeviceConfig,requesting nits when no mapping exists.]
09-22 22:47:29.577 I/am_wtf ( 1471): [0,1471,system_server,-1,DisplayDeviceConfig,requesting nits when no mapping exists.]
09-22 22:47:29.579 I/am_wtf ( 1471): [0,1471,system_server,-1,DisplayDeviceConfig,requesting nits when no mapping exists.]
09-22 22:47:29.595 I/am_wtf ( 1471): [0,1471,system_server,-1,DisplayDeviceConfig,requesting nits when no mapping exists.]
09-22 22:47:29.596 I/am_wtf ( 1471): [0,1471,system_server,-1,DisplayDeviceConfig,requesting nits when no mapping exists.]
09-22 22:47:29.609 I/am_wtf ( 1471): [0,1471,system_server,-1,DisplayDeviceConfig,requesting nits when no mapping exists.]
09-22 22:47:29.610 I/am_wtf ( 1471): [0,1471,system_server,-1,DisplayDeviceConfig,requesting nits when no mapping exists.]
09-22 22:47:29.627 I/am_wtf ( 1471): [0,1471,system_server,-1,DisplayDeviceConfig,requesting nits when no mapping exists.]
09-22 22:47:29.628 I/service_manager_stats( 1471): [100,62,6971]
09-22 22:47:29.628 I/am_wtf ( 1471): [0,1471,system_server,-1,DisplayDeviceConfig,requesting nits when no mapping exists.]
09-22 22:47:29.644 I/am_wtf ( 1471): [0,1471,system_server,-1,DisplayDeviceConfig,requesting nits when no mapping exists.]
09-22 22:47:29.646 I/am_wtf ( 1471): [0,1471,system_server,-1,DisplayDeviceConfig,requesting nits when no mapping exists.]
09-22 22:47:29.661 I/am_wtf ( 1471): [0,1471,system_server,-1,DisplayDeviceConfig,requesting nits when no mapping exists.]
09-22 22:47:29.662 I/am_wtf ( 1471): [0,1471,system_server,-1,DisplayDeviceConfig,requesting nits when no mapping exists.]
09-22 22:47:29.680 I/am_wtf ( 1471): [0,1471,system_server,-1,DisplayDeviceConfig,requesting nits when no mapping exists.]
09-22 22:47:29.680 I/am_wtf ( 1471): [0,1471,system_server,-1,DisplayDeviceConfig,requesting nits when no mapping exists.]
09-22 22:47:29.695 I/am_wtf ( 1471): [0,1471,system_server,-1,DisplayDeviceConfig,requesting nits when no mapping exists.]
09-22 22:47:29.696 I/am_wtf ( 1471): [0,1471,system_server,-1,DisplayDeviceConfig,requesting nits when no mapping exists.]
09-22 22:47:29.710 I/am_wtf ( 1471): [0,1471,system_server,-1,DisplayDeviceConfig,requesting nits when no mapping exists.]
09-22 22:47:29.711 I/am_wtf ( 1471): [0,1471,system_server,-1,DisplayDeviceConfig,requesting nits when no mapping exists.]
09-22 22:47:29.734 I/am_wtf ( 1471): [0,1471,system_server,-1,DisplayDeviceConfig,requesting nits when no mapping exists.]
09-22 22:47:29.735 I/am_wtf ( 1471): [0,1471,system_server,-1,DisplayDeviceConfig,requesting nits when no mapping exists.]
09-22 22:47:29.742 I/am_wtf ( 1471): [0,1471,system_server,-1,DisplayDeviceConfig,requesting nits when no mapping exists.]
09-22 22:47:29.742 I/am_wtf ( 1471): [0,1471,system_server,-1,DisplayDeviceConfig,requesting nits when no mapping exists.]
09-22 22:47:29.762 I/am_wtf ( 1471): [0,1471,system_server,-1,DisplayDeviceConfig,requesting nits when no mapping exists.]
09-22 22:47:29.763 I/am_wtf ( 1471): [0,1471,system_server,-1,DisplayDeviceConfig,requesting nits when no mapping exists.]
09-22 22:47:29.775 I/am_wtf ( 1471): [0,1471,system_server,-1,DisplayDeviceConfig,requesting nits when no mapping exists.]
09-22 22:47:29.775 I/am_wtf ( 1471): [0,1471,system_server,-1,DisplayDeviceConfig,requesting nits when no mapping exists.]
09-22 22:47:29.793 I/am_wtf ( 1471): [0,1471,system_server,-1,DisplayDeviceConfig,requesting nits when no mapping exists.]
09-22 22:47:29.794 I/am_wtf ( 1471): [0,1471,system_server,-1,DisplayDeviceConfig,requesting nits when no mapping exists.]
09-22 22:47:29.812 I/am_wtf ( 1471): [0,1471,system_server,-1,DisplayDeviceConfig,requesting nits when no mapping exists.]
09-22 22:47:29.813 I/am_wtf ( 1471): [0,1471,system_server,-1,DisplayDeviceConfig,requesting nits when no mapping exists.]
09-22 22:47:29.827 I/am_wtf ( 1471): [0,1471,system_server,-1,DisplayDeviceConfig,requesting nits when no mapping exists.]
09-22 22:47:29.828 I/am_wtf ( 1471): [0,1471,system_server,-1,DisplayDeviceConfig,requesting nits when no mapping exists.]
09-22 22:47:29.846 I/am_wtf ( 1471): [0,1471,system_server,-1,DisplayDeviceConfig,requesting nits when no mapping exists.]
09-22 22:47:29.846 I/am_wtf ( 1471): [0,1471,system_server,-1,DisplayDeviceConfig,requesting nits when no mapping exists.]
09-22 22:47:29.860 I/am_wtf ( 1471): [0,1471,system_server,-1,DisplayDeviceConfig,requesting nits when no mapping exists.]
09-22 22:47:29.862 I/am_wtf ( 1471): [0,1471,system_server,-1,DisplayDeviceConfig,requesting nits when no mapping exists.]
09-22 22:47:29.880 I/am_wtf ( 1471): [0,1471,system_server,-1,DisplayDeviceConfig,requesting nits when no mapping exists.]
09-22 22:47:29.880 I/am_wtf ( 1471): [0,1471,system_server,-1,DisplayDeviceConfig,requesting nits when no mapping exists.]
09-22 22:47:29.894 I/am_wtf ( 1471): [0,1471,system_server,-1,DisplayDeviceConfig,requesting nits when no mapping exists.]
09-22 22:47:29.894 I/am_wtf ( 1471): [0,1471,system_server,-1,DisplayDeviceConfig,requesting nits when no mapping exists.]
09-22 22:47:29.909 I/am_wtf ( 1471): [0,1471,system_server,-1,DisplayDeviceConfig,requesting nits when no mapping exists.]
09-22 22:47:29.909 I/am_wtf ( 1471): [0,1471,system_server,-1,DisplayDeviceConfig,requesting nits when no mapping exists.]
09-22 22:49:31.223 I/am_freeze( 1471): [4194,com.android.settings]
09-22 22:49:31.226 I/am_freeze( 1471): [4196,com.android.calendar]
09-22 22:49:31.227 I/am_kill ( 1471): [0,4194,com.android.settings,915,Unable to freeze binder interface]
09-22 22:49:31.230 I/am_kill ( 1471): [0,4196,com.android.calendar,905,Unable to freeze binder interface]
09-22 22:49:31.250 I/am_proc_died( 1471): [0,4196,com.android.calendar,905,19]
09-22 22:49:31.251 I/am_uid_stopped( 1471): 10068
09-22 22:49:31.253 I/am_proc_died( 1471): [0,4194,com.android.settings,915,19]
09-22 22:49:31.261 I/am_pss ( 1471): [2544,10066,com.android.deskclock,57925632,48693248,0,172683264,0,2,8]
09-22 22:56:32.735 I/auditd ( 577): type=1400 audit(0.0:236): avc: denied { read } for comm="Binder:577_2" name="wakeup58" dev="sysfs" ino=83493 scontext=u:r:system_suspend:s0 tcontext=u:object_r:sysfs:s0 tclass=dir permissive=0
09-22 22:56:32.735 I/auditd ( 577): type=1400 audit(0.0:237): avc: denied { read } for comm="Binder:577_2" name="wakeup4" dev="sysfs" ino=52895 scontext=u:r:system_suspend:s0 tcontext=u:object_r:sysfs:s0 tclass=dir permissive=0
09-22 22:56:32.735 I/auditd ( 577): type=1400 audit(0.0:238): avc: denied { read } for comm="Binder:577_2" name="wakeup76" dev="sysfs" ino=88441 scontext=u:r:system_suspend:s0 tcontext=u:object_r:sysfs:s0 tclass=dir permissive=0
09-22 22:56:32.735 I/auditd ( 577): type=1400 audit(0.0:239): avc: denied { read } for comm="Binder:577_2" name="wakeup38" dev="sysfs" ino=68553 scontext=u:r:system_suspend:s0 tcontext=u:object_r:sysfs:s0 tclass=dir permissive=0
09-22 22:56:32.735 I/auditd ( 577): type=1400 audit(0.0:240): avc: denied { read } for comm="Binder:577_2" name="wakeup28" dev="sysfs" ino=59251 scontext=u:r:system_suspend:s0 tcontext=u:object_r:sysfs:s0 tclass=dir permissive=0
09-22 22:56:32.775 I/commit_sys_config_file( 1471): [batterystats,7]
09-22 22:56:32.776 I/commit_sys_config_file( 1471): [batterystats,1]
09-22 22:56:55.446 I/commit_sys_config_file( 1471): [appops,1801028]
09-22 23:19:14.501 I/netstats_mobile_sample( 1471): [0,0,0,0,0,0,0,0,0,0,0,0,1663859954500]
09-22 23:19:14.501 I/netstats_wifi_sample( 1471): [0,0,0,0,0,0,0,0,0,0,0,0,1663859954500]
09-22 23:19:14.509 I/am_pss ( 1471): [2544,10066,com.android.deskclock,59174912,49942528,0,173932544,0,2,10]
09-22 23:19:14.520 I/am_pss ( 1471): [2388,10076,com.android.launcher3,54505472,42045440,0,177721344,0,6,10]
09-22 23:19:14.527 I/am_pss ( 1471): [2785,10093,com.android.providers.media.module,18238464,12726272,0,121544704,0,0,6]
09-22 23:19:14.532 I/am_pss ( 1471): [2221,10094,android.ext.services,11620352,6230016,0,106483712,0,5,5]
09-22 23:19:14.537 I/am_pss ( 1471): [2913,10080,com.qualcomm.location.XT,7632896,4636672,0,94277632,0,6,4]
09-22 23:19:14.544 I/am_pss ( 1471): [1846,1002,com.android.bluetooth,30420992,22282240,0,142196736,0,0,7]
09-22 23:19:14.549 I/am_pss ( 1471): [2734,10073,com.qualcomm.location,11585536,7446528,0,104919040,0,0,4]
09-22 23:19:14.554 I/am_pss ( 1471): [2623,10027,com.sohu.inputmethod.sogou.car,31663104,9969664,0,93863936,0,7,5]
09-22 23:19:14.560 I/am_pss ( 1471): [1993,1001,.dataservices,9036800,6017024,0,94846976,0,0,4]
09-22 23:19:14.565 I/am_pss ( 1471): [1946,1073,com.android.networkstack.process,11967488,8089600,0,104738816,0,0,4]
09-22 23:19:14.576 I/am_pss ( 1471): [1849,10081,com.android.systemui,92651520,67497984,0,252325888,0,0,10]
09-22 23:19:14.595 I/am_pss ( 1471): [1471,1000,system,207141888,117391360,0,516096000,0,0,19]
09-22 23:19:14.613 I/commit_sys_config_file( 1471): [procstats,7]
09-22 23:23:28.878 I/am_uid_running( 1471): 10026
09-22 23:23:28.883 I/am_pss ( 1471): [2544,10066,com.android.deskclock,58017792,48787456,0,172773376,0,2,9]
09-22 23:23:28.898 I/am_proc_start( 1471): [0,5884,10026,android.process.media,service,{com.android.providers.downloads/com.android.providers.downloads.DownloadIdleService}]
09-22 23:23:28.945 I/am_proc_bound( 1471): [0,5884,android.process.media]
09-22 23:23:29.177 I/am_proc_start( 1471): [0,5918,1000,com.android.settings,service,{com.android.settings/com.android.settings.fuelgauge.batterytip.AnomalyConfigJobService}]
09-22 23:23:29.211 I/commit_sys_config_file( 1471): [blobs_index,4]
09-22 23:23:29.211 I/commit_sys_config_file( 1471): [session_index,0]
09-22 23:23:29.212 I/am_proc_bound( 1471): [0,5918,com.android.settings]
09-22 23:23:29.435 I/auditd ( 5947): type=1400 audit(0.0:287): avc: denied { read } for comm="iorap.inode2fil" name="tlog" dev="dm-5" ino=1810 scontext=u:r:iorap_inode2filename:s0 tcontext=u:object_r:tlog_config_file:s0 tclass=dir permissive=0
09-22 23:23:29.515 I/auditd ( 5947): type=1400 audit(0.0:288): avc: denied { read } for comm="iorap.inode2fil" name="nativetest" dev="dm-10" ino=7 scontext=u:r:iorap_inode2filename:s0 tcontext=u:object_r:nativetest_data_file:s0 tclass=dir permissive=0
09-22 23:23:29.515 I/auditd ( 5947): type=1400 audit(0.0:289): avc: denied { read } for comm="iorap.inode2fil" name="nativetest64" dev="dm-10" ino=8 scontext=u:r:iorap_inode2filename:s0 tcontext=u:object_r:nativetest_data_file:s0 tclass=dir permissive=0
09-22 23:23:29.515 I/auditd ( 5947): type=1400 audit(0.0:290): avc: denied { read } for comm="iorap.inode2fil" name="vendor" dev="dm-10" ino=30 scontext=u:r:iorap_inode2filename:s0 tcontext=u:object_r:vendor_data_file:s0 tclass=dir permissive=0
09-22 23:23:29.515 I/auditd ( 5947): type=1400 audit(0.0:291): avc: denied { read } for comm="iorap.inode2fil" name="vendor_ce" dev="dm-10" ino=31 scontext=u:r:iorap_inode2filename:s0 tcontext=u:object_r:vendor_data_file:s0 tclass=dir permissive=0
09-22 23:23:30.827 I/auditd ( 5998): type=1400 audit(0.0:392): avc: denied { read } for comm="iorap.inode2fil" name="tlog" dev="dm-5" ino=1810 scontext=u:r:iorap_inode2filename:s0 tcontext=u:object_r:tlog_config_file:s0 tclass=dir permissive=0
09-22 23:23:30.883 I/auditd ( 5998): type=1400 audit(0.0:393): avc: denied { read } for comm="iorap.inode2fil" name="nativetest" dev="dm-10" ino=7 scontext=u:r:iorap_inode2filename:s0 tcontext=u:object_r:nativetest_data_file:s0 tclass=dir permissive=0
09-22 23:23:30.883 I/auditd ( 5998): type=1400 audit(0.0:394): avc: denied { read } for comm="iorap.inode2fil" name="nativetest64" dev="dm-10" ino=8 scontext=u:r:iorap_inode2filename:s0 tcontext=u:object_r:nativetest_data_file:s0 tclass=dir permissive=0
09-22 23:23:30.883 I/auditd ( 5998): type=1400 audit(0.0:395): avc: denied { read } for comm="iorap.inode2fil" name="vendor" dev="dm-10" ino=30 scontext=u:r:iorap_inode2filename:s0 tcontext=u:object_r:vendor_data_file:s0 tclass=dir permissive=0
09-22 23:23:30.883 I/auditd ( 5998): type=1400 audit(0.0:396): avc: denied { read } for comm="iorap.inode2fil" name="vendor_ce" dev="dm-10" ino=31 scontext=u:r:iorap_inode2filename:s0 tcontext=u:object_r:vendor_data_file:s0 tclass=dir permissive=0
09-22 23:23:31.275 I/commit_sys_config_file( 1471): [jobs,3]
09-22 23:26:32.743 I/auditd ( 577): type=1400 audit(0.0:497): avc: denied { read } for comm="Binder:577_2" name="wakeup58" dev="sysfs" ino=83493 scontext=u:r:system_suspend:s0 tcontext=u:object_r:sysfs:s0 tclass=dir permissive=0
09-22 23:26:32.743 I/auditd ( 577): type=1400 audit(0.0:498): avc: denied { read } for comm="Binder:577_2" name="wakeup4" dev="sysfs" ino=52895 scontext=u:r:system_suspend:s0 tcontext=u:object_r:sysfs:s0 tclass=dir permissive=0
09-22 23:26:32.743 I/auditd ( 577): type=1400 audit(0.0:499): avc: denied { read } for comm="Binder:577_2" name="wakeup76" dev="sysfs" ino=88441 scontext=u:r:system_suspend:s0 tcontext=u:object_r:sysfs:s0 tclass=dir permissive=0
09-22 23:26:32.743 I/auditd ( 577): type=1400 audit(0.0:500): avc: denied { read } for comm="Binder:577_2" name="wakeup38" dev="sysfs" ino=68553 scontext=u:r:system_suspend:s0 tcontext=u:object_r:sysfs:s0 tclass=dir permissive=0
09-22 23:26:32.743 I/auditd ( 577): type=1400 audit(0.0:501): avc: denied { read } for comm="Binder:577_2" name="wakeup28" dev="sysfs" ino=59251 scontext=u:r:system_suspend:s0 tcontext=u:object_r:sysfs:s0 tclass=dir permissive=0
09-22 23:26:32.770 I/commit_sys_config_file( 1471): [batterystats,6]
09-22 23:26:32.771 I/commit_sys_config_file( 1471): [batterystats,1]
09-22 23:33:29.077 I/am_freeze( 1471): [5884,android.process.media]
09-22 23:33:29.080 I/am_kill ( 1471): [0,5884,android.process.media,905,Unable to freeze binder interface]
09-22 23:33:29.114 I/am_proc_died( 1471): [0,5884,android.process.media,905,19]
09-22 23:33:29.116 I/am_uid_stopped( 1471): 10026
09-22 23:33:29.131 I/am_pss ( 1471): [2544,10066,com.android.deskclock,59073536,49975296,0,173961216,0,2,11]
09-22 23:33:29.140 I/am_pss ( 1471): [5918,1000,com.android.settings,22629376,13549568,0,117526528,0,19,9]
09-22 23:33:29.148 I/am_pss ( 1471): [3397,2000,com.android.shell,7109632,4296704,0,92119040,0,19,6]
09-22 23:33:29.155 I/am_pss ( 1471): [3332,10022,com.android.packageinstaller,8329216,5677056,0,91389952,0,19,7]
09-22 23:33:29.161 I/am_pss ( 1471): [3286,10034,com.android.managedprovisioning,9959424,7192576,0,94797824,0,19,4]
09-22 23:33:29.166 I/am_pss ( 1471): [3191,1000,com.qti.diagservices,7011328,3829760,0,94408704,0,10,4]
09-22 23:33:29.170 I/am_pss ( 1471): [2729,10082,com.qualcomm.qti.workloadclassifier,9336832,6606848,0,93569024,0,0,5]
09-22 23:33:29.175 I/am_pss ( 1471): [2704,10086,com.qualcomm.qti.qccnetstat,7121920,4304896,0,92065792,0,0,4]
09-22 23:33:29.179 I/am_pss ( 1471): [2654,10053,.pasr,6305792,3604480,0,89657344,0,0,4]
09-22 23:33:29.184 I/am_pss ( 1471): [2680,10072,com.qualcomm.qti.services.systemhelper:systemhelper_service,7375872,4485120,0,93978624,0,0,4]
09-22 23:33:29.189 I/am_pss ( 1471): [2634,10056,ts.car.uart,7105536,4407296,0,90800128,0,0,4]
09-22 23:33:29.194 I/am_pss ( 1471): [2204,1000,com.qualcomm.qti.qdma,11032576,6709248,0,106049536,0,0,5]
09-22 23:33:29.200 I/am_pss ( 1471): [3172,10061,com.qualcomm.qti.devicestatisticsservice,6240256,3547136,0,89366528,0,0,5]
09-22 23:33:29.206 I/am_pss ( 1471): [2111,1000,com.thundercomm.remotecontrolservice,19730432,16347136,0,109903872,0,0,6]
09-22 23:33:29.211 I/am_pss ( 1471): [2104,1068,com.android.se,6790144,3997696,0,91983872,0,0,4]
09-22 23:33:29.216 I/am_pss ( 1471): [2029,10050,.qtidataservices,6968320,4214784,0,91803648,0,0,5]
09-22 23:33:29.221 I/am_pss ( 1471): [2060,10084,com.qti.qualcomm.mstatssystemservice,6413312,3719168,0,90116096,0,0,4]
09-22 23:33:29.226 I/am_pss ( 1471): [2038,1000,vendor.qti.qesdk.sysservice,6536192,3764224,0,90808320,0,0,4]
09-22 23:33:29.232 I/am_pss ( 1471): [1973,1000,com.thundercomm.microsettings,35939328,31457280,0,128413696,0,0,6]
09-22 23:33:29.237 I/am_pss ( 1471): [1954,1000,com.thundercomm.microservice,19067904,16265216,0,104169472,0,0,5]
09-22 23:33:29.296 I/am_freeze( 1471): [5918,com.android.settings]
09-22 23:33:29.297 I/am_kill ( 1471): [0,5918,com.android.settings,905,Unable to freeze binder interface]
09-22 23:33:29.328 I/am_proc_died( 1471): [0,5918,com.android.settings,905,19]
09-22 23:43:29.185 I/am_freeze( 1471): [3191,com.qti.diagservices]
09-22 23:43:29.187 I/am_kill ( 1471): [0,3191,com.qti.diagservices,935,Unable to freeze binder interface]
09-22 23:43:29.220 I/am_proc_died( 1471): [0,3191,com.qti.diagservices,935,10]
09-22 23:43:29.222 I/am_schedule_service_restart( 1471): [0,com.qti.diagservices/.QTIDiagServices,1000]
09-22 23:43:29.231 I/am_pss ( 1471): [2544,10066,com.android.deskclock,57824256,48500736,0,172486656,0,2,7]
09-22 23:43:29.239 I/am_pss ( 1471): [2388,10076,com.android.launcher3,54597632,42045440,0,177721344,0,6,8]
09-22 23:43:29.246 I/am_pss ( 1471): [2785,10093,com.android.providers.media.module,22835200,17186816,0,125992960,0,0,6]
09-22 23:43:29.251 I/am_pss ( 1471): [2221,10094,android.ext.services,11713536,6230016,0,106483712,0,5,5]
09-22 23:43:29.256 I/am_pss ( 1471): [2913,10080,com.qualcomm.location.XT,7727104,4636672,0,94277632,0,6,5]
09-22 23:43:29.264 I/am_pss ( 1471): [1846,1002,com.android.bluetooth,30560256,22290432,0,142200832,0,0,7]
09-22 23:43:29.270 I/am_pss ( 1471): [2734,10073,com.qualcomm.location,11683840,7446528,0,104919040,0,0,5]
09-22 23:43:29.276 I/am_pss ( 1471): [2623,10027,com.sohu.inputmethod.sogou.car,31683584,9969664,0,93863936,0,7,5]
09-22 23:43:29.282 I/am_pss ( 1471): [1993,1001,.dataservices,9131008,6017024,0,94846976,0,0,5]
09-22 23:43:29.287 I/am_pss ( 1471): [1946,1073,com.android.networkstack.process,12336128,8355840,0,104992768,0,0,4]
