09-22 22:27:29.652 I/am_pss ( 1471): [1993,1001,.dataservices,8015872,6008832,0,94838784,0,0,6]
09-22 22:27:29.658 I/am_pss ( 1471): [1946,1073,com.android.networkstack.process,10803200,8085504,0,104734720,0,0,5]
09-22 22:27:29.669 I/am_pss ( 1471): [1849,10081,com.android.systemui,87487488,63586304,0,246362112,0,0,10]
09-22 22:27:29.686 I/am_pss ( 1471): [1471,1000,system,202420224,109199360,0,512507904,0,0,16]
09-22 22:27:39.109 I/sysui_multi_action( 1471): [757,1696,758,6,759,2]
09-22 22:27:39.110 I/am_wtf ( 1471): [0,1471,system_server,-1,DisplayDeviceConfig,requesting nits when no mapping exists.]
09-22 22:27:39.114 I/am_wtf ( 1471): [0,1471,system_server,-1,DisplayDeviceConfig,requesting nits when no mapping exists.]
09-22 22:27:46.121 I/sysui_multi_action( 1471): [757,222,758,1]
09-22 22:27:46.122 I/am_pss ( 1471): [3596,10052,com.qualcomm.qti.qms.service.trustzoneaccess,5787648,3788800,0,92016640,0,19,9]
09-22 22:27:46.130 I/am_pss ( 1471): [3370,10030,com.android.providers.calendar,7477248,5230592,0,98283520,0,19,7]
09-22 22:27:46.137 I/am_pss ( 1471): [3532,1000,com.android.localtransport,5642240,3829760,0,90570752,0,19,6]
09-22 22:27:46.144 I/am_pss ( 1471): [2853,10026,android.process.media,10083328,7749632,0,101244928,0,19,5]
09-22 22:27:46.145 I/wm_task_created( 1471): [34,-1]
09-22 22:27:46.149 I/wm_task_moved( 1471): [34,1,6]
09-22 22:27:46.149 I/wm_task_to_front( 1471): [0,34]
09-22 22:27:46.149 I/wm_create_task( 1471): [0,34]
09-22 22:27:46.149 I/wm_create_activity( 1471): [0,38545468,34,com.android.deskclock/android.service.dreams.DreamActivity,NULL,NULL,NULL,276824064]
09-22 22:27:46.149 I/wm_task_moved( 1471): [34,1,6]
09-22 22:27:46.149 I/wm_on_top_resumed_lost_called( 2388): [226227664,com.android.launcher3.uioverrides.QuickstepLauncher,topStateChangedWhenResumed]
09-22 22:27:46.151 I/am_pss ( 1471): [3502,10018,com.android.externalstorage,5729280,3846144,0,91828224,0,19,5]
09-22 22:27:46.151 I/wm_pause_activity( 1471): [0,226227664,com.android.launcher3/.uioverrides.QuickstepLauncher,userLeaving=true,pauseBackTasks]
09-22 22:27:46.155 I/wm_on_paused_called( 2388): [226227664,com.android.launcher3.uioverrides.QuickstepLauncher,performPause]
09-22 22:27:46.156 I/am_pss ( 1471): [2910,10085,com.qualcomm.qtil.aptxui,7386112,5619712,0,91693056,0,19,5]
09-22 22:27:46.158 I/wm_add_to_stopping( 1471): [0,226227664,com.android.launcher3/.uioverrides.QuickstepLauncher,makeInvisible]
09-22 22:27:46.159 I/wm_restart_activity( 1471): [0,38545468,34,com.android.deskclock/android.service.dreams.DreamActivity]
09-22 22:27:46.160 I/wm_set_resumed_activity( 1471): [0,com.android.deskclock/android.service.dreams.DreamActivity,minimalResumeActivityLocked]
09-22 22:27:46.162 I/am_pss ( 1471): [3461,10055,com.qualcomm.qti.qms.service.connectionsecurity,18623488,4227072,0,77647872,0,19,5]
09-22 22:27:46.168 I/am_pss ( 1471): [2350,10088,com.qualcomm.qti.qccauthmgr,6456320,4313088,0,95797248,0,19,5]
09-22 22:27:46.170 I/sysui_multi_action( 1471): [757,803,799,window_time_0,802,60]
09-22 22:27:46.173 I/am_pss ( 1471): [3416,1001,com.android.phone,8032256,5873664,0,93753344,0,19,5]
09-22 22:27:46.179 I/am_pss ( 1471): [3397,2000,com.android.shell,6171648,4296704,0,92119040,0,19,5]
09-22 22:27:46.180 I/input_focus( 1471): [Focus leaving 4ed4abc com.android.launcher3/com.android.launcher3.uioverrides.QuickstepLauncher (server),reason=NO_WINDOW]
09-22 22:27:46.184 I/wm_on_create_called( 2544): [38545468,android.service.dreams.DreamActivity,performCreate]
09-22 22:27:46.184 I/wm_on_start_called( 2544): [38545468,android.service.dreams.DreamActivity,handleStartActivity]
09-22 22:27:46.186 I/wm_on_resume_called( 2544): [38545468,android.service.dreams.DreamActivity,RESUME_ACTIVITY]
09-22 22:27:46.186 I/am_pss ( 1471): [2211,1000,com.android.settings,27022336,16179200,0,137003008,0,19,6]
09-22 22:27:46.192 I/am_pss ( 1471): [3332,10022,com.android.packageinstaller,7432192,5677056,0,91389952,0,19,6]
09-22 22:27:46.198 I/am_pss ( 1471): [3310,10057,com.android.onetimeinitializer,5367808,3526656,0,90984448,0,19,5]
09-22 22:27:46.199 I/wm_on_top_resumed_gained_called( 2544): [38545468,android.service.dreams.DreamActivity,topStateChangedWhenResumed]
09-22 22:27:46.205 I/am_pss ( 1471): [3267,1000,com.android.dynsystem:dynsystem,5935104,3907584,0,91176960,0,19,6]
09-22 22:27:46.212 I/am_pss ( 1471): [3286,10034,com.android.managedprovisioning,9041920,7192576,0,94797824,0,19,6]
09-22 22:27:46.218 I/am_pss ( 1471): [3249,1000,com.android.dynsystem,5611520,3723264,0,90066944,0,19,6]
09-22 22:27:46.224 I/am_pss ( 1471): [3214,10068,com.android.calendar,6369280,4108288,0,92557312,0,19,5]
09-22 22:27:46.230 I/am_pss ( 1471): [2977,10020,android.process.acore,13871104,9846784,0,117682176,0,19,6]
09-22 22:27:46.233 I/input_focus( 1471): [Focus request fc742d4 com.android.deskclock/android.service.dreams.DreamActivity,reason=UpdateInputWindows]
09-22 22:27:46.236 I/notification_enqueue( 1471): [10081,1849,com.android.systemui,2048,NULL,0,Notification(channel=updateNotification shortcut=null contentView=null vibrate=null sound=null defaults=0x0 flags=0x0 color=0x00000000 vis=PRIVATE),1]
09-22 22:27:46.237 I/am_pss ( 1471): [3191,1000,com.qti.diagservices,6072320,3829760,0,94408704,0,10,5]
09-22 22:27:46.239 I/sysui_multi_action( 1849): [757,111,758,2]
09-22 22:27:46.240 I/sysui_multi_action( 1849): [757,111,758,2]
09-22 22:27:46.243 I/am_pss ( 1471): [3093,10031,com.android.traceur,10407936,8482816,0,97464320,0,19,6]
09-22 22:27:46.250 I/am_pss ( 1471): [2776,1000,com.android.keychain,8326144,6475776,0,93687808,0,19,6]
09-22 22:27:46.256 I/am_pss ( 1471): [2729,10082,com.qualcomm.qti.workloadclassifier,8443904,6606848,0,93569024,0,0,5]
09-22 22:27:46.262 I/am_pss ( 1471): [2704,10086,com.qualcomm.qti.qccnetstat,6184960,4304896,0,92065792,0,0,5]
09-22 22:27:46.264 I/sysui_multi_action( 1849): [757,196,758,2,759,0]
09-22 22:27:46.264 I/sysui_status_bar_state( 1849): [0,0,1,0,0,1]
09-22 22:27:46.269 I/am_pss ( 1471): [2654,10053,.pasr,5398528,3604480,0,89657344,0,0,6]
09-22 22:27:46.273 I/sysui_multi_action( 1471): [757,1696,758,6,759,3]
09-22 22:27:46.275 I/sysui_multi_action( 1849): [757,111,758,1]
09-22 22:27:46.275 I/sysui_multi_action( 1849): [757,126,758,1,759,126,927,0,928,0,1593,0]
09-22 22:27:46.275 I/sysui_multi_action( 1849): [757,113,758,1,759,113,927,1,928,0,1593,0]
09-22 22:27:46.276 I/sysui_multi_action( 1849): [757,0,758,1,759,0,927,2,928,0,1593,0]
09-22 22:27:46.276 I/sysui_multi_action( 1849): [757,0,758,1,759,0,927,3,928,0,1593,0]
09-22 22:27:46.276 I/sysui_multi_action( 1849): [757,1706,758,1,759,1706,927,4,928,0,1593,0]
09-22 22:27:46.276 I/sysui_multi_action( 1471): [319,130,322,129,325,73,757,761,758,8,759,2,806,com.android.deskclock,871,android.service.dreams.DreamActivity,904,com.android.deskclock,905,0,1320,4,1321,1]
09-22 22:27:46.276 I/sysui_multi_action( 1849): [757,491,758,1,759,491,927,5,928,0,1311,-1,1593,0]
09-22 22:27:46.276 I/sysui_multi_action( 1849): [757,0,758,1,759,0,927,6,928,0,1593,0]
09-22 22:27:46.276 I/sysui_multi_action( 1849): [757,111,758,1]
09-22 22:27:46.276 I/sysui_multi_action( 1849): [757,126,758,1,759,126,927,0,928,0,1593,0]
09-22 22:27:46.276 I/sysui_multi_action( 1849): [757,113,758,1,759,113,927,1,928,0,1593,0]
09-22 22:27:46.276 I/am_pss ( 1471): [2680,10072,com.qualcomm.qti.services.systemhelper:systemhelper_service,6453248,4485120,0,93978624,0,0,7]
09-22 22:27:46.277 I/sysui_multi_action( 1849): [757,0,758,1,759,0,927,2,928,0,1593,0]
09-22 22:27:46.277 I/sysui_multi_action( 1849): [757,0,758,1,759,0,927,3,928,0,1593,0]
09-22 22:27:46.277 I/wm_activity_launch_time( 1471): [0,38545468,com.android.deskclock/android.service.dreams.DreamActivity,129]
09-22 22:27:46.283 I/am_pss ( 1471): [2634,10056,ts.car.uart,6199296,4407296,0,90800128,0,0,5]
09-22 22:27:46.283 I/am_wtf ( 1471): [0,1471,system_server,-1,DisplayDeviceConfig,requesting nits when no mapping exists.]
09-22 22:27:46.284 I/am_wtf ( 1471): [0,1471,system_server,-1,DisplayDeviceConfig,requesting nits when no mapping exists.]
09-22 22:27:46.288 I/am_pss ( 1471): [2204,1000,com.qualcomm.qti.qdma,10053632,6709248,0,106049536,0,0,5]
09-22 22:27:46.294 I/am_pss ( 1471): [3172,10061,com.qualcomm.qti.devicestatisticsservice,5332992,3547136,0,89366528,0,0,5]
09-22 22:27:46.300 I/am_pss ( 1471): [2111,1000,com.thundercomm.remotecontrolservice,9449472,7045120,0,100601856,0,0,6]
09-22 22:27:46.301 I/am_wtf ( 1471): [0,1471,system_server,-1,DisplayDeviceConfig,requesting nits when no mapping exists.]
09-22 22:27:46.303 I/am_wtf ( 1471): [0,1471,system_server,-1,DisplayDeviceConfig,requesting nits when no mapping exists.]
09-22 22:27:46.305 I/am_pss ( 1471): [2104,1068,com.android.se,5863424,3997696,0,91983872,0,0,4]
09-22 22:27:46.310 I/am_pss ( 1471): [2029,10050,.qtidataservices,6050816,4214784,0,91803648,0,0,5]
09-22 22:27:46.313 I/am_wtf ( 1471): [0,1471,system_server,-1,DisplayDeviceConfig,requesting nits when no mapping exists.]
09-22 22:27:46.313 I/input_focus( 1471): [Focus entering fc742d4 com.android.deskclock/android.service.dreams.DreamActivity (server),reason=Window became focusable. Previous reason: NOT_VISIBLE]
09-22 22:27:46.316 I/am_pss ( 1471): [2060,10084,com.qti.qualcomm.mstatssystemservice,5508096,3719168,0,90116096,0,0,5]
09-22 22:27:46.319 I/am_wtf ( 1471): [0,1471,system_server,-1,DisplayDeviceConfig,requesting nits when no mapping exists.]
09-22 22:27:46.322 I/am_pss ( 1471): [2038,1000,vendor.qti.qesdk.sysservice,5623808,3764224,0,90808320,0,0,5]
09-22 22:27:46.329 I/am_pss ( 1471): [1973,1000,com.thundercomm.microsettings,34938880,31457280,0,128413696,0,0,6]
09-22 22:27:46.330 I/am_wtf ( 1471): [0,1471,system_server,-1,DisplayDeviceConfig,requesting nits when no mapping exists.]
09-22 22:27:46.331 I/am_wtf ( 1471): [0,1471,system_server,-1,DisplayDeviceConfig,requesting nits when no mapping exists.]
09-22 22:27:46.335 I/am_pss ( 1471): [1954,1000,com.thundercomm.microservice,8843264,6963200,0,94867456,0,0,5]
09-22 22:27:46.352 I/am_wtf ( 1471): [0,1471,system_server,-1,DisplayDeviceConfig,requesting nits when no mapping exists.]
09-22 22:27:46.354 I/am_wtf ( 1471): [0,1471,system_server,-1,DisplayDeviceConfig,requesting nits when no mapping exists.]
09-22 22:27:46.366 I/am_wtf ( 1471): [0,1471,system_server,-1,DisplayDeviceConfig,requesting nits when no mapping exists.]
09-22 22:27:46.367 I/am_wtf ( 1471): [0,1471,system_server,-1,DisplayDeviceConfig,requesting nits when no mapping exists.]
09-22 22:27:46.383 I/am_wtf ( 1471): [0,1471,system_server,-1,DisplayDeviceConfig,requesting nits when no mapping exists.]
09-22 22:27:46.385 I/am_wtf ( 1471): [0,1471,system_server,-1,DisplayDeviceConfig,requesting nits when no mapping exists.]
09-22 22:27:46.399 I/am_wtf ( 1471): [0,1471,system_server,-1,DisplayDeviceConfig,requesting nits when no mapping exists.]
09-22 22:27:46.400 I/am_wtf ( 1471): [0,1471,system_server,-1,DisplayDeviceConfig,requesting nits when no mapping exists.]
09-22 22:27:46.414 I/am_wtf ( 1471): [0,1471,system_server,-1,DisplayDeviceConfig,requesting nits when no mapping exists.]
09-22 22:27:46.415 I/am_wtf ( 1471): [0,1471,system_server,-1,DisplayDeviceConfig,requesting nits when no mapping exists.]
09-22 22:27:46.432 I/am_wtf ( 1471): [0,1471,system_server,-1,DisplayDeviceConfig,requesting nits when no mapping exists.]
09-22 22:27:46.433 I/am_wtf ( 1471): [0,1471,system_server,-1,DisplayDeviceConfig,requesting nits when no mapping exists.]
09-22 22:27:46.440 I/sysui_multi_action( 1471): [757,1501,758,1,793,53640,794,0,795,204,796,2048,806,com.android.systemui,857,updateNotification,858,3,947,0,1500,0,1688,1]
09-22 22:27:46.440 I/sysui_multi_action( 1471): [757,804,799,note_interruptive,801,0,802,1]
09-22 22:27:46.440 I/sysui_multi_action( 1471): [757,199,758,1,759,2,793,53641,794,0,795,205,796,2048,806,com.android.systemui,857,updateNotification,858,3,947,0,1500,1,1688,1]
09-22 22:27:46.440 I/notification_alert( 1471): [0|com.android.systemui|2048|null|10081,0,1,0]
09-22 22:27:46.446 I/am_wtf ( 1471): [0,1471,system_server,-1,DisplayDeviceConfig,requesting nits when no mapping exists.]
09-22 22:27:46.447 I/am_wtf ( 1471): [0,1471,system_server,-1,DisplayDeviceConfig,requesting nits when no mapping exists.]
09-22 22:27:46.464 I/am_wtf ( 1471): [0,1471,system_server,-1,DisplayDeviceConfig,requesting nits when no mapping exists.]
09-22 22:27:46.469 I/am_wtf ( 1471): [0,1471,system_server,-1,DisplayDeviceConfig,requesting nits when no mapping exists.]
09-22 22:27:46.482 I/am_wtf ( 1471): [0,1471,system_server,-1,DisplayDeviceConfig,requesting nits when no mapping exists.]
09-22 22:27:46.483 I/am_wtf ( 1471): [0,1471,system_server,-1,DisplayDeviceConfig,requesting nits when no mapping exists.]
09-22 22:27:46.497 I/am_wtf ( 1471): [0,1471,system_server,-1,DisplayDeviceConfig,requesting nits when no mapping exists.]
09-22 22:27:46.498 I/am_wtf ( 1471): [0,1471,system_server,-1,DisplayDeviceConfig,requesting nits when no mapping exists.]
09-22 22:27:46.514 I/am_wtf ( 1471): [0,1471,system_server,-1,DisplayDeviceConfig,requesting nits when no mapping exists.]
09-22 22:27:46.515 I/am_wtf ( 1471): [0,1471,system_server,-1,DisplayDeviceConfig,requesting nits when no mapping exists.]
09-22 22:27:46.533 I/am_wtf ( 1471): [0,1471,system_server,-1,DisplayDeviceConfig,requesting nits when no mapping exists.]
09-22 22:27:46.534 I/am_wtf ( 1471): [0,1471,system_server,-1,DisplayDeviceConfig,requesting nits when no mapping exists.]
09-22 22:27:46.548 I/am_wtf ( 1471): [0,1471,system_server,-1,DisplayDeviceConfig,requesting nits when no mapping exists.]
09-22 22:27:46.548 I/am_wtf ( 1471): [0,1471,system_server,-1,DisplayDeviceConfig,requesting nits when no mapping exists.]
09-22 22:27:46.549 I/service_manager_stats( 1471): [100,59,59063]
09-22 22:27:46.567 I/am_wtf ( 1471): [0,1471,system_server,-1,DisplayDeviceConfig,requesting nits when no mapping exists.]
09-22 22:27:46.568 I/am_wtf ( 1471): [0,1471,system_server,-1,DisplayDeviceConfig,requesting nits when no mapping exists.]
09-22 22:27:46.570 I/wm_stop_activity( 1471): [0,226227664,com.android.launcher3/.uioverrides.QuickstepLauncher]
09-22 22:27:46.589 I/am_wtf ( 1471): [0,1471,system_server,-1,DisplayDeviceConfig,requesting nits when no mapping exists.]
09-22 22:27:46.590 I/am_wtf ( 1471): [0,1471,system_server,-1,DisplayDeviceConfig,requesting nits when no mapping exists.]
09-22 22:27:46.593 I/wm_on_stop_called( 2388): [226227664,com.android.launcher3.uioverrides.QuickstepLauncher,STOP_ACTIVITY_ITEM]
09-22 22:27:46.599 I/am_wtf ( 1471): [0,1471,system_server,-1,DisplayDeviceConfig,requesting nits when no mapping exists.]
09-22 22:27:46.600 I/am_wtf ( 1471): [0,1471,system_server,-1,DisplayDeviceConfig,requesting nits when no mapping exists.]
09-22 22:27:46.617 I/am_wtf ( 1471): [0,1471,system_server,-1,DisplayDeviceConfig,requesting nits when no mapping exists.]
09-22 22:27:46.620 I/am_wtf ( 1471): [0,1471,system_server,-1,DisplayDeviceConfig,requesting nits when no mapping exists.]
09-22 22:27:46.635 I/am_wtf ( 1471): [0,1471,system_server,-1,DisplayDeviceConfig,requesting nits when no mapping exists.]
09-22 22:27:46.636 I/am_wtf ( 1471): [0,1471,system_server,-1,DisplayDeviceConfig,requesting nits when no mapping exists.]
09-22 22:27:46.650 I/am_wtf ( 1471): [0,1471,system_server,-1,DisplayDeviceConfig,requesting nits when no mapping exists.]
09-22 22:27:46.650 I/am_wtf ( 1471): [0,1471,system_server,-1,DisplayDeviceConfig,requesting nits when no mapping exists.]
09-22 22:27:46.668 I/am_wtf ( 1471): [0,1471,system_server,-1,DisplayDeviceConfig,requesting nits when no mapping exists.]
09-22 22:27:46.669 I/am_wtf ( 1471): [0,1471,system_server,-1,DisplayDeviceConfig,requesting nits when no mapping exists.]
09-22 22:27:46.685 I/am_wtf ( 1471): [0,1471,system_server,-1,DisplayDeviceConfig,requesting nits when no mapping exists.]
09-22 22:27:46.687 I/am_wtf ( 1471): [0,1471,system_server,-1,DisplayDeviceConfig,requesting nits when no mapping exists.]
09-22 22:27:46.701 I/am_wtf ( 1471): [0,1471,system_server,-1,DisplayDeviceConfig,requesting nits when no mapping exists.]
09-22 22:27:46.702 I/am_wtf ( 1471): [0,1471,system_server,-1,DisplayDeviceConfig,requesting nits when no mapping exists.]
09-22 22:27:46.714 I/am_wtf ( 1471): [0,1471,system_server,-1,DisplayDeviceConfig,requesting nits when no mapping exists.]
09-22 22:27:46.714 I/am_wtf ( 1471): [0,1471,system_server,-1,DisplayDeviceConfig,requesting nits when no mapping exists.]
09-22 22:27:46.733 I/am_wtf ( 1471): [0,1471,system_server,-1,DisplayDeviceConfig,requesting nits when no mapping exists.]
09-22 22:27:46.734 I/am_wtf ( 1471): [0,1471,system_server,-1,DisplayDeviceConfig,requesting nits when no mapping exists.]
09-22 22:27:46.750 I/am_wtf ( 1471): [0,1471,system_server,-1,DisplayDeviceConfig,requesting nits when no mapping exists.]
09-22 22:27:46.751 I/am_wtf ( 1471): [0,1471,system_server,-1,DisplayDeviceConfig,requesting nits when no mapping exists.]
09-22 22:27:46.766 I/am_wtf ( 1471): [0,1471,system_server,-1,DisplayDeviceConfig,requesting nits when no mapping exists.]
09-22 22:27:46.767 I/am_wtf ( 1471): [0,1471,system_server,-1,DisplayDeviceConfig,requesting nits when no mapping exists.]
09-22 22:27:46.787 I/am_wtf ( 1471): [0,1471,system_server,-1,DisplayDeviceConfig,requesting nits when no mapping exists.]
09-22 22:27:46.789 I/am_wtf ( 1471): [0,1471,system_server,-1,DisplayDeviceConfig,requesting nits when no mapping exists.]
09-22 22:27:46.798 I/am_wtf ( 1471): [0,1471,system_server,-1,DisplayDeviceConfig,requesting nits when no mapping exists.]
09-22 22:27:46.801 I/am_wtf ( 1471): [0,1471,system_server,-1,DisplayDeviceConfig,requesting nits when no mapping exists.]
09-22 22:27:46.817 I/am_wtf ( 1471): [0,1471,system_server,-1,DisplayDeviceConfig,requesting nits when no mapping exists.]
09-22 22:27:46.818 I/am_wtf ( 1471): [0,1471,system_server,-1,DisplayDeviceConfig,requesting nits when no mapping exists.]
09-22 22:27:46.832 I/am_wtf ( 1471): [0,1471,system_server,-1,DisplayDeviceConfig,requesting nits when no mapping exists.]
09-22 22:27:46.833 I/am_wtf ( 1471): [0,1471,system_server,-1,DisplayDeviceConfig,requesting nits when no mapping exists.]
09-22 22:27:46.848 I/am_wtf ( 1471): [0,1471,system_server,-1,DisplayDeviceConfig,requesting nits when no mapping exists.]
09-22 22:27:46.852 I/am_wtf ( 1471): [0,1471,system_server,-1,DisplayDeviceConfig,requesting nits when no mapping exists.]
09-22 22:27:46.869 I/am_wtf ( 1471): [0,1471,system_server,-1,DisplayDeviceConfig,requesting nits when no mapping exists.]
09-22 22:27:46.870 I/am_wtf ( 1471): [0,1471,system_server,-1,DisplayDeviceConfig,requesting nits when no mapping exists.]
09-22 22:27:46.882 I/am_wtf ( 1471): [0,1471,system_server,-1,DisplayDeviceConfig,requesting nits when no mapping exists.]
09-22 22:27:46.883 I/am_wtf ( 1471): [0,1471,system_server,-1,DisplayDeviceConfig,requesting nits when no mapping exists.]
09-22 22:27:46.899 I/am_wtf ( 1471): [0,1471,system_server,-1,DisplayDeviceConfig,requesting nits when no mapping exists.]
09-22 22:27:46.900 I/am_wtf ( 1471): [0,1471,system_server,-1,DisplayDeviceConfig,requesting nits when no mapping exists.]
09-22 22:27:46.920 I/am_wtf ( 1471): [0,1471,system_server,-1,DisplayDeviceConfig,requesting nits when no mapping exists.]
09-22 22:27:46.921 I/am_wtf ( 1471): [0,1471,system_server,-1,DisplayDeviceConfig,requesting nits when no mapping exists.]
09-22 22:27:46.934 I/am_wtf ( 1471): [0,1471,system_server,-1,DisplayDeviceConfig,requesting nits when no mapping exists.]
09-22 22:27:46.936 I/am_wtf ( 1471): [0,1471,system_server,-1,DisplayDeviceConfig,requesting nits when no mapping exists.]
09-22 22:27:46.953 I/am_wtf ( 1471): [0,1471,system_server,-1,DisplayDeviceConfig,requesting nits when no mapping exists.]
09-22 22:27:46.953 I/am_wtf ( 1471): [0,1471,system_server,-1,DisplayDeviceConfig,requesting nits when no mapping exists.]
09-22 22:27:46.966 I/am_wtf ( 1471): [0,1471,system_server,-1,DisplayDeviceConfig,requesting nits when no mapping exists.]
09-22 22:27:46.967 I/am_wtf ( 1471): [0,1471,system_server,-1,DisplayDeviceConfig,requesting nits when no mapping exists.]
09-22 22:27:46.986 I/am_wtf ( 1471): [0,1471,system_server,-1,DisplayDeviceConfig,requesting nits when no mapping exists.]
09-22 22:27:46.988 I/am_wtf ( 1471): [0,1471,system_server,-1,DisplayDeviceConfig,requesting nits when no mapping exists.]
09-22 22:27:46.999 I/am_wtf ( 1471): [0,1471,system_server,-1,DisplayDeviceConfig,requesting nits when no mapping exists.]
09-22 22:27:47.000 I/am_wtf ( 1471): [0,1471,system_server,-1,DisplayDeviceConfig,requesting nits when no mapping exists.]
09-22 22:27:47.016 I/am_wtf ( 1471): [0,1471,system_server,-1,DisplayDeviceConfig,requesting nits when no mapping exists.]
09-22 22:27:47.017 I/am_wtf ( 1471): [0,1471,system_server,-1,DisplayDeviceConfig,requesting nits when no mapping exists.]
09-22 22:27:47.034 I/am_wtf ( 1471): [0,1471,system_server,-1,DisplayDeviceConfig,requesting nits when no mapping exists.]
09-22 22:27:47.035 I/am_wtf ( 1471): [0,1471,system_server,-1,DisplayDeviceConfig,requesting nits when no mapping exists.]
09-22 22:27:47.050 I/am_wtf ( 1471): [0,1471,system_server,-1,DisplayDeviceConfig,requesting nits when no mapping exists.]
09-22 22:27:47.051 I/am_wtf ( 1471): [0,1471,system_server,-1,DisplayDeviceConfig,requesting nits when no mapping exists.]
09-22 22:27:47.066 I/am_wtf ( 1471): [0,1471,system_server,-1,DisplayDeviceConfig,requesting nits when no mapping exists.]
09-22 22:27:47.067 I/am_wtf ( 1471): [0,1471,system_server,-1,DisplayDeviceConfig,requesting nits when no mapping exists.]
09-22 22:27:47.082 I/am_wtf ( 1471): [0,1471,system_server,-1,DisplayDeviceConfig,requesting nits when no mapping exists.]
09-22 22:27:47.083 I/am_wtf ( 1471): [0,1471,system_server,-1,DisplayDeviceConfig,requesting nits when no mapping exists.]
09-22 22:27:47.103 I/am_wtf ( 1471): [0,1471,system_server,-1,DisplayDeviceConfig,requesting nits when no mapping exists.]
09-22 22:27:47.104 I/am_wtf ( 1471): [0,1471,system_server,-1,DisplayDeviceConfig,requesting nits when no mapping exists.]
09-22 22:27:47.121 I/am_wtf ( 1471): [0,1471,system_server,-1,DisplayDeviceConfig,requesting nits when no mapping exists.]
09-22 22:27:47.122 I/am_wtf ( 1471): [0,1471,system_server,-1,DisplayDeviceConfig,requesting nits when no mapping exists.]
09-22 22:27:47.133 I/am_wtf ( 1471): [0,1471,system_server,-1,DisplayDeviceConfig,requesting nits when no mapping exists.]
09-22 22:27:47.134 I/am_wtf ( 1471): [0,1471,system_server,-1,DisplayDeviceConfig,requesting nits when no mapping exists.]
09-22 22:27:47.153 I/am_wtf ( 1471): [0,1471,system_server,-1,DisplayDeviceConfig,requesting nits when no mapping exists.]
09-22 22:27:47.154 I/am_wtf ( 1471): [0,1471,system_server,-1,DisplayDeviceConfig,requesting nits when no mapping exists.]
09-22 22:27:47.167 I/am_wtf ( 1471): [0,1471,system_server,-1,DisplayDeviceConfig,requesting nits when no mapping exists.]
09-22 22:27:47.169 I/am_wtf ( 1471): [0,1471,system_server,-1,DisplayDeviceConfig,requesting nits when no mapping exists.]
09-22 22:27:47.182 I/am_wtf ( 1471): [0,1471,system_server,-1,DisplayDeviceConfig,requesting nits when no mapping exists.]
09-22 22:27:47.183 I/am_wtf ( 1471): [0,1471,system_server,-1,DisplayDeviceConfig,requesting nits when no mapping exists.]
09-22 22:27:47.200 I/am_wtf ( 1471): [0,1471,system_server,-1,DisplayDeviceConfig,requesting nits when no mapping exists.]
09-22 22:27:47.201 I/am_wtf ( 1471): [0,1471,system_server,-1,DisplayDeviceConfig,requesting nits when no mapping exists.]
09-22 22:27:47.216 I/am_wtf ( 1471): [0,1471,system_server,-1,DisplayDeviceConfig,requesting nits when no mapping exists.]
09-22 22:27:47.218 I/am_wtf ( 1471): [0,1471,system_server,-1,DisplayDeviceConfig,requesting nits when no mapping exists.]
09-22 22:27:47.238 I/am_wtf ( 1471): [0,1471,system_server,-1,DisplayDeviceConfig,requesting nits when no mapping exists.]
09-22 22:27:47.239 I/am_wtf ( 1471): [0,1471,system_server,-1,DisplayDeviceConfig,requesting nits when no mapping exists.]
09-22 22:27:51.849 I/input_interaction( 1471): Interaction with: fc742d4 com.android.deskclock/android.service.dreams.DreamActivity (server), edge-swipe (server), swipe-up (server), PointerEventDispatcher0 (server),
09-22 22:27:51.855 I/wm_finish_activity( 1471): [0,38545468,34,com.android.deskclock/android.service.dreams.DreamActivity,finish-activity]
09-22 22:27:51.856 I/wm_task_moved( 1471): [1,1,5]
09-22 22:27:51.857 I/wm_task_moved( 1471): [33,1,2147483647]
09-22 22:27:51.857 I/wm_task_to_front( 1471): [0,33]
09-22 22:27:51.857 I/wm_focused_root_task( 1471): [0,0,1,34,finish-top adjustFocusToNextFocusableTask]
09-22 22:27:51.857 I/wm_set_resumed_activity( 1471): [0,com.android.launcher3/.uioverrides.QuickstepLauncher,finish-top adjustFocusToNextFocusableTask]
09-22 22:27:51.858 I/wm_pause_activity( 1471): [0,38545468,com.android.deskclock/android.service.dreams.DreamActivity,userLeaving=false,finish]
09-22 22:27:51.864 I/sysui_multi_action( 1471): [757,803,799,window_time_0,802,6]
09-22 22:27:51.864 I/wm_on_top_resumed_lost_called( 2544): [38545468,android.service.dreams.DreamActivity,topStateChangedWhenResumed]
09-22 22:27:51.865 I/wm_on_paused_called( 2544): [38545468,android.service.dreams.DreamActivity,performPause]
09-22 22:27:51.865 I/wm_add_to_stopping( 1471): [0,38545468,com.android.deskclock/android.service.dreams.DreamActivity,completeFinishing]
09-22 22:27:51.867 I/wm_set_resumed_activity( 1471): [0,com.android.launcher3/.uioverrides.QuickstepLauncher,resumeTopActivityInnerLocked]
09-22 22:27:51.868 I/wm_resume_activity( 1471): [0,226227664,33,com.android.launcher3/.uioverrides.QuickstepLauncher]
09-22 22:27:51.879 I/sysui_multi_action( 1471): [757,803,799,window_time_0,802,0]
09-22 22:27:51.884 I/wm_on_restart_called( 2388): [226227664,com.android.launcher3.uioverrides.QuickstepLauncher,performRestartActivity]
09-22 22:27:51.885 I/wm_on_start_called( 2388): [226227664,com.android.launcher3.uioverrides.QuickstepLauncher,handleStartActivity]
09-22 22:27:51.885 I/wm_on_resume_called( 2388): [226227664,com.android.launcher3.uioverrides.QuickstepLauncher,RESUME_ACTIVITY]
09-22 22:27:51.885 I/wm_on_top_resumed_gained_called( 2388): [226227664,com.android.launcher3.uioverrides.QuickstepLauncher,topWhenResuming]
09-22 22:27:51.888 I/input_focus( 1471): [Focus leaving fc742d4 com.android.deskclock/android.service.dreams.DreamActivity (server),reason=NO_WINDOW]
09-22 22:27:51.888 I/view_enqueue_input_event( 2544): [Motion - Cancel,com.android.deskclock/android.service.dreams.DreamActivity]
09-22 22:27:51.895 I/input_focus( 1471): [Focus request 4ed4abc com.android.launcher3/com.android.launcher3.uioverrides.QuickstepLauncher,reason=UpdateInputWindows]
09-22 22:27:51.900 I/input_interaction( 1471): Interaction with: edge-swipe (server), swipe-up (server), PointerEventDispatcher0 (server),
09-22 22:27:51.931 I/input_focus( 1471): [Focus entering 4ed4abc com.android.launcher3/com.android.launcher3.uioverrides.QuickstepLauncher (server),reason=Window became focusable. Previous reason: NOT_VISIBLE]
09-22 22:27:52.167 I/wm_destroy_activity( 1471): [0,38545468,34,com.android.deskclock/android.service.dreams.DreamActivity,finish-imm:idle]
09-22 22:27:52.186 I/wm_on_stop_called( 2544): [38545468,android.service.dreams.DreamActivity,LIFECYCLER_STOP_ACTIVITY]
09-22 22:27:52.187 I/wm_on_destroy_called( 2544): [38545468,android.service.dreams.DreamActivity,performDestroy]
09-22 22:27:52.194 I/sysui_multi_action( 1471): [757,222,758,2]
09-22 22:27:52.194 I/sysui_multi_action( 1471): [757,804,799,dreaming_minutes,801,0,802,1]
09-22 22:27:52.206 I/wm_task_removed( 1471): [34,removeChild:removeChild last r=ActivityRecord{24c283c u0 com.android.deskclock/android.service.dreams.DreamActivity t-1 f}} in t=Task{351b170 #34 type=dream A=10066:android:com.android.deskclock/dream U=0 visible=false mode=fullscreen translucent=true sz=0}]
09-22 22:27:52.206 I/wm_task_removed( 1471): [34,removeChild]
09-22 22:27:52.999 I/am_uid_idle( 1471): 10020
09-22 22:27:56.030 I/input_interaction( 1471): Interaction with: 4ed4abc com.android.launcher3/com.android.launcher3.uioverrides.QuickstepLauncher (server), d380f0a com.android.systemui.ImageWallpaper (server), edge-swipe (server), swipe-up (server), PointerEventDispatcher0 (server),
09-22 22:27:59.194 I/sysui_multi_action( 1471): [757,127,758,1]
09-22 22:27:59.194 I/sysui_multi_action( 1471): [757,804,799,note_load,801,2,802,1]
09-22 22:27:59.194 I/notification_panel_revealed( 1471): 2
09-22 22:27:59.218 I/input_focus( 1471): [Focus request b23aca NotificationShade,reason=UpdateInputWindows]
09-22 22:27:59.246 I/input_focus( 1471): [Focus leaving 4ed4abc com.android.launcher3/com.android.launcher3.uioverrides.QuickstepLauncher (server),reason=setFocusedWindow]
09-22 22:27:59.246 I/input_focus( 1471): [Focus entering b23aca NotificationShade (server),reason=setFocusedWindow]
09-22 22:27:59.246 I/input_interaction( 1471): Interaction with: 4ed4abc com.android.launcher3/com.android.launcher3.uioverrides.QuickstepLauncher (server), d380f0a com.android.systemui.ImageWallpaper (server), b23aca NotificationShade (server), edge-swipe (server), swipe-up (server), PointerEventDispatcher0 (server),
09-22 22:27:59.246 I/view_enqueue_input_event( 2388): [Motion - Cancel,com.android.launcher3/com.android.launcher3.uioverrides.QuickstepLauncher]
09-22 22:27:59.254 I/sysui_multi_action( 1849): [757,803,799,panel_open,802,1]
09-22 22:27:59.255 I/sysui_multi_action( 1849): [757,1328,758,4,1326,26,1327,22,1329,0]
09-22 22:27:59.259 I/input_interaction( 1471): Interaction with: d380f0a com.android.systemui.ImageWallpaper (server), b23aca NotificationShade (server), edge-swipe (server), swipe-up (server), PointerEventDispatcher0 (server),
09-22 22:27:59.262 I/sysui_multi_action( 1849): [757,111,758,2]
09-22 22:27:59.263 I/sysui_multi_action( 1849): [757,111,758,2]
09-22 22:27:59.263 I/notification_enqueue( 1471): [10081,1849,com.android.systemui,2048,NULL,0,Notification(channel=updateNotification shortcut=null contentView=null vibrate=null sound=null defaults=0x0 flags=0x0 color=0x00000000 vis=PRIVATE),1]
09-22 22:27:59.272 I/sysui_multi_action( 1849): [757,111,758,1]
09-22 22:27:59.272 I/sysui_multi_action( 1849): [757,126,758,1,759,126,927,0,928,0,1593,0]
09-22 22:27:59.272 I/sysui_multi_action( 1849): [757,113,758,1,759,113,927,1,928,1,1593,0]
09-22 22:27:59.272 I/sysui_multi_action( 1849): [757,0,758,1,759,0,927,2,928,0,1593,0]
09-22 22:27:59.272 I/sysui_multi_action( 1849): [757,0,758,1,759,0,927,3,928,0,1593,0]
09-22 22:27:59.272 I/sysui_multi_action( 1849): [757,1706,758,1,759,1706,927,4,928,0,1593,0]
09-22 22:27:59.273 I/sysui_multi_action( 1849): [757,491,758,1,759,491,927,5,928,0,1311,-1,1593,0]
09-22 22:27:59.273 I/sysui_multi_action( 1849): [757,0,758,1,759,0,927,6,928,0,1593,0]
09-22 22:27:59.273 I/sysui_multi_action( 1849): [757,111,758,1]
09-22 22:27:59.273 I/sysui_multi_action( 1849): [757,126,758,1,759,126,927,0,928,0,1593,0]
09-22 22:27:59.273 I/sysui_multi_action( 1849): [757,113,758,1,759,113,927,1,928,1,1593,0]
09-22 22:27:59.273 I/sysui_multi_action( 1849): [757,0,758,1,759,0,927,2,928,0,1593,0]
09-22 22:27:59.273 I/sysui_multi_action( 1849): [757,0,758,1,759,0,927,3,928,0,1593,0]
09-22 22:27:59.296 I/sysui_multi_action( 1849): [757,111,758,2]
09-22 22:27:59.296 I/notification_enqueue( 1471): [10081,1849,com.android.systemui,2048,NULL,0,Notification(channel=updateNotification shortcut=null contentView=null vibrate=null sound=null defaults=0x0 flags=0x0 color=0x00000000 vis=PRIVATE),1]
09-22 22:27:59.296 I/sysui_multi_action( 1849): [757,111,758,2]
09-22 22:27:59.304 I/sysui_multi_action( 1849): [757,111,758,1]
09-22 22:27:59.304 I/sysui_multi_action( 1849): [757,126,758,1,759,126,927,0,928,0,1593,0]
09-22 22:27:59.304 I/sysui_multi_action( 1849): [757,113,758,1,759,113,927,1,928,1,1593,0]
09-22 22:27:59.304 I/sysui_multi_action( 1849): [757,0,758,1,759,0,927,2,928,0,1593,0]
09-22 22:27:59.304 I/sysui_multi_action( 1849): [757,0,758,1,759,0,927,3,928,0,1593,0]
09-22 22:27:59.304 I/sysui_multi_action( 1849): [757,1706,758,1,759,1706,927,4,928,0,1593,0]
09-22 22:27:59.305 I/sysui_multi_action( 1849): [757,491,758,1,759,491,927,5,928,0,1311,-1,1593,0]
09-22 22:27:59.305 I/sysui_multi_action( 1849): [757,0,758,1,759,0,927,6,928,0,1593,0]
09-22 22:27:59.305 I/sysui_multi_action( 1849): [757,111,758,1]
09-22 22:27:59.305 I/sysui_multi_action( 1849): [757,126,758,1,759,126,927,0,928,0,1593,0]
09-22 22:27:59.305 I/sysui_multi_action( 1849): [757,113,758,1,759,113,927,1,928,1,1593,0]
09-22 22:27:59.305 I/sysui_multi_action( 1849): [757,0,758,1,759,0,927,2,928,0,1593,0]
09-22 22:27:59.305 I/sysui_multi_action( 1849): [757,0,758,1,759,0,927,3,928,0,1593,0]
09-22 22:27:59.322 I/sysui_multi_action( 1849): [757,111,758,2]
09-22 22:27:59.322 I/notification_enqueue( 1471): [10081,1849,com.android.systemui,2048,NULL,0,Notification(channel=updateNotification shortcut=null contentView=null vibrate=null sound=null defaults=0x0 flags=0x0 color=0x00000000 vis=PRIVATE),1]
09-22 22:27:59.322 I/sysui_multi_action( 1849): [757,111,758,2]
09-22 22:27:59.329 I/sysui_multi_action( 1849): [757,111,758,1]
09-22 22:27:59.329 I/sysui_multi_action( 1849): [757,126,758,1,759,126,927,0,928,0,1593,0]
09-22 22:27:59.329 I/sysui_multi_action( 1849): [757,113,758,1,759,113,927,1,928,1,1593,0]
09-22 22:27:59.329 I/sysui_multi_action( 1849): [757,0,758,1,759,0,927,2,928,0,1593,0]
09-22 22:27:59.329 I/sysui_multi_action( 1849): [757,0,758,1,759,0,927,3,928,0,1593,0]
09-22 22:27:59.329 I/sysui_multi_action( 1849): [757,1706,758,1,759,1706,927,4,928,0,1593,0]
09-22 22:27:59.330 I/sysui_multi_action( 1849): [757,491,758,1,759,491,927,5,928,0,1311,-1,1593,0]
09-22 22:27:59.330 I/sysui_multi_action( 1849): [757,0,758,1,759,0,927,6,928,0,1593,0]
09-22 22:27:59.330 I/sysui_multi_action( 1849): [757,111,758,1]
09-22 22:27:59.330 I/sysui_multi_action( 1849): [757,126,758,1,759,126,927,0,928,0,1593,0]
09-22 22:27:59.330 I/sysui_multi_action( 1849): [757,113,758,1,759,113,927,1,928,1,1593,0]
09-22 22:27:59.330 I/sysui_multi_action( 1849): [757,0,758,1,759,0,927,2,928,0,1593,0]
09-22 22:27:59.330 I/sysui_multi_action( 1849): [757,0,758,1,759,0,927,3,928,0,1593,0]
09-22 22:27:59.345 I/notification_enqueue( 1471): [10081,1849,com.android.systemui,2048,NULL,0,Notification(channel=updateNotification shortcut=null contentView=null vibrate=null sound=null defaults=0x0 flags=0x0 color=0x00000000 vis=PRIVATE),1]
09-22 22:27:59.346 I/sysui_multi_action( 1849): [757,111,758,2]
09-22 22:27:59.346 I/sysui_multi_action( 1849): [757,111,758,2]
09-22 22:27:59.355 I/sysui_multi_action( 1849): [757,111,758,1]
09-22 22:27:59.355 I/sysui_multi_action( 1849): [757,126,758,1,759,126,927,0,928,0,1593,0]
09-22 22:27:59.355 I/sysui_multi_action( 1849): [757,113,758,1,759,113,927,1,928,1,1593,0]
09-22 22:27:59.355 I/sysui_multi_action( 1849): [757,0,758,1,759,0,927,2,928,0,1593,0]
09-22 22:27:59.355 I/sysui_multi_action( 1849): [757,0,758,1,759,0,927,3,928,0,1593,0]
09-22 22:27:59.355 I/sysui_multi_action( 1849): [757,1706,758,1,759,1706,927,4,928,0,1593,0]
09-22 22:27:59.356 I/sysui_multi_action( 1849): [757,491,758,1,759,491,927,5,928,0,1311,-1,1593,0]
09-22 22:27:59.356 I/sysui_multi_action( 1849): [757,0,758,1,759,0,927,6,928,0,1593,0]
09-22 22:27:59.356 I/sysui_multi_action( 1849): [757,111,758,1]
09-22 22:27:59.356 I/sysui_multi_action( 1849): [757,126,758,1,759,126,927,0,928,0,1593,0]
09-22 22:27:59.356 I/sysui_multi_action( 1849): [757,113,758,1,759,113,927,1,928,1,1593,0]
09-22 22:27:59.356 I/sysui_multi_action( 1849): [757,0,758,1,759,0,927,2,928,0,1593,0]
09-22 22:27:59.356 I/sysui_multi_action( 1849): [757,0,758,1,759,0,927,3,928,0,1593,0]
09-22 22:27:59.371 I/sysui_multi_action( 1849): [757,111,758,2]
09-22 22:27:59.371 I/notification_enqueue( 1471): [10081,1849,com.android.systemui,2048,NULL,0,Notification(channel=updateNotification shortcut=null contentView=null vibrate=null sound=null defaults=0x0 flags=0x0 color=0x00000000 vis=PRIVATE),1]
09-22 22:27:59.371 I/sysui_multi_action( 1849): [757,111,758,2]
09-22 22:27:59.381 I/sysui_multi_action( 1849): [757,111,758,1]
09-22 22:27:59.381 I/sysui_multi_action( 1849): [757,126,758,1,759,126,927,0,928,0,1593,0]
09-22 22:27:59.381 I/sysui_multi_action( 1849): [757,113,758,1,759,113,927,1,928,1,1593,0]
09-22 22:27:59.381 I/sysui_multi_action( 1849): [757,0,758,1,759,0,927,2,928,0,1593,0]
09-22 22:27:59.381 I/sysui_multi_action( 1849): [757,0,758,1,759,0,927,3,928,0,1593,0]
09-22 22:27:59.381 I/sysui_multi_action( 1849): [757,1706,758,1,759,1706,927,4,928,0,1593,0]
09-22 22:27:59.382 I/sysui_multi_action( 1849): [757,491,758,1,759,491,927,5,928,0,1311,-1,1593,0]
09-22 22:27:59.382 I/sysui_multi_action( 1849): [757,0,758,1,759,0,927,6,928,0,1593,0]
09-22 22:27:59.382 I/sysui_multi_action( 1849): [757,111,758,1]
09-22 22:27:59.382 I/sysui_multi_action( 1849): [757,126,758,1,759,126,927,0,928,0,1593,0]
09-22 22:27:59.382 I/sysui_multi_action( 1849): [757,113,758,1,759,113,927,1,928,1,1593,0]
09-22 22:27:59.382 I/sysui_multi_action( 1849): [757,0,758,1,759,0,927,2,928,0,1593,0]
09-22 22:27:59.382 I/sysui_multi_action( 1849): [757,0,758,1,759,0,927,3,928,0,1593,0]
09-22 22:27:59.399 I/sysui_multi_action( 1849): [757,111,758,2]
09-22 22:27:59.399 I/notification_enqueue( 1471): [10081,1849,com.android.systemui,2048,NULL,0,Notification(channel=updateNotification shortcut=null contentView=null vibrate=null sound=null defaults=0x0 flags=0x0 color=0x00000000 vis=PRIVATE),1]
09-22 22:27:59.399 I/sysui_multi_action( 1849): [757,111,758,2]
09-22 22:27:59.405 I/sysui_multi_action( 1849): [757,111,758,1]
09-22 22:27:59.406 I/sysui_multi_action( 1849): [757,126,758,1,759,126,927,0,928,0,1593,0]
09-22 22:27:59.406 I/sysui_multi_action( 1849): [757,113,758,1,759,113,927,1,928,1,1593,0]
09-22 22:27:59.406 I/sysui_multi_action( 1849): [757,0,758,1,759,0,927,2,928,0,1593,0]
09-22 22:27:59.406 I/sysui_multi_action( 1849): [757,0,758,1,759,0,927,3,928,0,1593,0]
09-22 22:27:59.406 I/sysui_multi_action( 1849): [757,1706,758,1,759,1706,927,4,928,0,1593,0]
09-22 22:27:59.406 I/sysui_multi_action( 1849): [757,491,758,1,759,491,927,5,928,0,1311,-1,1593,0]
09-22 22:27:59.406 I/sysui_multi_action( 1849): [757,0,758,1,759,0,927,6,928,0,1593,0]
09-22 22:27:59.406 I/sysui_multi_action( 1849): [757,111,758,1]
09-22 22:27:59.406 I/sysui_multi_action( 1849): [757,126,758,1,759,126,927,0,928,0,1593,0]
09-22 22:27:59.406 I/sysui_multi_action( 1849): [757,113,758,1,759,113,927,1,928,1,1593,0]
09-22 22:27:59.406 I/sysui_multi_action( 1849): [757,0,758,1,759,0,927,2,928,0,1593,0]
09-22 22:27:59.406 I/sysui_multi_action( 1849): [757,0,758,1,759,0,927,3,928,0,1593,0]
09-22 22:27:59.423 I/sysui_multi_action( 1849): [757,111,758,2]
09-22 22:27:59.423 I/notification_enqueue( 1471): [10081,1849,com.android.systemui,2048,NULL,0,Notification(channel=updateNotification shortcut=null contentView=null vibrate=null sound=null defaults=0x0 flags=0x0 color=0x00000000 vis=PRIVATE),1]
09-22 22:27:59.423 I/sysui_multi_action( 1849): [757,111,758,2]
09-22 22:27:59.430 I/sysui_multi_action( 1849): [757,111,758,1]
09-22 22:27:59.430 I/sysui_multi_action( 1849): [757,126,758,1,759,126,927,0,928,0,1593,0]
09-22 22:27:59.430 I/sysui_multi_action( 1849): [757,113,758,1,759,113,927,1,928,1,1593,0]
09-22 22:27:59.430 I/sysui_multi_action( 1849): [757,0,758,1,759,0,927,2,928,0,1593,0]
09-22 22:27:59.430 I/sysui_multi_action( 1849): [757,0,758,1,759,0,927,3,928,0,1593,0]
09-22 22:27:59.430 I/sysui_multi_action( 1849): [757,1706,758,1,759,1706,927,4,928,0,1593,0]
09-22 22:27:59.430 I/sysui_multi_action( 1849): [757,491,758,1,759,491,927,5,928,0,1311,-1,1593,0]
09-22 22:27:59.430 I/sysui_multi_action( 1849): [757,0,758,1,759,0,927,6,928,0,1593,0]
09-22 22:27:59.430 I/sysui_multi_action( 1849): [757,111,758,1]
09-22 22:27:59.431 I/sysui_multi_action( 1849): [757,126,758,1,759,126,927,0,928,0,1593,0]
09-22 22:27:59.431 I/sysui_multi_action( 1849): [757,113,758,1,759,113,927,1,928,1,1593,0]
09-22 22:27:59.431 I/sysui_multi_action( 1849): [757,0,758,1,759,0,927,2,928,0,1593,0]
09-22 22:27:59.431 I/sysui_multi_action( 1849): [757,0,758,1,759,0,927,3,928,0,1593,0]
09-22 22:27:59.444 I/sysui_multi_action( 1849): [757,111,758,2]
09-22 22:27:59.444 I/notification_enqueue( 1471): [10081,1849,com.android.systemui,2048,NULL,0,Notification(channel=updateNotification shortcut=null contentView=null vibrate=null sound=null defaults=0x0 flags=0x0 color=0x00000000 vis=PRIVATE),1]
09-22 22:27:59.444 I/sysui_multi_action( 1849): [757,111,758,2]
09-22 22:27:59.454 I/sysui_multi_action( 1849): [757,111,758,1]
09-22 22:27:59.455 I/sysui_multi_action( 1849): [757,126,758,1,759,126,927,0,928,0,1593,0]
09-22 22:27:59.455 I/sysui_multi_action( 1849): [757,113,758,1,759,113,927,1,928,1,1593,0]
09-22 22:27:59.455 I/sysui_multi_action( 1849): [757,0,758,1,759,0,927,2,928,0,1593,0]
09-22 22:27:59.455 I/sysui_multi_action( 1849): [757,0,758,1,759,0,927,3,928,0,1593,0]
09-22 22:27:59.455 I/sysui_multi_action( 1849): [757,1706,758,1,759,1706,927,4,928,0,1593,0]
09-22 22:27:59.455 I/sysui_multi_action( 1849): [757,491,758,1,759,491,927,5,928,0,1311,-1,1593,0]
09-22 22:27:59.455 I/sysui_multi_action( 1849): [757,0,758,1,759,0,927,6,928,0,1593,0]
09-22 22:27:59.455 I/sysui_multi_action( 1849): [757,111,758,1]
09-22 22:27:59.455 I/sysui_multi_action( 1849): [757,126,758,1,759,126,927,0,928,0,1593,0]
09-22 22:27:59.455 I/sysui_multi_action( 1849): [757,113,758,1,759,113,927,1,928,1,1593,0]
09-22 22:27:59.455 I/sysui_multi_action( 1849): [757,0,758,1,759,0,927,2,928,0,1593,0]
09-22 22:27:59.456 I/sysui_multi_action( 1849): [757,0,758,1,759,0,927,3,928,0,1593,0]
09-22 22:27:59.466 I/sysui_multi_action( 1471): [757,1501,758,1,793,66667,794,0,795,205,796,2048,806,com.android.systemui,857,updateNotification,858,3,947,0,1500,0,1688,1]
09-22 22:27:59.466 I/sysui_multi_action( 1471): [757,804,799,note_interruptive,801,0,802,1]
09-22 22:27:59.467 I/sysui_multi_action( 1471): [757,199,758,1,759,2,793,66668,794,0,795,206,796,2048,806,com.android.systemui,857,updateNotification,858,3,947,0,1500,1,1688,1]
09-22 22:27:59.467 I/notification_alert( 1471): [0|com.android.systemui|2048|null|10081,0,1,0]
09-22 22:27:59.470 I/sysui_multi_action( 1849): [757,111,758,2]
09-22 22:27:59.470 I/notification_enqueue( 1471): [10081,1849,com.android.systemui,2048,NULL,0,Notification(channel=updateNotification shortcut=null contentView=null vibrate=null sound=null defaults=0x0 flags=0x0 color=0x00000000 vis=PRIVATE),1]
09-22 22:27:59.470 I/sysui_multi_action( 1849): [757,111,758,2]
09-22 22:27:59.476 I/sysui_multi_action( 1849): [757,111,758,1]
09-22 22:27:59.477 I/sysui_multi_action( 1849): [757,126,758,1,759,126,927,0,928,0,1593,0]
09-22 22:27:59.477 I/sysui_multi_action( 1849): [757,113,758,1,759,113,927,1,928,1,1593,0]
09-22 22:27:59.477 I/sysui_multi_action( 1849): [757,0,758,1,759,0,927,2,928,0,1593,0]
09-22 22:27:59.477 I/sysui_multi_action( 1849): [757,0,758,1,759,0,927,3,928,0,1593,0]
09-22 22:27:59.477 I/sysui_multi_action( 1849): [757,1706,758,1,759,1706,927,4,928,0,1593,0]
09-22 22:27:59.477 I/sysui_multi_action( 1849): [757,491,758,1,759,491,927,5,928,0,1311,-1,1593,0]
09-22 22:27:59.477 I/sysui_multi_action( 1849): [757,0,758,1,759,0,927,6,928,0,1593,0]
09-22 22:27:59.477 I/sysui_multi_action( 1849): [757,111,758,1]
09-22 22:27:59.477 I/sysui_multi_action( 1849): [757,126,758,1,759,126,927,0,928,0,1593,0]
09-22 22:27:59.477 I/sysui_multi_action( 1849): [757,113,758,1,759,113,927,1,928,1,1593,0]
09-22 22:27:59.478 I/sysui_multi_action( 1849): [757,0,758,1,759,0,927,2,928,0,1593,0]
09-22 22:27:59.478 I/sysui_multi_action( 1849): [757,0,758,1,759,0,927,3,928,0,1593,0]
09-22 22:27:59.492 I/sysui_multi_action( 1849): [757,111,758,2]
09-22 22:27:59.492 I/notification_enqueue( 1471): [10081,1849,com.android.systemui,2048,NULL,0,Notification(channel=updateNotification shortcut=null contentView=null vibrate=null sound=null defaults=0x0 flags=0x0 color=0x00000000 vis=PRIVATE),1]
09-22 22:27:59.492 I/sysui_multi_action( 1849): [757,111,758,2]
09-22 22:27:59.498 I/sysui_multi_action( 1849): [757,111,758,1]
09-22 22:27:59.498 I/sysui_multi_action( 1849): [757,126,758,1,759,126,927,0,928,0,1593,0]
09-22 22:27:59.498 I/sysui_multi_action( 1849): [757,113,758,1,759,113,927,1,928,1,1593,0]
09-22 22:27:59.498 I/sysui_multi_action( 1849): [757,0,758,1,759,0,927,2,928,0,1593,0]
09-22 22:27:59.498 I/sysui_multi_action( 1849): [757,0,758,1,759,0,927,3,928,0,1593,0]
09-22 22:27:59.498 I/sysui_multi_action( 1849): [757,1706,758,1,759,1706,927,4,928,0,1593,0]
09-22 22:27:59.498 I/sysui_multi_action( 1849): [757,491,758,1,759,491,927,5,928,0,1311,-1,1593,0]
09-22 22:27:59.498 I/sysui_multi_action( 1849): [757,0,758,1,759,0,927,6,928,0,1593,0]
09-22 22:27:59.498 I/sysui_multi_action( 1849): [757,111,758,1]
09-22 22:27:59.498 I/sysui_multi_action( 1849): [757,126,758,1,759,126,927,0,928,0,1593,0]
09-22 22:27:59.498 I/sysui_multi_action( 1849): [757,113,758,1,759,113,927,1,928,1,1593,0]
09-22 22:27:59.498 I/sysui_multi_action( 1849): [757,0,758,1,759,0,927,2,928,0,1593,0]
09-22 22:27:59.499 I/sysui_multi_action( 1849): [757,0,758,1,759,0,927,3,928,0,1593,0]
09-22 22:27:59.518 I/sysui_multi_action( 1849): [757,111,758,2]
09-22 22:27:59.518 I/notification_enqueue( 1471): [10081,1849,com.android.systemui,2048,NULL,0,Notification(channel=updateNotification shortcut=null contentView=null vibrate=null sound=null defaults=0x0 flags=0x0 color=0x00000000 vis=PRIVATE),1]
09-22 22:27:59.518 I/sysui_multi_action( 1849): [757,111,758,2]
09-22 22:27:59.524 I/sysui_multi_action( 1849): [757,111,758,1]
09-22 22:27:59.524 I/sysui_multi_action( 1849): [757,126,758,1,759,126,927,0,928,0,1593,0]
09-22 22:27:59.524 I/sysui_multi_action( 1849): [757,113,758,1,759,113,927,1,928,1,1593,0]
09-22 22:27:59.524 I/sysui_multi_action( 1849): [757,0,758,1,759,0,927,2,928,0,1593,0]
09-22 22:27:59.524 I/sysui_multi_action( 1849): [757,0,758,1,759,0,927,3,928,0,1593,0]
09-22 22:27:59.525 I/sysui_multi_action( 1849): [757,1706,758,1,759,1706,927,4,928,0,1593,0]
09-22 22:27:59.525 I/sysui_multi_action( 1849): [757,491,758,1,759,491,927,5,928,0,1311,-1,1593,0]
09-22 22:27:59.525 I/sysui_multi_action( 1849): [757,0,758,1,759,0,927,6,928,0,1593,0]
09-22 22:27:59.525 I/sysui_multi_action( 1849): [757,111,758,1]
09-22 22:27:59.525 I/sysui_multi_action( 1849): [757,126,758,1,759,126,927,0,928,0,1593,0]
09-22 22:27:59.525 I/sysui_multi_action( 1849): [757,113,758,1,759,113,927,1,928,1,1593,0]
09-22 22:27:59.525 I/sysui_multi_action( 1849): [757,0,758,1,759,0,927,2,928,0,1593,0]
09-22 22:27:59.525 I/sysui_multi_action( 1849): [757,0,758,1,759,0,927,3,928,0,1593,0]
09-22 22:27:59.540 I/notification_enqueue( 1471): [10081,1849,com.android.systemui,2048,NULL,0,Notification(channel=updateNotification shortcut=null contentView=null vibrate=null sound=null defaults=0x0 flags=0x0 color=0x00000000 vis=PRIVATE),1]
09-22 22:27:59.542 I/sysui_multi_action( 1849): [757,111,758,2]
09-22 22:27:59.542 I/sysui_multi_action( 1849): [757,111,758,2]
09-22 22:27:59.548 I/sysui_multi_action( 1849): [757,111,758,1]
09-22 22:27:59.548 I/sysui_multi_action( 1849): [757,126,758,1,759,126,927,0,928,0,1593,0]
09-22 22:27:59.548 I/sysui_multi_action( 1849): [757,113,758,1,759,113,927,1,928,1,1593,0]
09-22 22:27:59.548 I/sysui_multi_action( 1849): [757,0,758,1,759,0,927,2,928,0,1593,0]
09-22 22:27:59.548 I/sysui_multi_action( 1849): [757,0,758,1,759,0,927,3,928,0,1593,0]
09-22 22:27:59.548 I/sysui_multi_action( 1849): [757,1706,758,1,759,1706,927,4,928,0,1593,0]
09-22 22:27:59.548 I/sysui_multi_action( 1849): [757,491,758,1,759,491,927,5,928,0,1311,-1,1593,0]
09-22 22:27:59.548 I/sysui_multi_action( 1849): [757,0,758,1,759,0,927,6,928,0,1593,0]
09-22 22:27:59.548 I/sysui_multi_action( 1849): [757,111,758,1]
09-22 22:27:59.549 I/sysui_multi_action( 1849): [757,126,758,1,759,126,927,0,928,0,1593,0]
09-22 22:27:59.549 I/sysui_multi_action( 1849): [757,113,758,1,759,113,927,1,928,1,1593,0]
09-22 22:27:59.549 I/sysui_multi_action( 1849): [757,0,758,1,759,0,927,2,928,0,1593,0]
09-22 22:27:59.549 I/sysui_multi_action( 1849): [757,0,758,1,759,0,927,3,928,0,1593,0]
09-22 22:27:59.570 I/notification_enqueue( 1471): [10081,1849,com.android.systemui,2048,NULL,0,Notification(channel=updateNotification shortcut=null contentView=null vibrate=null sound=null defaults=0x0 flags=0x0 color=0x00000000 vis=PRIVATE),1]
09-22 22:27:59.570 I/sysui_multi_action( 1849): [757,111,758,2]
09-22 22:27:59.571 I/sysui_multi_action( 1849): [757,111,758,2]
09-22 22:27:59.576 I/sysui_multi_action( 1849): [757,111,758,1]
09-22 22:27:59.576 I/sysui_multi_action( 1849): [757,126,758,1,759,126,927,0,928,0,1593,0]
09-22 22:27:59.576 I/sysui_multi_action( 1849): [757,113,758,1,759,113,927,1,928,1,1593,0]
09-22 22:27:59.576 I/sysui_multi_action( 1849): [757,0,758,1,759,0,927,2,928,0,1593,0]
09-22 22:27:59.576 I/sysui_multi_action( 1849): [757,0,758,1,759,0,927,3,928,0,1593,0]
09-22 22:27:59.576 I/sysui_multi_action( 1849): [757,1706,758,1,759,1706,927,4,928,0,1593,0]
09-22 22:27:59.576 I/sysui_multi_action( 1849): [757,491,758,1,759,491,927,5,928,0,1311,-1,1593,0]
09-22 22:27:59.577 I/sysui_multi_action( 1849): [757,0,758,1,759,0,927,6,928,0,1593,0]
09-22 22:27:59.577 I/sysui_multi_action( 1849): [757,111,758,1]
09-22 22:27:59.577 I/sysui_multi_action( 1849): [757,126,758,1,759,126,927,0,928,0,1593,0]
09-22 22:27:59.577 I/sysui_multi_action( 1849): [757,113,758,1,759,113,927,1,928,1,1593,0]
09-22 22:27:59.577 I/sysui_multi_action( 1849): [757,0,758,1,759,0,927,2,928,0,1593,0]
09-22 22:27:59.577 I/sysui_multi_action( 1849): [757,0,758,1,759,0,927,3,928,0,1593,0]
09-22 22:27:59.589 I/sysui_multi_action( 1849): [757,111,758,2]
