09-22 22:29:04.591 I/am_wtf ( 1471): [0,1471,system_server,-1,DisplayDeviceConfig,requesting nits when no mapping exists.]
09-22 22:29:04.602 I/am_wtf ( 1471): [0,1471,system_server,-1,DisplayDeviceConfig,requesting nits when no mapping exists.]
09-22 22:29:04.602 I/am_wtf ( 1471): [0,1471,system_server,-1,DisplayDeviceConfig,requesting nits when no mapping exists.]
09-22 22:29:04.620 I/am_wtf ( 1471): [0,1471,system_server,-1,DisplayDeviceConfig,requesting nits when no mapping exists.]
09-22 22:29:04.621 I/am_wtf ( 1471): [0,1471,system_server,-1,DisplayDeviceConfig,requesting nits when no mapping exists.]
09-22 22:29:04.640 I/am_wtf ( 1471): [0,1471,system_server,-1,DisplayDeviceConfig,requesting nits when no mapping exists.]
09-22 22:29:04.641 I/am_wtf ( 1471): [0,1471,system_server,-1,DisplayDeviceConfig,requesting nits when no mapping exists.]
09-22 22:29:04.655 I/am_wtf ( 1471): [0,1471,system_server,-1,DisplayDeviceConfig,requesting nits when no mapping exists.]
09-22 22:29:04.656 I/am_wtf ( 1471): [0,1471,system_server,-1,DisplayDeviceConfig,requesting nits when no mapping exists.]
09-22 22:29:04.669 I/am_wtf ( 1471): [0,1471,system_server,-1,DisplayDeviceConfig,requesting nits when no mapping exists.]
09-22 22:29:04.671 I/am_wtf ( 1471): [0,1471,system_server,-1,DisplayDeviceConfig,requesting nits when no mapping exists.]
09-22 22:29:04.690 I/am_wtf ( 1471): [0,1471,system_server,-1,DisplayDeviceConfig,requesting nits when no mapping exists.]
09-22 22:29:04.691 I/am_wtf ( 1471): [0,1471,system_server,-1,DisplayDeviceConfig,requesting nits when no mapping exists.]
09-22 22:29:04.707 I/am_wtf ( 1471): [0,1471,system_server,-1,DisplayDeviceConfig,requesting nits when no mapping exists.]
09-22 22:29:04.708 I/am_wtf ( 1471): [0,1471,system_server,-1,DisplayDeviceConfig,requesting nits when no mapping exists.]
09-22 22:29:04.711 I/sysui_multi_action( 1471): [757,1501,758,1,793,131912,794,0,795,205,796,2048,806,com.android.systemui,857,updateNotification,858,3,947,0,1500,0,1688,1]
09-22 22:29:04.711 I/sysui_multi_action( 1471): [757,804,799,note_interruptive,801,0,802,1]
09-22 22:29:04.712 I/sysui_multi_action( 1471): [757,199,758,1,759,2,793,131912,794,0,795,205,796,2048,806,com.android.systemui,857,updateNotification,858,3,947,0,1500,0,1688,1]
09-22 22:29:04.712 I/notification_alert( 1471): [0|com.android.systemui|2048|null|10081,0,1,0]
09-22 22:29:04.726 I/am_wtf ( 1471): [0,1471,system_server,-1,DisplayDeviceConfig,requesting nits when no mapping exists.]
09-22 22:29:04.727 I/am_wtf ( 1471): [0,1471,system_server,-1,DisplayDeviceConfig,requesting nits when no mapping exists.]
09-22 22:29:04.735 I/am_wtf ( 1471): [0,1471,system_server,-1,DisplayDeviceConfig,requesting nits when no mapping exists.]
09-22 22:29:04.736 I/am_wtf ( 1471): [0,1471,system_server,-1,DisplayDeviceConfig,requesting nits when no mapping exists.]
09-22 22:29:04.752 I/am_wtf ( 1471): [0,1471,system_server,-1,DisplayDeviceConfig,requesting nits when no mapping exists.]
09-22 22:29:04.757 I/am_wtf ( 1471): [0,1471,system_server,-1,DisplayDeviceConfig,requesting nits when no mapping exists.]
09-22 22:29:04.769 I/am_wtf ( 1471): [0,1471,system_server,-1,DisplayDeviceConfig,requesting nits when no mapping exists.]
09-22 22:29:04.773 I/am_wtf ( 1471): [0,1471,system_server,-1,DisplayDeviceConfig,requesting nits when no mapping exists.]
09-22 22:29:04.787 I/am_wtf ( 1471): [0,1471,system_server,-1,DisplayDeviceConfig,requesting nits when no mapping exists.]
09-22 22:29:04.788 I/am_wtf ( 1471): [0,1471,system_server,-1,DisplayDeviceConfig,requesting nits when no mapping exists.]
09-22 22:29:04.805 I/am_wtf ( 1471): [0,1471,system_server,-1,DisplayDeviceConfig,requesting nits when no mapping exists.]
09-22 22:29:04.806 I/am_wtf ( 1471): [0,1471,system_server,-1,DisplayDeviceConfig,requesting nits when no mapping exists.]
09-22 22:29:04.823 I/am_wtf ( 1471): [0,1471,system_server,-1,DisplayDeviceConfig,requesting nits when no mapping exists.]
09-22 22:29:04.823 I/wm_stop_activity( 1471): [0,226227664,com.android.launcher3/.uioverrides.QuickstepLauncher]
09-22 22:29:04.824 I/am_wtf ( 1471): [0,1471,system_server,-1,DisplayDeviceConfig,requesting nits when no mapping exists.]
09-22 22:29:04.838 I/am_wtf ( 1471): [0,1471,system_server,-1,DisplayDeviceConfig,requesting nits when no mapping exists.]
09-22 22:29:04.839 I/am_wtf ( 1471): [0,1471,system_server,-1,DisplayDeviceConfig,requesting nits when no mapping exists.]
09-22 22:29:04.852 I/am_wtf ( 1471): [0,1471,system_server,-1,DisplayDeviceConfig,requesting nits when no mapping exists.]
09-22 22:29:04.855 I/am_wtf ( 1471): [0,1471,system_server,-1,DisplayDeviceConfig,requesting nits when no mapping exists.]
09-22 22:29:04.858 I/wm_on_stop_called( 2388): [226227664,com.android.launcher3.uioverrides.QuickstepLauncher,STOP_ACTIVITY_ITEM]
09-22 22:29:04.870 I/am_wtf ( 1471): [0,1471,system_server,-1,DisplayDeviceConfig,requesting nits when no mapping exists.]
09-22 22:29:04.870 I/am_wtf ( 1471): [0,1471,system_server,-1,DisplayDeviceConfig,requesting nits when no mapping exists.]
09-22 22:29:04.886 I/am_wtf ( 1471): [0,1471,system_server,-1,DisplayDeviceConfig,requesting nits when no mapping exists.]
09-22 22:29:04.888 I/am_wtf ( 1471): [0,1471,system_server,-1,DisplayDeviceConfig,requesting nits when no mapping exists.]
09-22 22:29:04.903 I/am_wtf ( 1471): [0,1471,system_server,-1,DisplayDeviceConfig,requesting nits when no mapping exists.]
09-22 22:29:04.904 I/am_wtf ( 1471): [0,1471,system_server,-1,DisplayDeviceConfig,requesting nits when no mapping exists.]
09-22 22:29:04.923 I/am_wtf ( 1471): [0,1471,system_server,-1,DisplayDeviceConfig,requesting nits when no mapping exists.]
09-22 22:29:04.924 I/am_wtf ( 1471): [0,1471,system_server,-1,DisplayDeviceConfig,requesting nits when no mapping exists.]
09-22 22:29:04.936 I/am_wtf ( 1471): [0,1471,system_server,-1,DisplayDeviceConfig,requesting nits when no mapping exists.]
09-22 22:29:04.938 I/am_wtf ( 1471): [0,1471,system_server,-1,DisplayDeviceConfig,requesting nits when no mapping exists.]
09-22 22:29:04.955 I/am_wtf ( 1471): [0,1471,system_server,-1,DisplayDeviceConfig,requesting nits when no mapping exists.]
09-22 22:29:04.956 I/am_wtf ( 1471): [0,1471,system_server,-1,DisplayDeviceConfig,requesting nits when no mapping exists.]
09-22 22:29:04.972 I/am_wtf ( 1471): [0,1471,system_server,-1,DisplayDeviceConfig,requesting nits when no mapping exists.]
09-22 22:29:04.973 I/am_wtf ( 1471): [0,1471,system_server,-1,DisplayDeviceConfig,requesting nits when no mapping exists.]
09-22 22:29:04.990 I/am_wtf ( 1471): [0,1471,system_server,-1,DisplayDeviceConfig,requesting nits when no mapping exists.]
09-22 22:29:04.991 I/am_wtf ( 1471): [0,1471,system_server,-1,DisplayDeviceConfig,requesting nits when no mapping exists.]
09-22 22:29:05.004 I/am_wtf ( 1471): [0,1471,system_server,-1,DisplayDeviceConfig,requesting nits when no mapping exists.]
09-22 22:29:05.007 I/am_wtf ( 1471): [0,1471,system_server,-1,DisplayDeviceConfig,requesting nits when no mapping exists.]
09-22 22:29:05.023 I/am_wtf ( 1471): [0,1471,system_server,-1,DisplayDeviceConfig,requesting nits when no mapping exists.]
09-22 22:29:05.024 I/am_wtf ( 1471): [0,1471,system_server,-1,DisplayDeviceConfig,requesting nits when no mapping exists.]
09-22 22:29:05.040 I/am_wtf ( 1471): [0,1471,system_server,-1,DisplayDeviceConfig,requesting nits when no mapping exists.]
09-22 22:29:05.041 I/am_wtf ( 1471): [0,1471,system_server,-1,DisplayDeviceConfig,requesting nits when no mapping exists.]
09-22 22:29:05.057 I/am_wtf ( 1471): [0,1471,system_server,-1,DisplayDeviceConfig,requesting nits when no mapping exists.]
09-22 22:29:05.059 I/am_wtf ( 1471): [0,1471,system_server,-1,DisplayDeviceConfig,requesting nits when no mapping exists.]
09-22 22:29:05.072 I/am_wtf ( 1471): [0,1471,system_server,-1,DisplayDeviceConfig,requesting nits when no mapping exists.]
09-22 22:29:05.074 I/am_wtf ( 1471): [0,1471,system_server,-1,DisplayDeviceConfig,requesting nits when no mapping exists.]
09-22 22:29:05.090 I/am_wtf ( 1471): [0,1471,system_server,-1,DisplayDeviceConfig,requesting nits when no mapping exists.]
09-22 22:29:05.091 I/am_wtf ( 1471): [0,1471,system_server,-1,DisplayDeviceConfig,requesting nits when no mapping exists.]
09-22 22:29:05.105 I/am_wtf ( 1471): [0,1471,system_server,-1,DisplayDeviceConfig,requesting nits when no mapping exists.]
09-22 22:29:05.106 I/am_wtf ( 1471): [0,1471,system_server,-1,DisplayDeviceConfig,requesting nits when no mapping exists.]
09-22 22:29:05.122 I/am_wtf ( 1471): [0,1471,system_server,-1,DisplayDeviceConfig,requesting nits when no mapping exists.]
09-22 22:29:05.123 I/am_wtf ( 1471): [0,1471,system_server,-1,DisplayDeviceConfig,requesting nits when no mapping exists.]
09-22 22:29:05.137 I/am_wtf ( 1471): [0,1471,system_server,-1,DisplayDeviceConfig,requesting nits when no mapping exists.]
09-22 22:29:05.139 I/am_wtf ( 1471): [0,1471,system_server,-1,DisplayDeviceConfig,requesting nits when no mapping exists.]
09-22 22:29:05.153 I/am_wtf ( 1471): [0,1471,system_server,-1,DisplayDeviceConfig,requesting nits when no mapping exists.]
09-22 22:29:05.154 I/am_wtf ( 1471): [0,1471,system_server,-1,DisplayDeviceConfig,requesting nits when no mapping exists.]
09-22 22:29:05.171 I/am_wtf ( 1471): [0,1471,system_server,-1,DisplayDeviceConfig,requesting nits when no mapping exists.]
09-22 22:29:05.172 I/am_wtf ( 1471): [0,1471,system_server,-1,DisplayDeviceConfig,requesting nits when no mapping exists.]
09-22 22:29:05.194 I/am_wtf ( 1471): [0,1471,system_server,-1,DisplayDeviceConfig,requesting nits when no mapping exists.]
09-22 22:29:05.195 I/am_wtf ( 1471): [0,1471,system_server,-1,DisplayDeviceConfig,requesting nits when no mapping exists.]
09-22 22:29:05.204 I/am_wtf ( 1471): [0,1471,system_server,-1,DisplayDeviceConfig,requesting nits when no mapping exists.]
09-22 22:29:05.205 I/am_wtf ( 1471): [0,1471,system_server,-1,DisplayDeviceConfig,requesting nits when no mapping exists.]
09-22 22:29:05.220 I/am_wtf ( 1471): [0,1471,system_server,-1,DisplayDeviceConfig,requesting nits when no mapping exists.]
09-22 22:29:05.221 I/service_manager_stats( 1471): [100,58,6984]
09-22 22:29:05.221 I/am_wtf ( 1471): [0,1471,system_server,-1,DisplayDeviceConfig,requesting nits when no mapping exists.]
09-22 22:29:05.238 I/am_wtf ( 1471): [0,1471,system_server,-1,DisplayDeviceConfig,requesting nits when no mapping exists.]
09-22 22:29:05.240 I/am_wtf ( 1471): [0,1471,system_server,-1,DisplayDeviceConfig,requesting nits when no mapping exists.]
09-22 22:29:05.262 I/am_wtf ( 1471): [0,1471,system_server,-1,DisplayDeviceConfig,requesting nits when no mapping exists.]
09-22 22:29:05.263 I/am_wtf ( 1471): [0,1471,system_server,-1,DisplayDeviceConfig,requesting nits when no mapping exists.]
09-22 22:29:05.272 I/am_wtf ( 1471): [0,1471,system_server,-1,DisplayDeviceConfig,requesting nits when no mapping exists.]
09-22 22:29:05.272 I/am_wtf ( 1471): [0,1471,system_server,-1,DisplayDeviceConfig,requesting nits when no mapping exists.]
09-22 22:29:05.286 I/am_wtf ( 1471): [0,1471,system_server,-1,DisplayDeviceConfig,requesting nits when no mapping exists.]
09-22 22:29:05.286 I/am_wtf ( 1471): [0,1471,system_server,-1,DisplayDeviceConfig,requesting nits when no mapping exists.]
09-22 22:29:05.306 I/am_wtf ( 1471): [0,1471,system_server,-1,DisplayDeviceConfig,requesting nits when no mapping exists.]
09-22 22:29:05.306 I/am_wtf ( 1471): [0,1471,system_server,-1,DisplayDeviceConfig,requesting nits when no mapping exists.]
09-22 22:29:05.323 I/am_wtf ( 1471): [0,1471,system_server,-1,DisplayDeviceConfig,requesting nits when no mapping exists.]
09-22 22:29:05.324 I/am_wtf ( 1471): [0,1471,system_server,-1,DisplayDeviceConfig,requesting nits when no mapping exists.]
09-22 22:29:05.337 I/am_wtf ( 1471): [0,1471,system_server,-1,DisplayDeviceConfig,requesting nits when no mapping exists.]
09-22 22:29:05.337 I/am_wtf ( 1471): [0,1471,system_server,-1,DisplayDeviceConfig,requesting nits when no mapping exists.]
09-22 22:29:05.358 I/am_wtf ( 1471): [0,1471,system_server,-1,DisplayDeviceConfig,requesting nits when no mapping exists.]
09-22 22:29:05.358 I/am_wtf ( 1471): [0,1471,system_server,-1,DisplayDeviceConfig,requesting nits when no mapping exists.]
09-22 22:29:05.375 I/am_wtf ( 1471): [0,1471,system_server,-1,DisplayDeviceConfig,requesting nits when no mapping exists.]
09-22 22:29:05.375 I/am_wtf ( 1471): [0,1471,system_server,-1,DisplayDeviceConfig,requesting nits when no mapping exists.]
09-22 22:29:05.392 I/am_wtf ( 1471): [0,1471,system_server,-1,DisplayDeviceConfig,requesting nits when no mapping exists.]
09-22 22:29:05.393 I/am_wtf ( 1471): [0,1471,system_server,-1,DisplayDeviceConfig,requesting nits when no mapping exists.]
09-22 22:29:05.408 I/am_wtf ( 1471): [0,1471,system_server,-1,DisplayDeviceConfig,requesting nits when no mapping exists.]
09-22 22:29:05.409 I/am_wtf ( 1471): [0,1471,system_server,-1,DisplayDeviceConfig,requesting nits when no mapping exists.]
09-22 22:29:05.423 I/am_wtf ( 1471): [0,1471,system_server,-1,DisplayDeviceConfig,requesting nits when no mapping exists.]
09-22 22:29:05.424 I/am_wtf ( 1471): [0,1471,system_server,-1,DisplayDeviceConfig,requesting nits when no mapping exists.]
09-22 22:29:05.441 I/am_wtf ( 1471): [0,1471,system_server,-1,DisplayDeviceConfig,requesting nits when no mapping exists.]
09-22 22:29:05.442 I/am_wtf ( 1471): [0,1471,system_server,-1,DisplayDeviceConfig,requesting nits when no mapping exists.]
09-22 22:29:05.455 I/am_wtf ( 1471): [0,1471,system_server,-1,DisplayDeviceConfig,requesting nits when no mapping exists.]
09-22 22:29:05.457 I/am_wtf ( 1471): [0,1471,system_server,-1,DisplayDeviceConfig,requesting nits when no mapping exists.]
09-22 22:29:05.474 I/am_wtf ( 1471): [0,1471,system_server,-1,DisplayDeviceConfig,requesting nits when no mapping exists.]
09-22 22:29:05.475 I/am_wtf ( 1471): [0,1471,system_server,-1,DisplayDeviceConfig,requesting nits when no mapping exists.]
09-22 22:29:05.491 I/am_wtf ( 1471): [0,1471,system_server,-1,DisplayDeviceConfig,requesting nits when no mapping exists.]
09-22 22:29:05.492 I/am_wtf ( 1471): [0,1471,system_server,-1,DisplayDeviceConfig,requesting nits when no mapping exists.]
09-22 22:29:09.594 I/input_interaction( 1471): Interaction with: dc4651a com.android.deskclock/android.service.dreams.DreamActivity (server), edge-swipe (server), swipe-up (server), PointerEventDispatcher0 (server),
09-22 22:29:09.596 I/wm_finish_activity( 1471): [0,95893551,35,com.android.deskclock/android.service.dreams.DreamActivity,finish-activity]
09-22 22:29:09.596 I/wm_task_moved( 1471): [1,1,5]
09-22 22:29:09.597 I/wm_task_moved( 1471): [33,1,2147483647]
09-22 22:29:09.597 I/wm_task_to_front( 1471): [0,33]
09-22 22:29:09.597 I/wm_focused_root_task( 1471): [0,0,1,35,finish-top adjustFocusToNextFocusableTask]
09-22 22:29:09.598 I/wm_set_resumed_activity( 1471): [0,com.android.launcher3/.uioverrides.QuickstepLauncher,finish-top adjustFocusToNextFocusableTask]
09-22 22:29:09.599 I/wm_pause_activity( 1471): [0,95893551,com.android.deskclock/android.service.dreams.DreamActivity,userLeaving=false,finish]
09-22 22:29:09.603 I/wm_on_top_resumed_lost_called( 2544): [95893551,android.service.dreams.DreamActivity,topStateChangedWhenResumed]
09-22 22:29:09.604 I/sysui_multi_action( 1471): [757,803,799,window_time_0,802,5]
09-22 22:29:09.607 I/wm_on_paused_called( 2544): [95893551,android.service.dreams.DreamActivity,performPause]
09-22 22:29:09.607 I/wm_add_to_stopping( 1471): [0,95893551,com.android.deskclock/android.service.dreams.DreamActivity,completeFinishing]
09-22 22:29:09.609 I/wm_set_resumed_activity( 1471): [0,com.android.launcher3/.uioverrides.QuickstepLauncher,resumeTopActivityInnerLocked]
09-22 22:29:09.610 I/wm_resume_activity( 1471): [0,226227664,33,com.android.launcher3/.uioverrides.QuickstepLauncher]
09-22 22:29:09.618 I/sysui_multi_action( 1471): [757,803,799,window_time_0,802,0]
09-22 22:29:09.628 I/wm_on_restart_called( 2388): [226227664,com.android.launcher3.uioverrides.QuickstepLauncher,performRestartActivity]
09-22 22:29:09.629 I/wm_on_start_called( 2388): [226227664,com.android.launcher3.uioverrides.QuickstepLauncher,handleStartActivity]
09-22 22:29:09.630 I/input_focus( 1471): [Focus leaving dc4651a com.android.deskclock/android.service.dreams.DreamActivity (server),reason=NO_WINDOW]
09-22 22:29:09.631 I/view_enqueue_input_event( 2544): [Motion - Cancel,com.android.deskclock/android.service.dreams.DreamActivity]
09-22 22:29:09.631 I/wm_on_resume_called( 2388): [226227664,com.android.launcher3.uioverrides.QuickstepLauncher,RESUME_ACTIVITY]
09-22 22:29:09.631 I/wm_on_top_resumed_gained_called( 2388): [226227664,com.android.launcher3.uioverrides.QuickstepLauncher,topWhenResuming]
09-22 22:29:09.633 I/input_interaction( 1471): Interaction with: edge-swipe (server), swipe-up (server), PointerEventDispatcher0 (server),
09-22 22:29:09.636 I/input_focus( 1471): [Focus request 4ed4abc com.android.launcher3/com.android.launcher3.uioverrides.QuickstepLauncher,reason=UpdateInputWindows]
09-22 22:29:09.668 I/input_focus( 1471): [Focus entering 4ed4abc com.android.launcher3/com.android.launcher3.uioverrides.QuickstepLauncher (server),reason=setFocusedWindow]
09-22 22:29:09.899 I/wm_destroy_activity( 1471): [0,95893551,35,com.android.deskclock/android.service.dreams.DreamActivity,finish-imm:idle]
09-22 22:29:09.923 I/wm_on_stop_called( 2544): [95893551,android.service.dreams.DreamActivity,LIFECYCLER_STOP_ACTIVITY]
09-22 22:29:09.923 I/wm_on_destroy_called( 2544): [95893551,android.service.dreams.DreamActivity,performDestroy]
09-22 22:29:09.927 I/sysui_multi_action( 1471): [757,222,758,2]
09-22 22:29:09.927 I/sysui_multi_action( 1471): [757,804,799,dreaming_minutes,801,0,802,1]
09-22 22:29:09.945 I/wm_task_removed( 1471): [35,removeChild:removeChild last r=ActivityRecord{5b7382f u0 com.android.deskclock/android.service.dreams.DreamActivity t-1 f}} in t=Task{458ba3b #35 type=dream A=10066:android:com.android.deskclock/dream U=0 visible=false mode=fullscreen translucent=true sz=0}]
09-22 22:29:09.945 I/wm_task_removed( 1471): [35,removeChild]
09-22 22:30:02.704 I/sysui_multi_action( 1471): [757,1696,758,6,759,2]
09-22 22:30:02.720 I/am_wtf ( 1471): [0,1471,system_server,-1,DisplayDeviceConfig,requesting nits when no mapping exists.]
09-22 22:30:02.724 I/am_wtf ( 1471): [0,1471,system_server,-1,DisplayDeviceConfig,requesting nits when no mapping exists.]
09-22 22:30:02.735 I/am_wtf ( 1471): [0,1471,system_server,-1,DisplayDeviceConfig,requesting nits when no mapping exists.]
09-22 22:30:02.737 I/am_wtf ( 1471): [0,1471,system_server,-1,DisplayDeviceConfig,requesting nits when no mapping exists.]
09-22 22:30:02.741 I/am_wtf ( 1471): [0,1471,system_server,-1,DisplayDeviceConfig,requesting nits when no mapping exists.]
09-22 22:30:02.743 I/am_wtf ( 1471): [0,1471,system_server,-1,DisplayDeviceConfig,requesting nits when no mapping exists.]
09-22 22:30:02.758 I/am_wtf ( 1471): [0,1471,system_server,-1,DisplayDeviceConfig,requesting nits when no mapping exists.]
09-22 22:30:02.761 I/am_wtf ( 1471): [0,1471,system_server,-1,DisplayDeviceConfig,requesting nits when no mapping exists.]
09-22 22:30:02.775 I/am_wtf ( 1471): [0,1471,system_server,-1,DisplayDeviceConfig,requesting nits when no mapping exists.]
09-22 22:30:02.776 I/am_wtf ( 1471): [0,1471,system_server,-1,DisplayDeviceConfig,requesting nits when no mapping exists.]
09-22 22:30:02.791 I/am_wtf ( 1471): [0,1471,system_server,-1,DisplayDeviceConfig,requesting nits when no mapping exists.]
09-22 22:30:02.792 I/am_wtf ( 1471): [0,1471,system_server,-1,DisplayDeviceConfig,requesting nits when no mapping exists.]
09-22 22:30:02.808 I/am_wtf ( 1471): [0,1471,system_server,-1,DisplayDeviceConfig,requesting nits when no mapping exists.]
09-22 22:30:02.809 I/am_wtf ( 1471): [0,1471,system_server,-1,DisplayDeviceConfig,requesting nits when no mapping exists.]
09-22 22:30:02.825 I/am_wtf ( 1471): [0,1471,system_server,-1,DisplayDeviceConfig,requesting nits when no mapping exists.]
09-22 22:30:02.826 I/am_wtf ( 1471): [0,1471,system_server,-1,DisplayDeviceConfig,requesting nits when no mapping exists.]
09-22 22:30:02.842 I/am_wtf ( 1471): [0,1471,system_server,-1,DisplayDeviceConfig,requesting nits when no mapping exists.]
09-22 22:30:02.843 I/am_wtf ( 1471): [0,1471,system_server,-1,DisplayDeviceConfig,requesting nits when no mapping exists.]
09-22 22:30:02.858 I/am_wtf ( 1471): [0,1471,system_server,-1,DisplayDeviceConfig,requesting nits when no mapping exists.]
09-22 22:30:02.859 I/am_wtf ( 1471): [0,1471,system_server,-1,DisplayDeviceConfig,requesting nits when no mapping exists.]
09-22 22:30:02.876 I/am_wtf ( 1471): [0,1471,system_server,-1,DisplayDeviceConfig,requesting nits when no mapping exists.]
09-22 22:30:02.878 I/am_wtf ( 1471): [0,1471,system_server,-1,DisplayDeviceConfig,requesting nits when no mapping exists.]
09-22 22:30:02.891 I/am_wtf ( 1471): [0,1471,system_server,-1,DisplayDeviceConfig,requesting nits when no mapping exists.]
09-22 22:30:02.892 I/am_wtf ( 1471): [0,1471,system_server,-1,DisplayDeviceConfig,requesting nits when no mapping exists.]
09-22 22:30:02.908 I/am_wtf ( 1471): [0,1471,system_server,-1,DisplayDeviceConfig,requesting nits when no mapping exists.]
09-22 22:30:02.909 I/am_wtf ( 1471): [0,1471,system_server,-1,DisplayDeviceConfig,requesting nits when no mapping exists.]
09-22 22:30:02.925 I/am_wtf ( 1471): [0,1471,system_server,-1,DisplayDeviceConfig,requesting nits when no mapping exists.]
09-22 22:30:02.926 I/am_wtf ( 1471): [0,1471,system_server,-1,DisplayDeviceConfig,requesting nits when no mapping exists.]
09-22 22:30:02.942 I/am_wtf ( 1471): [0,1471,system_server,-1,DisplayDeviceConfig,requesting nits when no mapping exists.]
09-22 22:30:02.943 I/am_wtf ( 1471): [0,1471,system_server,-1,DisplayDeviceConfig,requesting nits when no mapping exists.]
09-22 22:30:02.959 I/am_wtf ( 1471): [0,1471,system_server,-1,DisplayDeviceConfig,requesting nits when no mapping exists.]
09-22 22:30:02.960 I/am_wtf ( 1471): [0,1471,system_server,-1,DisplayDeviceConfig,requesting nits when no mapping exists.]
09-22 22:30:02.975 I/am_wtf ( 1471): [0,1471,system_server,-1,DisplayDeviceConfig,requesting nits when no mapping exists.]
09-22 22:30:02.976 I/am_wtf ( 1471): [0,1471,system_server,-1,DisplayDeviceConfig,requesting nits when no mapping exists.]
09-22 22:30:02.992 I/am_wtf ( 1471): [0,1471,system_server,-1,DisplayDeviceConfig,requesting nits when no mapping exists.]
09-22 22:30:02.993 I/am_wtf ( 1471): [0,1471,system_server,-1,DisplayDeviceConfig,requesting nits when no mapping exists.]
09-22 22:30:03.009 I/am_wtf ( 1471): [0,1471,system_server,-1,DisplayDeviceConfig,requesting nits when no mapping exists.]
09-22 22:30:03.010 I/am_wtf ( 1471): [0,1471,system_server,-1,DisplayDeviceConfig,requesting nits when no mapping exists.]
09-22 22:30:03.026 I/am_wtf ( 1471): [0,1471,system_server,-1,DisplayDeviceConfig,requesting nits when no mapping exists.]
09-22 22:30:03.027 I/am_wtf ( 1471): [0,1471,system_server,-1,DisplayDeviceConfig,requesting nits when no mapping exists.]
09-22 22:30:03.042 I/am_wtf ( 1471): [0,1471,system_server,-1,DisplayDeviceConfig,requesting nits when no mapping exists.]
09-22 22:30:03.043 I/am_wtf ( 1471): [0,1471,system_server,-1,DisplayDeviceConfig,requesting nits when no mapping exists.]
09-22 22:30:03.059 I/am_wtf ( 1471): [0,1471,system_server,-1,DisplayDeviceConfig,requesting nits when no mapping exists.]
09-22 22:30:03.060 I/am_wtf ( 1471): [0,1471,system_server,-1,DisplayDeviceConfig,requesting nits when no mapping exists.]
09-22 22:30:03.076 I/am_wtf ( 1471): [0,1471,system_server,-1,DisplayDeviceConfig,requesting nits when no mapping exists.]
09-22 22:30:03.077 I/am_wtf ( 1471): [0,1471,system_server,-1,DisplayDeviceConfig,requesting nits when no mapping exists.]
09-22 22:30:03.093 I/am_wtf ( 1471): [0,1471,system_server,-1,DisplayDeviceConfig,requesting nits when no mapping exists.]
09-22 22:30:03.094 I/am_wtf ( 1471): [0,1471,system_server,-1,DisplayDeviceConfig,requesting nits when no mapping exists.]
09-22 22:30:03.109 I/am_wtf ( 1471): [0,1471,system_server,-1,DisplayDeviceConfig,requesting nits when no mapping exists.]
09-22 22:30:03.112 I/am_wtf ( 1471): [0,1471,system_server,-1,DisplayDeviceConfig,requesting nits when no mapping exists.]
09-22 22:30:03.127 I/am_wtf ( 1471): [0,1471,system_server,-1,DisplayDeviceConfig,requesting nits when no mapping exists.]
09-22 22:30:03.128 I/am_wtf ( 1471): [0,1471,system_server,-1,DisplayDeviceConfig,requesting nits when no mapping exists.]
09-22 22:30:03.142 I/am_wtf ( 1471): [0,1471,system_server,-1,DisplayDeviceConfig,requesting nits when no mapping exists.]
09-22 22:30:03.143 I/am_wtf ( 1471): [0,1471,system_server,-1,DisplayDeviceConfig,requesting nits when no mapping exists.]
09-22 22:30:03.159 I/am_wtf ( 1471): [0,1471,system_server,-1,DisplayDeviceConfig,requesting nits when no mapping exists.]
09-22 22:30:03.160 I/am_wtf ( 1471): [0,1471,system_server,-1,DisplayDeviceConfig,requesting nits when no mapping exists.]
09-22 22:30:03.176 I/am_wtf ( 1471): [0,1471,system_server,-1,DisplayDeviceConfig,requesting nits when no mapping exists.]
09-22 22:30:03.177 I/am_wtf ( 1471): [0,1471,system_server,-1,DisplayDeviceConfig,requesting nits when no mapping exists.]
09-22 22:30:03.192 I/am_wtf ( 1471): [0,1471,system_server,-1,DisplayDeviceConfig,requesting nits when no mapping exists.]
09-22 22:30:03.193 I/am_wtf ( 1471): [0,1471,system_server,-1,DisplayDeviceConfig,requesting nits when no mapping exists.]
09-22 22:30:03.209 I/am_wtf ( 1471): [0,1471,system_server,-1,DisplayDeviceConfig,requesting nits when no mapping exists.]
09-22 22:30:03.210 I/am_wtf ( 1471): [0,1471,system_server,-1,DisplayDeviceConfig,requesting nits when no mapping exists.]
09-22 22:30:03.226 I/am_wtf ( 1471): [0,1471,system_server,-1,DisplayDeviceConfig,requesting nits when no mapping exists.]
09-22 22:30:03.227 I/service_manager_stats( 1471): [100,49,58006]
09-22 22:30:03.227 I/am_wtf ( 1471): [0,1471,system_server,-1,DisplayDeviceConfig,requesting nits when no mapping exists.]
09-22 22:30:03.242 I/am_wtf ( 1471): [0,1471,system_server,-1,DisplayDeviceConfig,requesting nits when no mapping exists.]
09-22 22:30:03.243 I/am_wtf ( 1471): [0,1471,system_server,-1,DisplayDeviceConfig,requesting nits when no mapping exists.]
09-22 22:30:03.259 I/am_wtf ( 1471): [0,1471,system_server,-1,DisplayDeviceConfig,requesting nits when no mapping exists.]
09-22 22:30:03.261 I/am_wtf ( 1471): [0,1471,system_server,-1,DisplayDeviceConfig,requesting nits when no mapping exists.]
09-22 22:30:03.276 I/am_wtf ( 1471): [0,1471,system_server,-1,DisplayDeviceConfig,requesting nits when no mapping exists.]
09-22 22:30:03.276 I/am_wtf ( 1471): [0,1471,system_server,-1,DisplayDeviceConfig,requesting nits when no mapping exists.]
09-22 22:30:03.292 I/am_wtf ( 1471): [0,1471,system_server,-1,DisplayDeviceConfig,requesting nits when no mapping exists.]
09-22 22:30:03.293 I/am_wtf ( 1471): [0,1471,system_server,-1,DisplayDeviceConfig,requesting nits when no mapping exists.]
09-22 22:30:03.309 I/am_wtf ( 1471): [0,1471,system_server,-1,DisplayDeviceConfig,requesting nits when no mapping exists.]
09-22 22:30:03.310 I/am_wtf ( 1471): [0,1471,system_server,-1,DisplayDeviceConfig,requesting nits when no mapping exists.]
09-22 22:30:03.326 I/am_wtf ( 1471): [0,1471,system_server,-1,DisplayDeviceConfig,requesting nits when no mapping exists.]
09-22 22:30:03.327 I/am_wtf ( 1471): [0,1471,system_server,-1,DisplayDeviceConfig,requesting nits when no mapping exists.]
09-22 22:30:03.343 I/am_wtf ( 1471): [0,1471,system_server,-1,DisplayDeviceConfig,requesting nits when no mapping exists.]
09-22 22:30:03.344 I/am_wtf ( 1471): [0,1471,system_server,-1,DisplayDeviceConfig,requesting nits when no mapping exists.]
09-22 22:30:03.360 I/am_wtf ( 1471): [0,1471,system_server,-1,DisplayDeviceConfig,requesting nits when no mapping exists.]
09-22 22:30:03.361 I/am_wtf ( 1471): [0,1471,system_server,-1,DisplayDeviceConfig,requesting nits when no mapping exists.]
09-22 22:30:03.376 I/am_wtf ( 1471): [0,1471,system_server,-1,DisplayDeviceConfig,requesting nits when no mapping exists.]
09-22 22:30:03.377 I/am_wtf ( 1471): [0,1471,system_server,-1,DisplayDeviceConfig,requesting nits when no mapping exists.]
09-22 22:30:03.393 I/am_wtf ( 1471): [0,1471,system_server,-1,DisplayDeviceConfig,requesting nits when no mapping exists.]
09-22 22:30:03.395 I/am_wtf ( 1471): [0,1471,system_server,-1,DisplayDeviceConfig,requesting nits when no mapping exists.]
09-22 22:30:03.410 I/am_wtf ( 1471): [0,1471,system_server,-1,DisplayDeviceConfig,requesting nits when no mapping exists.]
09-22 22:30:03.411 I/am_wtf ( 1471): [0,1471,system_server,-1,DisplayDeviceConfig,requesting nits when no mapping exists.]
09-22 22:30:03.426 I/am_wtf ( 1471): [0,1471,system_server,-1,DisplayDeviceConfig,requesting nits when no mapping exists.]
09-22 22:30:03.427 I/am_wtf ( 1471): [0,1471,system_server,-1,DisplayDeviceConfig,requesting nits when no mapping exists.]
09-22 22:30:03.443 I/am_wtf ( 1471): [0,1471,system_server,-1,DisplayDeviceConfig,requesting nits when no mapping exists.]
09-22 22:30:03.444 I/am_wtf ( 1471): [0,1471,system_server,-1,DisplayDeviceConfig,requesting nits when no mapping exists.]
09-22 22:30:03.460 I/am_wtf ( 1471): [0,1471,system_server,-1,DisplayDeviceConfig,requesting nits when no mapping exists.]
09-22 22:30:03.461 I/am_wtf ( 1471): [0,1471,system_server,-1,DisplayDeviceConfig,requesting nits when no mapping exists.]
09-22 22:30:03.476 I/am_wtf ( 1471): [0,1471,system_server,-1,DisplayDeviceConfig,requesting nits when no mapping exists.]
09-22 22:30:03.477 I/am_wtf ( 1471): [0,1471,system_server,-1,DisplayDeviceConfig,requesting nits when no mapping exists.]
09-22 22:30:03.493 I/am_wtf ( 1471): [0,1471,system_server,-1,DisplayDeviceConfig,requesting nits when no mapping exists.]
09-22 22:30:03.494 I/am_wtf ( 1471): [0,1471,system_server,-1,DisplayDeviceConfig,requesting nits when no mapping exists.]
09-22 22:30:03.510 I/am_wtf ( 1471): [0,1471,system_server,-1,DisplayDeviceConfig,requesting nits when no mapping exists.]
09-22 22:30:03.511 I/am_wtf ( 1471): [0,1471,system_server,-1,DisplayDeviceConfig,requesting nits when no mapping exists.]
09-22 22:30:03.527 I/am_wtf ( 1471): [0,1471,system_server,-1,DisplayDeviceConfig,requesting nits when no mapping exists.]
09-22 22:30:03.528 I/am_wtf ( 1471): [0,1471,system_server,-1,DisplayDeviceConfig,requesting nits when no mapping exists.]
09-22 22:30:03.543 I/am_wtf ( 1471): [0,1471,system_server,-1,DisplayDeviceConfig,requesting nits when no mapping exists.]
09-22 22:30:03.544 I/am_wtf ( 1471): [0,1471,system_server,-1,DisplayDeviceConfig,requesting nits when no mapping exists.]
09-22 22:30:03.560 I/am_wtf ( 1471): [0,1471,system_server,-1,DisplayDeviceConfig,requesting nits when no mapping exists.]
09-22 22:30:03.562 I/am_wtf ( 1471): [0,1471,system_server,-1,DisplayDeviceConfig,requesting nits when no mapping exists.]
09-22 22:30:03.577 I/am_wtf ( 1471): [0,1471,system_server,-1,DisplayDeviceConfig,requesting nits when no mapping exists.]
09-22 22:30:03.578 I/am_wtf ( 1471): [0,1471,system_server,-1,DisplayDeviceConfig,requesting nits when no mapping exists.]
09-22 22:30:03.593 I/am_wtf ( 1471): [0,1471,system_server,-1,DisplayDeviceConfig,requesting nits when no mapping exists.]
09-22 22:30:03.594 I/am_wtf ( 1471): [0,1471,system_server,-1,DisplayDeviceConfig,requesting nits when no mapping exists.]
09-22 22:30:03.610 I/am_wtf ( 1471): [0,1471,system_server,-1,DisplayDeviceConfig,requesting nits when no mapping exists.]
09-22 22:30:03.611 I/am_wtf ( 1471): [0,1471,system_server,-1,DisplayDeviceConfig,requesting nits when no mapping exists.]
09-22 22:30:03.627 I/am_wtf ( 1471): [0,1471,system_server,-1,DisplayDeviceConfig,requesting nits when no mapping exists.]
09-22 22:30:03.629 I/am_wtf ( 1471): [0,1471,system_server,-1,DisplayDeviceConfig,requesting nits when no mapping exists.]
09-22 22:30:03.643 I/am_wtf ( 1471): [0,1471,system_server,-1,DisplayDeviceConfig,requesting nits when no mapping exists.]
09-22 22:30:03.644 I/am_wtf ( 1471): [0,1471,system_server,-1,DisplayDeviceConfig,requesting nits when no mapping exists.]
09-22 22:30:03.660 I/am_wtf ( 1471): [0,1471,system_server,-1,DisplayDeviceConfig,requesting nits when no mapping exists.]
09-22 22:30:03.661 I/am_wtf ( 1471): [0,1471,system_server,-1,DisplayDeviceConfig,requesting nits when no mapping exists.]
09-22 22:30:09.909 I/sysui_multi_action( 1471): [757,222,758,1]
09-22 22:30:09.926 I/wm_task_created( 1471): [36,-1]
09-22 22:30:09.930 I/wm_task_moved( 1471): [36,1,6]
09-22 22:30:09.930 I/wm_task_to_front( 1471): [0,36]
09-22 22:30:09.931 I/wm_create_task( 1471): [0,36]
09-22 22:30:09.931 I/wm_create_activity( 1471): [0,54872197,36,com.android.deskclock/android.service.dreams.DreamActivity,NULL,NULL,NULL,276824064]
09-22 22:30:09.931 I/wm_task_moved( 1471): [36,1,6]
09-22 22:30:09.931 I/wm_on_top_resumed_lost_called( 2388): [226227664,com.android.launcher3.uioverrides.QuickstepLauncher,topStateChangedWhenResumed]
09-22 22:30:09.934 I/wm_pause_activity( 1471): [0,226227664,com.android.launcher3/.uioverrides.QuickstepLauncher,userLeaving=true,pauseBackTasks]
09-22 22:30:09.940 I/wm_on_paused_called( 2388): [226227664,com.android.launcher3.uioverrides.QuickstepLauncher,performPause]
09-22 22:30:09.948 I/wm_add_to_stopping( 1471): [0,226227664,com.android.launcher3/.uioverrides.QuickstepLauncher,makeInvisible]
09-22 22:30:09.948 I/wm_restart_activity( 1471): [0,54872197,36,com.android.deskclock/android.service.dreams.DreamActivity]
09-22 22:30:09.950 I/wm_set_resumed_activity( 1471): [0,com.android.deskclock/android.service.dreams.DreamActivity,minimalResumeActivityLocked]
09-22 22:30:09.955 I/sysui_multi_action( 1471): [757,803,799,window_time_0,802,61]
09-22 22:30:09.960 I/wm_on_create_called( 2544): [54872197,android.service.dreams.DreamActivity,performCreate]
09-22 22:30:09.961 I/wm_on_start_called( 2544): [54872197,android.service.dreams.DreamActivity,handleStartActivity]
09-22 22:30:09.962 I/wm_on_resume_called( 2544): [54872197,android.service.dreams.DreamActivity,RESUME_ACTIVITY]
09-22 22:30:09.967 I/wm_on_top_resumed_gained_called( 2544): [54872197,android.service.dreams.DreamActivity,topStateChangedWhenResumed]
09-22 22:30:09.974 I/input_focus( 1471): [Focus leaving 4ed4abc com.android.launcher3/com.android.launcher3.uioverrides.QuickstepLauncher (server),reason=NO_WINDOW]
09-22 22:30:09.997 I/input_focus( 1471): [Focus request 616e801 com.android.deskclock/android.service.dreams.DreamActivity,reason=UpdateInputWindows]
09-22 22:30:10.000 I/notification_enqueue( 1471): [10081,1849,com.android.systemui,2048,NULL,0,Notification(channel=updateNotification shortcut=null contentView=null vibrate=null sound=null defaults=0x0 flags=0x0 color=0x00000000 vis=PRIVATE),1]
09-22 22:30:10.003 I/sysui_multi_action( 1849): [757,111,758,2]
09-22 22:30:10.004 I/sysui_multi_action( 1849): [757,111,758,2]
09-22 22:30:10.019 I/sysui_multi_action( 1471): [757,1696,758,6,759,3]
09-22 22:30:10.020 I/sysui_multi_action( 1471): [319,90,322,89,325,217,757,761,758,8,759,2,806,com.android.deskclock,871,android.service.dreams.DreamActivity,904,com.android.deskclock,905,0,1320,4,1321,1]
09-22 22:30:10.022 I/wm_activity_launch_time( 1471): [0,54872197,com.android.deskclock/android.service.dreams.DreamActivity,89]
09-22 22:30:10.026 I/am_wtf ( 1471): [0,1471,system_server,-1,DisplayDeviceConfig,requesting nits when no mapping exists.]
09-22 22:30:10.027 I/am_wtf ( 1471): [0,1471,system_server,-1,DisplayDeviceConfig,requesting nits when no mapping exists.]
09-22 22:30:10.041 I/sysui_multi_action( 1849): [757,111,758,1]
09-22 22:30:10.042 I/sysui_multi_action( 1849): [757,126,758,1,759,126,927,0,928,0,1593,0]
09-22 22:30:10.042 I/sysui_multi_action( 1849): [757,113,758,1,759,113,927,1,928,1,1593,0]
09-22 22:30:10.042 I/sysui_multi_action( 1849): [757,0,758,1,759,0,927,2,928,0,1593,0]
09-22 22:30:10.042 I/sysui_multi_action( 1849): [757,0,758,1,759,0,927,3,928,0,1593,0]
09-22 22:30:10.042 I/sysui_multi_action( 1849): [757,1706,758,1,759,1706,927,4,928,0,1593,0]
09-22 22:30:10.042 I/sysui_multi_action( 1849): [757,491,758,1,759,491,927,5,928,0,1311,-1,1593,0]
09-22 22:30:10.042 I/sysui_multi_action( 1849): [757,0,758,1,759,0,927,6,928,0,1593,0]
09-22 22:30:10.042 I/sysui_multi_action( 1849): [757,111,758,1]
09-22 22:30:10.043 I/sysui_multi_action( 1849): [757,126,758,1,759,126,927,0,928,0,1593,0]
09-22 22:30:10.043 I/sysui_multi_action( 1849): [757,113,758,1,759,113,927,1,928,1,1593,0]
09-22 22:30:10.043 I/sysui_multi_action( 1849): [757,0,758,1,759,0,927,2,928,0,1593,0]
09-22 22:30:10.043 I/sysui_multi_action( 1849): [757,0,758,1,759,0,927,3,928,0,1593,0]
09-22 22:30:10.046 I/am_wtf ( 1471): [0,1471,system_server,-1,DisplayDeviceConfig,requesting nits when no mapping exists.]
09-22 22:30:10.047 I/am_wtf ( 1471): [0,1471,system_server,-1,DisplayDeviceConfig,requesting nits when no mapping exists.]
09-22 22:30:10.060 I/am_wtf ( 1471): [0,1471,system_server,-1,DisplayDeviceConfig,requesting nits when no mapping exists.]
09-22 22:30:10.061 I/am_wtf ( 1471): [0,1471,system_server,-1,DisplayDeviceConfig,requesting nits when no mapping exists.]
09-22 22:30:10.077 I/am_wtf ( 1471): [0,1471,system_server,-1,DisplayDeviceConfig,requesting nits when no mapping exists.]
09-22 22:30:10.077 I/input_focus( 1471): [Focus entering 616e801 com.android.deskclock/android.service.dreams.DreamActivity (server),reason=Window became focusable. Previous reason: NOT_VISIBLE]
09-22 22:30:10.078 I/am_wtf ( 1471): [0,1471,system_server,-1,DisplayDeviceConfig,requesting nits when no mapping exists.]
09-22 22:30:10.092 I/am_wtf ( 1471): [0,1471,system_server,-1,DisplayDeviceConfig,requesting nits when no mapping exists.]
09-22 22:30:10.093 I/am_wtf ( 1471): [0,1471,system_server,-1,DisplayDeviceConfig,requesting nits when no mapping exists.]
09-22 22:30:10.114 I/am_wtf ( 1471): [0,1471,system_server,-1,DisplayDeviceConfig,requesting nits when no mapping exists.]
09-22 22:30:10.115 I/am_wtf ( 1471): [0,1471,system_server,-1,DisplayDeviceConfig,requesting nits when no mapping exists.]
09-22 22:30:10.126 I/am_wtf ( 1471): [0,1471,system_server,-1,DisplayDeviceConfig,requesting nits when no mapping exists.]
09-22 22:30:10.127 I/am_wtf ( 1471): [0,1471,system_server,-1,DisplayDeviceConfig,requesting nits when no mapping exists.]
09-22 22:30:10.144 I/am_wtf ( 1471): [0,1471,system_server,-1,DisplayDeviceConfig,requesting nits when no mapping exists.]
09-22 22:30:10.145 I/am_wtf ( 1471): [0,1471,system_server,-1,DisplayDeviceConfig,requesting nits when no mapping exists.]
09-22 22:30:10.161 I/am_wtf ( 1471): [0,1471,system_server,-1,DisplayDeviceConfig,requesting nits when no mapping exists.]
09-22 22:30:10.162 I/am_wtf ( 1471): [0,1471,system_server,-1,DisplayDeviceConfig,requesting nits when no mapping exists.]
09-22 22:30:10.178 I/am_wtf ( 1471): [0,1471,system_server,-1,DisplayDeviceConfig,requesting nits when no mapping exists.]
09-22 22:30:10.179 I/am_wtf ( 1471): [0,1471,system_server,-1,DisplayDeviceConfig,requesting nits when no mapping exists.]
09-22 22:30:10.193 I/am_wtf ( 1471): [0,1471,system_server,-1,DisplayDeviceConfig,requesting nits when no mapping exists.]
09-22 22:30:10.193 I/am_wtf ( 1471): [0,1471,system_server,-1,DisplayDeviceConfig,requesting nits when no mapping exists.]
09-22 22:30:10.203 I/sysui_multi_action( 1471): [757,1501,758,1,793,197404,794,0,795,204,796,2048,806,com.android.systemui,857,updateNotification,858,3,947,0,1500,0,1688,1]
09-22 22:30:10.203 I/sysui_multi_action( 1471): [757,804,799,note_interruptive,801,0,802,1]
09-22 22:30:10.204 I/sysui_multi_action( 1471): [757,199,758,1,759,2,793,197404,794,0,795,204,796,2048,806,com.android.systemui,857,updateNotification,858,3,947,0,1500,0,1688,1]
09-22 22:30:10.204 I/notification_alert( 1471): [0|com.android.systemui|2048|null|10081,0,1,0]
09-22 22:30:10.213 I/am_wtf ( 1471): [0,1471,system_server,-1,DisplayDeviceConfig,requesting nits when no mapping exists.]
09-22 22:30:10.214 I/am_wtf ( 1471): [0,1471,system_server,-1,DisplayDeviceConfig,requesting nits when no mapping exists.]
09-22 22:30:10.227 I/am_wtf ( 1471): [0,1471,system_server,-1,DisplayDeviceConfig,requesting nits when no mapping exists.]
09-22 22:30:10.227 I/am_wtf ( 1471): [0,1471,system_server,-1,DisplayDeviceConfig,requesting nits when no mapping exists.]
09-22 22:30:10.244 I/am_wtf ( 1471): [0,1471,system_server,-1,DisplayDeviceConfig,requesting nits when no mapping exists.]
09-22 22:30:10.245 I/am_wtf ( 1471): [0,1471,system_server,-1,DisplayDeviceConfig,requesting nits when no mapping exists.]
09-22 22:30:10.260 I/am_wtf ( 1471): [0,1471,system_server,-1,DisplayDeviceConfig,requesting nits when no mapping exists.]
09-22 22:30:10.261 I/am_wtf ( 1471): [0,1471,system_server,-1,DisplayDeviceConfig,requesting nits when no mapping exists.]
09-22 22:30:10.281 I/am_wtf ( 1471): [0,1471,system_server,-1,DisplayDeviceConfig,requesting nits when no mapping exists.]
09-22 22:30:10.282 I/am_wtf ( 1471): [0,1471,system_server,-1,DisplayDeviceConfig,requesting nits when no mapping exists.]
09-22 22:30:10.294 I/am_wtf ( 1471): [0,1471,system_server,-1,DisplayDeviceConfig,requesting nits when no mapping exists.]
09-22 22:30:10.294 I/am_wtf ( 1471): [0,1471,system_server,-1,DisplayDeviceConfig,requesting nits when no mapping exists.]
09-22 22:30:10.311 I/wm_stop_activity( 1471): [0,226227664,com.android.launcher3/.uioverrides.QuickstepLauncher]
09-22 22:30:10.314 I/am_wtf ( 1471): [0,1471,system_server,-1,DisplayDeviceConfig,requesting nits when no mapping exists.]
09-22 22:30:10.317 I/am_wtf ( 1471): [0,1471,system_server,-1,DisplayDeviceConfig,requesting nits when no mapping exists.]
09-22 22:30:10.335 I/am_wtf ( 1471): [0,1471,system_server,-1,DisplayDeviceConfig,requesting nits when no mapping exists.]
09-22 22:30:10.336 I/am_wtf ( 1471): [0,1471,system_server,-1,DisplayDeviceConfig,requesting nits when no mapping exists.]
09-22 22:30:10.338 I/wm_on_stop_called( 2388): [226227664,com.android.launcher3.uioverrides.QuickstepLauncher,STOP_ACTIVITY_ITEM]
09-22 22:30:10.343 I/am_wtf ( 1471): [0,1471,system_server,-1,DisplayDeviceConfig,requesting nits when no mapping exists.]
09-22 22:30:10.344 I/am_wtf ( 1471): [0,1471,system_server,-1,DisplayDeviceConfig,requesting nits when no mapping exists.]
09-22 22:30:10.362 I/am_wtf ( 1471): [0,1471,system_server,-1,DisplayDeviceConfig,requesting nits when no mapping exists.]
09-22 22:30:10.363 I/am_wtf ( 1471): [0,1471,system_server,-1,DisplayDeviceConfig,requesting nits when no mapping exists.]
09-22 22:30:10.379 I/am_wtf ( 1471): [0,1471,system_server,-1,DisplayDeviceConfig,requesting nits when no mapping exists.]
09-22 22:30:10.380 I/am_wtf ( 1471): [0,1471,system_server,-1,DisplayDeviceConfig,requesting nits when no mapping exists.]
09-22 22:30:10.394 I/am_wtf ( 1471): [0,1471,system_server,-1,DisplayDeviceConfig,requesting nits when no mapping exists.]
09-22 22:30:10.396 I/am_wtf ( 1471): [0,1471,system_server,-1,DisplayDeviceConfig,requesting nits when no mapping exists.]
09-22 22:30:10.410 I/am_wtf ( 1471): [0,1471,system_server,-1,DisplayDeviceConfig,requesting nits when no mapping exists.]
09-22 22:30:10.411 I/service_manager_stats( 1471): [100,60,7183]
09-22 22:30:10.411 I/am_wtf ( 1471): [0,1471,system_server,-1,DisplayDeviceConfig,requesting nits when no mapping exists.]
09-22 22:30:10.427 I/am_wtf ( 1471): [0,1471,system_server,-1,DisplayDeviceConfig,requesting nits when no mapping exists.]
09-22 22:30:10.429 I/am_wtf ( 1471): [0,1471,system_server,-1,DisplayDeviceConfig,requesting nits when no mapping exists.]
09-22 22:30:10.444 I/am_wtf ( 1471): [0,1471,system_server,-1,DisplayDeviceConfig,requesting nits when no mapping exists.]
09-22 22:30:10.445 I/am_wtf ( 1471): [0,1471,system_server,-1,DisplayDeviceConfig,requesting nits when no mapping exists.]
09-22 22:30:10.463 I/am_wtf ( 1471): [0,1471,system_server,-1,DisplayDeviceConfig,requesting nits when no mapping exists.]
09-22 22:30:10.465 I/am_wtf ( 1471): [0,1471,system_server,-1,DisplayDeviceConfig,requesting nits when no mapping exists.]
09-22 22:30:10.481 I/am_wtf ( 1471): [0,1471,system_server,-1,DisplayDeviceConfig,requesting nits when no mapping exists.]
09-22 22:30:10.482 I/am_wtf ( 1471): [0,1471,system_server,-1,DisplayDeviceConfig,requesting nits when no mapping exists.]
09-22 22:30:10.494 I/am_wtf ( 1471): [0,1471,system_server,-1,DisplayDeviceConfig,requesting nits when no mapping exists.]
09-22 22:30:10.495 I/am_wtf ( 1471): [0,1471,system_server,-1,DisplayDeviceConfig,requesting nits when no mapping exists.]
09-22 22:30:10.510 I/am_wtf ( 1471): [0,1471,system_server,-1,DisplayDeviceConfig,requesting nits when no mapping exists.]
09-22 22:30:10.512 I/am_wtf ( 1471): [0,1471,system_server,-1,DisplayDeviceConfig,requesting nits when no mapping exists.]
09-22 22:30:10.527 I/am_wtf ( 1471): [0,1471,system_server,-1,DisplayDeviceConfig,requesting nits when no mapping exists.]
09-22 22:30:10.528 I/am_wtf ( 1471): [0,1471,system_server,-1,DisplayDeviceConfig,requesting nits when no mapping exists.]
09-22 22:30:10.546 I/am_wtf ( 1471): [0,1471,system_server,-1,DisplayDeviceConfig,requesting nits when no mapping exists.]
09-22 22:30:10.550 I/am_wtf ( 1471): [0,1471,system_server,-1,DisplayDeviceConfig,requesting nits when no mapping exists.]
09-22 22:30:10.568 I/am_wtf ( 1471): [0,1471,system_server,-1,DisplayDeviceConfig,requesting nits when no mapping exists.]
09-22 22:30:10.569 I/am_wtf ( 1471): [0,1471,system_server,-1,DisplayDeviceConfig,requesting nits when no mapping exists.]
09-22 22:30:10.584 I/am_wtf ( 1471): [0,1471,system_server,-1,DisplayDeviceConfig,requesting nits when no mapping exists.]
09-22 22:30:10.585 I/am_wtf ( 1471): [0,1471,system_server,-1,DisplayDeviceConfig,requesting nits when no mapping exists.]
09-22 22:30:10.596 I/am_wtf ( 1471): [0,1471,system_server,-1,DisplayDeviceConfig,requesting nits when no mapping exists.]
09-22 22:30:10.597 I/am_wtf ( 1471): [0,1471,system_server,-1,DisplayDeviceConfig,requesting nits when no mapping exists.]
09-22 22:30:10.611 I/am_wtf ( 1471): [0,1471,system_server,-1,DisplayDeviceConfig,requesting nits when no mapping exists.]
09-22 22:30:10.613 I/am_wtf ( 1471): [0,1471,system_server,-1,DisplayDeviceConfig,requesting nits when no mapping exists.]
09-22 22:30:10.627 I/am_wtf ( 1471): [0,1471,system_server,-1,DisplayDeviceConfig,requesting nits when no mapping exists.]
09-22 22:30:10.628 I/am_wtf ( 1471): [0,1471,system_server,-1,DisplayDeviceConfig,requesting nits when no mapping exists.]
09-22 22:30:10.645 I/am_wtf ( 1471): [0,1471,system_server,-1,DisplayDeviceConfig,requesting nits when no mapping exists.]
09-22 22:30:10.645 I/am_wtf ( 1471): [0,1471,system_server,-1,DisplayDeviceConfig,requesting nits when no mapping exists.]
09-22 22:30:10.661 I/am_wtf ( 1471): [0,1471,system_server,-1,DisplayDeviceConfig,requesting nits when no mapping exists.]
09-22 22:30:10.662 I/am_wtf ( 1471): [0,1471,system_server,-1,DisplayDeviceConfig,requesting nits when no mapping exists.]
09-22 22:30:10.685 I/am_wtf ( 1471): [0,1471,system_server,-1,DisplayDeviceConfig,requesting nits when no mapping exists.]
09-22 22:30:10.685 I/am_wtf ( 1471): [0,1471,system_server,-1,DisplayDeviceConfig,requesting nits when no mapping exists.]
09-22 22:30:10.694 I/am_wtf ( 1471): [0,1471,system_server,-1,DisplayDeviceConfig,requesting nits when no mapping exists.]
09-22 22:30:10.694 I/am_wtf ( 1471): [0,1471,system_server,-1,DisplayDeviceConfig,requesting nits when no mapping exists.]
09-22 22:30:10.714 I/am_wtf ( 1471): [0,1471,system_server,-1,DisplayDeviceConfig,requesting nits when no mapping exists.]
09-22 22:30:10.715 I/am_wtf ( 1471): [0,1471,system_server,-1,DisplayDeviceConfig,requesting nits when no mapping exists.]
09-22 22:30:10.731 I/am_wtf ( 1471): [0,1471,system_server,-1,DisplayDeviceConfig,requesting nits when no mapping exists.]
09-22 22:30:10.732 I/am_wtf ( 1471): [0,1471,system_server,-1,DisplayDeviceConfig,requesting nits when no mapping exists.]
09-22 22:30:10.746 I/am_wtf ( 1471): [0,1471,system_server,-1,DisplayDeviceConfig,requesting nits when no mapping exists.]
09-22 22:30:10.748 I/am_wtf ( 1471): [0,1471,system_server,-1,DisplayDeviceConfig,requesting nits when no mapping exists.]
09-22 22:30:10.766 I/am_wtf ( 1471): [0,1471,system_server,-1,DisplayDeviceConfig,requesting nits when no mapping exists.]
09-22 22:30:10.767 I/am_wtf ( 1471): [0,1471,system_server,-1,DisplayDeviceConfig,requesting nits when no mapping exists.]
09-22 22:30:10.778 I/am_wtf ( 1471): [0,1471,system_server,-1,DisplayDeviceConfig,requesting nits when no mapping exists.]
09-22 22:30:10.779 I/am_wtf ( 1471): [0,1471,system_server,-1,DisplayDeviceConfig,requesting nits when no mapping exists.]
09-22 22:30:10.800 I/am_wtf ( 1471): [0,1471,system_server,-1,DisplayDeviceConfig,requesting nits when no mapping exists.]
09-22 22:30:10.803 I/am_wtf ( 1471): [0,1471,system_server,-1,DisplayDeviceConfig,requesting nits when no mapping exists.]
09-22 22:30:10.813 I/am_wtf ( 1471): [0,1471,system_server,-1,DisplayDeviceConfig,requesting nits when no mapping exists.]
09-22 22:30:10.813 I/am_wtf ( 1471): [0,1471,system_server,-1,DisplayDeviceConfig,requesting nits when no mapping exists.]
09-22 22:30:10.829 I/am_wtf ( 1471): [0,1471,system_server,-1,DisplayDeviceConfig,requesting nits when no mapping exists.]
09-22 22:30:10.829 I/am_wtf ( 1471): [0,1471,system_server,-1,DisplayDeviceConfig,requesting nits when no mapping exists.]
09-22 22:30:10.847 I/am_wtf ( 1471): [0,1471,system_server,-1,DisplayDeviceConfig,requesting nits when no mapping exists.]
09-22 22:30:10.848 I/am_wtf ( 1471): [0,1471,system_server,-1,DisplayDeviceConfig,requesting nits when no mapping exists.]
