09-23 00:43:27.489 I/wm_on_paused_called( 2388): [226227664,com.android.launcher3.uioverrides.QuickstepLauncher,performPause]
09-23 00:43:27.494 I/wm_restart_activity( 1471): [0,169513440,45,com.android.systemui/.screenrecord.ScreenRecordDialog]
09-23 00:43:27.495 I/wm_set_resumed_activity( 1471): [0,com.android.systemui/.screenrecord.ScreenRecordDialog,minimalResumeActivityLocked]
09-23 00:43:27.505 I/sysui_multi_action( 1471): [757,803,799,window_time_0,802,4]
09-23 00:43:27.533 I/input_focus( 1471): [Focus leaving b23aca NotificationShade (server),reason=NOT_FOCUSABLE]
09-23 00:43:27.542 I/wm_on_create_called( 1849): [169513440,com.android.systemui.screenrecord.ScreenRecordDialog,performCreate]
09-23 00:43:27.543 I/wm_on_start_called( 1849): [169513440,com.android.systemui.screenrecord.ScreenRecordDialog,handleStartActivity]
09-23 00:43:27.544 I/wm_on_resume_called( 1849): [169513440,com.android.systemui.screenrecord.ScreenRecordDialog,RESUME_ACTIVITY]
09-23 00:43:27.547 I/wm_on_top_resumed_gained_called( 1849): [169513440,com.android.systemui.screenrecord.ScreenRecordDialog,topStateChangedWhenResumed]
09-23 00:43:27.566 I/input_focus( 1471): [Focus request 1dddc5b com.android.systemui/com.android.systemui.screenrecord.ScreenRecordDialog,reason=UpdateInputWindows]
09-23 00:43:27.602 I/sysui_multi_action( 1471): [319,116,322,115,325,8214,757,761,758,8,759,2,806,com.android.systemui,871,com.android.systemui.screenrecord.ScreenRecordDialog,904,com.android.systemui,905,0,1320,8,1321,5]
09-23 00:43:27.605 I/wm_activity_launch_time( 1471): [0,169513440,com.android.systemui/.screenrecord.ScreenRecordDialog,115]
09-23 00:43:27.617 I/input_focus( 1471): [Focus entering 1dddc5b com.android.systemui/com.android.systemui.screenrecord.ScreenRecordDialog (server),reason=Window became focusable. Previous reason: NOT_VISIBLE]
09-23 00:43:27.752 I/sysui_multi_action( 1849): [757,111,758,2]
09-23 00:43:27.753 I/sysui_multi_action( 1849): [757,111,758,2]
09-23 00:43:27.753 I/notification_enqueue( 1471): [10081,1849,com.android.systemui,2048,NULL,0,Notification(channel=updateNotification shortcut=null contentView=null vibrate=null sound=null defaults=0x0 flags=0x0 color=0x00000000 vis=PRIVATE),1]
09-23 00:43:27.759 I/sysui_multi_action( 1849): [757,111,758,1]
09-23 00:43:27.759 I/sysui_multi_action( 1849): [757,126,758,1,759,126,927,0,928,0,1593,0]
09-23 00:43:27.759 I/sysui_multi_action( 1849): [757,113,758,1,759,113,927,1,928,1,1593,0]
09-23 00:43:27.759 I/sysui_multi_action( 1849): [757,0,758,1,759,0,927,2,928,0,1593,0]
09-23 00:43:27.759 I/sysui_multi_action( 1849): [757,0,758,1,759,0,927,3,928,0,1593,1]
09-23 00:43:27.760 I/sysui_multi_action( 1849): [757,1706,758,1,759,1706,927,4,928,0,1593,1]
09-23 00:43:27.760 I/sysui_multi_action( 1849): [757,491,758,1,759,491,927,5,928,0,1311,-1,1593,0]
09-23 00:43:27.760 I/sysui_multi_action( 1849): [757,0,758,1,759,0,927,6,928,0,1593,0]
09-23 00:43:27.761 I/sysui_multi_action( 1849): [757,111,758,1]
09-23 00:43:27.761 I/sysui_multi_action( 1849): [757,126,758,1,759,126,927,0,928,0,1593,1]
09-23 00:43:27.761 I/sysui_multi_action( 1849): [757,113,758,1,759,113,927,1,928,1,1593,1]
09-23 00:43:27.761 I/sysui_multi_action( 1849): [757,0,758,1,759,0,927,2,928,0,1593,1]
09-23 00:43:27.761 I/sysui_multi_action( 1849): [757,0,758,1,759,0,927,3,928,0,1593,1]
09-23 00:43:27.780 I/sysui_multi_action( 1849): [757,111,758,2]
09-23 00:43:27.780 I/notification_enqueue( 1471): [10081,1849,com.android.systemui,2048,NULL,0,Notification(channel=updateNotification shortcut=null contentView=null vibrate=null sound=null defaults=0x0 flags=0x0 color=0x00000000 vis=PRIVATE),1]
09-23 00:43:27.781 I/sysui_multi_action( 1849): [757,111,758,2]
09-23 00:43:27.789 I/sysui_multi_action( 1849): [757,111,758,1]
09-23 00:43:27.789 I/sysui_multi_action( 1849): [757,126,758,1,759,126,927,0,928,0,1593,1]
09-23 00:43:27.789 I/sysui_multi_action( 1849): [757,113,758,1,759,113,927,1,928,1,1593,1]
09-23 00:43:27.790 I/sysui_multi_action( 1849): [757,0,758,1,759,0,927,2,928,0,1593,1]
09-23 00:43:27.790 I/sysui_multi_action( 1849): [757,0,758,1,759,0,927,3,928,0,1593,1]
09-23 00:43:27.790 I/sysui_multi_action( 1849): [757,1706,758,1,759,1706,927,4,928,0,1593,1]
09-23 00:43:27.791 I/sysui_multi_action( 1849): [757,491,758,1,759,491,927,5,928,0,1311,-1,1593,0]
09-23 00:43:27.791 I/sysui_multi_action( 1849): [757,0,758,1,759,0,927,6,928,0,1593,0]
09-23 00:43:27.791 I/sysui_multi_action( 1849): [757,111,758,1]
09-23 00:43:27.791 I/sysui_multi_action( 1849): [757,126,758,1,759,126,927,0,928,0,1593,1]
09-23 00:43:27.791 I/sysui_multi_action( 1849): [757,113,758,1,759,113,927,1,928,1,1593,1]
09-23 00:43:27.791 I/sysui_multi_action( 1849): [757,0,758,1,759,0,927,2,928,0,1593,1]
09-23 00:43:27.792 I/sysui_multi_action( 1849): [757,0,758,1,759,0,927,3,928,0,1593,1]
09-23 00:43:27.801 I/sysui_multi_action( 1849): [757,111,758,2]
09-23 00:43:27.801 I/notification_enqueue( 1471): [10081,1849,com.android.systemui,2048,NULL,0,Notification(channel=updateNotification shortcut=null contentView=null vibrate=null sound=null defaults=0x0 flags=0x0 color=0x00000000 vis=PRIVATE),1]
09-23 00:43:27.801 I/sysui_multi_action( 1849): [757,111,758,2]
09-23 00:43:27.807 I/sysui_multi_action( 1849): [757,111,758,1]
09-23 00:43:27.807 I/sysui_multi_action( 1849): [757,126,758,1,759,126,927,0,928,0,1593,1]
09-23 00:43:27.807 I/sysui_multi_action( 1849): [757,113,758,1,759,113,927,1,928,1,1593,1]
09-23 00:43:27.807 I/sysui_multi_action( 1849): [757,0,758,1,759,0,927,2,928,0,1593,1]
09-23 00:43:27.808 I/sysui_multi_action( 1849): [757,0,758,1,759,0,927,3,928,0,1593,1]
09-23 00:43:27.808 I/sysui_multi_action( 1849): [757,1706,758,1,759,1706,927,4,928,0,1593,1]
09-23 00:43:27.808 I/sysui_multi_action( 1849): [757,491,758,1,759,491,927,5,928,0,1311,-1,1593,0]
09-23 00:43:27.808 I/sysui_multi_action( 1849): [757,0,758,1,759,0,927,6,928,0,1593,0]
09-23 00:43:27.808 I/sysui_multi_action( 1849): [757,111,758,1]
09-23 00:43:27.808 I/sysui_multi_action( 1849): [757,126,758,1,759,126,927,0,928,0,1593,1]
09-23 00:43:27.809 I/sysui_multi_action( 1849): [757,113,758,1,759,113,927,1,928,1,1593,1]
09-23 00:43:27.809 I/sysui_multi_action( 1849): [757,0,758,1,759,0,927,2,928,0,1593,1]
09-23 00:43:27.809 I/sysui_multi_action( 1849): [757,0,758,1,759,0,927,3,928,0,1593,1]
09-23 00:43:27.818 I/notification_enqueue( 1471): [10081,1849,com.android.systemui,2048,NULL,0,Notification(channel=updateNotification shortcut=null contentView=null vibrate=null sound=null defaults=0x0 flags=0x0 color=0x00000000 vis=PRIVATE),1]
09-23 00:43:27.818 I/sysui_multi_action( 1849): [757,111,758,2]
09-23 00:43:27.819 I/sysui_multi_action( 1849): [757,111,758,2]
09-23 00:43:27.823 I/sysui_multi_action( 1849): [757,111,758,1]
09-23 00:43:27.824 I/sysui_multi_action( 1849): [757,126,758,1,759,126,927,0,928,0,1593,1]
09-23 00:43:27.824 I/sysui_multi_action( 1849): [757,113,758,1,759,113,927,1,928,1,1593,1]
09-23 00:43:27.824 I/sysui_multi_action( 1849): [757,0,758,1,759,0,927,2,928,0,1593,1]
09-23 00:43:27.824 I/sysui_multi_action( 1849): [757,0,758,1,759,0,927,3,928,0,1593,1]
09-23 00:43:27.824 I/sysui_multi_action( 1849): [757,1706,758,1,759,1706,927,4,928,0,1593,1]
09-23 00:43:27.824 I/sysui_multi_action( 1849): [757,491,758,1,759,491,927,5,928,0,1311,-1,1593,0]
09-23 00:43:27.824 I/sysui_multi_action( 1849): [757,0,758,1,759,0,927,6,928,0,1593,0]
09-23 00:43:27.825 I/sysui_multi_action( 1849): [757,111,758,1]
09-23 00:43:27.825 I/sysui_multi_action( 1849): [757,126,758,1,759,126,927,0,928,0,1593,1]
09-23 00:43:27.825 I/sysui_multi_action( 1849): [757,113,758,1,759,113,927,1,928,1,1593,1]
09-23 00:43:27.825 I/sysui_multi_action( 1849): [757,0,758,1,759,0,927,2,928,0,1593,1]
09-23 00:43:27.825 I/sysui_multi_action( 1849): [757,0,758,1,759,0,927,3,928,0,1593,1]
09-23 00:43:27.834 I/notification_enqueue( 1471): [10081,1849,com.android.systemui,2048,NULL,0,Notification(channel=updateNotification shortcut=null contentView=null vibrate=null sound=null defaults=0x0 flags=0x0 color=0x00000000 vis=PRIVATE),1]
09-23 00:43:27.834 I/sysui_multi_action( 1849): [757,111,758,2]
09-23 00:43:27.834 I/sysui_multi_action( 1849): [757,111,758,2]
09-23 00:43:27.839 I/sysui_multi_action( 1849): [757,111,758,1]
09-23 00:43:27.839 I/sysui_multi_action( 1849): [757,126,758,1,759,126,927,0,928,0,1593,1]
09-23 00:43:27.839 I/sysui_multi_action( 1849): [757,113,758,1,759,113,927,1,928,1,1593,1]
09-23 00:43:27.839 I/sysui_multi_action( 1849): [757,0,758,1,759,0,927,2,928,0,1593,1]
09-23 00:43:27.839 I/sysui_multi_action( 1849): [757,0,758,1,759,0,927,3,928,0,1593,1]
09-23 00:43:27.839 I/sysui_multi_action( 1849): [757,1706,758,1,759,1706,927,4,928,0,1593,1]
09-23 00:43:27.839 I/sysui_multi_action( 1849): [757,491,758,1,759,491,927,5,928,0,1311,-1,1593,0]
09-23 00:43:27.839 I/sysui_multi_action( 1849): [757,0,758,1,759,0,927,6,928,0,1593,0]
09-23 00:43:27.839 I/sysui_multi_action( 1849): [757,111,758,1]
09-23 00:43:27.840 I/sysui_multi_action( 1849): [757,126,758,1,759,126,927,0,928,0,1593,1]
09-23 00:43:27.840 I/sysui_multi_action( 1849): [757,113,758,1,759,113,927,1,928,1,1593,1]
09-23 00:43:27.840 I/sysui_multi_action( 1849): [757,0,758,1,759,0,927,2,928,0,1593,1]
09-23 00:43:27.840 I/sysui_multi_action( 1849): [757,0,758,1,759,0,927,3,928,0,1593,1]
09-23 00:43:27.851 I/sysui_multi_action( 1849): [757,111,758,2]
09-23 00:43:27.851 I/notification_enqueue( 1471): [10081,1849,com.android.systemui,2048,NULL,0,Notification(channel=updateNotification shortcut=null contentView=null vibrate=null sound=null defaults=0x0 flags=0x0 color=0x00000000 vis=PRIVATE),1]
09-23 00:43:27.852 I/sysui_multi_action( 1849): [757,111,758,2]
09-23 00:43:27.856 I/sysui_multi_action( 1849): [757,111,758,1]
09-23 00:43:27.856 I/sysui_multi_action( 1849): [757,126,758,1,759,126,927,0,928,0,1593,1]
09-23 00:43:27.856 I/sysui_multi_action( 1849): [757,113,758,1,759,113,927,1,928,1,1593,1]
09-23 00:43:27.856 I/sysui_multi_action( 1849): [757,0,758,1,759,0,927,2,928,0,1593,1]
09-23 00:43:27.857 I/sysui_multi_action( 1849): [757,0,758,1,759,0,927,3,928,0,1593,1]
09-23 00:43:27.857 I/sysui_multi_action( 1849): [757,1706,758,1,759,1706,927,4,928,0,1593,1]
09-23 00:43:27.857 I/sysui_multi_action( 1849): [757,491,758,1,759,491,927,5,928,0,1311,-1,1593,0]
09-23 00:43:27.857 I/sysui_multi_action( 1849): [757,0,758,1,759,0,927,6,928,0,1593,0]
09-23 00:43:27.857 I/sysui_multi_action( 1849): [757,111,758,1]
09-23 00:43:27.857 I/sysui_multi_action( 1849): [757,126,758,1,759,126,927,0,928,0,1593,1]
09-23 00:43:27.857 I/sysui_multi_action( 1849): [757,113,758,1,759,113,927,1,928,1,1593,1]
09-23 00:43:27.857 I/sysui_multi_action( 1849): [757,0,758,1,759,0,927,2,928,0,1593,1]
09-23 00:43:27.857 I/sysui_multi_action( 1849): [757,0,758,1,759,0,927,3,928,0,1593,1]
09-23 00:43:27.868 I/sysui_multi_action( 1849): [757,111,758,2]
09-23 00:43:27.868 I/notification_enqueue( 1471): [10081,1849,com.android.systemui,2048,NULL,0,Notification(channel=updateNotification shortcut=null contentView=null vibrate=null sound=null defaults=0x0 flags=0x0 color=0x00000000 vis=PRIVATE),1]
09-23 00:43:27.868 I/sysui_multi_action( 1849): [757,111,758,2]
09-23 00:43:27.872 I/sysui_multi_action( 1849): [757,111,758,1]
09-23 00:43:27.872 I/sysui_multi_action( 1849): [757,126,758,1,759,126,927,0,928,0,1593,1]
09-23 00:43:27.872 I/sysui_multi_action( 1849): [757,113,758,1,759,113,927,1,928,1,1593,1]
09-23 00:43:27.872 I/sysui_multi_action( 1849): [757,0,758,1,759,0,927,2,928,0,1593,1]
09-23 00:43:27.872 I/sysui_multi_action( 1849): [757,0,758,1,759,0,927,3,928,0,1593,1]
09-23 00:43:27.872 I/sysui_multi_action( 1849): [757,1706,758,1,759,1706,927,4,928,0,1593,1]
09-23 00:43:27.872 I/sysui_multi_action( 1849): [757,491,758,1,759,491,927,5,928,0,1311,-1,1593,0]
09-23 00:43:27.872 I/sysui_multi_action( 1849): [757,0,758,1,759,0,927,6,928,0,1593,0]
09-23 00:43:27.872 I/sysui_multi_action( 1849): [757,111,758,1]
09-23 00:43:27.872 I/sysui_multi_action( 1849): [757,126,758,1,759,126,927,0,928,0,1593,1]
09-23 00:43:27.872 I/sysui_multi_action( 1849): [757,113,758,1,759,113,927,1,928,1,1593,1]
09-23 00:43:27.872 I/sysui_multi_action( 1849): [757,0,758,1,759,0,927,2,928,0,1593,1]
09-23 00:43:27.872 I/sysui_multi_action( 1849): [757,0,758,1,759,0,927,3,928,0,1593,1]
09-23 00:43:27.885 I/sysui_multi_action( 1849): [757,111,758,2]
09-23 00:43:27.885 I/notification_enqueue( 1471): [10081,1849,com.android.systemui,2048,NULL,0,Notification(channel=updateNotification shortcut=null contentView=null vibrate=null sound=null defaults=0x0 flags=0x0 color=0x00000000 vis=PRIVATE),1]
09-23 00:43:27.885 I/sysui_multi_action( 1849): [757,111,758,2]
09-23 00:43:27.889 I/sysui_multi_action( 1849): [757,111,758,1]
09-23 00:43:27.889 I/sysui_multi_action( 1849): [757,126,758,1,759,126,927,0,928,0,1593,1]
09-23 00:43:27.889 I/sysui_multi_action( 1849): [757,113,758,1,759,113,927,1,928,1,1593,1]
09-23 00:43:27.889 I/sysui_multi_action( 1849): [757,0,758,1,759,0,927,2,928,0,1593,1]
09-23 00:43:27.889 I/sysui_multi_action( 1849): [757,0,758,1,759,0,927,3,928,0,1593,1]
09-23 00:43:27.889 I/sysui_multi_action( 1849): [757,1706,758,1,759,1706,927,4,928,0,1593,1]
09-23 00:43:27.889 I/sysui_multi_action( 1849): [757,491,758,1,759,491,927,5,928,0,1311,-1,1593,0]
09-23 00:43:27.890 I/sysui_multi_action( 1849): [757,0,758,1,759,0,927,6,928,0,1593,0]
09-23 00:43:27.890 I/sysui_multi_action( 1849): [757,111,758,1]
09-23 00:43:27.890 I/sysui_multi_action( 1849): [757,126,758,1,759,126,927,0,928,0,1593,1]
09-23 00:43:27.890 I/sysui_multi_action( 1849): [757,113,758,1,759,113,927,1,928,1,1593,1]
09-23 00:43:27.890 I/sysui_multi_action( 1849): [757,0,758,1,759,0,927,2,928,0,1593,1]
09-23 00:43:27.890 I/sysui_multi_action( 1849): [757,0,758,1,759,0,927,3,928,0,1593,1]
09-23 00:43:27.901 I/sysui_multi_action( 1849): [757,111,758,2]
09-23 00:43:27.901 I/notification_enqueue( 1471): [10081,1849,com.android.systemui,2048,NULL,0,Notification(channel=updateNotification shortcut=null contentView=null vibrate=null sound=null defaults=0x0 flags=0x0 color=0x00000000 vis=PRIVATE),1]
09-23 00:43:27.902 I/sysui_multi_action( 1849): [757,111,758,2]
09-23 00:43:27.905 I/sysui_multi_action( 1849): [757,111,758,1]
09-23 00:43:27.905 I/sysui_multi_action( 1849): [757,126,758,1,759,126,927,0,928,0,1593,1]
09-23 00:43:27.905 I/sysui_multi_action( 1849): [757,113,758,1,759,113,927,1,928,1,1593,1]
09-23 00:43:27.905 I/sysui_multi_action( 1849): [757,0,758,1,759,0,927,2,928,0,1593,1]
09-23 00:43:27.906 I/sysui_multi_action( 1849): [757,0,758,1,759,0,927,3,928,0,1593,1]
09-23 00:43:27.906 I/sysui_multi_action( 1849): [757,1706,758,1,759,1706,927,4,928,0,1593,1]
09-23 00:43:27.906 I/sysui_multi_action( 1849): [757,491,758,1,759,491,927,5,928,0,1311,-1,1593,0]
09-23 00:43:27.906 I/sysui_multi_action( 1849): [757,0,758,1,759,0,927,6,928,0,1593,0]
09-23 00:43:27.906 I/sysui_multi_action( 1849): [757,111,758,1]
09-23 00:43:27.906 I/sysui_multi_action( 1849): [757,126,758,1,759,126,927,0,928,0,1593,1]
09-23 00:43:27.906 I/sysui_multi_action( 1849): [757,113,758,1,759,113,927,1,928,1,1593,1]
09-23 00:43:27.906 I/sysui_multi_action( 1849): [757,0,758,1,759,0,927,2,928,0,1593,1]
09-23 00:43:27.906 I/sysui_multi_action( 1849): [757,0,758,1,759,0,927,3,928,0,1593,1]
09-23 00:43:27.918 I/sysui_multi_action( 1849): [757,111,758,2]
09-23 00:43:27.918 I/notification_enqueue( 1471): [10081,1849,com.android.systemui,2048,NULL,0,Notification(channel=updateNotification shortcut=null contentView=null vibrate=null sound=null defaults=0x0 flags=0x0 color=0x00000000 vis=PRIVATE),1]
09-23 00:43:27.918 I/sysui_multi_action( 1849): [757,111,758,2]
09-23 00:43:27.923 I/sysui_multi_action( 1849): [757,111,758,1]
09-23 00:43:27.923 I/sysui_multi_action( 1849): [757,126,758,1,759,126,927,0,928,0,1593,1]
09-23 00:43:27.923 I/sysui_multi_action( 1849): [757,113,758,1,759,113,927,1,928,1,1593,1]
09-23 00:43:27.923 I/sysui_multi_action( 1849): [757,0,758,1,759,0,927,2,928,0,1593,1]
09-23 00:43:27.923 I/sysui_multi_action( 1849): [757,0,758,1,759,0,927,3,928,0,1593,1]
09-23 00:43:27.924 I/sysui_multi_action( 1849): [757,1706,758,1,759,1706,927,4,928,0,1593,1]
09-23 00:43:27.924 I/sysui_multi_action( 1849): [757,491,758,1,759,491,927,5,928,0,1311,-1,1593,0]
09-23 00:43:27.924 I/sysui_multi_action( 1849): [757,0,758,1,759,0,927,6,928,0,1593,0]
09-23 00:43:27.924 I/sysui_multi_action( 1849): [757,111,758,1]
09-23 00:43:27.924 I/sysui_multi_action( 1849): [757,126,758,1,759,126,927,0,928,0,1593,1]
09-23 00:43:27.924 I/sysui_multi_action( 1849): [757,113,758,1,759,113,927,1,928,1,1593,1]
09-23 00:43:27.924 I/sysui_multi_action( 1849): [757,0,758,1,759,0,927,2,928,0,1593,1]
09-23 00:43:27.924 I/sysui_multi_action( 1849): [757,0,758,1,759,0,927,3,928,0,1593,1]
09-23 00:43:27.935 I/sysui_multi_action( 1849): [757,111,758,2]
09-23 00:43:27.935 I/notification_enqueue( 1471): [10081,1849,com.android.systemui,2048,NULL,0,Notification(channel=updateNotification shortcut=null contentView=null vibrate=null sound=null defaults=0x0 flags=0x0 color=0x00000000 vis=PRIVATE),1]
09-23 00:43:27.935 I/sysui_multi_action( 1849): [757,111,758,2]
09-23 00:43:27.939 I/sysui_multi_action( 1849): [757,111,758,1]
09-23 00:43:27.939 I/sysui_multi_action( 1849): [757,126,758,1,759,126,927,0,928,0,1593,1]
09-23 00:43:27.939 I/sysui_multi_action( 1849): [757,113,758,1,759,113,927,1,928,1,1593,1]
09-23 00:43:27.939 I/sysui_multi_action( 1849): [757,0,758,1,759,0,927,2,928,0,1593,1]
09-23 00:43:27.939 I/sysui_multi_action( 1849): [757,0,758,1,759,0,927,3,928,0,1593,1]
09-23 00:43:27.939 I/sysui_multi_action( 1849): [757,1706,758,1,759,1706,927,4,928,0,1593,1]
09-23 00:43:27.939 I/sysui_multi_action( 1849): [757,491,758,1,759,491,927,5,928,0,1311,-1,1593,0]
09-23 00:43:27.939 I/sysui_multi_action( 1849): [757,0,758,1,759,0,927,6,928,0,1593,0]
09-23 00:43:27.939 I/sysui_multi_action( 1849): [757,111,758,1]
09-23 00:43:27.940 I/sysui_multi_action( 1849): [757,126,758,1,759,126,927,0,928,0,1593,1]
09-23 00:43:27.940 I/sysui_multi_action( 1849): [757,113,758,1,759,113,927,1,928,1,1593,1]
09-23 00:43:27.940 I/sysui_multi_action( 1849): [757,0,758,1,759,0,927,2,928,0,1593,1]
09-23 00:43:27.940 I/sysui_multi_action( 1849): [757,0,758,1,759,0,927,3,928,0,1593,1]
09-23 00:43:27.951 I/notification_enqueue( 1471): [10081,1849,com.android.systemui,2048,NULL,0,Notification(channel=updateNotification shortcut=null contentView=null vibrate=null sound=null defaults=0x0 flags=0x0 color=0x00000000 vis=PRIVATE),1]
09-23 00:43:27.951 I/sysui_multi_action( 1849): [757,111,758,2]
09-23 00:43:27.951 I/sysui_multi_action( 1849): [757,111,758,2]
09-23 00:43:27.955 I/sysui_multi_action( 1471): [757,1501,758,1,793,8195156,794,0,795,204,796,2048,806,com.android.systemui,857,updateNotification,858,3,947,0,1500,0,1688,1]
09-23 00:43:27.955 I/sysui_multi_action( 1849): [757,111,758,1]
09-23 00:43:27.955 I/sysui_multi_action( 1471): [757,804,799,note_interruptive,801,0,802,1]
09-23 00:43:27.955 I/sysui_multi_action( 1849): [757,126,758,1,759,126,927,0,928,0,1593,1]
09-23 00:43:27.955 I/sysui_multi_action( 1849): [757,113,758,1,759,113,927,1,928,1,1593,1]
09-23 00:43:27.955 I/sysui_multi_action( 1471): [757,199,758,1,759,2,793,8195156,794,0,795,204,796,2048,806,com.android.systemui,857,updateNotification,858,3,947,0,1500,0,1688,1]
09-23 00:43:27.955 I/sysui_multi_action( 1849): [757,0,758,1,759,0,927,2,928,0,1593,1]
09-23 00:43:27.955 I/sysui_multi_action( 1849): [757,0,758,1,759,0,927,3,928,0,1593,1]
09-23 00:43:27.955 I/notification_alert( 1471): [0|com.android.systemui|2048|null|10081,0,1,0]
09-23 00:43:27.955 I/sysui_multi_action( 1849): [757,1706,758,1,759,1706,927,4,928,0,1593,1]
09-23 00:43:27.956 I/sysui_multi_action( 1849): [757,491,758,1,759,491,927,5,928,0,1311,-1,1593,0]
09-23 00:43:27.956 I/sysui_multi_action( 1849): [757,0,758,1,759,0,927,6,928,0,1593,0]
09-23 00:43:27.956 I/sysui_multi_action( 1849): [757,111,758,1]
09-23 00:43:27.956 I/sysui_multi_action( 1849): [757,126,758,1,759,126,927,0,928,0,1593,1]
09-23 00:43:27.956 I/sysui_multi_action( 1849): [757,113,758,1,759,113,927,1,928,1,1593,1]
09-23 00:43:27.956 I/sysui_multi_action( 1849): [757,0,758,1,759,0,927,2,928,0,1593,1]
09-23 00:43:27.956 I/sysui_multi_action( 1849): [757,0,758,1,759,0,927,3,928,0,1593,1]
09-23 00:43:27.968 I/notification_enqueue( 1471): [10081,1849,com.android.systemui,2048,NULL,0,Notification(channel=updateNotification shortcut=null contentView=null vibrate=null sound=null defaults=0x0 flags=0x0 color=0x00000000 vis=PRIVATE),1]
09-23 00:43:27.968 I/sysui_multi_action( 1849): [757,111,758,2]
09-23 00:43:27.968 I/sysui_multi_action( 1849): [757,111,758,2]
09-23 00:43:27.972 I/sysui_multi_action( 1849): [757,111,758,1]
09-23 00:43:27.972 I/sysui_multi_action( 1849): [757,126,758,1,759,126,927,0,928,0,1593,1]
09-23 00:43:27.972 I/sysui_multi_action( 1849): [757,113,758,1,759,113,927,1,928,1,1593,1]
09-23 00:43:27.972 I/sysui_multi_action( 1849): [757,0,758,1,759,0,927,2,928,0,1593,1]
09-23 00:43:27.972 I/sysui_multi_action( 1849): [757,0,758,1,759,0,927,3,928,0,1593,1]
09-23 00:43:27.973 I/sysui_multi_action( 1849): [757,1706,758,1,759,1706,927,4,928,0,1593,1]
09-23 00:43:27.973 I/sysui_multi_action( 1849): [757,491,758,1,759,491,927,5,928,0,1311,-1,1593,0]
09-23 00:43:27.973 I/sysui_multi_action( 1849): [757,0,758,1,759,0,927,6,928,0,1593,0]
09-23 00:43:27.973 I/sysui_multi_action( 1849): [757,111,758,1]
09-23 00:43:27.973 I/sysui_multi_action( 1849): [757,126,758,1,759,126,927,0,928,0,1593,1]
09-23 00:43:27.973 I/sysui_multi_action( 1849): [757,113,758,1,759,113,927,1,928,1,1593,1]
09-23 00:43:27.973 I/sysui_multi_action( 1849): [757,0,758,1,759,0,927,2,928,0,1593,1]
09-23 00:43:27.973 I/sysui_multi_action( 1849): [757,0,758,1,759,0,927,3,928,0,1593,1]
09-23 00:43:27.985 I/sysui_multi_action( 1849): [757,111,758,2]
09-23 00:43:27.985 I/notification_enqueue( 1471): [10081,1849,com.android.systemui,2048,NULL,0,Notification(channel=updateNotification shortcut=null contentView=null vibrate=null sound=null defaults=0x0 flags=0x0 color=0x00000000 vis=PRIVATE),1]
09-23 00:43:27.985 I/sysui_multi_action( 1849): [757,111,758,2]
09-23 00:43:27.988 I/sysui_multi_action( 1849): [757,111,758,1]
09-23 00:43:27.988 I/sysui_multi_action( 1849): [757,126,758,1,759,126,927,0,928,0,1593,1]
09-23 00:43:27.988 I/sysui_multi_action( 1849): [757,113,758,1,759,113,927,1,928,1,1593,1]
09-23 00:43:27.988 I/sysui_multi_action( 1849): [757,0,758,1,759,0,927,2,928,0,1593,1]
09-23 00:43:27.988 I/sysui_multi_action( 1849): [757,0,758,1,759,0,927,3,928,0,1593,1]
09-23 00:43:27.988 I/sysui_multi_action( 1849): [757,1706,758,1,759,1706,927,4,928,0,1593,1]
09-23 00:43:27.989 I/sysui_multi_action( 1849): [757,491,758,1,759,491,927,5,928,0,1311,-1,1593,0]
09-23 00:43:27.989 I/sysui_multi_action( 1849): [757,0,758,1,759,0,927,6,928,0,1593,0]
09-23 00:43:27.989 I/sysui_multi_action( 1849): [757,111,758,1]
09-23 00:43:27.989 I/sysui_multi_action( 1849): [757,126,758,1,759,126,927,0,928,0,1593,1]
09-23 00:43:27.989 I/sysui_multi_action( 1849): [757,113,758,1,759,113,927,1,928,1,1593,1]
09-23 00:43:27.989 I/sysui_multi_action( 1849): [757,0,758,1,759,0,927,2,928,0,1593,1]
09-23 00:43:27.989 I/sysui_multi_action( 1849): [757,0,758,1,759,0,927,3,928,0,1593,1]
09-23 00:43:28.002 I/sysui_multi_action( 1849): [757,111,758,2]
09-23 00:43:28.002 I/sysui_multi_action( 1849): [757,111,758,2]
09-23 00:43:28.002 I/notification_enqueue( 1471): [10081,1849,com.android.systemui,2048,NULL,0,Notification(channel=updateNotification shortcut=null contentView=null vibrate=null sound=null defaults=0x0 flags=0x0 color=0x00000000 vis=PRIVATE),1]
09-23 00:43:28.005 I/sysui_multi_action( 1849): [757,111,758,1]
09-23 00:43:28.006 I/sysui_multi_action( 1849): [757,126,758,1,759,126,927,0,928,0,1593,1]
09-23 00:43:28.006 I/sysui_multi_action( 1849): [757,113,758,1,759,113,927,1,928,1,1593,1]
09-23 00:43:28.006 I/sysui_multi_action( 1849): [757,0,758,1,759,0,927,2,928,0,1593,1]
09-23 00:43:28.006 I/sysui_multi_action( 1849): [757,0,758,1,759,0,927,3,928,0,1593,1]
09-23 00:43:28.006 I/sysui_multi_action( 1849): [757,1706,758,1,759,1706,927,4,928,0,1593,1]
09-23 00:43:28.006 I/sysui_multi_action( 1849): [757,491,758,1,759,491,927,5,928,0,1311,-1,1593,0]
09-23 00:43:28.006 I/sysui_multi_action( 1849): [757,0,758,1,759,0,927,6,928,0,1593,0]
09-23 00:43:28.006 I/sysui_multi_action( 1849): [757,111,758,1]
09-23 00:43:28.006 I/sysui_multi_action( 1849): [757,126,758,1,759,126,927,0,928,0,1593,1]
09-23 00:43:28.006 I/sysui_multi_action( 1849): [757,113,758,1,759,113,927,1,928,1,1593,1]
09-23 00:43:28.006 I/sysui_multi_action( 1849): [757,0,758,1,759,0,927,2,928,0,1593,1]
09-23 00:43:28.006 I/sysui_multi_action( 1849): [757,0,758,1,759,0,927,3,928,0,1593,1]
09-23 00:43:28.018 I/sysui_multi_action( 1849): [757,111,758,2]
09-23 00:43:28.018 I/sysui_multi_action( 1849): [757,111,758,2]
09-23 00:43:28.019 I/notification_enqueue( 1471): [10081,1849,com.android.systemui,2048,NULL,0,Notification(channel=updateNotification shortcut=null contentView=null vibrate=null sound=null defaults=0x0 flags=0x0 color=0x00000000 vis=PRIVATE),1]
09-23 00:43:28.032 I/sysui_multi_action( 1849): [757,111,758,1]
09-23 00:43:28.032 I/sysui_multi_action( 1849): [757,126,758,1,759,126,927,0,928,0,1593,1]
09-23 00:43:28.032 I/sysui_multi_action( 1849): [757,113,758,1,759,113,927,1,928,1,1593,1]
09-23 00:43:28.032 I/sysui_multi_action( 1849): [757,0,758,1,759,0,927,2,928,0,1593,1]
09-23 00:43:28.032 I/sysui_multi_action( 1849): [757,0,758,1,759,0,927,3,928,0,1593,1]
09-23 00:43:28.032 I/sysui_multi_action( 1849): [757,1706,758,1,759,1706,927,4,928,0,1593,1]
09-23 00:43:28.032 I/sysui_multi_action( 1849): [757,491,758,1,759,491,927,5,928,0,1311,-1,1593,0]
09-23 00:43:28.032 I/sysui_multi_action( 1849): [757,0,758,1,759,0,927,6,928,0,1593,0]
09-23 00:43:28.032 I/sysui_multi_action( 1849): [757,111,758,1]
09-23 00:43:28.033 I/sysui_multi_action( 1849): [757,126,758,1,759,126,927,0,928,0,1593,1]
09-23 00:43:28.033 I/sysui_multi_action( 1849): [757,113,758,1,759,113,927,1,928,1,1593,1]
09-23 00:43:28.033 I/sysui_multi_action( 1849): [757,0,758,1,759,0,927,2,928,0,1593,1]
09-23 00:43:28.033 I/sysui_multi_action( 1849): [757,0,758,1,759,0,927,3,928,0,1593,1]
09-23 00:43:28.041 I/sysui_multi_action( 1471): [757,128,758,2,793,8202202,794,3012,795,8202202,796,26,798,0,806,android,857,DEVELOPER_IMPORTANT,858,4,947,0,1395,2,1500,8201773,1688,1]
09-23 00:43:28.041 I/notification_visibility( 1471): [-1|android|26|null|1000,0,8202202,8202202,0,0]
09-23 00:43:28.041 I/sysui_multi_action( 1471): [757,128,758,2,793,8203173,794,3012,795,8203173,796,32,798,1,806,android,857,USB,858,1,947,0,1395,2,1500,8203031,1688,1]
09-23 00:43:28.041 I/notification_visibility( 1471): [-1|android|32|null|1000,0,8203173,8203173,0,1]
09-23 00:43:28.042 I/sysui_multi_action( 1849): [757,111,758,2]
09-23 00:43:28.042 I/sysui_multi_action( 1849): [757,111,758,2]
09-23 00:43:28.043 I/notification_enqueue( 1471): [10081,1849,com.android.systemui,2048,NULL,0,Notification(channel=updateNotification shortcut=null contentView=null vibrate=null sound=null defaults=0x0 flags=0x0 color=0x00000000 vis=PRIVATE),1]
09-23 00:43:28.044 I/sysui_multi_action( 1471): [757,127,758,2]
09-23 00:43:28.044 I/notification_panel_hidden( 1471):
09-23 00:43:28.052 I/sysui_multi_action( 1849): [757,111,758,1]
09-23 00:43:28.052 I/sysui_multi_action( 1849): [757,126,758,1,759,126,927,0,928,0,1593,1]
09-23 00:43:28.052 I/sysui_multi_action( 1849): [757,113,758,1,759,113,927,1,928,1,1593,1]
09-23 00:43:28.052 I/sysui_multi_action( 1849): [757,0,758,1,759,0,927,2,928,0,1593,1]
09-23 00:43:28.052 I/sysui_multi_action( 1849): [757,0,758,1,759,0,927,3,928,0,1593,1]
09-23 00:43:28.052 I/sysui_multi_action( 1849): [757,1706,758,1,759,1706,927,4,928,0,1593,1]
09-23 00:43:28.052 I/sysui_multi_action( 1849): [757,491,758,1,759,491,927,5,928,0,1311,-1,1593,0]
09-23 00:43:28.052 I/sysui_multi_action( 1849): [757,0,758,1,759,0,927,6,928,0,1593,0]
09-23 00:43:28.052 I/sysui_multi_action( 1849): [757,111,758,1]
09-23 00:43:28.052 I/sysui_multi_action( 1849): [757,126,758,1,759,126,927,0,928,0,1593,1]
09-23 00:43:28.052 I/sysui_multi_action( 1849): [757,113,758,1,759,113,927,1,928,1,1593,1]
09-23 00:43:28.053 I/sysui_multi_action( 1849): [757,0,758,1,759,0,927,2,928,0,1593,1]
09-23 00:43:28.053 I/sysui_multi_action( 1849): [757,0,758,1,759,0,927,3,928,0,1593,1] --------- beginning of main
09-23 00:43:38.254 D/InterruptionStateProvider( 1849): No bubble up: not allowed to bubble: -1|android|26|null|1000
09-23 00:43:38.254 D/InterruptionStateProvider( 1849): No alerting: filtered notification: 0|com.android.systemui|1|empty_media|10081
09-23 00:43:38.254 D/InterruptionStateProvider( 1849): No bubble up: not allowed to bubble: 0|com.android.systemui|2048|null|10081
09-23 00:43:38.254 D/InterruptionStateProvider( 1849): No bubble up: not allowed to bubble: -1|android|32|null|1000
09-23 00:43:39.141 I/mpu_uart( 651): [MSG-P:RECV]:No message received in 1000 ms
09-23 00:43:39.768 I/mpu_uart( 651): [MSG-P:R]:recv sync frame timeout
09-23 00:43:40.142 I/mpu_uart( 651): [MSG-P:RECV]:No message received in 1000 ms
09-23 00:43:41.142 I/mpu_uart( 651): [MSG-P:RECV]:No message received in 1000 ms --------- beginning of crash
09-23 00:43:41.439 F/linker ( 9547): CANNOT LINK EXECUTABLE "/vendor/bin/hw/sxrservice": library "vendor.qti.hardware.qxr-V1-ndk_platform.so" not found: needed by main executable
09-23 00:43:41.440 F/linker ( 9546): CANNOT LINK EXECUTABLE "/vendor/bin/hw/qvrservice": library "vendor.qti.hardware.qxr-V1-ndk_platform.so" not found: needed by /vendor/lib64/libqvrservice.so in namespace (default)
09-23 00:43:41.446 I/hwservicemanager( 513): getTransport: Cannot find entry android.hardware.light@2.0::ILight/default in either framework or device VINTF manifest.
09-23 00:43:41.448 E/light ( 9545): light_open lights keyboard failed: -22
09-23 00:43:41.448 E/light ( 9545): Light passthrough failed to load legacy HAL.
09-23 00:43:41.449 E/light ( 9545): light_open lights buttons failed: -22
09-23 00:43:41.449 E/light ( 9545): Light passthrough failed to load legacy HAL.
09-23 00:43:41.450 E/light ( 9545): light_open lights bluetooth failed: -22
09-23 00:43:41.450 E/light ( 9545): Light passthrough failed to load legacy HAL.
09-23 00:43:41.450 E/light ( 9545): light_open lights wifi failed: -22
09-23 00:43:41.450 E/light ( 9545): Light passthrough failed to load legacy HAL.
09-23 00:43:41.451 I/hwservicemanager( 513): getTransport: Cannot find entry android.hardware.light@2.0::ILight/default in either framework or device VINTF manifest.
09-23 00:43:41.451 E/HidlServiceManagement( 9545): Service android.hardware.light@2.0::ILight/default must be in VINTF manifest in order to register/get.
09-23 00:43:41.451 E/LegacySupport( 9545): Could not register service android.hardware.light@2.0::ILight/default (-2147483648).
09-23 00:43:42.143 I/mpu_uart( 651): [MSG-P:RECV]:No message received in 1000 ms
09-23 00:43:42.334 I/input_interaction( 1471): Interaction with: 1dddc5b com.android.systemui/com.android.systemui.screenrecord.ScreenRecordDialog (server), edge-swipe (server), swipe-up (server), PointerEventDispatcher0 (server),
09-23 00:43:42.500 I/wm_finish_activity( 1471): [0,169513440,45,com.android.systemui/.screenrecord.ScreenRecordDialog,app-request]
09-23 00:43:42.500 I/wm_task_moved( 1471): [1,1,7]
09-23 00:43:42.503 D/audio_hw_primary( 814): start_output_stream: enter: stream(0xe7fc64c0)usecase(1: low-latency-playback) devices(0x2) is_haptic_usecase(0)
09-23 00:43:42.503 E/ANDR-PERF-TARGET( 866): Error: Invalid logical cluster id 0
09-23 00:43:42.503 E/ANDR-PERF-REQUEST( 866): invalid request
09-23 00:43:42.503 E/ANDR-PERF-MPCTL( 866): invalid request, no optimizations performed
09-23 00:43:42.503 E/audio_hw_extn( 814): audio_extn_perf_lock_acquire: Failed to acquire perf lock, err: -1
09-23 00:43:42.503 D/audio_hw_primary( 814): select_devices for use case (low-latency-playback)
09-23 00:43:42.504 I/msm8974_platform( 814): platform_check_and_set_codec_backend_cfg:becf: afe: bitwidth 16, samplerate 48000 channels 2, backend_idx 0 usecase = 1 device (speaker)
09-23 00:43:42.504 D/msm8974_platform( 814): platform_split_snd_device: snd_device(2) num devices(1) new_snd_devices(0)
09-23 00:43:42.504 I/msm8974_platform( 814): platform_check_and_set_codec_backend_cfg: new_snd_devices[0] is 2
09-23 00:43:42.504 I/msm8974_platform( 814): platform_check_codec_backend_cfg:becf: afe: bitwidth 16, samplerate 48000 channels 2, backend_idx 0 usecase = 1 device (speaker)
09-23 00:43:42.504 I/wm_task_moved( 1471): [33,1,2147483647]
09-23 00:43:42.504 I/wm_task_to_front( 1471): [0,33]
09-23 00:43:42.504 I/wm_focused_root_task( 1471): [0,0,1,-1,finish-top adjustFocusToNextFocusableTask]
09-23 00:43:42.506 D/audio_hw_extn( 814): audio_extn_enable_hifi_filter: mixer_value set 0
09-23 00:43:42.506 D/msm8974_platform( 814): platform_check_codec_backend_cfg:becf: updated afe: bitwidth 16, samplerate 48000 channels 2,backend_idx 0 usecase = 1 device (speaker)
09-23 00:43:42.506 D/msm8974_platform( 814): platform_check_codec_backend_cfg:becf: afe: playback on codec device not supporting native playback set default Sample Rate(48k)
09-23 00:43:42.506 I/msm8974_platform( 814): platform_check_codec_backend_cfg:becf: afe: Codec selected backend: 0 updated bit width: 16 and sample rate: 48000
09-23 00:43:42.506 D/audio_hw_primary( 814): check_usecases_codec_backend:becf: force routing 0
09-23 00:43:42.506 E/msm8974_platform( 814): platform_check_backends_match: Invalid snd_device =
09-23 00:43:42.506 D/audio_hw_primary( 814): check_usecases_codec_backend:becf: (78) check_usecases curr device: speaker, usecase device: backends match 0
09-23 00:43:42.506 D/audio_hw_primary( 814): check_usecases_codec_backend:becf: check_usecases num.of Usecases to switch 0
09-23 00:43:42.506 D/hardware_info( 814): hw_info_append_hw_type : device_name = speaker
09-23 00:43:42.506 D/msm8974_platform( 814): platform_split_snd_device: snd_device(2) num devices(0) new_snd_devices(0)
09-23 00:43:42.506 D/audio_hw_primary( 814): enable_snd_device: snd_device(2: speaker)
09-23 00:43:42.506 D/msm8974_platform( 814): platform_get_island_cfg_on_device:island cfg status on snd_device = (speaker 0)
09-23 00:43:42.506 I/soundtrigger( 814): audio_extn_sound_trigger_update_device_status: device 0x2 of type 0 for Event 1, with Raise=0
09-23 00:43:42.506 D/audio_route( 814): Apply path: speaker
09-23 00:43:42.506 I/audio_hw_utils( 814): audio_extn_utils_update_stream_output_app_type_cfg Allowing 24 and above bits playback on speaker ONLY at default sampling rate
09-23 00:43:42.506 E/soundtrigger( 814): audio_extn_sound_trigger_update_stream_status: invalid input device 0x0, for event 3
09-23 00:43:42.506 D/soundtrigger( 814): audio_extn_sound_trigger_update_stream_status: uc_info->id 1 of type 0 for Event 3, with Raise=0
09-23 00:43:42.506 D/audio_hw_utils( 814): audio_extn_utils_send_app_type_cfg: usecase->out_snd_device speaker
09-23 00:43:42.506 D/msm8974_platform( 814): platform_split_snd_device: snd_device(2) num devices(0) new_snd_devices(0)
09-23 00:43:42.506 D/audio_hw_utils( 814): audio_extn_btsco_get_sample_rate:Not a BT SCO device, need not update sampling rate
09-23 00:43:42.506 I/audio_hw_utils( 814): send_app_type_cfg_for_device PLAYBACK app_type 69937, acdb_dev_id 15, sample_rate 48000, snd_device_be_idx 179
09-23 00:43:42.507 D/msm8974_platform( 814): platform_split_snd_device: snd_device(2) num devices(1) new_snd_devices(0)
09-23 00:43:42.507 D/audio_hw_utils( 814): audio_extn_btsco_get_sample_rate:Not a BT SCO device, need not update sampling rate
09-23 00:43:42.507 D/ACDB-LOADER( 814): ACDB -> send_audio_cal, acdb_id = 15, path = 0, app id = 0x11131, sample rate = 48000, afe_sample_rate = 48000
09-23 00:43:42.507 D/ACDB-LOADER( 814): ACDB -> send_asm_topology
09-23 00:43:42.507 D/ACDB-LOADER( 814): ACDB -> ACDB_CMD_GET_AUDPROC_STREAM_TOPOLOGY_ID
09-23 00:43:42.507 D/ACDB-LOADER( 814): ACDB -> send_adm_topology
09-23 00:43:42.507 D/ACDB-LOADER( 814): ACDB -> ACDB_CMD_GET_AUDPROC_COMMON_TOPOLOGY_ID
09-23 00:43:42.507 D/ACDB-LOADER( 814): ACDB -> send_audtable
09-23 00:43:42.507 D/ACDB-LOADER( 814): ACDB -> ACDB_CMD_GET_AUDPROC_INSTANCE_COMMON_TABLE_SIZE
09-23 00:43:42.507 D/ACDB-LOADER( 814): ACDB -> ACDB_CMD_GET_AUDPROC_INSTANCE_COMMON_TABLE
09-23 00:43:42.507 D/ACDB-LOADER( 814): ACDB -> AUDIO_SET_AUDPROC_CAL cal_type[11] acdb_id[15] app_type[69937]
09-23 00:43:42.507 D/ACDB-LOADER( 814): ACDB -> send_audvoltable
09-23 00:43:42.507 D/ACDB-LOADER( 814): ACDB -> ACDB_CMD_GET_AUDPROC_INSTANCE_GAIN_DEP_STEP_TABLE_SIZE
09-23 00:43:42.507 D/ACDB-LOADER( 814): ACDB -> ACDB_CMD_GET_AUDPROC_INSTANCE_GAIN_DEP_STEP_TABLE, vol index 0
09-23 00:43:42.507 D/ACDB-LOADER( 814): ACDB -> AUDIO_SET_VOL_CAL cal type = 12
09-23 00:43:42.507 D/ACDB-LOADER( 814): ACDB -> ACDB_CMD_GET_AUDPROC_INSTANCE_STREAM_TABLE_SIZE
09-23 00:43:42.507 D/ACDB-LOADER( 814): ACDB -> send_audstrmtable
09-23 00:43:42.507 D/ACDB-LOADER( 814): ACDB -> ACDB_CMD_GET_AUDPROC_INSTANCE_STREAM_TABLE
09-23 00:43:42.507 D/ACDB-LOADER( 814): ACDB -> audstrm_cal->cal_type.cal_data.cal_size = 20
09-23 00:43:42.507 D/ACDB-LOADER( 814): ACDB -> send_afe_topology
09-23 00:43:42.507 D/ACDB-LOADER( 814): ACDB -> ACDB_CMD_GET_AFE_TOPOLOGY_ID
09-23 00:43:42.507 D/ACDB-LOADER( 814): ACDB -> GET_AFE_TOPOLOGY_ID for adcd_id 15, Topology Id 112fc
09-23 00:43:42.507 D/ACDB-LOADER( 814): ACDB -> send_afe_cal
09-23 00:43:42.507 D/ACDB-LOADER( 814): ACDB -> ACDB_CMD_GET_AFE_INSTANCE_COMMON_TABLE_SIZE
09-23 00:43:42.507 D/android.hardware.audio.service( 814): Failed to fetch the lookup information of the device 0000000F
09-23 00:43:42.507 D/ACDB-LOADER( 814): Error: ACDB_CMD_GET_AFE_INSTANCE_COMMON_TABLE_SIZE Returned = -19
09-23 00:43:42.507 D/ACDB-LOADER( 814): ACDB -> ACDB_CMD_GET_AFE_INSTANCE_COMMON_TABLE
09-23 00:43:42.507 D/android.hardware.audio.service( 814): Failed to fetch the lookup information of the device 0000000F
09-23 00:43:42.507 D/ACDB-LOADER( 814): Error: ACDB AFE returned = -19
09-23 00:43:42.507 D/ACDB-LOADER( 814): ACDB -> AUDIO_SET_AFE_CAL cal_type[16] acdb_id[15]
09-23 00:43:42.507 D/ACDB-LOADER( 814): ACDB -> send_hw_delay : acdb_id = 15 path = 0
09-23 00:43:42.507 D/ACDB-LOADER( 814): ACDB -> ACDB_AVSYNC_INFO: ACDB_CMD_GET_DEVICE_PROPERTY
09-23 00:43:42.508 D/msm8974_platform( 814): platform_split_snd_device: snd_device(2) num devices(0) new_snd_devices(0)
09-23 00:43:42.508 I/msm8974_platform( 814): platform_get_custom_mtmx_params: no matching param with id 0 ip_ch 2 op_ch 2 uc_id 1 snd_dev 2
09-23 00:43:42.508 D/audio_hw_primary( 814): enable_audio_route: apply mixer and update path: low-latency-playback
09-23 00:43:42.508 D/audio_route( 814): Apply path: low-latency-playback
09-23 00:43:42.509 D/audio_hw_primary( 814): select_devices: done
09-23 00:43:42.515 D/ActivityTrigger( 1471): ActivityTrigger activityPauseTrigger
09-23 00:43:42.516 I/wm_pause_activity( 1471): [0,169513440,com.android.systemui/.screenrecord.ScreenRecordDialog,userLeaving=false,finish]
09-23 00:43:42.521 I/input_focus( 1471): [Focus request 4ed4abc com.android.launcher3/com.android.launcher3.uioverrides.QuickstepLauncher,reason=UpdateInputWindows]
09-23 00:43:42.533 D/msm8974_platform( 814): platform_set_channel_map mixer_ctl_name:Playback Channel Map9
09-23 00:43:42.534 D/msm8974_platform( 814): platform_set_channel_map: set mapping(1 2 0 0 0 0 0 0) for channel:2
09-23 00:43:42.535 E/audio_hw_extn( 814): audio_extn_perf_lock_release: Perf lock release error
09-23 00:43:42.535 D/audio_hw_primary( 814): start_output_stream: exit
09-23 00:43:42.535 D/audio_hw_primary( 814): out_write: retry previous failed cal level set
09-23 00:43:42.535 D/msm8974_platform( 814): platform_split_snd_device: snd_device(2) num devices(1) new_snd_devices(0)
09-23 00:43:42.536 I/wm_on_top_resumed_lost_called( 1849): [169513440,com.android.systemui.screenrecord.ScreenRecordDialog,topStateChangedWhenResumed]
09-23 00:43:42.537 I/wm_on_paused_called( 1849): [169513440,com.android.systemui.screenrecord.ScreenRecordDialog,performPause]
09-23 00:43:42.540 I/wm_set_resumed_activity( 1471): [0,com.android.launcher3/.uioverrides.QuickstepLauncher,resumeTopActivityInnerLocked]
09-23 00:43:42.543 I/wm_resume_activity( 1471): [0,226227664,33,com.android.launcher3/.uioverrides.QuickstepLauncher]
09-23 00:43:42.544 I/wm_on_resume_called( 2388): [226227664,com.android.launcher3.uioverrides.QuickstepLauncher,RESUME_ACTIVITY]
09-23 00:43:42.544 I/wm_on_top_resumed_gained_called( 2388): [226227664,com.android.launcher3.uioverrides.QuickstepLauncher,topWhenResuming]
09-23 00:43:42.551 I/BpBinder( 930): onLastStrongRef automatically unlinking death recipients:
09-23 00:43:42.552 I/input_focus( 1471): [Focus leaving 1dddc5b com.android.systemui/com.android.systemui.screenrecord.ScreenRecordDialog (server),reason=NO_WINDOW]
09-23 00:43:42.552 I/input_focus( 1471): [Focus entering 4ed4abc com.android.launcher3/com.android.launcher3.uioverrides.QuickstepLauncher (server),reason=setFocusedWindow]
09-23 00:43:42.558 I/sysui_multi_action( 1471): [757,803,799,window_time_0,802,15]
09-23 00:43:42.574 D/Sogou ( 2623): onUnbindInput finish
09-23 00:43:42.575 D/Sogou ( 2623): onFinishInput:
09-23 00:43:42.575 I/wm_destroy_activity( 1471): [0,169513440,45,com.android.systemui/.screenrecord.ScreenRecordDialog,finish-idle]
09-23 00:43:42.581 W/System ( 2388): A resource failed to call release.
09-23 00:43:42.581 W/System ( 2388): A resource failed to call release.
09-23 00:43:42.581 W/System ( 2388): A resource failed to call release.
09-23 00:43:42.592 I/wm_on_stop_called( 1849): [169513440,com.android.systemui.screenrecord.ScreenRecordDialog,LIFECYCLER_STOP_ACTIVITY]
09-23 00:43:42.592 I/wm_on_destroy_called( 1849): [169513440,com.android.systemui.screenrecord.ScreenRecordDialog,performDestroy]
09-23 00:43:42.593 W/InputManager-JNI( 1471): Input channel object '1dddc5b com.android.systemui/com.android.systemui.screenrecord.ScreenRecordDialog (client)' was disposed without first being removed with the input manager!
09-23 00:43:42.634 W/System ( 1471): A resource failed to call release.
09-23 00:43:42.635 W/System ( 1471): A resource failed to call close.
09-23 00:43:42.635 W/System ( 1471): A resource failed to call close.
09-23 00:43:42.635 W/System ( 1471): A resource failed to call close.
09-23 00:43:42.720 D/audio_hw_primary( 814): out_set_parameters: enter: usecase(1: low-latency-playback) kvpairs: suspend_playback=true
09-23 00:43:42.720 D/audio_hw_extn( 814): audio_extn_fm_set_parameters: Enter
09-23 00:43:42.769 I/mpu_uart( 651): [MSG-P:R]:recv sync frame timeout
09-23 00:43:42.819 I/wm_task_removed( 1471): [45,removeChild:removeChild last r=ActivityRecord{a1a91e0 u0 com.android.systemui/.screenrecord.ScreenRecordDialog t-1 f}} in t=Task{a93e337 #45 type=standard A=10081:com.android.systemui U=0 visible=false mode=fullscreen translucent=true sz=0}]
09-23 00:43:42.819 I/wm_task_removed( 1471): [45,removeChild] --------- beginning of system
09-23 00:43:42.820 W/ActivityTaskManager( 1471): Can't find TaskDisplayArea to determine support for multi window. Task id=45 attached=false
09-23 00:43:42.820 W/ActivityTaskManager( 1471): Can't find TaskDisplayArea to determine support for multi window. Task id=45 attached=false
09-23 00:43:43.143 I/mpu_uart( 651): [MSG-P:RECV]:No message received in 1000 ms
09-23 00:43:43.721 D/audio_hw_primary( 814): out_set_parameters: enter: usecase(1: low-latency-playback) kvpairs: suspend_playback=false
09-23 00:43:43.721 D/audio_hw_extn( 814): audio_extn_fm_set_parameters: Enter
09-23 00:43:43.721 W/audio_hw_primary( 814): out_write: underrun(149) frames_by_time(48219) > out->last_fifo_frames_remaining(384)
09-23 00:43:43.763 D/audio_hw_primary( 814): out_set_parameters: enter: usecase(1: low-latency-playback) kvpairs: suspend_playback=true
09-23 00:43:43.763 D/audio_hw_extn( 814): audio_extn_fm_set_parameters: Enter
09-23 00:43:44.143 I/mpu_uart( 651): [MSG-P:RECV]:No message received in 1000 ms
09-23 00:43:44.764 D/audio_hw_primary( 814): out_set_parameters: enter: usecase(1: low-latency-playback) kvpairs: suspend_playback=false
09-23 00:43:44.764 D/audio_hw_extn( 814): audio_extn_fm_set_parameters: Enter
09-23 00:43:44.765 W/audio_hw_primary( 814): out_write: underrun(150) frames_by_time(48224) > out->last_fifo_frames_remaining(384)
09-23 00:43:44.803 D/audio_hw_primary( 814): out_set_parameters: enter: usecase(1: low-latency-playback) kvpairs: suspend_playback=true
09-23 00:43:44.803 D/audio_hw_extn( 814): audio_extn_fm_set_parameters: Enter
09-23 00:43:45.144 I/mpu_uart( 651): [MSG-P:RECV]:No message received in 1000 ms
09-23 00:43:45.505 D/CompatibilityInfo( 1471): mCompatibilityFlags - 4
09-23 00:43:45.505 D/CompatibilityInfo( 1471): applicationDensity - 240
09-23 00:43:45.505 D/CompatibilityInfo( 1471): applicationScale - 1.0
09-23 00:43:45.508 D/RecordingController( 1849): sent start intent
09-23 00:43:45.513 D/RecordingService( 1849): onStartCommand com.android.systemui.screenrecord.START
09-23 00:43:45.514 D/RecordingService( 1849): recording with audio sourceNONE
09-23 00:43:45.517 D/ScreenMediaRecorder( 1849): start recording
09-23 00:43:45.523 W/StagefrightRecorder( 1204): stop while neither recording nor paused
09-23 00:43:45.523 I/MediaProfiles( 1204): Profiles xml path: /vendor/etc/media_profiles_kona.xml
09-23 00:43:45.539 D/MediaCodecList( 1849): codecHandlesFormat: no format, so no extra checks
09-23 00:43:45.539 D/MediaCodecList( 1849): codecHandlesFormat: no format, so no extra checks
09-23 00:43:45.540 D/MediaCodecList( 1849): codecHandlesFormat: no format, so no extra checks
09-23 00:43:45.540 D/MediaCodecList( 1849): codecHandlesFormat: no format, so no extra checks
09-23 00:43:45.543 I/OMXClient( 1849): IOmx service obtained
09-23 00:43:45.544 I/OMXMaster( 1213): makeComponentInstance(OMX.qcom.video.decoder.avc) in android.hardwar process
09-23 00:43:45.551 E/android.hardware.media.omx@1.0-service( 1213): Service not available yet
09-23 00:43:45.552 D/PlatformConfig( 1213): getInstance: Enter
09-23 00:43:45.553 D/PlatformConfig( 1213): getConfigStoreBool: vpp/enable=false, returning false
09-23 00:43:45.561 D/PlatformConfig( 1213): getInstance: Enter
09-23 00:43:45.561 D/PlatformConfig( 1213): getInt32 Config name: vidc_dec_log_in value: 0
09-23 00:43:45.561 D/PlatformConfig( 1213): getInstance: Enter
09-23 00:43:45.561 D/PlatformConfig( 1213): getInt32 Config name: vidc_dec_log_out value: 0
09-23 00:43:45.561 D/PlatformConfig( 1213): getInstance: Enter
09-23 00:43:45.561 D/PlatformConfig( 1213): getInt32 Config name: vidc_dec_sec_prefetch_size_internal value: 209715200
09-23 00:43:45.561 D/PlatformConfig( 1213): getInstance: Enter
09-23 00:43:45.561 D/PlatformConfig( 1213): getInt32 Config name: vidc_dec_sec_prefetch_size_output value: 13434880
09-23 00:43:45.561 D/PlatformConfig( 1213): getInstance: Enter
09-23 00:43:45.561 D/PlatformConfig( 1213): getInt32 Config name: vidc_perf_control_enable value: 0
09-23 00:43:45.561 D/PlatformConfig( 1213): getInstance: Enter
09-23 00:43:45.561 D/PlatformConfig( 1213): getInt32 Config name: vidc_dec_thumbnail_yuv_output value: 0
09-23 00:43:45.561 D/PlatformConfig( 1213): getInstance: Enter
09-23 00:43:45.561 D/PlatformConfig( 1213): getInt32: Returning default
09-23 00:43:45.561 D/PlatformConfig( 1213): getInstance: Enter
09-23 00:43:45.561 D/PlatformConfig( 1213): getInt32 Config name: vidc_dec_output_rate value: 120
09-23 00:43:45.562 I/OMX-VDEC-1080P( 1213): component_init: OMX.qcom.video.decoder.avc : fd=7
09-23 00:43:45.562 E/OMX-VDEC-1080P( 1213): Unsupported output color format for c2d (2141391876)
09-23 00:43:45.562 E/OMX-VDEC-1080P( 1213): Setting color format failed
09-23 00:43:45.566 D/PlatformConfig( 1213): getInstance: Enter
09-23 00:43:45.566 D/PlatformConfig( 1213): getInt32: Returning default
09-23 00:43:45.566 D/PlatformConfig( 1213): getInstance: Enter
09-23 00:43:45.566 D/PlatformConfig( 1213): getInt32: Returning default
09-23 00:43:45.567 I/OMX-VDEC-1080P( 1213): omx_vdec::component_init() success : fd=7
09-23 00:43:45.581 I/OMX-VDEC-1080P( 1213): omx_vdec::component_deinit() complete
09-23 00:43:45.581 D/ScreenMediaRecorder( 1849): Screen size supported at rate 60
09-23 00:43:45.582 I/OMX-VDEC-1080P( 1213): Exit OMX vdec Destructor: fd=7
09-23 00:43:45.584 D/MPEG4Writer( 1204): PreAllocation enabled
09-23 00:43:45.584 D/MediaCodecList( 1204): codecHandlesFormat: no format, so no extra checks
09-23 00:43:45.584 D/MediaCodecList( 1204): codecHandlesFormat: no format, so no extra checks
09-23 00:43:45.584 D/MediaCodecList( 1204): codecHandlesFormat: no format, so no extra checks
09-23 00:43:45.584 D/MediaCodecList( 1204): codecHandlesFormat: no format, so no extra checks
09-23 00:43:45.587 I/OMXClient( 1204): IOmx service obtained
09-23 00:43:45.587 I/OMXMaster( 1213): makeComponentInstance(OMX.qcom.video.encoder.avc) in android.hardwar process
09-23 00:43:45.596 I/android.hardware.media.omx@1.0-service( 1213): vendor/qcom/proprietary/adsprpc/src/rpcmem_android.c:159: rpcmem_init_internal: opened ION device fd 7, configured heap IDs: system (0x2000000), contig (0x400000), secure (0x200), secure flags (0x80080000)
09-23 00:43:45.596 I/android.hardware.media.omx@1.0-service( 1213): vendor/qcom/proprietary/adsprpc/src/fastrpc_apps_user.c:3087: fastrpc_apps_user_init done with default domain:3 and &fastrpc_trace:0xf2ab6c1c
09-23 00:43:45.598 D/PlatformConfig( 1213): getInstance: Enter
09-23 00:43:45.598 D/PlatformConfig( 1213): getInt32 Config name: vidc_perf_control_enable value: 0
09-23 00:43:45.598 D/PlatformConfig( 1213): getInstance: Enter
09-23 00:43:45.599 D/PlatformConfig( 1213): getInt32: Returning default
09-23 00:43:45.599 D/PlatformConfig( 1213): getInstance: Enter
