09-23 00:43:56.015 W/ProcStatsManager( 8440): No process com.qualcomm.qti.qms.service.trustzoneaccess/10052 for service com.qualcomm.qti.qms.service.trustzoneaccess.TZAccessService
09-23 00:43:56.015 W/ProcStatsManager( 8440): No process com.qualcomm.qtil.aptxui/10085 for service com.qualcomm.qtil.aptxui.aptxuiService
09-23 00:43:56.088 W/ListPreference( 8440): Setting a summary with a String formatting marker is no longer supported. You should use a SummaryProvider instead.
09-23 00:43:56.125 D/audio_hw_primary( 814): out_set_parameters: enter: usecase(1: low-latency-playback) kvpairs: suspend_playback=true
09-23 00:43:56.125 D/audio_hw_extn( 814): audio_extn_fm_set_parameters: Enter
09-23 00:43:56.149 I/mpu_uart( 651): [MSG-P:RECV]:No message received in 1000 ms
09-23 00:43:56.459 F/linker ( 9610): CANNOT LINK EXECUTABLE "/vendor/bin/hw/qvrservice": library "vendor.qti.hardware.qxr-V1-ndk_platform.so" not found: needed by /vendor/lib64/libqvrservice.so in namespace (default)
09-23 00:43:56.462 F/linker ( 9611): CANNOT LINK EXECUTABLE "/vendor/bin/hw/sxrservice": library "vendor.qti.hardware.qxr-V1-ndk_platform.so" not found: needed by main executable
09-23 00:43:56.462 I/hwservicemanager( 513): getTransport: Cannot find entry android.hardware.light@2.0::ILight/default in either framework or device VINTF manifest.
09-23 00:43:56.464 E/light ( 9609): light_open lights keyboard failed: -22
09-23 00:43:56.464 E/light ( 9609): Light passthrough failed to load legacy HAL.
09-23 00:43:56.464 E/light ( 9609): light_open lights buttons failed: -22
09-23 00:43:56.464 E/light ( 9609): Light passthrough failed to load legacy HAL.
09-23 00:43:56.466 E/light ( 9609): light_open lights bluetooth failed: -22
09-23 00:43:56.466 E/light ( 9609): Light passthrough failed to load legacy HAL.
09-23 00:43:56.466 E/light ( 9609): light_open lights wifi failed: -22
09-23 00:43:56.466 E/light ( 9609): Light passthrough failed to load legacy HAL.
09-23 00:43:56.467 I/hwservicemanager( 513): getTransport: Cannot find entry android.hardware.light@2.0::ILight/default in either framework or device VINTF manifest.
09-23 00:43:56.467 E/HidlServiceManagement( 9609): Service android.hardware.light@2.0::ILight/default must be in VINTF manifest in order to register/get.
09-23 00:43:56.467 E/LegacySupport( 9609): Could not register service android.hardware.light@2.0::ILight/default (-2147483648).
09-23 00:43:56.917 I/OMX-VENC: venc_dev( 1213): stats: avg. fps 60.66, bitrate 2777880
09-23 00:43:57.126 D/audio_hw_primary( 814): out_set_parameters: enter: usecase(1: low-latency-playback) kvpairs: suspend_playback=false
09-23 00:43:57.126 D/audio_hw_extn( 814): audio_extn_fm_set_parameters: Enter
09-23 00:43:57.126 W/audio_hw_primary( 814): out_write: underrun(155) frames_by_time(48120) > out->last_fifo_frames_remaining(384)
09-23 00:43:57.149 I/mpu_uart( 651): [MSG-P:RECV]:No message received in 1000 ms
09-23 00:43:57.164 D/audio_hw_primary( 814): out_set_parameters: enter: usecase(1: low-latency-playback) kvpairs: suspend_playback=true
09-23 00:43:57.164 D/audio_hw_extn( 814): audio_extn_fm_set_parameters: Enter
09-23 00:43:57.785 I/mpu_uart( 651): [MSG-P:R]:recv sync frame timeout
09-23 00:43:57.919 I/OMX-VENC: venc_dev( 1213): stats: avg. fps 59.87, bitrate 2284596
09-23 00:43:58.068 D/BluetoothA2dp( 8440): Proxy object connected
09-23 00:43:58.069 D/AbstractBtDlgCtr( 8440): Unable to get current codec config. No active device.
09-23 00:43:58.069 D/AbstractBtDlgCtr( 8440): Unable to get current config index. Current codec Config is null.
09-23 00:43:58.069 D/AbstractBtDlgCtr( 8440): Unable to get current codec config. No active device.
09-23 00:43:58.070 D/AbstractBtDlgCtr( 8440): Unable to get current codec config. No active device.
09-23 00:43:58.070 D/AbstractBtDlgCtr( 8440): Unable to get current config index. Current codec Config is null.
09-23 00:43:58.070 D/AbstractBtDlgCtr( 8440): Unable to get current codec config. No active device.
09-23 00:43:58.072 D/AbstractBtDlgCtr( 8440): Unable to get current codec config. No active device.
09-23 00:43:58.072 D/AbstractBtDlgCtr( 8440): Unable to get current config index. Current codec Config is null.
09-23 00:43:58.073 D/AbstractBtDlgCtr( 8440): Unable to get current codec config. No active device.
09-23 00:43:58.073 D/AbstractBtDlgCtr( 8440): Unable to get current codec config. No active device.
09-23 00:43:58.073 D/AbstractBtDlgCtr( 8440): Unable to get current config index. Current codec Config is null.
09-23 00:43:58.073 D/AbstractBtDlgCtr( 8440): Unable to get current codec config. No active device.
09-23 00:43:58.074 D/AbstractBtDlgCtr( 8440): Unable to get current codec config. No active device.
09-23 00:43:58.074 D/AbstractBtDlgCtr( 8440): Unable to get current codec config. No active device.
09-23 00:43:58.074 D/AbstractBtDlgCtr( 8440): Unable to get current config index. Current codec Config is null.
09-23 00:43:58.074 D/AbstractBtDlgCtr( 8440): Unable to get current codec config. No active device.
09-23 00:43:58.074 E/BtHDAudioCtr( 8440): Active device is null. To disable HD audio button
09-23 00:43:58.074 I/Choreographer( 8440): Skipped 123 frames! The application may be doing too much work on its main thread.
09-23 00:43:58.080 D/UsageGraph( 8440): No enabled state changed, skipping updateCategory call
09-23 00:43:58.085 D/UsageGraph( 8440): No enabled state changed, skipping updateCategory call
09-23 00:43:58.088 D/UsageGraph( 8440): No enabled state changed, skipping updateCategory call
09-23 00:43:58.091 D/UsageGraph( 8440): No enabled state changed, skipping updateCategory call
09-23 00:43:58.094 D/UsageGraph( 8440): No enabled state changed, skipping updateCategory call
09-23 00:43:58.097 D/UsageGraph( 8440): No enabled state changed, skipping updateCategory call
09-23 00:43:58.100 D/UsageGraph( 8440): No enabled state changed, skipping updateCategory call
09-23 00:43:58.103 D/UsageGraph( 8440): No enabled state changed, skipping updateCategory call
09-23 00:43:58.105 D/UsageGraph( 8440): No enabled state changed, skipping updateCategory call
09-23 00:43:58.108 D/UsageGraph( 8440): No enabled state changed, skipping updateCategory call
09-23 00:43:58.150 I/mpu_uart( 651): [MSG-P:RECV]:No message received in 1000 ms
09-23 00:43:58.165 D/audio_hw_primary( 814): out_set_parameters: enter: usecase(1: low-latency-playback) kvpairs: suspend_playback=false
09-23 00:43:58.165 D/audio_hw_extn( 814): audio_extn_fm_set_parameters: Enter
09-23 00:43:58.165 W/audio_hw_primary( 814): out_write: underrun(156) frames_by_time(48206) > out->last_fifo_frames_remaining(384)
09-23 00:43:58.202 D/audio_hw_primary( 814): out_set_parameters: enter: usecase(1: low-latency-playback) kvpairs: suspend_playback=true
09-23 00:43:58.202 D/audio_hw_extn( 814): audio_extn_fm_set_parameters: Enter
09-23 00:43:59.150 I/mpu_uart( 651): [MSG-P:RECV]:No message received in 1000 ms
09-23 00:43:59.203 D/audio_hw_primary( 814): out_set_parameters: enter: usecase(1: low-latency-playback) kvpairs: suspend_playback=false
09-23 00:43:59.203 D/audio_hw_extn( 814): audio_extn_fm_set_parameters: Enter
09-23 00:43:59.203 D/audio_hw_primary( 814): out_standby: enter: stream (0xe7fc64c0) usecase(1: low-latency-playback)
09-23 00:43:59.221 D/audio_hw_primary( 814): disable_audio_route: reset and update mixer path: low-latency-playback
09-23 00:43:59.222 E/soundtrigger( 814): audio_extn_sound_trigger_update_stream_status: invalid input device 0x0, for event 2
09-23 00:43:59.222 D/soundtrigger( 814): audio_extn_sound_trigger_update_stream_status: uc_info->id 1 of type 0 for Event 2, with Raise=0
09-23 00:43:59.222 D/msm8974_platform( 814): platform_split_snd_device: snd_device(2) num devices(0) new_snd_devices(0)
09-23 00:43:59.222 I/msm8974_platform( 814): platform_get_custom_mtmx_params: no matching param with id 0 ip_ch 2 op_ch 2 uc_id 1 snd_dev 2
09-23 00:43:59.222 D/hardware_info( 814): hw_info_append_hw_type : device_name = speaker
09-23 00:43:59.222 D/audio_hw_primary( 814): disable_snd_device: snd_device(2: speaker)
09-23 00:43:59.222 D/msm8974_platform( 814): platform_split_snd_device: snd_device(2) num devices(0) new_snd_devices(0)
09-23 00:43:59.222 I/soundtrigger( 814): audio_extn_sound_trigger_update_device_status: device 0x2 of type 0 for Event 0, with Raise=0
09-23 00:43:59.222 D/audio_hw_primary( 814): out_standby: exit
09-23 00:43:59.443 I/Choreographer( 8440): Skipped 81 frames! The application may be doing too much work on its main thread.
09-23 00:43:59.469 I/OpenGLRenderer( 8440): Davey! duration=3439ms; Flags=0, FrameTimelineVsyncId=114963, IntendedVsync=8243337664383, Vsync=8245387664301, InputEventId=0, HandleInputStart=8245397818623, AnimationStart=8245397819509, PerformTraversalsStart=8245406242165, DrawStart=8246753479508, FrameDeadline=8243375664381, FrameInterval=8245397798571, FrameStartTime=16666666, SyncQueued=8246758637008, SyncStart=8246758855914, IssueDrawCommandsStart=8246763189873, SwapBuffers=8246770396331, FrameCompleted=8246776942685, DequeueBufferDuration=46041, QueueBufferDuration=1444271, GpuCompleted=8246776942685, SwapBuffersCompleted=8246772427737, DisplayPresentTime=0,
09-23 00:43:59.475 I/OMX-VENC: venc_dev( 1213): stats: avg. fps 7.71, bitrate 522446
09-23 00:44:00.002 D/KeyguardUpdateMonitor( 1849): received broadcast android.intent.action.TIME_TICK
09-23 00:44:00.009 D/KeyguardUpdateMonitor( 1849): handleTimeUpdate
09-23 00:44:00.020 I/OpenGLRenderer( 1849): Davey! duration=9223363789527ms; Flags=0, FrameTimelineVsyncId=-1, IntendedVsync=8247327380029, Vsync=8247327381748, InputEventId=0, HandleInputStart=8247327389248, AnimationStart=8247327391070, PerformTraversalsStart=8247327393102, DrawStart=8247328671175, FrameDeadline=9223372036854775807, FrameInterval=8247327381748, FrameStartTime=16666666, SyncQueued=8247328903362, SyncStart=8247328956800, IssueDrawCommandsStart=8247329092581, SwapBuffers=8247330490185, FrameCompleted=9223372036854775807, DequeueBufferDuration=32136, QueueBufferDuration=866719, GpuCompleted=9223372036854775807, SwapBuffersCompleted=8247331814404, DisplayPresentTime=0,
09-23 00:44:00.150 I/mpu_uart( 651): [MSG-P:RECV]:No message received in 1000 ms
09-23 00:44:00.169 I/Choreographer( 8440): Skipped 42 frames! The application may be doing too much work on its main thread.
09-23 00:44:00.188 I/OpenGLRenderer( 8440): Davey! duration=2090ms; Flags=0, FrameTimelineVsyncId=115211, IntendedVsync=8245409325009, Vsync=8246759324955, InputEventId=0, HandleInputStart=8246766917425, AnimationStart=8246766918050, PerformTraversalsStart=8246773122946, DrawStart=8247485097164, FrameDeadline=8245447325007, FrameInterval=8246766878831, FrameStartTime=16666666, SyncQueued=8247488731539, SyncStart=8247488753102, IssueDrawCommandsStart=8247491562320, SwapBuffers=8247498494352, FrameCompleted=8247500193414, DequeueBufferDuration=30156, QueueBufferDuration=901718, GpuCompleted=8247499839247, SwapBuffersCompleted=8247500193414, DisplayPresentTime=0,
09-23 00:44:00.204 I/OpenGLRenderer( 8440): Davey! duration=728ms; Flags=0, FrameTimelineVsyncId=115294, IntendedVsync=8246779412850, Vsync=8247479412822, InputEventId=621601983, HandleInputStart=8247492025602, AnimationStart=8247492221018, PerformTraversalsStart=8247497771279, DrawStart=8247497825237, FrameDeadline=8246817412848, FrameInterval=8247491985810, FrameStartTime=16666666, SyncQueued=8247501828518, SyncStart=8247502794404, IssueDrawCommandsStart=8247504318414, SwapBuffers=8247507657581, FrameCompleted=8247508691956, DequeueBufferDuration=20729, QueueBufferDuration=557708, GpuCompleted=8247508691956, SwapBuffersCompleted=8247508542529, DisplayPresentTime=0,
09-23 00:44:00.477 I/OMX-VENC: venc_dev( 1213): stats: avg. fps 18.96, bitrate 2349976
09-23 00:44:00.788 I/mpu_uart( 651): [MSG-P:R]:recv sync frame timeout
09-23 00:44:01.150 I/mpu_uart( 651): [MSG-P:RECV]:No message received in 1000 ms
09-23 00:44:01.459 F/linker ( 9614): CANNOT LINK EXECUTABLE "/vendor/bin/hw/qvrservice": library "vendor.qti.hardware.qxr-V1-ndk_platform.so" not found: needed by /vendor/lib64/libqvrservice.so in namespace (default)
09-23 00:44:01.465 I/hwservicemanager( 513): getTransport: Cannot find entry android.hardware.light@2.0::ILight/default in either framework or device VINTF manifest.
09-23 00:44:01.468 E/light ( 9613): light_open lights keyboard failed: -22
09-23 00:44:01.468 E/light ( 9613): Light passthrough failed to load legacy HAL.
09-23 00:44:01.469 E/light ( 9613): light_open lights buttons failed: -22
09-23 00:44:01.469 E/light ( 9613): Light passthrough failed to load legacy HAL.
09-23 00:44:01.470 F/linker ( 9615): CANNOT LINK EXECUTABLE "/vendor/bin/hw/sxrservice": library "vendor.qti.hardware.qxr-V1-ndk_platform.so" not found: needed by main executable
09-23 00:44:01.471 E/light ( 9613): light_open lights bluetooth failed: -22
09-23 00:44:01.471 E/light ( 9613): Light passthrough failed to load legacy HAL.
09-23 00:44:01.472 E/light ( 9613): light_open lights wifi failed: -22
09-23 00:44:01.472 E/light ( 9613): Light passthrough failed to load legacy HAL.
09-23 00:44:01.472 I/hwservicemanager( 513): getTransport: Cannot find entry android.hardware.light@2.0::ILight/default in either framework or device VINTF manifest.
09-23 00:44:01.472 E/HidlServiceManagement( 9613): Service android.hardware.light@2.0::ILight/default must be in VINTF manifest in order to register/get.
09-23 00:44:01.472 E/LegacySupport( 9613): Could not register service android.hardware.light@2.0::ILight/default (-2147483648).
09-23 00:44:01.479 I/OMX-VENC: venc_dev( 1213): stats: avg. fps 57.88, bitrate 3643589
09-23 00:44:01.913 I/OpenGLRenderer( 8440): Davey! duration=9223363787653ms; Flags=0, FrameTimelineVsyncId=115520, IntendedVsync=8249201647652, Vsync=8249201647652, InputEventId=0, HandleInputStart=8249202819559, AnimationStart=8249202824247, PerformTraversalsStart=8249202827997, DrawStart=8249203116226, FrameDeadline=8249222980984, FrameInterval=8249202808049, FrameStartTime=16666666, SyncQueued=8249204952997, SyncStart=8249205042945, IssueDrawCommandsStart=8249206693309, SwapBuffers=8249216645705, FrameCompleted=9223372036854775807, DequeueBufferDuration=62760, QueueBufferDuration=1750208, GpuCompleted=9223372036854775807, SwapBuffersCompleted=8249219132841, DisplayPresentTime=0,
09-23 00:44:02.150 I/mpu_uart( 651): [MSG-P:RECV]:No message received in 1000 ms
09-23 00:44:02.612 I/sysui_multi_action( 8440): [757,39,758,2,1089,6627]
09-23 00:44:02.614 D/audio_hw_primary( 814): start_output_stream: enter: stream(0xe7fc64c0)usecase(1: low-latency-playback) devices(0x2) is_haptic_usecase(0)
09-23 00:44:02.614 E/ANDR-PERF-TARGET( 866): Error: Invalid logical cluster id 0
09-23 00:44:02.614 E/ANDR-PERF-REQUEST( 866): invalid request
09-23 00:44:02.614 E/ANDR-PERF-MPCTL( 866): invalid request, no optimizations performed
09-23 00:44:02.614 E/audio_hw_extn( 814): audio_extn_perf_lock_acquire: Failed to acquire perf lock, err: -1
09-23 00:44:02.614 D/audio_hw_primary( 814): select_devices for use case (low-latency-playback)
09-23 00:44:02.614 I/msm8974_platform( 814): platform_check_and_set_codec_backend_cfg:becf: afe: bitwidth 16, samplerate 48000 channels 2, backend_idx 0 usecase = 1 device (speaker)
09-23 00:44:02.614 D/msm8974_platform( 814): platform_split_snd_device: snd_device(2) num devices(1) new_snd_devices(0)
09-23 00:44:02.614 I/msm8974_platform( 814): platform_check_and_set_codec_backend_cfg: new_snd_devices[0] is 2
09-23 00:44:02.614 I/msm8974_platform( 814): platform_check_codec_backend_cfg:becf: afe: bitwidth 16, samplerate 48000 channels 2, backend_idx 0 usecase = 1 device (speaker)
09-23 00:44:02.616 D/audio_hw_extn( 814): audio_extn_enable_hifi_filter: mixer_value set 0
09-23 00:44:02.616 D/msm8974_platform( 814): platform_check_codec_backend_cfg:becf: updated afe: bitwidth 16, samplerate 48000 channels 2,backend_idx 0 usecase = 1 device (speaker)
09-23 00:44:02.616 D/msm8974_platform( 814): platform_check_codec_backend_cfg:becf: afe: playback on codec device not supporting native playback set default Sample Rate(48k)
09-23 00:44:02.616 I/msm8974_platform( 814): platform_check_codec_backend_cfg:becf: afe: Codec selected backend: 0 updated bit width: 16 and sample rate: 48000
09-23 00:44:02.616 D/audio_hw_primary( 814): check_usecases_codec_backend:becf: force routing 0
09-23 00:44:02.616 E/msm8974_platform( 814): platform_check_backends_match: Invalid snd_device =
09-23 00:44:02.616 D/audio_hw_primary( 814): check_usecases_codec_backend:becf: (78) check_usecases curr device: speaker, usecase device: backends match 0
09-23 00:44:02.616 D/audio_hw_primary( 814): check_usecases_codec_backend:becf: check_usecases num.of Usecases to switch 0
09-23 00:44:02.616 D/hardware_info( 814): hw_info_append_hw_type : device_name = speaker
09-23 00:44:02.616 D/msm8974_platform( 814): platform_split_snd_device: snd_device(2) num devices(0) new_snd_devices(0)
09-23 00:44:02.616 D/audio_hw_primary( 814): enable_snd_device: snd_device(2: speaker)
09-23 00:44:02.616 D/msm8974_platform( 814): platform_get_island_cfg_on_device:island cfg status on snd_device = (speaker 0)
09-23 00:44:02.616 I/soundtrigger( 814): audio_extn_sound_trigger_update_device_status: device 0x2 of type 0 for Event 1, with Raise=0
09-23 00:44:02.616 D/audio_route( 814): Apply path: speaker
09-23 00:44:02.616 I/audio_hw_utils( 814): audio_extn_utils_update_stream_output_app_type_cfg Allowing 24 and above bits playback on speaker ONLY at default sampling rate
09-23 00:44:02.616 E/soundtrigger( 814): audio_extn_sound_trigger_update_stream_status: invalid input device 0x0, for event 3
09-23 00:44:02.616 D/soundtrigger( 814): audio_extn_sound_trigger_update_stream_status: uc_info->id 1 of type 0 for Event 3, with Raise=0
09-23 00:44:02.616 D/audio_hw_utils( 814): audio_extn_utils_send_app_type_cfg: usecase->out_snd_device speaker
09-23 00:44:02.616 D/msm8974_platform( 814): platform_split_snd_device: snd_device(2) num devices(0) new_snd_devices(0)
09-23 00:44:02.616 D/audio_hw_utils( 814): audio_extn_btsco_get_sample_rate:Not a BT SCO device, need not update sampling rate
09-23 00:44:02.616 I/audio_hw_utils( 814): send_app_type_cfg_for_device PLAYBACK app_type 69937, acdb_dev_id 15, sample_rate 48000, snd_device_be_idx 179
09-23 00:44:02.617 D/msm8974_platform( 814): platform_split_snd_device: snd_device(2) num devices(1) new_snd_devices(0)
09-23 00:44:02.617 D/audio_hw_utils( 814): audio_extn_btsco_get_sample_rate:Not a BT SCO device, need not update sampling rate
09-23 00:44:02.617 D/ACDB-LOADER( 814): ACDB -> send_audio_cal, acdb_id = 15, path = 0, app id = 0x11131, sample rate = 48000, afe_sample_rate = 48000
09-23 00:44:02.617 D/ACDB-LOADER( 814): ACDB -> send_asm_topology
09-23 00:44:02.617 D/ACDB-LOADER( 814): ACDB -> ACDB_CMD_GET_AUDPROC_STREAM_TOPOLOGY_ID
09-23 00:44:02.617 D/ACDB-LOADER( 814): ACDB -> send_adm_topology
09-23 00:44:02.617 D/ACDB-LOADER( 814): ACDB -> ACDB_CMD_GET_AUDPROC_COMMON_TOPOLOGY_ID
09-23 00:44:02.617 D/ACDB-LOADER( 814): ACDB -> send_audtable
09-23 00:44:02.617 D/ACDB-LOADER( 814): ACDB -> ACDB_CMD_GET_AUDPROC_INSTANCE_COMMON_TABLE_SIZE
09-23 00:44:02.617 D/ACDB-LOADER( 814): ACDB -> ACDB_CMD_GET_AUDPROC_INSTANCE_COMMON_TABLE
09-23 00:44:02.617 D/ACDB-LOADER( 814): ACDB -> AUDIO_SET_AUDPROC_CAL cal_type[11] acdb_id[15] app_type[69937]
09-23 00:44:02.617 D/ACDB-LOADER( 814): ACDB -> send_audvoltable
09-23 00:44:02.617 D/ACDB-LOADER( 814): ACDB -> ACDB_CMD_GET_AUDPROC_INSTANCE_GAIN_DEP_STEP_TABLE_SIZE
09-23 00:44:02.617 D/ACDB-LOADER( 814): ACDB -> ACDB_CMD_GET_AUDPROC_INSTANCE_GAIN_DEP_STEP_TABLE, vol index 0
09-23 00:44:02.617 D/ACDB-LOADER( 814): ACDB -> AUDIO_SET_VOL_CAL cal type = 12
09-23 00:44:02.617 D/ACDB-LOADER( 814): ACDB -> ACDB_CMD_GET_AUDPROC_INSTANCE_STREAM_TABLE_SIZE
09-23 00:44:02.617 D/ACDB-LOADER( 814): ACDB -> send_audstrmtable
09-23 00:44:02.617 D/ACDB-LOADER( 814): ACDB -> ACDB_CMD_GET_AUDPROC_INSTANCE_STREAM_TABLE
09-23 00:44:02.617 D/ACDB-LOADER( 814): ACDB -> audstrm_cal->cal_type.cal_data.cal_size = 20
09-23 00:44:02.617 D/ACDB-LOADER( 814): ACDB -> send_afe_topology
09-23 00:44:02.617 D/ACDB-LOADER( 814): ACDB -> ACDB_CMD_GET_AFE_TOPOLOGY_ID
09-23 00:44:02.617 D/ACDB-LOADER( 814): ACDB -> GET_AFE_TOPOLOGY_ID for adcd_id 15, Topology Id 112fc
09-23 00:44:02.617 D/ACDB-LOADER( 814): ACDB -> send_afe_cal
09-23 00:44:02.617 D/ACDB-LOADER( 814): ACDB -> ACDB_CMD_GET_AFE_INSTANCE_COMMON_TABLE_SIZE
09-23 00:44:02.617 D/android.hardware.audio.service( 814): Failed to fetch the lookup information of the device 0000000F
09-23 00:44:02.617 D/ACDB-LOADER( 814): Error: ACDB_CMD_GET_AFE_INSTANCE_COMMON_TABLE_SIZE Returned = -19
09-23 00:44:02.617 D/ACDB-LOADER( 814): ACDB -> ACDB_CMD_GET_AFE_INSTANCE_COMMON_TABLE
09-23 00:44:02.617 D/android.hardware.audio.service( 814): Failed to fetch the lookup information of the device 0000000F
09-23 00:44:02.617 D/ACDB-LOADER( 814): Error: ACDB AFE returned = -19
09-23 00:44:02.617 D/ACDB-LOADER( 814): ACDB -> AUDIO_SET_AFE_CAL cal_type[16] acdb_id[15]
09-23 00:44:02.617 D/ACDB-LOADER( 814): ACDB -> send_hw_delay : acdb_id = 15 path = 0
09-23 00:44:02.617 D/ACDB-LOADER( 814): ACDB -> ACDB_AVSYNC_INFO: ACDB_CMD_GET_DEVICE_PROPERTY
09-23 00:44:02.617 D/msm8974_platform( 814): platform_split_snd_device: snd_device(2) num devices(0) new_snd_devices(0)
09-23 00:44:02.617 I/msm8974_platform( 814): platform_get_custom_mtmx_params: no matching param with id 0 ip_ch 2 op_ch 2 uc_id 1 snd_dev 2
09-23 00:44:02.617 D/audio_hw_primary( 814): enable_audio_route: apply mixer and update path: low-latency-playback
09-23 00:44:02.617 D/audio_route( 814): Apply path: low-latency-playback
09-23 00:44:02.619 D/audio_hw_primary( 814): select_devices: done
09-23 00:44:02.640 D/BluetoothA2dp( 8440): Unbinding service...
09-23 00:44:02.643 I/sysui_multi_action( 8440): [757,744,758,1,833,0,1089,0]
09-23 00:44:02.644 D/msm8974_platform( 814): platform_set_channel_map mixer_ctl_name:Playback Channel Map9
09-23 00:44:02.644 D/msm8974_platform( 814): platform_set_channel_map: set mapping(1 2 0 0 0 0 0 0) for channel:2
09-23 00:44:02.644 D/DashboardFragment( 8440): Cannot find preference with key system_update_settings in Controller SystemUpdatePreferenceController
09-23 00:44:02.644 D/AssistGesture( 8440): mAssistOnly:false, isSupported:false, isSensorAvailable:false
09-23 00:44:02.645 E/audio_hw_extn( 814): audio_extn_perf_lock_release: Perf lock release error
09-23 00:44:02.645 D/audio_hw_primary( 814): start_output_stream: exit
09-23 00:44:02.702 I/OMX-VENC: venc_dev( 1213): stats: avg. fps 16.36, bitrate 476926
09-23 00:44:02.832 D/audio_hw_primary( 814): out_set_parameters: enter: usecase(1: low-latency-playback) kvpairs: suspend_playback=true
09-23 00:44:02.832 D/audio_hw_extn( 814): audio_extn_fm_set_parameters: Enter
09-23 00:44:03.151 I/mpu_uart( 651): [MSG-P:RECV]:No message received in 1000 ms
09-23 00:44:03.791 I/mpu_uart( 651): [MSG-P:R]:recv sync frame timeout
09-23 00:44:03.833 D/audio_hw_primary( 814): out_set_parameters: enter: usecase(1: low-latency-playback) kvpairs: suspend_playback=false
09-23 00:44:03.833 D/audio_hw_extn( 814): audio_extn_fm_set_parameters: Enter
09-23 00:44:03.834 W/audio_hw_primary( 814): out_write: underrun(157) frames_by_time(48133) > out->last_fifo_frames_remaining(384)
09-23 00:44:03.871 D/audio_hw_primary( 814): out_set_parameters: enter: usecase(1: low-latency-playback) kvpairs: suspend_playback=true
09-23 00:44:03.871 D/audio_hw_extn( 814): audio_extn_fm_set_parameters: Enter
09-23 00:44:04.151 I/mpu_uart( 651): [MSG-P:RECV]:No message received in 1000 ms
09-23 00:44:04.287 I/OMX-VENC: venc_dev( 1213): stats: avg. fps 4.41, bitrate 241966
09-23 00:44:04.846 I/DashboardFragment( 8440): onPreferenceTreeClick: onPreferenceTreeClick::com.android.settings.development.DevelopmentSettingsDashboardFragment
09-23 00:44:04.846 I/sysui_multi_action( 8440): [757,830,758,4,833,0,854,dashboard_tile_pref_com.android.settings.Settings$DevelopmentSettingsDashboardActivity,1089,0]
09-23 00:44:04.847 W/PreferenceFragment( 8440): onPreferenceStartFragment is not implemented in the parent activity - attempting to use a fallback implementation. You should implement this method so that you can configure the new fragment that will be displayed, and set a transition between the fragments.
09-23 00:44:04.849 I/sysui_multi_action( 8440): [757,744,758,2,1089,2206]
09-23 00:44:04.852 D/audio_hw_primary( 814): out_set_parameters: enter: usecase(1: low-latency-playback) kvpairs: suspend_playback=false
09-23 00:44:04.852 D/audio_hw_extn( 814): audio_extn_fm_set_parameters: Enter
09-23 00:44:04.852 W/audio_hw_primary( 814): out_write: underrun(158) frames_by_time(47102) > out->last_fifo_frames_remaining(384)
09-23 00:44:04.857 D/ForcePeakRefreshRateCtr( 8440): DEFAULT_REFRESH_RATE : 60.0 mPeakRefreshRate : 60.0
09-23 00:44:04.870 D/PrefCtrlListHelper( 8440): Could not find Context-only controller for pref: com.android.settings.development.Prefer5GNetworkSummaryController
09-23 00:44:04.871 W/PrefCtrlListHelper( 8440): Cannot instantiate controller from reflection: com.android.settings.development.Prefer5GNetworkSummaryController
09-23 00:44:04.871 D/PrefCtrlListHelper( 8440): Could not find Context-only controller for pref: com.android.settings.notification.ImportanceResetPreferenceController
09-23 00:44:04.871 D/PrefCtrlListHelper( 8440): Could not find Context-only controller for pref: com.android.settings.location.LocationIndicatorsPreferenceController
09-23 00:44:04.874 E/UserRestrictionsUtils( 1471): Unknown restriction queried by uid 1000 (com.android.dynsystem et al): null
09-23 00:44:04.876 E/UserRestrictionsUtils( 1471): Unknown restriction queried by uid 1000 (com.android.dynsystem et al): null
09-23 00:44:04.877 E/UserRestrictionsUtils( 1471): Unknown restriction queried by uid 1000 (com.android.dynsystem et al): null
09-23 00:44:04.877 E/UserRestrictionsUtils( 1471): Unknown restriction queried by uid 1000 (com.android.dynsystem et al): null
09-23 00:44:04.878 E/UserRestrictionsUtils( 1471): Unknown restriction queried by uid 1000 (com.android.dynsystem et al): null
09-23 00:44:04.879 E/UserRestrictionsUtils( 1471): Unknown restriction queried by uid 1000 (com.android.dynsystem et al): null
09-23 00:44:04.880 E/UserRestrictionsUtils( 1471): Unknown restriction queried by uid 1000 (com.android.dynsystem et al): null
09-23 00:44:04.881 E/UserRestrictionsUtils( 1471): Unknown restriction queried by uid 1000 (com.android.dynsystem et al): null
09-23 00:44:04.882 E/BtCodecDlgPref( 8440): a2dp_codec_titles array length: 8
09-23 00:44:04.882 E/BtCodecDlgPref( 8440): a2dp_codec_summaries array length: 8
09-23 00:44:04.885 E/UserRestrictionsUtils( 1471): Unknown restriction queried by uid 1000 (com.android.dynsystem et al): null
09-23 00:44:04.891 V/AutofillPreferenceCategory( 8440): isAutofillEnabled(): false
09-23 00:44:04.891 V/AutofillPreferenceCategory( 8440): shouldDisableDependents(): true
09-23 00:44:04.892 V/AutofillPreferenceCategory( 8440): isAutofillEnabled(): false
09-23 00:44:04.892 V/AutofillPreferenceCategory( 8440): shouldDisableDependents(): true
09-23 00:44:04.892 V/AutofillPreferenceCategory( 8440): isAutofillEnabled(): false
09-23 00:44:04.892 V/AutofillPreferenceCategory( 8440): shouldDisableDependents(): true
09-23 00:44:04.892 V/AutofillPreferenceCategory( 8440): isAutofillEnabled(): false
09-23 00:44:04.892 V/AutofillPreferenceCategory( 8440): shouldDisableDependents(): true
09-23 00:44:04.895 I/auditd ( 8440): type=1400 audit(0.0:1061): avc: denied { read } for comm="ndroid.settings" name="pagetypeinfo" dev="proc" ino=4026531857 scontext=u:r:system_app:s0 tcontext=u:object_r:proc_pagetypeinfo:s0 tclass=file permissive=0
09-23 00:44:04.895 W/ndroid.settings( 8440): type=1400 audit(0.0:1061): avc: denied { read } for name="pagetypeinfo" dev="proc" ino=4026531857 scontext=u:r:system_app:s0 tcontext=u:object_r:proc_pagetypeinfo:s0 tclass=file permissive=0
09-23 00:44:04.902 E/ndroid.setting( 8440): Can't find memory status under: /sys/block/zram0/
09-23 00:44:04.899 I/auditd ( 8440): type=1400 audit(0.0:1062): avc: denied { search } for comm="ndroid.settings" name="zram0" dev="sysfs" ino=62873 scontext=u:r:system_app:s0 tcontext=u:object_r:sysfs_zram:s0 tclass=dir permissive=0
09-23 00:44:04.899 W/ndroid.settings( 8440): type=1400 audit(0.0:1062): avc: denied { search } for name="zram0" dev="sysfs" ino=62873 scontext=u:r:system_app:s0 tcontext=u:object_r:sysfs_zram:s0 tclass=dir permissive=0
09-23 00:44:04.899 I/auditd ( 8440): type=1400 audit(0.0:1063): avc: denied { search } for comm="ndroid.settings" name="zram0" dev="sysfs" ino=62873 scontext=u:r:system_app:s0 tcontext=u:object_r:sysfs_zram:s0 tclass=dir permissive=0
09-23 00:44:04.899 W/ndroid.settings( 8440): type=1400 audit(0.0:1063): avc: denied { search } for name="zram0" dev="sysfs" ino=62873 scontext=u:r:system_app:s0 tcontext=u:object_r:sysfs_zram:s0 tclass=dir permissive=0
09-23 00:44:04.903 W/ProcStatsManager( 8440): No process com.android.dynsystem:dynsystem/1000 for service com.android.dynsystem.DynamicSystemInstallationService
09-23 00:44:04.903 W/ProcStatsManager( 8440): No process com.android.providers.calendar/10030 for service com.android.providers.calendar.CalendarProviderJobService
09-23 00:44:04.903 W/ProcStatsManager( 8440): No process android.process.media/10026 for service com.android.providers.downloads.DownloadIdleService
09-23 00:44:04.903 W/ProcStatsManager( 8440): No process com.android.phone/1001 for service com.android.stk.StkAppService
09-23 00:44:04.903 W/ProcStatsManager( 8440): No process com.android.keychain/1000 for service com.android.keychain.KeyChainService
09-23 00:44:04.903 W/ProcStatsManager( 8440): No process com.android.localtransport/1000 for service com.android.localtransport.LocalTransportService
09-23 00:44:04.903 W/ProcStatsManager( 8440): No process com.android.inputmethod.latin/10069 for service com.android.inputmethod.latin.LatinIME
09-23 00:44:04.903 W/ProcStatsManager( 8440): No process com.qti.ltebc/10079 for service com.qualcomm.ltebc.LTERootService
09-23 00:44:04.903 W/ProcStatsManager( 8440): No process com.android.permissioncontroller/10092 for service com.android.permissioncontroller.permission.service.PermissionControllerServiceImpl
09-23 00:44:04.903 W/ProcStatsManager( 8440): No process com.qualcomm.qti.qms.service.trustzoneaccess/10052 for service com.qualcomm.qti.qms.service.trustzoneaccess.TZAccessService
09-23 00:44:04.903 W/ProcStatsManager( 8440): No process com.qualcomm.qtil.aptxui/10085 for service com.qualcomm.qtil.aptxui.aptxuiService
09-23 00:44:04.905 I/hwservicemanager( 513): getTransport: Cannot find entry android.hardware.dumpstate@1.1::IDumpstateDevice/default in either framework or device VINTF manifest.
09-23 00:44:04.911 I/hwservicemanager( 513): getTransport: Cannot find entry android.hardware.dumpstate@1.0::IDumpstateDevice/default in either framework or device VINTF manifest.
09-23 00:44:04.913 D/DevSettingsDashboard( 8440): refreshDashboardTiles ::com.android.settingslib.drawer.ActivityTile@16870a9
09-23 00:44:04.914 D/DevSettingsDashboard( 8440): All preferences added, reporting fully drawn
09-23 00:44:04.916 D/BluetoothA2dp( 8440): Binding service...
09-23 00:44:04.924 I/hwservicemanager( 513): getTransport: Cannot find entry android.hardware.dumpstate@1.1::IDumpstateDevice/default in either framework or device VINTF manifest.
09-23 00:44:04.927 I/hwservicemanager( 513): getTransport: Cannot find entry android.hardware.dumpstate@1.0::IDumpstateDevice/default in either framework or device VINTF manifest.
09-23 00:44:04.932 I/sysui_multi_action( 8440): [757,39,758,1,833,0,1089,81]
09-23 00:44:04.932 D/SubscriptionsChangeListener( 8440): Start
09-23 00:44:04.932 D/TelephonyRegistry( 1471): listen oscl: mHasNotifySubscriptionInfoChangedOccurred==false no callback
09-23 00:44:04.933 W/MobileNetworkUtils( 8440): EuiccManager is not enabled.
09-23 00:44:04.936 W/MobileNetworkUtils( 8440): EuiccManager is not enabled.
09-23 00:44:04.936 D/SubscriptionsChangeListener( 8440): Start
09-23 00:44:04.936 D/TelephonyRegistry( 1471): listen oscl: mHasNotifySubscriptionInfoChangedOccurred==false no callback
09-23 00:44:04.937 D/AbstractBtDlgCtr( 8440): Unable to get current config index. Current codec Config is null.
09-23 00:44:04.944 D/AbstractBtDlgCtr( 8440): Unable to get current config index. Current codec Config is null.
09-23 00:44:04.945 D/AbstractBtDlgCtr( 8440): Unable to get current config index. Current codec Config is null.
09-23 00:44:04.946 W/Settings( 8440): Setting bugreport_in_power_menu has moved from android.provider.Settings.Secure to android.provider.Settings.Global.
09-23 00:44:04.943 I/auditd ( 8440): type=1400 audit(0.0:1064): avc: denied { read } for comm="pool-2-thread-6" name="pagetypeinfo" dev="proc" ino=4026531857 scontext=u:r:system_app:s0 tcontext=u:object_r:proc_pagetypeinfo:s0 tclass=file permissive=0
09-23 00:44:04.943 W/pool-2-thread-6( 8440): type=1400 audit(0.0:1064): avc: denied { read } for name="pagetypeinfo" dev="proc" ino=4026531857 scontext=u:r:system_app:s0 tcontext=u:object_r:proc_pagetypeinfo:s0 tclass=file permissive=0
09-23 00:44:04.947 E/ndroid.setting( 8440): Can't find memory status under: /sys/block/zram0/
09-23 00:44:04.943 I/auditd ( 8440): type=1400 audit(0.0:1065): avc: denied { search } for comm="pool-2-thread-6" name="zram0" dev="sysfs" ino=62873 scontext=u:r:system_app:s0 tcontext=u:object_r:sysfs_zram:s0 tclass=dir permissive=0
09-23 00:44:04.943 W/pool-2-thread-6( 8440): type=1400 audit(0.0:1065): avc: denied { search } for name="zram0" dev="sysfs" ino=62873 scontext=u:r:system_app:s0 tcontext=u:object_r:sysfs_zram:s0 tclass=dir permissive=0
09-23 00:44:04.948 W/ProcStatsManager( 8440): No process com.android.dynsystem:dynsystem/1000 for service com.android.dynsystem.DynamicSystemInstallationService
09-23 00:44:04.948 W/ProcStatsManager( 8440): No process com.android.providers.calendar/10030 for service com.android.providers.calendar.CalendarProviderJobService
09-23 00:44:04.948 W/ProcStatsManager( 8440): No process android.process.media/10026 for service com.android.providers.downloads.DownloadIdleService
09-23 00:44:04.948 W/ProcStatsManager( 8440): No process com.android.phone/1001 for service com.android.stk.StkAppService
09-23 00:44:04.948 W/ProcStatsManager( 8440): No process com.android.keychain/1000 for service com.android.keychain.KeyChainService
09-23 00:44:04.948 W/ProcStatsManager( 8440): No process com.android.localtransport/1000 for service com.android.localtransport.LocalTransportService
09-23 00:44:04.948 W/ProcStatsManager( 8440): No process com.android.inputmethod.latin/10069 for service com.android.inputmethod.latin.LatinIME
09-23 00:44:04.948 W/ProcStatsManager( 8440): No process com.qti.ltebc/10079 for service com.qualcomm.ltebc.LTERootService
09-23 00:44:04.948 W/ProcStatsManager( 8440): No process com.android.permissioncontroller/10092 for service com.android.permissioncontroller.permission.service.PermissionControllerServiceImpl
09-23 00:44:04.948 W/ProcStatsManager( 8440): No process com.qualcomm.qti.qms.service.trustzoneaccess/10052 for service com.qualcomm.qti.qms.service.trustzoneaccess.TZAccessService
09-23 00:44:04.948 W/ProcStatsManager( 8440): No process com.qualcomm.qtil.aptxui/10085 for service com.qualcomm.qtil.aptxui.aptxuiService
09-23 00:44:04.949 I/hwservicemanager( 513): getTransport: Cannot find entry android.hardware.dumpstate@1.1::IDumpstateDevice/default in either framework or device VINTF manifest.
09-23 00:44:04.949 I/hwservicemanager( 513): getTransport: Cannot find entry android.hardware.dumpstate@1.0::IDumpstateDevice/default in either framework or device VINTF manifest.
09-23 00:44:04.951 D/AbstractBtDlgCtr( 8440): Unable to get current config index. Current codec Config is null.
09-23 00:44:04.952 D/AbstractBtDlgCtr( 8440): Unable to get current config index. Current codec Config is null.
09-23 00:44:04.953 I/sysui_multi_action( 8440): [757,1729,758,4,854,isParalleledControllers:false,1089,101]
09-23 00:44:05.018 W/ListPreference( 8440): Setting a summary with a String formatting marker is no longer supported. You should use a SummaryProvider instead.
09-23 00:44:05.038 D/audio_hw_primary( 814): out_set_parameters: enter: usecase(1: low-latency-playback) kvpairs: suspend_playback=true
09-23 00:44:05.038 D/audio_hw_extn( 814): audio_extn_fm_set_parameters: Enter
09-23 00:44:05.152 I/mpu_uart( 651): [MSG-P:RECV]:No message received in 1000 ms
09-23 00:44:05.289 I/OMX-VENC: venc_dev( 1213): stats: avg. fps 43.92, bitrate 2051137
09-23 00:44:06.039 D/audio_hw_primary( 814): out_set_parameters: enter: usecase(1: low-latency-playback) kvpairs: suspend_playback=false
09-23 00:44:06.039 D/audio_hw_extn( 814): audio_extn_fm_set_parameters: Enter
09-23 00:44:06.039 W/audio_hw_primary( 814): out_write: underrun(159) frames_by_time(48202) > out->last_fifo_frames_remaining(384)
09-23 00:44:06.077 D/audio_hw_primary( 814): out_set_parameters: enter: usecase(1: low-latency-playback) kvpairs: suspend_playback=true
09-23 00:44:06.077 D/audio_hw_extn( 814): audio_extn_fm_set_parameters: Enter
09-23 00:44:06.152 I/mpu_uart( 651): [MSG-P:RECV]:No message received in 1000 ms
09-23 00:44:06.290 I/OMX-VENC: venc_dev( 1213): stats: avg. fps 58.97, bitrate 2078056
09-23 00:44:06.468 F/linker ( 9619): CANNOT LINK EXECUTABLE "/vendor/bin/hw/qvrservice": library "vendor.qti.hardware.qxr-V1-ndk_platform.so" not found: needed by /vendor/lib64/libqvrservice.so in namespace (default)
09-23 00:44:06.473 I/hwservicemanager( 513): getTransport: Cannot find entry android.hardware.light@2.0::ILight/default in either framework or device VINTF manifest.
09-23 00:44:06.476 E/light ( 9618): light_open lights keyboard failed: -22
09-23 00:44:06.476 E/light ( 9618): Light passthrough failed to load legacy HAL.
09-23 00:44:06.477 E/light ( 9618): light_open lights buttons failed: -22
09-23 00:44:06.477 E/light ( 9618): Light passthrough failed to load legacy HAL.
09-23 00:44:06.480 E/light ( 9618): light_open lights bluetooth failed: -22
09-23 00:44:06.480 E/light ( 9618): Light passthrough failed to load legacy HAL.
09-23 00:44:06.480 E/light ( 9618): light_open lights wifi failed: -22
09-23 00:44:06.480 E/light ( 9618): Light passthrough failed to load legacy HAL.
09-23 00:44:06.481 I/hwservicemanager( 513): getTransport: Cannot find entry android.hardware.light@2.0::ILight/default in either framework or device VINTF manifest.
09-23 00:44:06.481 E/HidlServiceManagement( 9618): Service android.hardware.light@2.0::ILight/default must be in VINTF manifest in order to register/get.
09-23 00:44:06.481 E/LegacySupport( 9618): Could not register service android.hardware.light@2.0::ILight/default (-2147483648).
09-23 00:44:06.485 F/linker ( 9620): CANNOT LINK EXECUTABLE "/vendor/bin/hw/sxrservice": library "vendor.qti.hardware.qxr-V1-ndk_platform.so" not found: needed by main executable
09-23 00:44:06.794 I/mpu_uart( 651): [MSG-P:R]:recv sync frame timeout
09-23 00:44:07.078 D/audio_hw_primary( 814): out_set_parameters: enter: usecase(1: low-latency-playback) kvpairs: suspend_playback=false
09-23 00:44:07.078 D/audio_hw_extn( 814): audio_extn_fm_set_parameters: Enter
09-23 00:44:07.078 W/audio_hw_primary( 814): out_write: underrun(160) frames_by_time(48124) > out->last_fifo_frames_remaining(384)
09-23 00:44:07.116 D/audio_hw_primary( 814): out_set_parameters: enter: usecase(1: low-latency-playback) kvpairs: suspend_playback=true
09-23 00:44:07.116 D/audio_hw_extn( 814): audio_extn_fm_set_parameters: Enter
09-23 00:44:07.152 I/mpu_uart( 651): [MSG-P:RECV]:No message received in 1000 ms
09-23 00:44:07.292 I/OMX-VENC: venc_dev( 1213): stats: avg. fps 59.86, bitrate 2305638
09-23 00:44:07.319 D/BluetoothA2dp( 8440): Proxy object connected
09-23 00:44:07.320 D/AbstractBtDlgCtr( 8440): Unable to get current codec config. No active device.
09-23 00:44:07.320 D/AbstractBtDlgCtr( 8440): Unable to get current config index. Current codec Config is null.
09-23 00:44:07.320 D/AbstractBtDlgCtr( 8440): Unable to get current codec config. No active device.
09-23 00:44:07.320 D/AbstractBtDlgCtr( 8440): Unable to get current codec config. No active device.
09-23 00:44:07.320 D/AbstractBtDlgCtr( 8440): Unable to get current config index. Current codec Config is null.
09-23 00:44:07.320 D/AbstractBtDlgCtr( 8440): Unable to get current codec config. No active device.
09-23 00:44:07.320 D/AbstractBtDlgCtr( 8440): Unable to get current codec config. No active device.
09-23 00:44:07.320 D/AbstractBtDlgCtr( 8440): Unable to get current config index. Current codec Config is null.
09-23 00:44:07.321 D/AbstractBtDlgCtr( 8440): Unable to get current codec config. No active device.
09-23 00:44:07.321 D/AbstractBtDlgCtr( 8440): Unable to get current codec config. No active device.
09-23 00:44:07.321 D/AbstractBtDlgCtr( 8440): Unable to get current config index. Current codec Config is null.
09-23 00:44:07.322 D/AbstractBtDlgCtr( 8440): Unable to get current codec config. No active device.
09-23 00:44:07.323 D/AbstractBtDlgCtr( 8440): Unable to get current codec config. No active device.
09-23 00:44:07.323 D/AbstractBtDlgCtr( 8440): Unable to get current codec config. No active device.
09-23 00:44:07.323 D/AbstractBtDlgCtr( 8440): Unable to get current config index. Current codec Config is null.
09-23 00:44:07.323 D/AbstractBtDlgCtr( 8440): Unable to get current codec config. No active device.
09-23 00:44:07.323 E/BtHDAudioCtr( 8440): Active device is null. To disable HD audio button
09-23 00:44:07.324 I/Choreographer( 8440): Skipped 141 frames! The application may be doing too much work on its main thread.
09-23 00:44:07.327 D/UsageGraph( 8440): No enabled state changed, skipping updateCategory call
09-23 00:44:07.332 D/UsageGraph( 8440): No enabled state changed, skipping updateCategory call
09-23 00:44:07.335 D/UsageGraph( 8440): No enabled state changed, skipping updateCategory call
09-23 00:44:07.338 I/OpenGLRenderer( 8440): Davey! duration=2470ms; Flags=0, FrameTimelineVsyncId=115650, IntendedVsync=8252175597642, Vsync=8252275597638, InputEventId=195880032, HandleInputStart=8252276399610, AnimationStart=8252276416277, PerformTraversalsStart=8252276479506, DrawStart=8254633023151, FrameDeadline=8252196930974, FrameInterval=8252276395287, FrameStartTime=16666666, SyncQueued=8254639526797, SyncStart=8254639944818, IssueDrawCommandsStart=8254641668255, SwapBuffers=8254644757318, FrameCompleted=8254646539193, DequeueBufferDuration=23177, QueueBufferDuration=1126250, GpuCompleted=8254646139974, SwapBuffersCompleted=8254646539193, DisplayPresentTime=0,
09-23 00:44:07.339 D/UsageGraph( 8440): No enabled state changed, skipping updateCategory call
09-23 00:44:07.341 D/UsageGraph( 8440): No enabled state changed, skipping updateCategory call
09-23 00:44:07.344 D/UsageGraph( 8440): No enabled state changed, skipping updateCategory call
09-23 00:44:07.347 D/UsageGraph( 8440): No enabled state changed, skipping updateCategory call
09-23 00:44:07.350 D/UsageGraph( 8440): No enabled state changed, skipping updateCategory call
09-23 00:44:07.353 D/UsageGraph( 8440): No enabled state changed, skipping updateCategory call
09-23 00:44:07.356 D/UsageGraph( 8440): No enabled state changed, skipping updateCategory call
09-23 00:44:08.117 D/audio_hw_primary( 814): out_set_parameters: enter: usecase(1: low-latency-playback) kvpairs: suspend_playback=false
09-23 00:44:08.117 D/audio_hw_extn( 814): audio_extn_fm_set_parameters: Enter
09-23 00:44:08.117 D/audio_hw_primary( 814): out_standby: enter: stream (0xe7fc64c0) usecase(1: low-latency-playback)
09-23 00:44:08.134 D/audio_hw_primary( 814): disable_audio_route: reset and update mixer path: low-latency-playback
09-23 00:44:08.135 E/soundtrigger( 814): audio_extn_sound_trigger_update_stream_status: invalid input device 0x0, for event 2
09-23 00:44:08.135 D/soundtrigger( 814): audio_extn_sound_trigger_update_stream_status: uc_info->id 1 of type 0 for Event 2, with Raise=0
09-23 00:44:08.135 D/msm8974_platform( 814): platform_split_snd_device: snd_device(2) num devices(0) new_snd_devices(0)
09-23 00:44:08.135 I/msm8974_platform( 814): platform_get_custom_mtmx_params: no matching param with id 0 ip_ch 2 op_ch 2 uc_id 1 snd_dev 2
09-23 00:44:08.135 D/hardware_info( 814): hw_info_append_hw_type : device_name = speaker
09-23 00:44:08.135 D/audio_hw_primary( 814): disable_snd_device: snd_device(2: speaker)
09-23 00:44:08.135 D/msm8974_platform( 814): platform_split_snd_device: snd_device(2) num devices(0) new_snd_devices(0)
09-23 00:44:08.135 I/soundtrigger( 814): audio_extn_sound_trigger_update_device_status: device 0x2 of type 0 for Event 0, with Raise=0
09-23 00:44:08.135 D/audio_hw_primary( 814): out_standby: exit
09-23 00:44:08.152 I/mpu_uart( 651): [MSG-P:RECV]:No message received in 1000 ms
09-23 00:44:08.909 I/Choreographer( 8440): Skipped 95 frames! The application may be doing too much work on its main thread.
09-23 00:44:08.925 I/OpenGLRenderer( 8440): Davey! duration=9223363784562ms; Flags=0, FrameTimelineVsyncId=115664, IntendedVsync=8252292526512, Vsync=8254642526418, InputEventId=0, HandleInputStart=8254647117474, AnimationStart=8254647118411, PerformTraversalsStart=8254655465911, DrawStart=8256222060234, FrameDeadline=8252330526510, FrameInterval=8254647095026, FrameStartTime=16666666, SyncQueued=8256226968984, SyncStart=8256227023463, IssueDrawCommandsStart=8256230407213, SwapBuffers=8256237028098, FrameCompleted=9223372036854775807, DequeueBufferDuration=37396, QueueBufferDuration=1130261, GpuCompleted=9223372036854775807, SwapBuffersCompleted=8256238749036, DisplayPresentTime=0,
09-23 00:44:08.937 I/OMX-VENC: venc_dev( 1213): stats: avg. fps 2.43, bitrate 392812
09-23 00:44:08.943 I/OpenGLRenderer( 8440): Davey! duration=1599ms; Flags=0, FrameTimelineVsyncId=115946, IntendedVsync=8254648162230, Vsync=8256231495500, InputEventId=0, HandleInputStart=8256232718932, AnimationStart=8256232719557, PerformTraversalsStart=8256238542213, DrawStart=8256238600025, FrameDeadline=8254686162228, FrameInterval=8256232673619, FrameStartTime=16666666, SyncQueued=8256242356327, SyncStart=8256242604661, IssueDrawCommandsStart=8256243842942, SwapBuffers=8256246487005, FrameCompleted=8256248316119, DequeueBufferDuration=16770, QueueBufferDuration=541302, GpuCompleted=8256248316119, SwapBuffersCompleted=8256247341744, DisplayPresentTime=0,
09-23 00:44:09.153 I/mpu_uart( 651): [MSG-P:RECV]:No message received in 1000 ms
09-23 00:44:09.798 I/mpu_uart( 651): [MSG-P:R]:recv sync frame timeout
09-23 00:44:10.153 I/mpu_uart( 651): [MSG-P:RECV]:No message received in 1000 ms
09-23 00:44:10.482 I/OpenGLRenderer( 8440): Davey! duration=9223363779082ms; Flags=0, FrameTimelineVsyncId=116153, IntendedVsync=8257772415871, Vsync=8257772415871, InputEventId=60532904, HandleInputStart=8257772680025, AnimationStart=8257773070598, PerformTraversalsStart=8257773072525, DrawStart=8257773233566, FrameDeadline=8257793749203, FrameInterval=8257772677369, FrameStartTime=16666666, SyncQueued=8257776635494, SyncStart=8257776667837, IssueDrawCommandsStart=8257777792369, SwapBuffers=8257786767941, FrameCompleted=9223372036854775807, DequeueBufferDuration=54687, QueueBufferDuration=1398177, GpuCompleted=9223372036854775807, SwapBuffersCompleted=8257788929660, DisplayPresentTime=0,
09-23 00:44:10.489 I/OMX-VENC: venc_dev( 1213): stats: avg. fps 12.24, bitrate 502895
09-23 00:44:11.153 I/mpu_uart( 651): [MSG-P:RECV]:No message received in 1000 ms
09-23 00:44:11.465 F/linker ( 9623): CANNOT LINK EXECUTABLE "/vendor/bin/hw/qvrservice": library "vendor.qti.hardware.qxr-V1-ndk_platform.so" not found: needed by /vendor/lib64/libqvrservice.so in namespace (default)
09-23 00:44:11.474 I/hwservicemanager( 513): getTransport: Cannot find entry android.hardware.light@2.0::ILight/default in either framework or device VINTF manifest.
09-23 00:44:11.476 E/light ( 9622): light_open lights keyboard failed: -22
09-23 00:44:11.476 E/light ( 9622): Light passthrough failed to load legacy HAL.
09-23 00:44:11.476 E/light ( 9622): light_open lights buttons failed: -22
09-23 00:44:11.477 E/light ( 9622): Light passthrough failed to load legacy HAL.
09-23 00:44:11.477 F/linker ( 9624): CANNOT LINK EXECUTABLE "/vendor/bin/hw/sxrservice": library "vendor.qti.hardware.qxr-V1-ndk_platform.so" not found: needed by main executable
09-23 00:44:11.478 E/light ( 9622): light_open lights bluetooth failed: -22
09-23 00:44:11.478 E/light ( 9622): Light passthrough failed to load legacy HAL.
09-23 00:44:11.478 E/light ( 9622): light_open lights wifi failed: -22
09-23 00:44:11.478 E/light ( 9622): Light passthrough failed to load legacy HAL.
09-23 00:44:11.481 I/hwservicemanager( 513): getTransport: Cannot find entry android.hardware.light@2.0::ILight/default in either framework or device VINTF manifest.
09-23 00:44:11.483 E/HidlServiceManagement( 9622): Service android.hardware.light@2.0::ILight/default must be in VINTF manifest in order to register/get.
09-23 00:44:11.483 E/LegacySupport( 9622): Could not register service android.hardware.light@2.0::ILight/default (-2147483648).
09-23 00:44:11.501 I/OMX-VENC: venc_dev( 1213): stats: avg. fps 60.26, bitrate 4202783
09-23 00:44:12.100 I/service_manager_stats( 1471): [100,49,96185]
09-23 00:44:12.153 I/mpu_uart( 651): [MSG-P:RECV]:No message received in 1000 ms
09-23 00:44:12.505 I/OMX-VENC: venc_dev( 1213): stats: avg. fps 37.86, bitrate 2593944
09-23 00:44:12.801 I/mpu_uart( 651): [MSG-P:R]:recv sync frame timeout
09-23 00:44:13.154 I/mpu_uart( 651): [MSG-P:RECV]:No message received in 1000 ms
