09-22 22:30:10.865 I/am_wtf ( 1471): [0,1471,system_server,-1,DisplayDeviceConfig,requesting nits when no mapping exists.]
09-22 22:30:10.866 I/am_wtf ( 1471): [0,1471,system_server,-1,DisplayDeviceConfig,requesting nits when no mapping exists.]
09-22 22:30:10.880 I/am_wtf ( 1471): [0,1471,system_server,-1,DisplayDeviceConfig,requesting nits when no mapping exists.]
09-22 22:30:10.882 I/am_wtf ( 1471): [0,1471,system_server,-1,DisplayDeviceConfig,requesting nits when no mapping exists.]
09-22 22:30:10.894 I/am_wtf ( 1471): [0,1471,system_server,-1,DisplayDeviceConfig,requesting nits when no mapping exists.]
09-22 22:30:10.895 I/am_wtf ( 1471): [0,1471,system_server,-1,DisplayDeviceConfig,requesting nits when no mapping exists.]
09-22 22:30:10.912 I/am_wtf ( 1471): [0,1471,system_server,-1,DisplayDeviceConfig,requesting nits when no mapping exists.]
09-22 22:30:10.913 I/am_wtf ( 1471): [0,1471,system_server,-1,DisplayDeviceConfig,requesting nits when no mapping exists.]
09-22 22:30:10.929 I/am_wtf ( 1471): [0,1471,system_server,-1,DisplayDeviceConfig,requesting nits when no mapping exists.]
09-22 22:30:10.930 I/am_wtf ( 1471): [0,1471,system_server,-1,DisplayDeviceConfig,requesting nits when no mapping exists.]
09-22 22:30:10.951 I/am_wtf ( 1471): [0,1471,system_server,-1,DisplayDeviceConfig,requesting nits when no mapping exists.]
09-22 22:30:10.953 I/am_wtf ( 1471): [0,1471,system_server,-1,DisplayDeviceConfig,requesting nits when no mapping exists.]
09-22 22:30:10.963 I/am_wtf ( 1471): [0,1471,system_server,-1,DisplayDeviceConfig,requesting nits when no mapping exists.]
09-22 22:30:10.965 I/am_wtf ( 1471): [0,1471,system_server,-1,DisplayDeviceConfig,requesting nits when no mapping exists.]
09-22 22:30:10.982 I/am_wtf ( 1471): [0,1471,system_server,-1,DisplayDeviceConfig,requesting nits when no mapping exists.]
09-22 22:30:10.984 I/am_wtf ( 1471): [0,1471,system_server,-1,DisplayDeviceConfig,requesting nits when no mapping exists.]
09-22 22:36:46.446 I/am_freeze( 1471): [2776,com.android.keychain]
09-22 22:36:46.448 I/am_kill ( 1471): [0,2776,com.android.keychain,965,Unable to freeze binder interface]
09-22 22:36:46.488 I/am_proc_died( 1471): [0,2776,com.android.keychain,965,19]
09-22 22:36:46.498 I/am_pss ( 1471): [2544,10066,com.android.deskclock,57680896,50065408,0,173989888,0,2,7]
09-22 22:36:46.507 I/am_pss ( 1471): [2388,10076,com.android.launcher3,49965056,39161856,0,174927872,0,6,8]
09-22 22:36:46.513 I/am_pss ( 1471): [3191,1000,com.qti.diagservices,6110208,3829760,0,94408704,0,10,5]
09-22 22:36:46.891 I/am_freeze( 1471): [3093,com.android.traceur]
09-22 22:36:46.893 I/am_kill ( 1471): [0,3093,com.android.traceur,995,Unable to freeze binder interface]
09-22 22:36:46.926 I/am_proc_died( 1471): [0,3093,com.android.traceur,995,19]
09-22 22:36:46.927 I/am_uid_stopped( 1471): 10031
09-22 22:36:47.075 I/am_freeze( 1471): [3214,com.android.calendar]
09-22 22:36:47.077 I/am_kill ( 1471): [0,3214,com.android.calendar,985,Unable to freeze binder interface]
09-22 22:36:47.107 I/am_proc_died( 1471): [0,3214,com.android.calendar,985,19]
09-22 22:36:47.108 I/am_uid_stopped( 1471): 10068
09-22 22:36:47.167 I/am_freeze( 1471): [3249,com.android.dynsystem]
09-22 22:36:47.168 I/am_kill ( 1471): [0,3249,com.android.dynsystem,985,Unable to freeze binder interface]
09-22 22:36:47.199 I/am_proc_died( 1471): [0,3249,com.android.dynsystem,985,19]
09-22 22:36:47.280 I/am_freeze( 1471): [3267,com.android.dynsystem:dynsystem]
09-22 22:36:47.281 I/am_kill ( 1471): [0,3267,com.android.dynsystem:dynsystem,975,Unable to freeze binder interface]
09-22 22:36:47.302 I/am_proc_died( 1471): [0,3267,com.android.dynsystem:dynsystem,975,19]
09-22 22:36:47.425 I/am_freeze( 1471): [3310,com.android.onetimeinitializer]
09-22 22:36:47.426 I/am_kill ( 1471): [0,3310,com.android.onetimeinitializer,965,Unable to freeze binder interface]
09-22 22:36:47.450 I/am_proc_died( 1471): [0,3310,com.android.onetimeinitializer,965,19]
09-22 22:36:47.450 I/am_uid_stopped( 1471): 10057
09-22 22:36:47.836 I/am_freeze( 1471): [2211,com.android.settings]
09-22 22:36:47.837 I/am_kill ( 1471): [0,2211,com.android.settings,955,Unable to freeze binder interface]
09-22 22:36:47.877 I/am_proc_died( 1471): [0,2211,com.android.settings,955,19]
09-22 22:36:48.010 I/am_freeze( 1471): [3416,com.android.phone]
09-22 22:36:48.011 I/am_kill ( 1471): [0,3416,com.android.phone,945,Unable to freeze binder interface]
09-22 22:36:48.045 I/am_proc_died( 1471): [0,3416,com.android.phone,945,19]
09-22 22:36:48.545 I/am_freeze( 1471): [3461,com.qualcomm.qti.qms.service.connectionsecurity]
09-22 22:36:48.547 I/am_freeze( 1471): [2910,com.qualcomm.qtil.aptxui]
09-22 22:36:48.548 I/am_kill ( 1471): [0,3461,com.qualcomm.qti.qms.service.connectionsecurity,935,Unable to freeze binder interface]
09-22 22:36:48.550 I/am_kill ( 1471): [0,2910,com.qualcomm.qtil.aptxui,935,Unable to freeze binder interface]
09-22 22:36:48.565 I/am_proc_died( 1471): [0,3461,com.qualcomm.qti.qms.service.connectionsecurity,935,19]
09-22 22:36:48.566 I/am_uid_stopped( 1471): 10055
09-22 22:36:48.569 I/am_proc_died( 1471): [0,2910,com.qualcomm.qtil.aptxui,935,19]
09-22 22:36:48.570 I/am_uid_stopped( 1471): 10085
09-22 22:36:49.060 I/am_freeze( 1471): [3502,com.android.externalstorage]
09-22 22:36:49.062 I/am_kill ( 1471): [0,3502,com.android.externalstorage,925,Unable to freeze binder interface]
09-22 22:36:49.084 I/am_proc_died( 1471): [0,3502,com.android.externalstorage,925,19]
09-22 22:36:49.085 I/am_uid_stopped( 1471): 10018
09-22 22:36:49.301 I/am_freeze( 1471): [3532,com.android.localtransport]
09-22 22:36:49.304 I/am_kill ( 1471): [0,3532,com.android.localtransport,935,Unable to freeze binder interface]
09-22 22:36:49.334 I/am_proc_died( 1471): [0,3532,com.android.localtransport,935,19]
09-22 22:36:52.849 I/am_freeze( 1471): [3370,com.android.providers.calendar]
09-22 22:36:52.851 I/am_kill ( 1471): [0,3370,com.android.providers.calendar,925,Unable to freeze binder interface]
09-22 22:36:52.882 I/am_proc_died( 1471): [0,3370,com.android.providers.calendar,925,19]
09-22 22:36:52.883 I/am_uid_stopped( 1471): 10030
09-22 22:36:53.999 I/am_freeze( 1471): [3596,com.qualcomm.qti.qms.service.trustzoneaccess]
09-22 22:36:54.001 I/am_kill ( 1471): [0,3596,com.qualcomm.qti.qms.service.trustzoneaccess,915,Unable to freeze binder interface]
09-22 22:36:54.034 I/am_proc_died( 1471): [0,3596,com.qualcomm.qti.qms.service.trustzoneaccess,915,19]
09-22 22:36:54.035 I/am_uid_stopped( 1471): 10052
09-22 22:37:44.569 I/am_pss ( 1471): [1471,1000,system,206498816,117760000,0,516374528,0,0,29]
09-22 22:37:44.580 I/am_pss ( 1471): [2544,10066,com.android.deskclock,56827904,48099328,0,172023808,0,2,9]
09-22 22:37:44.590 I/am_pss ( 1471): [2388,10076,com.android.launcher3,51091456,39161856,0,174927872,0,6,8]
09-22 22:37:44.596 I/am_pss ( 1471): [2221,10094,android.ext.services,11203584,6176768,0,106430464,0,5,5]
09-22 22:37:44.601 I/am_pss ( 1471): [2913,10080,com.qualcomm.location.XT,7294976,4636672,0,94277632,0,6,4]
09-22 22:37:44.608 I/am_pss ( 1471): [1846,1002,com.android.bluetooth,29624320,22093824,0,142012416,0,0,7]
09-22 22:37:44.614 I/am_pss ( 1471): [2623,10027,com.sohu.inputmethod.sogou.car,31524864,9949184,0,93843456,0,7,5]
09-22 22:37:44.619 I/am_pss ( 1471): [1993,1001,.dataservices,8708096,6017024,0,94846976,0,0,5]
09-22 22:37:44.625 I/am_pss ( 1471): [1946,1073,com.android.networkstack.process,11492352,8085504,0,104734720,0,0,5]
09-22 22:37:46.164 I/am_freeze( 1471): [2853,android.process.media]
09-22 22:37:46.167 I/am_freeze( 1471): [2350,com.qualcomm.qti.qccauthmgr]
09-22 22:37:46.171 I/am_freeze( 1471): [2977,android.process.acore]
09-22 22:37:46.172 I/am_kill ( 1471): [0,2853,android.process.media,915,Unable to freeze binder interface]
09-22 22:37:46.175 I/am_kill ( 1471): [0,2350,com.qualcomm.qti.qccauthmgr,925,Unable to freeze binder interface]
09-22 22:37:46.181 I/am_kill ( 1471): [0,2977,android.process.acore,965,Unable to freeze binder interface]
09-22 22:37:46.203 I/am_proc_died( 1471): [0,2350,com.qualcomm.qti.qccauthmgr,925,19]
09-22 22:37:46.204 I/am_uid_stopped( 1471): 10088
09-22 22:37:46.210 I/am_proc_died( 1471): [0,2853,android.process.media,915,19]
09-22 22:37:46.211 I/am_uid_stopped( 1471): 10026
09-22 22:37:46.217 I/am_pss ( 1471): [3397,2000,com.android.shell,7109632,4296704,0,92119040,0,19,5]
09-22 22:37:46.220 I/am_proc_died( 1471): [0,2977,android.process.acore,965,19]
09-22 22:37:46.220 I/am_uid_stopped( 1471): 10020
09-22 22:37:46.222 I/am_pss ( 1471): [3332,10022,com.android.packageinstaller,8328192,5677056,0,91389952,0,19,4]
09-22 22:37:46.227 I/am_pss ( 1471): [3286,10034,com.android.managedprovisioning,9958400,7192576,0,94797824,0,19,5]
09-22 22:37:46.233 I/am_pss ( 1471): [2204,1000,com.qualcomm.qti.qdma,11071488,6709248,0,106049536,0,0,5]
09-22 22:37:46.238 I/am_pss ( 1471): [2111,1000,com.thundercomm.remotecontrolservice,11847680,8462336,0,102019072,0,0,4]
09-22 22:37:46.243 I/am_pss ( 1471): [2104,1068,com.android.se,6782976,3997696,0,91983872,0,0,4]
09-22 22:37:46.248 I/am_pss ( 1471): [2029,10050,.qtidataservices,6966272,4214784,0,91803648,0,0,4]
09-22 22:37:46.252 I/am_pss ( 1471): [2060,10084,com.qti.qualcomm.mstatssystemservice,6411264,3719168,0,90116096,0,0,4]
09-22 22:37:46.257 I/am_pss ( 1471): [2038,1000,vendor.qti.qesdk.sysservice,6536192,3764224,0,90808320,0,0,4]
09-22 22:37:46.263 I/am_pss ( 1471): [1973,1000,com.thundercomm.microsettings,35940352,31457280,0,128413696,0,0,6]
09-22 22:37:46.268 I/am_pss ( 1471): [1954,1000,com.thundercomm.microservice,11179008,8380416,0,96284672,0,0,4]
09-22 22:37:54.566 I/am_freeze( 1471): [3352,com.android.permissioncontroller]
09-22 22:37:54.568 I/am_kill ( 1471): [0,3352,com.android.permissioncontroller,905,Unable to freeze binder interface]
09-22 22:37:54.607 I/am_proc_died( 1471): [0,3352,com.android.permissioncontroller,905,19]
09-22 22:37:54.609 I/am_uid_stopped( 1471): 10092
09-22 22:39:31.030 I/input_interaction( 1471): Interaction with: 616e801 com.android.deskclock/android.service.dreams.DreamActivity (server), edge-swipe (server), swipe-up (server), PointerEventDispatcher0 (server),
09-22 22:39:31.032 I/wm_finish_activity( 1471): [0,54872197,36,com.android.deskclock/android.service.dreams.DreamActivity,finish-activity]
09-22 22:39:31.033 I/wm_task_moved( 1471): [1,1,5]
09-22 22:39:31.034 I/wm_task_moved( 1471): [33,1,2147483647]
09-22 22:39:31.034 I/wm_task_to_front( 1471): [0,33]
09-22 22:39:31.034 I/wm_focused_root_task( 1471): [0,0,1,36,finish-top adjustFocusToNextFocusableTask]
09-22 22:39:31.034 I/wm_set_resumed_activity( 1471): [0,com.android.launcher3/.uioverrides.QuickstepLauncher,finish-top adjustFocusToNextFocusableTask]
09-22 22:39:31.035 I/wm_pause_activity( 1471): [0,54872197,com.android.deskclock/android.service.dreams.DreamActivity,userLeaving=false,finish]
09-22 22:39:31.041 I/wm_on_top_resumed_lost_called( 2544): [54872197,android.service.dreams.DreamActivity,topStateChangedWhenResumed]
09-22 22:39:31.044 I/wm_on_paused_called( 2544): [54872197,android.service.dreams.DreamActivity,performPause]
09-22 22:39:31.045 I/wm_add_to_stopping( 1471): [0,54872197,com.android.deskclock/android.service.dreams.DreamActivity,completeFinishing]
09-22 22:39:31.047 I/wm_set_resumed_activity( 1471): [0,com.android.launcher3/.uioverrides.QuickstepLauncher,resumeTopActivityInnerLocked]
09-22 22:39:31.048 I/wm_resume_activity( 1471): [0,226227664,33,com.android.launcher3/.uioverrides.QuickstepLauncher]
09-22 22:39:31.050 I/wm_on_restart_called( 2388): [226227664,com.android.launcher3.uioverrides.QuickstepLauncher,performRestartActivity]
09-22 22:39:31.050 I/wm_on_start_called( 2388): [226227664,com.android.launcher3.uioverrides.QuickstepLauncher,handleStartActivity]
09-22 22:39:31.052 I/wm_on_resume_called( 2388): [226227664,com.android.launcher3.uioverrides.QuickstepLauncher,RESUME_ACTIVITY]
09-22 22:39:31.052 I/wm_on_top_resumed_gained_called( 2388): [226227664,com.android.launcher3.uioverrides.QuickstepLauncher,topWhenResuming]
09-22 22:39:31.052 I/sysui_multi_action( 1471): [757,803,799,window_time_0,802,561]
09-22 22:39:31.054 I/sysui_multi_action( 1471): [757,803,799,window_time_0,802,0]
09-22 22:39:31.058 I/view_enqueue_input_event( 2544): [Motion - Cancel,com.android.deskclock/android.service.dreams.DreamActivity]
09-22 22:39:31.060 I/input_focus( 1471): [Focus leaving 616e801 com.android.deskclock/android.service.dreams.DreamActivity (server),reason=NO_WINDOW]
09-22 22:39:31.061 I/am_uid_running( 1471): 10068
09-22 22:39:31.066 I/input_interaction( 1471): Interaction with: edge-swipe (server), swipe-up (server), PointerEventDispatcher0 (server),
09-22 22:39:31.068 I/am_pss ( 1471): [2785,10093,com.android.providers.media.module,18234368,12673024,0,121491456,0,0,7]
09-22 22:39:31.074 I/am_pss ( 1471): [2734,10073,com.qualcomm.location,11533312,7442432,0,104914944,0,0,5]
09-22 22:39:31.079 I/am_proc_start( 1471): [0,4194,1000,com.android.settings,NULL,]
09-22 22:39:31.079 I/input_focus( 1471): [Focus request 4ed4abc com.android.launcher3/com.android.launcher3.uioverrides.QuickstepLauncher,reason=UpdateInputWindows]
09-22 22:39:31.087 I/am_pss ( 1471): [1849,10081,com.android.systemui,113757184,88719360,0,273469440,0,0,12]
09-22 22:39:31.088 I/am_proc_start( 1471): [0,4196,10068,com.android.calendar,NULL,]
09-22 22:39:31.094 I/am_pss ( 1471): [2729,10082,com.qualcomm.qti.workloadclassifier,9318400,6606848,0,93569024,0,0,5]
09-22 22:39:31.099 I/am_pss ( 1471): [2704,10086,com.qualcomm.qti.qccnetstat,7101440,4304896,0,92065792,0,0,4]
09-22 22:39:31.105 I/am_pss ( 1471): [2654,10053,.pasr,6266880,3604480,0,89657344,0,0,5]
09-22 22:39:31.107 I/input_focus( 1471): [Focus entering 4ed4abc com.android.launcher3/com.android.launcher3.uioverrides.QuickstepLauncher (server),reason=Window became focusable. Previous reason: NOT_VISIBLE]
09-22 22:39:31.111 I/am_pss ( 1471): [2680,10072,com.qualcomm.qti.services.systemhelper:systemhelper_service,7337984,4485120,0,93978624,0,0,5]
09-22 22:39:31.115 I/am_proc_bound( 1471): [0,4194,com.android.settings]
09-22 22:39:31.116 I/am_pss ( 1471): [2634,10056,ts.car.uart,7049216,4407296,0,90800128,0,0,4]
09-22 22:39:31.118 I/am_proc_bound( 1471): [0,4196,com.android.calendar]
09-22 22:39:31.122 I/am_pss ( 1471): [3172,10061,com.qualcomm.qti.devicestatisticsservice,6175744,3547136,0,89366528,0,0,5]
09-22 22:39:31.348 I/wm_destroy_activity( 1471): [0,54872197,36,com.android.deskclock/android.service.dreams.DreamActivity,finish-imm:idle]
09-22 22:39:31.368 I/wm_on_stop_called( 2544): [54872197,android.service.dreams.DreamActivity,LIFECYCLER_STOP_ACTIVITY]
09-22 22:39:31.368 I/wm_on_destroy_called( 2544): [54872197,android.service.dreams.DreamActivity,performDestroy]
09-22 22:39:31.372 I/sysui_multi_action( 1471): [757,222,758,2]
09-22 22:39:31.372 I/sysui_multi_action( 1471): [757,804,799,dreaming_minutes,801,9,802,1]
09-22 22:39:31.384 I/wm_task_removed( 1471): [36,removeChild:removeChild last r=ActivityRecord{3454885 u0 com.android.deskclock/android.service.dreams.DreamActivity t-1 f}} in t=Task{634a556 #36 type=dream A=10066:android:com.android.deskclock/dream U=0 visible=false mode=fullscreen translucent=true sz=0}]
09-22 22:39:31.384 I/wm_task_removed( 1471): [36,removeChild]
09-22 22:40:24.162 I/sysui_multi_action( 1471): [757,1696,758,6,759,2]
09-22 22:40:24.179 I/am_wtf ( 1471): [0,1471,system_server,-1,DisplayDeviceConfig,requesting nits when no mapping exists.]
09-22 22:40:24.184 I/am_wtf ( 1471): [0,1471,system_server,-1,DisplayDeviceConfig,requesting nits when no mapping exists.]
09-22 22:40:24.194 I/am_wtf ( 1471): [0,1471,system_server,-1,DisplayDeviceConfig,requesting nits when no mapping exists.]
09-22 22:40:24.196 I/am_wtf ( 1471): [0,1471,system_server,-1,DisplayDeviceConfig,requesting nits when no mapping exists.]
09-22 22:40:24.202 I/am_wtf ( 1471): [0,1471,system_server,-1,DisplayDeviceConfig,requesting nits when no mapping exists.]
09-22 22:40:24.203 I/am_wtf ( 1471): [0,1471,system_server,-1,DisplayDeviceConfig,requesting nits when no mapping exists.]
09-22 22:40:24.219 I/am_wtf ( 1471): [0,1471,system_server,-1,DisplayDeviceConfig,requesting nits when no mapping exists.]
09-22 22:40:24.220 I/am_wtf ( 1471): [0,1471,system_server,-1,DisplayDeviceConfig,requesting nits when no mapping exists.]
09-22 22:40:24.235 I/am_wtf ( 1471): [0,1471,system_server,-1,DisplayDeviceConfig,requesting nits when no mapping exists.]
09-22 22:40:24.236 I/am_wtf ( 1471): [0,1471,system_server,-1,DisplayDeviceConfig,requesting nits when no mapping exists.]
09-22 22:40:24.252 I/am_wtf ( 1471): [0,1471,system_server,-1,DisplayDeviceConfig,requesting nits when no mapping exists.]
09-22 22:40:24.253 I/am_wtf ( 1471): [0,1471,system_server,-1,DisplayDeviceConfig,requesting nits when no mapping exists.]
09-22 22:40:24.269 I/am_wtf ( 1471): [0,1471,system_server,-1,DisplayDeviceConfig,requesting nits when no mapping exists.]
09-22 22:40:24.270 I/am_wtf ( 1471): [0,1471,system_server,-1,DisplayDeviceConfig,requesting nits when no mapping exists.]
09-22 22:40:24.286 I/am_wtf ( 1471): [0,1471,system_server,-1,DisplayDeviceConfig,requesting nits when no mapping exists.]
09-22 22:40:24.287 I/am_wtf ( 1471): [0,1471,system_server,-1,DisplayDeviceConfig,requesting nits when no mapping exists.]
09-22 22:40:24.302 I/am_wtf ( 1471): [0,1471,system_server,-1,DisplayDeviceConfig,requesting nits when no mapping exists.]
09-22 22:40:24.303 I/am_wtf ( 1471): [0,1471,system_server,-1,DisplayDeviceConfig,requesting nits when no mapping exists.]
09-22 22:40:24.319 I/am_wtf ( 1471): [0,1471,system_server,-1,DisplayDeviceConfig,requesting nits when no mapping exists.]
09-22 22:40:24.319 I/service_manager_stats( 1471): [100,59,613909]
09-22 22:40:24.320 I/am_wtf ( 1471): [0,1471,system_server,-1,DisplayDeviceConfig,requesting nits when no mapping exists.]
09-22 22:40:24.335 I/am_wtf ( 1471): [0,1471,system_server,-1,DisplayDeviceConfig,requesting nits when no mapping exists.]
09-22 22:40:24.336 I/am_wtf ( 1471): [0,1471,system_server,-1,DisplayDeviceConfig,requesting nits when no mapping exists.]
09-22 22:40:24.352 I/am_wtf ( 1471): [0,1471,system_server,-1,DisplayDeviceConfig,requesting nits when no mapping exists.]
09-22 22:40:24.353 I/am_wtf ( 1471): [0,1471,system_server,-1,DisplayDeviceConfig,requesting nits when no mapping exists.]
09-22 22:40:24.369 I/am_wtf ( 1471): [0,1471,system_server,-1,DisplayDeviceConfig,requesting nits when no mapping exists.]
09-22 22:40:24.370 I/am_wtf ( 1471): [0,1471,system_server,-1,DisplayDeviceConfig,requesting nits when no mapping exists.]
09-22 22:40:24.386 I/am_wtf ( 1471): [0,1471,system_server,-1,DisplayDeviceConfig,requesting nits when no mapping exists.]
09-22 22:40:24.387 I/am_wtf ( 1471): [0,1471,system_server,-1,DisplayDeviceConfig,requesting nits when no mapping exists.]
09-22 22:40:24.402 I/am_wtf ( 1471): [0,1471,system_server,-1,DisplayDeviceConfig,requesting nits when no mapping exists.]
09-22 22:40:24.403 I/am_wtf ( 1471): [0,1471,system_server,-1,DisplayDeviceConfig,requesting nits when no mapping exists.]
09-22 22:40:24.419 I/am_wtf ( 1471): [0,1471,system_server,-1,DisplayDeviceConfig,requesting nits when no mapping exists.]
09-22 22:40:24.420 I/am_wtf ( 1471): [0,1471,system_server,-1,DisplayDeviceConfig,requesting nits when no mapping exists.]
09-22 22:40:24.436 I/am_wtf ( 1471): [0,1471,system_server,-1,DisplayDeviceConfig,requesting nits when no mapping exists.]
09-22 22:40:24.437 I/am_wtf ( 1471): [0,1471,system_server,-1,DisplayDeviceConfig,requesting nits when no mapping exists.]
09-22 22:40:24.452 I/am_wtf ( 1471): [0,1471,system_server,-1,DisplayDeviceConfig,requesting nits when no mapping exists.]
09-22 22:40:24.453 I/am_wtf ( 1471): [0,1471,system_server,-1,DisplayDeviceConfig,requesting nits when no mapping exists.]
09-22 22:40:24.469 I/am_wtf ( 1471): [0,1471,system_server,-1,DisplayDeviceConfig,requesting nits when no mapping exists.]
09-22 22:40:24.470 I/am_wtf ( 1471): [0,1471,system_server,-1,DisplayDeviceConfig,requesting nits when no mapping exists.]
09-22 22:40:24.486 I/am_wtf ( 1471): [0,1471,system_server,-1,DisplayDeviceConfig,requesting nits when no mapping exists.]
09-22 22:40:24.487 I/am_wtf ( 1471): [0,1471,system_server,-1,DisplayDeviceConfig,requesting nits when no mapping exists.]
09-22 22:40:24.502 I/am_wtf ( 1471): [0,1471,system_server,-1,DisplayDeviceConfig,requesting nits when no mapping exists.]
09-22 22:40:24.503 I/am_wtf ( 1471): [0,1471,system_server,-1,DisplayDeviceConfig,requesting nits when no mapping exists.]
09-22 22:40:24.519 I/am_wtf ( 1471): [0,1471,system_server,-1,DisplayDeviceConfig,requesting nits when no mapping exists.]
09-22 22:40:24.520 I/am_wtf ( 1471): [0,1471,system_server,-1,DisplayDeviceConfig,requesting nits when no mapping exists.]
09-22 22:40:24.536 I/am_wtf ( 1471): [0,1471,system_server,-1,DisplayDeviceConfig,requesting nits when no mapping exists.]
09-22 22:40:24.537 I/am_wtf ( 1471): [0,1471,system_server,-1,DisplayDeviceConfig,requesting nits when no mapping exists.]
09-22 22:40:24.552 I/am_wtf ( 1471): [0,1471,system_server,-1,DisplayDeviceConfig,requesting nits when no mapping exists.]
09-22 22:40:24.554 I/am_wtf ( 1471): [0,1471,system_server,-1,DisplayDeviceConfig,requesting nits when no mapping exists.]
09-22 22:40:24.569 I/am_wtf ( 1471): [0,1471,system_server,-1,DisplayDeviceConfig,requesting nits when no mapping exists.]
09-22 22:40:24.570 I/am_wtf ( 1471): [0,1471,system_server,-1,DisplayDeviceConfig,requesting nits when no mapping exists.]
09-22 22:40:24.586 I/am_wtf ( 1471): [0,1471,system_server,-1,DisplayDeviceConfig,requesting nits when no mapping exists.]
09-22 22:40:24.587 I/am_wtf ( 1471): [0,1471,system_server,-1,DisplayDeviceConfig,requesting nits when no mapping exists.]
09-22 22:40:24.603 I/am_wtf ( 1471): [0,1471,system_server,-1,DisplayDeviceConfig,requesting nits when no mapping exists.]
09-22 22:40:24.604 I/am_wtf ( 1471): [0,1471,system_server,-1,DisplayDeviceConfig,requesting nits when no mapping exists.]
09-22 22:40:24.619 I/am_wtf ( 1471): [0,1471,system_server,-1,DisplayDeviceConfig,requesting nits when no mapping exists.]
09-22 22:40:24.620 I/am_wtf ( 1471): [0,1471,system_server,-1,DisplayDeviceConfig,requesting nits when no mapping exists.]
09-22 22:40:24.636 I/am_wtf ( 1471): [0,1471,system_server,-1,DisplayDeviceConfig,requesting nits when no mapping exists.]
09-22 22:40:24.637 I/am_wtf ( 1471): [0,1471,system_server,-1,DisplayDeviceConfig,requesting nits when no mapping exists.]
09-22 22:40:24.653 I/am_wtf ( 1471): [0,1471,system_server,-1,DisplayDeviceConfig,requesting nits when no mapping exists.]
09-22 22:40:24.654 I/am_wtf ( 1471): [0,1471,system_server,-1,DisplayDeviceConfig,requesting nits when no mapping exists.]
09-22 22:40:24.670 I/am_wtf ( 1471): [0,1471,system_server,-1,DisplayDeviceConfig,requesting nits when no mapping exists.]
09-22 22:40:24.671 I/am_wtf ( 1471): [0,1471,system_server,-1,DisplayDeviceConfig,requesting nits when no mapping exists.]
09-22 22:40:24.686 I/am_wtf ( 1471): [0,1471,system_server,-1,DisplayDeviceConfig,requesting nits when no mapping exists.]
09-22 22:40:24.687 I/am_wtf ( 1471): [0,1471,system_server,-1,DisplayDeviceConfig,requesting nits when no mapping exists.]
09-22 22:40:24.703 I/am_wtf ( 1471): [0,1471,system_server,-1,DisplayDeviceConfig,requesting nits when no mapping exists.]
09-22 22:40:24.704 I/am_wtf ( 1471): [0,1471,system_server,-1,DisplayDeviceConfig,requesting nits when no mapping exists.]
09-22 22:40:24.719 I/am_wtf ( 1471): [0,1471,system_server,-1,DisplayDeviceConfig,requesting nits when no mapping exists.]
09-22 22:40:24.720 I/am_wtf ( 1471): [0,1471,system_server,-1,DisplayDeviceConfig,requesting nits when no mapping exists.]
09-22 22:40:24.736 I/am_wtf ( 1471): [0,1471,system_server,-1,DisplayDeviceConfig,requesting nits when no mapping exists.]
09-22 22:40:24.738 I/am_wtf ( 1471): [0,1471,system_server,-1,DisplayDeviceConfig,requesting nits when no mapping exists.]
09-22 22:40:24.754 I/am_wtf ( 1471): [0,1471,system_server,-1,DisplayDeviceConfig,requesting nits when no mapping exists.]
09-22 22:40:24.755 I/am_wtf ( 1471): [0,1471,system_server,-1,DisplayDeviceConfig,requesting nits when no mapping exists.]
09-22 22:40:24.770 I/am_wtf ( 1471): [0,1471,system_server,-1,DisplayDeviceConfig,requesting nits when no mapping exists.]
09-22 22:40:24.771 I/am_wtf ( 1471): [0,1471,system_server,-1,DisplayDeviceConfig,requesting nits when no mapping exists.]
09-22 22:40:24.786 I/am_wtf ( 1471): [0,1471,system_server,-1,DisplayDeviceConfig,requesting nits when no mapping exists.]
09-22 22:40:24.787 I/am_wtf ( 1471): [0,1471,system_server,-1,DisplayDeviceConfig,requesting nits when no mapping exists.]
09-22 22:40:24.803 I/am_wtf ( 1471): [0,1471,system_server,-1,DisplayDeviceConfig,requesting nits when no mapping exists.]
09-22 22:40:24.804 I/am_wtf ( 1471): [0,1471,system_server,-1,DisplayDeviceConfig,requesting nits when no mapping exists.]
09-22 22:40:24.820 I/am_wtf ( 1471): [0,1471,system_server,-1,DisplayDeviceConfig,requesting nits when no mapping exists.]
09-22 22:40:24.822 I/am_wtf ( 1471): [0,1471,system_server,-1,DisplayDeviceConfig,requesting nits when no mapping exists.]
09-22 22:40:24.837 I/am_wtf ( 1471): [0,1471,system_server,-1,DisplayDeviceConfig,requesting nits when no mapping exists.]
09-22 22:40:24.838 I/am_wtf ( 1471): [0,1471,system_server,-1,DisplayDeviceConfig,requesting nits when no mapping exists.]
09-22 22:40:24.854 I/am_wtf ( 1471): [0,1471,system_server,-1,DisplayDeviceConfig,requesting nits when no mapping exists.]
09-22 22:40:24.855 I/am_wtf ( 1471): [0,1471,system_server,-1,DisplayDeviceConfig,requesting nits when no mapping exists.]
09-22 22:40:24.871 I/am_wtf ( 1471): [0,1471,system_server,-1,DisplayDeviceConfig,requesting nits when no mapping exists.]
09-22 22:40:24.872 I/am_wtf ( 1471): [0,1471,system_server,-1,DisplayDeviceConfig,requesting nits when no mapping exists.]
09-22 22:40:24.887 I/am_wtf ( 1471): [0,1471,system_server,-1,DisplayDeviceConfig,requesting nits when no mapping exists.]
09-22 22:40:24.888 I/am_wtf ( 1471): [0,1471,system_server,-1,DisplayDeviceConfig,requesting nits when no mapping exists.]
09-22 22:40:24.903 I/am_wtf ( 1471): [0,1471,system_server,-1,DisplayDeviceConfig,requesting nits when no mapping exists.]
09-22 22:40:24.904 I/am_wtf ( 1471): [0,1471,system_server,-1,DisplayDeviceConfig,requesting nits when no mapping exists.]
09-22 22:40:24.920 I/am_wtf ( 1471): [0,1471,system_server,-1,DisplayDeviceConfig,requesting nits when no mapping exists.]
09-22 22:40:24.921 I/am_wtf ( 1471): [0,1471,system_server,-1,DisplayDeviceConfig,requesting nits when no mapping exists.]
09-22 22:40:24.937 I/am_wtf ( 1471): [0,1471,system_server,-1,DisplayDeviceConfig,requesting nits when no mapping exists.]
09-22 22:40:24.938 I/am_wtf ( 1471): [0,1471,system_server,-1,DisplayDeviceConfig,requesting nits when no mapping exists.]
09-22 22:40:24.954 I/am_wtf ( 1471): [0,1471,system_server,-1,DisplayDeviceConfig,requesting nits when no mapping exists.]
09-22 22:40:24.955 I/am_wtf ( 1471): [0,1471,system_server,-1,DisplayDeviceConfig,requesting nits when no mapping exists.]
09-22 22:40:24.971 I/am_wtf ( 1471): [0,1471,system_server,-1,DisplayDeviceConfig,requesting nits when no mapping exists.]
09-22 22:40:24.972 I/am_wtf ( 1471): [0,1471,system_server,-1,DisplayDeviceConfig,requesting nits when no mapping exists.]
09-22 22:40:24.987 I/am_wtf ( 1471): [0,1471,system_server,-1,DisplayDeviceConfig,requesting nits when no mapping exists.]
09-22 22:40:24.988 I/am_wtf ( 1471): [0,1471,system_server,-1,DisplayDeviceConfig,requesting nits when no mapping exists.]
09-22 22:40:25.004 I/am_wtf ( 1471): [0,1471,system_server,-1,DisplayDeviceConfig,requesting nits when no mapping exists.]
09-22 22:40:25.005 I/am_wtf ( 1471): [0,1471,system_server,-1,DisplayDeviceConfig,requesting nits when no mapping exists.]
09-22 22:40:25.021 I/am_wtf ( 1471): [0,1471,system_server,-1,DisplayDeviceConfig,requesting nits when no mapping exists.]
09-22 22:40:25.022 I/am_wtf ( 1471): [0,1471,system_server,-1,DisplayDeviceConfig,requesting nits when no mapping exists.]
09-22 22:40:25.038 I/am_wtf ( 1471): [0,1471,system_server,-1,DisplayDeviceConfig,requesting nits when no mapping exists.]
09-22 22:40:25.039 I/am_wtf ( 1471): [0,1471,system_server,-1,DisplayDeviceConfig,requesting nits when no mapping exists.]
09-22 22:40:25.054 I/am_wtf ( 1471): [0,1471,system_server,-1,DisplayDeviceConfig,requesting nits when no mapping exists.]
09-22 22:40:25.055 I/am_wtf ( 1471): [0,1471,system_server,-1,DisplayDeviceConfig,requesting nits when no mapping exists.]
09-22 22:40:25.070 I/am_wtf ( 1471): [0,1471,system_server,-1,DisplayDeviceConfig,requesting nits when no mapping exists.]
09-22 22:40:25.071 I/am_wtf ( 1471): [0,1471,system_server,-1,DisplayDeviceConfig,requesting nits when no mapping exists.]
09-22 22:40:25.087 I/am_wtf ( 1471): [0,1471,system_server,-1,DisplayDeviceConfig,requesting nits when no mapping exists.]
09-22 22:40:25.088 I/am_wtf ( 1471): [0,1471,system_server,-1,DisplayDeviceConfig,requesting nits when no mapping exists.]
09-22 22:40:25.104 I/am_wtf ( 1471): [0,1471,system_server,-1,DisplayDeviceConfig,requesting nits when no mapping exists.]
09-22 22:40:25.105 I/am_wtf ( 1471): [0,1471,system_server,-1,DisplayDeviceConfig,requesting nits when no mapping exists.]
09-22 22:40:25.120 I/am_wtf ( 1471): [0,1471,system_server,-1,DisplayDeviceConfig,requesting nits when no mapping exists.]
09-22 22:40:25.121 I/am_wtf ( 1471): [0,1471,system_server,-1,DisplayDeviceConfig,requesting nits when no mapping exists.]
09-22 22:40:31.350 I/sysui_multi_action( 1471): [757,222,758,1]
09-22 22:40:31.365 I/wm_task_created( 1471): [37,-1]
09-22 22:40:31.370 I/wm_task_moved( 1471): [37,1,6]
09-22 22:40:31.370 I/wm_task_to_front( 1471): [0,37]
09-22 22:40:31.371 I/wm_create_task( 1471): [0,37]
09-22 22:40:31.371 I/wm_create_activity( 1471): [0,219749558,37,com.android.deskclock/android.service.dreams.DreamActivity,NULL,NULL,NULL,276824064]
09-22 22:40:31.371 I/wm_task_moved( 1471): [37,1,6]
09-22 22:40:31.371 I/wm_on_top_resumed_lost_called( 2388): [226227664,com.android.launcher3.uioverrides.QuickstepLauncher,topStateChangedWhenResumed]
09-22 22:40:31.373 I/wm_pause_activity( 1471): [0,226227664,com.android.launcher3/.uioverrides.QuickstepLauncher,userLeaving=true,pauseBackTasks]
09-22 22:40:31.380 I/am_pss ( 1471): [4196,10068,com.android.calendar,7577600,4878336,0,92504064,0,19,7]
09-22 22:40:31.380 I/wm_on_paused_called( 2388): [226227664,com.android.launcher3.uioverrides.QuickstepLauncher,performPause]
09-22 22:40:31.384 I/wm_add_to_stopping( 1471): [0,226227664,com.android.launcher3/.uioverrides.QuickstepLauncher,makeInvisible]
09-22 22:40:31.385 I/wm_restart_activity( 1471): [0,219749558,37,com.android.deskclock/android.service.dreams.DreamActivity]
09-22 22:40:31.387 I/wm_set_resumed_activity( 1471): [0,com.android.deskclock/android.service.dreams.DreamActivity,minimalResumeActivityLocked]
09-22 22:40:31.389 I/am_pss ( 1471): [4194,1000,com.android.settings,21494784,12869632,0,112664576,0,19,6]
09-22 22:40:31.392 I/sysui_multi_action( 1471): [757,803,799,window_time_0,802,60]
09-22 22:40:31.395 I/wm_on_create_called( 2544): [219749558,android.service.dreams.DreamActivity,performCreate]
09-22 22:40:31.396 I/wm_on_start_called( 2544): [219749558,android.service.dreams.DreamActivity,handleStartActivity]
09-22 22:40:31.397 I/wm_on_resume_called( 2544): [219749558,android.service.dreams.DreamActivity,RESUME_ACTIVITY]
09-22 22:40:31.401 I/wm_on_top_resumed_gained_called( 2544): [219749558,android.service.dreams.DreamActivity,topStateChangedWhenResumed]
09-22 22:40:31.418 I/input_focus( 1471): [Focus leaving 4ed4abc com.android.launcher3/com.android.launcher3.uioverrides.QuickstepLauncher (server),reason=NO_WINDOW]
09-22 22:40:31.423 I/input_focus( 1471): [Focus request a924e42 com.android.deskclock/android.service.dreams.DreamActivity,reason=UpdateInputWindows]
09-22 22:40:31.424 I/notification_enqueue( 1471): [10081,1849,com.android.systemui,2048,NULL,0,Notification(channel=updateNotification shortcut=null contentView=null vibrate=null sound=null defaults=0x0 flags=0x0 color=0x00000000 vis=PRIVATE),1]
09-22 22:40:31.430 I/sysui_multi_action( 1849): [757,111,758,2]
09-22 22:40:31.431 I/sysui_multi_action( 1849): [757,111,758,2]
09-22 22:40:31.440 I/sysui_multi_action( 1471): [757,1696,758,6,759,3]
09-22 22:40:31.444 I/sysui_multi_action( 1471): [319,72,322,71,325,838,757,761,758,8,759,2,806,com.android.deskclock,871,android.service.dreams.DreamActivity,904,com.android.deskclock,905,0,1320,4,1321,1]
09-22 22:40:31.450 I/wm_activity_launch_time( 1471): [0,219749558,com.android.deskclock/android.service.dreams.DreamActivity,71]
09-22 22:40:31.453 I/am_wtf ( 1471): [0,1471,system_server,-1,DisplayDeviceConfig,requesting nits when no mapping exists.]
09-22 22:40:31.457 I/am_wtf ( 1471): [0,1471,system_server,-1,DisplayDeviceConfig,requesting nits when no mapping exists.]
09-22 22:40:31.462 I/sysui_multi_action( 1849): [757,111,758,1]
09-22 22:40:31.462 I/sysui_multi_action( 1849): [757,126,758,1,759,126,927,0,928,0,1593,0]
09-22 22:40:31.463 I/sysui_multi_action( 1849): [757,113,758,1,759,113,927,1,928,1,1593,0]
09-22 22:40:31.463 I/sysui_multi_action( 1849): [757,0,758,1,759,0,927,2,928,0,1593,0]
09-22 22:40:31.463 I/sysui_multi_action( 1849): [757,0,758,1,759,0,927,3,928,0,1593,0]
09-22 22:40:31.463 I/sysui_multi_action( 1849): [757,1706,758,1,759,1706,927,4,928,0,1593,0]
09-22 22:40:31.464 I/sysui_multi_action( 1849): [757,491,758,1,759,491,927,5,928,0,1311,-1,1593,0]
09-22 22:40:31.464 I/sysui_multi_action( 1849): [757,0,758,1,759,0,927,6,928,0,1593,0]
09-22 22:40:31.464 I/sysui_multi_action( 1849): [757,111,758,1]
09-22 22:40:31.465 I/sysui_multi_action( 1849): [757,126,758,1,759,126,927,0,928,0,1593,0]
09-22 22:40:31.465 I/sysui_multi_action( 1849): [757,113,758,1,759,113,927,1,928,1,1593,0]
09-22 22:40:31.465 I/sysui_multi_action( 1849): [757,0,758,1,759,0,927,2,928,0,1593,0]
09-22 22:40:31.465 I/sysui_multi_action( 1849): [757,0,758,1,759,0,927,3,928,0,1593,0]
09-22 22:40:31.469 I/am_wtf ( 1471): [0,1471,system_server,-1,DisplayDeviceConfig,requesting nits when no mapping exists.]
09-22 22:40:31.473 I/service_manager_stats( 1471): [100,63,7154]
09-22 22:40:31.473 I/am_wtf ( 1471): [0,1471,system_server,-1,DisplayDeviceConfig,requesting nits when no mapping exists.]
09-22 22:40:31.487 I/input_focus( 1471): [Focus entering a924e42 com.android.deskclock/android.service.dreams.DreamActivity (server),reason=Window became focusable. Previous reason: NOT_VISIBLE]
09-22 22:40:31.487 I/am_wtf ( 1471): [0,1471,system_server,-1,DisplayDeviceConfig,requesting nits when no mapping exists.]
09-22 22:40:31.488 I/am_wtf ( 1471): [0,1471,system_server,-1,DisplayDeviceConfig,requesting nits when no mapping exists.]
09-22 22:40:31.504 I/am_wtf ( 1471): [0,1471,system_server,-1,DisplayDeviceConfig,requesting nits when no mapping exists.]
09-22 22:40:31.505 I/am_wtf ( 1471): [0,1471,system_server,-1,DisplayDeviceConfig,requesting nits when no mapping exists.]
09-22 22:40:31.521 I/am_wtf ( 1471): [0,1471,system_server,-1,DisplayDeviceConfig,requesting nits when no mapping exists.]
09-22 22:40:31.521 I/am_wtf ( 1471): [0,1471,system_server,-1,DisplayDeviceConfig,requesting nits when no mapping exists.]
09-22 22:40:31.537 I/am_wtf ( 1471): [0,1471,system_server,-1,DisplayDeviceConfig,requesting nits when no mapping exists.]
09-22 22:40:31.538 I/am_wtf ( 1471): [0,1471,system_server,-1,DisplayDeviceConfig,requesting nits when no mapping exists.]
09-22 22:40:31.555 I/am_wtf ( 1471): [0,1471,system_server,-1,DisplayDeviceConfig,requesting nits when no mapping exists.]
09-22 22:40:31.556 I/am_wtf ( 1471): [0,1471,system_server,-1,DisplayDeviceConfig,requesting nits when no mapping exists.]
09-22 22:40:31.570 I/am_wtf ( 1471): [0,1471,system_server,-1,DisplayDeviceConfig,requesting nits when no mapping exists.]
09-22 22:40:31.571 I/am_wtf ( 1471): [0,1471,system_server,-1,DisplayDeviceConfig,requesting nits when no mapping exists.]
09-22 22:40:31.586 I/am_wtf ( 1471): [0,1471,system_server,-1,DisplayDeviceConfig,requesting nits when no mapping exists.]
09-22 22:40:31.587 I/am_wtf ( 1471): [0,1471,system_server,-1,DisplayDeviceConfig,requesting nits when no mapping exists.]
09-22 22:40:31.603 I/am_wtf ( 1471): [0,1471,system_server,-1,DisplayDeviceConfig,requesting nits when no mapping exists.]
09-22 22:40:31.604 I/am_wtf ( 1471): [0,1471,system_server,-1,DisplayDeviceConfig,requesting nits when no mapping exists.]
09-22 22:40:31.619 I/am_wtf ( 1471): [0,1471,system_server,-1,DisplayDeviceConfig,requesting nits when no mapping exists.]
09-22 22:40:31.620 I/am_wtf ( 1471): [0,1471,system_server,-1,DisplayDeviceConfig,requesting nits when no mapping exists.]
09-22 22:40:31.627 I/sysui_multi_action( 1471): [757,1501,758,1,793,818827,794,0,795,203,796,2048,806,com.android.systemui,857,updateNotification,858,3,947,0,1500,0,1688,1]
09-22 22:40:31.627 I/sysui_multi_action( 1471): [757,804,799,note_interruptive,801,0,802,1]
09-22 22:40:31.627 I/sysui_multi_action( 1471): [757,199,758,1,759,2,793,818828,794,0,795,204,796,2048,806,com.android.systemui,857,updateNotification,858,3,947,0,1500,1,1688,1]
09-22 22:40:31.627 I/notification_alert( 1471): [0|com.android.systemui|2048|null|10081,0,1,0]
09-22 22:40:31.636 I/am_wtf ( 1471): [0,1471,system_server,-1,DisplayDeviceConfig,requesting nits when no mapping exists.]
09-22 22:40:31.637 I/am_wtf ( 1471): [0,1471,system_server,-1,DisplayDeviceConfig,requesting nits when no mapping exists.]
09-22 22:40:31.655 I/am_wtf ( 1471): [0,1471,system_server,-1,DisplayDeviceConfig,requesting nits when no mapping exists.]
09-22 22:40:31.655 I/am_wtf ( 1471): [0,1471,system_server,-1,DisplayDeviceConfig,requesting nits when no mapping exists.]
09-22 22:40:31.675 I/am_wtf ( 1471): [0,1471,system_server,-1,DisplayDeviceConfig,requesting nits when no mapping exists.]
09-22 22:40:31.675 I/am_wtf ( 1471): [0,1471,system_server,-1,DisplayDeviceConfig,requesting nits when no mapping exists.]
09-22 22:40:31.687 I/am_wtf ( 1471): [0,1471,system_server,-1,DisplayDeviceConfig,requesting nits when no mapping exists.]
09-22 22:40:31.687 I/am_wtf ( 1471): [0,1471,system_server,-1,DisplayDeviceConfig,requesting nits when no mapping exists.]
09-22 22:40:31.704 I/am_wtf ( 1471): [0,1471,system_server,-1,DisplayDeviceConfig,requesting nits when no mapping exists.]
09-22 22:40:31.705 I/am_wtf ( 1471): [0,1471,system_server,-1,DisplayDeviceConfig,requesting nits when no mapping exists.]
09-22 22:40:31.720 I/am_wtf ( 1471): [0,1471,system_server,-1,DisplayDeviceConfig,requesting nits when no mapping exists.]
09-22 22:40:31.721 I/am_wtf ( 1471): [0,1471,system_server,-1,DisplayDeviceConfig,requesting nits when no mapping exists.]
09-22 22:40:31.741 I/wm_stop_activity( 1471): [0,226227664,com.android.launcher3/.uioverrides.QuickstepLauncher]
09-22 22:40:31.746 I/am_wtf ( 1471): [0,1471,system_server,-1,DisplayDeviceConfig,requesting nits when no mapping exists.]
09-22 22:40:31.746 I/am_wtf ( 1471): [0,1471,system_server,-1,DisplayDeviceConfig,requesting nits when no mapping exists.]
09-22 22:40:31.754 I/am_wtf ( 1471): [0,1471,system_server,-1,DisplayDeviceConfig,requesting nits when no mapping exists.]
09-22 22:40:31.760 I/am_wtf ( 1471): [0,1471,system_server,-1,DisplayDeviceConfig,requesting nits when no mapping exists.]
09-22 22:40:31.767 I/wm_on_stop_called( 2388): [226227664,com.android.launcher3.uioverrides.QuickstepLauncher,STOP_ACTIVITY_ITEM]
09-22 22:40:31.774 I/am_wtf ( 1471): [0,1471,system_server,-1,DisplayDeviceConfig,requesting nits when no mapping exists.]
09-22 22:40:31.775 I/am_wtf ( 1471): [0,1471,system_server,-1,DisplayDeviceConfig,requesting nits when no mapping exists.]
09-22 22:40:31.789 I/am_wtf ( 1471): [0,1471,system_server,-1,DisplayDeviceConfig,requesting nits when no mapping exists.]
09-22 22:40:31.790 I/am_wtf ( 1471): [0,1471,system_server,-1,DisplayDeviceConfig,requesting nits when no mapping exists.]
09-22 22:40:31.806 I/am_wtf ( 1471): [0,1471,system_server,-1,DisplayDeviceConfig,requesting nits when no mapping exists.]
09-22 22:40:31.807 I/am_wtf ( 1471): [0,1471,system_server,-1,DisplayDeviceConfig,requesting nits when no mapping exists.]
09-22 22:40:31.822 I/am_wtf ( 1471): [0,1471,system_server,-1,DisplayDeviceConfig,requesting nits when no mapping exists.]
09-22 22:40:31.825 I/am_wtf ( 1471): [0,1471,system_server,-1,DisplayDeviceConfig,requesting nits when no mapping exists.]
09-22 22:40:31.837 I/am_wtf ( 1471): [0,1471,system_server,-1,DisplayDeviceConfig,requesting nits when no mapping exists.]
09-22 22:40:31.839 I/am_wtf ( 1471): [0,1471,system_server,-1,DisplayDeviceConfig,requesting nits when no mapping exists.]
09-22 22:40:31.855 I/am_wtf ( 1471): [0,1471,system_server,-1,DisplayDeviceConfig,requesting nits when no mapping exists.]
09-22 22:40:31.856 I/am_wtf ( 1471): [0,1471,system_server,-1,DisplayDeviceConfig,requesting nits when no mapping exists.]
09-22 22:40:31.871 I/am_wtf ( 1471): [0,1471,system_server,-1,DisplayDeviceConfig,requesting nits when no mapping exists.]
09-22 22:40:31.873 I/am_wtf ( 1471): [0,1471,system_server,-1,DisplayDeviceConfig,requesting nits when no mapping exists.]
09-22 22:40:31.888 I/am_wtf ( 1471): [0,1471,system_server,-1,DisplayDeviceConfig,requesting nits when no mapping exists.]
09-22 22:40:31.889 I/am_wtf ( 1471): [0,1471,system_server,-1,DisplayDeviceConfig,requesting nits when no mapping exists.]
09-22 22:40:31.908 I/am_wtf ( 1471): [0,1471,system_server,-1,DisplayDeviceConfig,requesting nits when no mapping exists.]
09-22 22:40:31.909 I/am_wtf ( 1471): [0,1471,system_server,-1,DisplayDeviceConfig,requesting nits when no mapping exists.]
09-22 22:40:31.920 I/am_wtf ( 1471): [0,1471,system_server,-1,DisplayDeviceConfig,requesting nits when no mapping exists.]
09-22 22:40:31.921 I/am_wtf ( 1471): [0,1471,system_server,-1,DisplayDeviceConfig,requesting nits when no mapping exists.]
09-22 22:40:31.938 I/am_wtf ( 1471): [0,1471,system_server,-1,DisplayDeviceConfig,requesting nits when no mapping exists.]
09-22 22:40:31.944 I/am_wtf ( 1471): [0,1471,system_server,-1,DisplayDeviceConfig,requesting nits when no mapping exists.]
09-22 22:40:31.961 I/am_wtf ( 1471): [0,1471,system_server,-1,DisplayDeviceConfig,requesting nits when no mapping exists.]
09-22 22:40:31.962 I/am_wtf ( 1471): [0,1471,system_server,-1,DisplayDeviceConfig,requesting nits when no mapping exists.]
09-22 22:40:31.975 I/am_wtf ( 1471): [0,1471,system_server,-1,DisplayDeviceConfig,requesting nits when no mapping exists.]
09-22 22:40:31.976 I/am_wtf ( 1471): [0,1471,system_server,-1,DisplayDeviceConfig,requesting nits when no mapping exists.]
09-22 22:40:31.988 I/am_wtf ( 1471): [0,1471,system_server,-1,DisplayDeviceConfig,requesting nits when no mapping exists.]
09-22 22:40:31.993 I/am_wtf ( 1471): [0,1471,system_server,-1,DisplayDeviceConfig,requesting nits when no mapping exists.]
09-22 22:40:32.007 I/am_wtf ( 1471): [0,1471,system_server,-1,DisplayDeviceConfig,requesting nits when no mapping exists.]
09-22 22:40:32.008 I/am_wtf ( 1471): [0,1471,system_server,-1,DisplayDeviceConfig,requesting nits when no mapping exists.]
09-22 22:40:32.025 I/am_wtf ( 1471): [0,1471,system_server,-1,DisplayDeviceConfig,requesting nits when no mapping exists.]
09-22 22:40:32.026 I/am_wtf ( 1471): [0,1471,system_server,-1,DisplayDeviceConfig,requesting nits when no mapping exists.]
09-22 22:40:32.045 I/am_wtf ( 1471): [0,1471,system_server,-1,DisplayDeviceConfig,requesting nits when no mapping exists.]
09-22 22:40:32.046 I/am_wtf ( 1471): [0,1471,system_server,-1,DisplayDeviceConfig,requesting nits when no mapping exists.]
09-22 22:40:32.059 I/am_wtf ( 1471): [0,1471,system_server,-1,DisplayDeviceConfig,requesting nits when no mapping exists.]
09-22 22:40:32.059 I/am_wtf ( 1471): [0,1471,system_server,-1,DisplayDeviceConfig,requesting nits when no mapping exists.]
09-22 22:40:32.076 I/am_wtf ( 1471): [0,1471,system_server,-1,DisplayDeviceConfig,requesting nits when no mapping exists.]
09-22 22:40:32.077 I/am_wtf ( 1471): [0,1471,system_server,-1,DisplayDeviceConfig,requesting nits when no mapping exists.]
09-22 22:40:32.090 I/am_wtf ( 1471): [0,1471,system_server,-1,DisplayDeviceConfig,requesting nits when no mapping exists.]
09-22 22:40:32.091 I/am_wtf ( 1471): [0,1471,system_server,-1,DisplayDeviceConfig,requesting nits when no mapping exists.]
09-22 22:40:32.104 I/am_wtf ( 1471): [0,1471,system_server,-1,DisplayDeviceConfig,requesting nits when no mapping exists.]
09-22 22:40:32.105 I/am_wtf ( 1471): [0,1471,system_server,-1,DisplayDeviceConfig,requesting nits when no mapping exists.]
09-22 22:40:32.127 I/am_wtf ( 1471): [0,1471,system_server,-1,DisplayDeviceConfig,requesting nits when no mapping exists.]
09-22 22:40:32.128 I/am_wtf ( 1471): [0,1471,system_server,-1,DisplayDeviceConfig,requesting nits when no mapping exists.]
09-22 22:40:32.142 I/am_wtf ( 1471): [0,1471,system_server,-1,DisplayDeviceConfig,requesting nits when no mapping exists.]
09-22 22:40:32.143 I/am_wtf ( 1471): [0,1471,system_server,-1,DisplayDeviceConfig,requesting nits when no mapping exists.]
09-22 22:40:32.157 I/am_wtf ( 1471): [0,1471,system_server,-1,DisplayDeviceConfig,requesting nits when no mapping exists.]
09-22 22:40:32.158 I/am_wtf ( 1471): [0,1471,system_server,-1,DisplayDeviceConfig,requesting nits when no mapping exists.]
09-22 22:40:32.181 I/am_wtf ( 1471): [0,1471,system_server,-1,DisplayDeviceConfig,requesting nits when no mapping exists.]
09-22 22:40:32.182 I/am_wtf ( 1471): [0,1471,system_server,-1,DisplayDeviceConfig,requesting nits when no mapping exists.]
09-22 22:40:32.190 I/am_wtf ( 1471): [0,1471,system_server,-1,DisplayDeviceConfig,requesting nits when no mapping exists.]
09-22 22:40:32.190 I/am_wtf ( 1471): [0,1471,system_server,-1,DisplayDeviceConfig,requesting nits when no mapping exists.]
09-22 22:40:32.206 I/am_wtf ( 1471): [0,1471,system_server,-1,DisplayDeviceConfig,requesting nits when no mapping exists.]
09-22 22:40:32.207 I/am_wtf ( 1471): [0,1471,system_server,-1,DisplayDeviceConfig,requesting nits when no mapping exists.]
09-22 22:40:32.224 I/am_wtf ( 1471): [0,1471,system_server,-1,DisplayDeviceConfig,requesting nits when no mapping exists.]
09-22 22:40:32.228 I/am_wtf ( 1471): [0,1471,system_server,-1,DisplayDeviceConfig,requesting nits when no mapping exists.]
09-22 22:40:32.242 I/am_wtf ( 1471): [0,1471,system_server,-1,DisplayDeviceConfig,requesting nits when no mapping exists.]
09-22 22:40:32.243 I/am_wtf ( 1471): [0,1471,system_server,-1,DisplayDeviceConfig,requesting nits when no mapping exists.]
09-22 22:40:32.256 I/am_wtf ( 1471): [0,1471,system_server,-1,DisplayDeviceConfig,requesting nits when no mapping exists.]
09-22 22:40:32.256 I/am_wtf ( 1471): [0,1471,system_server,-1,DisplayDeviceConfig,requesting nits when no mapping exists.]
09-22 22:40:32.273 I/am_wtf ( 1471): [0,1471,system_server,-1,DisplayDeviceConfig,requesting nits when no mapping exists.]
09-22 22:40:32.274 I/am_wtf ( 1471): [0,1471,system_server,-1,DisplayDeviceConfig,requesting nits when no mapping exists.]
09-22 22:40:32.291 I/am_wtf ( 1471): [0,1471,system_server,-1,DisplayDeviceConfig,requesting nits when no mapping exists.]
09-22 22:40:32.292 I/am_wtf ( 1471): [0,1471,system_server,-1,DisplayDeviceConfig,requesting nits when no mapping exists.]
09-22 22:40:32.312 I/am_wtf ( 1471): [0,1471,system_server,-1,DisplayDeviceConfig,requesting nits when no mapping exists.]
09-22 22:40:32.313 I/am_wtf ( 1471): [0,1471,system_server,-1,DisplayDeviceConfig,requesting nits when no mapping exists.]
09-22 22:40:32.324 I/am_wtf ( 1471): [0,1471,system_server,-1,DisplayDeviceConfig,requesting nits when no mapping exists.]
09-22 22:40:32.326 I/am_wtf ( 1471): [0,1471,system_server,-1,DisplayDeviceConfig,requesting nits when no mapping exists.]
09-22 22:40:32.341 I/am_wtf ( 1471): [0,1471,system_server,-1,DisplayDeviceConfig,requesting nits when no mapping exists.]
09-22 22:40:32.343 I/am_wtf ( 1471): [0,1471,system_server,-1,DisplayDeviceConfig,requesting nits when no mapping exists.]
09-22 22:40:32.358 I/am_wtf ( 1471): [0,1471,system_server,-1,DisplayDeviceConfig,requesting nits when no mapping exists.]
09-22 22:40:32.359 I/am_wtf ( 1471): [0,1471,system_server,-1,DisplayDeviceConfig,requesting nits when no mapping exists.]
09-22 22:40:32.376 I/am_wtf ( 1471): [0,1471,system_server,-1,DisplayDeviceConfig,requesting nits when no mapping exists.]
09-22 22:40:32.376 I/am_wtf ( 1471): [0,1471,system_server,-1,DisplayDeviceConfig,requesting nits when no mapping exists.]
09-22 22:40:32.389 I/am_wtf ( 1471): [0,1471,system_server,-1,DisplayDeviceConfig,requesting nits when no mapping exists.]
09-22 22:40:32.391 I/am_wtf ( 1471): [0,1471,system_server,-1,DisplayDeviceConfig,requesting nits when no mapping exists.]
09-22 22:40:32.407 I/am_wtf ( 1471): [0,1471,system_server,-1,DisplayDeviceConfig,requesting nits when no mapping exists.]
09-22 22:40:32.408 I/am_wtf ( 1471): [0,1471,system_server,-1,DisplayDeviceConfig,requesting nits when no mapping exists.]
09-22 22:46:23.418 I/input_interaction( 1471): Interaction with: a924e42 com.android.deskclock/android.service.dreams.DreamActivity (server), edge-swipe (server), swipe-up (server), PointerEventDispatcher0 (server),
09-22 22:46:23.424 I/service_manager_stats( 1471): [114,73,351950]
09-22 22:46:23.424 I/wm_finish_activity( 1471): [0,219749558,37,com.android.deskclock/android.service.dreams.DreamActivity,finish-activity]
09-22 22:46:23.424 I/wm_task_moved( 1471): [1,1,5]
09-22 22:46:23.425 I/wm_task_moved( 1471): [33,1,2147483647]
09-22 22:46:23.425 I/wm_task_to_front( 1471): [0,33]
09-22 22:46:23.425 I/wm_focused_root_task( 1471): [0,0,1,37,finish-top adjustFocusToNextFocusableTask]
