09-23 00:44:13.203 I/OpenGLRenderer( 8440): Davey! duration=9223363776358ms; Flags=0, FrameTimelineVsyncId=116423, IntendedVsync=8260495570647, Vsync=8260495570647, InputEventId=0, HandleInputStart=8260496441378, AnimationStart=8260496444763, PerformTraversalsStart=8260496448253, DrawStart=8260496700649, FrameDeadline=8260533570645, FrameInterval=8260496430753, FrameStartTime=16666666, SyncQueued=8260498357784, SyncStart=8260498667680, IssueDrawCommandsStart=8260502506013, SwapBuffers=8260511987159, FrameCompleted=9223372036854775807, DequeueBufferDuration=54739, QueueBufferDuration=1344636, GpuCompleted=9223372036854775807, SwapBuffersCompleted=8260514210440, DisplayPresentTime=0,
09-23 00:44:13.517 D/audio_hw_primary( 814): start_output_stream: enter: stream(0xe7fc64c0)usecase(1: low-latency-playback) devices(0x2) is_haptic_usecase(0)
09-23 00:44:13.518 I/sysui_multi_action( 8440): [757,39,758,2,1089,8585]
09-23 00:44:13.518 E/ANDR-PERF-TARGET( 866): Error: Invalid logical cluster id 0
09-23 00:44:13.518 E/ANDR-PERF-REQUEST( 866): invalid request
09-23 00:44:13.518 E/ANDR-PERF-MPCTL( 866): invalid request, no optimizations performed
09-23 00:44:13.518 E/audio_hw_extn( 814): audio_extn_perf_lock_acquire: Failed to acquire perf lock, err: -1
09-23 00:44:13.518 D/audio_hw_primary( 814): select_devices for use case (low-latency-playback)
09-23 00:44:13.518 I/msm8974_platform( 814): platform_check_and_set_codec_backend_cfg:becf: afe: bitwidth 16, samplerate 48000 channels 2, backend_idx 0 usecase = 1 device (speaker)
09-23 00:44:13.518 D/msm8974_platform( 814): platform_split_snd_device: snd_device(2) num devices(1) new_snd_devices(0)
09-23 00:44:13.518 I/msm8974_platform( 814): platform_check_and_set_codec_backend_cfg: new_snd_devices[0] is 2
09-23 00:44:13.518 I/msm8974_platform( 814): platform_check_codec_backend_cfg:becf: afe: bitwidth 16, samplerate 48000 channels 2, backend_idx 0 usecase = 1 device (speaker)
09-23 00:44:13.520 D/audio_hw_extn( 814): audio_extn_enable_hifi_filter: mixer_value set 0
09-23 00:44:13.520 D/msm8974_platform( 814): platform_check_codec_backend_cfg:becf: updated afe: bitwidth 16, samplerate 48000 channels 2,backend_idx 0 usecase = 1 device (speaker)
09-23 00:44:13.520 D/msm8974_platform( 814): platform_check_codec_backend_cfg:becf: afe: playback on codec device not supporting native playback set default Sample Rate(48k)
09-23 00:44:13.520 I/msm8974_platform( 814): platform_check_codec_backend_cfg:becf: afe: Codec selected backend: 0 updated bit width: 16 and sample rate: 48000
09-23 00:44:13.520 D/audio_hw_primary( 814): check_usecases_codec_backend:becf: force routing 0
09-23 00:44:13.520 E/msm8974_platform( 814): platform_check_backends_match: Invalid snd_device =
09-23 00:44:13.520 D/audio_hw_primary( 814): check_usecases_codec_backend:becf: (78) check_usecases curr device: speaker, usecase device: backends match 0
09-23 00:44:13.520 D/audio_hw_primary( 814): check_usecases_codec_backend:becf: check_usecases num.of Usecases to switch 0
09-23 00:44:13.520 D/hardware_info( 814): hw_info_append_hw_type : device_name = speaker
09-23 00:44:13.520 D/msm8974_platform( 814): platform_split_snd_device: snd_device(2) num devices(0) new_snd_devices(0)
09-23 00:44:13.520 D/audio_hw_primary( 814): enable_snd_device: snd_device(2: speaker)
09-23 00:44:13.520 D/msm8974_platform( 814): platform_get_island_cfg_on_device:island cfg status on snd_device = (speaker 0)
09-23 00:44:13.520 I/soundtrigger( 814): audio_extn_sound_trigger_update_device_status: device 0x2 of type 0 for Event 1, with Raise=0
09-23 00:44:13.520 D/audio_route( 814): Apply path: speaker
09-23 00:44:13.520 I/audio_hw_utils( 814): audio_extn_utils_update_stream_output_app_type_cfg Allowing 24 and above bits playback on speaker ONLY at default sampling rate
09-23 00:44:13.520 E/soundtrigger( 814): audio_extn_sound_trigger_update_stream_status: invalid input device 0x0, for event 3
09-23 00:44:13.520 D/soundtrigger( 814): audio_extn_sound_trigger_update_stream_status: uc_info->id 1 of type 0 for Event 3, with Raise=0
09-23 00:44:13.520 D/audio_hw_utils( 814): audio_extn_utils_send_app_type_cfg: usecase->out_snd_device speaker
09-23 00:44:13.520 D/msm8974_platform( 814): platform_split_snd_device: snd_device(2) num devices(0) new_snd_devices(0)
09-23 00:44:13.520 D/audio_hw_utils( 814): audio_extn_btsco_get_sample_rate:Not a BT SCO device, need not update sampling rate
09-23 00:44:13.520 I/audio_hw_utils( 814): send_app_type_cfg_for_device PLAYBACK app_type 69937, acdb_dev_id 15, sample_rate 48000, snd_device_be_idx 179
09-23 00:44:13.521 D/msm8974_platform( 814): platform_split_snd_device: snd_device(2) num devices(1) new_snd_devices(0)
09-23 00:44:13.521 D/audio_hw_utils( 814): audio_extn_btsco_get_sample_rate:Not a BT SCO device, need not update sampling rate
09-23 00:44:13.521 D/ACDB-LOADER( 814): ACDB -> send_audio_cal, acdb_id = 15, path = 0, app id = 0x11131, sample rate = 48000, afe_sample_rate = 48000
09-23 00:44:13.521 D/ACDB-LOADER( 814): ACDB -> send_asm_topology
09-23 00:44:13.521 D/ACDB-LOADER( 814): ACDB -> ACDB_CMD_GET_AUDPROC_STREAM_TOPOLOGY_ID
09-23 00:44:13.521 D/ACDB-LOADER( 814): ACDB -> send_adm_topology
09-23 00:44:13.521 D/ACDB-LOADER( 814): ACDB -> ACDB_CMD_GET_AUDPROC_COMMON_TOPOLOGY_ID
09-23 00:44:13.521 D/ACDB-LOADER( 814): ACDB -> send_audtable
09-23 00:44:13.521 D/ACDB-LOADER( 814): ACDB -> ACDB_CMD_GET_AUDPROC_INSTANCE_COMMON_TABLE_SIZE
09-23 00:44:13.521 D/ACDB-LOADER( 814): ACDB -> ACDB_CMD_GET_AUDPROC_INSTANCE_COMMON_TABLE
09-23 00:44:13.521 D/ACDB-LOADER( 814): ACDB -> AUDIO_SET_AUDPROC_CAL cal_type[11] acdb_id[15] app_type[69937]
09-23 00:44:13.521 D/ACDB-LOADER( 814): ACDB -> send_audvoltable
09-23 00:44:13.521 D/ACDB-LOADER( 814): ACDB -> ACDB_CMD_GET_AUDPROC_INSTANCE_GAIN_DEP_STEP_TABLE_SIZE
09-23 00:44:13.521 D/ACDB-LOADER( 814): ACDB -> ACDB_CMD_GET_AUDPROC_INSTANCE_GAIN_DEP_STEP_TABLE, vol index 0
09-23 00:44:13.521 D/ACDB-LOADER( 814): ACDB -> AUDIO_SET_VOL_CAL cal type = 12
09-23 00:44:13.521 D/ACDB-LOADER( 814): ACDB -> ACDB_CMD_GET_AUDPROC_INSTANCE_STREAM_TABLE_SIZE
09-23 00:44:13.521 D/ACDB-LOADER( 814): ACDB -> send_audstrmtable
09-23 00:44:13.521 D/ACDB-LOADER( 814): ACDB -> ACDB_CMD_GET_AUDPROC_INSTANCE_STREAM_TABLE
09-23 00:44:13.521 D/ACDB-LOADER( 814): ACDB -> audstrm_cal->cal_type.cal_data.cal_size = 20
09-23 00:44:13.521 D/ACDB-LOADER( 814): ACDB -> send_afe_topology
09-23 00:44:13.521 D/ACDB-LOADER( 814): ACDB -> ACDB_CMD_GET_AFE_TOPOLOGY_ID
09-23 00:44:13.521 D/ACDB-LOADER( 814): ACDB -> GET_AFE_TOPOLOGY_ID for adcd_id 15, Topology Id 112fc
09-23 00:44:13.521 D/ACDB-LOADER( 814): ACDB -> send_afe_cal
09-23 00:44:13.521 D/ACDB-LOADER( 814): ACDB -> ACDB_CMD_GET_AFE_INSTANCE_COMMON_TABLE_SIZE
09-23 00:44:13.521 D/android.hardware.audio.service( 814): Failed to fetch the lookup information of the device 0000000F
09-23 00:44:13.521 D/ACDB-LOADER( 814): Error: ACDB_CMD_GET_AFE_INSTANCE_COMMON_TABLE_SIZE Returned = -19
09-23 00:44:13.521 D/ACDB-LOADER( 814): ACDB -> ACDB_CMD_GET_AFE_INSTANCE_COMMON_TABLE
09-23 00:44:13.521 D/android.hardware.audio.service( 814): Failed to fetch the lookup information of the device 0000000F
09-23 00:44:13.521 D/ACDB-LOADER( 814): Error: ACDB AFE returned = -19
09-23 00:44:13.521 D/ACDB-LOADER( 814): ACDB -> AUDIO_SET_AFE_CAL cal_type[16] acdb_id[15]
09-23 00:44:13.521 D/ACDB-LOADER( 814): ACDB -> send_hw_delay : acdb_id = 15 path = 0
09-23 00:44:13.521 D/ACDB-LOADER( 814): ACDB -> ACDB_AVSYNC_INFO: ACDB_CMD_GET_DEVICE_PROPERTY
09-23 00:44:13.521 D/msm8974_platform( 814): platform_split_snd_device: snd_device(2) num devices(0) new_snd_devices(0)
09-23 00:44:13.521 I/msm8974_platform( 814): platform_get_custom_mtmx_params: no matching param with id 0 ip_ch 2 op_ch 2 uc_id 1 snd_dev 2
09-23 00:44:13.521 D/audio_hw_primary( 814): enable_audio_route: apply mixer and update path: low-latency-playback
09-23 00:44:13.521 D/audio_route( 814): Apply path: low-latency-playback
09-23 00:44:13.523 D/audio_hw_primary( 814): select_devices: done
09-23 00:44:13.544 D/BluetoothA2dp( 8440): Unbinding service...
09-23 00:44:13.547 I/sysui_multi_action( 8440): [757,744,758,1,833,0,1089,0]
09-23 00:44:13.548 D/msm8974_platform( 814): platform_set_channel_map mixer_ctl_name:Playback Channel Map9
09-23 00:44:13.548 D/msm8974_platform( 814): platform_set_channel_map: set mapping(1 2 0 0 0 0 0 0) for channel:2
09-23 00:44:13.548 D/DashboardFragment( 8440): Cannot find preference with key system_update_settings in Controller SystemUpdatePreferenceController
09-23 00:44:13.548 D/AssistGesture( 8440): mAssistOnly:false, isSupported:false, isSensorAvailable:false
09-23 00:44:13.549 E/audio_hw_extn( 814): audio_extn_perf_lock_release: Perf lock release error
09-23 00:44:13.549 D/audio_hw_primary( 814): start_output_stream: exit
09-23 00:44:13.593 I/OMX-VENC: venc_dev( 1213): stats: avg. fps 37.68, bitrate 2089298
09-23 00:44:13.738 D/audio_hw_primary( 814): out_set_parameters: enter: usecase(1: low-latency-playback) kvpairs: suspend_playback=true
09-23 00:44:13.738 D/audio_hw_extn( 814): audio_extn_fm_set_parameters: Enter
09-23 00:44:14.154 I/mpu_uart( 651): [MSG-P:RECV]:No message received in 1000 ms
09-23 00:44:14.663 I/DashboardFragment( 8440): onPreferenceTreeClick: onPreferenceTreeClick::com.android.settings.development.DevelopmentSettingsDashboardFragment
09-23 00:44:14.664 I/sysui_multi_action( 8440): [757,830,758,4,833,0,854,dashboard_tile_pref_com.android.settings.Settings$DevelopmentSettingsDashboardActivity,1089,0]
09-23 00:44:14.664 W/PreferenceFragment( 8440): onPreferenceStartFragment is not implemented in the parent activity - attempting to use a fallback implementation. You should implement this method so that you can configure the new fragment that will be displayed, and set a transition between the fragments.
09-23 00:44:14.668 D/audio_hw_primary( 814): out_set_parameters: enter: usecase(1: low-latency-playback) kvpairs: suspend_playback=false
09-23 00:44:14.668 D/audio_hw_extn( 814): audio_extn_fm_set_parameters: Enter
09-23 00:44:14.669 W/audio_hw_primary( 814): out_write: underrun(161) frames_by_time(44841) > out->last_fifo_frames_remaining(384)
09-23 00:44:14.678 I/sysui_multi_action( 8440): [757,744,758,2,1089,1131]
09-23 00:44:14.681 D/ForcePeakRefreshRateCtr( 8440): DEFAULT_REFRESH_RATE : 60.0 mPeakRefreshRate : 60.0
09-23 00:44:14.698 I/OMX-VENC: venc_dev( 1213): stats: avg. fps 6.34, bitrate 260392
09-23 00:44:14.700 D/PrefCtrlListHelper( 8440): Could not find Context-only controller for pref: com.android.settings.development.Prefer5GNetworkSummaryController
09-23 00:44:14.700 W/PrefCtrlListHelper( 8440): Cannot instantiate controller from reflection: com.android.settings.development.Prefer5GNetworkSummaryController
09-23 00:44:14.700 D/PrefCtrlListHelper( 8440): Could not find Context-only controller for pref: com.android.settings.notification.ImportanceResetPreferenceController
09-23 00:44:14.701 D/PrefCtrlListHelper( 8440): Could not find Context-only controller for pref: com.android.settings.location.LocationIndicatorsPreferenceController
09-23 00:44:14.703 E/UserRestrictionsUtils( 1471): Unknown restriction queried by uid 1000 (com.android.dynsystem et al): null
09-23 00:44:14.704 E/UserRestrictionsUtils( 1471): Unknown restriction queried by uid 1000 (com.android.dynsystem et al): null
09-23 00:44:14.705 E/UserRestrictionsUtils( 1471): Unknown restriction queried by uid 1000 (com.android.dynsystem et al): null
09-23 00:44:14.705 E/UserRestrictionsUtils( 1471): Unknown restriction queried by uid 1000 (com.android.dynsystem et al): null
09-23 00:44:14.706 E/UserRestrictionsUtils( 1471): Unknown restriction queried by uid 1000 (com.android.dynsystem et al): null
09-23 00:44:14.708 E/UserRestrictionsUtils( 1471): Unknown restriction queried by uid 1000 (com.android.dynsystem et al): null
09-23 00:44:14.708 E/UserRestrictionsUtils( 1471): Unknown restriction queried by uid 1000 (com.android.dynsystem et al): null
09-23 00:44:14.709 E/UserRestrictionsUtils( 1471): Unknown restriction queried by uid 1000 (com.android.dynsystem et al): null
09-23 00:44:14.710 E/BtCodecDlgPref( 8440): a2dp_codec_titles array length: 8
09-23 00:44:14.710 E/BtCodecDlgPref( 8440): a2dp_codec_summaries array length: 8
09-23 00:44:14.713 E/UserRestrictionsUtils( 1471): Unknown restriction queried by uid 1000 (com.android.dynsystem et al): null
09-23 00:44:14.718 V/AutofillPreferenceCategory( 8440): isAutofillEnabled(): false
09-23 00:44:14.718 V/AutofillPreferenceCategory( 8440): shouldDisableDependents(): true
09-23 00:44:14.718 V/AutofillPreferenceCategory( 8440): isAutofillEnabled(): false
09-23 00:44:14.718 V/AutofillPreferenceCategory( 8440): shouldDisableDependents(): true
09-23 00:44:14.718 V/AutofillPreferenceCategory( 8440): isAutofillEnabled(): false
09-23 00:44:14.718 V/AutofillPreferenceCategory( 8440): shouldDisableDependents(): true
09-23 00:44:14.718 V/AutofillPreferenceCategory( 8440): isAutofillEnabled(): false
09-23 00:44:14.718 V/AutofillPreferenceCategory( 8440): shouldDisableDependents(): true
09-23 00:44:14.719 I/auditd ( 8440): type=1400 audit(0.0:1067): avc: denied { read } for comm="ndroid.settings" name="pagetypeinfo" dev="proc" ino=4026531857 scontext=u:r:system_app:s0 tcontext=u:object_r:proc_pagetypeinfo:s0 tclass=file permissive=0
09-23 00:44:14.719 W/ndroid.settings( 8440): type=1400 audit(0.0:1067): avc: denied { read } for name="pagetypeinfo" dev="proc" ino=4026531857 scontext=u:r:system_app:s0 tcontext=u:object_r:proc_pagetypeinfo:s0 tclass=file permissive=0
09-23 00:44:14.724 E/ndroid.setting( 8440): Can't find memory status under: /sys/block/zram0/
09-23 00:44:14.719 I/auditd ( 8440): type=1400 audit(0.0:1068): avc: denied { search } for comm="ndroid.settings" name="zram0" dev="sysfs" ino=62873 scontext=u:r:system_app:s0 tcontext=u:object_r:sysfs_zram:s0 tclass=dir permissive=0
09-23 00:44:14.719 W/ndroid.settings( 8440): type=1400 audit(0.0:1068): avc: denied { search } for name="zram0" dev="sysfs" ino=62873 scontext=u:r:system_app:s0 tcontext=u:object_r:sysfs_zram:s0 tclass=dir permissive=0
09-23 00:44:14.719 I/auditd ( 8440): type=1400 audit(0.0:1069): avc: denied { search } for comm="ndroid.settings" name="zram0" dev="sysfs" ino=62873 scontext=u:r:system_app:s0 tcontext=u:object_r:sysfs_zram:s0 tclass=dir permissive=0
09-23 00:44:14.719 W/ndroid.settings( 8440): type=1400 audit(0.0:1069): avc: denied { search } for name="zram0" dev="sysfs" ino=62873 scontext=u:r:system_app:s0 tcontext=u:object_r:sysfs_zram:s0 tclass=dir permissive=0
09-23 00:44:14.725 W/ProcStatsManager( 8440): No process com.android.dynsystem:dynsystem/1000 for service com.android.dynsystem.DynamicSystemInstallationService
09-23 00:44:14.725 W/ProcStatsManager( 8440): No process com.android.providers.calendar/10030 for service com.android.providers.calendar.CalendarProviderJobService
09-23 00:44:14.725 W/ProcStatsManager( 8440): No process android.process.media/10026 for service com.android.providers.downloads.DownloadIdleService
09-23 00:44:14.725 W/ProcStatsManager( 8440): No process com.android.phone/1001 for service com.android.stk.StkAppService
09-23 00:44:14.725 W/ProcStatsManager( 8440): No process com.android.keychain/1000 for service com.android.keychain.KeyChainService
09-23 00:44:14.725 W/ProcStatsManager( 8440): No process com.android.localtransport/1000 for service com.android.localtransport.LocalTransportService
09-23 00:44:14.725 W/ProcStatsManager( 8440): No process com.android.inputmethod.latin/10069 for service com.android.inputmethod.latin.LatinIME
09-23 00:44:14.725 W/ProcStatsManager( 8440): No process com.qti.ltebc/10079 for service com.qualcomm.ltebc.LTERootService
09-23 00:44:14.725 W/ProcStatsManager( 8440): No process com.android.permissioncontroller/10092 for service com.android.permissioncontroller.permission.service.PermissionControllerServiceImpl
09-23 00:44:14.725 W/ProcStatsManager( 8440): No process com.qualcomm.qti.qms.service.trustzoneaccess/10052 for service com.qualcomm.qti.qms.service.trustzoneaccess.TZAccessService
09-23 00:44:14.725 W/ProcStatsManager( 8440): No process com.qualcomm.qtil.aptxui/10085 for service com.qualcomm.qtil.aptxui.aptxuiService
09-23 00:44:14.728 I/hwservicemanager( 513): getTransport: Cannot find entry android.hardware.dumpstate@1.1::IDumpstateDevice/default in either framework or device VINTF manifest.
09-23 00:44:14.728 I/hwservicemanager( 513): getTransport: Cannot find entry android.hardware.dumpstate@1.0::IDumpstateDevice/default in either framework or device VINTF manifest.
09-23 00:44:14.729 D/DevSettingsDashboard( 8440): refreshDashboardTiles ::com.android.settingslib.drawer.ActivityTile@16870a9
09-23 00:44:14.730 D/DevSettingsDashboard( 8440): All preferences added, reporting fully drawn
09-23 00:44:14.732 D/BluetoothA2dp( 8440): Binding service...
09-23 00:44:14.743 I/hwservicemanager( 513): getTransport: Cannot find entry android.hardware.dumpstate@1.1::IDumpstateDevice/default in either framework or device VINTF manifest.
09-23 00:44:14.743 I/hwservicemanager( 513): getTransport: Cannot find entry android.hardware.dumpstate@1.0::IDumpstateDevice/default in either framework or device VINTF manifest.
09-23 00:44:14.746 I/sysui_multi_action( 8440): [757,39,758,1,833,0,1089,67]
09-23 00:44:14.747 D/SubscriptionsChangeListener( 8440): Start
09-23 00:44:14.747 D/TelephonyRegistry( 1471): listen oscl: mHasNotifySubscriptionInfoChangedOccurred==false no callback
09-23 00:44:14.748 W/MobileNetworkUtils( 8440): EuiccManager is not enabled.
09-23 00:44:14.748 W/MobileNetworkUtils( 8440): EuiccManager is not enabled.
09-23 00:44:14.749 D/SubscriptionsChangeListener( 8440): Start
09-23 00:44:14.749 D/TelephonyRegistry( 1471): listen oscl: mHasNotifySubscriptionInfoChangedOccurred==false no callback
09-23 00:44:14.750 D/AbstractBtDlgCtr( 8440): Unable to get current config index. Current codec Config is null.
09-23 00:44:14.757 D/AbstractBtDlgCtr( 8440): Unable to get current config index. Current codec Config is null.
09-23 00:44:14.759 D/AbstractBtDlgCtr( 8440): Unable to get current config index. Current codec Config is null.
09-23 00:44:14.755 I/auditd ( 8440): type=1400 audit(0.0:1070): avc: denied { read } for comm="pool-2-thread-1" name="pagetypeinfo" dev="proc" ino=4026531857 scontext=u:r:system_app:s0 tcontext=u:object_r:proc_pagetypeinfo:s0 tclass=file permissive=0
09-23 00:44:14.755 W/pool-2-thread-1( 8440): type=1400 audit(0.0:1070): avc: denied { read } for name="pagetypeinfo" dev="proc" ino=4026531857 scontext=u:r:system_app:s0 tcontext=u:object_r:proc_pagetypeinfo:s0 tclass=file permissive=0
09-23 00:44:14.760 W/Settings( 8440): Setting bugreport_in_power_menu has moved from android.provider.Settings.Secure to android.provider.Settings.Global.
09-23 00:44:14.759 I/auditd ( 8440): type=1400 audit(0.0:1071): avc: denied { search } for comm="pool-2-thread-1" name="zram0" dev="sysfs" ino=62873 scontext=u:r:system_app:s0 tcontext=u:object_r:sysfs_zram:s0 tclass=dir permissive=0
09-23 00:44:14.759 W/pool-2-thread-1( 8440): type=1400 audit(0.0:1071): avc: denied { search } for name="zram0" dev="sysfs" ino=62873 scontext=u:r:system_app:s0 tcontext=u:object_r:sysfs_zram:s0 tclass=dir permissive=0
09-23 00:44:14.761 E/ndroid.setting( 8440): Can't find memory status under: /sys/block/zram0/
09-23 00:44:14.761 W/ProcStatsManager( 8440): No process com.android.dynsystem:dynsystem/1000 for service com.android.dynsystem.DynamicSystemInstallationService
09-23 00:44:14.761 W/ProcStatsManager( 8440): No process com.android.providers.calendar/10030 for service com.android.providers.calendar.CalendarProviderJobService
09-23 00:44:14.761 W/ProcStatsManager( 8440): No process android.process.media/10026 for service com.android.providers.downloads.DownloadIdleService
09-23 00:44:14.761 W/ProcStatsManager( 8440): No process com.android.phone/1001 for service com.android.stk.StkAppService
09-23 00:44:14.761 W/ProcStatsManager( 8440): No process com.android.keychain/1000 for service com.android.keychain.KeyChainService
09-23 00:44:14.761 W/ProcStatsManager( 8440): No process com.android.localtransport/1000 for service com.android.localtransport.LocalTransportService
09-23 00:44:14.761 W/ProcStatsManager( 8440): No process com.android.inputmethod.latin/10069 for service com.android.inputmethod.latin.LatinIME
09-23 00:44:14.761 W/ProcStatsManager( 8440): No process com.qti.ltebc/10079 for service com.qualcomm.ltebc.LTERootService
09-23 00:44:14.761 W/ProcStatsManager( 8440): No process com.android.permissioncontroller/10092 for service com.android.permissioncontroller.permission.service.PermissionControllerServiceImpl
09-23 00:44:14.761 W/ProcStatsManager( 8440): No process com.qualcomm.qti.qms.service.trustzoneaccess/10052 for service com.qualcomm.qti.qms.service.trustzoneaccess.TZAccessService
09-23 00:44:14.761 W/ProcStatsManager( 8440): No process com.qualcomm.qtil.aptxui/10085 for service com.qualcomm.qtil.aptxui.aptxuiService
09-23 00:44:14.763 I/hwservicemanager( 513): getTransport: Cannot find entry android.hardware.dumpstate@1.1::IDumpstateDevice/default in either framework or device VINTF manifest.
09-23 00:44:14.763 I/hwservicemanager( 513): getTransport: Cannot find entry android.hardware.dumpstate@1.0::IDumpstateDevice/default in either framework or device VINTF manifest.
09-23 00:44:14.764 D/AbstractBtDlgCtr( 8440): Unable to get current config index. Current codec Config is null.
09-23 00:44:14.765 D/AbstractBtDlgCtr( 8440): Unable to get current config index. Current codec Config is null.
09-23 00:44:14.766 I/sysui_multi_action( 8440): [757,1729,758,4,854,isParalleledControllers:false,1089,87]
09-23 00:44:14.833 W/ListPreference( 8440): Setting a summary with a String formatting marker is no longer supported. You should use a SummaryProvider instead.
09-23 00:44:14.870 D/audio_hw_primary( 814): out_set_parameters: enter: usecase(1: low-latency-playback) kvpairs: suspend_playback=true
09-23 00:44:14.870 D/audio_hw_extn( 814): audio_extn_fm_set_parameters: Enter
09-23 00:44:15.154 I/mpu_uart( 651): [MSG-P:RECV]:No message received in 1000 ms
09-23 00:44:15.698 I/OMX-VENC: venc_dev( 1213): stats: avg. fps 61.00, bitrate 2839957
09-23 00:44:15.805 I/mpu_uart( 651): [MSG-P:R]:recv sync frame timeout
09-23 00:44:15.870 D/audio_hw_primary( 814): out_set_parameters: enter: usecase(1: low-latency-playback) kvpairs: suspend_playback=false
09-23 00:44:15.871 D/audio_hw_extn( 814): audio_extn_fm_set_parameters: Enter
09-23 00:44:15.871 W/audio_hw_primary( 814): out_write: underrun(162) frames_by_time(48231) > out->last_fifo_frames_remaining(384)
09-23 00:44:15.909 D/audio_hw_primary( 814): out_set_parameters: enter: usecase(1: low-latency-playback) kvpairs: suspend_playback=true
09-23 00:44:15.909 D/audio_hw_extn( 814): audio_extn_fm_set_parameters: Enter
09-23 00:44:16.154 I/mpu_uart( 651): [MSG-P:RECV]:No message received in 1000 ms
09-23 00:44:16.475 F/linker ( 9628): CANNOT LINK EXECUTABLE "/vendor/bin/hw/qvrservice": library "vendor.qti.hardware.qxr-V1-ndk_platform.so" not found: needed by /vendor/lib64/libqvrservice.so in namespace (default)
09-23 00:44:16.482 I/hwservicemanager( 513): getTransport: Cannot find entry android.hardware.light@2.0::ILight/default in either framework or device VINTF manifest.
09-23 00:44:16.484 E/light ( 9627): light_open lights keyboard failed: -22
09-23 00:44:16.484 E/light ( 9627): Light passthrough failed to load legacy HAL.
09-23 00:44:16.484 E/light ( 9627): light_open lights buttons failed: -22
09-23 00:44:16.484 E/light ( 9627): Light passthrough failed to load legacy HAL.
09-23 00:44:16.485 F/linker ( 9629): CANNOT LINK EXECUTABLE "/vendor/bin/hw/sxrservice": library "vendor.qti.hardware.qxr-V1-ndk_platform.so" not found: needed by main executable
09-23 00:44:16.487 E/light ( 9627): light_open lights bluetooth failed: -22
09-23 00:44:16.487 E/light ( 9627): Light passthrough failed to load legacy HAL.
09-23 00:44:16.487 E/light ( 9627): light_open lights wifi failed: -22
09-23 00:44:16.487 E/light ( 9627): Light passthrough failed to load legacy HAL.
09-23 00:44:16.488 I/hwservicemanager( 513): getTransport: Cannot find entry android.hardware.light@2.0::ILight/default in either framework or device VINTF manifest.
09-23 00:44:16.488 E/HidlServiceManagement( 9627): Service android.hardware.light@2.0::ILight/default must be in VINTF manifest in order to register/get.
09-23 00:44:16.488 E/LegacySupport( 9627): Could not register service android.hardware.light@2.0::ILight/default (-2147483648).
09-23 00:44:16.698 I/OMX-VENC: venc_dev( 1213): stats: avg. fps 58.98, bitrate 2299315
09-23 00:44:16.909 D/audio_hw_primary( 814): out_set_parameters: enter: usecase(1: low-latency-playback) kvpairs: suspend_playback=false
09-23 00:44:16.909 D/audio_hw_extn( 814): audio_extn_fm_set_parameters: Enter
09-23 00:44:16.910 W/audio_hw_primary( 814): out_write: underrun(163) frames_by_time(48081) > out->last_fifo_frames_remaining(384)
09-23 00:44:16.950 D/audio_hw_primary( 814): out_set_parameters: enter: usecase(1: low-latency-playback) kvpairs: suspend_playback=true
09-23 00:44:16.950 D/audio_hw_extn( 814): audio_extn_fm_set_parameters: Enter
09-23 00:44:17.155 I/mpu_uart( 651): [MSG-P:RECV]:No message received in 1000 ms
09-23 00:44:17.233 D/BluetoothA2dp( 8440): Proxy object connected
09-23 00:44:17.234 D/AbstractBtDlgCtr( 8440): Unable to get current codec config. No active device.
09-23 00:44:17.234 D/AbstractBtDlgCtr( 8440): Unable to get current config index. Current codec Config is null.
09-23 00:44:17.234 D/AbstractBtDlgCtr( 8440): Unable to get current codec config. No active device.
09-23 00:44:17.235 D/AbstractBtDlgCtr( 8440): Unable to get current codec config. No active device.
09-23 00:44:17.235 D/AbstractBtDlgCtr( 8440): Unable to get current config index. Current codec Config is null.
09-23 00:44:17.235 D/AbstractBtDlgCtr( 8440): Unable to get current codec config. No active device.
09-23 00:44:17.235 D/AbstractBtDlgCtr( 8440): Unable to get current codec config. No active device.
09-23 00:44:17.235 D/AbstractBtDlgCtr( 8440): Unable to get current config index. Current codec Config is null.
09-23 00:44:17.235 D/AbstractBtDlgCtr( 8440): Unable to get current codec config. No active device.
09-23 00:44:17.235 D/AbstractBtDlgCtr( 8440): Unable to get current codec config. No active device.
09-23 00:44:17.235 D/AbstractBtDlgCtr( 8440): Unable to get current config index. Current codec Config is null.
09-23 00:44:17.236 D/AbstractBtDlgCtr( 8440): Unable to get current codec config. No active device.
09-23 00:44:17.236 D/AbstractBtDlgCtr( 8440): Unable to get current codec config. No active device.
09-23 00:44:17.236 D/AbstractBtDlgCtr( 8440): Unable to get current codec config. No active device.
09-23 00:44:17.236 D/AbstractBtDlgCtr( 8440): Unable to get current config index. Current codec Config is null.
09-23 00:44:17.236 D/AbstractBtDlgCtr( 8440): Unable to get current codec config. No active device.
09-23 00:44:17.237 E/BtHDAudioCtr( 8440): Active device is null. To disable HD audio button
09-23 00:44:17.237 I/Choreographer( 8440): Skipped 147 frames! The application may be doing too much work on its main thread.
09-23 00:44:17.240 D/UsageGraph( 8440): No enabled state changed, skipping updateCategory call
09-23 00:44:17.245 D/UsageGraph( 8440): No enabled state changed, skipping updateCategory call
09-23 00:44:17.248 D/UsageGraph( 8440): No enabled state changed, skipping updateCategory call
09-23 00:44:17.251 D/UsageGraph( 8440): No enabled state changed, skipping updateCategory call
09-23 00:44:17.257 D/UsageGraph( 8440): No enabled state changed, skipping updateCategory call
09-23 00:44:17.260 D/UsageGraph( 8440): No enabled state changed, skipping updateCategory call
09-23 00:44:17.262 D/UsageGraph( 8440): No enabled state changed, skipping updateCategory call
09-23 00:44:17.265 D/UsageGraph( 8440): No enabled state changed, skipping updateCategory call
09-23 00:44:17.267 D/UsageGraph( 8440): No enabled state changed, skipping updateCategory call
09-23 00:44:17.270 D/UsageGraph( 8440): No enabled state changed, skipping updateCategory call
09-23 00:44:17.951 D/audio_hw_primary( 814): out_set_parameters: enter: usecase(1: low-latency-playback) kvpairs: suspend_playback=false
09-23 00:44:17.951 D/audio_hw_extn( 814): audio_extn_fm_set_parameters: Enter
09-23 00:44:17.951 D/audio_hw_primary( 814): out_standby: enter: stream (0xe7fc64c0) usecase(1: low-latency-playback)
09-23 00:44:17.968 D/audio_hw_primary( 814): disable_audio_route: reset and update mixer path: low-latency-playback
09-23 00:44:17.969 E/soundtrigger( 814): audio_extn_sound_trigger_update_stream_status: invalid input device 0x0, for event 2
09-23 00:44:17.969 D/soundtrigger( 814): audio_extn_sound_trigger_update_stream_status: uc_info->id 1 of type 0 for Event 2, with Raise=0
09-23 00:44:17.969 D/msm8974_platform( 814): platform_split_snd_device: snd_device(2) num devices(0) new_snd_devices(0)
09-23 00:44:17.969 I/msm8974_platform( 814): platform_get_custom_mtmx_params: no matching param with id 0 ip_ch 2 op_ch 2 uc_id 1 snd_dev 2
09-23 00:44:17.969 D/hardware_info( 814): hw_info_append_hw_type : device_name = speaker
09-23 00:44:17.969 D/audio_hw_primary( 814): disable_snd_device: snd_device(2: speaker)
09-23 00:44:17.969 D/msm8974_platform( 814): platform_split_snd_device: snd_device(2) num devices(0) new_snd_devices(0)
09-23 00:44:17.969 I/soundtrigger( 814): audio_extn_sound_trigger_update_device_status: device 0x2 of type 0 for Event 0, with Raise=0
09-23 00:44:17.969 D/audio_hw_primary( 814): out_standby: exit
09-23 00:44:18.155 I/mpu_uart( 651): [MSG-P:RECV]:No message received in 1000 ms
09-23 00:44:18.808 I/mpu_uart( 651): [MSG-P:R]:recv sync frame timeout
09-23 00:44:18.881 I/Choreographer( 8440): Skipped 97 frames! The application may be doing too much work on its main thread.
09-23 00:44:18.900 I/OpenGLRenderer( 8440): Davey! duration=9223363774754ms; Flags=0, FrameTimelineVsyncId=116496, IntendedVsync=8262099464343, Vsync=8264549464245, InputEventId=0, HandleInputStart=8264560466481, AnimationStart=8264560467470, PerformTraversalsStart=8264568706585, DrawStart=8266192534501, FrameDeadline=8262120797675, FrameInterval=8264560450595, FrameStartTime=16666666, SyncQueued=8266197829761, SyncStart=8266198334865, IssueDrawCommandsStart=8266202031428, SwapBuffers=8266208617209, FrameCompleted=9223372036854775807, DequeueBufferDuration=37605, QueueBufferDuration=1257813, GpuCompleted=9223372036854775807, SwapBuffersCompleted=8266210437834, DisplayPresentTime=0,
09-23 00:44:18.909 I/OMX-VENC: venc_dev( 1213): stats: avg. fps 15.83, bitrate 562220
09-23 00:44:18.917 I/OpenGLRenderer( 8440): Davey! duration=1647ms; Flags=0, FrameTimelineVsyncId=116792, IntendedVsync=8264572034382, Vsync=8266188700984, InputEventId=0, HandleInputStart=8266204612470, AnimationStart=8266204613720, PerformTraversalsStart=8266210474865, DrawStart=8266210575751, FrameDeadline=8264610034380, FrameInterval=8266204555230, FrameStartTime=16666666, SyncQueued=8266214506324, SyncStart=8266214900855, IssueDrawCommandsStart=8266216551636, SwapBuffers=8266219165855, FrameCompleted=8266220255282, DequeueBufferDuration=20052, QueueBufferDuration=763698, GpuCompleted=8266220196949, SwapBuffersCompleted=8266220255282, DisplayPresentTime=0,
09-23 00:44:19.155 I/mpu_uart( 651): [MSG-P:RECV]:No message received in 1000 ms