09-22 22:26:44.313 I/stream_devices_changed( 1471): [6,0,1]
09-22 22:26:44.349 I/am_wtf ( 1471): [0,1471,system_server,-1,LazyAlarmStore,Removed TIME_TICK alarm]
09-22 22:26:44.358 I/configuration_changed( 1471): 512
09-22 22:26:44.392 I/commit_sys_config_file( 1471): [package-session,0]
09-22 22:26:44.403 I/auditd ( 1471): type=1400 audit(0.0:202): avc: denied { read } for comm="android.display" name="u:object_r:vendor_wfd_sys_debug_prop:s0" dev="tmpfs" ino=1399 scontext=u:r:system_server:s0 tcontext=u:object_r:vendor_wfd_sys_debug_prop:s0 tclass=file permissive=0
09-22 22:26:44.403 I/auditd ( 1471): type=1400 audit(0.0:203): avc: denied { read } for comm="android.display" name="u:object_r:vendor_wfd_sys_debug_prop:s0" dev="tmpfs" ino=1399 scontext=u:r:system_server:s0 tcontext=u:object_r:vendor_wfd_sys_debug_prop:s0 tclass=file permissive=0
09-22 22:26:44.418 I/boot_progress_ams_ready( 1471): 11741
09-22 22:26:44.421 I/configuration_changed( 1471): 268435456
09-22 22:26:44.431 I/am_uid_running( 1471): 1002
09-22 22:26:44.435 I/auditd ( 936): type=1400 audit(0.0:204): avc: denied { read write } for comm="sensors.qti" name="diag" dev="tmpfs" ino=2196 scontext=u:r:vendor_sensors_qti:s0 tcontext=u:object_r:vendor_diag_device:s0 tclass=chr_file permissive=0
09-22 22:26:44.452 I/am_uid_running( 1471): 10081
09-22 22:26:44.484 I/commit_sys_config_file( 1471): [net-policy,1]
09-22 22:26:44.487 D/TelephonyRegistry( 1471): listen oscl: mHasNotifySubscriptionInfoChangedOccurred==false no callback
09-22 22:26:44.494 I/commit_sys_config_file( 1471): [notification-policy,2]
09-22 22:26:44.495 D/TelephonyRegistry( 1471): listen oscl: mHasNotifySubscriptionInfoChangedOccurred==false no callback
09-22 22:26:44.496 D/TelephonyRegistry( 1471): listen oscl: mHasNotifySubscriptionInfoChangedOccurred==false no callback
09-22 22:26:44.515 I/am_uid_running( 1471): 1037
09-22 22:26:44.521 I/am_proc_start( 1471): [0,1846,1002,com.android.bluetooth,service,{com.android.bluetooth/com.android.bluetooth.btservice.AdapterService}]
09-22 22:26:44.524 I/am_proc_start( 1471): [0,1849,10081,com.android.systemui,service,{com.android.systemui/com.android.systemui.ImageWallpaper}]
09-22 22:26:44.525 D/TelephonyRegistry( 1471): listen oscl: mHasNotifySubscriptionInfoChangedOccurred==false no callback
09-22 22:26:44.531 W/CarrierConfigManager( 1471): Error getting config for subId -1 ICarrierConfigLoader is null
09-22 22:26:44.535 I/am_proc_bound( 1471): [0,1846,com.android.bluetooth]
09-22 22:26:44.538 I/am_uid_active( 1471): 1002
09-22 22:26:44.543 I/am_proc_bound( 1471): [0,1849,com.android.systemui]
09-22 22:26:44.544 I/am_uid_active( 1471): 10081
09-22 22:26:44.551 I/am_uid_running( 1471): 1073
09-22 22:26:44.554 I/configuration_changed( 1471): 16384
09-22 22:26:44.556 I/netstats_mobile_sample( 1471): [0,0,0,0,0,0,0,0,0,0,0,0,1663856804556]
09-22 22:26:44.556 I/netstats_wifi_sample( 1471): [0,0,0,0,0,0,0,0,0,0,0,0,1663856804556]
09-22 22:26:44.556 D/TelephonyRegistry( 1471): systemRunning register for intents
09-22 22:26:44.557 I/ssm_user_starting( 1471): 0
09-22 22:26:44.565 I/netstats_mobile_sample( 1471): [0,0,0,0,0,0,0,0,0,0,0,0,1663856804565]
09-22 22:26:44.565 I/netstats_wifi_sample( 1471): [0,0,0,0,0,0,0,0,0,0,0,0,1663856804565]
09-22 22:26:44.570 I/am_uid_running( 1471): 1001
09-22 22:26:44.571 I/am_uid_running( 1471): 10050
09-22 22:26:44.571 I/am_uid_running( 1471): 10084
09-22 22:26:44.572 I/am_uid_running( 1471): 1068
09-22 22:26:44.572 I/netstats_mobile_sample( 1471): [0,0,0,0,0,0,0,0,0,0,0,0,1663856804572]
09-22 22:26:44.572 I/netstats_wifi_sample( 1471): [0,0,0,0,0,0,0,0,0,0,0,0,1663856804572]
09-22 22:26:44.572 I/am_uid_running( 1471): 10061
09-22 22:26:44.577 I/netstats_mobile_sample( 1471): [0,0,0,0,0,0,0,0,0,0,0,0,1663856804576]
09-22 22:26:44.577 I/netstats_wifi_sample( 1471): [0,0,0,0,0,0,0,0,0,0,0,0,1663856804576]
09-22 22:26:44.581 I/wm_task_created( 1471): [2,-1]
09-22 22:26:44.581 I/netstats_mobile_sample( 1471): [0,0,0,0,0,0,0,0,0,0,0,0,1663856804581]
09-22 22:26:44.581 I/netstats_wifi_sample( 1471): [0,0,0,0,0,0,0,0,0,0,0,0,1663856804581]
09-22 22:26:44.581 I/wm_task_moved( 1471): [2,1,2147483647]
09-22 22:26:44.582 I/wm_task_moved( 1471): [1,1,0]
09-22 22:26:44.582 I/wm_create_task( 1471): [0,2]
09-22 22:26:44.582 I/wm_create_activity( 1471): [0,144881249,2,com.android.settings/.FallbackHome,android.intent.action.MAIN,NULL,NULL,276824320]
09-22 22:26:44.582 I/wm_task_moved( 1471): [1,1,0]
09-22 22:26:44.582 I/wm_task_moved( 1471): [2,1,2147483647]
09-22 22:26:44.582 I/wm_task_to_front( 1471): [0,2]
09-22 22:26:44.584 I/netstats_mobile_sample( 1471): [0,0,0,0,0,0,0,0,0,0,0,0,1663856804584]
09-22 22:26:44.584 I/netstats_wifi_sample( 1471): [0,0,0,0,0,0,0,0,0,0,0,0,1663856804584]
09-22 22:26:44.592 I/netstats_mobile_sample( 1471): [0,0,0,0,0,0,0,0,0,0,0,0,1663856804592]
09-22 22:26:44.592 I/netstats_wifi_sample( 1471): [0,0,0,0,0,0,0,0,0,0,0,0,1663856804592]
09-22 22:26:44.595 I/netstats_mobile_sample( 1471): [0,0,0,0,0,0,0,0,0,0,0,0,1663856804595]
09-22 22:26:44.595 I/netstats_wifi_sample( 1471): [0,0,0,0,0,0,0,0,0,0,0,0,1663856804595]
09-22 22:26:44.602 I/netstats_mobile_sample( 1471): [0,0,0,0,0,0,0,0,0,0,0,0,1663856804602]
09-22 22:26:44.602 I/netstats_wifi_sample( 1471): [0,0,0,0,0,0,0,0,0,0,0,0,1663856804602]
09-22 22:26:44.605 I/netstats_mobile_sample( 1471): [0,0,0,0,0,0,0,0,0,0,0,0,1663856804605]
09-22 22:26:44.605 I/netstats_wifi_sample( 1471): [0,0,0,0,0,0,0,0,0,0,0,0,1663856804605]
09-22 22:26:44.608 I/netstats_mobile_sample( 1471): [0,0,0,0,0,0,0,0,0,0,0,0,1663856804608]
09-22 22:26:44.608 I/netstats_wifi_sample( 1471): [0,0,0,0,0,0,0,0,0,0,0,0,1663856804608]
09-22 22:26:44.610 I/netstats_mobile_sample( 1471): [0,0,0,0,0,0,0,0,0,0,0,0,1663856804610]
09-22 22:26:44.610 I/netstats_wifi_sample( 1471): [0,0,0,0,0,0,0,0,0,0,0,0,1663856804610]
09-22 22:26:44.612 I/netstats_mobile_sample( 1471): [0,0,0,0,0,0,0,0,0,0,0,0,1663856804612]
09-22 22:26:44.613 I/netstats_wifi_sample( 1471): [0,0,0,0,0,0,0,0,0,0,0,0,1663856804612]
09-22 22:26:44.619 I/netstats_mobile_sample( 1471): [0,0,0,0,0,0,0,0,0,0,0,0,1663856804619]
09-22 22:26:44.619 I/netstats_wifi_sample( 1471): [0,0,0,0,0,0,0,0,0,0,0,0,1663856804619]
09-22 22:26:44.621 I/netstats_mobile_sample( 1471): [0,0,0,0,0,0,0,0,0,0,0,0,1663856804621]
09-22 22:26:44.621 I/netstats_wifi_sample( 1471): [0,0,0,0,0,0,0,0,0,0,0,0,1663856804621]
09-22 22:26:44.622 D/TelephonyRegistry( 1471): listen oscl: mHasNotifySubscriptionInfoChangedOccurred==false no callback
09-22 22:26:44.626 I/uc_send_user_broadcast( 1471): [0,android.intent.action.USER_FOREGROUND]
09-22 22:26:44.626 I/uc_send_user_broadcast( 1471): [0,android.intent.action.USER_SWITCHED]
09-22 22:26:44.628 I/am_proc_start( 1471): [0,1907,1037,WebViewLoader-armeabi-v7a,NULL,]
09-22 22:26:44.628 I/am_proc_bound( 1471): [0,1907,WebViewLoader-armeabi-v7a]
09-22 22:26:44.629 I/am_uid_active( 1471): 1037
09-22 22:26:44.635 I/auditd ( 936): type=1400 audit(0.0:205): avc: denied { read write } for comm="sensors.qti" name="diag" dev="tmpfs" ino=2196 scontext=u:r:vendor_sensors_qti:s0 tcontext=u:object_r:vendor_diag_device:s0 tclass=chr_file permissive=0
09-22 22:26:44.636 I/am_proc_start( 1471): [0,1945,1037,WebViewLoader-arm64-v8a,NULL,]
09-22 22:26:44.644 I/notification_cancel_all( 1471): [1000,1471,android,0,0,0,20,NULL]
09-22 22:26:44.646 I/am_uid_running( 1471): 10094
09-22 22:26:44.647 I/am_proc_start( 1471): [0,1946,1073,com.android.networkstack.process,service,{com.android.networkstack/com.android.server.NetworkStackService}]
09-22 22:26:44.660 I/am_proc_start( 1471): [0,1954,1000,com.thundercomm.microservice,added application,com.thundercomm.microservice]
09-22 22:26:44.667 I/am_proc_bound( 1471): [0,1945,WebViewLoader-arm64-v8a]
09-22 22:26:44.676 I/wm_task_created( 1471): [3,-1]
09-22 22:26:44.677 I/am_proc_start( 1471): [0,1973,1000,com.thundercomm.microsettings,added application,com.thundercomm.microsettings]
09-22 22:26:44.677 I/am_proc_bound( 1471): [0,1946,com.android.networkstack.process]
09-22 22:26:44.679 I/wm_task_created( 1471): [4,-1]
09-22 22:26:44.680 I/am_uid_active( 1471): 1073
09-22 22:26:44.695 I/am_proc_start( 1471): [0,1993,1001,.dataservices,added application,.dataservices]
09-22 22:26:44.709 I/am_proc_bound( 1471): [0,1954,com.thundercomm.microservice]
09-22 22:26:44.712 I/am_proc_start( 1471): [0,2029,10050,.qtidataservices,added application,.qtidataservices]
09-22 22:26:44.719 I/am_proc_bound( 1471): [0,1973,com.thundercomm.microsettings]
09-22 22:26:44.724 I/am_proc_start( 1471): [0,2038,1000,vendor.qti.qesdk.sysservice,added application,vendor.qti.qesdk.sysservice]
09-22 22:26:44.726 I/wm_task_created( 1471): [5,-1]
09-22 22:26:44.730 I/commit_sys_config_file( 1471): [settings-0-0,13]
09-22 22:26:44.732 I/wm_task_created( 1471): [6,-1]
09-22 22:26:44.735 I/wm_task_created( 1471): [7,-1]
09-22 22:26:44.739 I/am_proc_start( 1471): [0,2060,10084,com.qti.qualcomm.mstatssystemservice,added application,com.qti.qualcomm.mstatssystemservice]
09-22 22:26:44.745 I/am_proc_bound( 1471): [0,1993,.dataservices]
09-22 22:26:44.751 I/service_manager_slow( 2038): [11,activity]
09-22 22:26:44.752 I/am_uid_active( 1471): 1001
09-22 22:26:44.755 I/am_proc_bound( 1471): [0,2038,vendor.qti.qesdk.sysservice]
09-22 22:26:44.760 I/am_proc_bound( 1471): [0,2060,com.qti.qualcomm.mstatssystemservice]
09-22 22:26:44.765 I/am_uid_active( 1471): 10084
09-22 22:26:44.768 I/am_proc_start( 1471): [0,2104,1068,com.android.se,added application,com.android.se]
09-22 22:26:44.771 I/am_proc_died( 1471): [0,1907,WebViewLoader-armeabi-v7a,-700,0]
09-22 22:26:44.783 I/am_low_memory( 1471): 10
09-22 22:26:44.784 I/am_proc_bound( 1471): [0,2029,.qtidataservices]
09-22 22:26:44.788 I/am_uid_active( 1471): 10050
09-22 22:26:44.789 I/am_proc_start( 1471): [0,2111,1000,com.thundercomm.remotecontrolservice,added application,com.thundercomm.remotecontrolservice]
09-22 22:26:44.810 I/service_manager_slow( 2104): [14,activity]
09-22 22:26:44.810 I/am_proc_bound( 1471): [0,2104,com.android.se]
09-22 22:26:44.813 I/am_uid_active( 1471): 1068
09-22 22:26:44.815 I/am_proc_bound( 1471): [0,2111,com.thundercomm.remotecontrolservice]
09-22 22:26:44.817 I/bt_config_source( 1846): 1
09-22 22:26:44.817 I/bt_config_source( 1846): 3
09-22 22:26:44.821 I/am_proc_start( 1471): [0,2166,10061,com.qualcomm.qti.devicestatisticsservice,added application,com.qualcomm.qti.devicestatisticsservice]
09-22 22:26:44.835 I/auditd ( 936): type=1400 audit(0.0:206): avc: denied { read write } for comm="sensors.qti" name="diag" dev="tmpfs" ino=2196 scontext=u:r:vendor_sensors_qti:s0 tcontext=u:object_r:vendor_diag_device:s0 tclass=chr_file permissive=0
09-22 22:26:44.854 I/am_proc_bound( 1471): [0,2166,com.qualcomm.qti.devicestatisticsservice]
09-22 22:26:44.858 I/am_uid_active( 1471): 10061
09-22 22:26:44.866 I/am_proc_start( 1471): [0,2204,1000,com.qualcomm.qti.qdma,added application,com.qualcomm.qti.qdma]
09-22 22:26:44.873 I/am_proc_start( 1471): [0,2211,1000,com.android.settings,top-activity,{com.android.settings/com.android.settings.FallbackHome}]
09-22 22:26:44.890 I/am_proc_start( 1471): [0,2221,10094,android.ext.services,service,{android.ext.services/android.ext.services.autofill.InlineSuggestionRenderServiceImpl}]
09-22 22:26:44.908 I/service_manager_slow( 1471): [13,notification]
09-22 22:26:44.909 I/service_manager_slow( 1946): [10,wifi]
09-22 22:26:44.915 I/am_proc_died( 1471): [0,1945,WebViewLoader-arm64-v8a,-700,0]
09-22 22:26:44.916 I/am_uid_stopped( 1471): 1037
09-22 22:26:44.917 I/am_low_memory( 1471): 13
09-22 22:26:44.918 I/am_proc_bound( 1471): [0,2204,com.qualcomm.qti.qdma]
09-22 22:26:44.930 I/am_proc_bound( 1471): [0,2211,com.android.settings]
09-22 22:26:44.933 I/wm_restart_activity( 1471): [0,144881249,2,com.android.settings/.FallbackHome]
09-22 22:26:44.934 I/wm_set_resumed_activity( 1471): [0,com.android.settings/.FallbackHome,minimalResumeActivityLocked]
09-22 22:26:44.957 I/am_proc_bound( 1471): [0,2221,android.ext.services]
09-22 22:26:44.959 I/am_uid_active( 1471): 10094
09-22 22:26:44.997 D/TelephonyRegistry( 1471): listen oscl: mHasNotifySubscriptionInfoChangedOccurred==false no callback
09-22 22:26:45.001 D/TelephonyRegistry( 1471): listen oscl: mHasNotifySubscriptionInfoChangedOccurred==false no callback
09-22 22:26:45.004 D/TelephonyRegistry( 1471): notifyCellLocationForSubscriber: subId=2147483647 cellIdentity=null
09-22 22:26:45.004 I/notification_enqueue( 1471): [1000,1471,android,32,NULL,-1,Notification(channel=USB shortcut=null contentView=null vibrate=null sound=null tick defaults=0x0 flags=0x2 color=0x00000000 vis=PUBLIC),0]
09-22 22:26:45.010 I/sysui_multi_action( 1471): [757,1501,758,1,793,142,794,0,795,142,796,32,806,android,857,USB,858,1,947,0,1500,0]
09-22 22:26:45.011 I/sysui_multi_action( 1471): [757,804,799,note_interruptive,801,0,802,1]
09-22 22:26:45.019 I/wm_on_create_called( 2211): [144881249,com.android.settings.FallbackHome,performCreate]
09-22 22:26:45.021 I/wm_on_start_called( 2211): [144881249,com.android.settings.FallbackHome,handleStartActivity]
09-22 22:26:45.023 I/wm_on_resume_called( 2211): [144881249,com.android.settings.FallbackHome,RESUME_ACTIVITY]
09-22 22:26:45.031 I/wm_on_top_resumed_gained_called( 2211): [144881249,com.android.settings.FallbackHome,topStateChangedWhenResumed]
09-22 22:26:45.035 I/input_focus( 1471): [Focus request 9a8aa08 com.android.settings/com.android.settings.FallbackHome,reason=UpdateInputWindows]
09-22 22:26:45.035 I/auditd ( 936): type=1400 audit(0.0:207): avc: denied { read write } for comm="sensors.qti" name="diag" dev="tmpfs" ino=2196 scontext=u:r:vendor_sensors_qti:s0 tcontext=u:object_r:vendor_diag_device:s0 tclass=chr_file permissive=0
09-22 22:26:45.060 I/am_uid_running( 1471): 10088
09-22 22:26:45.067 I/am_proc_start( 1471): [0,2350,10088,com.qualcomm.qti.qccauthmgr,content provider,{com.qualcomm.qti.qccauthmgr/com.qualcomm.qti.qccauthmgr.providers.SMQContentProvider}]
09-22 22:26:45.081 I/boot_progress_enable_screen( 1471): 12404
09-22 22:26:45.084 I/screen_toggled( 1471): 1
09-22 22:26:45.096 I/am_proc_bound( 1471): [0,2350,com.qualcomm.qti.qccauthmgr]
09-22 22:26:45.098 I/am_uid_active( 1471): 10088
09-22 22:26:45.103 I/notification_enqueue( 1471): [10081,1849,com.android.systemui,1,empty_media,0,Notification(channel=empty_media_style_id shortcut=null contentView=null vibrate=null sound=null defaults=0x0 flags=0x20 color=0x00000000 category=transport actions=3 vis=PRIVATE),0]
09-22 22:26:45.119 I/notification_cancel_all( 1471): [1000,1471,com.android.systemui,0,0,0,20,NULL]
09-22 22:26:45.145 I/am_uid_running( 1471): 10076
09-22 22:26:45.153 I/am_proc_start( 1471): [0,2388,10076,com.android.launcher3,service,{com.android.launcher3/com.android.quickstep.TouchInteractionService}]
09-22 22:26:45.184 I/am_proc_bound( 1471): [0,2388,com.android.launcher3]
09-22 22:26:45.187 I/am_uid_active( 1471): 10076
09-22 22:26:45.206 I/sysui_multi_action( 1849): [757,213,758,4,759,-1]
09-22 22:26:45.235 I/auditd ( 936): type=1400 audit(0.0:208): avc: denied { read write } for comm="sensors.qti" name="diag" dev="tmpfs" ino=2196 scontext=u:r:vendor_sensors_qti:s0 tcontext=u:object_r:vendor_diag_device:s0 tclass=chr_file permissive=0
09-22 22:26:45.241 W/CarrierConfigManager( 1849): Error getting config for subId -1 ICarrierConfigLoader is null
09-22 22:26:45.250 D/TelephonyRegistry( 1471): listen oscl: mHasNotifySubscriptionInfoChangedOccurred==false no callback
09-22 22:26:45.303 I/sysui_multi_action( 1471): [757,1501,758,1,793,200,794,0,795,200,796,1,797,empty_media,806,com.android.systemui,857,empty_media_style_id,858,4,947,0,1500,0,1641,transport,1688,1,1745,1043716538]
09-22 22:26:45.303 I/sysui_multi_action( 1471): [757,804,799,note_interruptive,801,0,802,1]
09-22 22:26:45.435 I/auditd ( 936): type=1400 audit(0.0:209): avc: denied { read write } for comm="sensors.qti" name="diag" dev="tmpfs" ino=2196 scontext=u:r:vendor_sensors_qti:s0 tcontext=u:object_r:vendor_diag_device:s0 tclass=chr_file permissive=0
09-22 22:26:45.635 I/auditd ( 936): type=1400 audit(0.0:210): avc: denied { read write } for comm="sensors.qti" name="diag" dev="tmpfs" ino=2196 scontext=u:r:vendor_sensors_qti:s0 tcontext=u:object_r:vendor_diag_device:s0 tclass=chr_file permissive=0
09-22 22:26:45.771 I/sysui_multi_action( 1849): [757,111,758,1]
09-22 22:26:45.771 I/sysui_multi_action( 1849): [757,126,758,1,759,126,927,0,928,0,1593,0]
09-22 22:26:45.771 I/sysui_multi_action( 1849): [757,113,758,1,759,113,927,1,928,0,1593,0]
09-22 22:26:45.771 I/sysui_multi_action( 1849): [757,0,758,1,759,0,927,2,928,0,1593,0]
09-22 22:26:45.771 I/sysui_multi_action( 1849): [757,0,758,1,759,0,927,3,928,0,1593,0]
09-22 22:26:45.771 I/sysui_multi_action( 1849): [757,1706,758,1,759,1706,927,4,928,0,1593,0]
09-22 22:26:45.772 I/sysui_multi_action( 1849): [757,491,758,1,759,491,927,5,928,0,1311,-1,1593,0]
09-22 22:26:45.772 I/sysui_multi_action( 1849): [757,0,758,1,759,0,927,6,928,0,1593,0]
09-22 22:26:45.772 I/sysui_multi_action( 1849): [757,111,758,1]
09-22 22:26:45.772 I/sysui_multi_action( 1849): [757,126,758,1,759,126,927,0,928,0,1593,0]
09-22 22:26:45.772 I/sysui_multi_action( 1849): [757,113,758,1,759,113,927,1,928,0,1593,0]
09-22 22:26:45.772 I/sysui_multi_action( 1849): [757,0,758,1,759,0,927,2,928,0,1593,0]
09-22 22:26:45.772 I/sysui_multi_action( 1849): [757,0,758,1,759,0,927,3,928,0,1593,0]
09-22 22:26:45.814 I/sf_stop_bootanim( 930): 13137
09-22 22:26:45.814 I/wm_boot_animation_done( 1471): 13137
09-22 22:26:45.819 I/input_focus( 1471): [Focus entering 9a8aa08 com.android.settings/com.android.settings.FallbackHome (server),reason=setFocusedWindow]
09-22 22:26:45.821 I/am_uid_running( 1471): 10069
09-22 22:26:45.831 I/am_proc_start( 1471): [0,2507,10069,com.android.inputmethod.latin,service,{com.android.inputmethod.latin/com.android.inputmethod.latin.LatinIME}]
09-22 22:26:45.844 I/uc_finish_user_boot( 1471): 0
09-22 22:26:45.844 I/am_user_state_changed( 1471): [0,1]
09-22 22:26:45.844 I/uc_send_user_broadcast( 1471): [0,android.intent.action.LOCKED_BOOT_COMPLETED]
09-22 22:26:45.871 I/auditd ( 2532): type=1400 audit(0.0:211): avc: denied { ptrace } for comm="crash_dump64" scontext=u:r:crash_dump:s0 tcontext=u:r:init:s0 tclass=process permissive=0
09-22 22:26:45.875 I/auditd ( 829): type=1400 audit(0.0:212): avc: denied { read } for comm="Loc_hal_worker" name="u:object_r:vendor_pd_locater_dbg_prop:s0" dev="tmpfs" ino=1363 scontext=u:r:vendor_hal_gnss_qti:s0 tcontext=u:object_r:vendor_pd_locater_dbg_prop:s0 tclass=file permissive=0
09-22 22:26:45.914 I/uc_finish_user_unlocking( 1471): 0
09-22 22:26:45.918 I/am_uid_running( 1471): 10066
09-22 22:26:45.923 I/am_proc_bound( 1471): [0,2507,com.android.inputmethod.latin]
09-22 22:26:45.925 I/am_uid_active( 1471): 10069
09-22 22:26:45.930 I/am_proc_start( 1471): [0,2544,10066,com.android.deskclock,broadcast,{com.android.deskclock/com.android.deskclock.AlarmInitReceiver}]
09-22 22:26:45.958 I/am_proc_bound( 1471): [0,2544,com.android.deskclock]
09-22 22:26:45.964 I/am_uid_active( 1471): 10066
09-22 22:26:46.000 I/commit_sys_config_file( 1471): [input-subtypes,1]
09-22 22:26:46.054 I/am_user_state_changed( 1471): [0,2]
09-22 22:26:46.055 I/ssm_user_unlocking( 1471): 0
09-22 22:26:46.065 I/notification_enqueue( 1471): [1000,1471,android,26,NULL,-1,Notification(channel=DEVELOPER_IMPORTANT shortcut=null contentView=null vibrate=null sound=null tick defaults=0x0 flags=0x2 color=0x00000000 vis=PUBLIC),0]
09-22 22:26:46.070 I/uc_finish_user_unlocked( 1471): 0
09-22 22:26:46.070 I/am_user_state_changed( 1471): [0,3]
09-22 22:26:46.072 I/wm_task_created( 1471): [27,-1]
09-22 22:26:46.072 I/wm_task_created( 1471): [28,-1]
09-22 22:26:46.077 I/wm_task_created( 1471): [32,-1]
09-22 22:26:46.082 I/am_uid_running( 1471): 10027
09-22 22:26:46.087 I/am_uid_running( 1471): 10056
09-22 22:26:46.088 I/am_uid_running( 1471): 10053
09-22 22:26:46.088 I/am_uid_running( 1471): 10072
09-22 22:26:46.089 I/am_uid_running( 1471): 10086
09-22 22:26:46.089 I/am_uid_running( 1471): 10082
09-22 22:26:46.091 I/am_uid_running( 1471): 10073
09-22 22:26:46.093 I/uc_send_user_broadcast( 1471): [0,android.intent.action.USER_UNLOCKED]
09-22 22:26:46.095 I/am_proc_start( 1471): [0,2623,10027,com.sohu.inputmethod.sogou.car,service,{com.sohu.inputmethod.sogou.car/com.sohu.inputmethod.sogou.car.CrossSogouIME}]
09-22 22:26:46.097 I/uc_finish_user_unlocked_completed( 1471): 0
09-22 22:26:46.098 I/ssm_user_unlocked( 1471): 0
09-22 22:26:46.104 I/am_proc_start( 1471): [0,2634,10056,ts.car.uart,added application,ts.car.uart]
09-22 22:26:46.106 I/wm_finish_activity( 1471): [0,144881249,2,com.android.settings/.FallbackHome,app-request]
09-22 22:26:46.112 I/wm_pause_activity( 1471): [0,144881249,com.android.settings/.FallbackHome,userLeaving=false,finish]
09-22 22:26:46.115 I/wm_on_top_resumed_lost_called( 2211): [144881249,com.android.settings.FallbackHome,topStateChangedWhenResumed]
09-22 22:26:46.116 I/sysui_multi_action( 1471): [757,1144,758,7,806,com.android.settings,871,com.android.settings.FallbackHome]
09-22 22:26:46.117 I/wm_on_paused_called( 2211): [144881249,com.android.settings.FallbackHome,performPause]
09-22 22:26:46.128 I/wm_task_created( 1471): [33,-1]
09-22 22:26:46.129 I/wm_task_moved( 1471): [33,1,2147483647]
09-22 22:26:46.130 I/wm_task_moved( 1471): [1,1,5]
09-22 22:26:46.131 I/wm_create_task( 1471): [0,33]
09-22 22:26:46.131 I/wm_create_activity( 1471): [0,226227664,33,com.android.launcher3/.uioverrides.QuickstepLauncher,android.intent.action.MAIN,NULL,NULL,268435712]
09-22 22:26:46.131 I/wm_task_moved( 1471): [1,1,5]
09-22 22:26:46.131 I/wm_task_moved( 1471): [33,1,2147483647]
09-22 22:26:46.131 I/wm_task_to_front( 1471): [0,33]
09-22 22:26:46.135 I/wm_restart_activity( 1471): [0,226227664,33,com.android.launcher3/.uioverrides.QuickstepLauncher]
09-22 22:26:46.135 I/wm_set_resumed_activity( 1471): [0,com.android.launcher3/.uioverrides.QuickstepLauncher,minimalResumeActivityLocked]
09-22 22:26:46.147 I/am_proc_start( 1471): [0,2654,10053,.pasr,added application,.pasr]
09-22 22:26:46.148 I/am_proc_bound( 1471): [0,2634,ts.car.uart]
09-22 22:26:46.150 I/am_uid_active( 1471): 10056
09-22 22:26:46.152 I/input_focus( 1471): [Focus leaving 9a8aa08 com.android.settings/com.android.settings.FallbackHome (server),reason=NO_WINDOW]
09-22 22:26:46.153 I/am_proc_bound( 1471): [0,2623,com.sohu.inputmethod.sogou.car]
09-22 22:26:46.155 I/am_uid_active( 1471): 10027
09-22 22:26:46.163 I/am_uid_running( 1471): 10093
09-22 22:26:46.177 I/am_proc_start( 1471): [0,2680,10072,com.qualcomm.qti.services.systemhelper:systemhelper_service,added application,com.qualcomm.qti.services.systemhelper:systemhelper_service]
09-22 22:26:46.181 I/uc_send_user_broadcast( 1471): [0,android.intent.action.BOOT_COMPLETED]
09-22 22:26:46.182 I/sysui_multi_action( 1471): [757,803,799,window_time_0,802,4]
09-22 22:26:46.199 I/auditd ( 2623): type=1400 audit(0.0:213): avc: denied { read } for comm="ethod.sogou.car" name="filesystems" dev="proc" ino=4026532313 scontext=u:r:priv_app:s0:c512,c768 tcontext=u:object_r:proc_filesystems:s0 tclass=file permissive=0 app=com.sohu.inputmethod.sogou.car
09-22 22:26:46.198 I/am_proc_bound( 1471): [0,2680,com.qualcomm.qti.services.systemhelper:systemhelper_service]
09-22 22:26:46.203 I/am_uid_active( 1471): 10072
09-22 22:26:46.204 I/am_proc_bound( 1471): [0,2654,.pasr]
09-22 22:26:46.208 I/am_uid_active( 1471): 10053
09-22 22:26:46.211 I/am_proc_start( 1471): [0,2704,10086,com.qualcomm.qti.qccnetstat,added application,com.qualcomm.qti.qccnetstat]
09-22 22:26:46.212 I/am_wtf ( 1471): [0,2623,com.sohu.inputmethod.sogou.car,948485701,SystemConfig,SystemConfig is being accessed by a process other than system_server.]
09-22 22:26:46.215 I/am_proc_bound( 1471): [0,2704,com.qualcomm.qti.qccnetstat]
09-22 22:26:46.227 I/am_uid_active( 1471): 10086
09-22 22:26:46.229 I/am_proc_start( 1471): [0,2729,10082,com.qualcomm.qti.workloadclassifier,added application,com.qualcomm.qti.workloadclassifier]
09-22 22:26:46.236 I/am_proc_start( 1471): [0,2734,10073,com.qualcomm.location,added application,com.qualcomm.location]
09-22 22:26:46.247 I/auditd ( 822): type=1400 audit(0.0:214): avc: denied { read write } for comm="bluetooth@1.0-s" name="diag" dev="tmpfs" ino=2196 scontext=u:r:hal_bluetooth_default:s0 tcontext=u:object_r:vendor_diag_device:s0 tclass=chr_file permissive=0
09-22 22:26:46.257 I/am_proc_start( 1471): [0,2776,1000,com.android.keychain,service,{com.android.keychain/com.android.keychain.KeyChainService}]
09-22 22:26:46.259 I/am_proc_bound( 1471): [0,2729,com.qualcomm.qti.workloadclassifier]
09-22 22:26:46.261 I/am_uid_active( 1471): 10082
09-22 22:26:46.266 I/sysui_multi_action( 1471): [757,1501,758,1,793,428,794,0,795,428,796,26,806,android,857,DEVELOPER_IMPORTANT,858,4,947,0,1500,0]
09-22 22:26:46.266 I/sysui_multi_action( 1471): [757,804,799,note_interruptive,801,0,802,1]
09-22 22:26:46.267 I/sysui_multi_action( 1471): [757,1501,758,1,793,429,794,0,795,429,796,26,806,android,857,DEVELOPER_IMPORTANT,858,4,947,0,1500,0,1688,1]
09-22 22:26:46.267 I/sysui_multi_action( 1471): [757,804,799,note_interruptive,801,0,802,1]
09-22 22:26:46.269 I/am_proc_start( 1471): [0,2785,10093,com.android.providers.media.module,service,{com.android.providers.media.module/com.android.providers.media.fuse.ExternalStorageServiceImpl}]
09-22 22:26:46.269 I/sysui_multi_action( 1471): [757,199,758,1,759,2,793,431,794,0,795,431,796,26,806,android,857,DEVELOPER_IMPORTANT,858,4,947,0,1500,2,1688,1]
09-22 22:26:46.270 I/notification_alert( 1471): [-1|android|26|null|1000,0,1,0]
09-22 22:26:46.274 I/am_proc_bound( 1471): [0,2734,com.qualcomm.location]
09-22 22:26:46.276 I/am_uid_active( 1471): 10073
09-22 22:26:46.305 I/am_proc_bound( 1471): [0,2785,com.android.providers.media.module]
09-22 22:26:46.308 I/am_uid_active( 1471): 10093
09-22 22:26:46.311 I/am_proc_bound( 1471): [0,2776,com.android.keychain]
09-22 22:26:46.350 D/TelephonyRegistry( 1471): listen oscl: mHasNotifySubscriptionInfoChangedOccurred==false no callback
09-22 22:26:46.373 I/am_uid_running( 1471): 10026
09-22 22:26:46.380 I/am_proc_start( 1471): [0,2853,10026,android.process.media,broadcast,{com.android.mtp/com.android.mtp.MtpReceiver}]
09-22 22:26:46.403 I/am_proc_bound( 1471): [0,2853,android.process.media]
09-22 22:26:46.444 I/am_uid_running( 1471): 10085
09-22 22:26:46.445 I/wm_on_create_called( 2388): [226227664,com.android.launcher3.uioverrides.QuickstepLauncher,performCreate]
09-22 22:26:46.446 I/wm_on_start_called( 2388): [226227664,com.android.launcher3.uioverrides.QuickstepLauncher,handleStartActivity]
09-22 22:26:46.447 I/wm_on_resume_called( 2388): [226227664,com.android.launcher3.uioverrides.QuickstepLauncher,RESUME_ACTIVITY]
09-22 22:26:46.450 I/am_uid_running( 1471): 10080
09-22 22:26:46.453 I/wm_on_top_resumed_gained_called( 2388): [226227664,com.android.launcher3.uioverrides.QuickstepLauncher,topStateChangedWhenResumed]
09-22 22:26:46.461 I/am_proc_start( 1471): [0,2910,10085,com.qualcomm.qtil.aptxui,broadcast,{com.qualcomm.qtil.aptxui/com.qualcomm.qtil.aptxui.aptxuiBootReceiver}]
09-22 22:26:46.468 D/TelephonyRegistry( 1471): listen oscl: mHasNotifySubscriptionInfoChangedOccurred==false no callback
09-22 22:26:46.475 I/am_proc_start( 1471): [0,2913,10080,com.qualcomm.location.XT,service,{com.qualcomm.location.XT/com.qualcomm.location.XT.XTSrv}]
09-22 22:26:46.491 I/input_focus( 1471): [Focus request 4ed4abc com.android.launcher3/com.android.launcher3.uioverrides.QuickstepLauncher,reason=UpdateInputWindows]
09-22 22:26:46.499 I/am_proc_bound( 1471): [0,2910,com.qualcomm.qtil.aptxui]
09-22 22:26:46.510 I/am_uid_active( 1471): 10085
09-22 22:26:46.512 I/am_proc_bound( 1471): [0,2913,com.qualcomm.location.XT]
09-22 22:26:46.515 I/auditd ( 2623): type=1400 audit(0.0:215): avc: denied { read } for comm="ethod.sogou.car" name="anr" dev="dm-10" ino=34 scontext=u:r:priv_app:s0:c512,c768 tcontext=u:object_r:anr_data_file:s0 tclass=dir permissive=0 app=com.sohu.inputmethod.sogou.car
09-22 22:26:46.519 I/am_uid_active( 1471): 10080
09-22 22:26:46.520 I/wm_destroy_activity( 1471): [0,144881249,2,com.android.settings/.FallbackHome,finish-idle]
09-22 22:26:46.521 I/notification_cancel_all( 1471): [1002,1846,com.android.bluetooth,0,0,64,9,NULL]
09-22 22:26:46.522 I/wm_on_stop_called( 2211): [144881249,com.android.settings.FallbackHome,LIFECYCLER_STOP_ACTIVITY]
09-22 22:26:46.523 I/am_uid_running( 1471): 10020
09-22 22:26:46.528 I/wm_on_destroy_called( 2211): [144881249,com.android.settings.FallbackHome,performDestroy]
09-22 22:26:46.536 I/input_focus( 1471): [Focus entering 4ed4abc com.android.launcher3/com.android.launcher3.uioverrides.QuickstepLauncher (server),reason=Window became focusable. Previous reason: NOT_VISIBLE]
09-22 22:26:46.538 I/sysui_multi_action( 1471): [319,414,322,413,325,13,757,761,758,8,759,2,806,com.android.launcher3,871,com.android.launcher3.uioverrides.QuickstepLauncher,905,0,1320,4,1321,1]
09-22 22:26:46.539 I/wm_activity_launch_time( 1471): [0,226227664,com.android.launcher3/.uioverrides.QuickstepLauncher,413]
09-22 22:26:46.546 I/am_proc_start( 1471): [0,2977,10020,android.process.acore,content provider,{com.android.providers.contacts/com.android.providers.contacts.ContactsProvider2}]
09-22 22:26:46.568 I/am_proc_bound( 1471): [0,2977,android.process.acore]
09-22 22:26:46.572 I/am_uid_active( 1471): 10020
09-22 22:26:46.612 I/sysui_multi_action( 1849): [757,803,799,note_peek,802,1]
09-22 22:26:46.625 I/sysui_multi_action( 1471): [757,127,758,1]
09-22 22:26:46.625 I/sysui_multi_action( 1471): [757,804,799,note_load,801,1,802,1]
09-22 22:26:46.625 I/notification_panel_revealed( 1471): 1
09-22 22:26:46.632 I/am_uid_running( 1471): 10031
09-22 22:26:46.646 I/sysui_heads_up_status( 1849): [-1|android|26|null|1000,1]
09-22 22:26:46.648 I/am_proc_start( 1471): [0,3093,10031,com.android.traceur,broadcast,{com.android.traceur/com.android.traceur.Receiver}]
09-22 22:26:46.670 I/am_proc_bound( 1471): [0,3093,com.android.traceur]
09-22 22:26:46.679 I/am_uid_active( 1471): 10031
09-22 22:26:46.819 I/wm_task_removed( 1471): [2,cleanUpResourcesForDestroy]
09-22 22:26:46.819 I/wm_task_removed( 1471): [2,removeChild:removeChild last r=ActivityRecord{8a2b661 u0 com.android.settings/.FallbackHome t-1 f}} in t=Task{d5da934 #2 type=home A=1000:com.android.settings.FallbackHome U=0 visible=false mode=fullscreen translucent=true sz=0}]
09-22 22:26:46.819 I/wm_task_removed( 1471): [2,removeChild]
09-22 22:26:46.863 I/am_crash( 1471): [2166,0,com.qualcomm.qti.devicestatisticsservice,814235213,java.lang.ClassNotFoundException,android.hidl.manager.V1_0.IServiceNotification$Stub,DeviceStatisticsService.java,83]
09-22 22:26:46.866 I/am_wtf ( 1471): [0,1471,system_server,-1,BootReceiver,open failed: ENOENT (No such file or directory)]
09-22 22:26:46.866 I/sysui_multi_action( 1471): [757,316,758,4,759,-1]
09-22 22:26:46.871 I/commit_sys_config_file( 1471): [log-files,1]
09-22 22:26:46.873 I/am_uid_active( 1471): 10026
09-22 22:26:46.879 I/am_proc_died( 1471): [0,2166,com.qualcomm.qti.devicestatisticsservice,-800,0]
09-22 22:26:46.880 I/am_schedule_service_restart( 1471): [0,com.qualcomm.qti.devicestatisticsservice/.DeviceStatisticsService,0]
09-22 22:26:46.880 I/am_uid_stopped( 1471): 10061
09-22 22:26:46.880 I/am_uid_running( 1471): 10061
09-22 22:26:46.881 I/am_uid_active( 1471): 10061
09-22 22:26:46.887 I/am_proc_start( 1471): [0,3172,10061,com.qualcomm.qti.devicestatisticsservice,restart,com.qualcomm.qti.devicestatisticsservice]
09-22 22:26:46.898 D/TelephonyRegistry( 1471): listen oscl: mHasNotifySubscriptionInfoChangedOccurred==false no callback
09-22 22:26:46.909 I/am_proc_start( 1471): [0,3191,1000,com.qti.diagservices,broadcast,{com.qti.diagservices/com.qti.diagservices.Diag_OnBoot}]
09-22 22:26:46.911 I/am_proc_bound( 1471): [0,3172,com.qualcomm.qti.devicestatisticsservice]
09-22 22:26:46.926 I/am_proc_bound( 1471): [0,3191,com.qti.diagservices]
09-22 22:26:46.973 I/am_uid_running( 1471): 10068
09-22 22:26:46.975 I/auditd ( 3191): type=1400 audit(0.0:216): avc: denied { read write } for comm="ti.diagservices" name="diag" dev="tmpfs" ino=2196 scontext=u:r:system_app:s0 tcontext=u:object_r:vendor_diag_device:s0 tclass=chr_file permissive=0
09-22 22:26:46.980 I/am_proc_start( 1471): [0,3214,10068,com.android.calendar,broadcast,{com.android.calendar/com.android.calendar.alerts.AlertReceiver}]
09-22 22:26:46.999 I/am_proc_bound( 1471): [0,3214,com.android.calendar]
09-22 22:26:47.003 I/am_uid_active( 1471): 10068
09-22 22:26:47.012 I/am_meminfo( 1471): [946655232,5098971136,12288,299376640,573662208]
09-22 22:26:47.019 I/am_pss ( 1471): [1846,1002,com.android.bluetooth,26562560,21049344,0,132935680,2,0,6]
09-22 22:26:47.024 I/am_pss ( 1471): [2350,10088,com.qualcomm.qti.qccauthmgr,6930432,4239360,0,95399936,2,5,5]
09-22 22:26:47.031 I/am_pss ( 1471): [2221,10094,android.ext.services,7899136,5074944,0,96538624,2,5,6]
09-22 22:26:47.039 I/am_pss ( 1471): [2204,1000,com.qualcomm.qti.qdma,10755072,6729728,0,105947136,2,0,6]
09-22 22:26:47.045 I/am_pss ( 1471): [2111,1000,com.thundercomm.remotecontrolservice,9955328,6938624,0,100388864,2,0,5]
09-22 22:26:47.050 I/am_pss ( 1471): [2104,1068,com.android.se,6486016,4067328,0,91934720,2,0,4]
09-22 22:26:47.055 I/am_pss ( 1471): [2029,10050,.qtidataservices,6673408,4284416,0,91750400,2,0,5]
09-22 22:26:47.061 I/am_pss ( 1471): [2060,10084,com.qti.qualcomm.mstatssystemservice,6087680,3751936,0,90042368,2,0,5]
09-22 22:26:47.066 I/am_pss ( 1471): [2038,1000,vendor.qti.qesdk.sysservice,6227968,3821568,0,90742784,2,0,4]
09-22 22:26:47.071 I/am_pss ( 1471): [1993,1001,.dataservices,8499200,5931008,0,94687232,2,0,5]
09-22 22:26:47.077 I/am_pss ( 1471): [1973,1000,com.thundercomm.microsettings,35473408,31416320,0,128253952,2,0,6]
09-22 22:26:47.082 I/am_pss ( 1471): [1954,1000,com.thundercomm.microservice,9310208,6877184,0,94662656,2,0,4]
09-22 22:26:47.093 I/am_pss ( 1471): [1946,1073,com.android.networkstack.process,10757120,7462912,0,104009728,2,0,5]
09-22 22:26:47.100 I/am_proc_start( 1471): [0,3249,1000,com.android.dynsystem,broadcast,{com.android.dynsystem/com.android.dynsystem.BootCompletedReceiver}]
09-22 22:26:47.111 I/am_pss ( 1471): [1471,1000,system,196383744,102375424,0,507785216,2,0,16]
09-22 22:26:47.119 I/am_proc_bound( 1471): [0,3249,com.android.dynsystem]
09-22 22:26:47.150 I/sysui_multi_action( 1471): [757,128,758,1,793,1312,794,0,795,1312,796,26,798,0,806,android,857,DEVELOPER_IMPORTANT,858,4,947,0,1395,2,1500,883,1688,1]
09-22 22:26:47.150 I/sysui_multi_action( 1471): [757,804,799,note_freshness,801,1312,802,1]
09-22 22:26:47.150 I/notification_visibility( 1471): [-1|android|26|null|1000,1,1312,1312,0,0]
09-22 22:26:47.170 I/am_proc_start( 1471): [0,3267,1000,com.android.dynsystem:dynsystem,service,{com.android.dynsystem/com.android.dynsystem.DynamicSystemInstallationService}]
09-22 22:26:47.204 I/am_proc_bound( 1471): [0,3267,com.android.dynsystem:dynsystem]
09-22 22:26:47.214 I/am_proc_died( 1471): [0,2507,com.android.inputmethod.latin,0,11]
09-22 22:26:47.214 I/am_broadcast_discard_app( 1471): [0,149358901,android.intent.action.BOOT_COMPLETED,15,ResolveInfo{687cbdd com.android.inputmethod.latin/.SystemBroadcastReceiver m=0x108000}]
09-22 22:26:47.215 I/am_uid_stopped( 1471): 10069
09-22 22:26:47.220 I/am_uid_running( 1471): 10034
09-22 22:26:47.227 I/am_proc_start( 1471): [0,3286,10034,com.android.managedprovisioning,broadcast,{com.android.managedprovisioning/com.android.managedprovisioning.BootReminder}]
09-22 22:26:47.245 I/am_proc_bound( 1471): [0,3286,com.android.managedprovisioning]
09-22 22:26:47.248 I/am_uid_active( 1471): 10034
09-22 22:26:47.336 I/am_uid_running( 1471): 10057
09-22 22:26:47.346 I/am_proc_start( 1471): [0,3310,10057,com.android.onetimeinitializer,broadcast,{com.android.onetimeinitializer/com.android.onetimeinitializer.OneTimeInitializerReceiver}]
09-22 22:26:47.365 I/am_proc_bound( 1471): [0,3310,com.android.onetimeinitializer]
09-22 22:26:47.371 I/am_uid_active( 1471): 10057
09-22 22:26:47.412 I/am_uid_running( 1471): 10022
09-22 22:26:47.422 I/am_proc_start( 1471): [0,3332,10022,com.android.packageinstaller,broadcast,{com.android.packageinstaller/com.android.packageinstaller.TemporaryFileManager}]
09-22 22:26:47.451 I/am_proc_bound( 1471): [0,3332,com.android.packageinstaller]
09-22 22:26:47.455 I/am_uid_active( 1471): 10022
09-22 22:26:47.471 I/auditd ( 3348): type=1400 audit(0.0:217): avc: denied { read } for comm="ip" name="rt_tables" dev="dm-10" ino=339 scontext=u:r:ethernet:s0 tcontext=u:object_r:net_data_file:s0 tclass=file permissive=0
09-22 22:26:47.475 I/auditd ( 2594): type=1400 audit(0.0:218): avc: denied { write } for comm="sh" name="ip_forward" dev="proc" ino=16174 scontext=u:r:ethernet:s0 tcontext=u:object_r:proc_net:s0 tclass=file permissive=0
09-22 22:26:47.475 I/auditd ( 2594): type=1400 audit(0.0:219): avc: denied { write } for comm="sh" name="ip_default_ttl" dev="proc" ino=25312 scontext=u:r:ethernet:s0 tcontext=u:object_r:proc_net:s0 tclass=file permissive=0
09-22 22:26:47.475 I/auditd ( 2594): type=1400 audit(0.0:220): avc: denied { write } for comm="sh" name="tcp_keepalive_probes" dev="proc" ino=25313 scontext=u:r:ethernet:s0 tcontext=u:object_r:proc_net:s0 tclass=file permissive=0
09-22 22:26:47.475 I/auditd ( 2594): type=1400 audit(0.0:221): avc: denied { write } for comm="sh" name="tcp_keepalive_intvl" dev="proc" ino=25314 scontext=u:r:ethernet:s0 tcontext=u:object_r:proc_net:s0 tclass=file permissive=0
09-22 22:26:47.486 I/service_manager_stats( 1471): [666,261,5002]
09-22 22:26:47.512 I/am_uid_running( 1471): 10092
09-22 22:26:47.526 I/am_proc_start( 1471): [0,3352,10092,com.android.permissioncontroller,broadcast,{com.android.permissioncontroller/com.android.permissioncontroller.permission.service.LocationAccessCheck$SetupPeriodicBackgroundLocationAccessCheck}]
09-22 22:26:47.549 I/am_proc_bound( 1471): [0,3352,com.android.permissioncontroller]
09-22 22:26:47.552 I/am_uid_active( 1471): 10092
09-22 22:26:47.670 I/am_uid_running( 1471): 10030
09-22 22:26:47.679 I/am_proc_start( 1471): [0,3370,10030,com.android.providers.calendar,broadcast,{com.android.providers.calendar/com.android.providers.calendar.CalendarReceiver}]
09-22 22:26:47.698 I/am_proc_bound( 1471): [0,3370,com.android.providers.calendar]
09-22 22:26:47.702 I/am_uid_active( 1471): 10030
09-22 22:26:47.790 I/am_uid_running( 1471): 2000
09-22 22:26:47.799 I/am_proc_start( 1471): [0,3397,2000,com.android.shell,broadcast,{com.android.shell/com.android.shell.HeapDumpReceiver}]
09-22 22:26:47.818 I/am_proc_bound( 1471): [0,3397,com.android.shell]
09-22 22:26:47.824 I/am_uid_active( 1471): 2000
09-22 22:26:47.882 I/am_proc_start( 1471): [0,3416,1001,com.android.phone,broadcast,{com.android.stk/com.android.stk.BootCompletedReceiver}]
09-22 22:26:47.899 I/am_proc_bound( 1471): [0,3416,com.android.phone]
09-22 22:26:47.959 D/CAT ( 3416): BootCompletedReceiver: [ACTION_BOOT_COMPLETED]
09-22 22:26:47.960 I/am_uid_running( 1471): 10079
09-22 22:26:47.960 D/CAT ( 3416): StkAppService: onCreate()+
09-22 22:26:47.961 D/CAT ( 3416): StkAppService: simCount: 1
09-22 22:26:47.961 D/CAT ( 3416): StkAppService: slotId: 0
09-22 22:26:47.962 D/CAT ( 3416): StkAppService: onStart sim id: 0, op: 5, *****
09-22 22:26:47.962 D/CAT ( 3416): StkAppService: mStkService is: -1
09-22 22:26:47.965 D/CAT ( 3416): StkAppService: onDestroy()
09-22 22:26:47.969 I/am_proc_start( 1471): [0,3438,10079,com.qti.ltebc,broadcast,{com.qti.ltebc/com.qualcomm.ltebc.LTEBroadcastBootReceiver}]
09-22 22:26:47.991 I/am_proc_bound( 1471): [0,3438,com.qti.ltebc]
09-22 22:26:47.994 I/am_uid_active( 1471): 10079
09-22 22:26:48.092 I/commit_sys_config_file( 1471): [jobs,4]
09-22 22:26:48.163 I/netstats_mobile_sample( 1471): [0,0,0,0,0,0,0,0,0,0,0,0,1663856808163]
09-22 22:26:48.163 I/netstats_wifi_sample( 1471): [0,0,0,0,0,0,0,0,0,0,0,0,1663856808163]
09-22 22:26:48.172 I/netstats_mobile_sample( 1471): [0,0,0,0,0,0,0,0,0,0,0,0,1663856808172]
09-22 22:26:48.172 I/netstats_wifi_sample( 1471): [0,0,0,0,0,0,0,0,0,0,0,0,1663856808172]
09-22 22:26:48.436 I/am_uid_running( 1471): 10055
09-22 22:26:48.441 I/am_proc_died( 1471): [0,3438,com.qti.ltebc,905,19]
09-22 22:26:48.442 I/am_uid_stopped( 1471): 10079
09-22 22:26:48.443 I/am_uid_active( 1471): 10055
09-22 22:26:48.448 I/am_proc_start( 1471): [0,3461,10055,com.qualcomm.qti.qms.service.connectionsecurity,broadcast,{com.qualcomm.qti.qms.service.connectionsecurity/com.qualcomm.qti.qms.service.connectionsecurity.ConnSecBroadcastReceiver}]
09-22 22:26:48.477 I/am_proc_bound( 1471): [0,3461,com.qualcomm.qti.qms.service.connectionsecurity]
09-22 22:26:48.565 I/am_uid_running( 1471): 10079
09-22 22:26:48.574 I/am_proc_start( 1471): [0,3479,10079,com.qti.ltebc,broadcast,{com.qti.ltebc/com.qualcomm.ltebc.LTEBroadcastReceiver}]
09-22 22:26:48.593 I/am_proc_bound( 1471): [0,3479,com.qti.ltebc]
09-22 22:26:48.597 I/am_uid_active( 1471): 10079
09-22 22:26:48.935 I/am_proc_died( 1471): [0,3479,com.qti.ltebc,0,11]
09-22 22:26:48.935 I/am_broadcast_discard_app( 1471): [0,108803000,android.intent.action.MEDIA_MOUNTED,2,ResolveInfo{7353f00 com.qti.ltebc/com.qualcomm.ltebc.LTEBroadcastReceiver m=0x208000}]
09-22 22:26:48.936 I/am_uid_stopped( 1471): 10079
09-22 22:26:48.938 I/am_uid_running( 1471): 10018
09-22 22:26:48.947 I/am_proc_start( 1471): [0,3502,10018,com.android.externalstorage,broadcast,{com.android.externalstorage/com.android.externalstorage.MountReceiver}]
09-22 22:26:48.974 I/am_proc_bound( 1471): [0,3502,com.android.externalstorage]
09-22 22:26:49.030 I/am_uid_running( 1471): 10079
09-22 22:26:49.053 I/am_proc_start( 1471): [0,3517,10079,com.qti.ltebc,broadcast,{com.qti.ltebc/com.qualcomm.ltebc.LTEBroadcastReceiver}]
09-22 22:26:49.088 I/am_proc_bound( 1471): [0,3517,com.qti.ltebc]
09-22 22:26:49.092 I/am_uid_active( 1471): 10079
09-22 22:26:49.182 I/backup_transport_lifecycle( 1471): [com.android.localtransport/.LocalTransportService,1]
09-22 22:26:49.200 I/am_proc_start( 1471): [0,3532,1000,com.android.localtransport,service,{com.android.localtransport/com.android.localtransport.LocalTransportService}]
09-22 22:26:49.238 I/am_proc_bound( 1471): [0,3532,com.android.localtransport]
09-22 22:26:49.281 I/backup_transport_connection( 1471): [com.android.localtransport/.LocalTransportService,1]
09-22 22:26:49.288 I/backup_transport_lifecycle( 1471): [com.android.localtransport/.LocalTransportService,0]
09-22 22:26:49.288 I/backup_transport_connection( 1471): [com.android.localtransport/.LocalTransportService,0]
09-22 22:26:49.422 I/am_proc_died( 1471): [0,3517,com.qti.ltebc,0,11]
09-22 22:26:49.422 I/am_broadcast_discard_app( 1471): [0,61723588,android.intent.action.MEDIA_MOUNTED,2,ResolveInfo{b5ecfa8 com.qti.ltebc/com.qualcomm.ltebc.LTEBroadcastReceiver m=0x208000}]
09-22 22:26:49.423 I/am_uid_stopped( 1471): 10079
09-22 22:26:50.101 I/sysui_multi_action( 1471): [757,1717,758,1,759,0]
09-22 22:26:50.101 I/sysui_multi_action( 1471): [757,1717,758,2,759,0]
09-22 22:26:50.102 I/sysui_multi_action( 1471): [757,1717,758,3,759,0]
09-22 22:26:52.325 I/sysui_heads_up_status( 1849): [-1|android|26|null|1000,0]
09-22 22:26:52.797 I/sysui_multi_action( 1471): [757,128,758,2,793,6959,794,5647,795,6959,796,26,798,0,806,android,857,DEVELOPER_IMPORTANT,858,4,947,0,1395,2,1500,6530,1688,1]
09-22 22:26:52.798 I/notification_visibility( 1471): [-1|android|26|null|1000,0,6959,6959,0,0]
09-22 22:26:52.802 I/sysui_multi_action( 1849): [757,111,758,2]
09-22 22:26:52.802 I/sysui_multi_action( 1849): [757,111,758,2]
09-22 22:26:52.803 I/notification_enqueue( 1471): [10081,1849,com.android.systemui,2048,NULL,0,Notification(channel=updateNotification shortcut=null contentView=null vibrate=null sound=null defaults=0x0 flags=0x0 color=0x00000000 vis=PRIVATE),0]
09-22 22:26:52.809 I/sysui_multi_action( 1471): [757,127,758,2]
09-22 22:26:52.809 I/notification_panel_hidden( 1471):
09-22 22:26:52.822 I/sysui_multi_action( 1849): [757,111,758,1]
09-22 22:26:52.822 I/sysui_multi_action( 1849): [757,126,758,1,759,126,927,0,928,0,1593,0]
09-22 22:26:52.822 I/sysui_multi_action( 1849): [757,113,758,1,759,113,927,1,928,0,1593,0]
09-22 22:26:52.822 I/sysui_multi_action( 1849): [757,0,758,1,759,0,927,2,928,0,1593,0]
09-22 22:26:52.822 I/sysui_multi_action( 1849): [757,0,758,1,759,0,927,3,928,0,1593,0]
09-22 22:26:52.823 I/sysui_multi_action( 1849): [757,1706,758,1,759,1706,927,4,928,0,1593,0]
09-22 22:26:52.823 I/sysui_multi_action( 1849): [757,491,758,1,759,491,927,5,928,0,1311,-1,1593,0]
09-22 22:26:52.823 I/sysui_multi_action( 1849): [757,0,758,1,759,0,927,6,928,0,1593,0]
09-22 22:26:52.823 I/sysui_multi_action( 1849): [757,111,758,1]
09-22 22:26:52.823 I/sysui_multi_action( 1849): [757,126,758,1,759,126,927,0,928,0,1593,0]
09-22 22:26:52.823 I/sysui_multi_action( 1849): [757,113,758,1,759,113,927,1,928,0,1593,0]
09-22 22:26:52.823 I/sysui_multi_action( 1849): [757,0,758,1,759,0,927,2,928,0,1593,0]
09-22 22:26:52.823 I/sysui_multi_action( 1849): [757,0,758,1,759,0,927,3,928,0,1593,0]
09-22 22:26:53.004 I/sysui_multi_action( 1471): [757,1501,758,1,793,205,794,0,795,205,796,2048,806,com.android.systemui,857,updateNotification,858,3,947,0,1500,0,1688,1]
09-22 22:26:53.005 I/sysui_multi_action( 1471): [757,804,799,note_interruptive,801,0,802,1]
09-22 22:26:53.006 I/sysui_multi_action( 1471): [757,1501,758,1,793,207,794,0,795,207,796,2048,806,com.android.systemui,857,updateNotification,858,3,947,0,1500,0,1688,1]
09-22 22:26:53.006 I/sysui_multi_action( 1471): [757,804,799,note_interruptive,801,0,802,1]
09-22 22:26:53.006 I/sysui_multi_action( 1471): [757,199,758,1,759,2,793,207,794,0,795,207,796,2048,806,com.android.systemui,857,updateNotification,858,3,947,0,1500,0,1688,1]
09-22 22:26:53.006 I/notification_alert( 1471): [0|com.android.systemui|2048|null|10081,0,1,0]
09-22 22:26:53.414 I/am_uid_running( 1471): 10079
09-22 22:26:53.483 I/commit_sys_config_file( 1471): [package-user-0,2]
09-22 22:26:53.484 I/commit_sys_config_file( 1471): [package,46]
09-22 22:26:53.484 I/am_proc_start( 1471): [0,3567,10079,com.qti.ltebc,broadcast,{com.qti.ltebc/com.qualcomm.ltebc.LTEBroadcastAlarmReceiver}]
09-22 22:26:53.485 I/am_proc_bound( 1471): [0,3567,com.qti.ltebc]
09-22 22:26:53.489 I/am_uid_active( 1471): 10079
09-22 22:26:53.828 I/am_uid_running( 1471): 10052
09-22 22:26:53.849 I/am_proc_start( 1471): [0,3596,10052,com.qualcomm.qti.qms.service.trustzoneaccess,service,{com.qualcomm.qti.qms.service.trustzoneaccess/com.qualcomm.qti.qms.service.trustzoneaccess.TZAccessService}]
09-22 22:26:53.881 I/am_proc_bound( 1471): [0,3596,com.qualcomm.qti.qms.service.trustzoneaccess]
09-22 22:26:53.998 I/am_proc_died( 1471): [0,3567,com.qti.ltebc,905,19]
09-22 22:26:53.999 I/am_uid_stopped( 1471): 10079
09-22 22:26:54.430 I/commit_sys_config_file( 1471): [appops,12]
09-22 22:26:56.569 I/am_pss ( 1471): [2388,10076,com.android.launcher3,80134144,68222976,0,203362304,0,2,16]
09-22 22:27:06.655 I/am_pss ( 1471): [2388,10076,com.android.launcher3,80195584,68284416,0,203423744,0,2,16]
09-22 22:27:06.663 I/am_pss ( 1471): [2544,10066,com.android.deskclock,9622528,6627328,0,102772736,0,19,7]
09-22 22:27:06.670 I/am_pss ( 1471): [2910,10085,com.qualcomm.qtil.aptxui,7386112,5619712,0,91693056,0,19,5]
09-22 22:27:06.676 I/am_pss ( 1471): [2913,10080,com.qualcomm.location.XT,6600704,4636672,0,94277632,0,6,5]
09-22 22:27:06.684 I/am_pss ( 1471): [2211,1000,com.android.settings,27073536,16179200,0,137003008,0,19,7]
09-22 22:27:06.689 I/am_pss ( 1471): [2776,1000,com.android.keychain,8329216,6475776,0,93687808,0,19,4]
09-22 22:27:06.694 I/am_pss ( 1471): [2623,10027,com.sohu.inputmethod.sogou.car,26265600,9166848,0,93777920,0,7,5]
09-22 22:27:06.699 I/am_pss ( 1471): [2221,10094,android.ext.services,9399296,5169152,0,104570880,0,5,5]
09-22 22:27:06.874 I/am_pss ( 1471): [3093,10031,com.android.traceur,10411008,8482816,0,97464320,0,19,11]
09-22 22:27:06.987 I/am_pss ( 1471): [3191,1000,com.qti.diagservices,6072320,3829760,0,94408704,0,10,10]
09-22 22:27:07.080 I/am_pss ( 1471): [3214,10068,com.android.calendar,6369280,4108288,0,92557312,0,19,10]
09-22 22:27:07.231 I/am_pss ( 1471): [3249,1000,com.android.dynsystem,5611520,3723264,0,90066944,0,19,9]
09-22 22:27:07.349 I/am_pss ( 1471): [3267,1000,com.android.dynsystem:dynsystem,5935104,3907584,0,91176960,0,19,9]
09-22 22:27:07.358 I/am_pss ( 1471): [3286,10034,com.android.managedprovisioning,9040896,7192576,0,94797824,0,19,9]
09-22 22:27:07.424 I/am_pss ( 1471): [3310,10057,com.android.onetimeinitializer,5367808,3526656,0,90984448,0,19,9]
09-22 22:27:07.673 I/am_pss ( 1471): [3352,10092,com.android.permissioncontroller,11770880,9748480,0,99737600,0,19,9]
09-22 22:27:07.683 I/am_pss ( 1471): [3332,10022,com.android.packageinstaller,7432192,5677056,0,91389952,0,19,8]
09-22 22:27:08.426 I/am_pss ( 1471): [3416,1001,com.android.phone,8033280,5873664,0,93753344,0,19,10]
09-22 22:27:08.436 I/am_pss ( 1471): [3397,2000,com.android.shell,6173696,4296704,0,92119040,0,19,9]
09-22 22:27:08.544 I/am_pss ( 1471): [3461,10055,com.qualcomm.qti.qms.service.connectionsecurity,18624512,4227072,0,77647872,0,19,9]
09-22 22:27:29.606 I/netstats_mobile_sample( 1471): [0,0,0,0,0,0,0,0,0,0,0,0,1663856849605]
09-22 22:27:29.606 I/netstats_wifi_sample( 1471): [0,0,0,0,0,0,0,0,0,0,0,0,1663856849605]
09-22 22:27:29.610 I/am_pss ( 1471): [2785,10093,com.android.providers.media.module,16788480,12529664,0,121348096,0,0,11]
09-22 22:27:29.620 I/am_pss ( 1471): [2913,10080,com.qualcomm.location.XT,6600704,4636672,0,94277632,0,6,8]
09-22 22:27:29.630 I/am_pss ( 1471): [1846,1002,com.android.bluetooth,28450816,21643264,0,141561856,0,0,10]
09-22 22:27:29.638 I/am_pss ( 1471): [2734,10073,com.qualcomm.location,10047488,7311360,0,102809600,0,0,7]
09-22 22:27:29.644 I/am_pss ( 1471): [2623,10027,com.sohu.inputmethod.sogou.car,26265600,9166848,0,93777920,0,7,6]
