09-23 00:43:45.599 D/PlatformConfig( 1213): getInt32 Config name: vidc_enc_log_in value: 0
09-23 00:43:45.599 D/PlatformConfig( 1213): getInstance: Enter
09-23 00:43:45.599 D/PlatformConfig( 1213): getInt32 Config name: vidc_enc_log_out value: 0
09-23 00:43:45.599 D/PlatformConfig( 1213): getInstance: Enter
09-23 00:43:45.599 D/PlatformConfig( 1213): getInt32 Config name: vidc_enc_csc_custom_matrix value: 0
09-23 00:43:45.599 D/PlatformConfig( 1213): getInstance: Enter
09-23 00:43:45.599 D/PlatformConfig( 1213): getInt32 Config name: vidc_enc_auto_blur_disable value: 0
09-23 00:43:45.599 D/PlatformConfig( 1213): getInstance: Enter
09-23 00:43:45.599 D/PlatformConfig( 1213): getInt32: Returning default
09-23 00:43:45.599 D/PlatformConfig( 1213): getInstance: Enter
09-23 00:43:45.599 D/PlatformConfig( 1213): getInt32 Config name: vidc_enc_linear_color_format value: 0
09-23 00:43:45.599 D/PlatformConfig( 1213): getInstance: Enter
09-23 00:43:45.599 D/PlatformConfig( 1213): getInt32 Config name: vidc_enc_bitrate_savings_enable value: 3
09-23 00:43:45.599 D/PlatformConfig( 1213): getInstance: Enter
09-23 00:43:45.599 D/PlatformConfig( 1213): getInt32 Config name: vidc_enc_quality_boost_enable value: 1
09-23 00:43:45.600 I/OMX-VENC( 1213): Component_init : OMX.qcom.video.encoder.avc : return = 0x0
09-23 00:43:45.601 I/MediaCodec( 1204): MediaCodec will operate in async mode
09-23 00:43:45.609 E/SELinux ( 512): avc: denied { find } for pid=1204 uid=1013 name=package_native scontext=u:r:mediaserver:s0 tcontext=u:object_r:package_native_service:s0 tclass=service_manager permissive=0
09-23 00:43:45.609 I/auditd ( 512): avc: denied { find } for pid=1204 uid=1013 name=package_native scontext=u:r:mediaserver:s0 tcontext=u:object_r:package_native_service:s0 tclass=service_manager permissive=0
09-23 00:43:45.609 E/SELinux ( 512): avc: denied { find } for pid=1204 uid=1013 name=package_native scontext=u:r:mediaserver:s0 tcontext=u:object_r:package_native_service:s0 tclass=service_manager permissive=0
09-23 00:43:45.609 I/auditd ( 512): avc: denied { find } for pid=1204 uid=1013 name=package_native scontext=u:r:mediaserver:s0 tcontext=u:object_r:package_native_service:s0 tclass=service_manager permissive=0
09-23 00:43:45.610 D/CodecSeeding( 1204): Seed: codec OMX.qcom.video.encoder.avc, mediatype video/avc, overrideable 1
09-23 00:43:45.610 D/CodecProperties( 1204): setTuningValue(vq-target-bpp,0)
09-23 00:43:45.610 D/CodecProperties( 1204): setTuningValue(vq-target-bpp-1080p,1.90)
09-23 00:43:45.610 D/CodecProperties( 1204): setTuningValue(vq-target-bpp-720p,2.25)
09-23 00:43:45.610 D/CodecProperties( 1204): setTuningValue(vq-target-bpp-540p,2.65)
09-23 00:43:45.610 D/CodecProperties( 1204): setTuningValue(vq-target-bpp-480p,3.00)
09-23 00:43:45.610 D/CodecProperties( 1204): setTuningValue(vq-target-bpp-320x240,0)
09-23 00:43:45.610 D/CodecProperties( 1204): setTuningValue(vq-target-qpmax,-1)
09-23 00:43:45.610 D/CodecProperties( 1204): setTuningValue(vq-target-qpmax-1080p,45)
09-23 00:43:45.610 D/CodecProperties( 1204): setTuningValue(vq-target-qpmax-720p,43)
09-23 00:43:45.610 D/CodecProperties( 1204): setTuningValue(vq-target-qpmax-540p,42)
09-23 00:43:45.610 D/CodecProperties( 1204): setTuningValue(vq-target-qpmax-480p,38)
09-23 00:43:45.610 D/CodecProperties( 1204): setTuningValue(vq-bitrate-phaseout,1.75)
09-23 00:43:45.610 D/CodecProperties( 1204): setTuningValue(vq-boost-missing-qp,0.20)
09-23 00:43:45.610 D/CodecProperties( 1204): setFeatureValue(_vq_eligible.device,1)
09-23 00:43:45.610 D/CodecProperties( 1204): setFeatureValue(_quality.target,1)
09-23 00:43:45.610 D/CodecSeeding( 1204): Seed: codec OMX.qcom.video.encoder.avc, mediatype video/avc, overrideable 0
09-23 00:43:45.610 D/VQApply ( 1204): minquality: 2380x1020 outside of shaping range
09-23 00:43:45.610 D/MediaCodec( 1204): shapeMediaFormat: deltas(1): AMessage(what = 0x00000000) = {
09-23 00:43:45.610 D/MediaCodec( 1204): int32_t android._encoding-quality-level = 0
09-23 00:43:45.610 D/MediaCodec( 1204): }
09-23 00:43:45.611 I/OMX-VENC: venc_dev( 1213): Native recorder encode session 1
09-23 00:43:45.611 I/OMX-VENC( 1213): WARN: Enable/Disable allocate-native-handle allowed only in secure session
09-23 00:43:45.611 E/OMXNodeInstance( 1213): setParameter(0xf29cc1c4:qcom.encoder.avc, OMX.google.android.index.allocateNativeHandle(0x7f00005d): Input:0 en=0) ERROR: UnsupportedSetting(0x80001019)
09-23 00:43:45.611 I/OMX-VENC( 1213): WARN: Enable/Disable allocate-native-handle allowed only in secure session
09-23 00:43:45.611 E/OMXNodeInstance( 1213): setParameter(0xf29cc1c4:qcom.encoder.avc, OMX.google.android.index.allocateNativeHandle(0x7f00005d): Output:1 en=0) ERROR: UnsupportedSetting(0x80001019)
09-23 00:43:45.611 I/OMX-VENC( 1213): WARN: set_parameter: metamode is valid for input port only
09-23 00:43:45.611 W/OMXNodeInstance( 1213): [0xf29cc1c4:qcom.encoder.avc] component does not support metadata mode; using fallback
09-23 00:43:45.611 I/ExtendedACodec( 1204): setupVideoEncoder()
09-23 00:43:45.612 W/OMXUtils( 1204): do not know color format 0x7fa30c06 = 2141391878
09-23 00:43:45.612 W/OMXUtils( 1204): do not know color format 0x7fa30c04 = 2141391876
09-23 00:43:45.613 W/OMXUtils( 1204): do not know color format 0x7fa30c00 = 2141391872
09-23 00:43:45.613 W/OMXUtils( 1204): do not know color format 0x7fa30c09 = 2141391881
09-23 00:43:45.613 W/OMXUtils( 1204): do not know color format 0x7fa30c0a = 2141391882
09-23 00:43:45.614 W/OMXUtils( 1204): do not know color format 0x7fa30c08 = 2141391880
09-23 00:43:45.614 W/OMXUtils( 1204): do not know color format 0x7fa30c07 = 2141391879
09-23 00:43:45.614 W/OMXUtils( 1204): do not know color format 0x7f000789 = 2130708361
09-23 00:43:45.615 I/OMX-VENC: venc_dev( 1213): WARN: Unsupported eColorFormat 0x7f000789
09-23 00:43:45.616 I/OMX-VENC: venc_dev( 1213): v4l2 profile : 1 flags : 131095
09-23 00:43:45.616 I/OMX-VENC: venc_dev( 1213): v4l2 profile : 0 flags : 131095
09-23 00:43:45.616 I/OMX-VENC: venc_dev( 1213): v4l2 profile : 2 flags : 131095
09-23 00:43:45.616 I/OMX-VENC: venc_dev( 1213): v4l2 profile : 17 flags : 131095
09-23 00:43:45.616 I/OMX-VENC: venc_dev( 1213): v4l2 profile : 4 flags : 131095
09-23 00:43:45.616 I/ACodec ( 1204): setupAVCEncoderParameters with [profile: High] [level: Level3]
09-23 00:43:45.617 I/ACodec ( 1204): [OMX.qcom.video.encoder.avc] cannot encode HDR static metadata. Ignoring.
09-23 00:43:45.617 I/ACodec ( 1204): setupVideoEncoder succeeded
09-23 00:43:45.617 I/ExtendedACodec( 1204): [OMX.qcom.video.encoder.avc] configure, AMessage : AMessage(what = 'conf', target = 129) = {
09-23 00:43:45.617 I/ExtendedACodec( 1204): string mime = "video/avc"
09-23 00:43:45.617 I/ExtendedACodec( 1204): int32_t width = 2380
09-23 00:43:45.617 I/ExtendedACodec( 1204): int32_t height = 1020
09-23 00:43:45.617 I/ExtendedACodec( 1204): int32_t stride = 2380
09-23 00:43:45.617 I/ExtendedACodec( 1204): int32_t slice-height = 1020
09-23 00:43:45.617 I/ExtendedACodec( 1204): int32_t color-format = 2130708361
09-23 00:43:45.617 I/ExtendedACodec( 1204): int32_t bitrate = 29131200
09-23 00:43:45.617 I/ExtendedACodec( 1204): int32_t bitrate-mode = 1
09-23 00:43:45.617 I/ExtendedACodec( 1204): int32_t frame-rate = 60
09-23 00:43:45.617 I/ExtendedACodec( 1204): int32_t i-frame-interval = 1
09-23 00:43:45.617 I/ExtendedACodec( 1204): int32_t vendor.qti-ext-enc-info-native_recording.value = 1
09-23 00:43:45.617 I/ExtendedACodec( 1204): int32_t profile = 8
09-23 00:43:45.617 I/ExtendedACodec( 1204): int32_t level = 256
09-23 00:43:45.617 I/ExtendedACodec( 1204): int32_t priority = 0
09-23 00:43:45.617 I/ExtendedACodec( 1204): int32_t feature-nal-length-bitstream = 1
09-23 00:43:45.617 I/ExtendedACodec( 1204): int32_t nal-length-in-bytes = 4
09-23 00:43:45.617 I/ExtendedACodec( 1204): int32_t vendor.qti-ext-enc-nal-length-bs.num-bytes = 4
09-23 00:43:45.617 I/ExtendedACodec( 1204): int32_t isNativeRecorder = 1
09-23 00:43:45.617 I/ExtendedACodec( 1204): int32_t create-input-buffers-suspended = 1
09-23 00:43:45.617 I/ExtendedACodec( 1204): int32_t android._encoding-quality-level = 0
09-23 00:43:45.617 I/ExtendedACodec( 1204): int32_t flags = 3
09-23 00:43:45.617 I/ExtendedACodec( 1204): int32_t encoder = 1
09-23 00:43:45.617 I/ExtendedACodec( 1204): }
09-23 00:43:45.622 W/OMXUtils( 1204): do not know color format 0x7f000789 = 2130708361
09-23 00:43:45.623 E/OMX-VENC( 1213): ERROR: unsupported index 1870659589
09-23 00:43:45.623 E/OMXNodeInstance( 1213): getConfig(0xf29cc1c4:qcom.encoder.avc, ConfigLatency(0x6f800005)) ERROR: UnsupportedIndex(0x8000101a)
09-23 00:43:45.633 E/OMXNodeInstance( 1213): getConfig(0xf29cc1c4:qcom.encoder.avc, ??(0x7f000062)) ERROR: UnsupportedSetting(0x80001019)
09-23 00:43:45.634 I/OMX-VENC: venc_dev( 1213): venc_get_consumer_usage 0x10000000
09-23 00:43:45.634 D/GraphicBufferSource( 1213): setting dataspace: 0x104, acquired=0
09-23 00:43:45.634 I/OMX-VENC: venc_dev( 1213): venc_get_consumer_usage 0x10000000
09-23 00:43:45.634 D/GraphicBufferSource( 1213): requesting color aspects (R:2(Limited), P:1(BT709_5), M:1(BT709_5), T:3(SMPTE170M))
09-23 00:43:45.634 D/MediaCodec( 1204): keep callback message for reclaim
09-23 00:43:45.648 E/ion ( 1213): ioctl c0044901 failed with code -1: Inappropriate ioctl for device
09-23 00:43:45.654 W/ResourceManagerService( 1204): Ignoring request to add new resource entry with value <= 0
09-23 00:43:45.663 I/DisplayDeviceRepository( 1471): Display device added: DisplayDeviceInfo{"Recording Display": uniqueId="virtual:com.android.systemui,10081,Recording Display,0", 2380 x 1020, modeId 2, defaultModeId 2, supportedModes [{id=2, width=2380, height=1020, fps=60.0, alternativeRefreshRates=[]}], colorMode 0, supportedColorModes [0], hdrCapabilities null, allmSupported false, gameContentTypeSupported false, density 240, 240.0 x 240.0 dpi, appVsyncOff 0, presDeadline 16666666, touch NONE, rotation 0, type VIRTUAL, deviceProductInfo null, state ON, owner com.android.systemui (uid 10081), frameRateOverride , brightnessMinimum 0.0, brightnessMaximum 0.0, brightnessDefault 0.0, FLAG_PRIVATE, FLAG_PRESENTATION}
09-23 00:43:45.665 I/LogicalDisplayMapper( 1471): Applying layout: [{addr: {port=129, model=0x40446d3026322d}, dispId: 0(ON)}], Previous layout: [{addr: {port=129, model=0x40446d3026322d}, dispId: 0(ON)}]
09-23 00:43:45.666 I/LogicalDisplayMapper( 1471): Adding new display: 2: DisplayInfo{"Recording Display", displayId 2", displayGroupId -1, FLAG_PRIVATE, FLAG_PRESENTATION, real 2380 x 1020, largest app 2380 x 1020, smallest app 2380 x 1020, appVsyncOff 0, presDeadline 16666666, mode 2, defaultMode 2, modes [{id=2, width=2380, height=1020, fps=60.0, alternativeRefreshRates=[]}], hdrCapabilities null, userDisabledHdrTypes [], minimalPostProcessingSupported false, rotation 0, state ON, type VIRTUAL, uniqueId "virtual:com.android.systemui,10081,Recording Display,0", app 2380 x 1020, density 240 (240.0 x 240.0) dpi, layerStack 2, colorMode 0, supportedColorModes [0], deviceProductInfo null, owner com.android.systemui (uid 10081), removeMode 1, refreshRateOverride 0.0, brightnessMinimum 0.0, brightnessMaximum 0.0, brightnessDefault 0.0}
09-23 00:43:45.666 I/LogicalDisplayMapper( 1471): Setting new display group 0 for display 2, from previous group: null
09-23 00:43:45.667 W/DisplayPowerController[2]( 1471): Screen brightness nits configuration is unavailable; falling back
09-23 00:43:45.669 D/MPEG4Writer( 1204): fpathconf _PC_FILESIZEBITS:64
09-23 00:43:45.670 D/MPEG4Writer( 1204): MP4WtrCtrlHlpLooper Started
09-23 00:43:45.670 I/MPEG4Writer( 1204): limits: 5000000000/3600000000 bytes/us, bit rate: 29131200 bps and the estimated moov size 405120 bytes
09-23 00:43:45.672 I/MediaCodecSource( 1204): MediaCodecSource (video) starting
09-23 00:43:45.672 I/InputDispatcher( 1471): Created monitor PointerEventDispatcher2 for display 2, gesture=false, pid=1471
09-23 00:43:45.672 W/MediaCodec( 1204): mapFormat: no mediaType information
09-23 00:43:45.672 I/MediaCodecSource( 1204): MediaCodecSource (video) started
09-23 00:43:45.676 I/sysui_multi_action( 1471): [757,856,758,1,806,com.android.systemui,857,screen_record,858,3]
09-23 00:43:45.682 W/DisplayManagerService( 1471): Display DisplayDeviceInfo{"Recording Display": uniqueId="virtual:com.android.systemui,10081,Recording Display,0", 2380 x 1020, modeId 2, defaultModeId 2, supportedModes [{id=2, width=2380, height=1020, fps=60.0, alternativeRefreshRates=[]}], colorMode 0, supportedColorModes [0], hdrCapabilities null, allmSupported false, gameContentTypeSupported false, density 240, 240.0 x 240.0 dpi, appVsyncOff 0, presDeadline 16666666, touch NONE, rotation 0, type VIRTUAL, deviceProductInfo null, state ON, owner com.android.systemui (uid 10081), frameRateOverride , brightnessMinimum 0.0, brightnessMaximum 0.0, brightnessDefault 0.0, FLAG_PRIVATE, FLAG_PRESENTATION} does not support input device matching.
09-23 00:43:45.683 W/DisplayManagerService( 1471): Display DisplayDeviceInfo{"Recording Display": uniqueId="virtual:com.android.systemui,10081,Recording Display,0", 2380 x 1020, modeId 2, defaultModeId 2, supportedModes [{id=2, width=2380, height=1020, fps=60.0, alternativeRefreshRates=[]}], colorMode 0, supportedColorModes [0], hdrCapabilities null, allmSupported false, gameContentTypeSupported false, density 240, 240.0 x 240.0 dpi, appVsyncOff 0, presDeadline 16666666, touch NONE, rotation 0, type VIRTUAL, deviceProductInfo null, state ON, owner com.android.systemui (uid 10081), frameRateOverride , brightnessMinimum 0.0, brightnessMaximum 0.0, brightnessDefault 0.0, FLAG_PRIVATE, FLAG_PRESENTATION} does not support input device matching.
09-23 00:43:45.684 I/notification_enqueue( 1471): [10081,1849,com.android.systemui,4274,NULL,0,Notification(channel=screen_record shortcut=null contentView=null vibrate=null sound=null defaults=0x0 flags=0x42 color=0xffc5221f actions=1 vis=PRIVATE),0]
09-23 00:43:45.691 W/ImageReader_JNI( 1471): Unable to acquire a buffer item, very likely client tried to acquire more than maxImages buffers
09-23 00:43:45.719 D/QSTileHost( 1849): Recreating tiles
09-23 00:43:45.721 D/QSTileHost( 1849): Creating tile: cast
09-23 00:43:45.721 I/WindowManager( 1471): Override config changes=20005df8 {0.0 ?mcc?mnc ?localeList ?layoutDir sw680dp w1586dp h680dp 240dpi lrg long land ?uimode ?night -touch -keyb/v/h -nav/h winConfig={ mBounds=Rect(0, 0 - 2380, 1020) mAppBounds=Rect(0, 0 - 2380, 1020) mMaxBounds=Rect(0, 0 - 2380, 1020) mWindowingMode=fullscreen mDisplayWindowingMode=fullscreen mActivityType=undefined mAlwaysOnTop=undefined mRotation=ROTATION_0} ?fontWeightAdjustment} for displayId=2
09-23 00:43:45.722 I/sysui_multi_action( 1471): [757,1659,758,4,759,2,1660,2]
09-23 00:43:45.722 I/commit_sys_config_file( 1471): [settings-1-0,5]
09-23 00:43:45.723 W/DisplayManagerService( 1471): Display DisplayDeviceInfo{"Recording Display": uniqueId="virtual:com.android.systemui,10081,Recording Display,0", 2380 x 1020, modeId 2, defaultModeId 2, supportedModes [{id=2, width=2380, height=1020, fps=60.0, alternativeRefreshRates=[]}], colorMode 0, supportedColorModes [0], hdrCapabilities null, allmSupported false, gameContentTypeSupported false, density 240, 240.0 x 240.0 dpi, appVsyncOff 0, presDeadline 16666666, touch NONE, rotation 0, type VIRTUAL, deviceProductInfo null, state ON, owner com.android.systemui (uid 10081), frameRateOverride , brightnessMinimum 0.0, brightnessMaximum 0.0, brightnessDefault 0.0, FLAG_PRIVATE, FLAG_PRESENTATION} does not support input device matching.
09-23 00:43:45.730 I/WindowManager( 1471): Screen frozen for +47ms due to new-config
09-23 00:43:45.738 V/DisplayPowerController[2]( 1471): Brightness [0.0] reason changing to: 'manual', previous reason: '0'.
09-23 00:43:45.739 W/PowerManagerService( 1471): Screen on took 125476 ms
09-23 00:43:45.742 W/DisplayManagerService( 1471): Display DisplayDeviceInfo{"Recording Display": uniqueId="virtual:com.android.systemui,10081,Recording Display,0", 2380 x 1020, modeId 2, defaultModeId 2, supportedModes [{id=2, width=2380, height=1020, fps=60.0, alternativeRefreshRates=[]}], colorMode 0, supportedColorModes [0], hdrCapabilities null, allmSupported false, gameContentTypeSupported false, density 240, 240.0 x 240.0 dpi, appVsyncOff 0, presDeadline 16666666, touch NONE, rotation 0, type VIRTUAL, deviceProductInfo null, state ON, owner com.android.systemui (uid 10081), frameRateOverride , brightnessMinimum 0.0, brightnessMaximum 0.0, brightnessDefault 0.0, FLAG_PRIVATE, FLAG_PRESENTATION} does not support input device matching.
09-23 00:43:45.743 W/H2BGraphicBufferProducer( 930): getConsumerUsage is not fully supported
09-23 00:43:45.745 I/libdisplayconfigqti( 846): Register client name: Recording Display930 device client: 0xb400007b1175f830
09-23 00:43:45.745 I/CompositionEngine( 930): Display::setConfiguration: mDisplayExtnIntf: 0xb4000074f976dab0
09-23 00:43:45.753 I/hwservicemanager( 513): getTransport: Cannot find entry android.hardware.graphics.mapper@4.0::IMapper/default in either framework or device VINTF manifest.
09-23 00:43:45.754 I/Gralloc4( 1213): mapper 4.x is not supported
09-23 00:43:45.759 I/hwservicemanager( 513): getTransport: Cannot find entry android.hardware.graphics.allocator@4.0::IAllocator/default in either framework or device VINTF manifest.
09-23 00:43:45.760 W/Gralloc4( 1213): allocator 3.x is not supported
09-23 00:43:45.761 W/DisplayController( 1849): Skipping Display Configuration change on non-added display.
09-23 00:43:45.764 D/GraphicBufferSource( 1213): got buffer with new dataSpace #104
09-23 00:43:45.765 I/OMX-VENC( 1213): get_config (dataspace changed): ColorSpace: Recommend 601 for RGBA8888
09-23 00:43:45.765 W/C2DColorConvert( 1213): calcYSize: Format not supported , 6
09-23 00:43:45.765 D/OMXNodeInstance( 1213): Codec resolved it to (R:2(??), P:3(??), M:3(??), T:3(??)) err=0(NO_ERROR)
09-23 00:43:45.765 E/OMXNodeInstance( 1213): setConfig(0xf29cc1c4:qcom.encoder.avc, ??(0x7f000062)) ERROR: UnsupportedSetting(0x80001019)
09-23 00:43:45.770 D/ACodec ( 1204): dataspace changed to 0x10c10000 (R:2(Limited), P:3(BT601_6_625), M:3(BT601_6), T:3(SMPTE170M)) (R:2(Limited), S:2(BT601_625), T:3(SMPTE_170M))
09-23 00:43:45.772 I/mpu_uart( 651): [MSG-P:R]:recv sync frame timeout
09-23 00:43:45.784 W/AppOps ( 1471): Noting op not finished: uid 10081 pkg com.android.systemui code 24 startTime of in progress event=1663856804849
09-23 00:43:45.788 I/MPEG4Writer( 1204): setStartTimestampUs: 94092
09-23 00:43:45.788 I/MPEG4Writer( 1204): Earliest track starting time: 94092
09-23 00:43:45.803 D/audio_hw_primary( 814): out_set_parameters: enter: usecase(1: low-latency-playback) kvpairs: suspend_playback=false
09-23 00:43:45.803 D/audio_hw_extn( 814): audio_extn_fm_set_parameters: Enter
09-23 00:43:45.803 D/audio_hw_primary( 814): out_standby: enter: stream (0xe7fc64c0) usecase(1: low-latency-playback)
09-23 00:43:45.821 D/audio_hw_primary( 814): disable_audio_route: reset and update mixer path: low-latency-playback
09-23 00:43:45.822 E/soundtrigger( 814): audio_extn_sound_trigger_update_stream_status: invalid input device 0x0, for event 2
09-23 00:43:45.822 D/soundtrigger( 814): audio_extn_sound_trigger_update_stream_status: uc_info->id 1 of type 0 for Event 2, with Raise=0
09-23 00:43:45.822 D/msm8974_platform( 814): platform_split_snd_device: snd_device(2) num devices(0) new_snd_devices(0)
09-23 00:43:45.822 I/msm8974_platform( 814): platform_get_custom_mtmx_params: no matching param with id 0 ip_ch 2 op_ch 2 uc_id 1 snd_dev 2
09-23 00:43:45.822 D/hardware_info( 814): hw_info_append_hw_type : device_name = speaker
09-23 00:43:45.822 D/audio_hw_primary( 814): disable_snd_device: snd_device(2: speaker)
09-23 00:43:45.822 D/msm8974_platform( 814): platform_split_snd_device: snd_device(2) num devices(0) new_snd_devices(0)
09-23 00:43:45.822 I/soundtrigger( 814): audio_extn_sound_trigger_update_device_status: device 0x2 of type 0 for Event 0, with Raise=0
09-23 00:43:45.822 D/audio_hw_primary( 814): out_standby: exit
09-23 00:43:45.886 I/sysui_multi_action( 1471): [757,1501,758,1,793,204,794,0,795,204,796,4274,806,com.android.systemui,857,screen_record,858,3,947,0,1500,0,1688,1]
09-23 00:43:45.886 I/sysui_multi_action( 1471): [757,804,799,note_interruptive,801,0,802,1]
09-23 00:43:45.888 I/sysui_multi_action( 1471): [757,1501,758,1,793,207,794,0,795,207,796,4274,806,com.android.systemui,857,screen_record,858,3,947,0,1500,0,1688,1]
09-23 00:43:45.888 I/sysui_multi_action( 1471): [757,804,799,note_interruptive,801,0,802,1]
09-23 00:43:45.888 I/sysui_multi_action( 1471): [757,199,758,1,759,3,793,207,794,0,795,207,796,4274,806,com.android.systemui,857,screen_record,858,3,947,0,1500,0,1688,1]
09-23 00:43:45.888 I/notification_alert( 1471): [0|com.android.systemui|4274|null|10081,1,1,0]
09-23 00:43:45.894 W/NotificationHistory( 1471): Attempted to add notif for locked/gone/disabled user 0
09-23 00:43:45.894 D/Avrcp_ext( 1846): AudioManager Player: AudioPlaybackConfiguration piid:71 deviceId:0 type:android.media.SoundPool u/pid:1000/1471 state:idle attr:AudioAttributes: usage=USAGE_ASSISTANCE_SONIFICATION content=CONTENT_TYPE_SONIFICATION flags=0x800 tags= bundle=null sessionId:0
09-23 00:43:45.894 D/Avrcp_ext( 1846): AudioManager Player: AudioPlaybackConfiguration piid:231 deviceId:0 type:android.media.MediaPlayer u/pid:10081/1849 state:idle attr:AudioAttributes: usage=USAGE_NOTIFICATION content=CONTENT_TYPE_SONIFICATION flags=0x800 tags= bundle=null sessionId:0
09-23 00:43:45.894 D/Avrcp_ext( 1846): AudioManager Player: AudioPlaybackConfiguration piid:79 deviceId:0 type:android.media.SoundPool u/pid:10081/1849 state:idle attr:AudioAttributes: usage=USAGE_ASSISTANCE_SONIFICATION content=CONTENT_TYPE_SONIFICATION flags=0x800 tags= bundle=null sessionId:0
09-23 00:43:45.894 D/Avrcp_ext( 1846): AudioManager isPlaying: false, mAudioPlaybackIsActive = false
09-23 00:43:45.894 D/Avrcp_ext( 1846): AudioManager Reset Active Player
09-23 00:43:45.898 I/commit_sys_config_file( 1471): [settings-2-0,5]
09-23 00:43:45.898 W/MediaProvider( 2785): Failed to fetch original file descriptor
09-23 00:43:45.898 W/MediaProvider( 2785): java.io.IOException: stat failed: EACCES (Permission denied)
09-23 00:43:45.898 W/MediaProvider( 2785): at com.android.providers.media.MediaProvider.getFileFromFileDescriptor(MediaProvider.java:5794)
09-23 00:43:45.898 W/MediaProvider( 2785): at com.android.providers.media.MediaProvider.getOriginalMediaFormatFileDescriptor(MediaProvider.java:5711)
09-23 00:43:45.898 W/MediaProvider( 2785): at com.android.providers.media.MediaProvider.openTypedAssetFileCommon(MediaProvider.java:7134)
09-23 00:43:45.898 W/MediaProvider( 2785): at com.android.providers.media.MediaProvider.openTypedAssetFile(MediaProvider.java:7115)
09-23 00:43:45.898 W/MediaProvider( 2785): at android.content.ContentProvider$Transport.openTypedAssetFile(ContentProvider.java:548)
09-23 00:43:45.898 W/MediaProvider( 2785): at android.content.ContentProviderNative.onTransact(ContentProviderNative.java:327)
09-23 00:43:45.898 W/MediaProvider( 2785): at android.os.Binder.execTransactInternal(Binder.java:1184)
09-23 00:43:45.898 W/MediaProvider( 2785): at android.os.Binder.execTransact(Binder.java:1143)
09-23 00:43:45.898 W/MediaProvider( 2785): Caused by: android.system.ErrnoException: stat failed: EACCES (Permission denied)
09-23 00:43:45.898 W/MediaProvider( 2785): at libcore.io.Linux.stat(Native Method)
09-23 00:43:45.898 W/MediaProvider( 2785): at libcore.io.ForwardingOs.stat(ForwardingOs.java:853)
09-23 00:43:45.898 W/MediaProvider( 2785): at libcore.io.BlockGuardOs.stat(BlockGuardOs.java:420)
09-23 00:43:45.898 W/MediaProvider( 2785): at libcore.io.ForwardingOs.stat(ForwardingOs.java:853)
09-23 00:43:45.898 W/MediaProvider( 2785): at android.app.ActivityThread$AndroidOs.stat(ActivityThread.java:7780)
09-23 00:43:45.898 W/MediaProvider( 2785): at android.system.Os.stat(Os.java:919)
09-23 00:43:45.898 W/MediaProvider( 2785): at com.android.providers.media.MediaProvider.getFileFromFileDescriptor(MediaProvider.java:5788)
09-23 00:43:45.898 W/MediaProvider( 2785): ... 7 more
09-23 00:43:45.899 D/NuPlayerDriver( 1204): NuPlayerDriver(0xec3c1b90) created, clientPid(1849)
09-23 00:43:45.906 I/ExtendedNuUtils( 1204): printFileName fd(13) -> /data/system_de/0/ringtones/notification_sound_cache
09-23 00:43:45.909 D/GenericSource( 1204): FileSource remote
09-23 00:43:45.912 I/MMParserExtractor( 1199): Created(0xb400007b6c60d350)
09-23 00:43:45.912 E/MM_OSAL ( 1199): FileSource::FileSource
09-23 00:43:45.912 E/MM_OSAL ( 1199): FileSource::FileSource m_bEveryThingOK 1
09-23 00:43:45.913 D/InterruptionStateProvider( 1849): No bubble up: not allowed to bubble: 0|com.android.systemui|4274|null|10081
09-23 00:43:45.914 D/InterruptionStateProvider( 1849): No heads up: unimportant notification: 0|com.android.systemui|4274|null|10081
09-23 00:43:45.915 D/MediaBufferGroup( 1199): creating MemoryDealer
09-23 00:43:45.917 D/PeopleSpaceWidgetMgr( 1849): Sbn doesn't contain valid PeopleTileKey: null/0/com.android.systemui
09-23 00:43:45.922 I/MediaFocusControl( 1471): requestAudioFocus() from uid/pid 10081/1849 AA=USAGE_NOTIFICATION/CONTENT_TYPE_SONIFICATION clientId=android.media.AudioManager@a042cca callingPack=com.android.systemui req=3 flags=0x0 sdk=31
09-23 00:43:45.922 I/AudioService.FadeOutManager( 1471): unfadeOutUid() uid:10081
09-23 00:43:45.932 I/commit_sys_config_file( 1471): [notification-policy,8221440]
09-23 00:43:46.144 I/mpu_uart( 651): [MSG-P:RECV]:No message received in 1000 ms
09-23 00:43:46.395 D/vendor.qti.vibrator( 880): Vibrator on for timeoutMs: 350
09-23 00:43:46.395 D/vendor.qti.vibrator( 880): Starting on on another thread
09-23 00:43:46.424 D/Avrcp_ext( 1846): AudioManager Player: AudioPlaybackConfiguration piid:71 deviceId:0 type:android.media.SoundPool u/pid:1000/1471 state:idle attr:AudioAttributes: usage=USAGE_ASSISTANCE_SONIFICATION content=CONTENT_TYPE_SONIFICATION flags=0x800 tags= bundle=null sessionId:0
09-23 00:43:46.425 D/Avrcp_ext( 1846): AudioManager Player: AudioPlaybackConfiguration piid:231 deviceId:0 type:android.media.MediaPlayer u/pid:10081/1849 state:started attr:AudioAttributes: usage=USAGE_NOTIFICATION content=CONTENT_TYPE_SONIFICATION flags=0x800 tags= bundle=null sessionId:0
09-23 00:43:46.425 I/GenericSource( 1204): start
09-23 00:43:46.426 D/MediaRouter( 1849): onRestoreRoute() : route=RouteInfo{ name=平板电脑, description=null, status=null, category=RouteCategory{ name=系统 types=ROUTE_TYPE_LIVE_AUDIO ROUTE_TYPE_LIVE_VIDEO groupable=false }, supportedTypes=ROUTE_TYPE_LIVE_AUDIO ROUTE_TYPE_LIVE_VIDEO , presentationDisplay=Display id 2: DisplayInfo{"Recording Display", displayId 2", displayGroupId 0, FLAG_PRIVATE, FLAG_PRESENTATION, real 2380 x 1020, largest app 2380 x 2380, smallest app 1020 x 1020, appVsyncOff 0, presDeadline 16666666, mode 2, defaultMode 2, modes [{id=2, width=2380, height=1020, fps=60.0, alternativeRefreshRates=[]}], hdrCapabilities null, userDisabledHdrTypes [], minimalPostProcessingSupported false, rotation 0, state ON}, DisplayMetrics{density=1.5, width=2380, height=1020, scaledDensity=1.5, xdpi=240.0, ydpi=240.0}, isValid=true }
09-23 00:43:46.426 V/MediaRouter( 1849): Selecting route: RouteInfo{ name=平板电脑, description=null, status=null, category=RouteCategory{ name=系统 types=ROUTE_TYPE_LIVE_AUDIO ROUTE_TYPE_LIVE_VIDEO groupable=false }, supportedTypes=ROUTE_TYPE_LIVE_AUDIO ROUTE_TYPE_LIVE_VIDEO , presentationDisplay=Display id 2: DisplayInfo{"Recording Display", displayId 2", displayGroupId 0, FLAG_PRIVATE, FLAG_PRESENTATION, real 2380 x 1020, largest app 2380 x 2380, smallest app 1020 x 1020, appVsyncOff 0, presDeadline 16666666, mode 2, defaultMode 2, modes [{id=2, width=2380, height=1020, fps=60.0, alternativeRefreshRates=[]}], hdrCapabilities null, userDisabledHdrTypes [], minimalPostProcessingSupported false, rotation 0, state ON}, DisplayMetrics{density=1.5, width=2380, height=1020, scaledDensity=1.5, xdpi=240.0, ydpi=240.0}, isValid=true }
09-23 00:43:46.426 D/Avrcp_ext( 1846): AudioManager Player in started state: com.android.systemui
09-23 00:43:46.427 D/Avrcp_ext( 1846): AudioManager Active Player: com.android.systemui
09-23 00:43:46.427 W/Utils ( 1204): track of type 'audio/vorbis' does not publish channel mask, channel count 1
09-23 00:43:46.427 D/Avrcp_ext( 1846): AudioManager Player: AudioPlaybackConfiguration piid:79 deviceId:0 type:android.media.SoundPool u/pid:10081/1849 state:idle attr:AudioAttributes: usage=USAGE_ASSISTANCE_SONIFICATION content=CONTENT_TYPE_SONIFICATION flags=0x800 tags= bundle=null sessionId:0
09-23 00:43:46.427 D/Avrcp_ext( 1846): AudioManager isPlaying: true, mAudioPlaybackIsActive = false
09-23 00:43:46.432 W/Utils ( 1204): track of type 'audio/vorbis' does not publish channel mask, channel count 1
09-23 00:43:46.434 V/Avrcp_ext( 1846): updateCurrentMediaState: mMediaController: MediaController (com.android.systemui@4bcf3cb) null
09-23 00:43:46.434 W/Avrcp_ext( 1846): isMusicActive: false getBluetoothPlayState: 2 A2dp State: 11 mAudioPlaybackIsActive: true
09-23 00:43:46.434 D/Avrcp_ext( 1846): isMusicActive = false mAudioPlaybackIsActive = true player state = null
09-23 00:43:46.435 D/audio_hw_primary( 814): adev_get_parameters:is_hw_dec_session_available
09-23 00:43:46.435 D/audio_hw_spkr_prot( 814): fbsp_get_parameters: Speaker protection disabled
09-23 00:43:46.435 D/soundtrigger( 814): audio_extn_sound_trigger_get_parameters input string
09-23 00:43:46.435 D/soundtrigger( 814): extract_sm_handle input string param string
09-23 00:43:46.435 D/audio_hw_extn( 814): audio_extn_fm_get_parameters: Enter
09-23 00:43:46.435 D/audio_hw_extn( 814): audio_extn_get_parameters: returns
09-23 00:43:46.435 I/Avrcp_ext( 1846): Skipping update due to invalid playback state
09-23 00:43:46.435 D/audio_hw_primary( 814): adev_get_parameters: exit: returns -
09-23 00:43:46.435 V/Avrcp_ext( 1846): updatePlaybackState, state: null device: null
09-23 00:43:46.435 V/Avrcp_ext( 1846): Device: no name:
09-23 00:43:46.435 V/Avrcp_ext( 1846): Device: no name:
09-23 00:43:46.435 V/Avrcp_ext( 1846): Device: no name:
09-23 00:43:46.435 V/Avrcp_ext( 1846): Device: no name:
09-23 00:43:46.436 V/Avrcp_ext( 1846): Device: no name:
09-23 00:43:46.436 I/hash_map_utils( 919): system/bt/osi/src/hash_map_utils.cc:81 hash_map_utils_dump_string_keys_string_values: key: 'is_hw_dec_session_available' value: 'audio/vorbis'
09-23 00:43:46.436 V/Avrcp_ext( 1846): updatePlayerStateAndPosition, old=PlaybackState {state=2, position=-1, buffered position=0, speed=0.0, updated=14343, actions=0, custom actions=[], active item id=-1, error=null}, state=null
09-23 00:43:46.436 I/Avrcp_ext( 1846): updatePlayerStateAndPosition: device: state = null
09-23 00:43:46.438 D/CCodec ( 1204): allocate(c2.android.vorbis.decoder)
09-23 00:43:46.442 I/CCodec ( 1204): setting up 'default' as default (vendor) store
09-23 00:43:46.442 V/C2Store ( 1252): in init
09-23 00:43:46.442 V/C2Store ( 1252): loading dll
09-23 00:43:46.445 I/CCodec ( 1204): Created component [c2.android.vorbis.decoder]
09-23 00:43:46.446 D/CCodecConfig( 1204): read media type: audio/vorbis
09-23 00:43:46.448 D/ReflectedParamUpdater( 1204): extent() != 1 for single value type: algo.buffers.max-count.values
09-23 00:43:46.448 D/ReflectedParamUpdater( 1204): extent() != 1 for single value type: output.subscribed-indices.values
09-23 00:43:46.448 D/ReflectedParamUpdater( 1204): extent() != 1 for single value type: input.buffers.allocator-ids.values
09-23 00:43:46.448 D/ReflectedParamUpdater( 1204): extent() != 1 for single value type: output.buffers.allocator-ids.values
09-23 00:43:46.448 D/ReflectedParamUpdater( 1204): extent() != 1 for single value type: algo.buffers.allocator-ids.values
09-23 00:43:46.448 D/ReflectedParamUpdater( 1204): extent() != 1 for single value type: output.buffers.pool-ids.values
09-23 00:43:46.448 D/ReflectedParamUpdater( 1204): extent() != 1 for single value type: algo.buffers.pool-ids.values
09-23 00:43:46.450 I/CCodecConfig( 1204): query failed after returning 7 values (BAD_INDEX)
09-23 00:43:46.450 D/CCodecConfig( 1204): c2 config diff is Dict {
09-23 00:43:46.450 D/CCodecConfig( 1204): c2::u32 coded.bitrate.value = 64000
09-23 00:43:46.450 D/CCodecConfig( 1204): c2::u32 input.buffers.max-size.value = 32768
09-23 00:43:46.450 D/CCodecConfig( 1204): c2::u32 input.delay.value = 0
09-23 00:43:46.450 D/CCodecConfig( 1204): string input.media-type.value = "audio/vorbis"
09-23 00:43:46.450 D/CCodecConfig( 1204): string output.media-type.value = "audio/raw"
09-23 00:43:46.450 D/CCodecConfig( 1204): c2::u32 raw.channel-count.value = 1
09-23 00:43:46.450 D/CCodecConfig( 1204): c2::u32 raw.sample-rate.value = 48000
09-23 00:43:46.450 D/CCodecConfig( 1204): }
09-23 00:43:46.451 D/CCodec ( 1204): [c2.android.vorbis.decoder] buffers are bound to CCodec for this session
09-23 00:43:46.451 D/CCodecConfig( 1204): no c2 equivalents for durationUs
09-23 00:43:46.451 D/CCodecConfig( 1204): no c2 equivalents for csd-1
09-23 00:43:46.451 D/CCodecConfig( 1204): no c2 equivalents for language
09-23 00:43:46.451 I/hwservicemanager( 513): getTransport: Cannot find entry android.hardware.light@2.0::ILight/default in either framework or device VINTF manifest.
09-23 00:43:46.451 D/CCodecConfig( 1204): no c2 equivalents for file-format
09-23 00:43:46.452 D/CCodecConfig( 1204): no c2 equivalents for flags
09-23 00:43:46.452 D/CCodecConfig( 1204): config failed => CORRUPTED
09-23 00:43:46.452 D/CCodecConfig( 1204): c2 config diff is c2::u32 coded.bitrate.value = 70000
09-23 00:43:46.453 W/Codec2Client( 1204): query -- param skipped: index = 1107298332.
09-23 00:43:46.453 D/CCodec ( 1204): setup formats input: AMessage(what = 0x00000000) = {
09-23 00:43:46.453 D/CCodec ( 1204): int32_t bitrate = 70000
09-23 00:43:46.453 D/CCodec ( 1204): int32_t channel-count = 1
09-23 00:43:46.453 D/CCodec ( 1204): int32_t max-input-size = 65307
09-23 00:43:46.453 D/CCodec ( 1204): string mime = "audio/vorbis"
09-23 00:43:46.453 D/CCodec ( 1204): int32_t sample-rate = 48000
09-23 00:43:46.453 D/CCodec ( 1204): }
09-23 00:43:46.453 D/CCodec ( 1204): setup formats output: AMessage(what = 0x00000000) = {
09-23 00:43:46.453 D/CCodec ( 1204): int32_t channel-count = 1
09-23 00:43:46.453 D/CCodec ( 1204): string mime = "audio/raw"
09-23 00:43:46.453 D/CCodec ( 1204): int32_t sample-rate = 48000
09-23 00:43:46.453 D/CCodec ( 1204): int32_t android._config-pcm-encoding = 2
09-23 00:43:46.453 D/CCodec ( 1204): }
09-23 00:43:46.453 I/CCodecConfig( 1204): query failed after returning 7 values (BAD_INDEX)
09-23 00:43:46.454 E/light ( 9588): light_open lights keyboard failed: -22
09-23 00:43:46.454 E/light ( 9588): Light passthrough failed to load legacy HAL.
09-23 00:43:46.454 I/MediaCodec( 1204): MediaCodec will operate in async mode
09-23 00:43:46.454 D/MediaCodec( 1204): keep callback message for reclaim
09-23 00:43:46.454 E/light ( 9588): light_open lights buttons failed: -22
09-23 00:43:46.454 E/light ( 9588): Light passthrough failed to load legacy HAL.
09-23 00:43:46.455 W/Codec2Client( 1204): query -- param skipped: index = 1342179345.
09-23 00:43:46.455 W/Codec2Client( 1204): query -- param skipped: index = 2415921170.
09-23 00:43:46.456 E/light ( 9588): light_open lights bluetooth failed: -22
09-23 00:43:46.456 E/light ( 9588): Light passthrough failed to load legacy HAL.
09-23 00:43:46.456 E/light ( 9588): light_open lights wifi failed: -22
09-23 00:43:46.456 E/light ( 9588): Light passthrough failed to load legacy HAL.
09-23 00:43:46.456 D/BufferPoolAccessor2.0( 1252): bufferpool2 0xb4000075320576b8 : 0(0 size) total buffers - 0(0 size) used buffers - 94/97 (recycle/alloc) - 3/96 (fetch/transfer)
09-23 00:43:46.456 D/BufferPoolAccessor2.0( 1252): Destruction - bufferpool2 0xb4000075320576b8 cached: 0/0M, 0/0% in use; allocs: 97, 97% recycled; transfers: 96, 97% unfetched
09-23 00:43:46.457 D/CCodecBufferChannel( 1204): [c2.android.vorbis.decoder#162] Created input block pool with allocatorID 16 => poolID 35 - OK (0)
09-23 00:43:46.457 D/BufferPoolAccessor2.0( 1252): bufferpool2 0xb40000753204e508 : 0(0 size) total buffers - 0(0 size) used buffers - 93/97 (recycle/alloc) - 4/96 (fetch/transfer)
09-23 00:43:46.457 D/BufferPoolAccessor2.0( 1252): Destruction - bufferpool2 0xb40000753204e508 cached: 0/0M, 0/0% in use; allocs: 97, 96% recycled; transfers: 96, 96% unfetched
09-23 00:43:46.457 I/hwservicemanager( 513): getTransport: Cannot find entry android.hardware.light@2.0::ILight/default in either framework or device VINTF manifest.
09-23 00:43:46.457 E/HidlServiceManagement( 9588): Service android.hardware.light@2.0::ILight/default must be in VINTF manifest in order to register/get.
09-23 00:43:46.458 E/LegacySupport( 9588): Could not register service android.hardware.light@2.0::ILight/default (-2147483648).
09-23 00:43:46.458 D/BufferPoolAccessor2.0( 1204): bufferpool2 0xec040a48 : 0(0 size) total buffers - 0(0 size) used buffers - 94/102 (recycle/alloc) - 8/198 (fetch/transfer)
09-23 00:43:46.458 D/BufferPoolAccessor2.0( 1204): Destruction - bufferpool2 0xec040a48 cached: 0/0M, 0/0% in use; allocs: 102, 92% recycled; transfers: 198, 96% unfetched
09-23 00:43:46.458 D/BufferPoolAccessor2.0( 1204): bufferpool2 0xec040268 : 0(0 size) total buffers - 0(0 size) used buffers - 95/103 (recycle/alloc) - 8/198 (fetch/transfer)
09-23 00:43:46.458 D/BufferPoolAccessor2.0( 1204): Destruction - bufferpool2 0xec040268 cached: 0/0M, 0/0% in use; allocs: 103, 92% recycled; transfers: 198, 96% unfetched
09-23 00:43:46.458 I/CCodecBufferChannel( 1204): [c2.android.vorbis.decoder#162] Created output block pool with allocatorID 16 => poolID 44 - OK
09-23 00:43:46.458 D/CCodecBufferChannel( 1204): [c2.android.vorbis.decoder#162] Configured output block pool ids 44 => OK
09-23 00:43:46.458 D/CCodecBufferChannel( 1204): [c2.android.vorbis.decoder#162] start: updating output delay 0
09-23 00:43:46.459 I/CCodecBufferChannel( 1204): pipelineRoom(3) is <= numClientBuffers(3). Not signalling any more buffers to client
09-23 00:43:46.459 D/SimpleC2Component( 1252): Using output block pool with poolID 44 => got 44 - 0
09-23 00:43:46.460 F/linker ( 9592): CANNOT LINK EXECUTABLE "/vendor/bin/hw/qvrservice": library "vendor.qti.hardware.qxr-V1-ndk_platform.so" not found: needed by /vendor/lib64/libqvrservice.so in namespace (default)
09-23 00:43:46.460 I/CCodecBufferChannel( 1204): pipelineRoom(2) is <= numClientBuffers(2). Not signalling any more buffers to client
09-23 00:43:46.461 I/CCodecBufferChannel( 1204): pipelineRoom(1) is <= numClientBuffers(1). Not signalling any more buffers to client
09-23 00:43:46.462 F/linker ( 9593): CANNOT LINK EXECUTABLE "/vendor/bin/hw/sxrservice": library "vendor.qti.hardware.qxr-V1-ndk_platform.so" not found: needed by main executable
09-23 00:43:46.466 I/ExtendedNuUtils( 1204): Both src and dst missing for bit-width
09-23 00:43:46.466 I/ExtendedNuUtils( 1204): Overriding durationUs: with 64 bit src value 1728000
09-23 00:43:46.466 I/ExtendedNuUtils( 1204): Both src and dst missing for channel-mask
09-23 00:43:46.470 D/audio_hw_primary( 814): adev_get_parameters:vr_audio_mode_on
09-23 00:43:46.470 I/audio_hw_primary( 814): getting vr mode to 0
09-23 00:43:46.470 D/audio_hw_primary( 814): adev_get_parameters: exit: returns - vr_audio_mode_on=false
09-23 00:43:46.470 I/hash_map_utils( 919): system/bt/osi/src/hash_map_utils.cc:81 hash_map_utils_dump_string_keys_string_values: key: 'vr_audio_mode_on' value: ''
09-23 00:43:46.471 D/AudioFlinger( 919): Client defaulted notificationFrames to 12000 for frameCount 24000
09-23 00:43:46.472 D/AF::TrackHandle( 919): OpPlayAudio: track:74 usage:5 not muted
09-23 00:43:46.480 I/EffectsFactory( 814): EffectCreate() create_effect
09-23 00:43:46.482 E/volume_listener( 814): check_and_set_gain_dep_cal: Failed to set gain dep cal level
09-23 00:43:46.482 D/audio_hw_primary( 814): start_output_stream: enter: stream(0xe7fc64c0)usecase(1: low-latency-playback) devices(0x2) is_haptic_usecase(0)
09-23 00:43:46.482 E/ANDR-PERF-TARGET( 866): Error: Invalid logical cluster id 0
09-23 00:43:46.482 E/ANDR-PERF-REQUEST( 866): invalid request
09-23 00:43:46.482 E/ANDR-PERF-MPCTL( 866): invalid request, no optimizations performed
09-23 00:43:46.482 E/audio_hw_extn( 814): audio_extn_perf_lock_acquire: Failed to acquire perf lock, err: -1
09-23 00:43:46.483 D/audio_hw_primary( 814): select_devices for use case (low-latency-playback)
09-23 00:43:46.483 I/msm8974_platform( 814): platform_check_and_set_codec_backend_cfg:becf: afe: bitwidth 16, samplerate 48000 channels 2, backend_idx 0 usecase = 1 device (speaker)
09-23 00:43:46.483 D/msm8974_platform( 814): platform_split_snd_device: snd_device(2) num devices(1) new_snd_devices(0)
09-23 00:43:46.483 I/msm8974_platform( 814): platform_check_and_set_codec_backend_cfg: new_snd_devices[0] is 2
09-23 00:43:46.483 I/msm8974_platform( 814): platform_check_codec_backend_cfg:becf: afe: bitwidth 16, samplerate 48000 channels 2, backend_idx 0 usecase = 1 device (speaker)
09-23 00:43:46.484 D/audio_hw_extn( 814): audio_extn_enable_hifi_filter: mixer_value set 0
09-23 00:43:46.484 D/msm8974_platform( 814): platform_check_codec_backend_cfg:becf: updated afe: bitwidth 16, samplerate 48000 channels 2,backend_idx 0 usecase = 1 device (speaker)
09-23 00:43:46.484 D/msm8974_platform( 814): platform_check_codec_backend_cfg:becf: afe: playback on codec device not supporting native playback set default Sample Rate(48k)
09-23 00:43:46.484 I/msm8974_platform( 814): platform_check_codec_backend_cfg:becf: afe: Codec selected backend: 0 updated bit width: 16 and sample rate: 48000
09-23 00:43:46.484 D/audio_hw_primary( 814): check_usecases_codec_backend:becf: force routing 0
09-23 00:43:46.484 E/msm8974_platform( 814): platform_check_backends_match: Invalid snd_device =
09-23 00:43:46.484 D/audio_hw_primary( 814): check_usecases_codec_backend:becf: (78) check_usecases curr device: speaker, usecase device: backends match 0
09-23 00:43:46.484 D/audio_hw_primary( 814): check_usecases_codec_backend:becf: check_usecases num.of Usecases to switch 0
09-23 00:43:46.484 D/hardware_info( 814): hw_info_append_hw_type : device_name = speaker
09-23 00:43:46.484 D/msm8974_platform( 814): platform_split_snd_device: snd_device(2) num devices(0) new_snd_devices(0)
09-23 00:43:46.484 D/audio_hw_primary( 814): enable_snd_device: snd_device(2: speaker)
09-23 00:43:46.484 D/msm8974_platform( 814): platform_get_island_cfg_on_device:island cfg status on snd_device = (speaker 0)
09-23 00:43:46.484 I/soundtrigger( 814): audio_extn_sound_trigger_update_device_status: device 0x2 of type 0 for Event 1, with Raise=0
09-23 00:43:46.484 D/audio_route( 814): Apply path: speaker
09-23 00:43:46.484 I/audio_hw_utils( 814): audio_extn_utils_update_stream_output_app_type_cfg Allowing 24 and above bits playback on speaker ONLY at default sampling rate
09-23 00:43:46.484 E/soundtrigger( 814): audio_extn_sound_trigger_update_stream_status: invalid input device 0x0, for event 3
09-23 00:43:46.484 D/soundtrigger( 814): audio_extn_sound_trigger_update_stream_status: uc_info->id 1 of type 0 for Event 3, with Raise=0
09-23 00:43:46.484 D/audio_hw_utils( 814): audio_extn_utils_send_app_type_cfg: usecase->out_snd_device speaker
09-23 00:43:46.484 D/msm8974_platform( 814): platform_split_snd_device: snd_device(2) num devices(0) new_snd_devices(0)
09-23 00:43:46.484 D/audio_hw_utils( 814): audio_extn_btsco_get_sample_rate:Not a BT SCO device, need not update sampling rate
09-23 00:43:46.484 I/audio_hw_utils( 814): send_app_type_cfg_for_device PLAYBACK app_type 69937, acdb_dev_id 15, sample_rate 48000, snd_device_be_idx 179
09-23 00:43:46.485 D/msm8974_platform( 814): platform_split_snd_device: snd_device(2) num devices(1) new_snd_devices(0)
09-23 00:43:46.485 D/audio_hw_utils( 814): audio_extn_btsco_get_sample_rate:Not a BT SCO device, need not update sampling rate
09-23 00:43:46.485 D/ACDB-LOADER( 814): ACDB -> send_audio_cal, acdb_id = 15, path = 0, app id = 0x11131, sample rate = 48000, afe_sample_rate = 48000
09-23 00:43:46.485 D/ACDB-LOADER( 814): ACDB -> send_asm_topology
09-23 00:43:46.485 D/ACDB-LOADER( 814): ACDB -> ACDB_CMD_GET_AUDPROC_STREAM_TOPOLOGY_ID
09-23 00:43:46.485 D/ACDB-LOADER( 814): ACDB -> send_adm_topology
09-23 00:43:46.485 D/ACDB-LOADER( 814): ACDB -> ACDB_CMD_GET_AUDPROC_COMMON_TOPOLOGY_ID
09-23 00:43:46.485 D/ACDB-LOADER( 814): ACDB -> send_audtable
09-23 00:43:46.485 D/ACDB-LOADER( 814): ACDB -> ACDB_CMD_GET_AUDPROC_INSTANCE_COMMON_TABLE_SIZE
09-23 00:43:46.485 D/ACDB-LOADER( 814): ACDB -> ACDB_CMD_GET_AUDPROC_INSTANCE_COMMON_TABLE
09-23 00:43:46.485 D/ACDB-LOADER( 814): ACDB -> AUDIO_SET_AUDPROC_CAL cal_type[11] acdb_id[15] app_type[69937]
09-23 00:43:46.485 D/ACDB-LOADER( 814): ACDB -> send_audvoltable
09-23 00:43:46.485 D/ACDB-LOADER( 814): ACDB -> ACDB_CMD_GET_AUDPROC_INSTANCE_GAIN_DEP_STEP_TABLE_SIZE
09-23 00:43:46.485 D/ACDB-LOADER( 814): ACDB -> ACDB_CMD_GET_AUDPROC_INSTANCE_GAIN_DEP_STEP_TABLE, vol index 0
09-23 00:43:46.485 D/ACDB-LOADER( 814): ACDB -> AUDIO_SET_VOL_CAL cal type = 12
09-23 00:43:46.485 D/ACDB-LOADER( 814): ACDB -> ACDB_CMD_GET_AUDPROC_INSTANCE_STREAM_TABLE_SIZE
09-23 00:43:46.485 D/ACDB-LOADER( 814): ACDB -> send_audstrmtable
09-23 00:43:46.485 D/ACDB-LOADER( 814): ACDB -> ACDB_CMD_GET_AUDPROC_INSTANCE_STREAM_TABLE
09-23 00:43:46.485 D/ACDB-LOADER( 814): ACDB -> audstrm_cal->cal_type.cal_data.cal_size = 20
09-23 00:43:46.485 D/ACDB-LOADER( 814): ACDB -> send_afe_topology
09-23 00:43:46.485 D/ACDB-LOADER( 814): ACDB -> ACDB_CMD_GET_AFE_TOPOLOGY_ID
09-23 00:43:46.485 D/ACDB-LOADER( 814): ACDB -> GET_AFE_TOPOLOGY_ID for adcd_id 15, Topology Id 112fc
09-23 00:43:46.485 D/ACDB-LOADER( 814): ACDB -> send_afe_cal
09-23 00:43:46.485 D/ACDB-LOADER( 814): ACDB -> ACDB_CMD_GET_AFE_INSTANCE_COMMON_TABLE_SIZE
09-23 00:43:46.485 D/android.hardware.audio.service( 814): Failed to fetch the lookup information of the device 0000000F
09-23 00:43:46.485 D/ACDB-LOADER( 814): Error: ACDB_CMD_GET_AFE_INSTANCE_COMMON_TABLE_SIZE Returned = -19
09-23 00:43:46.485 D/ACDB-LOADER( 814): ACDB -> ACDB_CMD_GET_AFE_INSTANCE_COMMON_TABLE
09-23 00:43:46.485 D/android.hardware.audio.service( 814): Failed to fetch the lookup information of the device 0000000F
09-23 00:43:46.485 D/ACDB-LOADER( 814): Error: ACDB AFE returned = -19
09-23 00:43:46.485 D/ACDB-LOADER( 814): ACDB -> AUDIO_SET_AFE_CAL cal_type[16] acdb_id[15]
09-23 00:43:46.485 D/ACDB-LOADER( 814): ACDB -> send_hw_delay : acdb_id = 15 path = 0
09-23 00:43:46.485 D/ACDB-LOADER( 814): ACDB -> ACDB_AVSYNC_INFO: ACDB_CMD_GET_DEVICE_PROPERTY
09-23 00:43:46.485 D/msm8974_platform( 814): platform_split_snd_device: snd_device(2) num devices(0) new_snd_devices(0)
09-23 00:43:46.485 I/msm8974_platform( 814): platform_get_custom_mtmx_params: no matching param with id 0 ip_ch 2 op_ch 2 uc_id 1 snd_dev 2
09-23 00:43:46.485 D/audio_hw_primary( 814): enable_audio_route: apply mixer and update path: low-latency-playback
09-23 00:43:46.485 D/audio_route( 814): Apply path: low-latency-playback
09-23 00:43:46.485 D/Avrcp_ext( 1846): AudioManager Player: AudioPlaybackConfiguration piid:71 deviceId:0 type:android.media.SoundPool u/pid:1000/1471 state:idle attr:AudioAttributes: usage=USAGE_ASSISTANCE_SONIFICATION content=CONTENT_TYPE_SONIFICATION flags=0x800 tags= bundle=null sessionId:0
09-23 00:43:46.485 D/Avrcp_ext( 1846): AudioManager Player: AudioPlaybackConfiguration piid:231 deviceId:3 type:android.media.MediaPlayer u/pid:10081/1849 state:started attr:AudioAttributes: usage=USAGE_NOTIFICATION content=CONTENT_TYPE_SONIFICATION flags=0x800 tags= bundle=null sessionId:0
09-23 00:43:46.486 D/audio_hw_primary( 814): select_devices: done
09-23 00:43:46.487 D/Avrcp_ext( 1846): AudioManager Player in started state: com.android.systemui
09-23 00:43:46.487 D/Avrcp_ext( 1846): AudioManager Active Player: com.android.systemui
09-23 00:43:46.487 D/Avrcp_ext( 1846): AudioManager Player: AudioPlaybackConfiguration piid:79 deviceId:0 type:android.media.SoundPool u/pid:10081/1849 state:idle attr:AudioAttributes: usage=USAGE_ASSISTANCE_SONIFICATION content=CONTENT_TYPE_SONIFICATION flags=0x800 tags= bundle=null sessionId:0
09-23 00:43:46.487 D/Avrcp_ext( 1846): AudioManager isPlaying: true, mAudioPlaybackIsActive = true
09-23 00:43:46.511 D/msm8974_platform( 814): platform_set_channel_map mixer_ctl_name:Playback Channel Map9
09-23 00:43:46.511 D/msm8974_platform( 814): platform_set_channel_map: set mapping(1 2 0 0 0 0 0 0) for channel:2
09-23 00:43:46.512 E/audio_hw_extn( 814): audio_extn_perf_lock_release: Perf lock release error
09-23 00:43:46.512 D/audio_hw_primary( 814): start_output_stream: exit
09-23 00:43:46.512 D/audio_hw_primary( 814): out_write: retry previous failed cal level set
09-23 00:43:46.512 D/msm8974_platform( 814): platform_split_snd_device: snd_device(2) num devices(1) new_snd_devices(0)
09-23 00:43:46.512 D/ACDB-LOADER( 814): ACDB -> send_audvoltable
09-23 00:43:46.512 D/ACDB-LOADER( 814): ACDB -> ACDB_CMD_GET_AUDPROC_INSTANCE_GAIN_DEP_STEP_TABLE_SIZE
09-23 00:43:46.512 D/ACDB-LOADER( 814): ACDB -> ACDB_CMD_GET_AUDPROC_INSTANCE_GAIN_DEP_STEP_TABLE, vol index 5
09-23 00:43:46.512 D/ACDB-LOADER( 814): ACDB -> AUDIO_SET_VOL_CAL cal type = 40
09-23 00:43:46.523 D/msm8974_platform( 814): platform_split_snd_device: snd_device(2) num devices(1) new_snd_devices(0)
09-23 00:43:46.523 D/ACDB-LOADER( 814): ACDB -> send_audvoltable
09-23 00:43:46.523 D/ACDB-LOADER( 814): ACDB -> ACDB_CMD_GET_AUDPROC_INSTANCE_GAIN_DEP_STEP_TABLE_SIZE
09-23 00:43:46.523 D/ACDB-LOADER( 814): ACDB -> ACDB_CMD_GET_AUDPROC_INSTANCE_GAIN_DEP_STEP_TABLE, vol index 2
09-23 00:43:46.523 D/ACDB-LOADER( 814): ACDB -> AUDIO_SET_VOL_CAL cal type = 40
09-23 00:43:46.744 D/vendor.qti.vibrator( 880): QTI Vibrator off
09-23 00:43:46.745 D/vendor.qti.vibrator( 880): Notifying on complete
