--------- beginning of events
01-01 08:00:09.192 I/snet_event_log( 512): [121035042,-1,]
01-01 08:00:09.193 I/snet_event_log( 514): [121035042,-1,]
01-01 08:00:09.195 I/auditd ( 512): SELinux: Loaded service_contexts from:
01-01 08:00:09.195 I/auditd ( 512): /system/etc/selinux/plat_service_contexts
01-01 08:00:09.195 I/auditd ( 512): /system_ext/etc/selinux/system_ext_service_contexts
01-01 08:00:09.195 I/auditd ( 512): /product/etc/selinux/product_service_contexts
01-01 08:00:09.195 I/auditd ( 512): /vendor/etc/selinux/vendor_service_contexts
01-01 08:00:00.215 I/auditd ( 510): type=2000 audit(0.0:1): state=initialized audit_enabled=0 res=1
01-01 08:00:08.487 I/auditd ( 510): type=1403 audit(0.0:2): auid=4294967295 ses=4294967295 lsm=selinux res=1
01-01 08:00:08.487 I/auditd ( 510): type=1404 audit(0.0:3): enforcing=1 old_enforcing=0 auid=4294967295 ses=4294967295 enabled=1 old-enabled=1 lsm=selinux res=1
01-01 08:00:08.551 I/auditd ( 1): type=1107 audit(0.0:4): uid=0 auid=4294967295 ses=4294967295 subj=u:r:init:s0 msg='avc: denied { read } for property=persist.debug.trace pid=0 uid=0 gid=0 scontext=u:r:vendor_init:s0 tcontext=u:object_r:persist_debug_prop:s0 tclass=file permissive=0'
01-01 08:00:08.915 I/auditd ( 1): type=1400 audit(0.0:5): avc: denied { mounton } for comm="init" path="/sys/kernel/tracing" dev="tracefs" ino=1 scontext=u:r:init:s0 tcontext=u:object_r:debugfs_tracing_debug:s0 tclass=dir permissive=0
01-01 08:00:09.195 I/auditd ( 521): type=1400 audit(0.0:6): avc: denied { ptrace } for comm="crash_dump64" scontext=u:r:crash_dump:s0 tcontext=u:r:init:s0 tclass=process permissive=0
01-01 08:00:09.239 I/auditd ( 556): type=1400 audit(0.0:7): avc: denied { kill } for comm="e2fsck" capability=5 scontext=u:r:fsck:s0 tcontext=u:r:fsck:s0 tclass=capability permissive=0
01-01 08:00:09.247 I/auditd ( 564): type=1400 audit(0.0:8): avc: denied { read write } for comm="fsck_msdos" name="sde51" dev="tmpfs" ino=11449 scontext=u:r:fsck:s0 tcontext=u:object_r:block_device:s0 tclass=blk_file permissive=0
01-01 08:00:09.247 I/auditd ( 564): type=1400 audit(0.0:9): avc: denied { read } for comm="fsck_msdos" name="sde51" dev="tmpfs" ino=11449 scontext=u:r:fsck:s0 tcontext=u:object_r:block_device:s0 tclass=blk_file permissive=0
01-01 08:00:09.247 I/auditd ( 564): type=1400 audit(0.0:10): avc: denied { kill } for comm="fsck_msdos" capability=5 scontext=u:r:fsck:s0 tcontext=u:r:fsck:s0 tclass=capability permissive=0
01-01 08:00:10.315 I/auditd ( 615): type=1400 audit(0.0:11): avc: denied { kill } for comm="vdc" capability=5 scontext=u:r:vdc:s0 tcontext=u:r:vdc:s0 tclass=capability permissive=0
01-01 08:00:10.331 I/auditd ( 578): SELinux: Loaded keystore2_key_contexts from:
01-01 08:00:10.331 I/auditd ( 578): /system/etc/selinux/plat_keystore2_key_contexts
01-01 08:00:10.359 I/auditd ( 617): type=1400 audit(0.0:12): avc: denied { kill } for comm="fsck.f2fs" capability=5 scontext=u:r:fsck:s0 tcontext=u:r:fsck:s0 tclass=capability permissive=0
01-01 08:00:10.387 I/auditd ( 616): type=1400 audit(0.0:13): avc: denied { kill } for comm="vdc" capability=5 scontext=u:r:vdc:s0 tcontext=u:r:vdc:s0 tclass=capability permissive=0
01-01 08:00:10.324 I/auditd ( 1): type=1400 audit(0.0:14): avc: denied { getattr } for comm="init" path="/product/bin/init.qti.display.sh" dev="dm-7" ino=78 scontext=u:r:init:s0 tcontext=u:object_r:vendor_sys_qti_display_exec:s0 tclass=file permissive=0
01-01 08:00:10.363 I/liblog ( 659): 308
01-01 08:00:10.363 I/liblog ( 659): 1
01-01 08:00:10.365 I/liblog ( 659): 305
01-01 08:00:10.365 I/liblog ( 659): 1
01-01 08:00:10.368 I/liblog ( 659): 305
01-01 08:00:10.615 I/boot_progress_start( 672): 7809
01-01 08:00:10.787 I/auditd ( 844): type=1400 audit(0.0:15): avc: denied { read } for comm="vendor.qti.hard" name="u:object_r:vendor_cap_configstore_dbg_prop:s0" dev="tmpfs" ino=1307 scontext=u:r:vendor_hal_capabilityconfigstore_qti_default:s0 tcontext=u:object_r:vendor_cap_configstore_dbg_prop:s0 tclass=file permissive=0
01-01 08:00:10.891 I/auditd ( 7): type=1400 audit(0.0:16): avc: denied { create } for comm="kworker/u16:0" scontext=u:r:kernel:s0 tcontext=u:r:kernel:s0 tclass=qipcrtr_socket permissive=0
01-01 08:00:10.891 I/auditd ( 7): type=1400 audit(0.0:17): avc: denied { create } for comm="kworker/u16:0" scontext=u:r:kernel:s0 tcontext=u:r:kernel:s0 tclass=qipcrtr_socket permissive=0
01-01 08:00:10.891 I/auditd ( 7): type=1400 audit(0.0:18): avc: denied { create } for comm="kworker/u16:0" scontext=u:r:kernel:s0 tcontext=u:r:kernel:s0 tclass=qipcrtr_socket permissive=0
01-01 08:00:10.891 I/auditd ( 7): type=1400 audit(0.0:19): avc: denied { create } for comm="kworker/u16:0" scontext=u:r:kernel:s0 tcontext=u:r:kernel:s0 tclass=qipcrtr_socket permissive=0
01-01 08:00:10.891 I/auditd ( 7): type=1400 audit(0.0:20): avc: denied { create } for comm="kworker/u16:0" scontext=u:r:kernel:s0 tcontext=u:r:kernel:s0 tclass=qipcrtr_socket permissive=0
01-01 08:00:10.891 I/auditd ( 803): type=1400 audit(0.0:21): avc: denied { create } for comm="kworker/u16:17" scontext=u:r:kernel:s0 tcontext=u:r:kernel:s0 tclass=qipcrtr_socket permissive=0
01-01 08:00:10.891 I/auditd ( 7): type=1400 audit(0.0:22): avc: denied { create } for comm="kworker/u16:0" scontext=u:r:kernel:s0 tcontext=u:r:kernel:s0 tclass=qipcrtr_socket permissive=0
01-01 08:00:10.891 I/auditd ( 7): type=1400 audit(0.0:23): avc: denied { create } for comm="kworker/u16:0" scontext=u:r:kernel:s0 tcontext=u:r:kernel:s0 tclass=qipcrtr_socket permissive=0
01-01 08:00:10.891 I/auditd ( 803): type=1400 audit(0.0:24): avc: denied { create } for comm="kworker/u16:17" scontext=u:r:kernel:s0 tcontext=u:r:kernel:s0 tclass=qipcrtr_socket permissive=0
01-01 08:00:10.891 I/auditd ( 7): type=1400 audit(0.0:25): avc: denied { create } for comm="kworker/u16:0" scontext=u:r:kernel:s0 tcontext=u:r:kernel:s0 tclass=qipcrtr_socket permissive=0
01-01 08:00:10.891 I/auditd ( 7): type=1400 audit(0.0:26): avc: denied { create } for comm="kworker/u16:0" scontext=u:r:kernel:s0 tcontext=u:r:kernel:s0 tclass=qipcrtr_socket permissive=0
01-01 08:00:10.891 I/auditd ( 7): type=1400 audit(0.0:27): avc: denied { create } for comm="kworker/u16:0" scontext=u:r:kernel:s0 tcontext=u:r:kernel:s0 tclass=qipcrtr_socket permissive=0
01-01 08:00:10.891 I/auditd ( 7): type=1400 audit(0.0:28): avc: denied { create } for comm="kworker/u16:0" scontext=u:r:kernel:s0 tcontext=u:r:kernel:s0 tclass=qipcrtr_socket permissive=0
01-01 08:00:10.891 I/auditd ( 7): type=1400 audit(0.0:29): avc: denied { create } for comm="kworker/u16:0" scontext=u:r:kernel:s0 tcontext=u:r:kernel:s0 tclass=qipcrtr_socket permissive=0
01-01 08:00:10.891 I/auditd ( 7): type=1400 audit(0.0:30): avc: denied { create } for comm="kworker/u16:0" scontext=u:r:kernel:s0 tcontext=u:r:kernel:s0 tclass=qipcrtr_socket permissive=0
01-01 08:00:10.891 I/auditd ( 80): type=1400 audit(0.0:31): avc: denied { create } for comm="kworker/u16:1" scontext=u:r:kernel:s0 tcontext=u:r:kernel:s0 tclass=qipcrtr_socket permissive=0
01-01 08:00:10.891 I/auditd ( 272): type=1400 audit(0.0:32): avc: denied { create } for comm="kworker/u16:2" scontext=u:r:kernel:s0 tcontext=u:r:kernel:s0 tclass=qipcrtr_socket permissive=0
01-01 08:00:10.891 I/auditd ( 274): type=1400 audit(0.0:33): avc: denied { create } for comm="kworker/u16:3" scontext=u:r:kernel:s0 tcontext=u:r:kernel:s0 tclass=qipcrtr_socket permissive=0
01-01 08:00:10.891 I/auditd ( 276): type=1400 audit(0.0:34): avc: denied { create } for comm="kworker/u16:4" scontext=u:r:kernel:s0 tcontext=u:r:kernel:s0 tclass=qipcrtr_socket permissive=0
01-01 08:00:10.891 I/auditd ( 280): type=1400 audit(0.0:35): avc: denied { create } for comm="kworker/u16:6" scontext=u:r:kernel:s0 tcontext=u:r:kernel:s0 tclass=qipcrtr_socket permissive=0
01-01 08:00:10.891 I/auditd ( 278): type=1400 audit(0.0:36): avc: denied { create } for comm="kworker/u16:5" scontext=u:r:kernel:s0 tcontext=u:r:kernel:s0 tclass=qipcrtr_socket permissive=0
01-01 08:00:10.947 I/auditd ( 482): type=1400 audit(0.0:37): avc: denied { setattr } for comm="init" name="rawdump" dev="tmpfs" ino=2184 scontext=u:r:vendor_init:s0 tcontext=u:object_r:block_device:s0 tclass=lnk_file permissive=0
01-01 08:00:10.947 I/auditd ( 482): type=1400 audit(0.0:38): avc: denied { setattr } for comm="init" name="rawdump" dev="tmpfs" ino=2184 scontext=u:r:vendor_init:s0 tcontext=u:object_r:block_device:s0 tclass=lnk_file permissive=0
01-01 08:00:10.951 I/auditd ( 936): type=1400 audit(0.0:39): avc: denied { read write } for comm="sensors.qti" name="diag" dev="tmpfs" ino=2196 scontext=u:r:vendor_sensors_qti:s0 tcontext=u:object_r:vendor_diag_device:s0 tclass=chr_file permissive=0
01-01 08:00:10.967 I/snet_event_log( 672): [200284993,-1,]
01-01 08:00:10.968 I/snet_event_log( 673): [200284993,-1,]
01-01 08:00:10.975 I/auditd ( 846): type=1400 audit(0.0:40): avc: denied { read write } for comm="vendor.qti.hard" name="diag" dev="tmpfs" ino=2196 scontext=u:r:hal_graphics_composer_default:s0 tcontext=u:object_r:vendor_diag_device:s0 tclass=chr_file permissive=0
01-01 08:00:11.062 I/boot_progress_preload_start( 672): 8256
01-01 08:00:11.082 I/liblog ( 824): 614
01-01 08:00:11.102 I/auditd ( 512): avc: denied { find } for pid=930 uid=1000 name=vendor.qti.hardware.display.config.IDisplayConfig/default scontext=u:r:surfaceflinger:s0 tcontext=u:object_r:default_android_service:s0 tclass=service_manager permissive=0
01-01 08:00:11.104 I/auditd ( 512): avc: denied { find } for pid=930 uid=1000 name=vendor.qti.hardware.display.config.IDisplayConfig/default scontext=u:r:surfaceflinger:s0 tcontext=u:object_r:default_android_service:s0 tclass=service_manager permissive=0
01-01 08:00:11.151 I/auditd ( 936): type=1400 audit(0.0:41): avc: denied { read write } for comm="sensors.qti" name="diag" dev="tmpfs" ino=2196 scontext=u:r:vendor_sensors_qti:s0 tcontext=u:object_r:vendor_diag_device:s0 tclass=chr_file permissive=0
01-01 08:00:11.279 I/auditd ( 975): type=1400 audit(0.0:42): avc: denied { write } for comm="init.qcom.usb.s" name="uvc.0" dev="configfs" ino=18884 scontext=u:r:vendor_qti_init_shell:s0 tcontext=u:object_r:configfs:s0 tclass=dir permissive=0
01-01 08:00:11.279 I/auditd ( 975): type=1400 audit(0.0:43): avc: denied { write } for comm="init.qcom.usb.s" name="uvc.0" dev="configfs" ino=18884 scontext=u:r:vendor_qti_init_shell:s0 tcontext=u:object_r:configfs:s0 tclass=dir permissive=0
01-01 08:00:11.287 I/auditd ( 1137): type=1400 audit(0.0:44): avc: denied { write } for comm="mkdir" name="header" dev="configfs" ino=18886 scontext=u:r:vendor_qti_init_shell:s0 tcontext=u:object_r:configfs:s0 tclass=dir permissive=0
01-01 08:00:11.295 I/auditd ( 1138): type=1400 audit(0.0:45): avc: denied { write } for comm="ln" name="fs" dev="configfs" ino=18895 scontext=u:r:vendor_qti_init_shell:s0 tcontext=u:object_r:configfs:s0 tclass=dir permissive=0
01-01 08:00:11.307 I/auditd ( 1139): type=1400 audit(0.0:46): avc: denied { write } for comm="ln" name="ss" dev="configfs" ino=18896 scontext=u:r:vendor_qti_init_shell:s0 tcontext=u:object_r:configfs:s0 tclass=dir permissive=0
01-01 08:00:11.319 I/auditd ( 1140): type=1400 audit(0.0:47): avc: denied { write } for comm="mkdir" name="uncompressed" dev="configfs" ino=18899 scontext=u:r:vendor_qti_init_shell:s0 tcontext=u:object_r:configfs:s0 tclass=dir permissive=0
01-01 08:00:11.327 I/auditd ( 1141): type=1400 audit(0.0:48): avc: denied { write } for comm="mkdir" name="uncompressed" dev="configfs" ino=18899 scontext=u:r:vendor_qti_init_shell:s0 tcontext=u:object_r:configfs:s0 tclass=dir permissive=0
01-01 08:00:11.335 I/auditd ( 1142): type=1400 audit(0.0:49): avc: denied { write } for comm="mkdir" name="mjpeg" dev="configfs" ino=18900 scontext=u:r:vendor_qti_init_shell:s0 tcontext=u:object_r:configfs:s0 tclass=dir permissive=0
01-01 08:00:11.347 I/auditd ( 1143): type=1400 audit(0.0:50): avc: denied { write } for comm="mkdir" name="mjpeg" dev="configfs" ino=18900 scontext=u:r:vendor_qti_init_shell:s0 tcontext=u:object_r:configfs:s0 tclass=dir permissive=0
01-01 08:00:11.351 I/auditd ( 936): type=1400 audit(0.0:51): avc: denied { read write } for comm="sensors.qti" name="diag" dev="tmpfs" ino=2196 scontext=u:r:vendor_sensors_qti:s0 tcontext=u:object_r:vendor_diag_device:s0 tclass=chr_file permissive=0
01-01 08:00:11.355 I/auditd ( 1144): type=1400 audit(0.0:52): avc: denied { write } for comm="mkdir" name="h264" dev="configfs" ino=18901 scontext=u:r:vendor_qti_init_shell:s0 tcontext=u:object_r:configfs:s0 tclass=dir permissive=0
01-01 08:00:11.367 I/auditd ( 1145): type=1400 audit(0.0:53): avc: denied { write } for comm="mkdir" name="h264" dev="configfs" ino=18901 scontext=u:r:vendor_qti_init_shell:s0 tcontext=u:object_r:configfs:s0 tclass=dir permissive=0
01-01 08:00:11.375 I/auditd ( 1146): type=1400 audit(0.0:54): avc: denied { write } for comm="mkdir" name="header" dev="configfs" ino=18898 scontext=u:r:vendor_qti_init_shell:s0 tcontext=u:object_r:configfs:s0 tclass=dir permissive=0
01-01 08:00:11.383 I/auditd ( 1147): type=1400 audit(0.0:55): avc: denied { write } for comm="ln" name="header" dev="configfs" ino=18898 scontext=u:r:vendor_qti_init_shell:s0 tcontext=u:object_r:configfs:s0 tclass=dir permissive=0
01-01 08:00:11.399 I/auditd ( 1148): type=1400 audit(0.0:56): avc: denied { write } for comm="ln" name="header" dev="configfs" ino=18898 scontext=u:r:vendor_qti_init_shell:s0 tcontext=u:object_r:configfs:s0 tclass=dir permissive=0
01-01 08:00:11.423 I/auditd ( 1149): type=1400 audit(0.0:57): avc: denied { write } for comm="ln" name="header" dev="configfs" ino=18898 scontext=u:r:vendor_qti_init_shell:s0 tcontext=u:object_r:configfs:s0 tclass=dir permissive=0
01-01 08:00:11.431 I/auditd ( 1150): type=1400 audit(0.0:58): avc: denied { write } for comm="ln" name="fs" dev="configfs" ino=18905 scontext=u:r:vendor_qti_init_shell:s0 tcontext=u:object_r:configfs:s0 tclass=dir permissive=0
01-01 08:00:11.451 I/auditd ( 1151): type=1400 audit(0.0:59): avc: denied { write } for comm="ln" name="hs" dev="configfs" ino=18906 scontext=u:r:vendor_qti_init_shell:s0 tcontext=u:object_r:configfs:s0 tclass=dir permissive=0
01-01 08:00:11.463 I/auditd ( 1152): type=1400 audit(0.0:60): avc: denied { write } for comm="ln" name="ss" dev="configfs" ino=18907 scontext=u:r:vendor_qti_init_shell:s0 tcontext=u:object_r:configfs:s0 tclass=dir permissive=0
01-01 08:00:11.551 I/auditd ( 936): type=1400 audit(0.0:61): avc: denied { read write } for comm="sensors.qti" name="diag" dev="tmpfs" ino=2196 scontext=u:r:vendor_sensors_qti:s0 tcontext=u:object_r:vendor_diag_device:s0 tclass=chr_file permissive=0
01-01 08:00:11.615 I/auditd ( 1186): type=1400 audit(0.0:62): avc: denied { read write } for comm="dpmd" name="diag" dev="tmpfs" ino=2196 scontext=u:r:vendor_dpmd:s0 tcontext=u:object_r:vendor_diag_device:s0 tclass=chr_file permissive=0
01-01 08:00:11.619 I/auditd ( 1201): type=1400 audit(0.0:63): avc: denied { read write } for comm="dpmd" name="diag" dev="tmpfs" ino=2196 scontext=u:r:vendor_dpmd:s0 tcontext=u:object_r:vendor_diag_device:s0 tclass=chr_file permissive=0
01-01 08:00:11.671 I/auditd ( 1222): type=1400 audit(0.0:64): avc: denied { read write } for comm="imsqmidaemon" name="diag" dev="tmpfs" ino=2196 scontext=u:r:vendor_ims:s0 tcontext=u:object_r:vendor_diag_device:s0 tclass=chr_file permissive=0
01-01 08:00:11.671 I/auditd ( 1222): type=1400 audit(0.0:65): avc: denied { read write } for comm="imsqmidaemon" name="diag" dev="tmpfs" ino=2196 scontext=u:r:vendor_ims:s0 tcontext=u:object_r:vendor_diag_device:s0 tclass=chr_file permissive=0
01-01 08:00:11.671 I/auditd ( 1222): type=1400 audit(0.0:66): avc: denied { read write } for comm="imsqmidaemon" name="diag" dev="tmpfs" ino=2196 scontext=u:r:vendor_ims:s0 tcontext=u:object_r:vendor_diag_device:s0 tclass=chr_file permissive=0
01-01 08:00:11.671 I/auditd ( 1222): type=1400 audit(0.0:67): avc: denied { read write } for comm="imsqmidaemon" name="diag" dev="tmpfs" ino=2196 scontext=u:r:vendor_ims:s0 tcontext=u:object_r:vendor_diag_device:s0 tclass=chr_file permissive=0
01-01 08:00:11.671 I/auditd ( 1222): type=1400 audit(0.0:68): avc: denied { read write } for comm="imsqmidaemon" name="diag" dev="tmpfs" ino=2196 scontext=u:r:vendor_ims:s0 tcontext=u:object_r:vendor_diag_device:s0 tclass=chr_file permissive=0
01-01 08:00:11.671 I/auditd ( 1222): type=1400 audit(0.0:69): avc: denied { read write } for comm="imsqmidaemon" name="diag" dev="tmpfs" ino=2196 scontext=u:r:vendor_ims:s0 tcontext=u:object_r:vendor_diag_device:s0 tclass=chr_file permissive=0
01-01 08:00:11.671 I/auditd ( 1222): type=1400 audit(0.0:70): avc: denied { read write } for comm="imsqmidaemon" name="diag" dev="tmpfs" ino=2196 scontext=u:r:vendor_ims:s0 tcontext=u:object_r:vendor_diag_device:s0 tclass=chr_file permissive=0
01-01 08:00:11.679 I/auditd ( 1222): type=1400 audit(0.0:71): avc: denied { read write } for comm="imsqmidaemon" name="diag" dev="tmpfs" ino=2196 scontext=u:r:vendor_ims:s0 tcontext=u:object_r:vendor_diag_device:s0 tclass=chr_file permissive=0
01-01 08:00:11.679 I/auditd ( 1222): type=1400 audit(0.0:72): avc: denied { read write } for comm="imsqmidaemon" name="diag" dev="tmpfs" ino=2196 scontext=u:r:vendor_ims:s0 tcontext=u:object_r:vendor_diag_device:s0 tclass=chr_file permissive=0
01-01 08:00:11.679 I/auditd ( 1222): type=1400 audit(0.0:73): avc: denied { read write } for comm="imsqmidaemon" name="diag" dev="tmpfs" ino=2196 scontext=u:r:vendor_ims:s0 tcontext=u:object_r:vendor_diag_device:s0 tclass=chr_file permissive=0
01-01 08:00:11.683 I/auditd ( 1229): type=1400 audit(0.0:74): avc: denied { read write } for comm="ipacm-diag" name="diag" dev="tmpfs" ino=2196 scontext=u:r:hal_tetheroffload_default:s0 tcontext=u:object_r:vendor_diag_device:s0 tclass=chr_file permissive=0
01-01 08:00:11.755 I/auditd ( 936): type=1400 audit(0.0:75): avc: denied { read write } for comm="sensors.qti" name="diag" dev="tmpfs" ino=2196 scontext=u:r:vendor_sensors_qti:s0 tcontext=u:object_r:vendor_diag_device:s0 tclass=chr_file permissive=0
01-01 08:00:11.787 I/auditd ( 832): type=1400 audit(0.0:76): avc: denied { read } for comm="android.hardwar" name="type" dev="sysfs" ino=69867 scontext=u:r:hal_health_default:s0 tcontext=u:object_r:sysfs:s0 tclass=file permissive=0
01-01 08:00:11.831 I/auditd ( 1221): type=1400 audit(0.0:77): avc: denied { read write } for comm="ims_rtp_daemon" name="diag" dev="tmpfs" ino=2196 scontext=u:r:vendor_hal_imsrtp:s0 tcontext=u:object_r:vendor_diag_device:s0 tclass=chr_file permissive=0
01-01 08:00:11.891 I/auditd ( 1214): type=1400 audit(0.0:78): avc: denied { read write } for comm="cnd" name="diag" dev="tmpfs" ino=2196 scontext=u:r:vendor_cnd:s0 tcontext=u:object_r:vendor_diag_device:s0 tclass=chr_file permissive=0
01-01 08:00:11.951 I/auditd ( 1398): type=1400 audit(0.0:79): avc: denied { read write } for comm="imsdatadaemon" name="diag" dev="tmpfs" ino=2196 scontext=u:r:vendor_ims:s0 tcontext=u:object_r:vendor_diag_device:s0 tclass=chr_file permissive=0
01-01 08:00:11.951 I/auditd ( 1398): type=1400 audit(0.0:80): avc: denied { read write } for comm="imsdatadaemon" name="diag" dev="tmpfs" ino=2196 scontext=u:r:vendor_ims:s0 tcontext=u:object_r:vendor_diag_device:s0 tclass=chr_file permissive=0
01-01 08:00:11.955 I/auditd ( 1398): type=1400 audit(0.0:81): avc: denied { read write } for comm="imsdatadaemon" name="diag" dev="tmpfs" ino=2196 scontext=u:r:vendor_ims:s0 tcontext=u:object_r:vendor_diag_device:s0 tclass=chr_file permissive=0
01-01 08:00:11.955 I/auditd ( 1398): type=1400 audit(0.0:82): avc: denied { read write } for comm="imsdatadaemon" name="diag" dev="tmpfs" ino=2196 scontext=u:r:vendor_ims:s0 tcontext=u:object_r:vendor_diag_device:s0 tclass=chr_file permissive=0
01-01 08:00:11.955 I/auditd ( 936): type=1400 audit(0.0:83): avc: denied { read write } for comm="sensors.qti" name="diag" dev="tmpfs" ino=2196 scontext=u:r:vendor_sensors_qti:s0 tcontext=u:object_r:vendor_diag_device:s0 tclass=chr_file permissive=0
01-01 08:00:11.955 I/auditd ( 1398): type=1400 audit(0.0:84): avc: denied { read write } for comm="imsdatadaemon" name="diag" dev="tmpfs" ino=2196 scontext=u:r:vendor_ims:s0 tcontext=u:object_r:vendor_diag_device:s0 tclass=chr_file permissive=0
01-01 08:00:11.955 I/auditd ( 1398): type=1400 audit(0.0:85): avc: denied { read write } for comm="imsdatadaemon" name="diag" dev="tmpfs" ino=2196 scontext=u:r:vendor_ims:s0 tcontext=u:object_r:vendor_diag_device:s0 tclass=chr_file permissive=0
01-01 08:00:11.955 I/auditd ( 1398): type=1400 audit(0.0:86): avc: denied { read write } for comm="imsdatadaemon" name="diag" dev="tmpfs" ino=2196 scontext=u:r:vendor_ims:s0 tcontext=u:object_r:vendor_diag_device:s0 tclass=chr_file permissive=0
01-01 08:00:11.955 I/auditd ( 1398): type=1400 audit(0.0:87): avc: denied { read write } for comm="imsdatadaemon" name="diag" dev="tmpfs" ino=2196 scontext=u:r:vendor_ims:s0 tcontext=u:object_r:vendor_diag_device:s0 tclass=chr_file permissive=0
01-01 08:00:11.955 I/auditd ( 1398): type=1400 audit(0.0:88): avc: denied { read write } for comm="imsdatadaemon" name="diag" dev="tmpfs" ino=2196 scontext=u:r:vendor_ims:s0 tcontext=u:object_r:vendor_diag_device:s0 tclass=chr_file permissive=0
01-01 08:00:11.955 I/auditd ( 1398): type=1400 audit(0.0:89): avc: denied { read write } for comm="imsdatadaemon" name="diag" dev="tmpfs" ino=2196 scontext=u:r:vendor_ims:s0 tcontext=u:object_r:vendor_diag_device:s0 tclass=chr_file permissive=0
01-01 08:00:11.955 I/auditd ( 1398): type=1400 audit(0.0:90): avc: denied { read write } for comm="imsdatadaemon" name="diag" dev="tmpfs" ino=2196 scontext=u:r:vendor_ims:s0 tcontext=u:object_r:vendor_diag_device:s0 tclass=chr_file permissive=0
01-01 08:00:11.955 I/auditd ( 1398): type=1400 audit(0.0:91): avc: denied { read write } for comm="imsdatadaemon" name="diag" dev="tmpfs" ino=2196 scontext=u:r:vendor_ims:s0 tcontext=u:object_r:vendor_diag_device:s0 tclass=chr_file permissive=0
01-01 08:00:11.955 I/auditd ( 1398): type=1400 audit(0.0:92): avc: denied { read write } for comm="imsdatadaemon" name="diag" dev="tmpfs" ino=2196 scontext=u:r:vendor_ims:s0 tcontext=u:object_r:vendor_diag_device:s0 tclass=chr_file permissive=0
01-01 08:00:11.955 I/auditd ( 1398): type=1400 audit(0.0:93): avc: denied { read write } for comm="imsdatadaemon" name="diag" dev="tmpfs" ino=2196 scontext=u:r:vendor_ims:s0 tcontext=u:object_r:vendor_diag_device:s0 tclass=chr_file permissive=0
01-01 08:00:11.955 I/auditd ( 1398): type=1400 audit(0.0:94): avc: denied { read write } for comm="imsdatadaemon" name="diag" dev="tmpfs" ino=2196 scontext=u:r:vendor_ims:s0 tcontext=u:object_r:vendor_diag_device:s0 tclass=chr_file permissive=0
01-01 08:00:11.955 I/auditd ( 1398): type=1400 audit(0.0:95): avc: denied { read write } for comm="imsdatadaemon" name="diag" dev="tmpfs" ino=2196 scontext=u:r:vendor_ims:s0 tcontext=u:object_r:vendor_diag_device:s0 tclass=chr_file permissive=0
01-01 08:00:11.955 I/auditd ( 1398): type=1400 audit(0.0:96): avc: denied { read write } for comm="imsdatadaemon" name="diag" dev="tmpfs" ino=2196 scontext=u:r:vendor_ims:s0 tcontext=u:object_r:vendor_diag_device:s0 tclass=chr_file permissive=0
01-01 08:00:11.955 I/auditd ( 1398): type=1400 audit(0.0:97): avc: denied { read write } for comm="imsdatadaemon" name="diag" dev="tmpfs" ino=2196 scontext=u:r:vendor_ims:s0 tcontext=u:object_r:vendor_diag_device:s0 tclass=chr_file permissive=0
01-01 08:00:11.955 I/auditd ( 1398): type=1400 audit(0.0:98): avc: denied { read write } for comm="imsdatadaemon" name="diag" dev="tmpfs" ino=2196 scontext=u:r:vendor_ims:s0 tcontext=u:object_r:vendor_diag_device:s0 tclass=chr_file permissive=0
01-01 08:00:11.955 I/auditd ( 1398): type=1400 audit(0.0:99): avc: denied { read write } for comm="imsdatadaemon" name="diag" dev="tmpfs" ino=2196 scontext=u:r:vendor_ims:s0 tcontext=u:object_r:vendor_diag_device:s0 tclass=chr_file permissive=0
01-01 08:00:11.955 I/auditd ( 1398): type=1400 audit(0.0:100): avc: denied { read write } for comm="imsdatadaemon" name="diag" dev="tmpfs" ino=2196 scontext=u:r:vendor_ims:s0 tcontext=u:object_r:vendor_diag_device:s0 tclass=chr_file permissive=0
01-01 08:00:11.955 I/auditd ( 1398): type=1400 audit(0.0:101): avc: denied { read write } for comm="imsdatadaemon" name="diag" dev="tmpfs" ino=2196 scontext=u:r:vendor_ims:s0 tcontext=u:object_r:vendor_diag_device:s0 tclass=chr_file permissive=0
01-01 08:00:11.955 I/auditd ( 1398): type=1400 audit(0.0:102): avc: denied { read write } for comm="imsdatadaemon" name="diag" dev="tmpfs" ino=2196 scontext=u:r:vendor_ims:s0 tcontext=u:object_r:vendor_diag_device:s0 tclass=chr_file permissive=0
01-01 08:00:11.955 I/auditd ( 1398): type=1400 audit(0.0:103): avc: denied { read write } for comm="imsdatadaemon" name="diag" dev="tmpfs" ino=2196 scontext=u:r:vendor_ims:s0 tcontext=u:object_r:vendor_diag_device:s0 tclass=chr_file permissive=0
01-01 08:00:11.955 I/auditd ( 1398): type=1400 audit(0.0:104): avc: denied { read write } for comm="imsdatadaemon" name="diag" dev="tmpfs" ino=2196 scontext=u:r:vendor_ims:s0 tcontext=u:object_r:vendor_diag_device:s0 tclass=chr_file permissive=0
01-01 08:00:11.955 I/auditd ( 1398): type=1400 audit(0.0:105): avc: denied { read write } for comm="imsdatadaemon" name="diag" dev="tmpfs" ino=2196 scontext=u:r:vendor_ims:s0 tcontext=u:object_r:vendor_diag_device:s0 tclass=chr_file permissive=0
01-01 08:00:11.955 I/auditd ( 1398): type=1400 audit(0.0:106): avc: denied { read write } for comm="imsdatadaemon" name="diag" dev="tmpfs" ino=2196 scontext=u:r:vendor_ims:s0 tcontext=u:object_r:vendor_diag_device:s0 tclass=chr_file permissive=0
01-01 08:00:11.955 I/auditd ( 1398): type=1400 audit(0.0:107): avc: denied { read write } for comm="imsdatadaemon" name="diag" dev="tmpfs" ino=2196 scontext=u:r:vendor_ims:s0 tcontext=u:object_r:vendor_diag_device:s0 tclass=chr_file permissive=0
01-01 08:00:11.955 I/auditd ( 1398): type=1400 audit(0.0:108): avc: denied { read write } for comm="imsdatadaemon" name="diag" dev="tmpfs" ino=2196 scontext=u:r:vendor_ims:s0 tcontext=u:object_r:vendor_diag_device:s0 tclass=chr_file permissive=0
01-01 08:00:11.955 I/auditd ( 1398): type=1400 audit(0.0:109): avc: denied { read write } for comm="imsdatadaemon" name="diag" dev="tmpfs" ino=2196 scontext=u:r:vendor_ims:s0 tcontext=u:object_r:vendor_diag_device:s0 tclass=chr_file permissive=0
01-01 08:00:11.959 I/auditd ( 1398): type=1400 audit(0.0:110): avc: denied { read write } for comm="imsdatadaemon" name="diag" dev="tmpfs" ino=2196 scontext=u:r:vendor_ims:s0 tcontext=u:object_r:vendor_diag_device:s0 tclass=chr_file permissive=0
01-01 08:00:11.959 I/auditd ( 1398): type=1400 audit(0.0:111): avc: denied { read write } for comm="imsdatadaemon" name="diag" dev="tmpfs" ino=2196 scontext=u:r:vendor_ims:s0 tcontext=u:object_r:vendor_diag_device:s0 tclass=chr_file permissive=0
01-01 08:00:11.959 I/auditd ( 1398): type=1400 audit(0.0:112): avc: denied { read write } for comm="imsdatadaemon" name="diag" dev="tmpfs" ino=2196 scontext=u:r:vendor_ims:s0 tcontext=u:object_r:vendor_diag_device:s0 tclass=chr_file permissive=0
01-01 08:00:11.988 I/boot_progress_preload_end( 672): 9182
01-01 08:00:12.159 I/auditd ( 936): type=1400 audit(0.0:113): avc: denied { read write } for comm="sensors.qti" name="diag" dev="tmpfs" ino=2196 scontext=u:r:vendor_sensors_qti:s0 tcontext=u:object_r:vendor_diag_device:s0 tclass=chr_file permissive=0
01-01 08:00:12.175 I/auditd ( 1493): type=1400 audit(0.0:114): avc: denied { getattr } for comm="hvdcp_opti" path="/dev/kmsg" dev="tmpfs" ino=15364 scontext=u:r:vendor_hvdcp:s0 tcontext=u:object_r:kmsg_device:s0 tclass=chr_file permissive=0
01-01 08:00:12.175 I/auditd ( 1493): type=1400 audit(0.0:115): avc: denied { write } for comm="hvdcp_opti" name="kmsg" dev="tmpfs" ino=15364 scontext=u:r:vendor_hvdcp:s0 tcontext=u:object_r:kmsg_device:s0 tclass=chr_file permissive=0
01-01 08:00:12.179 I/auditd ( 1493): type=1400 audit(0.0:116): avc: denied { read } for comm="hvdcp_opti" name="devices" dev="sysfs" ino=52721 scontext=u:r:vendor_hvdcp:s0 tcontext=u:object_r:sysfs:s0 tclass=dir permissive=0
01-01 08:00:12.225 I/system_server_start( 1471): [1,9412,9412]
01-01 08:00:12.225 I/boot_progress_system_run( 1471): 9418
01-01 08:00:12.359 I/auditd ( 936): type=1400 audit(0.0:117): avc: denied { read write } for comm="sensors.qti" name="diag" dev="tmpfs" ino=2196 scontext=u:r:vendor_sensors_qti:s0 tcontext=u:object_r:vendor_diag_device:s0 tclass=chr_file permissive=0
01-01 08:00:12.375 I/auditd ( 1548): type=1400 audit(0.0:118): avc: denied { read } for comm="ip" name="rt_tables" dev="dm-10" ino=339 scontext=u:r:ethernet:s0 tcontext=u:object_r:net_data_file:s0 tclass=file permissive=0
01-01 08:00:12.375 I/auditd ( 1220): type=1400 audit(0.0:119): avc: denied { write } for comm="sh" name="ip_forward" dev="proc" ino=16174 scontext=u:r:ethernet:s0 tcontext=u:object_r:proc_net:s0 tclass=file permissive=0
01-01 08:00:12.375 I/auditd ( 1220): type=1400 audit(0.0:120): avc: denied { write } for comm="sh" name="ip_default_ttl" dev="proc" ino=25312 scontext=u:r:ethernet:s0 tcontext=u:object_r:proc_net:s0 tclass=file permissive=0
01-01 08:00:12.375 I/auditd ( 1220): type=1400 audit(0.0:121): avc: denied { write } for comm="sh" name="tcp_keepalive_probes" dev="proc" ino=25313 scontext=u:r:ethernet:s0 tcontext=u:object_r:proc_net:s0 tclass=file permissive=0
01-01 08:00:12.375 I/auditd ( 1220): type=1400 audit(0.0:122): avc: denied { write } for comm="sh" name="tcp_keepalive_intvl" dev="proc" ino=25314 scontext=u:r:ethernet:s0 tcontext=u:object_r:proc_net:s0 tclass=file permissive=0
01-01 08:00:12.375 I/auditd ( 1220): type=1400 audit(0.0:123): avc: denied { write } for comm="sh" name="tcp_keepalive_time" dev="proc" ino=25315 scontext=u:r:ethernet:s0 tcontext=u:object_r:proc_net:s0 tclass=file permissive=0
01-01 08:00:12.375 I/auditd ( 1220): type=1400 audit(0.0:124): avc: denied { write } for comm="sh" name="tcp_rmem" dev="proc" ino=25316 scontext=u:r:ethernet:s0 tcontext=u:object_r:proc_net:s0 tclass=file permissive=0
01-01 08:00:12.375 I/auditd ( 1220): type=1400 audit(0.0:125): avc: denied { write } for comm="sh" name="tcp_wmem" dev="proc" ino=25317 scontext=u:r:ethernet:s0 tcontext=u:object_r:proc_net:s0 tclass=file permissive=0
01-01 08:00:12.375 I/auditd ( 1220): type=1400 audit(0.0:126): avc: denied { write } for comm="sh" name="tcp_synack_retries" dev="proc" ino=19354 scontext=u:r:ethernet:s0 tcontext=u:object_r:proc_net:s0 tclass=file permissive=0
01-01 08:00:12.375 I/auditd ( 1220): type=1400 audit(0.0:127): avc: denied { write } for comm="sh" name="tcp_syn_retries" dev="proc" ino=19353 scontext=u:r:ethernet:s0 tcontext=u:object_r:proc_net:s0 tclass=file permissive=0
01-01 08:00:12.375 I/auditd ( 1220): type=1400 audit(0.0:128): avc: denied { write } for comm="sh" name="tcp_max_tw_buckets" dev="proc" ino=25318 scontext=u:r:ethernet:s0 tcontext=u:object_r:proc_net:s0 tclass=file permissive=0
01-01 08:00:12.375 I/auditd ( 1220): type=1400 audit(0.0:129): avc: denied { write } for comm="sh" name="tcp_retries2" dev="proc" ino=19356 scontext=u:r:ethernet:s0 tcontext=u:object_r:proc_net:s0 tclass=file permissive=0
01-01 08:00:12.375 I/auditd ( 1220): type=1400 audit(0.0:130): avc: denied { write } for comm="sh" name="icmp_echo_ignore_all" dev="proc" ino=25319 scontext=u:r:ethernet:s0 tcontext=u:object_r:proc_net:s0 tclass=file permissive=0
01-01 08:00:12.375 I/auditd ( 1220): type=1400 audit(0.0:131): avc: denied { write } for comm="sh" name="icmp_echo_ignore_broadcasts" dev="proc" ino=25320 scontext=u:r:ethernet:s0 tcontext=u:object_r:proc_net:s0 tclass=file permissive=0
01-01 08:00:12.375 I/auditd ( 1220): type=1400 audit(0.0:132): avc: denied { write } for comm="sh" name="tcp_window_scaling" dev="proc" ino=25321 scontext=u:r:ethernet:s0 tcontext=u:object_r:proc_net:s0 tclass=file permissive=0
01-01 08:00:12.375 I/auditd ( 1220): type=1400 audit(0.0:133): avc: denied { write } for comm="sh" name="drop_gratuitous_arp" dev="proc" ino=25322 scontext=u:r:ethernet:s0 tcontext=u:object_r:proc_net:s0 tclass=file permissive=0
01-01 08:00:12.375 I/auditd ( 1220): type=1400 audit(0.0:134): avc: denied { write } for comm="sh" name="arp_accept" dev="proc" ino=25323 scontext=u:r:ethernet:s0 tcontext=u:object_r:proc_net:s0 tclass=file permissive=0
01-01 08:00:12.375 I/auditd ( 1220): type=1400 audit(0.0:135): avc: denied { write } for comm="sh" name="arp_notify" dev="proc" ino=25324 scontext=u:r:ethernet:s0 tcontext=u:object_r:proc_net:s0 tclass=file permissive=0
01-01 08:00:12.375 I/auditd ( 1220): type=1400 audit(0.0:136): avc: denied { write } for comm="sh" name="arp_ignore" dev="proc" ino=25325 scontext=u:r:ethernet:s0 tcontext=u:object_r:proc_net:s0 tclass=file permissive=0
01-01 08:00:12.559 I/auditd ( 936): type=1400 audit(0.0:137): avc: denied { read write } for comm="sensors.qti" name="diag" dev="tmpfs" ino=2196 scontext=u:r:vendor_sensors_qti:s0 tcontext=u:object_r:vendor_diag_device:s0 tclass=chr_file permissive=0
01-01 08:00:12.559 I/auditd ( 577): type=1400 audit(0.0:138): avc: denied { read } for comm="Binder:577_2" name="wakeup58" dev="sysfs" ino=83493 scontext=u:r:system_suspend:s0 tcontext=u:object_r:sysfs:s0 tclass=dir permissive=0
01-01 08:00:12.559 I/auditd ( 577): type=1400 audit(0.0:139): avc: denied { read } for comm="Binder:577_2" name="wakeup4" dev="sysfs" ino=52895 scontext=u:r:system_suspend:s0 tcontext=u:object_r:sysfs:s0 tclass=dir permissive=0
01-01 08:00:12.559 I/auditd ( 577): type=1400 audit(0.0:140): avc: denied { read } for comm="Binder:577_2" name="wakeup76" dev="sysfs" ino=88441 scontext=u:r:system_suspend:s0 tcontext=u:object_r:sysfs:s0 tclass=dir permissive=0
01-01 08:00:12.559 I/auditd ( 577): type=1400 audit(0.0:141): avc: denied { read } for comm="Binder:577_2" name="wakeup38" dev="sysfs" ino=68553 scontext=u:r:system_suspend:s0 tcontext=u:object_r:sysfs:s0 tclass=dir permissive=0
01-01 08:00:12.563 I/auditd ( 577): type=1400 audit(0.0:142): avc: denied { read } for comm="Binder:577_2" name="wakeup28" dev="sysfs" ino=59251 scontext=u:r:system_suspend:s0 tcontext=u:object_r:sysfs:s0 tclass=dir permissive=0
01-01 08:00:12.563 I/auditd ( 577): type=1400 audit(0.0:143): avc: denied { read } for comm="Binder:577_2" name="wakeup56" dev="sysfs" ino=83421 scontext=u:r:system_suspend:s0 tcontext=u:object_r:sysfs:s0 tclass=dir permissive=0
01-01 08:00:12.563 I/auditd ( 577): type=1400 audit(0.0:144): avc: denied { read } for comm="Binder:577_2" name="wakeup18" dev="sysfs" ino=58638 scontext=u:r:system_suspend:s0 tcontext=u:object_r:sysfs:s0 tclass=dir permissive=0
01-01 08:00:12.563 I/auditd ( 577): type=1400 audit(0.0:145): avc: denied { read } for comm="Binder:577_2" name="wakeup46" dev="sysfs" ino=77354 scontext=u:r:system_suspend:s0 tcontext=u:object_r:sysfs:s0 tclass=dir permissive=0
01-01 08:00:12.563 I/auditd ( 577): type=1400 audit(0.0:146): avc: denied { read } for comm="Binder:577_2" name="wakeup2" dev="sysfs" ino=52419 scontext=u:r:system_suspend:s0 tcontext=u:object_r:sysfs:s0 tclass=dir permissive=0
01-01 08:00:12.563 I/auditd ( 577): type=1400 audit(0.0:147): avc: denied { read } for comm="Binder:577_2" name="wakeup64" dev="sysfs" ino=83721 scontext=u:r:system_suspend:s0 tcontext=u:object_r:sysfs:s0 tclass=dir permissive=0
01-01 08:00:12.563 I/auditd ( 577): type=1400 audit(0.0:148): avc: denied { read } for comm="Binder:577_2" name="wakeup26" dev="sysfs" ino=59048 scontext=u:r:system_suspend:s0 tcontext=u:object_r:sysfs:s0 tclass=dir permissive=0
01-01 08:00:12.563 I/auditd ( 577): type=1400 audit(0.0:149): avc: denied { read } for comm="Binder:577_2" name="wakeup54" dev="sysfs" ino=83349 scontext=u:r:system_suspend:s0 tcontext=u:object_r:sysfs:s0 tclass=dir permissive=0
01-01 08:00:12.563 I/auditd ( 577): type=1400 audit(0.0:150): avc: denied { read } for comm="Binder:577_2" name="wakeup16" dev="sysfs" ino=58538 scontext=u:r:system_suspend:s0 tcontext=u:object_r:sysfs:s0 tclass=dir permissive=0
01-01 08:00:12.563 I/auditd ( 577): type=1400 audit(0.0:151): avc: denied { read } for comm="Binder:577_2" name="wakeup0" dev="sysfs" ino=49627 scontext=u:r:system_suspend:s0 tcontext=u:object_r:sysfs:s0 tclass=dir permissive=0
01-01 08:00:12.563 I/auditd ( 577): type=1400 audit(0.0:152): avc: denied { read } for comm="Binder:577_2" name="wakeup34" dev="sysfs" ino=63154 scontext=u:r:system_suspend:s0 tcontext=u:object_r:sysfs:s0 tclass=dir permissive=0
01-01 08:00:12.563 I/auditd ( 577): type=1400 audit(0.0:153): avc: denied { read } for comm="Binder:577_2" name="wakeup62" dev="sysfs" ino=83649 scontext=u:r:system_suspend:s0 tcontext=u:object_r:sysfs:s0 tclass=dir permissive=0
01-01 08:00:12.563 I/auditd ( 577): type=1400 audit(0.0:154): avc: denied { read } for comm="Binder:577_2" name="wakeup24" dev="sysfs" ino=58949 scontext=u:r:system_suspend:s0 tcontext=u:object_r:sysfs:s0 tclass=dir permissive=0
01-01 08:00:12.563 I/auditd ( 577): type=1400 audit(0.0:155): avc: denied { read } for comm="Binder:577_2" name="wakeup52" dev="sysfs" ino=83277 scontext=u:r:system_suspend:s0 tcontext=u:object_r:sysfs:s0 tclass=dir permissive=0
01-01 08:00:12.563 I/auditd ( 577): type=1400 audit(0.0:156): avc: denied { read } for comm="Binder:577_2" name="wakeup9" dev="sysfs" ino=58207 scontext=u:r:system_suspend:s0 tcontext=u:object_r:sysfs:s0 tclass=dir permissive=0
01-01 08:00:12.563 I/auditd ( 577): type=1400 audit(0.0:157): avc: denied { read } for comm="Binder:577_2" name="wakeup14" dev="sysfs" ino=58430 scontext=u:r:system_suspend:s0 tcontext=u:object_r:sysfs:s0 tclass=dir permissive=0
01-01 08:00:12.563 I/auditd ( 577): type=1400 audit(0.0:158): avc: denied { read } for comm="Binder:577_2" name="wakeup42" dev="sysfs" ino=69248 scontext=u:r:system_suspend:s0 tcontext=u:object_r:sysfs:s0 tclass=dir permissive=0
01-01 08:00:12.563 I/auditd ( 577): type=1400 audit(0.0:159): avc: denied { read } for comm="Binder:577_2" name="wakeup32" dev="sysfs" ino=59553 scontext=u:r:system_suspend:s0 tcontext=u:object_r:sysfs:s0 tclass=dir permissive=0
01-01 08:00:12.563 I/auditd ( 577): type=1400 audit(0.0:160): avc: denied { read } for comm="Binder:577_2" name="wakeup60" dev="sysfs" ino=83565 scontext=u:r:system_suspend:s0 tcontext=u:object_r:sysfs:s0 tclass=dir permissive=0
01-01 08:00:12.563 I/auditd ( 577): type=1400 audit(0.0:161): avc: denied { read } for comm="Binder:577_2" name="wakeup22" dev="sysfs" ino=58789 scontext=u:r:system_suspend:s0 tcontext=u:object_r:sysfs:s0 tclass=dir permissive=0
01-01 08:00:12.563 I/auditd ( 577): type=1400 audit(0.0:162): avc: denied { read } for comm="Binder:577_2" name="wakeup50" dev="sysfs" ino=78636 scontext=u:r:system_suspend:s0 tcontext=u:object_r:sysfs:s0 tclass=dir permissive=0
01-01 08:00:12.563 I/auditd ( 577): type=1400 audit(0.0:163): avc: denied { read } for comm="Binder:577_2" name="wakeup7" dev="sysfs" ino=58155 scontext=u:r:system_suspend:s0 tcontext=u:object_r:sysfs:s0 tclass=dir permissive=0
01-01 08:00:12.563 I/auditd ( 577): type=1400 audit(0.0:164): avc: denied { read } for comm="Binder:577_2" name="wakeup12" dev="sysfs" ino=58345 scontext=u:r:system_suspend:s0 tcontext=u:object_r:sysfs:s0 tclass=dir permissive=0
01-01 08:00:12.563 I/auditd ( 577): type=1400 audit(0.0:165): avc: denied { read } for comm="Binder:577_2" name="wakeup40" dev="sysfs" ino=69149 scontext=u:r:system_suspend:s0 tcontext=u:object_r:sysfs:s0 tclass=dir permissive=0
01-01 08:00:12.563 I/auditd ( 577): type=1400 audit(0.0:166): avc: denied { read } for comm="Binder:577_2" name="wakeup30" dev="sysfs" ino=59394 scontext=u:r:system_suspend:s0 tcontext=u:object_r:sysfs:s0 tclass=dir permissive=0
01-01 08:00:12.563 I/auditd ( 577): type=1400 audit(0.0:167): avc: denied { read } for comm="Binder:577_2" name="wakeup59" dev="sysfs" ino=83529 scontext=u:r:system_suspend:s0 tcontext=u:object_r:sysfs:s0 tclass=dir permissive=0
01-01 08:00:12.563 I/auditd ( 577): type=1400 audit(0.0:168): avc: denied { read } for comm="Binder:577_2" name="wakeup20" dev="sysfs" ino=58714 scontext=u:r:system_suspend:s0 tcontext=u:object_r:sysfs:s0 tclass=dir permissive=0
01-01 08:00:12.563 I/auditd ( 577): type=1400 audit(0.0:169): avc: denied { read } for comm="Binder:577_2" name="wakeup5" dev="sysfs" ino=52927 scontext=u:r:system_suspend:s0 tcontext=u:object_r:sysfs:s0 tclass=dir permissive=0
01-01 08:00:12.563 I/auditd ( 577): type=1400 audit(0.0:170): avc: denied { read } for comm="Binder:577_2" name="wakeup10" dev="sysfs" ino=58269 scontext=u:r:system_suspend:s0 tcontext=u:object_r:sysfs:s0 tclass=dir permissive=0
01-01 08:00:12.563 I/auditd ( 577): type=1400 audit(0.0:171): avc: denied { read } for comm="Binder:577_2" name="wakeup29" dev="sysfs" ino=59285 scontext=u:r:system_suspend:s0 tcontext=u:object_r:sysfs:s0 tclass=dir permissive=0
01-01 08:00:12.563 I/auditd ( 577): type=1400 audit(0.0:172): avc: denied { read } for comm="Binder:577_2" name="wakeup57" dev="sysfs" ino=83457 scontext=u:r:system_suspend:s0 tcontext=u:object_r:sysfs:s0 tclass=dir permissive=0
01-01 08:00:12.563 I/auditd ( 577): type=1400 audit(0.0:173): avc: denied { read } for comm="Binder:577_2" name="wakeup75" dev="sysfs" ino=88392 scontext=u:r:system_suspend:s0 tcontext=u:object_r:sysfs:s0 tclass=dir permissive=0
01-01 08:00:12.563 I/auditd ( 577): type=1400 audit(0.0:174): avc: denied { read } for comm="Binder:577_2" name="wakeup37" dev="sysfs" ino=68517 scontext=u:r:system_suspend:s0 tcontext=u:object_r:sysfs:s0 tclass=dir permissive=0
01-01 08:00:12.563 I/auditd ( 577): type=1400 audit(0.0:175): avc: denied { read } for comm="Binder:577_2" name="wakeup65" dev="sysfs" ino=83757 scontext=u:r:system_suspend:s0 tcontext=u:object_r:sysfs:s0 tclass=dir permissive=0
01-01 08:00:12.563 I/auditd ( 577): type=1400 audit(0.0:176): avc: denied { read } for comm="Binder:577_2" name="wakeup55" dev="sysfs" ino=83385 scontext=u:r:system_suspend:s0 tcontext=u:object_r:sysfs:s0 tclass=dir permissive=0
01-01 08:00:12.563 I/auditd ( 577): type=1400 audit(0.0:177): avc: denied { read } for comm="Binder:577_2" name="wakeup83" dev="sysfs" ino=91482 scontext=u:r:system_suspend:s0 tcontext=u:object_r:sysfs:s0 tclass=dir permissive=0
01-01 08:00:12.563 I/auditd ( 577): type=1400 audit(0.0:178): avc: denied { read } for comm="Binder:577_2" name="wakeup45" dev="sysfs" ino=77336 scontext=u:r:system_suspend:s0 tcontext=u:object_r:sysfs:s0 tclass=dir permissive=0
01-01 08:00:12.563 I/auditd ( 577): type=1400 audit(0.0:179): avc: denied { read } for comm="Binder:577_2" name="wakeup1" dev="sysfs" ino=49655 scontext=u:r:system_suspend:s0 tcontext=u:object_r:sysfs:s0 tclass=dir permissive=0
01-01 08:00:12.563 I/auditd ( 577): type=1400 audit(0.0:180): avc: denied { read } for comm="Binder:577_2" name="wakeup63" dev="sysfs" ino=83685 scontext=u:r:system_suspend:s0 tcontext=u:object_r:sysfs:s0 tclass=dir permissive=0
01-01 08:00:12.563 I/auditd ( 577): type=1400 audit(0.0:181): avc: denied { read } for comm="Binder:577_2" name="wakeup53" dev="sysfs" ino=83313 scontext=u:r:system_suspend:s0 tcontext=u:object_r:sysfs:s0 tclass=dir permissive=0
01-01 08:00:12.563 I/auditd ( 577): type=1400 audit(0.0:182): avc: denied { read } for comm="Binder:577_2" name="wakeup43" dev="sysfs" ino=69886 scontext=u:r:system_suspend:s0 tcontext=u:object_r:sysfs:s0 tclass=dir permissive=0
01-01 08:00:12.563 I/auditd ( 577): type=1400 audit(0.0:183): avc: denied { read } for comm="Binder:577_2" name="wakeup33" dev="sysfs" ino=59675 scontext=u:r:system_suspend:s0 tcontext=u:object_r:sysfs:s0 tclass=dir permissive=0
01-01 08:00:12.563 I/auditd ( 577): type=1400 audit(0.0:184): avc: denied { read } for comm="Binder:577_2" name="wakeup61" dev="sysfs" ino=83613 scontext=u:r:system_suspend:s0 tcontext=u:object_r:sysfs:s0 tclass=dir permissive=0
01-01 08:00:12.563 I/auditd ( 577): type=1400 audit(0.0:185): avc: denied { read } for comm="Binder:577_2" name="wakeup8" dev="sysfs" ino=58181 scontext=u:r:system_suspend:s0 tcontext=u:object_r:sysfs:s0 tclass=dir permissive=0
01-01 08:00:12.563 I/auditd ( 577): type=1400 audit(0.0:186): avc: denied { read } for comm="Binder:577_2" name="wakeup41" dev="sysfs" ino=69185 scontext=u:r:system_suspend:s0 tcontext=u:object_r:sysfs:s0 tclass=dir permissive=0
01-01 08:00:12.563 I/auditd ( 577): type=1400 audit(0.0:187): avc: denied { read } for comm="Binder:577_2" name="wakeup31" dev="sysfs" ino=59496 scontext=u:r:system_suspend:s0 tcontext=u:object_r:sysfs:s0 tclass=dir permissive=0
01-01 08:00:12.563 I/auditd ( 577): type=1400 audit(0.0:188): avc: denied { read } for comm="Binder:577_2" name="wakeup6" dev="sysfs" ino=53099 scontext=u:r:system_suspend:s0 tcontext=u:object_r:sysfs:s0 tclass=dir permissive=0
01-01 08:00:12.573 I/commit_sys_config_file( 1471): [batterystats,2]
01-01 08:00:12.574 I/commit_sys_config_file( 1471): [batterystats,1]
01-01 08:00:12.614 I/service_manager_stats( 1471): [100,23,9807]
01-01 08:00:12.654 I/rescue_note( 1471): [0,1,9847]
01-01 08:00:12.747 I/auditd ( 1280): type=1400 audit(0.0:189): avc: denied { read write } for comm="qfp-daemon" name="diag" dev="tmpfs" ino=2196 scontext=u:r:vendor_qfp-daemon:s0 tcontext=u:object_r:vendor_diag_device:s0 tclass=chr_file permissive=0
01-01 08:00:12.759 I/auditd ( 936): type=1400 audit(0.0:190): avc: denied { read write } for comm="sensors.qti" name="diag" dev="tmpfs" ino=2196 scontext=u:r:vendor_sensors_qti:s0 tcontext=u:object_r:vendor_diag_device:s0 tclass=chr_file permissive=0
01-01 08:00:12.959 I/auditd ( 936): type=1400 audit(0.0:191): avc: denied { read write } for comm="sensors.qti" name="diag" dev="tmpfs" ino=2196 scontext=u:r:vendor_sensors_qti:s0 tcontext=u:object_r:vendor_diag_device:s0 tclass=chr_file permissive=0
01-01 08:00:13.159 I/auditd ( 936): type=1400 audit(0.0:192): avc: denied { read write } for comm="sensors.qti" name="diag" dev="tmpfs" ino=2196 scontext=u:r:vendor_sensors_qti:s0 tcontext=u:object_r:vendor_diag_device:s0 tclass=chr_file permissive=0
01-01 08:00:13.359 I/auditd ( 936): type=1400 audit(0.0:193): avc: denied { read write } for comm="sensors.qti" name="diag" dev="tmpfs" ino=2196 scontext=u:r:vendor_sensors_qti:s0 tcontext=u:object_r:vendor_diag_device:s0 tclass=chr_file permissive=0
01-01 08:00:13.504 I/am_wtf ( 1471): [0,1471,system_server,-1,DisplayDeviceConfig,requesting nits when no mapping exists.]
01-01 08:00:13.505 I/am_wtf ( 1471): [0,1471,system_server,-1,DisplayDeviceConfig,requesting nits when no mapping exists.]
01-01 08:00:13.514 I/boot_progress_pms_start( 1471): 10708
01-01 08:00:13.559 I/auditd ( 936): type=1400 audit(0.0:194): avc: denied { read write } for comm="sensors.qti" name="diag" dev="tmpfs" ino=2196 scontext=u:r:vendor_sensors_qti:s0 tcontext=u:object_r:vendor_diag_device:s0 tclass=chr_file permissive=0
01-01 08:00:13.606 I/boot_progress_pms_system_scan_start( 1471): 10800
01-01 08:00:13.663 I/auditd ( 814): type=1400 audit(0.0:195): avc: denied { read write } for comm="HwBinder:814_2" name="diag" dev="tmpfs" ino=2196 scontext=u:r:hal_audio_default:s0 tcontext=u:object_r:vendor_diag_device:s0 tclass=chr_file permissive=0
01-01 08:00:13.759 I/auditd ( 936): type=1400 audit(0.0:196): avc: denied { read write } for comm="sensors.qti" name="diag" dev="tmpfs" ino=2196 scontext=u:r:vendor_sensors_qti:s0 tcontext=u:object_r:vendor_diag_device:s0 tclass=chr_file permissive=0
01-01 08:00:13.963 I/boot_progress_pms_data_scan_start( 1471): 11156
01-01 08:00:13.959 I/auditd ( 936): type=1400 audit(0.0:197): avc: denied { read write } for comm="sensors.qti" name="diag" dev="tmpfs" ino=2196 scontext=u:r:vendor_sensors_qti:s0 tcontext=u:object_r:vendor_diag_device:s0 tclass=chr_file permissive=0
01-01 08:00:13.965 I/boot_progress_pms_scan_end( 1471): 11158
01-01 08:00:14.022 I/commit_sys_config_file( 1471): [package-user-0,1]
01-01 08:00:14.022 I/commit_sys_config_file( 1471): [package,16]
01-01 08:00:14.022 I/boot_progress_pms_ready( 1471): 11216
01-01 08:00:14.030 I/am_uid_running( 1471): 1000
01-01 08:00:14.031 I/am_uid_active( 1471): 1000
01-01 08:00:14.046 I/commit_sys_config_file( 1471): [overlays,1]
01-01 08:00:14.052 I/battery_status( 1471): [1,1,0,0,]
09-22 22:26:44.034 I/wm_task_created( 1471): [1,-1]
09-22 22:26:44.037 I/sysui_multi_action( 1471): [757,1594,758,4,759,0,806,NULL]
09-22 22:26:44.031 I/auditd ( 936): type=1400 audit(0.0:198): avc: denied { read write } for comm="sensors.qti" name="diag" dev="tmpfs" ino=2196 scontext=u:r:vendor_sensors_qti:s0 tcontext=u:object_r:vendor_diag_device:s0 tclass=chr_file permissive=0
09-22 22:26:44.047 I/auditd ( 1471): type=1400 audit(0.0:199): avc: denied { read } for comm="InputReader" name="virtualkeys.cyttsp7_mt" dev="sysfs" ino=69224 scontext=u:r:system_server:s0 tcontext=u:object_r:sysfs:s0 tclass=file permissive=0
09-22 22:26:44.062 I/configuration_changed( 1471): 536894968
09-22 22:26:44.063 I/sysui_multi_action( 1471): [757,1659,758,4,759,2,1660,0]
09-22 22:26:44.066 I/configuration_changed( 1471): 8 --------- beginning of radio
09-22 22:26:44.195 D/TelephonyRegistry( 1471): listen oscl: mHasNotifySubscriptionInfoChangedOccurred==false no callback
09-22 22:26:44.235 I/auditd ( 936): type=1400 audit(0.0:200): avc: denied { read write } for comm="sensors.qti" name="diag" dev="tmpfs" ino=2196 scontext=u:r:vendor_sensors_qti:s0 tcontext=u:object_r:vendor_diag_device:s0 tclass=chr_file permissive=0
09-22 22:26:44.248 I/storage_state( 1471): [41217664-9172-527a-b3d5-edabb50a7d69,0,0,46909997056,48316284928]
09-22 22:26:44.295 I/auditd ( 1471): type=1400 audit(0.0:201): avc: denied { read } for comm="system_server" name="u:object_r:vendor_default_prop:s0" dev="tmpfs" ino=1332 scontext=u:r:system_server:s0 tcontext=u:object_r:vendor_default_prop:s0 tclass=file permissive=0
09-22 22:26:44.308 I/stream_devices_changed( 1471): [4,0,2]
09-22 22:26:44.309 I/stream_devices_changed( 1471): [3,0,2]
09-22 22:26:44.309 I/stream_devices_changed( 1471): [2,0,2]
09-22 22:26:44.309 I/stream_devices_changed( 1471): [0,0,1]
