09-23 00:35:50.568 I/am_wtf ( 1471): [0,1471,system_server,-1,DisplayDeviceConfig,requesting nits when no mapping exists.]
09-23 00:35:50.585 I/am_wtf ( 1471): [0,1471,system_server,-1,DisplayDeviceConfig,requesting nits when no mapping exists.]
09-23 00:35:50.586 I/am_wtf ( 1471): [0,1471,system_server,-1,DisplayDeviceConfig,requesting nits when no mapping exists.]
09-23 00:35:50.601 I/am_wtf ( 1471): [0,1471,system_server,-1,DisplayDeviceConfig,requesting nits when no mapping exists.]
09-23 00:35:50.602 I/am_wtf ( 1471): [0,1471,system_server,-1,DisplayDeviceConfig,requesting nits when no mapping exists.]
09-23 00:35:50.619 I/am_wtf ( 1471): [0,1471,system_server,-1,DisplayDeviceConfig,requesting nits when no mapping exists.]
09-23 00:35:50.619 I/am_wtf ( 1471): [0,1471,system_server,-1,DisplayDeviceConfig,requesting nits when no mapping exists.]
09-23 00:35:50.635 I/am_wtf ( 1471): [0,1471,system_server,-1,DisplayDeviceConfig,requesting nits when no mapping exists.]
09-23 00:35:50.636 I/am_wtf ( 1471): [0,1471,system_server,-1,DisplayDeviceConfig,requesting nits when no mapping exists.]
09-23 00:35:50.651 I/am_wtf ( 1471): [0,1471,system_server,-1,DisplayDeviceConfig,requesting nits when no mapping exists.]
09-23 00:35:50.652 I/am_wtf ( 1471): [0,1471,system_server,-1,DisplayDeviceConfig,requesting nits when no mapping exists.]
09-23 00:35:50.668 I/am_wtf ( 1471): [0,1471,system_server,-1,DisplayDeviceConfig,requesting nits when no mapping exists.]
09-23 00:35:50.669 I/am_wtf ( 1471): [0,1471,system_server,-1,DisplayDeviceConfig,requesting nits when no mapping exists.]
09-23 00:35:50.685 I/am_wtf ( 1471): [0,1471,system_server,-1,DisplayDeviceConfig,requesting nits when no mapping exists.]
09-23 00:35:50.686 I/am_wtf ( 1471): [0,1471,system_server,-1,DisplayDeviceConfig,requesting nits when no mapping exists.]
09-23 00:35:50.702 I/am_wtf ( 1471): [0,1471,system_server,-1,DisplayDeviceConfig,requesting nits when no mapping exists.]
09-23 00:35:50.703 I/am_wtf ( 1471): [0,1471,system_server,-1,DisplayDeviceConfig,requesting nits when no mapping exists.]
09-23 00:35:50.718 I/am_wtf ( 1471): [0,1471,system_server,-1,DisplayDeviceConfig,requesting nits when no mapping exists.]
09-23 00:35:50.719 I/am_wtf ( 1471): [0,1471,system_server,-1,DisplayDeviceConfig,requesting nits when no mapping exists.]
09-23 00:35:50.735 I/am_wtf ( 1471): [0,1471,system_server,-1,DisplayDeviceConfig,requesting nits when no mapping exists.]
09-23 00:35:50.736 I/am_wtf ( 1471): [0,1471,system_server,-1,DisplayDeviceConfig,requesting nits when no mapping exists.]
09-23 00:35:50.751 I/am_wtf ( 1471): [0,1471,system_server,-1,DisplayDeviceConfig,requesting nits when no mapping exists.]
09-23 00:35:50.752 I/am_wtf ( 1471): [0,1471,system_server,-1,DisplayDeviceConfig,requesting nits when no mapping exists.]
09-23 00:35:50.768 I/am_wtf ( 1471): [0,1471,system_server,-1,DisplayDeviceConfig,requesting nits when no mapping exists.]
09-23 00:35:50.769 I/am_wtf ( 1471): [0,1471,system_server,-1,DisplayDeviceConfig,requesting nits when no mapping exists.]
09-23 00:35:50.786 I/am_wtf ( 1471): [0,1471,system_server,-1,DisplayDeviceConfig,requesting nits when no mapping exists.]
09-23 00:35:50.787 I/am_wtf ( 1471): [0,1471,system_server,-1,DisplayDeviceConfig,requesting nits when no mapping exists.]
09-23 00:35:50.801 I/am_wtf ( 1471): [0,1471,system_server,-1,DisplayDeviceConfig,requesting nits when no mapping exists.]
09-23 00:35:50.802 I/am_wtf ( 1471): [0,1471,system_server,-1,DisplayDeviceConfig,requesting nits when no mapping exists.]
09-23 00:35:55.638 I/am_uid_idle( 1471): 10066
09-23 00:35:56.806 I/sysui_multi_action( 1471): [757,222,758,1]
09-23 00:35:56.809 I/am_uid_active( 1471): 10066
09-23 00:35:56.823 I/wm_task_created( 1471): [42,-1]
09-23 00:35:56.824 I/am_pss ( 1471): [9094,10068,com.android.calendar,7363584,4816896,0,92434432,0,19,10]
09-23 00:35:56.829 I/wm_task_moved( 1471): [42,1,7]
09-23 00:35:56.829 I/wm_task_to_front( 1471): [0,42]
09-23 00:35:56.829 I/wm_create_task( 1471): [0,42]
09-23 00:35:56.829 I/wm_create_activity( 1471): [0,65654026,42,com.android.deskclock/android.service.dreams.DreamActivity,NULL,NULL,NULL,276824064]
09-23 00:35:56.830 I/wm_task_moved( 1471): [42,1,7]
09-23 00:35:56.830 I/wm_on_top_resumed_lost_called( 2388): [226227664,com.android.launcher3.uioverrides.QuickstepLauncher,topStateChangedWhenResumed]
09-23 00:35:56.835 I/wm_pause_activity( 1471): [0,226227664,com.android.launcher3/.uioverrides.QuickstepLauncher,userLeaving=true,pauseBackTasks]
09-23 00:35:56.835 I/am_pss ( 1471): [9061,1000,com.qti.diagservices,6692864,3821568,0,93487104,0,10,10]
09-23 00:35:56.843 I/wm_on_paused_called( 2388): [226227664,com.android.launcher3.uioverrides.QuickstepLauncher,performPause]
09-23 00:35:56.846 I/wm_add_to_stopping( 1471): [0,226227664,com.android.launcher3/.uioverrides.QuickstepLauncher,makeInvisible]
09-23 00:35:56.846 I/wm_restart_activity( 1471): [0,65654026,42,com.android.deskclock/android.service.dreams.DreamActivity]
09-23 00:35:56.848 I/wm_set_resumed_activity( 1471): [0,com.android.deskclock/android.service.dreams.DreamActivity,minimalResumeActivityLocked]
09-23 00:35:56.857 I/sysui_multi_action( 1471): [757,803,799,window_time_0,802,60]
09-23 00:35:56.861 I/wm_on_create_called( 2544): [65654026,android.service.dreams.DreamActivity,performCreate]
09-23 00:35:56.862 I/wm_on_start_called( 2544): [65654026,android.service.dreams.DreamActivity,handleStartActivity]
09-23 00:35:56.862 I/wm_on_resume_called( 2544): [65654026,android.service.dreams.DreamActivity,RESUME_ACTIVITY]
09-23 00:35:56.867 I/input_focus( 1471): [Focus leaving 4ed4abc com.android.launcher3/com.android.launcher3.uioverrides.QuickstepLauncher (server),reason=NO_WINDOW]
09-23 00:35:56.867 I/wm_on_top_resumed_gained_called( 2544): [65654026,android.service.dreams.DreamActivity,topStateChangedWhenResumed]
09-23 00:35:56.889 I/input_focus( 1471): [Focus request fdfafd6 com.android.deskclock/android.service.dreams.DreamActivity,reason=UpdateInputWindows]
09-23 00:35:56.891 I/notification_enqueue( 1471): [10081,1849,com.android.systemui,2048,NULL,0,Notification(channel=updateNotification shortcut=null contentView=null vibrate=null sound=null defaults=0x0 flags=0x0 color=0x00000000 vis=PRIVATE),1]
09-23 00:35:56.891 I/sysui_multi_action( 1849): [757,111,758,2]
09-23 00:35:56.892 I/sysui_multi_action( 1849): [757,111,758,2]
09-23 00:35:56.908 I/sysui_multi_action( 1471): [757,1696,758,6,759,3]
09-23 00:35:56.915 I/sysui_multi_action( 1471): [319,82,322,82,325,7764,757,761,758,8,759,2,806,com.android.deskclock,871,android.service.dreams.DreamActivity,904,com.android.deskclock,905,0,1320,4,1321,1]
09-23 00:35:56.915 I/sysui_multi_action( 1849): [757,111,758,1]
09-23 00:35:56.916 I/sysui_multi_action( 1849): [757,126,758,1,759,126,927,0,928,0,1593,0]
09-23 00:35:56.916 I/sysui_multi_action( 1849): [757,113,758,1,759,113,927,1,928,1,1593,0]
09-23 00:35:56.916 I/wm_activity_launch_time( 1471): [0,65654026,com.android.deskclock/android.service.dreams.DreamActivity,82]
09-23 00:35:56.917 I/sysui_multi_action( 1849): [757,0,758,1,759,0,927,2,928,0,1593,0]
09-23 00:35:56.917 I/sysui_multi_action( 1849): [757,0,758,1,759,0,927,3,928,0,1593,0]
09-23 00:35:56.917 I/sysui_multi_action( 1849): [757,1706,758,1,759,1706,927,4,928,0,1593,0]
09-23 00:35:56.918 I/sysui_multi_action( 1849): [757,491,758,1,759,491,927,5,928,0,1311,-1,1593,0]
09-23 00:35:56.918 I/sysui_multi_action( 1849): [757,0,758,1,759,0,927,6,928,0,1593,0]
09-23 00:35:56.918 I/sysui_multi_action( 1849): [757,111,758,1]
09-23 00:35:56.918 I/sysui_multi_action( 1849): [757,126,758,1,759,126,927,0,928,0,1593,0]
09-23 00:35:56.919 I/sysui_multi_action( 1849): [757,113,758,1,759,113,927,1,928,1,1593,0]
09-23 00:35:56.919 I/sysui_multi_action( 1849): [757,0,758,1,759,0,927,2,928,0,1593,0]
09-23 00:35:56.919 I/sysui_multi_action( 1849): [757,0,758,1,759,0,927,3,928,0,1593,0]
09-23 00:35:56.922 I/am_wtf ( 1471): [0,1471,system_server,-1,DisplayDeviceConfig,requesting nits when no mapping exists.]
09-23 00:35:56.923 I/service_manager_stats( 1471): [116,72,7072]
09-23 00:35:56.923 I/am_wtf ( 1471): [0,1471,system_server,-1,DisplayDeviceConfig,requesting nits when no mapping exists.]
09-23 00:35:56.934 I/am_wtf ( 1471): [0,1471,system_server,-1,DisplayDeviceConfig,requesting nits when no mapping exists.]
09-23 00:35:56.935 I/am_wtf ( 1471): [0,1471,system_server,-1,DisplayDeviceConfig,requesting nits when no mapping exists.]
09-23 00:35:56.951 I/input_focus( 1471): [Focus entering fdfafd6 com.android.deskclock/android.service.dreams.DreamActivity (server),reason=Window became focusable. Previous reason: NOT_VISIBLE]
09-23 00:35:56.953 I/am_wtf ( 1471): [0,1471,system_server,-1,DisplayDeviceConfig,requesting nits when no mapping exists.]
09-23 00:35:56.953 I/am_wtf ( 1471): [0,1471,system_server,-1,DisplayDeviceConfig,requesting nits when no mapping exists.]
09-23 00:35:56.967 I/am_wtf ( 1471): [0,1471,system_server,-1,DisplayDeviceConfig,requesting nits when no mapping exists.]
09-23 00:35:56.968 I/am_wtf ( 1471): [0,1471,system_server,-1,DisplayDeviceConfig,requesting nits when no mapping exists.]
09-23 00:35:56.987 I/am_wtf ( 1471): [0,1471,system_server,-1,DisplayDeviceConfig,requesting nits when no mapping exists.]
09-23 00:35:56.987 I/am_wtf ( 1471): [0,1471,system_server,-1,DisplayDeviceConfig,requesting nits when no mapping exists.]
09-23 00:35:57.001 I/am_wtf ( 1471): [0,1471,system_server,-1,DisplayDeviceConfig,requesting nits when no mapping exists.]
09-23 00:35:57.002 I/am_wtf ( 1471): [0,1471,system_server,-1,DisplayDeviceConfig,requesting nits when no mapping exists.]
09-23 00:35:57.017 I/am_wtf ( 1471): [0,1471,system_server,-1,DisplayDeviceConfig,requesting nits when no mapping exists.]
09-23 00:35:57.023 I/am_wtf ( 1471): [0,1471,system_server,-1,DisplayDeviceConfig,requesting nits when no mapping exists.]
09-23 00:35:57.035 I/am_wtf ( 1471): [0,1471,system_server,-1,DisplayDeviceConfig,requesting nits when no mapping exists.]
09-23 00:35:57.038 I/am_wtf ( 1471): [0,1471,system_server,-1,DisplayDeviceConfig,requesting nits when no mapping exists.]
09-23 00:35:57.052 I/am_wtf ( 1471): [0,1471,system_server,-1,DisplayDeviceConfig,requesting nits when no mapping exists.]
09-23 00:35:57.056 I/am_wtf ( 1471): [0,1471,system_server,-1,DisplayDeviceConfig,requesting nits when no mapping exists.]
09-23 00:35:57.071 I/am_wtf ( 1471): [0,1471,system_server,-1,DisplayDeviceConfig,requesting nits when no mapping exists.]
09-23 00:35:57.072 I/am_wtf ( 1471): [0,1471,system_server,-1,DisplayDeviceConfig,requesting nits when no mapping exists.]
09-23 00:35:57.090 I/am_wtf ( 1471): [0,1471,system_server,-1,DisplayDeviceConfig,requesting nits when no mapping exists.]
09-23 00:35:57.091 I/am_wtf ( 1471): [0,1471,system_server,-1,DisplayDeviceConfig,requesting nits when no mapping exists.]
09-23 00:35:57.093 I/sysui_multi_action( 1471): [757,1501,758,1,793,7744294,794,0,795,204,796,2048,806,com.android.systemui,857,updateNotification,858,3,947,0,1500,0,1688,1]
09-23 00:35:57.093 I/sysui_multi_action( 1471): [757,804,799,note_interruptive,801,0,802,1]
09-23 00:35:57.093 I/sysui_multi_action( 1471): [757,199,758,1,759,2,793,7744294,794,0,795,204,796,2048,806,com.android.systemui,857,updateNotification,858,3,947,0,1500,0,1688,1]
09-23 00:35:57.093 I/notification_alert( 1471): [0|com.android.systemui|2048|null|10081,0,1,0]
09-23 00:35:57.102 I/am_wtf ( 1471): [0,1471,system_server,-1,DisplayDeviceConfig,requesting nits when no mapping exists.]
09-23 00:35:57.103 I/am_wtf ( 1471): [0,1471,system_server,-1,DisplayDeviceConfig,requesting nits when no mapping exists.]
09-23 00:35:57.118 I/am_wtf ( 1471): [0,1471,system_server,-1,DisplayDeviceConfig,requesting nits when no mapping exists.]
09-23 00:35:57.122 I/am_wtf ( 1471): [0,1471,system_server,-1,DisplayDeviceConfig,requesting nits when no mapping exists.]
09-23 00:35:57.138 I/am_wtf ( 1471): [0,1471,system_server,-1,DisplayDeviceConfig,requesting nits when no mapping exists.]
09-23 00:35:57.139 I/am_wtf ( 1471): [0,1471,system_server,-1,DisplayDeviceConfig,requesting nits when no mapping exists.]
09-23 00:35:57.150 I/am_wtf ( 1471): [0,1471,system_server,-1,DisplayDeviceConfig,requesting nits when no mapping exists.]
09-23 00:35:57.153 I/am_wtf ( 1471): [0,1471,system_server,-1,DisplayDeviceConfig,requesting nits when no mapping exists.]
09-23 00:35:57.169 I/am_wtf ( 1471): [0,1471,system_server,-1,DisplayDeviceConfig,requesting nits when no mapping exists.]
09-23 00:35:57.170 I/am_wtf ( 1471): [0,1471,system_server,-1,DisplayDeviceConfig,requesting nits when no mapping exists.]
09-23 00:35:57.185 I/am_wtf ( 1471): [0,1471,system_server,-1,DisplayDeviceConfig,requesting nits when no mapping exists.]
09-23 00:35:57.186 I/am_wtf ( 1471): [0,1471,system_server,-1,DisplayDeviceConfig,requesting nits when no mapping exists.]
09-23 00:35:57.202 I/wm_stop_activity( 1471): [0,226227664,com.android.launcher3/.uioverrides.QuickstepLauncher]
09-23 00:35:57.205 I/am_wtf ( 1471): [0,1471,system_server,-1,DisplayDeviceConfig,requesting nits when no mapping exists.]
09-23 00:35:57.206 I/am_wtf ( 1471): [0,1471,system_server,-1,DisplayDeviceConfig,requesting nits when no mapping exists.]
09-23 00:35:57.221 I/am_wtf ( 1471): [0,1471,system_server,-1,DisplayDeviceConfig,requesting nits when no mapping exists.]
09-23 00:35:57.222 I/am_wtf ( 1471): [0,1471,system_server,-1,DisplayDeviceConfig,requesting nits when no mapping exists.]
09-23 00:35:57.230 I/wm_on_stop_called( 2388): [226227664,com.android.launcher3.uioverrides.QuickstepLauncher,STOP_ACTIVITY_ITEM]
09-23 00:35:57.235 I/am_wtf ( 1471): [0,1471,system_server,-1,DisplayDeviceConfig,requesting nits when no mapping exists.]
09-23 00:35:57.237 I/am_wtf ( 1471): [0,1471,system_server,-1,DisplayDeviceConfig,requesting nits when no mapping exists.]
09-23 00:35:57.251 I/am_wtf ( 1471): [0,1471,system_server,-1,DisplayDeviceConfig,requesting nits when no mapping exists.]
09-23 00:35:57.252 I/am_wtf ( 1471): [0,1471,system_server,-1,DisplayDeviceConfig,requesting nits when no mapping exists.]
09-23 00:35:57.271 I/am_wtf ( 1471): [0,1471,system_server,-1,DisplayDeviceConfig,requesting nits when no mapping exists.]
09-23 00:35:57.272 I/am_wtf ( 1471): [0,1471,system_server,-1,DisplayDeviceConfig,requesting nits when no mapping exists.]
09-23 00:35:57.287 I/am_wtf ( 1471): [0,1471,system_server,-1,DisplayDeviceConfig,requesting nits when no mapping exists.]
09-23 00:35:57.287 I/am_wtf ( 1471): [0,1471,system_server,-1,DisplayDeviceConfig,requesting nits when no mapping exists.]
09-23 00:35:57.305 I/am_wtf ( 1471): [0,1471,system_server,-1,DisplayDeviceConfig,requesting nits when no mapping exists.]
09-23 00:35:57.305 I/am_wtf ( 1471): [0,1471,system_server,-1,DisplayDeviceConfig,requesting nits when no mapping exists.]
09-23 00:35:57.318 I/am_wtf ( 1471): [0,1471,system_server,-1,DisplayDeviceConfig,requesting nits when no mapping exists.]
09-23 00:35:57.319 I/am_wtf ( 1471): [0,1471,system_server,-1,DisplayDeviceConfig,requesting nits when no mapping exists.]
09-23 00:35:57.335 I/am_wtf ( 1471): [0,1471,system_server,-1,DisplayDeviceConfig,requesting nits when no mapping exists.]
09-23 00:35:57.336 I/am_wtf ( 1471): [0,1471,system_server,-1,DisplayDeviceConfig,requesting nits when no mapping exists.]
09-23 00:35:57.355 I/am_wtf ( 1471): [0,1471,system_server,-1,DisplayDeviceConfig,requesting nits when no mapping exists.]
09-23 00:35:57.356 I/am_wtf ( 1471): [0,1471,system_server,-1,DisplayDeviceConfig,requesting nits when no mapping exists.]
09-23 00:35:57.369 I/am_wtf ( 1471): [0,1471,system_server,-1,DisplayDeviceConfig,requesting nits when no mapping exists.]
09-23 00:35:57.370 I/am_wtf ( 1471): [0,1471,system_server,-1,DisplayDeviceConfig,requesting nits when no mapping exists.]
09-23 00:35:57.385 I/am_wtf ( 1471): [0,1471,system_server,-1,DisplayDeviceConfig,requesting nits when no mapping exists.]
09-23 00:35:57.387 I/am_wtf ( 1471): [0,1471,system_server,-1,DisplayDeviceConfig,requesting nits when no mapping exists.]
09-23 00:35:57.402 I/am_wtf ( 1471): [0,1471,system_server,-1,DisplayDeviceConfig,requesting nits when no mapping exists.]
09-23 00:35:57.403 I/am_wtf ( 1471): [0,1471,system_server,-1,DisplayDeviceConfig,requesting nits when no mapping exists.]
09-23 00:35:57.420 I/am_wtf ( 1471): [0,1471,system_server,-1,DisplayDeviceConfig,requesting nits when no mapping exists.]
09-23 00:35:57.421 I/am_wtf ( 1471): [0,1471,system_server,-1,DisplayDeviceConfig,requesting nits when no mapping exists.]
09-23 00:35:57.440 I/am_wtf ( 1471): [0,1471,system_server,-1,DisplayDeviceConfig,requesting nits when no mapping exists.]
09-23 00:35:57.441 I/am_wtf ( 1471): [0,1471,system_server,-1,DisplayDeviceConfig,requesting nits when no mapping exists.]
09-23 00:35:57.453 I/am_wtf ( 1471): [0,1471,system_server,-1,DisplayDeviceConfig,requesting nits when no mapping exists.]
09-23 00:35:57.454 I/am_wtf ( 1471): [0,1471,system_server,-1,DisplayDeviceConfig,requesting nits when no mapping exists.]
09-23 00:35:57.473 I/am_wtf ( 1471): [0,1471,system_server,-1,DisplayDeviceConfig,requesting nits when no mapping exists.]
09-23 00:35:57.474 I/am_wtf ( 1471): [0,1471,system_server,-1,DisplayDeviceConfig,requesting nits when no mapping exists.]
09-23 00:35:57.485 I/am_wtf ( 1471): [0,1471,system_server,-1,DisplayDeviceConfig,requesting nits when no mapping exists.]
09-23 00:35:57.490 I/am_wtf ( 1471): [0,1471,system_server,-1,DisplayDeviceConfig,requesting nits when no mapping exists.]
09-23 00:35:57.506 I/am_wtf ( 1471): [0,1471,system_server,-1,DisplayDeviceConfig,requesting nits when no mapping exists.]
09-23 00:35:57.507 I/am_wtf ( 1471): [0,1471,system_server,-1,DisplayDeviceConfig,requesting nits when no mapping exists.]
09-23 00:35:57.521 I/am_wtf ( 1471): [0,1471,system_server,-1,DisplayDeviceConfig,requesting nits when no mapping exists.]
09-23 00:35:57.523 I/am_wtf ( 1471): [0,1471,system_server,-1,DisplayDeviceConfig,requesting nits when no mapping exists.]
09-23 00:35:57.536 I/am_wtf ( 1471): [0,1471,system_server,-1,DisplayDeviceConfig,requesting nits when no mapping exists.]
09-23 00:35:57.538 I/am_wtf ( 1471): [0,1471,system_server,-1,DisplayDeviceConfig,requesting nits when no mapping exists.]
09-23 00:35:57.554 I/am_wtf ( 1471): [0,1471,system_server,-1,DisplayDeviceConfig,requesting nits when no mapping exists.]
09-23 00:35:57.554 I/am_wtf ( 1471): [0,1471,system_server,-1,DisplayDeviceConfig,requesting nits when no mapping exists.]
09-23 00:35:57.569 I/am_wtf ( 1471): [0,1471,system_server,-1,DisplayDeviceConfig,requesting nits when no mapping exists.]
09-23 00:35:57.571 I/am_wtf ( 1471): [0,1471,system_server,-1,DisplayDeviceConfig,requesting nits when no mapping exists.]
09-23 00:35:57.585 I/am_wtf ( 1471): [0,1471,system_server,-1,DisplayDeviceConfig,requesting nits when no mapping exists.]
09-23 00:35:57.587 I/am_wtf ( 1471): [0,1471,system_server,-1,DisplayDeviceConfig,requesting nits when no mapping exists.]
09-23 00:35:57.606 I/am_wtf ( 1471): [0,1471,system_server,-1,DisplayDeviceConfig,requesting nits when no mapping exists.]
09-23 00:35:57.607 I/am_wtf ( 1471): [0,1471,system_server,-1,DisplayDeviceConfig,requesting nits when no mapping exists.]
09-23 00:35:57.626 I/am_wtf ( 1471): [0,1471,system_server,-1,DisplayDeviceConfig,requesting nits when no mapping exists.]
09-23 00:35:57.627 I/am_wtf ( 1471): [0,1471,system_server,-1,DisplayDeviceConfig,requesting nits when no mapping exists.]
09-23 00:35:57.642 I/am_wtf ( 1471): [0,1471,system_server,-1,DisplayDeviceConfig,requesting nits when no mapping exists.]
09-23 00:35:57.643 I/am_wtf ( 1471): [0,1471,system_server,-1,DisplayDeviceConfig,requesting nits when no mapping exists.]
09-23 00:35:57.651 I/am_wtf ( 1471): [0,1471,system_server,-1,DisplayDeviceConfig,requesting nits when no mapping exists.]
09-23 00:35:57.652 I/am_wtf ( 1471): [0,1471,system_server,-1,DisplayDeviceConfig,requesting nits when no mapping exists.]
09-23 00:35:57.671 I/am_wtf ( 1471): [0,1471,system_server,-1,DisplayDeviceConfig,requesting nits when no mapping exists.]
09-23 00:35:57.673 I/am_wtf ( 1471): [0,1471,system_server,-1,DisplayDeviceConfig,requesting nits when no mapping exists.]
09-23 00:35:57.689 I/am_wtf ( 1471): [0,1471,system_server,-1,DisplayDeviceConfig,requesting nits when no mapping exists.]
09-23 00:35:57.689 I/am_wtf ( 1471): [0,1471,system_server,-1,DisplayDeviceConfig,requesting nits when no mapping exists.]
09-23 00:35:57.705 I/am_wtf ( 1471): [0,1471,system_server,-1,DisplayDeviceConfig,requesting nits when no mapping exists.]
09-23 00:35:57.707 I/am_wtf ( 1471): [0,1471,system_server,-1,DisplayDeviceConfig,requesting nits when no mapping exists.]
09-23 00:35:57.721 I/am_wtf ( 1471): [0,1471,system_server,-1,DisplayDeviceConfig,requesting nits when no mapping exists.]
09-23 00:35:57.722 I/am_wtf ( 1471): [0,1471,system_server,-1,DisplayDeviceConfig,requesting nits when no mapping exists.]
09-23 00:35:57.736 I/am_wtf ( 1471): [0,1471,system_server,-1,DisplayDeviceConfig,requesting nits when no mapping exists.]
09-23 00:35:57.736 I/am_wtf ( 1471): [0,1471,system_server,-1,DisplayDeviceConfig,requesting nits when no mapping exists.]
09-23 00:35:57.756 I/am_wtf ( 1471): [0,1471,system_server,-1,DisplayDeviceConfig,requesting nits when no mapping exists.]
09-23 00:35:57.756 I/am_wtf ( 1471): [0,1471,system_server,-1,DisplayDeviceConfig,requesting nits when no mapping exists.]
09-23 00:35:57.770 I/am_wtf ( 1471): [0,1471,system_server,-1,DisplayDeviceConfig,requesting nits when no mapping exists.]
09-23 00:35:57.771 I/am_wtf ( 1471): [0,1471,system_server,-1,DisplayDeviceConfig,requesting nits when no mapping exists.]
09-23 00:35:57.790 I/am_wtf ( 1471): [0,1471,system_server,-1,DisplayDeviceConfig,requesting nits when no mapping exists.]
09-23 00:35:57.791 I/am_wtf ( 1471): [0,1471,system_server,-1,DisplayDeviceConfig,requesting nits when no mapping exists.]
09-23 00:35:57.807 I/am_wtf ( 1471): [0,1471,system_server,-1,DisplayDeviceConfig,requesting nits when no mapping exists.]
09-23 00:35:57.810 I/am_wtf ( 1471): [0,1471,system_server,-1,DisplayDeviceConfig,requesting nits when no mapping exists.]
09-23 00:35:57.824 I/am_wtf ( 1471): [0,1471,system_server,-1,DisplayDeviceConfig,requesting nits when no mapping exists.]
09-23 00:35:57.825 I/am_wtf ( 1471): [0,1471,system_server,-1,DisplayDeviceConfig,requesting nits when no mapping exists.]
09-23 00:35:57.839 I/am_wtf ( 1471): [0,1471,system_server,-1,DisplayDeviceConfig,requesting nits when no mapping exists.]
09-23 00:35:57.840 I/am_wtf ( 1471): [0,1471,system_server,-1,DisplayDeviceConfig,requesting nits when no mapping exists.]
09-23 00:35:57.855 I/am_wtf ( 1471): [0,1471,system_server,-1,DisplayDeviceConfig,requesting nits when no mapping exists.]
09-23 00:35:57.856 I/am_wtf ( 1471): [0,1471,system_server,-1,DisplayDeviceConfig,requesting nits when no mapping exists.]
09-23 00:35:57.870 I/am_wtf ( 1471): [0,1471,system_server,-1,DisplayDeviceConfig,requesting nits when no mapping exists.]
09-23 00:35:57.871 I/am_wtf ( 1471): [0,1471,system_server,-1,DisplayDeviceConfig,requesting nits when no mapping exists.]
09-23 00:36:11.714 I/input_interaction( 1471): Interaction with: fdfafd6 com.android.deskclock/android.service.dreams.DreamActivity (server), edge-swipe (server), swipe-up (server), PointerEventDispatcher0 (server),
09-23 00:36:11.716 I/wm_finish_activity( 1471): [0,65654026,42,com.android.deskclock/android.service.dreams.DreamActivity,finish-activity]
09-23 00:36:11.717 I/wm_task_moved( 1471): [1,1,6]
09-23 00:36:11.718 I/wm_task_moved( 1471): [33,1,2147483647]
09-23 00:36:11.718 I/wm_task_to_front( 1471): [0,33]
09-23 00:36:11.718 I/wm_focused_root_task( 1471): [0,0,1,42,finish-top adjustFocusToNextFocusableTask]
09-23 00:36:11.718 I/wm_set_resumed_activity( 1471): [0,com.android.launcher3/.uioverrides.QuickstepLauncher,finish-top adjustFocusToNextFocusableTask]
09-23 00:36:11.719 I/wm_pause_activity( 1471): [0,65654026,com.android.deskclock/android.service.dreams.DreamActivity,userLeaving=false,finish]
09-23 00:36:11.722 I/service_manager_stats( 1471): [116,79,14799]
09-23 00:36:11.726 I/sysui_multi_action( 1471): [757,803,799,window_time_0,802,15]
09-23 00:36:11.728 I/wm_on_top_resumed_lost_called( 2544): [65654026,android.service.dreams.DreamActivity,topStateChangedWhenResumed]
09-23 00:36:11.728 I/wm_on_paused_called( 2544): [65654026,android.service.dreams.DreamActivity,performPause]
09-23 00:36:11.729 I/wm_add_to_stopping( 1471): [0,65654026,com.android.deskclock/android.service.dreams.DreamActivity,completeFinishing]
09-23 00:36:11.731 I/wm_set_resumed_activity( 1471): [0,com.android.launcher3/.uioverrides.QuickstepLauncher,resumeTopActivityInnerLocked]
09-23 00:36:11.732 I/wm_resume_activity( 1471): [0,226227664,33,com.android.launcher3/.uioverrides.QuickstepLauncher]
09-23 00:36:11.741 I/input_focus( 1471): [Focus leaving fdfafd6 com.android.deskclock/android.service.dreams.DreamActivity (server),reason=NO_WINDOW]
09-23 00:36:11.741 I/view_enqueue_input_event( 2544): [Motion - Cancel,com.android.deskclock/android.service.dreams.DreamActivity]
09-23 00:36:11.745 I/sysui_multi_action( 1471): [757,803,799,window_time_0,802,0]
09-23 00:36:11.749 I/wm_on_restart_called( 2388): [226227664,com.android.launcher3.uioverrides.QuickstepLauncher,performRestartActivity]
09-23 00:36:11.750 I/wm_on_start_called( 2388): [226227664,com.android.launcher3.uioverrides.QuickstepLauncher,handleStartActivity]
09-23 00:36:11.750 I/input_interaction( 1471): Interaction with: edge-swipe (server), swipe-up (server), PointerEventDispatcher0 (server),
09-23 00:36:11.751 I/wm_on_resume_called( 2388): [226227664,com.android.launcher3.uioverrides.QuickstepLauncher,RESUME_ACTIVITY]
09-23 00:36:11.751 I/wm_on_top_resumed_gained_called( 2388): [226227664,com.android.launcher3.uioverrides.QuickstepLauncher,topWhenResuming]
09-23 00:36:11.756 I/input_focus( 1471): [Focus request 4ed4abc com.android.launcher3/com.android.launcher3.uioverrides.QuickstepLauncher,reason=UpdateInputWindows]
09-23 00:36:11.786 I/input_focus( 1471): [Focus entering 4ed4abc com.android.launcher3/com.android.launcher3.uioverrides.QuickstepLauncher (server),reason=setFocusedWindow]
09-23 00:36:12.025 I/wm_destroy_activity( 1471): [0,65654026,42,com.android.deskclock/android.service.dreams.DreamActivity,finish-imm:idle]
09-23 00:36:12.048 I/wm_on_stop_called( 2544): [65654026,android.service.dreams.DreamActivity,LIFECYCLER_STOP_ACTIVITY]
09-23 00:36:12.048 I/wm_on_destroy_called( 2544): [65654026,android.service.dreams.DreamActivity,performDestroy]
09-23 00:36:12.052 I/sysui_multi_action( 1471): [757,222,758,2]
09-23 00:36:12.053 I/sysui_multi_action( 1471): [757,804,799,dreaming_minutes,801,0,802,1]
09-23 00:36:12.064 I/wm_task_removed( 1471): [42,removeChild:removeChild last r=ActivityRecord{3e9cd0a u0 com.android.deskclock/android.service.dreams.DreamActivity t-1 f}} in t=Task{dd56f47 #42 type=dream A=10066:android:com.android.deskclock/dream U=0 visible=false mode=fullscreen translucent=true sz=0}]
09-23 00:36:12.064 I/wm_task_removed( 1471): [42,removeChild]
09-23 00:36:20.713 I/input_interaction( 1471): Interaction with: 4ed4abc com.android.launcher3/com.android.launcher3.uioverrides.QuickstepLauncher (server), d380f0a com.android.systemui.ImageWallpaper (server), edge-swipe (server), swipe-up (server), PointerEventDispatcher0 (server),
09-23 00:36:20.869 I/wm_task_moved( 1471): [39,1,6]
09-23 00:36:20.869 I/wm_task_to_front( 1471): [0,39]
09-23 00:36:20.870 I/wm_focused_root_task( 1471): [0,0,39,1,bringingFoundTaskToFront]
09-23 00:36:20.871 I/wm_set_resumed_activity( 1471): [0,com.android.settings/.Settings,bringingFoundTaskToFront]
09-23 00:36:20.872 I/wm_new_intent( 1471): [0,175300907,39,com.android.settings/.Settings,android.intent.action.MAIN,NULL,NULL,270532608]
09-23 00:36:20.875 I/wm_pause_activity( 1471): [0,226227664,com.android.launcher3/.uioverrides.QuickstepLauncher,userLeaving=true,pauseBackTasks]
09-23 00:36:20.885 I/wm_on_top_resumed_lost_called( 2388): [226227664,com.android.launcher3.uioverrides.QuickstepLauncher,topStateChangedWhenResumed]
09-23 00:36:20.890 I/wm_on_paused_called( 2388): [226227664,com.android.launcher3.uioverrides.QuickstepLauncher,performPause]
09-23 00:36:20.897 I/wm_set_resumed_activity( 1471): [0,com.android.settings/.Settings,resumeTopActivityInnerLocked]
09-23 00:36:20.897 I/wm_add_to_stopping( 1471): [0,226227664,com.android.launcher3/.uioverrides.QuickstepLauncher,makeInvisible]
09-23 00:36:20.899 I/wm_resume_activity( 1471): [0,175300907,39,com.android.settings/.Settings]
09-23 00:36:20.904 I/sysui_multi_action( 1471): [757,803,799,window_time_0,802,9]
09-23 00:36:20.909 I/input_focus( 1471): [Focus leaving 4ed4abc com.android.launcher3/com.android.launcher3.uioverrides.QuickstepLauncher (server),reason=NO_WINDOW]
09-23 00:36:20.917 I/wm_on_restart_called( 8440): [175300907,com.android.settings.Settings,performRestartActivity]
09-23 00:36:20.920 I/wm_on_start_called( 8440): [175300907,com.android.settings.Settings,handleStartActivity]
09-23 00:36:20.921 I/snet_event_log( 8440): [120484087,-1,]
09-23 00:36:20.922 I/wm_on_resume_called( 8440): [175300907,com.android.settings.Settings,RESUME_ACTIVITY]
09-23 00:36:20.922 I/sysui_multi_action( 8440): [757,35,758,1,833,0,1089,0]
09-23 00:36:20.923 I/sysui_multi_action( 8440): [757,744,758,1,833,0,1089,0]
09-23 00:36:20.925 I/wm_on_top_resumed_gained_called( 8440): [175300907,com.android.settings.Settings,topWhenResuming]
09-23 00:36:20.925 I/am_pss ( 1471): [9094,10068,com.android.calendar,7363584,4816896,0,92434432,0,19,5]
09-23 00:36:20.932 I/am_pss ( 1471): [9061,1000,com.qti.diagservices,6692864,3821568,0,93487104,0,10,5]
09-23 00:36:20.933 I/input_focus( 1471): [Focus request b1c8932 com.android.settings/com.android.settings.Settings,reason=UpdateInputWindows]
09-23 00:36:20.950 I/sysui_multi_action( 1471): [319,44,321,40,322,79,325,7788,757,761,758,9,759,4,806,com.android.settings,871,com.android.settings.Settings,904,com.android.launcher3,905,0,1320,8,1321,5]
09-23 00:36:20.958 I/input_focus( 1471): [Focus entering b1c8932 com.android.settings/com.android.settings.Settings (server),reason=setFocusedWindow]
09-23 00:36:21.447 I/wm_stop_activity( 1471): [0,226227664,com.android.launcher3/.uioverrides.QuickstepLauncher]
09-23 00:36:21.469 I/wm_on_stop_called( 2388): [226227664,com.android.launcher3.uioverrides.QuickstepLauncher,STOP_ACTIVITY_ITEM]
09-23 00:36:39.276 I/am_freeze( 1471): [8488,com.qualcomm.qti.qccauthmgr]
09-23 00:36:39.278 I/am_kill ( 1471): [0,8488,com.qualcomm.qti.qccauthmgr,935,Unable to freeze binder interface]
09-23 00:36:39.308 I/am_proc_died( 1471): [0,8488,com.qualcomm.qti.qccauthmgr,935,19]
09-23 00:36:39.308 I/am_uid_stopped( 1471): 10088
09-23 00:36:54.450 I/input_interaction( 1471): Interaction with: b1c8932 com.android.settings/com.android.settings.Settings (server), edge-swipe (server), swipe-up (server), PointerEventDispatcher0 (server),
09-23 00:36:54.573 I/sysui_multi_action( 8440): [757,830,758,4,833,0,854,dashboard_tile_pref_com.android.settings.Settings$DevelopmentSettingsDashboardActivity,1089,0]
09-23 00:36:54.576 I/sysui_multi_action( 8440): [757,744,758,2,1089,33652]
09-23 00:36:54.619 I/auditd ( 8440): type=1400 audit(0.0:909): avc: denied { read } for comm="ndroid.settings" name="pagetypeinfo" dev="proc" ino=4026531857 scontext=u:r:system_app:s0 tcontext=u:object_r:proc_pagetypeinfo:s0 tclass=file permissive=0
09-23 00:36:54.619 I/auditd ( 8440): type=1400 audit(0.0:910): avc: denied { search } for comm="ndroid.settings" name="zram0" dev="sysfs" ino=62873 scontext=u:r:system_app:s0 tcontext=u:object_r:sysfs_zram:s0 tclass=dir permissive=0
09-23 00:36:54.623 I/auditd ( 8440): type=1400 audit(0.0:911): avc: denied { search } for comm="ndroid.settings" name="zram0" dev="sysfs" ino=62873 scontext=u:r:system_app:s0 tcontext=u:object_r:sysfs_zram:s0 tclass=dir permissive=0
09-23 00:36:54.670 I/sysui_multi_action( 8440): [757,39,758,1,833,0,1089,94]
09-23 00:36:54.671 D/TelephonyRegistry( 1471): listen oscl: mHasNotifySubscriptionInfoChangedOccurred==false no callback
09-23 00:36:54.673 D/TelephonyRegistry( 1471): listen oscl: mHasNotifySubscriptionInfoChangedOccurred==false no callback
09-23 00:36:54.683 I/auditd ( 8440): type=1400 audit(0.0:912): avc: denied { read } for comm="pool-2-thread-3" name="pagetypeinfo" dev="proc" ino=4026531857 scontext=u:r:system_app:s0 tcontext=u:object_r:proc_pagetypeinfo:s0 tclass=file permissive=0
09-23 00:36:54.683 I/auditd ( 8440): type=1400 audit(0.0:913): avc: denied { search } for comm="pool-2-thread-3" name="zram0" dev="sysfs" ino=62873 scontext=u:r:system_app:s0 tcontext=u:object_r:sysfs_zram:s0 tclass=dir permissive=0
09-23 00:36:54.694 I/sysui_multi_action( 8440): [757,1729,758,4,854,isParalleledControllers:false,1089,117]
09-23 00:36:58.441 I/sysui_multi_action( 8440): [757,830,758,4,833,0,854,memory,1089,0]
09-23 00:36:58.452 I/sysui_multi_action( 8440): [757,39,758,2,1089,3782]
09-23 00:36:58.451 I/auditd ( 8440): type=1400 audit(0.0:915): avc: denied { read } for comm="ndroid.settings" name="pagetypeinfo" dev="proc" ino=4026531857 scontext=u:r:system_app:s0 tcontext=u:object_r:proc_pagetypeinfo:s0 tclass=file permissive=0
09-23 00:36:58.455 I/auditd ( 8440): type=1400 audit(0.0:916): avc: denied { search } for comm="ndroid.settings" name="zram0" dev="sysfs" ino=62873 scontext=u:r:system_app:s0 tcontext=u:object_r:sysfs_zram:s0 tclass=dir permissive=0
09-23 00:36:58.455 I/auditd ( 8440): type=1400 audit(0.0:917): avc: denied { search } for comm="ndroid.settings" name="zram0" dev="sysfs" ino=62873 scontext=u:r:system_app:s0 tcontext=u:object_r:sysfs_zram:s0 tclass=dir permissive=0
09-23 00:36:58.473 I/sysui_multi_action( 8440): [757,202,758,1,833,0,1089,20]
09-23 00:36:58.471 I/auditd ( 8440): type=1400 audit(0.0:918): avc: denied { search } for comm="ndroid.settings" name="zram0" dev="sysfs" ino=62873 scontext=u:r:system_app:s0 tcontext=u:object_r:sysfs_zram:s0 tclass=dir permissive=0
09-23 00:36:58.471 I/auditd ( 8440): type=1400 audit(0.0:919): avc: denied { search } for comm="ndroid.settings" name="zram0" dev="sysfs" ino=62873 scontext=u:r:system_app:s0 tcontext=u:object_r:sysfs_zram:s0 tclass=dir permissive=0
09-23 00:37:12.073 I/am_uid_idle( 1471): 10066
09-23 00:37:16.194 I/sysui_multi_action( 8440): [757,202,758,2,1089,17720]
09-23 00:37:16.227 I/sysui_multi_action( 8440): [757,39,758,1,833,0,1089,0]
09-23 00:37:16.228 D/TelephonyRegistry( 1471): listen oscl: mHasNotifySubscriptionInfoChangedOccurred==false no callback
09-23 00:37:16.230 D/TelephonyRegistry( 1471): listen oscl: mHasNotifySubscriptionInfoChangedOccurred==false no callback
09-23 00:37:16.243 I/auditd ( 8440): type=1400 audit(0.0:920): avc: denied { read } for comm="pool-2-thread-8" name="pagetypeinfo" dev="proc" ino=4026531857 scontext=u:r:system_app:s0 tcontext=u:object_r:proc_pagetypeinfo:s0 tclass=file permissive=0
09-23 00:37:16.247 I/auditd ( 8440): type=1400 audit(0.0:921): avc: denied { search } for comm="pool-2-thread-8" name="zram0" dev="sysfs" ino=62873 scontext=u:r:system_app:s0 tcontext=u:object_r:sysfs_zram:s0 tclass=dir permissive=0
09-23 00:37:16.247 I/auditd ( 8440): type=1400 audit(0.0:922): avc: denied { search } for comm="pool-2-thread-8" name="zram0" dev="sysfs" ino=62873 scontext=u:r:system_app:s0 tcontext=u:object_r:sysfs_zram:s0 tclass=dir permissive=0
09-23 00:37:18.315 I/sysui_multi_action( 8440): [757,39,758,2,1089,2087]
09-23 00:37:18.325 I/sysui_multi_action( 8440): [757,744,758,1,833,0,1089,0]
09-23 00:37:22.490 I/sysui_multi_action( 8440): [757,830,758,4,833,0,854,dashboard_tile_pref_com.android.settings.Settings$DevelopmentSettingsDashboardActivity,1089,0]
09-23 00:37:22.491 I/sysui_multi_action( 8440): [757,744,758,2,1089,4167]
09-23 00:37:22.527 I/auditd ( 8440): type=1400 audit(0.0:923): avc: denied { read } for comm="ndroid.settings" name="pagetypeinfo" dev="proc" ino=4026531857 scontext=u:r:system_app:s0 tcontext=u:object_r:proc_pagetypeinfo:s0 tclass=file permissive=0
09-23 00:37:22.527 I/auditd ( 8440): type=1400 audit(0.0:924): avc: denied { search } for comm="ndroid.settings" name="zram0" dev="sysfs" ino=62873 scontext=u:r:system_app:s0 tcontext=u:object_r:sysfs_zram:s0 tclass=dir permissive=0
09-23 00:37:22.527 I/auditd ( 8440): type=1400 audit(0.0:925): avc: denied { search } for comm="ndroid.settings" name="zram0" dev="sysfs" ino=62873 scontext=u:r:system_app:s0 tcontext=u:object_r:sysfs_zram:s0 tclass=dir permissive=0
09-23 00:37:22.547 I/sysui_multi_action( 8440): [757,39,758,1,833,0,1089,54]
09-23 00:37:22.547 D/TelephonyRegistry( 1471): listen oscl: mHasNotifySubscriptionInfoChangedOccurred==false no callback
09-23 00:37:22.549 D/TelephonyRegistry( 1471): listen oscl: mHasNotifySubscriptionInfoChangedOccurred==false no callback
09-23 00:37:22.555 I/auditd ( 8440): type=1400 audit(0.0:926): avc: denied { read } for comm="pool-2-thread-4" name="pagetypeinfo" dev="proc" ino=4026531857 scontext=u:r:system_app:s0 tcontext=u:object_r:proc_pagetypeinfo:s0 tclass=file permissive=0
09-23 00:37:22.559 I/auditd ( 8440): type=1400 audit(0.0:927): avc: denied { search } for comm="pool-2-thread-4" name="zram0" dev="sysfs" ino=62873 scontext=u:r:system_app:s0 tcontext=u:object_r:sysfs_zram:s0 tclass=dir permissive=0
09-23 00:37:22.559 I/auditd ( 8440): type=1400 audit(0.0:928): avc: denied { search } for comm="pool-2-thread-4" name="zram0" dev="sysfs" ino=62873 scontext=u:r:system_app:s0 tcontext=u:object_r:sysfs_zram:s0 tclass=dir permissive=0
09-23 00:37:22.562 I/sysui_multi_action( 8440): [757,1729,758,4,854,isParalleledControllers:false,1089,70]
09-23 00:37:26.697 I/sysui_multi_action( 8440): [757,39,758,2,1089,4150]
09-23 00:37:26.712 I/sysui_multi_action( 8440): [757,744,758,1,833,0,1089,0]
09-23 00:38:19.626 I/sysui_multi_action( 1471): [757,1696,758,6,759,2]
09-23 00:38:19.631 I/am_wtf ( 1471): [0,1471,system_server,-1,DisplayDeviceConfig,requesting nits when no mapping exists.]
09-23 00:38:19.634 I/am_wtf ( 1471): [0,1471,system_server,-1,DisplayDeviceConfig,requesting nits when no mapping exists.]
09-23 00:38:19.646 I/am_wtf ( 1471): [0,1471,system_server,-1,DisplayDeviceConfig,requesting nits when no mapping exists.]
09-23 00:38:19.648 I/am_wtf ( 1471): [0,1471,system_server,-1,DisplayDeviceConfig,requesting nits when no mapping exists.]
09-23 00:38:19.663 I/am_wtf ( 1471): [0,1471,system_server,-1,DisplayDeviceConfig,requesting nits when no mapping exists.]
09-23 00:38:19.665 I/am_wtf ( 1471): [0,1471,system_server,-1,DisplayDeviceConfig,requesting nits when no mapping exists.]
09-23 00:38:19.676 I/am_wtf ( 1471): [0,1471,system_server,-1,DisplayDeviceConfig,requesting nits when no mapping exists.]
09-23 00:38:19.677 I/am_wtf ( 1471): [0,1471,system_server,-1,DisplayDeviceConfig,requesting nits when no mapping exists.]
09-23 00:38:19.693 I/am_wtf ( 1471): [0,1471,system_server,-1,DisplayDeviceConfig,requesting nits when no mapping exists.]
09-23 00:38:19.694 I/am_wtf ( 1471): [0,1471,system_server,-1,DisplayDeviceConfig,requesting nits when no mapping exists.]
09-23 00:38:19.710 I/am_wtf ( 1471): [0,1471,system_server,-1,DisplayDeviceConfig,requesting nits when no mapping exists.]
09-23 00:38:19.711 I/am_wtf ( 1471): [0,1471,system_server,-1,DisplayDeviceConfig,requesting nits when no mapping exists.]
09-23 00:38:19.727 I/am_wtf ( 1471): [0,1471,system_server,-1,DisplayDeviceConfig,requesting nits when no mapping exists.]
09-23 00:38:19.729 I/am_wtf ( 1471): [0,1471,system_server,-1,DisplayDeviceConfig,requesting nits when no mapping exists.]
09-23 00:38:19.744 I/am_wtf ( 1471): [0,1471,system_server,-1,DisplayDeviceConfig,requesting nits when no mapping exists.]
09-23 00:38:19.745 I/am_wtf ( 1471): [0,1471,system_server,-1,DisplayDeviceConfig,requesting nits when no mapping exists.]
09-23 00:38:19.762 I/am_wtf ( 1471): [0,1471,system_server,-1,DisplayDeviceConfig,requesting nits when no mapping exists.]
09-23 00:38:19.763 I/am_wtf ( 1471): [0,1471,system_server,-1,DisplayDeviceConfig,requesting nits when no mapping exists.]
09-23 00:38:19.777 I/am_wtf ( 1471): [0,1471,system_server,-1,DisplayDeviceConfig,requesting nits when no mapping exists.]
09-23 00:38:19.778 I/am_wtf ( 1471): [0,1471,system_server,-1,DisplayDeviceConfig,requesting nits when no mapping exists.]
09-23 00:38:19.794 I/am_wtf ( 1471): [0,1471,system_server,-1,DisplayDeviceConfig,requesting nits when no mapping exists.]
09-23 00:38:19.795 I/am_wtf ( 1471): [0,1471,system_server,-1,DisplayDeviceConfig,requesting nits when no mapping exists.]
09-23 00:38:19.810 I/am_wtf ( 1471): [0,1471,system_server,-1,DisplayDeviceConfig,requesting nits when no mapping exists.]
09-23 00:38:19.811 I/am_wtf ( 1471): [0,1471,system_server,-1,DisplayDeviceConfig,requesting nits when no mapping exists.]
09-23 00:38:19.827 I/am_wtf ( 1471): [0,1471,system_server,-1,DisplayDeviceConfig,requesting nits when no mapping exists.]
09-23 00:38:19.828 I/am_wtf ( 1471): [0,1471,system_server,-1,DisplayDeviceConfig,requesting nits when no mapping exists.]
09-23 00:38:19.844 I/am_wtf ( 1471): [0,1471,system_server,-1,DisplayDeviceConfig,requesting nits when no mapping exists.]
09-23 00:38:19.846 I/am_wtf ( 1471): [0,1471,system_server,-1,DisplayDeviceConfig,requesting nits when no mapping exists.]
09-23 00:38:19.860 I/am_wtf ( 1471): [0,1471,system_server,-1,DisplayDeviceConfig,requesting nits when no mapping exists.]
09-23 00:38:19.861 I/am_wtf ( 1471): [0,1471,system_server,-1,DisplayDeviceConfig,requesting nits when no mapping exists.]
09-23 00:38:19.877 I/am_wtf ( 1471): [0,1471,system_server,-1,DisplayDeviceConfig,requesting nits when no mapping exists.]
09-23 00:38:19.878 I/am_wtf ( 1471): [0,1471,system_server,-1,DisplayDeviceConfig,requesting nits when no mapping exists.]
09-23 00:38:19.894 I/am_wtf ( 1471): [0,1471,system_server,-1,DisplayDeviceConfig,requesting nits when no mapping exists.]
09-23 00:38:19.895 I/am_wtf ( 1471): [0,1471,system_server,-1,DisplayDeviceConfig,requesting nits when no mapping exists.]
09-23 00:38:19.911 I/am_wtf ( 1471): [0,1471,system_server,-1,DisplayDeviceConfig,requesting nits when no mapping exists.]
09-23 00:38:19.912 I/am_wtf ( 1471): [0,1471,system_server,-1,DisplayDeviceConfig,requesting nits when no mapping exists.]
09-23 00:38:19.927 I/am_wtf ( 1471): [0,1471,system_server,-1,DisplayDeviceConfig,requesting nits when no mapping exists.]
09-23 00:38:19.928 I/am_wtf ( 1471): [0,1471,system_server,-1,DisplayDeviceConfig,requesting nits when no mapping exists.]
09-23 00:38:19.944 I/am_wtf ( 1471): [0,1471,system_server,-1,DisplayDeviceConfig,requesting nits when no mapping exists.]
09-23 00:38:19.945 I/am_wtf ( 1471): [0,1471,system_server,-1,DisplayDeviceConfig,requesting nits when no mapping exists.]
09-23 00:38:19.961 I/am_wtf ( 1471): [0,1471,system_server,-1,DisplayDeviceConfig,requesting nits when no mapping exists.]
09-23 00:38:19.962 I/am_wtf ( 1471): [0,1471,system_server,-1,DisplayDeviceConfig,requesting nits when no mapping exists.]
09-23 00:38:19.977 I/am_wtf ( 1471): [0,1471,system_server,-1,DisplayDeviceConfig,requesting nits when no mapping exists.]
09-23 00:38:19.979 I/am_wtf ( 1471): [0,1471,system_server,-1,DisplayDeviceConfig,requesting nits when no mapping exists.]
09-23 00:38:19.995 I/am_wtf ( 1471): [0,1471,system_server,-1,DisplayDeviceConfig,requesting nits when no mapping exists.]
09-23 00:38:19.996 I/am_wtf ( 1471): [0,1471,system_server,-1,DisplayDeviceConfig,requesting nits when no mapping exists.]
09-23 00:38:20.011 I/am_wtf ( 1471): [0,1471,system_server,-1,DisplayDeviceConfig,requesting nits when no mapping exists.]
09-23 00:38:20.013 I/am_wtf ( 1471): [0,1471,system_server,-1,DisplayDeviceConfig,requesting nits when no mapping exists.]
09-23 00:38:20.028 I/am_wtf ( 1471): [0,1471,system_server,-1,DisplayDeviceConfig,requesting nits when no mapping exists.]
09-23 00:38:20.029 I/am_wtf ( 1471): [0,1471,system_server,-1,DisplayDeviceConfig,requesting nits when no mapping exists.]
09-23 00:38:20.044 I/am_wtf ( 1471): [0,1471,system_server,-1,DisplayDeviceConfig,requesting nits when no mapping exists.]
09-23 00:38:20.045 I/am_wtf ( 1471): [0,1471,system_server,-1,DisplayDeviceConfig,requesting nits when no mapping exists.]
09-23 00:38:20.061 I/am_wtf ( 1471): [0,1471,system_server,-1,DisplayDeviceConfig,requesting nits when no mapping exists.]
09-23 00:38:20.062 I/am_wtf ( 1471): [0,1471,system_server,-1,DisplayDeviceConfig,requesting nits when no mapping exists.]
09-23 00:38:20.078 I/am_wtf ( 1471): [0,1471,system_server,-1,DisplayDeviceConfig,requesting nits when no mapping exists.]
09-23 00:38:20.079 I/am_wtf ( 1471): [0,1471,system_server,-1,DisplayDeviceConfig,requesting nits when no mapping exists.]
09-23 00:38:20.094 I/am_wtf ( 1471): [0,1471,system_server,-1,DisplayDeviceConfig,requesting nits when no mapping exists.]
09-23 00:38:20.095 I/am_wtf ( 1471): [0,1471,system_server,-1,DisplayDeviceConfig,requesting nits when no mapping exists.]
09-23 00:38:20.111 I/am_wtf ( 1471): [0,1471,system_server,-1,DisplayDeviceConfig,requesting nits when no mapping exists.]
09-23 00:38:20.112 I/am_wtf ( 1471): [0,1471,system_server,-1,DisplayDeviceConfig,requesting nits when no mapping exists.]
09-23 00:38:20.128 I/am_wtf ( 1471): [0,1471,system_server,-1,DisplayDeviceConfig,requesting nits when no mapping exists.]
09-23 00:38:20.129 I/am_wtf ( 1471): [0,1471,system_server,-1,DisplayDeviceConfig,requesting nits when no mapping exists.]
09-23 00:38:20.144 I/am_wtf ( 1471): [0,1471,system_server,-1,DisplayDeviceConfig,requesting nits when no mapping exists.]
09-23 00:38:20.146 I/am_wtf ( 1471): [0,1471,system_server,-1,DisplayDeviceConfig,requesting nits when no mapping exists.]
09-23 00:38:20.161 I/am_wtf ( 1471): [0,1471,system_server,-1,DisplayDeviceConfig,requesting nits when no mapping exists.]
09-23 00:38:20.162 I/am_wtf ( 1471): [0,1471,system_server,-1,DisplayDeviceConfig,requesting nits when no mapping exists.]
09-23 00:38:20.178 I/am_wtf ( 1471): [0,1471,system_server,-1,DisplayDeviceConfig,requesting nits when no mapping exists.]
09-23 00:38:20.179 I/am_wtf ( 1471): [0,1471,system_server,-1,DisplayDeviceConfig,requesting nits when no mapping exists.]
09-23 00:38:20.194 I/am_wtf ( 1471): [0,1471,system_server,-1,DisplayDeviceConfig,requesting nits when no mapping exists.]
09-23 00:38:20.196 I/am_wtf ( 1471): [0,1471,system_server,-1,DisplayDeviceConfig,requesting nits when no mapping exists.]
09-23 00:38:20.212 I/am_wtf ( 1471): [0,1471,system_server,-1,DisplayDeviceConfig,requesting nits when no mapping exists.]
09-23 00:38:20.213 I/am_wtf ( 1471): [0,1471,system_server,-1,DisplayDeviceConfig,requesting nits when no mapping exists.]
09-23 00:38:20.228 I/am_wtf ( 1471): [0,1471,system_server,-1,DisplayDeviceConfig,requesting nits when no mapping exists.]
09-23 00:38:20.229 I/am_wtf ( 1471): [0,1471,system_server,-1,DisplayDeviceConfig,requesting nits when no mapping exists.]
09-23 00:38:20.245 I/am_wtf ( 1471): [0,1471,system_server,-1,DisplayDeviceConfig,requesting nits when no mapping exists.]
09-23 00:38:20.246 I/am_wtf ( 1471): [0,1471,system_server,-1,DisplayDeviceConfig,requesting nits when no mapping exists.]
09-23 00:38:20.262 I/am_wtf ( 1471): [0,1471,system_server,-1,DisplayDeviceConfig,requesting nits when no mapping exists.]
09-23 00:38:20.263 I/service_manager_stats( 1471): [100,60,128541]
09-23 00:38:20.263 I/am_wtf ( 1471): [0,1471,system_server,-1,DisplayDeviceConfig,requesting nits when no mapping exists.]
09-23 00:38:20.278 I/am_wtf ( 1471): [0,1471,system_server,-1,DisplayDeviceConfig,requesting nits when no mapping exists.]
09-23 00:38:20.279 I/am_wtf ( 1471): [0,1471,system_server,-1,DisplayDeviceConfig,requesting nits when no mapping exists.]
09-23 00:38:20.294 I/am_wtf ( 1471): [0,1471,system_server,-1,DisplayDeviceConfig,requesting nits when no mapping exists.]
09-23 00:38:20.295 I/am_wtf ( 1471): [0,1471,system_server,-1,DisplayDeviceConfig,requesting nits when no mapping exists.]
09-23 00:38:20.312 I/am_wtf ( 1471): [0,1471,system_server,-1,DisplayDeviceConfig,requesting nits when no mapping exists.]
09-23 00:38:20.312 I/am_wtf ( 1471): [0,1471,system_server,-1,DisplayDeviceConfig,requesting nits when no mapping exists.]
09-23 00:38:20.328 I/am_wtf ( 1471): [0,1471,system_server,-1,DisplayDeviceConfig,requesting nits when no mapping exists.]
09-23 00:38:20.329 I/am_wtf ( 1471): [0,1471,system_server,-1,DisplayDeviceConfig,requesting nits when no mapping exists.]
09-23 00:38:20.345 I/am_wtf ( 1471): [0,1471,system_server,-1,DisplayDeviceConfig,requesting nits when no mapping exists.]
09-23 00:38:20.346 I/am_wtf ( 1471): [0,1471,system_server,-1,DisplayDeviceConfig,requesting nits when no mapping exists.]
09-23 00:38:20.362 I/am_wtf ( 1471): [0,1471,system_server,-1,DisplayDeviceConfig,requesting nits when no mapping exists.]
09-23 00:38:20.363 I/am_wtf ( 1471): [0,1471,system_server,-1,DisplayDeviceConfig,requesting nits when no mapping exists.]
09-23 00:38:20.379 I/am_wtf ( 1471): [0,1471,system_server,-1,DisplayDeviceConfig,requesting nits when no mapping exists.]
09-23 00:38:20.380 I/am_wtf ( 1471): [0,1471,system_server,-1,DisplayDeviceConfig,requesting nits when no mapping exists.]
09-23 00:38:20.395 I/am_wtf ( 1471): [0,1471,system_server,-1,DisplayDeviceConfig,requesting nits when no mapping exists.]
09-23 00:38:20.396 I/am_wtf ( 1471): [0,1471,system_server,-1,DisplayDeviceConfig,requesting nits when no mapping exists.]
09-23 00:38:20.412 I/am_wtf ( 1471): [0,1471,system_server,-1,DisplayDeviceConfig,requesting nits when no mapping exists.]
09-23 00:38:20.413 I/am_wtf ( 1471): [0,1471,system_server,-1,DisplayDeviceConfig,requesting nits when no mapping exists.]
