01-01 08:27:12.053 0 0 I : __lock_acquire+0xbc/0x1e58
01-01 08:27:12.053 0 0 I : lock_acquire+0x1cc/0x218
01-01 08:27:12.053 0 0 I : _raw_spin_lock_irqsave+0x54/0x98
01-01 08:27:12.053 0 0 I : ion_system_secure_heap_prefetch_work+0x94/0x2c0
01-01 08:27:12.053 0 0 I : process_one_work+0x38c/0x660
01-01 08:27:12.053 0 0 I : worker_thread+0x268/0x4b8
01-01 08:27:12.053 0 0 I : kthread+0x140/0x150
01-01 08:27:12.053 0 0 I : ret_from_fork+0x10/0x1c
01-01 08:27:12.055 0 0 E : INFO: trying to register non-static key.
01-01 08:27:12.055 0 0 E : the code is fine but needs lockdep annotation.
01-01 08:27:12.055 0 0 I : CPU: 5 PID: 81 Comm: kworker/u16:1 Tainted: G S W O 4.19.157+ #1
01-01 08:27:12.055 0 0 I Hardware name: Qualcomm Technologies, Inc. kona MTP-RmPM8150b. VC1(FSE) EVT1 (DT)
01-01 08:27:12.055 0 0 I Workqueue: events_unbound ion_system_secure_heap_prefetch_work
01-01 08:27:12.055 0 0 I Call trace:
01-01 08:27:12.055 0 0 I : dump_backtrace+0x0/0x258
01-01 08:27:12.055 0 0 I : show_stack+0x20/0x30
01-01 08:27:12.055 0 0 I : dump_stack+0xd8/0x12c
01-01 08:27:12.055 0 0 I : register_lock_class+0x4d0/0x5c8
01-01 08:27:12.055 0 0 I : __lock_acquire+0xbc/0x1e58
01-01 08:27:12.055 0 0 I : lock_acquire+0x1cc/0x218
01-01 08:27:12.055 0 0 I : _raw_spin_lock_irqsave+0x54/0x98
01-01 08:27:12.055 0 0 I : ion_system_secure_heap_prefetch_work+0x94/0x2c0
01-01 08:27:12.055 0 0 I : process_one_work+0x38c/0x660
01-01 08:27:12.055 0 0 I : worker_thread+0x268/0x4b8
01-01 08:27:12.055 0 0 I : kthread+0x140/0x150
01-01 08:27:12.055 0 0 I : ret_from_fork+0x10/0x1c
01-01 08:27:12.059 0 0 E bt_vreg_unvote: vreg_unvote successful for : qca,bt-vdd-dig
01-01 08:27:12.061 0 0 E : INFO: trying to register non-static key.
01-01 08:27:12.061 0 0 E : the code is fine but needs lockdep annotation.
01-01 08:27:12.061 0 0 I : CPU: 5 PID: 81 Comm: kworker/u16:1 Tainted: G S W O 4.19.157+ #1
01-01 08:27:12.061 0 0 I Hardware name: Qualcomm Technologies, Inc. kona MTP-RmPM8150b. VC1(FSE) EVT1 (DT)
01-01 08:27:12.061 0 0 I Workqueue: events_unbound ion_system_secure_heap_prefetch_work
01-01 08:27:12.061 0 0 I Call trace:
01-01 08:27:12.061 0 0 I : dump_backtrace+0x0/0x258
01-01 08:27:12.061 0 0 I : show_stack+0x20/0x30
01-01 08:27:12.061 0 0 I : dump_stack+0xd8/0x12c
01-01 08:27:12.061 0 0 I : register_lock_class+0x4d0/0x5c8
01-01 08:27:12.061 0 0 I : __lock_acquire+0xbc/0x1e58
01-01 08:27:12.061 0 0 I : lock_acquire+0x1cc/0x218
01-01 08:27:12.061 0 0 I : _raw_spin_lock_irqsave+0x54/0x98
01-01 08:27:12.061 0 0 I : ion_system_secure_heap_prefetch_work+0x94/0x2c0
01-01 08:27:12.061 0 0 I : process_one_work+0x38c/0x660
01-01 08:27:12.061 0 0 I : worker_thread+0x268/0x4b8
01-01 08:27:12.061 0 0 I : kthread+0x140/0x150
01-01 08:27:12.061 0 0 I : ret_from_fork+0x10/0x1c
01-01 08:27:12.065 0 0 D cnss : Assign MSI to user: DP, num_vectors: 18, user_base_data: 814, base_vector: 14
01-01 08:27:12.065 0 0 D cnss : Get IRQ number 427 for vector index 15
01-01 08:27:12.065 0 0 D cnss : Assign MSI to user: DP, num_vectors: 18, user_base_data: 814, base_vector: 14
01-01 08:27:12.066 0 0 D cnss : Get IRQ number 428 for vector index 16
01-01 08:27:12.066 0 0 D cnss : Assign MSI to user: DP, num_vectors: 18, user_base_data: 814, base_vector: 14
01-01 08:27:12.066 0 0 D cnss : Get IRQ number 429 for vector index 17
01-01 08:27:12.066 0 0 D cnss : Assign MSI to user: DP, num_vectors: 18, user_base_data: 814, base_vector: 14
01-01 08:27:12.066 0 0 D cnss : Assign MSI to user: DP, num_vectors: 18, user_base_data: 814, base_vector: 14
01-01 08:27:12.066 0 0 D cnss : Get IRQ number 431 for vector index 19
01-01 08:27:12.066 0 0 D cnss : Assign MSI to user: DP, num_vectors: 18, user_base_data: 814, base_vector: 14
01-01 08:27:12.066 0 0 D cnss : Get IRQ number 432 for vector index 20
01-01 08:27:12.071 0 0 E : INFO: trying to register non-static key.
01-01 08:27:12.072 0 0 I msm_vidc: high: 00000001: vp8e: Closed video instance: ffffffdc800b4000
01-01 08:27:12.079 0 0 E bt_vreg_unvote: vreg_unvote successful for : qca,bt-vdd-aon
01-01 08:27:12.082 0 0 E [kworke][0x40bb01bd][19:45:51.379286] wlan: [337:E:HIF] hif_pci_ce_irq_set_affinity_hint: 3708: Unable to set cpu mask for offline CPU 0
01-01 08:27:12.082 0 0 E : the code is fine but needs lockdep annotation.
01-01 08:27:12.082 0 0 I : CPU: 5 PID: 81 Comm: kworker/u16:1 Tainted: G S W O 4.19.157+ #1
01-01 08:27:12.082 0 0 I Hardware name: Qualcomm Technologies, Inc. kona MTP-RmPM8150b. VC1(FSE) EVT1 (DT)
01-01 08:27:12.082 0 0 I Workqueue: events_unbound ion_system_secure_heap_prefetch_work
01-01 08:27:12.082 0 0 I Call trace:
01-01 08:27:12.082 0 0 I : dump_backtrace+0x0/0x258
01-01 08:27:12.082 0 0 I : show_stack+0x20/0x30
01-01 08:27:12.082 0 0 I : dump_stack+0xd8/0x12c
01-01 08:27:12.082 0 0 I : register_lock_class+0x4d0/0x5c8
01-01 08:27:12.082 0 0 I : __lock_acquire+0xbc/0x1e58
01-01 08:27:12.082 0 0 I : lock_acquire+0x1cc/0x218
01-01 08:27:12.082 0 0 I : _raw_spin_lock_irqsave+0x54/0x98
01-01 08:27:12.082 0 0 I : ion_system_secure_heap_prefetch_work+0x94/0x2c0
01-01 08:27:12.082 0 0 I : process_one_work+0x38c/0x660
01-01 08:27:12.082 0 0 I : worker_thread+0x268/0x4b8
01-01 08:27:12.082 0 0 I : kthread+0x140/0x150
01-01 08:27:12.082 0 0 I : ret_from_fork+0x10/0x1c
01-01 08:27:12.096 0 0 I [kworke][0x40bf2ad0][19:45:51.393488] wlan: [278:I:WMA] wma_rx_service_ready_event: Firmware build version : 101a0521
01-01 08:27:12.101 0 0 E : INFO: trying to register non-static key.
01-01 08:27:12.109 0 0 I [kworke][0x40c32097][19:45:51.407005] wlan: [278:I:WMA] wma_rx_service_ready_event: Board id: 0, Board version: 8 0 0 0 6
01-01 08:27:12.110 0 0 E : the code is fine but needs lockdep annotation.
01-01 08:27:12.110 0 0 I : CPU: 2 PID: 81 Comm: kworker/u16:1 Tainted: G S W O 4.19.157+ #1
01-01 08:27:12.110 0 0 I Hardware name: Qualcomm Technologies, Inc. kona MTP-RmPM8150b. VC1(FSE) EVT1 (DT)
01-01 08:27:12.110 0 0 I Workqueue: events_unbound ion_system_secure_heap_prefetch_work
01-01 08:27:12.110 0 0 I Call trace:
01-01 08:27:12.110 0 0 I : dump_backtrace+0x0/0x258
01-01 08:27:12.110 0 0 I : show_stack+0x20/0x30
01-01 08:27:12.110 0 0 I : dump_stack+0xd8/0x12c
01-01 08:27:12.110 0 0 I : register_lock_class+0x4d0/0x5c8
01-01 08:27:12.110 0 0 I : __lock_acquire+0xbc/0x1e58
01-01 08:27:12.110 0 0 I : lock_acquire+0x1cc/0x218
01-01 08:27:12.110 0 0 I : _raw_spin_lock_irqsave+0x54/0x98
01-01 08:27:12.110 0 0 I : ion_system_secure_heap_prefetch_work+0x94/0x2c0
01-01 08:27:12.110 0 0 I : process_one_work+0x38c/0x660
01-01 08:27:12.110 0 0 I : worker_thread+0x268/0x4b8
01-01 08:27:12.110 0 0 I : kthread+0x140/0x150
01-01 08:27:12.110 0 0 I : ret_from_fork+0x10/0x1c
01-01 08:27:12.129 0 0 E : INFO: trying to register non-static key.
01-01 08:27:12.143 0 0 I [kworke][0x40ccee3d][19:45:51.440466] wlan: [278:I:WMA] wma_is_dbs_mandatory: 5417: MAC0 does not support both bands 2 DBS is mandatory
01-01 08:27:12.154 0 0 E : the code is fine but needs lockdep annotation.
01-01 08:27:12.154 0 0 I : CPU: 4 PID: 81 Comm: kworker/u16:1 Tainted: G S W O 4.19.157+ #1
01-01 08:27:12.154 0 0 I Hardware name: Qualcomm Technologies, Inc. kona MTP-RmPM8150b. VC1(FSE) EVT1 (DT)
01-01 08:27:12.154 0 0 I Workqueue: events_unbound ion_system_secure_heap_prefetch_work
01-01 08:27:12.154 0 0 I Call trace:
01-01 08:27:12.154 0 0 I : dump_backtrace+0x0/0x258
01-01 08:27:12.154 0 0 I : show_stack+0x20/0x30
01-01 08:27:12.154 0 0 I : dump_stack+0xd8/0x12c
01-01 08:27:12.154 0 0 I : register_lock_class+0x4d0/0x5c8
01-01 08:27:12.154 0 0 I : __lock_acquire+0xbc/0x1e58
01-01 08:27:12.154 0 0 I : lock_acquire+0x1cc/0x218
01-01 08:27:12.162 0 0 E [kworke][0x40d29cd1][19:45:51.459861] wlan: [278:E:QDF] copy_fw_abi_version_tlv: 6979: copy_fw_abi_version_tlv: INIT_CMD version: 1, 0, 0x5f414351, 0x4c4d, 0x0, 0x0
01-01 08:27:12.165 0 0 I : _raw_spin_lock_irqsave+0x54/0x98
01-01 08:27:12.165 0 0 I : ion_system_secure_heap_prefetch_work+0x94/0x2c0
01-01 08:27:12.197 0 0 I : process_one_work+0x38c/0x660
01-01 08:27:12.197 0 0 I : worker_thread+0x268/0x4b8
01-01 08:27:12.197 0 0 I : kthread+0x140/0x150
01-01 08:27:12.197 0 0 I : ret_from_fork+0x10/0x1c
01-01 08:27:12.210 0 0 E : INFO: trying to register non-static key.
01-01 08:27:12.213 0 0 I binder : 1898:2093 ioctl 40046210 73d230f1f4 returned -22
01-01 08:27:12.215 0 0 E : the code is fine but needs lockdep annotation.
01-01 08:27:12.215 0 0 I : CPU: 4 PID: 81 Comm: kworker/u16:1 Tainted: G S W O 4.19.157+ #1
01-01 08:27:12.215 0 0 I Hardware name: Qualcomm Technologies, Inc. kona MTP-RmPM8150b. VC1(FSE) EVT1 (DT)
01-01 08:27:12.215 0 0 I Workqueue: events_unbound ion_system_secure_heap_prefetch_work
01-01 08:27:12.215 0 0 I Call trace:
01-01 08:27:12.215 0 0 I : dump_backtrace+0x0/0x258
01-01 08:27:12.215 0 0 I : show_stack+0x20/0x30
01-01 08:27:12.215 0 0 I : dump_stack+0xd8/0x12c
01-01 08:27:12.215 0 0 I : register_lock_class+0x4d0/0x5c8
01-01 08:27:12.215 0 0 I : __lock_acquire+0xbc/0x1e58
01-01 08:27:12.215 0 0 I : lock_acquire+0x1cc/0x218
01-01 08:27:12.215 0 0 I : _raw_spin_lock_irqsave+0x54/0x98
01-01 08:27:12.215 0 0 I : ion_system_secure_heap_prefetch_work+0x94/0x2c0
01-01 08:27:12.215 0 0 I : process_one_work+0x38c/0x660
01-01 08:27:12.215 0 0 I : worker_thread+0x268/0x4b8
01-01 08:27:12.215 0 0 I : kthread+0x140/0x150
01-01 08:27:12.215 0 0 I : ret_from_fork+0x10/0x1c
01-01 08:27:12.226 0 0 E : INFO: trying to register non-static key.
01-01 08:27:12.232 0 0 E : the code is fine but needs lockdep annotation.
01-01 08:27:12.237 0 0 I : CPU: 5 PID: 81 Comm: kworker/u16:1 Tainted: G S W O 4.19.157+ #1
01-01 08:27:12.237 0 0 I Hardware name: Qualcomm Technologies, Inc. kona MTP-RmPM8150b. VC1(FSE) EVT1 (DT)
01-01 08:27:12.237 0 0 I Workqueue: events_unbound ion_system_secure_heap_prefetch_work
01-01 08:27:12.237 0 0 I Call trace:
01-01 08:27:12.237 0 0 I : dump_backtrace+0x0/0x258
01-01 08:27:12.237 0 0 I : show_stack+0x20/0x30
01-01 08:27:12.237 0 0 I : dump_stack+0xd8/0x12c
01-01 08:27:12.237 0 0 I : register_lock_class+0x4d0/0x5c8
01-01 08:27:12.237 0 0 I : __lock_acquire+0xbc/0x1e58
01-01 08:27:12.237 0 0 I : lock_acquire+0x1cc/0x218
01-01 08:27:12.237 0 0 I : _raw_spin_lock_irqsave+0x54/0x98
01-01 08:27:12.237 0 0 I : ion_system_secure_heap_prefetch_work+0x94/0x2c0
01-01 08:27:12.237 0 0 I : process_one_work+0x38c/0x660
01-01 08:27:12.237 0 0 I : worker_thread+0x268/0x4b8
01-01 08:27:12.237 0 0 I : kthread+0x140/0x150
01-01 08:27:12.237 0 0 I : ret_from_fork+0x10/0x1c
01-01 08:27:12.249 0 0 E : INFO: trying to register non-static key.
01-01 08:27:12.254 0 0 E : the code is fine but needs lockdep annotation.
01-01 08:27:12.260 0 0 I : CPU: 5 PID: 81 Comm: kworker/u16:1 Tainted: G S W O 4.19.157+ #1
01-01 08:27:12.260 0 0 I Hardware name: Qualcomm Technologies, Inc. kona MTP-RmPM8150b. VC1(FSE) EVT1 (DT)
01-01 08:27:12.260 0 0 I Workqueue: events_unbound ion_system_secure_heap_prefetch_work
01-01 08:27:12.260 0 0 I Call trace:
01-01 08:27:12.260 0 0 I : dump_backtrace+0x0/0x258
01-01 08:27:12.260 0 0 I : show_stack+0x20/0x30
01-01 08:27:12.260 0 0 I : dump_stack+0xd8/0x12c
01-01 08:27:12.260 0 0 I : register_lock_class+0x4d0/0x5c8
01-01 08:27:12.260 0 0 I : __lock_acquire+0xbc/0x1e58
01-01 08:27:12.260 0 0 I : lock_acquire+0x1cc/0x218
01-01 08:27:12.260 0 0 I : _raw_spin_lock_irqsave+0x54/0x98
01-01 08:27:12.260 0 0 I : ion_system_secure_heap_prefetch_work+0x94/0x2c0
01-01 08:27:12.260 0 0 I : process_one_work+0x38c/0x660
01-01 08:27:12.260 0 0 I : worker_thread+0x268/0x4b8
01-01 08:27:12.260 0 0 I : kthread+0x140/0x150
01-01 08:27:12.260 0 0 I : ret_from_fork+0x10/0x1c
01-01 08:27:12.270 0 0 W logd : Skipping entries from slow reader, pid 1284, fd 14, from LogBuffer::Prune()
01-01 08:27:12.271 0 0 E : INFO: trying to register non-static key.
01-01 08:27:12.272 0 0 W logd : Skipping entries from slow reader, pid 1284, fd 14, from LogBuffer::Prune()
01-01 08:27:12.277 0 0 E : the code is fine but needs lockdep annotation.
01-01 08:27:12.277 0 0 I : CPU: 4 PID: 81 Comm: kworker/u16:1 Tainted: G S W O 4.19.157+ #1
01-01 08:27:12.277 0 0 I Hardware name: Qualcomm Technologies, Inc. kona MTP-RmPM8150b. VC1(FSE) EVT1 (DT)
01-01 08:27:12.277 0 0 I Workqueue: events_unbound ion_system_secure_heap_prefetch_work
01-01 08:27:12.277 0 0 I Call trace:
01-01 08:27:12.277 0 0 I : dump_backtrace+0x0/0x258
01-01 08:27:12.277 0 0 I : show_stack+0x20/0x30
01-01 08:27:12.277 0 0 I : dump_stack+0xd8/0x12c
01-01 08:27:12.277 0 0 I : register_lock_class+0x4d0/0x5c8
01-01 08:27:12.277 0 0 I : __lock_acquire+0xbc/0x1e58
01-01 08:27:12.277 0 0 I : lock_acquire+0x1cc/0x218
01-01 08:27:12.277 0 0 I : _raw_spin_lock_irqsave+0x54/0x98
01-01 08:27:12.277 0 0 I : ion_system_secure_heap_prefetch_work+0x94/0x2c0
01-01 08:27:12.277 0 0 I : process_one_work+0x38c/0x660
01-01 08:27:12.277 0 0 I : worker_thread+0x268/0x4b8
01-01 08:27:12.277 0 0 I : kthread+0x140/0x150
01-01 08:27:12.277 0 0 I : ret_from_fork+0x10/0x1c
01-01 08:27:12.284 0 0 W logd : Skipping entries from slow reader, pid 1284, fd 14, from LogBuffer::Prune()
01-01 08:27:12.288 0 0 E : INFO: trying to register non-static key.
01-01 08:27:12.293 0 0 E : the code is fine but needs lockdep annotation.
01-01 08:27:12.299 0 0 I : CPU: 5 PID: 81 Comm: kworker/u16:1 Tainted: G S W O 4.19.157+ #1
01-01 08:27:12.299 0 0 I Hardware name: Qualcomm Technologies, Inc. kona MTP-RmPM8150b. VC1(FSE) EVT1 (DT)
01-01 08:27:12.299 0 0 I Workqueue: events_unbound ion_system_secure_heap_prefetch_work
01-01 08:27:12.299 0 0 I Call trace:
01-01 08:27:12.299 0 0 I : dump_backtrace+0x0/0x258
01-01 08:27:12.299 0 0 I : show_stack+0x20/0x30
01-01 08:27:12.299 0 0 I : dump_stack+0xd8/0x12c
01-01 08:27:12.299 0 0 I : register_lock_class+0x4d0/0x5c8
01-01 08:27:12.299 0 0 I : __lock_acquire+0xbc/0x1e58
01-01 08:27:12.299 0 0 I : lock_acquire+0x1cc/0x218
01-01 08:27:12.299 0 0 I : _raw_spin_lock_irqsave+0x54/0x98
01-01 08:27:12.299 0 0 I : ion_system_secure_heap_prefetch_work+0x94/0x2c0
01-01 08:27:12.299 0 0 I : process_one_work+0x38c/0x660
01-01 08:27:12.299 0 0 I : worker_thread+0x268/0x4b8
01-01 08:27:12.299 0 0 I : kthread+0x140/0x150
01-01 08:27:12.299 0 0 I : ret_from_fork+0x10/0x1c
09-22 19:45:51.602 1119 1119 D BluetoothManagerService: Bluetooth Adapter address changed to 22:22:DB:D4:76:54
09-22 19:45:51.602 1119 1119 D BluetoothManagerService: Stored Bluetoothaddress: 22:22:DB:D4:76:54
09-22 19:45:51.608 1119 1119 D BluetoothManagerService: Bluetooth Adapter name changed to QCOM-BTD by android
09-22 19:45:51.608 1119 1119 D BluetoothManagerService: Stored Bluetooth name: QCOM-BTD
09-22 19:45:51.615 1119 1119 D BluetoothManagerService: Bluetooth Adapter address changed to 22:22:DB:D4:76:54
09-22 19:45:51.615 1119 1119 D BluetoothManagerService: Stored Bluetoothaddress: 22:22:DB:D4:76:54
01-01 08:27:12.309 0 0 E : INFO: trying to register non-static key.
01-01 08:27:12.314 0 0 E : the code is fine but needs lockdep annotation.
01-01 08:27:12.320 0 0 I : CPU: 5 PID: 81 Comm: kworker/u16:1 Tainted: G S W O 4.19.157+ #1
01-01 08:27:12.320 0 0 I Hardware name: Qualcomm Technologies, Inc. kona MTP-RmPM8150b. VC1(FSE) EVT1 (DT)
01-01 08:27:12.320 0 0 I Workqueue: events_unbound ion_system_secure_heap_prefetch_work
01-01 08:27:12.320 0 0 I Call trace:
01-01 08:27:12.320 0 0 I : dump_backtrace+0x0/0x258
01-01 08:27:12.320 0 0 I : show_stack+0x20/0x30
01-01 08:27:12.320 0 0 I : dump_stack+0xd8/0x12c
01-01 08:27:12.320 0 0 I : register_lock_class+0x4d0/0x5c8
01-01 08:27:12.320 0 0 I : __lock_acquire+0xbc/0x1e58
01-01 08:27:12.320 0 0 I : lock_acquire+0x1cc/0x218
01-01 08:27:12.320 0 0 I : _raw_spin_lock_irqsave+0x54/0x98
01-01 08:27:12.320 0 0 I : ion_system_secure_heap_prefetch_work+0x94/0x2c0
01-01 08:27:12.320 0 0 I : process_one_work+0x38c/0x660
01-01 08:27:12.320 0 0 I : worker_thread+0x268/0x4b8
01-01 08:27:12.320 0 0 I : kthread+0x140/0x150
01-01 08:27:12.320 0 0 I : ret_from_fork+0x10/0x1c
09-22 19:45:51.625 1119 1210 D BluetoothManagerService: MESSAGE_BLUETOOTH_STATE_CHANGE: BLE_TURNING_ON > BLE_ON
09-22 19:45:51.625 1119 1210 D BluetoothManagerService: Bluetooth is in LE only mode
09-22 19:45:51.625 1119 1210 D BluetoothManagerService: Binding Bluetooth GATT service
09-22 19:45:51.628 1119 1210 D BluetoothManagerService: Sending BLE State Change: BLE_TURNING_ON > BLE_ON
09-22 19:45:51.628 1119 1119 D BluetoothManagerService: BluetoothServiceConnection: com.android.bluetooth.gatt.GattService
09-22 19:45:51.628 1119 1210 D BluetoothManagerService: MESSAGE_BLUETOOTH_SERVICE_CONNECTED: 2
09-22 19:45:51.628 1119 1210 D BluetoothManagerService: continueFromBleOnState()
09-22 19:45:51.629 1119 1119 D CompanionDeviceManagerService: Received BT state transition broadcast: BLE_TURNING_ON -> BLE_ON
09-22 19:45:51.630 1119 1119 I CompanionDeviceManagerService: startBleScan()
09-22 19:45:51.631 1119 1119 I CompanionDeviceManagerService: Read associations from disk: {0=[]}
09-22 19:45:51.636 1119 1210 D BluetoothManagerService: Persisting Bluetooth Setting: 1
09-22 19:45:51.637 1898 2319 W ActivityThread: Failed to find provider info for com.android.contacts (user not unlocked)
01-01 08:27:12.330 0 0 E : INFO: trying to register non-static key.
01-01 08:27:12.336 0 0 E : the code is fine but needs lockdep annotation.
01-01 08:27:12.341 0 0 I : CPU: 5 PID: 81 Comm: kworker/u16:1 Tainted: G S W O 4.19.157+ #1
01-01 08:27:12.341 0 0 I Hardware name: Qualcomm Technologies, Inc. kona MTP-RmPM8150b. VC1(FSE) EVT1 (DT)
01-01 08:27:12.341 0 0 I Workqueue: events_unbound ion_system_secure_heap_prefetch_work
01-01 08:27:12.341 0 0 I Call trace:
01-01 08:27:12.341 0 0 I : dump_backtrace+0x0/0x258
01-01 08:27:12.341 0 0 I : show_stack+0x20/0x30
01-01 08:27:12.341 0 0 I : dump_stack+0xd8/0x12c
01-01 08:27:12.341 0 0 I : register_lock_class+0x4d0/0x5c8
01-01 08:27:12.341 0 0 I : __lock_acquire+0xbc/0x1e58
01-01 08:27:12.341 0 0 I : lock_acquire+0x1cc/0x218
01-01 08:27:12.341 0 0 I : _raw_spin_lock_irqsave+0x54/0x98
01-01 08:27:12.341 0 0 I : ion_system_secure_heap_prefetch_work+0x94/0x2c0
01-01 08:27:12.341 0 0 I : process_one_work+0x38c/0x660
01-01 08:27:12.341 0 0 I : worker_thread+0x268/0x4b8
01-01 08:27:12.341 0 0 I : kthread+0x140/0x150
01-01 08:27:12.341 0 0 I : ret_from_fork+0x10/0x1c
09-22 19:45:51.638 1119 1210 D BluetoothManagerService: MESSAGE_BLUETOOTH_STATE_CHANGE: BLE_ON > TURNING_ON
09-22 19:45:51.638 1119 1210 D BluetoothManagerService: Sending BLE State Change: BLE_ON > TURNING_ON
09-22 19:45:51.641 1119 1119 D CompanionDeviceManagerService: Received BT state transition broadcast: BLE_ON -> TURNING_ON
09-22 19:45:51.641 1119 1210 D BluetoothManagerService: Sending State Change: OFF > TURNING_ON
01-01 08:27:12.353 0 0 E : INFO: trying to register non-static key.
01-01 08:27:12.358 0 0 E : the code is fine but needs lockdep annotation.
01-01 08:27:12.364 0 0 I : CPU: 6 PID: 81 Comm: kworker/u16:1 Tainted: G S W O 4.19.157+ #1
01-01 08:27:12.364 0 0 I Hardware name: Qualcomm Technologies, Inc. kona MTP-RmPM8150b. VC1(FSE) EVT1 (DT)
01-01 08:27:12.364 0 0 I Workqueue: events_unbound ion_system_secure_heap_prefetch_work
01-01 08:27:12.364 0 0 I Call trace:
01-01 08:27:12.364 0 0 I : dump_backtrace+0x0/0x258
01-01 08:27:12.364 0 0 I : show_stack+0x20/0x30
01-01 08:27:12.364 0 0 I : dump_stack+0xd8/0x12c
01-01 08:27:12.364 0 0 I : register_lock_class+0x4d0/0x5c8
01-01 08:27:12.364 0 0 I : __lock_acquire+0xbc/0x1e58
01-01 08:27:12.364 0 0 I : lock_acquire+0x1cc/0x218
01-01 08:27:12.364 0 0 I : _raw_spin_lock_irqsave+0x54/0x98
01-01 08:27:12.364 0 0 I : ion_system_secure_heap_prefetch_work+0x94/0x2c0
01-01 08:27:12.364 0 0 I : process_one_work+0x38c/0x660
01-01 08:27:12.364 0 0 I : worker_thread+0x268/0x4b8
01-01 08:27:12.364 0 0 I : kthread+0x140/0x150
01-01 08:27:12.364 0 0 I : ret_from_fork+0x10/0x1c
01-01 08:27:12.364 0 0 E [kworke][0x410dcbe4][19:45:51.661875] wlan: [278:E:QDF] ready_extract_init_status_tlv: 8884: ready_extract_init_status_tlv:0
09-22 19:45:51.684 1119 2027 D TelephonyRegistry: listen oscl: mHasNotifySubscriptionInfoChangedOccurred==false no callback
01-01 08:27:12.378 0 0 E [kworke][0x4111efc8][19:45:51.676007] wlan: [278:E:QDF] cds_get_context: 1486: Module ID 65 context is Null
01-01 08:27:12.379 0 0 E : INFO: trying to register non-static key.
01-01 08:27:12.390 0 0 F [kworke][0x411551d0][19:45:51.687555] wlan: [278:F:DP] cdp_ipa_set_uc_tx_partition_base invalid instance
01-01 08:27:12.394 0 0 E : the code is fine but needs lockdep annotation.
01-01 08:27:12.394 0 0 I : CPU: 6 PID: 81 Comm: kworker/u16:1 Tainted: G S W O 4.19.157+ #1
01-01 08:27:12.394 0 0 I Hardware name: Qualcomm Technologies, Inc. kona MTP-RmPM8150b. VC1(FSE) EVT1 (DT)
01-01 08:27:12.394 0 0 I Workqueue: events_unbound ion_system_secure_heap_prefetch_work
01-01 08:27:12.394 0 0 I Call trace:
01-01 08:27:12.394 0 0 I : dump_backtrace+0x0/0x258
01-01 08:27:12.394 0 0 I : show_stack+0x20/0x30
01-01 08:27:12.394 0 0 I : dump_stack+0xd8/0x12c
01-01 08:27:12.394 0 0 I : register_lock_class+0x4d0/0x5c8
01-01 08:27:12.394 0 0 I : __lock_acquire+0xbc/0x1e58
01-01 08:27:12.394 0 0 I : lock_acquire+0x1cc/0x218
01-01 08:27:12.394 0 0 I : _raw_spin_lock_irqsave+0x54/0x98
01-01 08:27:12.394 0 0 I : ion_system_secure_heap_prefetch_work+0x94/0x2c0
01-01 08:27:12.394 0 0 I : process_one_work+0x38c/0x660
01-01 08:27:12.394 0 0 I : worker_thread+0x268/0x4b8
01-01 08:27:12.394 0 0 I : kthread+0x140/0x150
01-01 08:27:12.394 0 0 I : ret_from_fork+0x10/0x1c
01-01 08:27:12.404 0 0 E : INFO: trying to register non-static key.
01-01 08:27:12.406 0 0 I [kworke][0x4119f43e][19:45:51.703374] wlan: [278:I:WMA] wma_he_update_tgt_services: 996: 11ax is enabled
01-01 08:27:12.411 0 0 E : the code is fine but needs lockdep annotation.
01-01 08:27:12.411 0 0 I : CPU: 6 PID: 81 Comm: kworker/u16:1 Tainted: G S W O 4.19.157+ #1
01-01 08:27:12.411 0 0 I Hardware name: Qualcomm Technologies, Inc. kona MTP-RmPM8150b. VC1(FSE) EVT1 (DT)
01-01 08:27:12.411 0 0 I Workqueue: events_unbound ion_system_secure_heap_prefetch_work
01-01 08:27:12.411 0 0 I Call trace:
01-01 08:27:12.411 0 0 I : dump_backtrace+0x0/0x258
01-01 08:27:12.411 0 0 I : show_stack+0x20/0x30
01-01 08:27:12.411 0 0 I : dump_stack+0xd8/0x12c
01-01 08:27:12.411 0 0 I : register_lock_class+0x4d0/0x5c8
01-01 08:27:12.411 0 0 I : __lock_acquire+0xbc/0x1e58
01-01 08:27:12.411 0 0 I : lock_acquire+0x1cc/0x218
01-01 08:27:12.411 0 0 I : _raw_spin_lock_irqsave+0x54/0x98
01-01 08:27:12.411 0 0 I : ion_system_secure_heap_prefetch_work+0x94/0x2c0
01-01 08:27:12.411 0 0 I : process_one_work+0x38c/0x660
01-01 08:27:12.411 0 0 I : worker_thread+0x268/0x4b8
01-01 08:27:12.411 0 0 I : kthread+0x140/0x150
01-01 08:27:12.411 0 0 I : ret_from_fork+0x10/0x1c
01-01 08:27:12.431 0 0 E : INFO: trying to register non-static key.
01-01 08:27:12.432 0 0 I [kworke][0x4121b5d0][19:45:51.729848] wlan: [278:I:HIF] Initializing Runtime PM wakelock &mgmt_txrx_pdev_ctx->wakelock_tx_runtime_cmp
01-01 08:27:12.436 0 0 E : the code is fine but needs lockdep annotation.
01-01 08:27:12.436 0 0 I : CPU: 3 PID: 81 Comm: kworker/u16:1 Tainted: G S W O 4.19.157+ #1
01-01 08:27:12.436 0 0 I Hardware name: Qualcomm Technologies, Inc. kona MTP-RmPM8150b. VC1(FSE) EVT1 (DT)
01-01 08:27:12.436 0 0 I Workqueue: events_unbound ion_system_secure_heap_prefetch_work
01-01 08:27:12.436 0 0 I Call trace:
01-01 08:27:12.442 0 0 I : dump_backtrace+0x0/0x258
01-01 08:27:12.442 0 0 I : show_stack+0x20/0x30
01-01 08:27:12.442 0 0 I : dump_stack+0xd8/0x12c
01-01 08:27:12.442 0 0 I : register_lock_class+0x4d0/0x5c8
01-01 08:27:12.442 0 0 I : __lock_acquire+0xbc/0x1e58
01-01 08:27:12.442 0 0 I : lock_acquire+0x1cc/0x218
01-01 08:27:12.442 0 0 I : _raw_spin_lock_irqsave+0x54/0x98
01-01 08:27:12.442 0 0 I : ion_system_secure_heap_prefetch_work+0x94/0x2c0
01-01 08:27:12.442 0 0 I : process_one_work+0x38c/0x660
01-01 08:27:12.442 0 0 I : worker_thread+0x268/0x4b8
01-01 08:27:12.442 0 0 I : kthread+0x140/0x150
01-01 08:27:12.442 0 0 I : ret_from_fork+0x10/0x1c
01-01 08:27:12.443 0 0 I [kworke][0x41250bc9][19:45:51.741234] wlan: [278:I:dfs] WLAN_DEBUG_DFS_ALWAYS : wlan_dfs_pdev_obj_create_notification: 421: dfs_offload 1
01-01 08:27:12.444 0 0 I [kworke][0x41250ec9][19:45:51.741274] wlan: [278:I:SPECTRAL] null_get_capability: 1715: SPECTRAL : get_capability not registered
01-01 08:27:12.444 0 0 I [kworke][0x41250f77][19:45:51.741283] wlan: [278:I:SPECTRAL] target_if_pdev_spectral_init: 2249: HAL_CAP_PHYDIAG : Capable
01-01 08:27:12.444 0 0 I [kworke][0x41251026][19:45:51.741292] wlan: [278:I:SPECTRAL] null_get_capability: 1715: SPECTRAL : get_capability not registered
01-01 08:27:12.444 0 0 I [kworke][0x412510cd][19:45:51.741301] wlan: [278:I:SPECTRAL] target_if_pdev_spectral_init: 2253: HAL_CAP_RADAR : Capable
01-01 08:27:12.444 0 0 I [kworke][0x41251174][19:45:51.741309] wlan: [278:I:SPECTRAL] null_get_capability: 1715: SPECTRAL : get_capability not registered
01-01 08:27:12.444 0 0 I [kworke][0x4125121c][19:45:51.741318] wlan: [278:I:SPECTRAL] target_if_pdev_spectral_init: 2258: HAL_CAP_SPECTRAL_SCAN : Capable
01-01 08:27:12.444 0 0 I [kworke][0x41251314][19:45:51.741331] wlan: [278:I:SPECTRAL] null_get_tsf64: 1703: SPECTRAL : get_tsf64 not registered
01-01 08:27:12.444 0 0 I [kworke][0x4125153e][19:45:51.741360] wlan: [278:I:GREEN_AP] wlan_green_ap_pdev_obj_create_notification: 106: Green AP creation successful, green ap ctx: ffffffdd1a6ca8e8, pdev: ffffffdd159828e8
01-01 08:27:12.444 0 0 I [kworke][0x41251a15][19:45:51.741424] wlan: [278:I:IPA] wlan_ipa_wdi_init: 540: ipa_over_gsi: 1, is_smmu_enabled: 1
09-22 19:45:51.754 1898 2319 W ActivityThread: Failed to find provider info for com.android.contacts (user not unlocked)
01-01 08:27:12.447 0 0 I [kworke][0x41263652][19:45:51.745214] wlan: [278:I:REGULATORY] reg_set_band: 483: set band bitmap: 3
01-01 08:27:12.448 0 0 I [kworke][0x41264772][19:45:51.745442] wlan: [278:I:HIF] Initializing Runtime PM wakelock &ctx->dfs
01-01 08:27:12.448 0 0 I [kworke][0x412648b3][19:45:51.745459] wlan: [278:I:HIF] Initializing Runtime PM wakelock &ctx->connect
01-01 08:27:12.448 0 0 I [kworke][0x412649d0][19:45:51.745474] wlan: [278:I:HIF] Initializing Runtime PM wakelock &ctx->user
01-01 08:27:12.448 0 0 I [kworke][0x41264b22][19:45:51.745492] wlan: [278:I:HIF] Initializing Runtime PM wakelock &scan_priv->runtime_pm_lock
01-01 08:27:12.448 0 0 I [kworke][0x41264d4c][19:45:51.745520] wlan: [278:I:GREEN_AP] target_if_green_ap_register_egap_event_handler: 131: Set the Enhance Green AP event handler
01-01 08:27:12.448 0 0 E [kworke][0x41264e45][19:45:51.745533] wlan: [278:E:QDF] dp_peer_map_attach_wifi3: 10048: dp_peer_map_attach_wifi3 max_peers 55, max_ast_index: 144
01-01 08:27:12.461 0 0 E : INFO: trying to register non-static key.
01-01 08:27:12.464 0 0 I [kworke][0x412b2ea7][19:45:51.762179] wlan: [278:I:DP]
01-01 08:27:12.464 0 0 I : <=== cfg max peer id 55 ====>
01-01 08:27:12.469 0 0 E : the code is fine but needs lockdep annotation.
01-01 08:27:12.469 0 0 I : CPU: 3 PID: 81 Comm: kworker/u16:1 Tainted: G S W O 4.19.157+ #1
01-01 08:27:12.469 0 0 I Hardware name: Qualcomm Technologies, Inc. kona MTP-RmPM8150b. VC1(FSE) EVT1 (DT)
01-01 08:27:12.469 0 0 I Workqueue: events_unbound ion_system_secure_heap_prefetch_work
01-01 08:27:12.469 0 0 I Call trace:
01-01 08:27:12.469 0 0 I : dump_backtrace+0x0/0x258
01-01 08:27:12.469 0 0 I : show_stack+0x20/0x30
01-01 08:27:12.469 0 0 I : dump_stack+0xd8/0x12c
01-01 08:27:12.469 0 0 I : register_lock_class+0x4d0/0x5c8
01-01 08:27:12.469 0 0 I : __lock_acquire+0xbc/0x1e58
01-01 08:27:12.475 0 0 I : lock_acquire+0x1cc/0x218
01-01 08:27:12.475 0 0 I : _raw_spin_lock_irqsave+0x54/0x98
01-01 08:27:12.475 0 0 I : ion_system_secure_heap_prefetch_work+0x94/0x2c0
01-01 08:27:12.475 0 0 I : process_one_work+0x38c/0x660
01-01 08:27:12.475 0 0 I : worker_thread+0x268/0x4b8
01-01 08:27:12.475 0 0 I : kthread+0x140/0x150
01-01 08:27:12.475 0 0 I : ret_from_fork+0x10/0x1c
01-01 08:27:12.475 0 0 I [kworke][0x412e5ece][19:45:51.773061] wlan: [278:I:DP]
01-01 08:27:12.475 0 0 I : <=== cfg max ast idx 144 ====>
01-01 08:27:12.475 0 0 I [kworke][0x412e6057][19:45:51.773081] wlan: [278:I:DP] ast hash_elems: 512, max_ast_idx: 144
01-01 08:27:12.478 0 0 I [kworke][0x412f3aff][19:45:51.775997] wlan: [337:I:WMA] wma_wait_for_ready_event: 6926: FW ready event received
01-01 08:27:12.493 0 0 E [kworke][0x4133694a][19:45:51.790269] wlan: [337:E:WMI] send_action_oui_cmd_tlv: 220: Invalid action id
01-01 08:27:12.494 0 0 E : INFO: trying to register non-static key.
01-01 08:27:12.504 0 0 E [kworke][0x4136afc1][19:45:51.801447] wlan: [337:E:action_oui] ucfg_action_oui_send: 160: Failed to send: 7
01-01 08:27:12.508 0 0 E : the code is fine but needs lockdep annotation.
01-01 08:27:12.508 0 0 I : CPU: 5 PID: 81 Comm: kworker/u16:1 Tainted: G S W O 4.19.157+ #1
01-01 08:27:12.508 0 0 I Hardware name: Qualcomm Technologies, Inc. kona MTP-RmPM8150b. VC1(FSE) EVT1 (DT)
01-01 08:27:12.508 0 0 I Workqueue: events_unbound ion_system_secure_heap_prefetch_work
01-01 08:27:12.508 0 0 I Call trace:
01-01 08:27:12.508 0 0 I : dump_backtrace+0x0/0x258
01-01 08:27:12.508 0 0 I : show_stack+0x20/0x30
01-01 08:27:12.508 0 0 I : dump_stack+0xd8/0x12c
01-01 08:27:12.508 0 0 I : register_lock_class+0x4d0/0x5c8
01-01 08:27:12.508 0 0 I : __lock_acquire+0xbc/0x1e58
01-01 08:27:12.508 0 0 I : lock_acquire+0x1cc/0x218
01-01 08:27:12.508 0 0 I : _raw_spin_lock_irqsave+0x54/0x98
01-01 08:27:12.508 0 0 I : ion_system_secure_heap_prefetch_work+0x94/0x2c0
01-01 08:27:12.508 0 0 I : process_one_work+0x38c/0x660
01-01 08:27:12.508 0 0 I : worker_thread+0x268/0x4b8
01-01 08:27:12.508 0 0 I : kthread+0x140/0x150
01-01 08:27:12.508 0 0 I : ret_from_fork+0x10/0x1c
09-22 19:45:51.812 1898 2319 W ActivityThread: Failed to find provider info for com.android.contacts (user not unlocked)
01-01 08:27:12.511 0 0 E : INFO: trying to register non-static key.
01-01 08:27:12.520 0 0 E [kworke][0x413b62da][19:45:51.817488] wlan: [337:E:WMI] send_action_oui_cmd_tlv: 220: Invalid action id
01-01 08:27:12.525 0 0 E : the code is fine but needs lockdep annotation.
01-01 08:27:12.525 0 0 I : CPU: 3 PID: 81 Comm: kworker/u16:1 Tainted: G S W O 4.19.157+ #1
01-01 08:27:12.525 0 0 I Hardware name: Qualcomm Technologies, Inc. kona MTP-RmPM8150b. VC1(FSE) EVT1 (DT)
01-01 08:27:12.525 0 0 I Workqueue: events_unbound ion_system_secure_heap_prefetch_work
01-01 08:27:12.525 0 0 I Call trace:
01-01 08:27:12.525 0 0 I : dump_backtrace+0x0/0x258
01-01 08:27:12.525 0 0 I : show_stack+0x20/0x30
01-01 08:27:12.525 0 0 I : dump_stack+0xd8/0x12c
01-01 08:27:12.525 0 0 I : register_lock_class+0x4d0/0x5c8
01-01 08:27:12.525 0 0 I : __lock_acquire+0xbc/0x1e58
01-01 08:27:12.530 0 0 E [kworke][0x413e82fa][19:45:51.828156] wlan: [337:E:action_oui] ucfg_action_oui_send: 160: Failed to send: 9
01-01 08:27:12.541 0 0 I : lock_acquire+0x1cc/0x218
01-01 08:27:12.541 0 0 I : _raw_spin_lock_irqsave+0x54/0x98
01-01 08:27:12.541 0 0 I : ion_system_secure_heap_prefetch_work+0x48/0x2c0
01-01 08:27:12.541 0 0 I : process_one_work+0x38c/0x660
01-01 08:27:12.541 0 0 I : worker_thread+0x33c/0x4b8
01-01 08:27:12.541 0 0 I : kthread+0x140/0x150
01-01 08:27:12.541 0 0 I : ret_from_fork+0x10/0x1c
01-01 08:27:12.559 0 0 E [kworke][0x4146cdc0][19:45:51.856461] wlan: [337:E:HDD] hdd_action_oui_send: 13281: Failed to send one or all action_ouis
01-01 08:27:12.572 0 0 W logd : Skipping entries from slow reader, pid 1284, fd 14, from LogBuffer::Prune()
01-01 08:27:12.585 0 0 D cnss : dma-coherent is enabled
01-01 08:27:12.585 0 0 D cnss : IOMMU map: iova b0000000, len 4096
01-01 08:27:12.585 0 0 D cnss : IOMMU map: iova_addr b0000040
01-01 08:27:12.585 0 0 D cnss : dma-coherent is enabled
01-01 08:27:12.585 0 0 D cnss : IOMMU map: iova b0001000, len 4096
01-01 08:27:12.585 0 0 D cnss : IOMMU map: iova_addr b0001018
01-01 08:27:12.590 0 0 E [kworke][0x414ffff2][19:45:51.887849] wlan: [337:E:TXRX] dp_rxdma_ring_config: 5022: DBS enabled max_mac_rings 2
01-01 08:27:12.602 0 0 E [kworke][0x41537b02][19:45:51.899731] wlan: [337:E:TXRX] dp_rxdma_ring_config: 5033: pdev_id 0 max_mac_rings 2
01-01 08:27:12.614 0 0 E [kworke][0x4156f4f6][19:45:51.911596] wlan: [337:E:TXRX] dp_rxdma_ring_config: 5050: mac_id 0
01-01 08:27:12.624 0 0 E [kworke][0x415a08c8][19:45:51.922100] wlan: [337:E:TXRX] dp_rxdma_ring_config: 5050: mac_id 1
01-01 08:27:12.635 0 0 I [kworke][0x415d4839][19:45:51.933186] wlan: [337:I:POLICY_MGR] policy_mgr_update_5g_scc_prefer: 398: overwrite pm_second_connection_pcl_dbs_2x2_table, index 2 mode 3 system prefer 0 new pcl 6
01-01 08:27:12.635 0 0 I [kworke][0x415d4925][19:45:51.933198] wlan: [337:I:POLICY_MGR] policy_mgr_update_5g_scc_prefer: 404: overwrite pm_second_connection_pcl_dbs_2x2_table, index 3 mode 3 system prefer 0 new pcl 6
01-01 08:27:12.637 0 0 E [kworke][0x415dca58][19:45:51.934921] wlan: [337:E:REGULATORY] reg_freq_width_to_chan_op_class: 512: no op class for frequency 5745
01-01 08:27:12.653 0 0 I [kworke][0x41624e9c][19:45:51.950338] wlan: [337:I:HIF] hif_pm_runtime_start: Enabling RUNTIME PM, Delay: 500 ms
09-22 19:45:51.956 1119 1119 I Telecom : BluetoothDeviceManager: Got BluetoothHearingAid: android.bluetooth.BluetoothHearingAid@e9364b0: BMSL.oSC@AAk
09-22 19:45:51.983 1879 2579 W ActivityThread: Failed to find provider info for com.android.contacts (user not unlocked)
01-01 08:27:12.690 0 0 E cnss_utils: WLAN MAC address is not set, type 0
01-01 08:27:12.698 0 0 W cnss_pci 0000: 01:00.0: Falling back to syfs fallback for: wlan/qca_cld/qca6390/wlan_mac.bin
09-22 19:45:52.019 1119 1210 D BluetoothManagerService: MESSAGE_BLUETOOTH_STATE_CHANGE: TURNING_ON > ON
09-22 19:45:52.019 1119 1210 D BluetoothManagerService: Broadcasting onBluetoothStateChange(true) to 8 receivers.
09-22 19:45:52.022 1119 1210 D BluetoothManagerService: Creating new ProfileServiceConnections object for profile: 1
09-22 19:45:52.026 1119 1210 W BluetoothManagerService: psc is not null in bindBluetoothProfileService
09-22 19:45:52.027 1119 1210 D BluetoothManagerService: Sending BLE State Change: TURNING_ON > ON
09-22 19:45:52.028 1119 1210 D BluetoothManagerService: Sending State Change: TURNING_ON > ON
01-01 08:27:12.736 0 0 I [kworke][0x417ada12][19:45:52.034118] wlan: [337:I:HDD] hdd_initialize_mac_address: 12589: using default MAC address
09-22 19:45:52.029 1119 1119 D CompanionDeviceManagerService: Received BT state transition broadcast: TURNING_ON -> ON
09-22 19:45:52.030 1119 1119 I CompanionDeviceManagerService: startBleScan()
01-01 08:27:12.743 0 0 W logd : Skipping entries from slow reader, pid 1284, fd 14, from LogBuffer::Prune()
09-22 19:45:52.050 1119 1119 I notification_cancel_all: [1002,1879,com.android.bluetooth,0,0,64,9,NULL]
09-22 19:45:52.093 1119 2453 W BluetoothManagerService: psc is not null in bindBluetoothProfileService
09-22 19:45:52.127 1119 1119 I Telecom : BluetoothDeviceManager: Got BluetoothHeadset: com.android.server.telecom.BluetoothHeadsetProxy@d40cccc: BMSL.oSC@AAs
09-22 19:45:52.134 1119 1730 I netstats_mobile_sample: [0,0,0,0,0,0,0,0,0,0,0,0,1663847152134]
09-22 19:45:52.134 1119 1730 I netstats_wifi_sample: [0,0,0,0,0,0,0,0,0,0,0,0,1663847152134]
01-01 08:27:12.836 0 0 E [kworke][0x4197f8a7][19:45:52.133512] wlan: [337:E:QDF] qdf_mutex_create: already initialized lock
01-01 08:27:12.847 0 0 E [kworke][0x419b3f3a][19:45:52.144693] wlan: [337:E:HDD] hdd_open_adapter: 6512: Interface p2p0 wow debug_fs init failed
09-22 19:45:52.174 1119 1730 I netstats_mobile_sample: [0,0,0,0,0,0,0,0,0,0,0,0,1663847152174]
09-22 19:45:52.174 1119 1730 I netstats_wifi_sample: [0,0,0,0,0,0,0,0,0,0,0,0,1663847152174]
01-01 08:27:12.884 0 0 E [kworke][0x41a63048][19:45:52.182040] wlan: [337:E:QDF] qdf_mutex_create: already initialized lock
01-01 08:27:12.895 0 0 E [kworke][0x41a93f87][19:45:52.192484] wlan: [337:E:HDD] hdd_open_adapter: 6512: Interface wifi-aware0 wow debug_fs init failed
01-01 08:27:12.906 0 0 D : mv2112_read_status
01-01 08:27:12.908 0 0 D mv2112_update_link: 3.0x901(1G): 0x80
01-01 08:27:12.908 0 0 D mv2112_update_link: 3.0x8109(100M): 0x0
01-01 08:27:12.908 0 0 D mv2112_update_link: link 0x0
01-01 08:27:12.908 0 0 D mv2112_read_status: autoneg is disabled
01-01 08:27:12.912 0 0 W : ------------[ cut here ]------------
01-01 08:27:12.912 0 0 I : IRQs not enabled as expected
01-01 08:27:12.912 0 0 W : WARNING: CPU: 6 PID: 337 at kernel/softirq.c:161 __local_bh_enable_ip+0x140/0x158
01-01 08:27:12.912 0 0 I : Modules linked in: wlan(O) tsnv(O) machine_dlkm(O) wcd938x_slave_dlkm(O) wcd938x_dlkm(O) wcd9xxx_dlkm(O) mbhc_dlkm(O) tx_macro_dlkm(O) rx_macro_dlkm(O) va_macro_dlkm(O) wsa_macro_dlkm(O) swr_ctrl_dlkm(O) bolero_cdc_dlkm(O) wsa881x_dlkm(O) wcd_core_dlkm(O) stub_dlkm(O) hdmi_dlkm(O) swr_dlkm(O) pinctrl_lpi_dlkm(O) pinctrl_wcd_dlkm(O) usf_dlkm(O) native_dlkm(O) platform_dlkm(O) q6_dlkm(O) adsp_loader_dlkm(O) apr_dlkm(O) snd_event_dlkm(O) q6_notifier_dlkm(O) q6_pdr_dlkm(O) msm_11ad_proxy
01-01 08:27:12.912 0 0 I : CPU: 6 PID: 337 Comm: kworker/u16:14 Tainted: G S W O 4.19.157+ #1
01-01 08:27:12.912 0 0 I Hardware name: Qualcomm Technologies, Inc. kona MTP-RmPM8150b. VC1(FSE) EVT1 (DT)
01-01 08:27:12.912 0 0 I Workqueue: cnss_driver_event cnss_driver_event_work
01-01 08:27:12.912 0 0 I pstate : 60c00085 (nZCv daIf +PAN +UAO)
01-01 08:27:12.912 0 0 I pc : __local_bh_enable_ip+0x140/0x158
01-01 08:27:12.912 0 0 I lr : __local_bh_enable_ip+0x140/0x158
01-01 08:27:12.912 0 0 I sp : ffffff801b03bb60
01-01 08:27:12.912 0 0 I : x29: ffffff801b03bb60 x28: dead000000000100
01-01 08:27:12.912 0 0 I : x27: ffffffa58cd8628c x26: ffffffdd0743c670
01-01 08:27:12.912 0 0 I : x25: ffffffdd195c9580 x24: 000000000000003f
01-01 08:27:12.912 0 0 I : x23: ffffff801b60310c x22: 000000004000003f
01-01 08:27:12.912 0 0 I : x21: ffffffdd078a9f40 x20: ffffffa58b4fe5b0
01-01 08:27:12.912 0 0 I : x19: 0000000000000201 x18: 000000000000002c
01-01 08:27:12.912 0 0 I : x17: ffffffa58e6f5000 x16: 00000000fff78620
01-01 08:27:12.912 0 0 I : x15: 0000000000078620 x14: 00000000000000c2
01-01 08:27:12.912 0 0 I : x13: 0000000000000000 x12: 00000000000000e0
01-01 08:27:12.912 0 0 I : x11: 0000000000000000 x10: 0000000000000001
01-01 08:27:12.912 0 0 I : x9 : 33d25c4339c86800 x8 : 33d25c4339c86800
01-01 08:27:12.912 0 0 I : x7 : ffffffa58ab82700 x6 : 0000000000000000
01-01 08:27:12.912 0 0 I : x5 : 0000000000000080 x4 : 0000000000000001
01-01 08:27:12.912 0 0 I : x3 : 0000000000000000 x2 : 0000000000000007
01-01 08:27:12.912 0 0 I : x1 : 0000000000000007 x0 : 000000000000001c
01-01 08:27:12.912 0 0 I Call trace:
01-01 08:27:12.912 0 0 I : __local_bh_enable_ip+0x140/0x158
01-01 08:27:12.912 0 0 I : _raw_spin_unlock_bh+0x3c/0x48
01-01 08:27:12.912 0 0 I : cnss_pci_reg_write+0xf0/0x1a8
01-01 08:27:12.912 0 0 I : cnss_pci_time_sync_work_hdlr+0x24c/0x6a8
01-01 08:27:12.912 0 0 I : cnss_pci_call_driver_probe+0x138/0x2d0
01-01 08:27:12.912 0 0 I : cnss_bus_call_driver_probe+0x28/0x80
01-01 08:27:12.912 0 0 I : cnss_driver_event_work+0x2e8/0xcb8
01-01 08:27:12.912 0 0 I : process_one_work+0x38c/0x660
01-01 08:27:12.912 0 0 I : worker_thread+0x268/0x4b8
01-01 08:27:12.912 0 0 I : kthread+0x140/0x150
01-01 08:27:12.912 0 0 I : ret_from_fork+0x10/0x1c
01-01 08:27:12.912 0 0 I : irq event stamp: 503723
01-01 08:27:12.912 0 0 I : hardirqs last enabled at (503721): [] _raw_spin_unlock_irqrestore+0x44/0x88
01-01 08:27:12.912 0 0 I : hardirqs last disabled at (503722): [] _raw_spin_lock_irqsave+0x28/0x98
01-01 08:27:12.912 0 0 I : softirqs last enabled at (503716): [] mhi_device_get_sync_atomic+0x68/0x2d8
01-01 08:27:12.912 0 0 I : softirqs last disabled at (503723): [] cnss_pci_reg_write+0x58/0x1a8
01-01 08:27:12.912 0 0 W : ---[ end trace 53dd95c7a211534e ]---
01-01 08:27:12.912 0 0 D cnss : Host time = 57392790 us, device time = 4154470 us, offset = 53238320 us
01-01 08:27:12.912 0 0 D cnss : Updated time sync regs [0x984] = 0x32c5a30, [0x988] = 0x0
01-01 08:27:12.912 0 0 D cnss : Removing vote for Regulator vdd-wlan-rfa2
01-01 08:27:12.912 0 0 D cnss : Removing vote for Regulator vdd-wlan-rfa1
01-01 08:27:12.912 0 0 D cnss : Removing vote for Regulator vdd-wlan-dig
01-01 08:27:12.912 0 0 D cnss : Removing vote for Regulator vdd-wlan-aon
01-01 08:27:12.912 0 0 D cnss : Removing vote for Regulator vdd-wlan-io
01-01 08:27:12.912 0 0 D cnss : PM relax, state: 0x107, count: 0
09-22 19:45:52.214 1119 2453 D Fingerprint21: Daemon was null, reconnecting, current operation: null
09-22 19:45:52.217 1119 2453 D Fingerprint21: Fingerprint HAL ready, HAL ID: 5326416
09-22 19:45:52.217 1119 1119 D BiometricScheduler/Fingerprint21: [Added] {[0] FingerprintUpdateActiveUserClient, proto=1, owner=android, cookie=0, requestId=-1, userId=0}, new queue size: 1
09-22 19:45:52.217 1119 1119 D BiometricScheduler/Fingerprint21: [Polled] {[0] FingerprintUpdateActiveUserClient, proto=1, owner=android, cookie=0, requestId=-1, userId=0}, State: 0
09-22 19:45:52.218 1119 1119 D BiometricScheduler/Fingerprint21: [Starting] {[0] FingerprintUpdateActiveUserClient, proto=1, owner=android, cookie=0, requestId=-1, userId=0}, State: 0
09-22 19:45:52.218 1119 1119 D BiometricScheduler/Fingerprint21: [Started] {[0] FingerprintUpdateActiveUserClient, proto=1, owner=android, cookie=0, requestId=-1, userId=0}
01-01 08:27:12.922 0 0 D qbt : qbt_open: entry minor_no=0 fd_available=1
01-01 08:27:12.922 0 0 D qbt : qbt_open: exit : 0 fd_available=0
01-01 08:27:12.922 0 0 D qbt : qbt_open: entry minor_no=1 fd_available=0
01-01 08:27:12.923 0 0 D qbt : qbt_open: exit : 0 fd_available=0
01-01 08:27:12.923 0 0 D qbt : qbt_ioctl: cmd received 107
01-01 08:27:12.923 0 0 D qbt : qbt_ioctl: Acquiring wakelock
01-01 08:27:12.955 0 0 W QSEECOM : qseecom_load_app: App (fingerpr) does'nt exist, loading apps for first time
09-22 19:45:52.326 1898 2319 W ActivityThread: Failed to find provider info for com.android.contacts (user not unlocked)
09-22 19:45:52.337 1898 2212 W ActivityThread: Failed to find provider info for com.android.contacts (user not unlocked)
01-01 08:27:13.071 0 0 W QSEECOM : qseecom_load_app: App with id 7 (fingerpr) now loaded
01-01 08:27:13.275 0 0 W QSEECOM : __qseecom_unload_app: App (7) is unloaded
01-01 08:27:13.279 0 0 D qbt : qbt_release: entry minor_no=0 fd_available=0
01-01 08:27:13.279 0 0 D qbt : qbt_release: Releasing wakelock
01-01 08:27:13.279 0 0 D qbt : qbt_release: exit : fd_available=1
01-01 08:27:13.279 0 0 D qbt : qbt_release: entry minor_no=1 fd_available=1
01-01 08:27:13.279 0 0 D qbt : qbt_release: exit : fd_available=1
09-22 19:45:52.579 1119 1119 W Looper : Slow dispatch took 362ms main h=android.os.Handler c=com.android.server.biometrics.sensors.fingerprint.hidl.Fingerprint21$$ExternalSyntheticLambda2@349e1c0 m=0
09-22 19:45:52.579 1119 1119 D BiometricScheduler/Fingerprint21: [Added] {[1] FingerprintUpdateActiveUserClient, proto=1, owner=android, cookie=0, requestId=-1, userId=0}, new queue size: 1
09-22 19:45:52.579 1119 1119 V BiometricScheduler/Fingerprint21: Not idle, current operation: {[0] FingerprintUpdateActiveUserClient, proto=1, owner=android, cookie=0, requestId=-1, userId=0}, State: 2
09-22 19:45:52.580 1119 1119 D BiometricScheduler/Fingerprint21: [Added] {[2] FingerprintInternalCleanupClient, proto=7, owner=android, cookie=0, requestId=-1, userId=0}, new queue size: 2
09-22 19:45:52.580 1119 1119 V BiometricScheduler/Fingerprint21: Not idle, current operation: {[0] FingerprintUpdateActiveUserClient, proto=1, owner=android, cookie=0, requestId=-1, userId=0}, State: 2
09-22 19:45:52.580 1119 1119 W Looper : Slow delivery took 362ms main h=android.os.Handler c=com.android.server.biometrics.sensors.fingerprint.hidl.Fingerprint21$$ExternalSyntheticLambda12@6c9c49f m=0
09-22 19:45:52.581 1119 1119 D BiometricScheduler/Fingerprint21: [Finishing] {[0] FingerprintUpdateActiveUserClient, proto=1, owner=android, cookie=0, requestId=-1, userId=0}, success: true
09-22 19:45:52.581 1119 1119 D BiometricScheduler/Fingerprint21: [Polled] {[1] FingerprintUpdateActiveUserClient, proto=1, owner=android, cookie=0, requestId=-1, userId=0}, State: 0
09-22 19:45:52.581 1119 1119 D BiometricScheduler/Fingerprint21: [Starting] {[1] FingerprintUpdateActiveUserClient, proto=1, owner=android, cookie=0, requestId=-1, userId=0}, State: 0
09-22 19:45:52.581 1119 1119 D BiometricScheduler/Fingerprint21: [Started] {[1] FingerprintUpdateActiveUserClient, proto=1, owner=android, cookie=0, requestId=-1, userId=0}
01-01 08:27:13.289 0 0 D qbt : qbt_open: entry minor_no=0 fd_available=1
01-01 08:27:13.289 0 0 D qbt : qbt_open: exit : 0 fd_available=0
01-01 08:27:13.290 0 0 D qbt : qbt_open: entry minor_no=1 fd_available=0
01-01 08:27:13.290 0 0 D qbt : qbt_open: exit : 0 fd_available=0
01-01 08:27:13.290 0 0 D qbt : qbt_ioctl: cmd received 107
01-01 08:27:13.290 0 0 D qbt : qbt_ioctl: Acquiring wakelock
01-01 08:27:13.374 0 0 W QSEECOM : qseecom_load_app: App (fingerpr) does'nt exist, loading apps for first time
01-01 08:27:13.523 0 0 W QSEECOM : qseecom_load_app: App with id 8 (fingerpr) now loaded
09-22 19:45:52.887 1898 1898 I sysui_multi_action: [757,111,758,1]
09-22 19:45:52.888 1898 1898 I sysui_multi_action: [757,126,758,1,759,126,927,0,928,0,1593,0]
09-22 19:45:52.888 1898 1898 I sysui_multi_action: [757,113,758,1,759,113,927,1,928,1,1593,0]
09-22 19:45:52.889 1898 1898 I sysui_multi_action: [757,0,758,1,759,0,927,2,928,0,1593,0]
09-22 19:45:52.889 1898 1898 I sysui_multi_action: [757,0,758,1,759,0,927,3,928,0,1593,0]
09-22 19:45:52.889 1898 1898 I sysui_multi_action: [757,1706,758,1,759,1706,927,4,928,0,1593,0]
09-22 19:45:52.892 1898 1898 I sysui_multi_action: [757,491,758,1,759,491,927,5,928,0,1311,-1,1593,0]
09-22 19:45:52.893 1898 1898 I sysui_multi_action: [757,0,758,1,759,0,927,6,928,0,1593,0]
09-22 19:45:52.894 1898 1898 I sysui_multi_action: [757,0,758,1,759,0,927,7,1593,0]
09-22 19:45:52.895 1898 1898 I sysui_multi_action: [757,111,758,1]
09-22 19:45:52.896 1898 1898 I sysui_multi_action: [757,126,758,1,759,126,927,0,928,0,1593,0]
09-22 19:45:52.896 1898 1898 I sysui_multi_action: [757,113,758,1,759,113,927,1,928,1,1593,0]
09-22 19:45:52.896 1898 1898 I sysui_multi_action: [757,0,758,1,759,0,927,2,928,0,1593,0]
09-22 19:45:52.897 1898 1898 I sysui_multi_action: [757,0,758,1,759,0,927,3,928,0,1593,0]
09-22 19:45:53.028 1119 1211 I WindowManager: ******* TELLING SURFACE FLINGER WE ARE BOOTED!
09-22 19:45:53.034 1055 1105 I sf_stop_bootanim: 50559
09-22 19:45:53.035 1119 1211 I wm_boot_animation_done: 50560
09-22 19:45:53.036 1119 1211 I ActivityManagerTiming: FinishBooting
09-22 19:45:53.040 1119 1211 I ActivityManager: About to commit checkpoint
01-01 08:27:13.744 0 0 W QSEECOM : __qseecom_unload_app: App (8) is unloaded
09-22 19:45:53.041 1119 1211 I SystemServiceManager: Starting phase 1000
09-22 19:45:53.041 1119 1211 I ActivityManagerTiming: OnBootPhase_1000
09-22 19:45:53.041 1119 1211 I ActivityManagerTiming: OnBootPhase_1000_com.android.server.security.FileIntegrityService
09-22 19:45:53.042 1119 1211 D ActivityManagerTiming: OnBootPhase_1000_com.android.server.security.FileIntegrityService took to complete: 0ms
09-22 19:45:53.042 1119 1211 I ActivityManagerTiming: OnBootPhase_1000_com.android.server.pm.Installer
09-22 19:45:53.042 1119 1211 D ActivityManagerTiming: OnBootPhase_1000_com.android.server.pm.Installer took to complete: 0ms
09-22 19:45:53.042 1119 1211 I ActivityManagerTiming: OnBootPhase_1000_com.android.server.os.DeviceIdentifiersPolicyService
09-22 19:45:53.042 1119 1211 D ActivityManagerTiming: OnBootPhase_1000_com.android.server.os.DeviceIdentifiersPolicyService took to complete: 0ms
09-22 19:45:53.042 1119 1211 I ActivityManagerTiming: OnBootPhase_1000_com.android.server.uri.UriGrantsManagerService$Lifecycle
09-22 19:45:53.042 1119 1211 D ActivityManagerTiming: OnBootPhase_1000_com.android.server.uri.UriGrantsManagerService$Lifecycle took to complete: 0ms
09-22 19:45:53.042 1119 1211 I ActivityManagerTiming: OnBootPhase_1000_com.android.server.powerstats.PowerStatsService
09-22 19:45:53.042 1119 1211 E PowerStatsService: Failed to start PowerStatsService loggers
09-22 19:45:53.042 1119 1211 D ActivityManagerTiming: OnBootPhase_1000_com.android.server.powerstats.PowerStatsService took to complete: 1ms
09-22 19:45:53.042 1119 1211 I ActivityManagerTiming: OnBootPhase_1000_com.android.server.wm.ActivityTaskManagerService$Lifecycle
09-22 19:45:53.042 1119 1211 D ActivityManagerTiming: OnBootPhase_1000_com.android.server.wm.ActivityTaskManagerService$Lifecycle took to complete: 0ms
09-22 19:45:53.042 1119 1211 I ActivityManagerTiming: OnBootPhase_1000_com.android.server.am.ActivityManagerService$Lifecycle
09-22 19:45:53.042 1119 1211 D ActivityManagerTiming: OnBootPhase_1000_com.android.server.am.ActivityManagerService$Lifecycle took to complete: 0ms
09-22 19:45:53.042 1119 1211 I ActivityManagerTiming: OnBootPhase_1000_com.android.server.pm.DataLoaderManagerService
09-22 19:45:53.042 1119 1211 D ActivityManagerTiming: OnBootPhase_1000_com.android.server.pm.DataLoaderManagerService took to complete: 0ms
09-22 19:45:53.042 1119 1211 I ActivityManagerTiming: OnBootPhase_1000_com.android.server.power.PowerManagerService
09-22 19:45:53.044 1119 1698 I input_focus: [Focus entering ac71a60 com.android.settings/com.android.settings.FallbackHome (server),reason=setFocusedWindow]
09-22 19:45:53.044 1119 1211 D ActivityManagerTiming: OnBootPhase_1000_com.android.server.power.PowerManagerService took to complete: 2ms
09-22 19:45:53.044 1119 1211 I ActivityManagerTiming: OnBootPhase_1000_com.android.server.power.ThermalManagerService
09-22 19:45:53.044 1119 1211 D ActivityManagerTiming: OnBootPhase_1000_com.android.server.power.ThermalManagerService took to complete: 0ms
09-22 19:45:53.044 1119 1211 I ActivityManagerTiming: OnBootPhase_1000_com.android.server.power.hint.HintManagerService
09-22 19:45:53.044 1119 1211 D ActivityManagerTiming: OnBootPhase_1000_com.android.server.power.hint.HintManagerService took to complete: 0ms
