09-22 19:45:54.948 1119 1711 D CompatibilityChangeReporter: Compat change id reported: 135754954; UID 10099; state: ENABLED
09-22 19:45:54.949 1119 1711 I StorageUserConnection: Bound to the ExternalStorageService for user 0
09-22 19:45:54.956 1119 1846 I BackupManagerService: isBackupEnabled() => false due to absent settings file
09-22 19:45:54.958 1119 1846 D BackupManagerService: user:0 readBackupEnableState enabled:false
09-22 19:45:54.958 1119 1846 I BackupManagerService: [UserID:0] Backup enabled => false
09-22 19:45:54.963 1119 1211 I sysui_multi_action: [757,803,799,window_time_0,802,15]
01-01 08:27:15.763 0 0 I binder : 2840:2840 ioctl 40046210 7fcf144d74 returned -22
09-22 19:45:55.079 2811 2811 I auditd : type=1400 audit(0.0:107): avc: denied { read } for comm="ethod.sogou.car" name="filesystems" dev="proc" ino=4026532320 scontext=u:r:priv_app:s0:c512,c768 tcontext=u:object_r:proc_filesystems:s0 tclass=file permissive=0 app=com.sohu.inputmethod.sogou.car
01-01 08:27:15.861 0 0 I binder : 2850:2850 ioctl 40046210 7fcf144d74 returned -22
01-01 08:27:15.873 0 0 I logd : start watching /data/system/packages.list ...
01-01 08:27:15.886 0 0 I logd : ReadPackageList, total packages: 108
01-01 08:27:15.919 0 0 I : Adding 4194300k swap on /dev/block/zram0. Priority:32758 extents:1 across:4194300k SS
01-01 08:27:15.924 0 0 I binder : 2413:2873 ioctl 40046210 73ca462254 returned -22
01-01 08:27:15.943 0 0 I binder : 2840:2840 ioctl 40046210 7fcf143c64 returned -22
01-01 08:27:15.978 0 0 D : mv2112_read_status
01-01 08:27:15.978 0 0 D mv2112_update_link: 3.0x901(1G): 0x80
01-01 08:27:15.978 0 0 D mv2112_update_link: 3.0x8109(100M): 0x0
01-01 08:27:15.978 0 0 D mv2112_update_link: link 0x0
01-01 08:27:15.978 0 0 D mv2112_read_status: autoneg is disabled
09-22 19:45:54.986 1119 1229 W ActivityManager: Slow operation: 367ms so far, now at startProcess: returned from zygote!
09-22 19:45:54.987 1119 1229 W ActivityManager: Slow operation: 367ms so far, now at startProcess: done updating battery stats
09-22 19:45:54.987 1119 1229 I am_proc_start: [0,2850,10056,.pasr,added application,.pasr]
09-22 19:45:54.987 1119 1229 W ActivityManager: Slow operation: 368ms so far, now at startProcess: building log message
09-22 19:45:54.987 1119 1229 I ActivityManager: Start proc 2850:.pasr/u0a56 for added application .pasr
09-22 19:45:54.987 1119 1229 W ActivityManager: Slow operation: 368ms so far, now at startProcess: starting to update pids map
09-22 19:45:54.988 1119 1229 W ActivityManager: Slow operation: 368ms so far, now at startProcess: done updating pids map
09-22 19:45:54.988 1119 1229 W ActivityManager: Slow operation: 367ms so far, now at startProcess: asking zygote to start proc
09-22 19:45:54.988 1119 1229 D CompatibilityChangeReporter: Compat change id reported: 143937733; UID 10083; state: DISABLED
09-22 19:45:55.002 1119 1160 W OverlayManager: service 'idmap' died
01-01 08:27:15.986 0 0 I binder : 2889:2889 ioctl 40046210 7fcf144d74 returned -22
09-22 19:45:55.068 2811 2811 E SystemConfig: SystemConfig is being accessed by a process other than system_server.
09-22 19:45:55.073 1119 1228 I am_wtf : [0,2811,com.sohu.inputmethod.sogou.car,948485701,SystemConfig,SystemConfig is being accessed by a process other than system_server.]
09-22 19:45:55.075 2811 2811 I SystemConfig: Reading permissions from /system/etc/sysconfig/framework-sysconfig.xml
01-01 08:27:16.103 0 0 I binder : 2922:2922 ioctl 40046210 7fcf144d74 returned -22
09-22 19:45:55.084 2811 2811 I SystemConfig: Reading permissions from /system/etc/sysconfig/preinstalled-packages-platform-full-base.xml
09-22 19:45:55.085 2811 2811 I SystemConfig: Reading permissions from /system/etc/sysconfig/qti_whitelist.xml
09-22 19:45:55.086 2811 2811 I SystemConfig: Reading permissions from /system/etc/sysconfig/hiddenapi-package-whitelist.xml
09-22 19:45:55.086 2811 2811 I SystemConfig: Reading permissions from /system/etc/sysconfig/preinstalled-packages-platform.xml
09-22 19:45:55.088 1119 2884 I DropBoxManagerService: add tag=system_app_wtf isTagEnabled=true flags=0x2
09-22 19:45:55.091 1119 2834 I am_proc_bound: [0,2840,ts.car.uart]
09-22 19:45:55.095 2811 2811 I SystemConfig: Reading permissions from /system/etc/sysconfig/preinstalled-packages-com.android.providers.media.module.xml
09-22 19:45:55.096 1119 2834 D CompatibilityChangeReporter: Compat change id reported: 168419799; UID 10052; state: DISABLED
09-22 19:45:55.096 2811 2811 I SystemConfig: Reading permissions from /system/etc/permissions/com.android.location.provider.xml
09-22 19:45:55.097 2811 2811 I SystemConfig: Reading permissions from /system/etc/permissions/org.apache.http.legacy.xml
09-22 19:45:55.097 2811 2811 I SystemConfig: Reading permissions from /system/etc/permissions/com.thundercomm.mcuupgrade.xml
09-22 19:45:55.098 1119 2834 I am_uid_active: 10052
09-22 19:45:55.098 2811 2811 I SystemConfig: Reading permissions from /system/etc/permissions/android.test.base.xml
09-22 19:45:55.099 2811 2811 I SystemConfig: Reading permissions from /system/etc/permissions/android.test.runner.xml
09-22 19:45:55.100 2811 2811 I SystemConfig: Reading permissions from /system/etc/permissions/com.android.future.usb.accessory.xml
09-22 19:45:55.100 2811 2811 I SystemConfig: Reading permissions from /system/etc/permissions/uimremoteserver.xml
09-22 19:45:55.101 2811 2811 I SystemConfig: Reading permissions from /system/etc/permissions/android.software.freeform_window_management.xml
09-22 19:45:55.101 1119 1207 W Looper : Drained
09-22 19:45:55.101 2811 2811 I SystemConfig: Reading permissions from /system/etc/permissions/android.test.mock.xml
09-22 19:45:55.102 2811 2811 I SystemConfig: Reading permissions from /system/etc/permissions/com.android.networkstack.tethering.xml
09-22 19:45:55.103 2811 2811 I SystemConfig: Reading permissions from /system/etc/permissions/com.android.mediadrm.signer.xml
09-22 19:45:55.105 2811 2811 I SystemConfig: Reading permissions from /system/etc/permissions/javax.obex.xml
09-22 19:45:55.105 2811 2811 I SystemConfig: Reading permissions from /system/etc/permissions/privapp-permissions-qti.xml
09-22 19:45:55.107 2811 2811 I SystemConfig: Reading permissions from /system/etc/permissions/android.software.live_wallpaper.xml
09-22 19:45:55.108 2811 2811 I SystemConfig: Reading permissions from /system/etc/permissions/privapp-permissions-platform.xml
09-22 19:45:55.113 2811 2811 I SystemConfig: Reading permissions from /system/etc/permissions/android.software.webview.xml
09-22 19:45:55.115 2811 2811 I SystemConfig: Reading permissions from /system/etc/permissions/uimremoteclient.xml
09-22 19:45:55.116 2811 2811 I SystemConfig: Reading permissions from /system/etc/permissions/com.android.media.remotedisplay.xml
09-22 19:45:55.118 2811 2811 I SystemConfig: Reading permissions from /system/etc/permissions/com.android.networkstack.xml
01-01 08:27:16.159 0 0 E msm-dwc3 a600000.ssusb: ep [gsi-epin1,29] already configured as msm endpoint
01-01 08:27:16.204 0 0 E msm-dwc3 a600000.ssusb: ep [gsi-epin2,31] already configured as msm endpoint
01-01 08:27:16.227 0 0 I binder : 2949:2949 ioctl 40046210 7fcf144d74 returned -22
01-01 08:27:16.230 0 0 E msm-dwc3 a600000.ssusb: ep [gsi-epout1,30] already configured as msm endpoint
09-22 19:45:55.137 1119 1229 W ActivityManager: Slow operation: 516ms so far, now at startProcess: returned from zygote!
09-22 19:45:55.137 1119 1229 W ActivityManager: Slow operation: 517ms so far, now at startProcess: done updating battery stats
09-22 19:45:55.137 1119 1229 I am_proc_start: [0,2889,10083,com.qualcomm.qti.services.systemhelper:systemhelper_service,added application,com.qualcomm.qti.services.systemhelper:systemhelper_service]
09-22 19:45:55.138 1119 1229 W ActivityManager: Slow operation: 517ms so far, now at startProcess: building log message
09-22 19:45:55.138 1119 1229 I ActivityManager: Start proc 2889:com.qualcomm.qti.services.systemhelper:systemhelper_service/u0a83 for added application com.qualcomm.qti.services.systemhelper:systemhelper_service
09-22 19:45:55.138 1119 1229 W ActivityManager: Slow operation: 517ms so far, now at startProcess: starting to update pids map
09-22 19:45:55.138 1119 1229 W ActivityManager: Slow operation: 518ms so far, now at startProcess: done updating pids map
09-22 19:45:55.138 1119 1229 W ActivityManager: Slow operation: 516ms so far, now at startProcess: asking zygote to start proc
09-22 19:45:55.139 1119 1229 D CompatibilityChangeReporter: Compat change id reported: 143937733; UID 10089; state: ENABLED
01-01 08:27:16.272 0 0 I devfreq-qcom-fw 18590000.qcom,devfreq-l3: qcom,cdsp-cdsp-l3-lat: Successfully started CDSP L3 governor
09-22 19:45:55.147 2811 2811 I SystemConfig: Reading permissions from /system/etc/permissions/com.android.documentsui.xml
09-22 19:45:55.149 2811 2811 I SystemConfig: Reading permissions from /system/etc/permissions/com.android.nfc_extras.xml
09-22 19:45:55.156 2811 2811 I SystemConfig: Reading permissions from /system/etc/permissions/platform.xml
09-22 19:45:55.181 1119 2834 I am_proc_bound: [0,2850,.pasr]
09-22 19:45:55.184 1119 2834 D CompatibilityChangeReporter: Compat change id reported: 168419799; UID 10056; state: DISABLED
09-22 19:45:55.186 1119 2834 I am_uid_active: 10056
09-22 19:45:55.187 2811 2811 I SystemConfig: Reading permissions from /vendor/etc/permissions/android.hardware.vulkan.compute-0.xml
09-22 19:45:55.195 2811 2811 I SystemConfig: Reading permissions from /vendor/etc/permissions/android.hardware.usb.host.xml
09-22 19:45:55.197 2811 2811 I SystemConfig: Reading permissions from /vendor/etc/permissions/handheld_core_hardware.xml
09-22 19:45:55.200 2811 2811 I SystemConfig: Reading permissions from /vendor/etc/permissions/android.hardware.opengles.aep.xml
09-22 19:45:55.200 2811 2811 I SystemConfig: Reading permissions from /vendor/etc/permissions/android.hardware.wifi.passpoint.xml
09-22 19:45:55.205 2811 2811 I SystemConfig: Reading permissions from /vendor/etc/permissions/android.hardware.wifi.xml
09-22 19:45:55.206 2811 2811 I SystemConfig: Reading permissions from /vendor/etc/permissions/android.software.midi.xml
09-22 19:45:55.206 2811 2811 I SystemConfig: Reading permissions from /vendor/etc/permissions/android.software.device_id_attestation.xml
09-22 19:45:55.208 2811 2811 I SystemConfig: Reading permissions from /vendor/etc/permissions/android.hardware.sensor.compass.xml
09-22 19:45:55.208 2811 2811 I SystemConfig: Reading permissions from /vendor/etc/permissions/android.hardware.light.xml
09-22 19:45:55.209 2811 2811 I SystemConfig: Reading permissions from /vendor/etc/permissions/android.hardware.audio.pro.xml
09-22 19:45:55.209 2811 2811 I SystemConfig: Reading permissions from /vendor/etc/permissions/android.hardware.audio.low_latency.xml
09-22 19:45:55.209 2811 2811 I SystemConfig: Reading permissions from /vendor/etc/permissions/android.hardware.sensor.ambient_temperature.xml
09-22 19:45:55.210 2811 2811 I SystemConfig: Reading permissions from /vendor/etc/permissions/qti_fingerprint_interface.xml
09-22 19:45:55.210 2811 2811 I SystemConfig: Reading permissions from /vendor/etc/permissions/android.hardware.se.omapi.uicc.xml
09-22 19:45:55.220 2811 2811 I SystemConfig: Reading permissions from /vendor/etc/permissions/android.hardware.touchscreen.multitouch.jazzhand.xml
09-22 19:45:55.220 2811 2811 I SystemConfig: Reading permissions from /vendor/etc/permissions/vendor.qti.hardware.factory.xml
09-22 19:45:55.225 2811 2811 I SystemConfig: Reading permissions from /vendor/etc/permissions/android.software.verified_boot.xml
09-22 19:45:55.226 2811 2811 I SystemConfig: Reading permissions from /vendor/etc/permissions/android.hardware.wifi.aware.xml
09-22 19:45:55.226 2811 2811 I SystemConfig: Reading permissions from /vendor/etc/permissions/android.hardware.bluetooth.xml
09-22 19:45:55.227 2811 2811 I SystemConfig: Reading permissions from /vendor/etc/permissions/android.software.vulkan.deqp.level.xml
09-22 19:45:55.238 2811 2811 I SystemConfig: Reading permissions from /vendor/etc/permissions/android.hardware.sensor.hifi_sensors.xml
09-22 19:45:55.238 2811 2811 I SystemConfig: Reading permissions from /vendor/etc/permissions/android.hardware.sensor.barometer.xml
09-22 19:45:55.239 2811 2811 I SystemConfig: Reading permissions from /vendor/etc/permissions/vendor-qti-hardware-sensorscalibrate.xml
09-22 19:45:55.243 2811 2811 I SystemConfig: Reading permissions from /vendor/etc/permissions/android.hardware.wifi.rtt.xml
09-22 19:45:55.244 2811 2811 I SystemConfig: Reading permissions from /vendor/etc/permissions/android.hardware.sensor.accelerometer.xml
09-22 19:45:55.244 2811 2811 I SystemConfig: Reading permissions from /vendor/etc/permissions/android.hardware.se.omapi.ese.xml
09-22 19:45:55.245 2811 2811 I SystemConfig: Reading permissions from /vendor/etc/permissions/android.hardware.wifi.direct.xml
09-22 19:45:55.245 2811 2811 I SystemConfig: Reading permissions from /vendor/etc/permissions/android.software.ipsec_tunnels.xml
09-22 19:45:55.246 2811 2811 I SystemConfig: Reading permissions from /vendor/etc/permissions/android.hardware.location.gps.xml
09-22 19:45:55.247 2811 2811 I SystemConfig: Reading permissions from /vendor/etc/permissions/android.hardware.sensor.relative_humidity.xml
09-22 19:45:55.249 2811 2811 I SystemConfig: Reading permissions from /vendor/etc/permissions/android.hardware.usb.accessory.xml
09-22 19:45:55.249 2811 2811 I SystemConfig: Reading permissions from /vendor/etc/permissions/android.hardware.vulkan.level-1.xml
09-22 19:45:55.250 2811 2811 I SystemConfig: Reading permissions from /vendor/etc/permissions/android.hardware.vulkan.version-1_1.xml
09-22 19:45:55.254 2811 2811 I SystemConfig: Reading permissions from /vendor/etc/permissions/android.hardware.sensor.gyroscope.xml
09-22 19:45:55.255 2811 2811 I SystemConfig: Reading permissions from /vendor/etc/permissions/android.hardware.fingerprint.xml
09-22 19:45:55.255 2811 2811 I SystemConfig: Reading permissions from /vendor/etc/permissions/android.hardware.bluetooth_le.xml
09-22 19:45:55.257 2811 2811 I SystemConfig: Reading permissions from /product/etc/sysconfig/preinstalled-packages-platform-overlays.xml
09-22 19:45:55.259 2811 2811 I SystemConfig: Reading permissions from /product/etc/sysconfig/preinstalled-packages-platform-handheld-product.xml
09-22 19:45:55.260 2811 2811 I SystemConfig: Reading permissions from /product/etc/permissions/com.android.settings.intelligence.xml
09-22 19:45:55.260 2811 2811 I SystemConfig: Reading permissions from /product/etc/permissions/privapp-permissions-soundrecorder.xml
09-22 19:45:55.261 2811 2811 I SystemConfig: Reading permissions from /product/etc/permissions/vendor.qti.hardware.data.connection-V1.1-java.xml
09-22 19:45:55.262 2811 2811 I SystemConfig: Reading permissions from /product/etc/permissions/ims_ext_common.xml
09-22 19:45:55.262 2811 2811 I SystemConfig: Reading permissions from /product/etc/permissions/UimService.xml
09-22 19:45:55.263 2811 2811 I SystemConfig: Reading permissions from /product/etc/permissions/telephony_product_privapp-permissions-qti.xml
09-22 19:45:55.273 2811 2811 I SystemConfig: Reading permissions from /product/etc/permissions/vendor.qti.hardware.data.connection-V1.0-java.xml
09-22 19:45:55.273 2811 2811 I SystemConfig: Reading permissions from /product/etc/permissions/com.qti.snapdragon.sdk.display.xml
09-22 19:45:55.274 2811 2811 I SystemConfig: Reading permissions from /system_ext/etc/sysconfig/qti_telephony_system_packages_config.xml
09-22 19:45:55.276 2811 2811 I SystemConfig: Reading permissions from /system_ext/etc/sysconfig/qti_whitelist_system_ext.xml
09-22 19:45:55.277 2811 2811 I SystemConfig: Reading permissions from /system_ext/etc/permissions/qti_permissions.xml
09-22 19:45:55.278 2811 2811 I SystemConfig: Reading permissions from /system_ext/etc/permissions/embms.xml
09-22 19:45:55.278 2811 2811 I SystemConfig: Reading permissions from /system_ext/etc/permissions/com.android.launcher3.xml
01-01 08:27:16.330 0 0 I android_work: sent uevent USB_STATE=DISCONNECTED
09-22 19:45:55.283 1119 1229 W ActivityManager: Slow operation: 660ms so far, now at startProcess: returned from zygote!
09-22 19:45:55.283 2811 2811 I SystemConfig: Reading permissions from /system_ext/etc/permissions/com.qualcomm.qti.imscmservice-V2.1-java.xml
09-22 19:45:55.283 1119 1229 W ActivityManager: Slow operation: 661ms so far, now at startProcess: done updating battery stats
09-22 19:45:55.283 1119 1229 I am_proc_start: [0,2922,10089,com.qualcomm.qti.qccnetstat,added application,com.qualcomm.qti.qccnetstat]
09-22 19:45:55.283 1119 1229 W ActivityManager: Slow operation: 661ms so far, now at startProcess: building log message
09-22 19:45:55.283 1119 1229 I ActivityManager: Start proc 2922:com.qualcomm.qti.qccnetstat/u0a89 for added application com.qualcomm.qti.qccnetstat
09-22 19:45:55.283 1119 1229 W ActivityManager: Slow operation: 661ms so far, now at startProcess: starting to update pids map
09-22 19:45:55.283 1119 1229 W ActivityManager: Slow operation: 661ms so far, now at startProcess: done updating pids map
09-22 19:45:55.284 1119 1229 W ActivityManager: Slow operation: 655ms so far, now at startProcess: asking zygote to start proc
09-22 19:45:55.284 1119 1229 D CompatibilityChangeReporter: Compat change id reported: 143937733; UID 10094; state: ENABLED
09-22 19:45:55.286 2811 2811 I SystemConfig: Reading permissions from /system_ext/etc/permissions/com.qualcomm.location.xml
01-01 08:27:16.412 0 0 I binder : 2976:2976 ioctl 40046210 7fcf144d74 returned -22
09-22 19:45:55.288 2811 2811 I SystemConfig: Reading permissions from /system_ext/etc/permissions/com.android.settings.xml
09-22 19:45:55.289 2811 2811 I SystemConfig: Reading permissions from /system_ext/etc/permissions/com.thundercomm.microsettings.xml
09-22 19:45:55.290 2811 2811 I SystemConfig: Reading permissions from /system_ext/etc/permissions/com.android.systemui.xml
09-22 19:45:55.291 2811 2811 I SystemConfig: Reading permissions from /system_ext/etc/permissions/qti_libpermissions.xml
09-22 19:45:55.291 2811 2811 I SystemConfig: Reading permissions from /system_ext/etc/permissions/com.android.emergency.xml
09-22 19:45:55.292 2811 2811 I SystemConfig: Reading permissions from /system_ext/etc/permissions/com.qti.media.secureprocessor.xml
09-22 19:45:55.307 1119 2834 I am_proc_bound: [0,2889,com.qualcomm.qti.services.systemhelper:systemhelper_service]
09-22 19:45:55.312 1119 2834 D CompatibilityChangeReporter: Compat change id reported: 168419799; UID 10083; state: DISABLED
09-22 19:45:55.317 1119 2834 I am_uid_active: 10083
09-22 19:45:55.348 2811 2811 I SystemConfig: Reading permissions from /system_ext/etc/permissions/com.qualcomm.qti.imscmservice-V2.2-java.xml
09-22 19:45:55.349 2811 2811 I SystemConfig: Reading permissions from /system_ext/etc/permissions/com.qualcomm.qti.imscmservice.xml
09-22 19:45:55.350 2811 2811 I SystemConfig: Reading permissions from /system_ext/etc/permissions/privapp-permissions-qti-system-ext.xml
09-22 19:45:55.350 2811 2811 I SystemConfig: Reading permissions from /system_ext/etc/permissions/com.qti.location.sdk.xml
09-22 19:45:55.352 2811 2811 I SystemConfig: Reading permissions from /system_ext/etc/permissions/vendor.qti.ims.rcsservice.xml
09-22 19:45:55.352 2811 2811 I SystemConfig: Reading permissions from /system_ext/etc/permissions/qti_supplicant_interface.xml
09-22 19:45:55.353 2811 2811 I SystemConfig: Reading permissions from /system_ext/etc/permissions/privapp-permissions-aptxals.xml
09-22 19:45:55.354 2811 2811 I SystemConfig: Reading permissions from /system_ext/etc/permissions/privapp-permissions-com.qualcomm.location.xml
09-22 19:45:55.355 2811 2811 I SystemConfig: Reading permissions from /system_ext/etc/permissions/com.android.storagemanager.xml
09-22 19:45:55.356 2811 2811 I SystemConfig: Reading permissions from /system_ext/etc/permissions/com.android.provision.xml
09-22 19:45:55.357 2811 2811 I SystemConfig: Reading permissions from /system_ext/etc/permissions/com.qualcomm.qmapbridge.xml
09-22 19:45:55.358 2811 2811 I SystemConfig: Reading permissions from /system_ext/etc/permissions/com.qualcomm.qti.izattools.xml
09-22 19:45:55.360 2811 2811 I SystemConfig: Reading permissions from /system_ext/etc/permissions/android.software.verified_boot.xml
09-22 19:45:55.363 2811 2811 I SystemConfig: Reading permissions from /system_ext/etc/permissions/com.qti.dpmframework.xml
09-22 19:45:55.364 2811 2811 I SystemConfig: Reading permissions from /system_ext/etc/permissions/izat.xt.srv.xml
09-22 19:45:55.365 2811 2811 I SystemConfig: Reading permissions from /system_ext/etc/permissions/com.nxp.nfc.nq.xml
09-22 19:45:55.371 2811 2811 I SystemConfig: Reading permissions from /system_ext/etc/permissions/wfd-system-ext-privapp-permissions-qti.xml
09-22 19:45:55.373 2811 2811 I SystemConfig: Reading permissions from /system_ext/etc/permissions/dpmapi.xml
09-22 19:45:55.375 2811 2811 I SystemConfig: Reading permissions from /system_ext/etc/permissions/audiosphere.xml
09-22 19:45:55.377 2811 2811 I SystemConfig: Reading permissions from /system_ext/etc/permissions/com.qualcomm.qti.imscmservice-V2.0-java.xml
09-22 19:45:55.378 2811 2811 I SystemConfig: Reading permissions from /system_ext/etc/permissions/telephony_system-ext_privapp-permissions-qti.xml
09-22 19:45:55.380 2811 2811 I SystemConfig: Reading permissions from /system_ext/etc/permissions/embms-noship_product_privapp_permissions_qti.xml
01-01 08:27:16.431 0 0 E msm-dwc3 a600000.ssusb: Could not get usb psy
09-22 19:45:55.381 1119 1229 W ActivityManager: Slow operation: 753ms so far, now at startProcess: returned from zygote!
09-22 19:45:55.382 1119 1229 W ActivityManager: Slow operation: 753ms so far, now at startProcess: done updating battery stats
09-22 19:45:55.382 1119 1229 I am_proc_start: [0,2949,10094,com.qualcomm.qti.workloadclassifier,added application,com.qualcomm.qti.workloadclassifier]
09-22 19:45:55.382 1119 1229 W ActivityManager: Slow operation: 753ms so far, now at startProcess: building log message
09-22 19:45:55.382 1119 1229 I ActivityManager: Start proc 2949:com.qualcomm.qti.workloadclassifier/u0a94 for added application com.qualcomm.qti.workloadclassifier
09-22 19:45:55.382 1119 1229 W ActivityManager: Slow operation: 753ms so far, now at startProcess: starting to update pids map
09-22 19:45:55.382 1119 1229 W ActivityManager: Slow operation: 754ms so far, now at startProcess: done updating pids map
09-22 19:45:55.382 1119 1229 W ActivityManager: Slow operation: 753ms so far, now at startProcess: asking zygote to start proc
09-22 19:45:55.395 2811 2811 D SystemConfig: readAllPermissions took to complete: 320ms
09-22 19:45:55.418 1119 1644 I am_proc_bound: [0,2922,com.qualcomm.qti.qccnetstat]
09-22 19:45:55.421 1119 1643 W StorageManagerService: Reporting emulated;0 unmounted due to system locked
09-22 19:45:55.424 1119 1644 D CompatibilityChangeReporter: Compat change id reported: 168419799; UID 10089; state: DISABLED
09-22 19:45:55.436 1119 1226 I UsageStatsService: User[0] Rollover scheduled @ 2022-09-23 19:45:54(1663933554697)
09-22 19:45:55.437 1119 1226 I UsageStatsService: Time changed in by 1663845519 seconds
09-22 19:45:55.439 1119 1644 I am_uid_active: 10089
09-22 19:45:55.456 1119 1226 I UsageStatsService: User[0] Flushing usage stats to disk
09-22 19:45:55.558 2413 2413 I wm_on_create_called: [10635200,com.android.launcher3.uioverrides.QuickstepLauncher,performCreate]
09-22 19:45:55.560 2413 2413 I wm_on_start_called: [10635200,com.android.launcher3.uioverrides.QuickstepLauncher,handleStartActivity]
09-22 19:45:55.560 2413 2413 I wm_on_resume_called: [10635200,com.android.launcher3.uioverrides.QuickstepLauncher,RESUME_ACTIVITY]
09-22 19:45:55.564 1119 1229 W ActivityManager: Slow operation: 935ms so far, now at startProcess: returned from zygote!
09-22 19:45:55.565 1119 1229 W ActivityManager: Slow operation: 936ms so far, now at startProcess: done updating battery stats
09-22 19:45:55.565 1119 1229 I am_proc_start: [0,2976,10086,com.qualcomm.location,added application,com.qualcomm.location]
09-22 19:45:55.565 1119 1229 W ActivityManager: Slow operation: 936ms so far, now at startProcess: building log message
09-22 19:45:55.565 1119 1229 I ActivityManager: Start proc 2976:com.qualcomm.location/u0a86 for added application com.qualcomm.location
09-22 19:45:55.566 1119 1229 W ActivityManager: Slow operation: 936ms so far, now at startProcess: starting to update pids map
09-22 19:45:55.567 1119 1229 W ActivityManager: Slow operation: 937ms so far, now at startProcess: done updating pids map
09-22 19:45:55.567 1119 1229 W ActivityManager: Slow operation: 864ms so far, now at startProcess: asking zygote to start proc
09-22 19:45:55.573 1119 1644 I am_proc_bound: [0,2949,com.qualcomm.qti.workloadclassifier]
09-22 19:45:55.603 1119 1644 D CompatibilityChangeReporter: Compat change id reported: 168419799; UID 10094; state: DISABLED
09-22 19:45:55.620 2413 2413 I wm_on_top_resumed_gained_called: [10635200,com.android.launcher3.uioverrides.QuickstepLauncher,topStateChangedWhenResumed]
09-22 19:45:55.631 1119 1644 W ActivityManager: Slow operation: 59ms so far, now at attachApplicationLocked: immediately after bindApplication
09-22 19:45:55.632 1119 1644 W ActivityManager: Slow operation: 60ms so far, now at attachApplicationLocked: after updateLruProcessLocked
09-22 19:45:55.633 1119 1644 W ActivityManager: Slow operation: 60ms so far, now at attachApplicationLocked: after mServices.attachApplicationLocked
09-22 19:45:55.633 1119 1644 I am_uid_active: 10094
09-22 19:45:55.645 1119 1644 W ActivityManager: Slow operation: 72ms so far, now at attachApplicationLocked: after updateOomAdjLocked
01-01 08:27:16.627 0 0 I binder : 3007:3007 ioctl 40046210 7fcf144d74 returned -22
09-22 19:45:55.690 1119 1229 W ActivityManager: Slow operation: 987ms so far, now at startProcess: returned from zygote!
09-22 19:45:55.690 1119 1229 W ActivityManager: Slow operation: 988ms so far, now at startProcess: done updating battery stats
09-22 19:45:55.690 1119 1229 I am_proc_start: [0,2986,1000,com.android.keychain,service,{com.android.keychain/com.android.keychain.KeyChainService}]
09-22 19:45:55.690 1119 1229 W ActivityManager: Slow operation: 988ms so far, now at startProcess: building log message
09-22 19:45:55.691 1119 1229 I ActivityManager: Start proc 2986:com.android.keychain/1000 for service {com.android.keychain/com.android.keychain.KeyChainService}
09-22 19:45:55.691 1119 1229 W ActivityManager: Slow operation: 988ms so far, now at startProcess: starting to update pids map
09-22 19:45:55.691 1119 1229 W ActivityManager: Slow operation: 989ms so far, now at startProcess: done updating pids map
09-22 19:45:55.691 1119 1229 W ActivityManager: Slow operation: 760ms so far, now at startProcess: asking zygote to start proc
09-22 19:45:55.691 1119 1229 D CompatibilityChangeReporter: Compat change id reported: 143937733; UID 10099; state: ENABLED
09-22 19:45:55.721 1119 2453 I am_proc_bound: [0,2976,com.qualcomm.location]
09-22 19:45:55.763 1119 1210 I DropBoxManagerService: add tag=system_app_strictmode isTagEnabled=true flags=0x2
09-22 19:45:55.765 1119 1212 I input_focus: [Focus request b7aa70b com.android.launcher3/com.android.launcher3.uioverrides.QuickstepLauncher,reason=UpdateInputWindows]
09-22 19:45:55.769 1119 2453 D CompatibilityChangeReporter: Compat change id reported: 168419799; UID 10086; state: DISABLED
09-22 19:45:55.773 1119 2453 W ActivityManager: Slow operation: 52ms so far, now at attachApplicationLocked: immediately before bindApplication
09-22 19:45:55.781 1119 2453 W ActivityManager: Slow operation: 61ms so far, now at attachApplicationLocked: immediately after bindApplication
09-22 19:45:55.781 1119 2453 W ActivityManager: Slow operation: 61ms so far, now at attachApplicationLocked: after updateLruProcessLocked
09-22 19:45:55.782 1119 2453 I am_uid_active: 10086
09-22 19:45:55.799 1119 2453 W ActivityManager: Slow operation: 79ms so far, now at attachApplicationLocked: after mServices.attachApplicationLocked
09-22 19:45:55.800 1119 1210 I DropBoxManagerService: add tag=system_app_strictmode isTagEnabled=true flags=0x2
09-22 19:45:55.801 1119 2453 W ActivityManager: Slow operation: 80ms so far, now at attachApplicationLocked: after sendPendingBroadcastsLocked
09-22 19:45:55.814 1119 1229 W ActivityManager: Slow operation: 883ms so far, now at startProcess: returned from zygote!
09-22 19:45:55.815 1119 1229 W ActivityManager: Slow operation: 883ms so far, now at startProcess: done updating battery stats
09-22 19:45:55.815 1119 1229 I am_proc_start: [0,3007,10099,com.android.providers.media.module,service,{com.android.providers.media.module/com.android.providers.media.fuse.ExternalStorageServiceImpl}]
09-22 19:45:55.815 1119 1229 I Watchdog: Interesting Java process com.android.providers.media.module started. Pid 3007
09-22 19:45:55.815 1119 1229 W ActivityManager: Slow operation: 884ms so far, now at startProcess: building log message
09-22 19:45:55.815 1119 1229 I ActivityManager: Start proc 3007:com.android.providers.media.module/u0a99 for service {com.android.providers.media.module/com.android.providers.media.fuse.ExternalStorageServiceImpl}
09-22 19:45:55.815 1119 1229 W ActivityManager: Slow operation: 884ms so far, now at startProcess: starting to update pids map
09-22 19:45:55.816 1119 1229 W ActivityManager: Slow operation: 885ms so far, now at startProcess: done updating pids map
09-22 19:45:55.821 1119 1210 I DropBoxManagerService: add tag=system_app_strictmode isTagEnabled=true flags=0x2
09-22 19:45:55.840 1119 1210 I DropBoxManagerService: add tag=system_app_strictmode isTagEnabled=true flags=0x2
09-22 19:45:55.928 1119 1207 I sysui_multi_action: [319,1212,322,1203,325,52,757,761,758,8,759,2,806,com.android.launcher3,871,com.android.launcher3.uioverrides.QuickstepLauncher,905,0,1320,4,1321,1]
09-22 19:45:55.929 1119 1207 I wm_activity_launch_time: [0,10635200,com.android.launcher3/.uioverrides.QuickstepLauncher,1203]
09-22 19:45:55.934 1119 1644 I am_proc_bound: [0,3007,com.android.providers.media.module]
09-22 19:45:55.949 1119 1698 I input_focus: [Focus entering b7aa70b com.android.launcher3/com.android.launcher3.uioverrides.QuickstepLauncher (server),reason=Window became focusable. Previous reason: NOT_VISIBLE]
09-22 19:45:55.957 1119 1644 D CompatibilityChangeReporter: Compat change id reported: 168419799; UID 10099; state: DISABLED
09-22 19:45:55.962 1119 1644 I am_uid_active: 10099
09-22 19:45:55.985 1119 2943 I wm_destroy_activity: [0,257890446,2,com.android.settings/.FallbackHome,finish-idle]
09-22 19:45:56.005 1119 2943 I am_uid_running: 10022
09-22 19:45:56.006 1119 2943 D CompatibilityChangeReporter: Compat change id reported: 135634846; UID 10022; state: DISABLED
09-22 19:45:56.006 1119 2943 D CompatibilityChangeReporter: Compat change id reported: 177438394; UID 10022; state: DISABLED
09-22 19:45:56.006 1119 2943 D CompatibilityChangeReporter: Compat change id reported: 135772972; UID 10022; state: DISABLED
09-22 19:45:56.006 1119 2943 D CompatibilityChangeReporter: Compat change id reported: 135754954; UID 10022; state: ENABLED
09-22 19:45:56.007 1119 1229 D CompatibilityChangeReporter: Compat change id reported: 143937733; UID 10022; state: ENABLED
09-22 19:45:56.021 2370 2370 I wm_on_stop_called: [257890446,com.android.settings.FallbackHome,LIFECYCLER_STOP_ACTIVITY]
09-22 19:45:56.041 2370 2370 I wm_on_destroy_called: [257890446,com.android.settings.FallbackHome,performDestroy]
01-01 08:27:16.783 0 0 I binder : 2986:2986 ioctl 40046210 7fcf144d74 returned -22
01-01 08:27:16.868 0 0 I binder : 2976:3078 ioctl 40046210 742c60c934 returned -22
09-22 19:45:56.229 2986 2986 I service_manager_slow: [67,activity]
01-01 08:27:17.002 0 0 D : mv2112_read_status
09-22 19:45:56.237 1119 2943 D CompatibilityChangeReporter: Compat change id reported: 168419799; UID 10091; state: DISABLED
09-22 19:45:56.239 1119 1212 I wm_task_removed: [2,cleanUpResourcesForDestroy]
09-22 19:45:56.239 1119 1643 I am_proc_bound: [0,2986,com.android.keychain]
09-22 19:45:56.239 1119 1212 I wm_task_removed: [2,removeChild:removeChild last r=ActivityRecord{f5f188e u0 com.android.settings/.FallbackHome t-1 f}} in t=Task{85e1506 #2 type=home A=1000:com.android.settings.FallbackHome U=0 visible=false mode=fullscreen translucent=true sz=0}]
09-22 19:45:56.239 1119 1212 I wm_task_removed: [2,removeChild]
01-01 08:27:17.002 0 0 D mv2112_update_link: 3.0x901(1G): 0x80
09-22 19:45:56.242 1119 1643 D CompatibilityChangeReporter: Compat change id reported: 168419799; UID 1000; state: DISABLED
01-01 08:27:17.002 0 0 D mv2112_update_link: 3.0x8109(100M): 0x0
01-01 08:27:17.002 0 0 D mv2112_update_link: link 0x0
01-01 08:27:17.002 0 0 D mv2112_read_status: autoneg is disabled
09-22 19:45:56.260 1119 1229 W ActivityManager: Slow operation: 254ms so far, now at startProcess: returned from zygote!
09-22 19:45:56.304 1119 1643 W ActivityManager: Slow operation: 64ms so far, now at attachApplicationLocked: after mServices.attachApplicationLocked
09-22 19:45:56.305 1119 1209 W Looper : Slow dispatch took 105ms android.ui h=com.android.server.am.ActivityManagerService$UiHandler c=null m=68
09-22 19:45:56.305 1119 1229 W ActivityManager: Slow operation: 300ms so far, now at startProcess: done updating battery stats
09-22 19:45:56.305 1119 1229 I am_proc_start: [0,3094,10022,android.process.acore,content provider,{com.android.providers.contacts/com.android.providers.contacts.ContactsProvider2}]
09-22 19:45:56.305 1119 1229 W ActivityManager: Slow operation: 300ms so far, now at startProcess: building log message
09-22 19:45:56.305 1119 1229 I ActivityManager: Start proc 3094:android.process.acore/u0a22 for content provider {com.android.providers.contacts/com.android.providers.contacts.ContactsProvider2}
09-22 19:45:56.306 1119 1229 W ActivityManager: Slow operation: 300ms so far, now at startProcess: starting to update pids map
09-22 19:45:56.306 1119 1229 W ActivityManager: Slow operation: 301ms so far, now at startProcess: done updating pids map
09-22 19:45:56.308 1119 2943 I dvm_lock_sample: [system_server,0,Binder:1119_A,48,ActivityManagerService.java,13809,void com.android.server.am.ActivityManagerService.finishReceiver(android.os.IBinder, int, java.lang.String, android.os.Bundle, boolean, int),,0,null,9]
09-22 19:45:56.321 1119 1243 W ProcessCpuTracker: Failed to stat(/proc/3014): android.system.ErrnoException: stat failed: ENOENT (No such file or directory)
09-22 19:45:56.324 1119 2943 D CompatibilityChangeReporter: Compat change id reported: 168419799; UID 1000; state: DISABLED
09-22 19:45:56.330 1119 1209 I dvm_lock_sample: [system_server,1,android.ui,20,ActivityManagerService.java,15538,void com.android.server.am.ActivityManagerService$LocalService.updateDeviceIdleTempAllowlist(int[], int, boolean, long, int, int, java.lang.String, int),,0,null,4]
09-22 19:45:56.330 1119 1243 W ProcessCpuTracker: Skipping unknown process pid 3014
09-22 19:45:56.335 1119 1243 W ProcessCpuTracker: Failed to stat(/proc/3050): android.system.ErrnoException: stat failed: ENOENT (No such file or directory)
09-22 19:45:56.336 1119 1243 W ProcessCpuTracker: Skipping unknown process pid 3050
09-22 19:45:56.383 1119 1211 D ColorDisplayService: NightDisplayTintController Animation cancelled: false to matrix:
09-22 19:45:56.383 1119 1211 D ColorDisplayService: 1.000000 0.000000 0.000000 0.000000 0.000000 1.000000 0.000000 0.000000 0.000000 0.000000 1.000000 0.000000 0.000000 0.000000 0.000000 1.000000 min matrix coefficients:
09-22 19:45:56.383 1119 1211 D ColorDisplayService: 1.000000 0.000000 0.000000 0.000000 0.000000 1.000000 0.000000 0.000000 0.000000 0.000000 1.000000 0.000000 0.000000 0.000000 0.000000 1.000000 max matrix coefficients:
09-22 19:45:56.383 1119 1211 D ColorDisplayService: 1.000000 0.000000 0.000000 0.000000 0.000000 1.000000 0.000000 0.000000 0.000000 0.000000 1.000000 0.000000 0.000000 0.000000 0.000000 1.000000
01-01 08:27:17.089 0 0 I binder : 3094:3094 ioctl 40046210 7fcf144d74 returned -22
09-22 19:45:56.399 1119 1643 I am_uid_running: 10076
09-22 19:45:56.402 1119 1643 D CompatibilityChangeReporter: Compat change id reported: 135634846; UID 10076; state: DISABLED
09-22 19:45:56.402 1119 1643 D CompatibilityChangeReporter: Compat change id reported: 177438394; UID 10076; state: DISABLED
09-22 19:45:56.402 1119 1643 D CompatibilityChangeReporter: Compat change id reported: 135772972; UID 10076; state: DISABLED
09-22 19:45:56.403 1119 1643 D CompatibilityChangeReporter: Compat change id reported: 135754954; UID 10076; state: ENABLED
09-22 19:45:56.406 1119 1229 D CompatibilityChangeReporter: Compat change id reported: 143937733; UID 10076; state: ENABLED
09-22 19:45:56.435 1119 1643 I am_proc_bound: [0,3094,android.process.acore]
09-22 19:45:56.437 1119 1643 D CompatibilityChangeReporter: Compat change id reported: 168419799; UID 10022; state: DISABLED
09-22 19:45:56.437 1119 1712 D TelephonyRegistry: listen oscl: mHasNotifySubscriptionInfoChangedOccurred==false no callback
09-22 19:45:56.443 1119 1643 I am_uid_active: 10022
09-22 19:45:56.488 2336 2336 W ContextImpl: Calling a method in the system process without a qualified user: android.app.ContextImpl.startService:1816 android.content.ContextWrapper.startService:774 android.content.ContextWrapper.startService:774 com.qualcomm.qti.qdma.app.BootReceiver.onBootReceived:115 com.qualcomm.qti.innodme.InnoBootReceiver.onReceive:22
09-22 19:45:56.491 1119 1210 I DropBoxManagerService: add tag=system_app_strictmode isTagEnabled=true flags=0x2
09-22 19:45:56.495 1119 1210 I DropBoxManagerService: add tag=system_app_strictmode isTagEnabled=true flags=0x2
09-22 19:45:56.508 2336 3127 W ContextImpl: Calling a method in the system process without a qualified user: android.app.ContextImpl.startService:1816 android.content.ContextWrapper.startService:774 com.qualcomm.qti.qdma.util.PeriodicCI.run:477 com.qualcomm.qti.qdma.util.PeriodicCI.start:390 com.qualcomm.qti.qdma.app.ActiveCareService$ProcessSessionRequest.run:457
01-01 08:27:17.334 0 0 I binder : 3131:3131 ioctl 40046210 7fcf144d74 returned -22
09-22 19:45:56.521 1119 1229 W ActivityManager: Slow operation: 123ms so far, now at startProcess: returned from zygote!
09-22 19:45:56.522 1119 1229 W ActivityManager: Slow operation: 123ms so far, now at startProcess: done updating battery stats
09-22 19:45:56.522 1119 1229 I am_proc_start: [0,3131,10076,com.qualcomm.location.XT,service,{com.qualcomm.location.XT/com.qualcomm.location.XT.XTSrv}]
09-22 19:45:56.522 1119 1229 W ActivityManager: Slow operation: 123ms so far, now at startProcess: building log message
09-22 19:45:56.522 1119 1229 I ActivityManager: Start proc 3131:com.qualcomm.location.XT/u0a76 for service {com.qualcomm.location.XT/com.qualcomm.location.XT.XTSrv}
09-22 19:45:56.522 1119 1229 W ActivityManager: Slow operation: 124ms so far, now at startProcess: starting to update pids map
09-22 19:45:56.528 1119 1229 W ActivityManager: Slow operation: 129ms so far, now at startProcess: done updating pids map
09-22 19:45:56.568 1119 1643 I am_uid_running: 10090
09-22 19:45:56.571 1119 1643 D CompatibilityChangeReporter: Compat change id reported: 135634846; UID 10090; state: DISABLED
09-22 19:45:56.572 1119 1643 D CompatibilityChangeReporter: Compat change id reported: 177438394; UID 10090; state: DISABLED
09-22 19:45:56.573 1119 1643 D CompatibilityChangeReporter: Compat change id reported: 135772972; UID 10090; state: DISABLED
09-22 19:45:56.573 1119 1643 D CompatibilityChangeReporter: Compat change id reported: 135754954; UID 10090; state: ENABLED
09-22 19:45:56.574 1119 1229 D CompatibilityChangeReporter: Compat change id reported: 143937733; UID 10090; state: ENABLED
09-22 19:45:56.595 2109 2109 I service_manager_slow: [14,phone]
09-22 19:45:56.600 1119 1210 I commit_sys_config_file: [jobs,24]
09-22 19:45:56.607 1119 2943 D CompatibilityChangeReporter: Compat change id reported: 182478738; UID 1001; state: DISABLED
01-01 08:27:17.425 0 0 W logd : Skipping entries from slow reader, pid 1284, fd 14, from LogBuffer::Prune()
09-22 19:45:56.633 1119 1643 D CompatibilityChangeReporter: Compat change id reported: 157233955; UID 10086; state: DISABLED
09-22 19:45:56.653 1119 2943 I am_proc_bound: [0,3131,com.qualcomm.location.XT]
09-22 19:45:56.675 1119 2943 D CompatibilityChangeReporter: Compat change id reported: 168419799; UID 10076; state: DISABLED
09-22 19:45:56.679 1119 2943 I am_uid_active: 10076
09-22 19:45:56.688 1119 2841 I StorageUserConnection: Service: [ComponentInfo{com.android.providers.media.module/com.android.providers.media.fuse.ExternalStorageServiceImpl}] connected. User [0]
09-22 19:45:56.697 1119 1229 W ActivityManager: Slow operation: 127ms so far, now at startProcess: returned from zygote!
09-22 19:45:56.698 1119 1229 W ActivityManager: Slow operation: 128ms so far, now at startProcess: done updating battery stats
09-22 19:45:56.698 1119 1229 I am_proc_start: [0,3171,10090,com.qualcomm.qtil.aptxui,broadcast,{com.qualcomm.qtil.aptxui/com.qualcomm.qtil.aptxui.aptxuiBootReceiver}]
09-22 19:45:56.698 1119 1229 W ActivityManager: Slow operation: 128ms so far, now at startProcess: building log message
09-22 19:45:56.698 1119 1229 I ActivityManager: Start proc 3171:com.qualcomm.qtil.aptxui/u0a90 for broadcast {com.qualcomm.qtil.aptxui/com.qualcomm.qtil.aptxui.aptxuiBootReceiver}
09-22 19:45:56.699 1119 1229 W ActivityManager: Slow operation: 128ms so far, now at startProcess: starting to update pids map
09-22 19:45:56.699 1119 1229 W ActivityManager: Slow operation: 129ms so far, now at startProcess: done updating pids map
09-22 19:45:56.781 1119 1210 I DropBoxManagerService: add tag=system_server_strictmode isTagEnabled=true flags=0x2
09-22 19:45:56.829 1119 1643 D CompatibilityChangeReporter: Compat change id reported: 171306433; UID 1000; state: ENABLED
09-22 19:45:56.827 2811 2811 I auditd : type=1400 audit(0.0:108): avc: denied { read } for comm="ethod.sogou.car" name="anr" dev="dm-10" ino=34 scontext=u:r:priv_app:s0:c512,c768 tcontext=u:object_r:anr_data_file:s0 tclass=dir permissive=0 app=com.sohu.inputmethod.sogou.car
01-01 08:27:17.536 0 0 I binder : 3131:3196 ioctl 40046210 742c716944 returned -22
01-01 08:27:17.570 0 0 I binder : 3171:3171 ioctl 40046210 7fcf144d74 returned -22
09-22 19:45:56.868 1119 1712 D CountryDetector: The first listener is added
09-22 19:45:56.923 1119 2027 I am_proc_bound: [0,3171,com.qualcomm.qtil.aptxui]
09-22 19:45:56.928 1119 2027 D CompatibilityChangeReporter: Compat change id reported: 168419799; UID 10090; state: DISABLED
09-22 19:45:56.935 1119 2027 I am_uid_active: 10090
01-01 08:27:17.767 0 0 E msm-dwc3 a600000.ssusb: Could not get usb psy
01-01 08:27:17.778 0 0 I android_work: did not send uevent (0 0 0000000000000000)
01-01 08:27:17.813 0 0 I android_work: sent uevent USB_STATE=CONNECTED
09-22 19:45:57.119 1119 1228 I am_uid_running: 10020
09-22 19:45:57.120 1119 1228 D CompatibilityChangeReporter: Compat change id reported: 135634846; UID 10020; state: DISABLED
09-22 19:45:57.120 1119 1228 D CompatibilityChangeReporter: Compat change id reported: 177438394; UID 10020; state: DISABLED
09-22 19:45:57.120 1119 1228 D CompatibilityChangeReporter: Compat change id reported: 135772972; UID 10020; state: DISABLED
09-22 19:45:57.120 1119 1228 D CompatibilityChangeReporter: Compat change id reported: 135754954; UID 10020; state: ENABLED
09-22 19:45:57.121 1119 1229 D CompatibilityChangeReporter: Compat change id reported: 143937733; UID 10020; state: ENABLED
09-22 19:45:57.174 1119 2027 D CompatibilityChangeReporter: Compat change id reported: 168419799; UID 10032; state: DISABLED
09-22 19:45:57.178 1119 2027 W ActivityTaskManager: Current config: {1.0 ?mcc?mnc [zh_CN] ldltr sw720dp w1706dp h648dp 240dpi lrg long hdr land finger -keyb/v/h -nav/h winConfig={ mBounds=Rect(0, 0 - 2560, 1080) mAppBounds=Rect(0, 0 - 2560, 1008) mMaxBounds=Rect(0, 0 - 2560, 1080) mWindowingMode=fullscreen mDisplayWindowingMode=fullscreen mActivityType=undefined mAlwaysOnTop=undefined mRotation=ROTATION_0} s.10 fontWeightAdjustment=0} unchanged for IME proc com.sohu.inputmethod.sogou.car
09-22 19:45:57.179 1119 2027 W ActivityTaskManager: Current config: {1.0 ?mcc?mnc [zh_CN] ldltr sw720dp w1706dp h648dp 240dpi lrg long hdr land finger -keyb/v/h -nav/h winConfig={ mBounds=Rect(0, 0 - 2560, 1080) mAppBounds=Rect(0, 0 - 2560, 1008) mMaxBounds=Rect(0, 0 - 2560, 1080) mWindowingMode=fullscreen mDisplayWindowingMode=fullscreen mActivityType=undefined mAlwaysOnTop=undefined mRotation=ROTATION_0} s.10 fontWeightAdjustment=0} unchanged for IME proc com.sohu.inputmethod.sogou.car
09-22 19:45:57.232 1119 1229 W ActivityManager: Slow operation: 112ms so far, now at startProcess: returned from zygote!
09-22 19:45:57.232 1119 1229 W ActivityManager: Slow operation: 113ms so far, now at startProcess: done updating battery stats
09-22 19:45:57.232 1119 1229 I am_proc_start: [0,3244,10020,android.process.media,broadcast,{com.android.mtp/com.android.mtp.MtpReceiver}]
09-22 19:45:57.232 1119 1229 W ActivityManager: Slow operation: 113ms so far, now at startProcess: building log message
09-22 19:45:57.232 1119 1229 I ActivityManager: Start proc 3244:android.process.media/u0a20 for broadcast {com.android.mtp/com.android.mtp.MtpReceiver}
09-22 19:45:57.232 1119 1229 W ActivityManager: Slow operation: 113ms so far, now at startProcess: starting to update pids map
09-22 19:45:57.233 1119 1229 W ActivityManager: Slow operation: 113ms so far, now at startProcess: done updating pids map
01-01 08:27:18.026 0 0 D : mv2112_read_status
01-01 08:27:18.026 0 0 D mv2112_update_link: 3.0x901(1G): 0x80
01-01 08:27:18.026 0 0 D mv2112_update_link: 3.0x8109(100M): 0x0
01-01 08:27:18.026 0 0 D mv2112_update_link: link 0x0
01-01 08:27:18.026 0 0 D mv2112_read_status: autoneg is disabled
01-01 08:27:18.039 0 0 I binder : 3244:3244 ioctl 40046210 7fcf144d74 returned -22
09-22 19:45:57.354 1119 1712 I am_proc_bound: [0,3244,android.process.media]
09-22 19:45:57.356 1119 1712 D CompatibilityChangeReporter: Compat change id reported: 168419799; UID 10020; state: DISABLED
09-22 19:45:57.389 1119 2027 D CompatibilityChangeReporter: Compat change id reported: 168419799; UID 10051; state: DISABLED
01-01 08:27:18.106 0 0 I binder : 2153:2153 ioctl 40046210 7fcf144704 returned -22
09-22 19:45:57.419 2200 2200 W ContextImpl: Calling a method in the system process without a qualified user: android.app.ContextImpl.startService:1816 android.content.ContextWrapper.startService:774 android.content.ContextWrapper.startService:774 vendor.qti.qesdk.sysservice.QesdkSysReceiver.onReceive:42 android.app.ActivityThread.handleReceiver:4309
09-22 19:45:57.450 1119 1712 D CompatibilityChangeReporter: Compat change id reported: 168419799; UID 10068; state: DISABLED
01-01 08:27:18.161 0 0 I configfs-gadget gadget: high-speed config #1: b
01-01 08:27:18.166 0 0 E msm-dwc3 a600000.ssusb: Could not get usb psy
01-01 08:27:18.191 0 0 I android_work: sent uevent USB_STATE=CONFIGURED
09-22 19:45:57.496 1119 1712 I am_uid_running: 10029
09-22 19:45:57.496 1119 1712 D CompatibilityChangeReporter: Compat change id reported: 135634846; UID 10029; state: DISABLED
09-22 19:45:57.497 1119 1712 D CompatibilityChangeReporter: Compat change id reported: 177438394; UID 10029; state: DISABLED
09-22 19:45:57.497 1119 1712 D CompatibilityChangeReporter: Compat change id reported: 135772972; UID 10029; state: DISABLED
09-22 19:45:57.497 1119 1712 D CompatibilityChangeReporter: Compat change id reported: 135754954; UID 10029; state: ENABLED
09-22 19:45:57.497 1119 1229 D CompatibilityChangeReporter: Compat change id reported: 143937733; UID 10029; state: ENABLED
01-01 08:27:18.216 0 0 E ipa_mpm_vote_unvote_pcie_clk: 1530 MHI not initialized yet
01-01 08:27:18.226 0 0 E ipa_mpm_start_stop_remote_mhip_chan: 1644 MHI not initialized yet, probe in progress
01-01 08:27:18.239 0 0 E ipa_mpm_start_stop_mhip_chan: 1736 MHIP probe 1 not initialized
01-01 08:27:18.248 0 0 E ipa3_cfg_ep_ctrl: 4812 pipe setting delay is not supported
09-22 19:45:57.567 1119 1229 W ActivityManager: Slow operation: 71ms so far, now at startProcess: returned from zygote!
09-22 19:45:57.568 1119 1229 W ActivityManager: Slow operation: 71ms so far, now at startProcess: done updating battery stats
09-22 19:45:57.568 1119 1229 I am_proc_start: [0,3284,10029,com.android.traceur,broadcast,{com.android.traceur/com.android.traceur.Receiver}]
09-22 19:45:57.568 1119 1229 W ActivityManager: Slow operation: 71ms so far, now at startProcess: building log message
09-22 19:45:57.568 1119 1229 I ActivityManager: Start proc 3284:com.android.traceur/u0a29 for broadcast {com.android.traceur/com.android.traceur.Receiver}
09-22 19:45:57.568 1119 1229 W ActivityManager: Slow operation: 71ms so far, now at startProcess: starting to update pids map
09-22 19:45:57.568 1119 1229 W ActivityManager: Slow operation: 72ms so far, now at startProcess: done updating pids map
01-01 08:27:18.268 0 0 E ipa_usb_notify_cb: Set net_ready_trigger
01-01 08:27:18.270 0 0 E ipa_mpm_vote_unvote_pcie_clk: 1530 MHI not initialized yet
01-01 08:27:18.283 0 0 E ipa_mpm_start_stop_remote_mhip_chan: 1644 MHI not initialized yet, probe in progress
09-22 19:45:57.647 1119 1904 I commit_sys_config_file: [appops,24]
01-01 08:27:18.297 0 0 E ipa_usb_notify_cb: Set net_ready_trigger
01-01 08:27:18.357 0 0 I binder : 3284:3284 ioctl 40046210 7fcf144d74 returned -22
09-22 19:45:57.680 1119 1712 I am_proc_bound: [0,3284,com.android.traceur]
09-22 19:45:57.685 1119 1712 D CompatibilityChangeReporter: Compat change id reported: 168419799; UID 10029; state: DISABLED
09-22 19:45:57.689 1119 1712 I am_uid_active: 10029
09-22 19:45:57.708 563 563 I vold : Bind mounting /mnt/runtime/default/emulated/0/Android/data on /mnt/user/0/emulated/0/Android/data
