09-22 19:58:44.659 1119 1229 W ActivityManager: Slow operation: 91ms so far, now at startProcess: building log message
09-22 19:58:44.659 1119 1229 I ActivityManager: Start proc 4400:com.android.permissioncontroller/u0a98 for service {com.android.permissioncontroller/com.android.permissioncontroller.permission.service.PermissionControllerServiceImpl}
09-22 19:58:44.659 1119 1229 W ActivityManager: Slow operation: 91ms so far, now at startProcess: starting to update pids map
09-22 19:58:44.660 1119 1229 W ActivityManager: Slow operation: 91ms so far, now at startProcess: done updating pids map
09-22 19:58:44.660 1119 1229 D CompatibilityChangeReporter: Compat change id reported: 143937733; UID 10070; state: DISABLED
09-22 19:58:44.674 1119 1226 W VoiceInteractionManager: no available voice recognition services found for user 0
09-22 19:58:44.678 1119 1226 W PackageManager: Failed registering loading progress callback. Package is fully loaded.
09-22 19:58:44.687 688 688 D Zygote : Forked child process 4401
09-22 19:58:44.688 1119 1229 I am_proc_start: [0,4401,10070,com.android.gallery3d,broadcast,{com.android.gallery3d/com.android.gallery3d.app.PackagesMonitor}]
09-22 19:58:44.688 1119 1229 I ActivityManager: Start proc 4401:com.android.gallery3d/u0a70 for broadcast {com.android.gallery3d/com.android.gallery3d.app.PackagesMonitor}
09-22 19:58:44.694 4400 4400 I libc : SetHeapTaggingLevel: tag level set to 0
09-22 19:58:44.701 1119 1226 W VoiceInteractionManager: no available voice recognition services found for user 0
09-22 19:58:44.725 3589 3598 I adbd : jdwp connection from 4400
09-22 19:58:44.726 4400 4400 D ProcessState: Binder ioctl to enable oneway spam detection failed: Invalid argument
01-01 08:40:05.429 0 0 I binder : 4400:4400 ioctl 40046210 7fcf144d74 returned -22
09-22 19:58:44.733 4401 4401 I libc : SetHeapTaggingLevel: tag level set to 0
09-22 19:58:44.738 1119 1644 I am_proc_bound: [0,4400,com.android.permissioncontroller]
09-22 19:58:44.740 1119 1644 D CompatibilityInfo: mCompatibilityFlags - 4
09-22 19:58:44.740 1119 1644 D CompatibilityInfo: applicationDensity - 240
09-22 19:58:44.740 1119 1644 D CompatibilityInfo: applicationScale - 1.0
09-22 19:58:44.749 1119 1644 I am_uid_active: 10098
09-22 19:58:44.750 2949 3717 W SQLiteLog: (28) double-quoted string literal: "com.antutu.ABenchMark"
09-22 19:58:44.752 1119 1644 D CompatibilityInfo: mCompatibilityFlags - 4
09-22 19:58:44.752 1119 1644 D CompatibilityInfo: applicationDensity - 240
09-22 19:58:44.752 1119 1644 D CompatibilityInfo: applicationScale - 1.0
09-22 19:58:44.754 1119 1644 D CompatibilityInfo: mCompatibilityFlags - 4
09-22 19:58:44.754 1119 1644 D CompatibilityInfo: applicationDensity - 240
09-22 19:58:44.754 1119 1644 D CompatibilityInfo: applicationScale - 1.0
09-22 19:58:44.764 4400 4400 D CompatibilityChangeReporter: Compat change id reported: 171979766; UID 10098; state: DISABLED
01-01 08:40:05.473 0 0 I binder : 4401:4401 ioctl 40046210 7fcf144d74 returned -22
09-22 19:58:44.767 3589 3598 I adbd : jdwp connection from 4401
09-22 19:58:44.770 4401 4401 D ProcessState: Binder ioctl to enable oneway spam detection failed: Invalid argument
09-22 19:58:44.777 4400 4400 D ApplicationLoaders: Returning zygote-cached class loader: /system/framework/android.test.base.jar
09-22 19:58:44.778 1119 2943 I am_proc_bound: [0,4401,com.android.gallery3d]
09-22 19:58:44.780 1119 2943 D CompatibilityChangeReporter: Compat change id reported: 168419799; UID 10070; state: DISABLED
09-22 19:58:44.780 1119 2943 D CompatibilityInfo: mCompatibilityFlags - 4
09-22 19:58:44.780 1119 2943 D CompatibilityInfo: applicationDensity - 240
09-22 19:58:44.780 1119 2943 D CompatibilityInfo: applicationScale - 1.0
09-22 19:58:44.785 1119 2943 D CompatibilityInfo: mCompatibilityFlags - 4
09-22 19:58:44.786 1119 2943 D CompatibilityInfo: applicationDensity - 240
09-22 19:58:44.786 1119 2943 D CompatibilityInfo: applicationScale - 1.0
09-22 19:58:44.794 4400 4400 I Perf : Connecting to perf service.
09-22 19:58:44.795 2413 2511 D AddWorkspaceItemsTask: Adding item info to workspace: WorkspaceItemInfo(id=20 type=APP container=# com.android.launcher3.logger.LauncherAtom$ContainerInfo@1aad59e
09-22 19:58:44.795 2413 2511 D AddWorkspaceItemsTask: workspace {
09-22 19:58:44.795 2413 2511 D AddWorkspaceItemsTask: grid_x: 4
09-22 19:58:44.795 2413 2511 D AddWorkspaceItemsTask: grid_y: 0
09-22 19:58:44.795 2413 2511 D AddWorkspaceItemsTask: page_index: 0
09-22 19:58:44.795 2413 2511 D AddWorkspaceItemsTask: } targetComponent=ComponentInfo{com.antutu.ABenchMark/com.example.ABenchMark.ABenchMarkStart} screen=0 cell(4,0) span(1,1) minSpan(1,1) rank=0 user=UserHandle{0} title=安兔兔评测)
09-22 19:58:44.797 4401 4401 D CompatibilityChangeReporter: Compat change id reported: 171979766; UID 10070; state: DISABLED
09-22 19:58:44.801 4400 4400 V GraphicsEnvironment: ANGLE Developer option for 'com.android.permissioncontroller' set to: 'default'
09-22 19:58:44.801 4400 4400 V GraphicsEnvironment: ANGLE GameManagerService for com.android.permissioncontroller: false
09-22 19:58:44.806 4400 4400 D NetworkSecurityConfig: No Network Security Config specified, using platform default
09-22 19:58:44.806 4400 4400 D NetworkSecurityConfig: No Network Security Config specified, using platform default
09-22 19:58:44.810 4400 4400 I CarUiInstaller: CarUiInstaller started for com.android.permissioncontroller
09-22 19:58:44.820 4401 4401 D ApplicationLoaders: Returning zygote-cached class loader: /system/framework/android.test.base.jar
09-22 19:58:44.825 4400 4419 I PermissionControllerServiceImpl: Updating user sensitive for uid 10101
09-22 19:58:44.838 4400 4415 I PermissionControllerServiceImpl: Updating user sensitive for uid 10101
09-22 19:58:44.840 4400 4434 W Role : Cannot get ApplicationInfo for default holder: com.android.contacts
09-22 19:58:44.846 4400 4436 E BackupHelper: Could not parse delayed permissions
09-22 19:58:44.846 4400 4436 E BackupHelper: java.io.FileNotFoundException: /data/user_de/0/com.android.permissioncontroller/files/delayed_restore_permissions.xml: open failed: ENOENT (No such file or directory)
09-22 19:58:44.846 4400 4436 E BackupHelper: at libcore.io.IoBridge.open(IoBridge.java:575)
09-22 19:58:44.846 4400 4436 E BackupHelper: at java.io.FileInputStream.(FileInputStream.java:160)
09-22 19:58:44.846 4400 4436 E BackupHelper: at android.app.ContextImpl.openFileInput(ContextImpl.java:698)
09-22 19:58:44.846 4400 4436 E BackupHelper: at com.android.permissioncontroller.permission.service.BackupHelper.restoreDelayedState(BackupHelper.java:338)
09-22 19:58:44.846 4400 4436 E BackupHelper: at com.android.permissioncontroller.permission.service.PermissionControllerServiceImpl.onRestoreDelayedRuntimePermissionsBackup(PermissionControllerServiceImpl.java:419)
09-22 19:58:44.846 4400 4436 E BackupHelper: at com.android.permissioncontroller.permission.service.PermissionControllerServiceImpl.lambda$onApplyStagedRuntimePermissionBackup$4(PermissionControllerServiceImpl.java:413)
09-22 19:58:44.846 4400 4436 E BackupHelper: at com.android.permissioncontroller.permission.service.PermissionControllerServiceImpl.$r8$lambda$d0Nn-xRapZQvoyXU4vSZgmIHAHQ(Unknown Source:0)
09-22 19:58:44.846 4400 4436 E BackupHelper: at com.android.permissioncontroller.permission.service.PermissionControllerServiceImpl$$ExternalSyntheticLambda5.run(Unknown Source:8)
09-22 19:58:44.846 4400 4436 E BackupHelper: at android.os.AsyncTask$SerialExecutor$1.run(AsyncTask.java:305)
09-22 19:58:44.846 4400 4436 E BackupHelper: at java.util.concurrent.ThreadPoolExecutor.runWorker(ThreadPoolExecutor.java:1167)
09-22 19:58:44.846 4400 4436 E BackupHelper: at java.util.concurrent.ThreadPoolExecutor$Worker.run(ThreadPoolExecutor.java:641)
09-22 19:58:44.846 4400 4436 E BackupHelper: at java.lang.Thread.run(Thread.java:920)
09-22 19:58:44.846 4400 4436 E BackupHelper: Caused by: android.system.ErrnoException: open failed: ENOENT (No such file or directory)
09-22 19:58:44.846 4400 4436 E BackupHelper: at libcore.io.Linux.open(Native Method)
09-22 19:58:44.846 4400 4436 E BackupHelper: at libcore.io.ForwardingOs.open(ForwardingOs.java:567)
09-22 19:58:44.846 4400 4436 E BackupHelper: at libcore.io.BlockGuardOs.open(BlockGuardOs.java:273)
09-22 19:58:44.846 4400 4436 E BackupHelper: at libcore.io.ForwardingOs.open(ForwardingOs.java:567)
09-22 19:58:44.846 4400 4436 E BackupHelper: at android.app.ActivityThread$AndroidOs.open(ActivityThread.java:7766)
09-22 19:58:44.846 4400 4436 E BackupHelper: at libcore.io.IoBridge.open(IoBridge.java:561)
09-22 19:58:44.846 4400 4436 E BackupHelper: ... 11 more
09-22 19:58:44.878 4401 4401 D nativeloader: classloader namespace configured for unbundled product apk. library_path=/product/app/Gallery2/lib/arm64:/product/app/Gallery2/Gallery2.apk!/lib/arm64-v8a:/product/lib64:/system/product/lib64
09-22 19:58:44.916 4400 4434 W Role : Cannot get ApplicationInfo for default holder: com.android.messaging
09-22 19:58:44.942 4401 4401 I Perf : Connecting to perf service.
09-22 19:58:44.959 4401 4401 V GraphicsEnvironment: ANGLE Developer option for 'com.android.gallery3d' set to: 'default'
09-22 19:58:44.961 4401 4401 V GraphicsEnvironment: ANGLE GameManagerService for com.android.gallery3d: false
09-22 19:58:44.965 4401 4401 D NetworkSecurityConfig: No Network Security Config specified, using platform default
09-22 19:58:44.966 4401 4401 D NetworkSecurityConfig: No Network Security Config specified, using platform default
09-22 19:58:45.014 1119 2943 D CompatibilityInfo: mCompatibilityFlags - 4
09-22 19:58:45.014 1119 2943 D CompatibilityInfo: applicationDensity - 240
09-22 19:58:45.014 1119 2943 D CompatibilityInfo: applicationScale - 1.0
09-22 19:58:45.049 663 674 I mpu_uart: [MSG-P:RECV]:No message received in 1000 ms
01-01 08:40:05.994 0 0 D : mv2112_read_status
01-01 08:40:05.996 0 0 D mv2112_update_link: 3.0x901(1G): 0x80
01-01 08:40:05.998 0 0 D mv2112_update_link: 3.0x8109(100M): 0x0
01-01 08:40:05.998 0 0 D mv2112_update_link: link 0x0
01-01 08:40:05.999 0 0 D mv2112_read_status: autoneg is disabled
09-22 19:58:45.553 518 518 I hwservicemanager: getTransport: Cannot find entry android.hardware.light@2.0::ILight/default in either framework or device VINTF manifest.
09-22 19:58:45.557 4449 4449 E light : light_open lights keyboard failed: -22
09-22 19:58:45.558 4449 4449 E light : Light passthrough failed to load legacy HAL.
09-22 19:58:45.559 4449 4449 E light : light_open lights buttons failed: -22
09-22 19:58:45.559 4449 4449 E light : Light passthrough failed to load legacy HAL.
09-22 19:58:45.562 4449 4449 E light : light_open lights bluetooth failed: -22
09-22 19:58:45.562 4449 4449 E light : Light passthrough failed to load legacy HAL.
09-22 19:58:45.563 4449 4449 E light : light_open lights wifi failed: -22
09-22 19:58:45.563 4449 4449 E light : Light passthrough failed to load legacy HAL.
09-22 19:58:45.567 518 518 I hwservicemanager: getTransport: Cannot find entry android.hardware.light@2.0::ILight/default in either framework or device VINTF manifest.
09-22 19:58:45.567 4449 4449 E HidlServiceManagement: Service android.hardware.light@2.0::ILight/default must be in VINTF manifest in order to register/get.
09-22 19:58:45.567 4449 4449 E LegacySupport: Could not register service android.hardware.light@2.0::ILight/default (-2147483648).
09-22 19:58:46.049 663 674 I mpu_uart: [MSG-P:RECV]:No message received in 1000 ms
09-22 19:58:46.286 663 673 I mpu_uart: [MSG-P:R]:recv sync frame timeout
01-01 08:40:07.019 0 0 D : mv2112_read_status
01-01 08:40:07.021 0 0 D mv2112_update_link: 3.0x901(1G): 0x80
01-01 08:40:07.023 0 0 D mv2112_update_link: 3.0x8109(100M): 0x0
01-01 08:40:07.024 0 0 D mv2112_update_link: link 0x0
01-01 08:40:07.024 0 0 D mv2112_read_status: autoneg is disabled
01-01 08:40:07.153 0 0 I init : starting service 'qvrd_vndr'...
01-01 08:40:07.161 0 0 I init : Created socket '/dev/socket/qvrservice_vndr', mode 660, user 1000, group 1000
01-01 08:40:07.171 0 0 I init : Created socket '/dev/socket/qvrservice_vndr_camera', mode 660, user 1000, group 1000
01-01 08:40:07.243 0 0 I init : starting service 'sxrd'...
09-22 19:58:46.576 4450 4450 F linker : CANNOT LINK EXECUTABLE "/vendor/bin/hw/qvrservice": library "vendor.qti.hardware.qxr-V1-ndk_platform.so" not found: needed by /vendor/lib64/libqvrservice.so in namespace (default)
01-01 08:40:07.280 0 0 I init : Service 'qvrd_vndr' (pid 4450) exited with status 1
01-01 08:40:07.281 0 0 I init : Sending signal 9 to service 'qvrd_vndr' (pid 4450) process group...
01-01 08:40:07.281 0 0 I libprocessgroup: Successfully killed process cgroup uid 1000 pid 4450 in 0ms
09-22 19:58:46.603 4451 4451 F linker : CANNOT LINK EXECUTABLE "/vendor/bin/hw/sxrservice": library "vendor.qti.hardware.qxr-V1-ndk_platform.so" not found: needed by main executable
01-01 08:40:07.308 0 0 I init : Service 'sxrd' (pid 4451) exited with status 1
01-01 08:40:07.308 0 0 I init : Sending signal 9 to service 'sxrd' (pid 4451) process group...
01-01 08:40:07.309 0 0 I libprocessgroup: Successfully killed process cgroup uid 1000 pid 4451 in 0ms
09-22 19:58:47.050 663 674 I mpu_uart: [MSG-P:RECV]:No message received in 1000 ms
09-22 19:58:47.334 1119 1758 I storage_state: [41217664-9172-527a-b3d5-edabb50a7d69,0,0,45846999040,48316284928]
01-01 08:40:08.042 0 0 D : mv2112_read_status
01-01 08:40:08.044 0 0 D mv2112_update_link: 3.0x901(1G): 0x80
01-01 08:40:08.045 0 0 D mv2112_update_link: 3.0x8109(100M): 0x0
01-01 08:40:08.045 0 0 D mv2112_update_link: link 0x0
01-01 08:40:08.047 0 0 D mv2112_read_status: autoneg is disabled
09-22 19:58:48.051 663 674 I mpu_uart: [MSG-P:RECV]:No message received in 1000 ms
01-01 08:40:09.066 0 0 D : mv2112_read_status
01-01 08:40:09.068 0 0 D mv2112_update_link: 3.0x901(1G): 0x80
01-01 08:40:09.069 0 0 D mv2112_update_link: 3.0x8109(100M): 0x0
01-01 08:40:09.070 0 0 D mv2112_update_link: link 0x0
01-01 08:40:09.070 0 0 D mv2112_read_status: autoneg is disabled
09-22 19:58:49.052 663 674 I mpu_uart: [MSG-P:RECV]:No message received in 1000 ms
09-22 19:58:49.290 663 673 I mpu_uart: [MSG-P:R]:recv sync frame timeout
01-01 08:40:10.090 0 0 D : mv2112_read_status
01-01 08:40:10.091 0 0 D mv2112_update_link: 3.0x901(1G): 0x80
01-01 08:40:10.093 0 0 D mv2112_update_link: 3.0x8109(100M): 0x0
01-01 08:40:10.093 0 0 D mv2112_update_link: link 0x0
01-01 08:40:10.093 0 0 D mv2112_read_status: autoneg is disabled
09-22 19:58:50.053 663 674 I mpu_uart: [MSG-P:RECV]:No message received in 1000 ms
01-01 08:40:11.114 0 0 D : mv2112_read_status
01-01 08:40:11.116 0 0 D mv2112_update_link: 3.0x901(1G): 0x80
01-01 08:40:11.119 0 0 D mv2112_update_link: 3.0x8109(100M): 0x0
01-01 08:40:11.119 0 0 D mv2112_update_link: link 0x0
01-01 08:40:11.119 0 0 D mv2112_read_status: autoneg is disabled
09-22 19:58:50.596 518 518 I hwservicemanager: getTransport: Cannot find entry android.hardware.light@2.0::ILight/default in either framework or device VINTF manifest.
09-22 19:58:50.602 4452 4452 E light : light_open lights keyboard failed: -22
09-22 19:58:50.602 4452 4452 E light : Light passthrough failed to load legacy HAL.
09-22 19:58:50.603 4452 4452 E light : light_open lights buttons failed: -22
09-22 19:58:50.603 4452 4452 E light : Light passthrough failed to load legacy HAL.
09-22 19:58:50.606 4452 4452 E light : light_open lights bluetooth failed: -22
09-22 19:58:50.606 4452 4452 E light : Light passthrough failed to load legacy HAL.
09-22 19:58:50.607 4452 4452 E light : light_open lights wifi failed: -22
09-22 19:58:50.607 4452 4452 E light : Light passthrough failed to load legacy HAL.
09-22 19:58:50.610 518 518 I hwservicemanager: getTransport: Cannot find entry android.hardware.light@2.0::ILight/default in either framework or device VINTF manifest.
09-22 19:58:50.612 4452 4452 E HidlServiceManagement: Service android.hardware.light@2.0::ILight/default must be in VINTF manifest in order to register/get.
09-22 19:58:50.612 4452 4452 E LegacySupport: Could not register service android.hardware.light@2.0::ILight/default (-2147483648).
09-22 19:58:51.053 663 674 I mpu_uart: [MSG-P:RECV]:No message received in 1000 ms
01-01 08:40:12.139 0 0 D : mv2112_read_status
01-01 08:40:12.141 0 0 D mv2112_update_link: 3.0x901(1G): 0x80
01-01 08:40:12.143 0 0 D mv2112_update_link: 3.0x8109(100M): 0x0
01-01 08:40:12.143 0 0 D mv2112_update_link: link 0x0
01-01 08:40:12.143 0 0 D mv2112_read_status: autoneg is disabled
01-01 08:40:12.230 0 0 I init : starting service 'qvrd_vndr'...
01-01 08:40:12.234 0 0 I init : Created socket '/dev/socket/qvrservice_vndr', mode 660, user 1000, group 1000
01-01 08:40:12.238 0 0 I init : Created socket '/dev/socket/qvrservice_vndr_camera', mode 660, user 1000, group 1000
01-01 08:40:12.292 0 0 I init : starting service 'sxrd'...
09-22 19:58:51.636 4453 4453 F linker : CANNOT LINK EXECUTABLE "/vendor/bin/hw/qvrservice": library "vendor.qti.hardware.qxr-V1-ndk_platform.so" not found: needed by /vendor/lib64/libqvrservice.so in namespace (default)
01-01 08:40:12.340 0 0 I init : Service 'qvrd_vndr' (pid 4453) exited with status 1
01-01 08:40:12.340 0 0 I init : Sending signal 9 to service 'qvrd_vndr' (pid 4453) process group...
01-01 08:40:12.341 0 0 I libprocessgroup: Successfully killed process cgroup uid 1000 pid 4453 in 0ms
09-22 19:58:51.643 4454 4454 F linker : CANNOT LINK EXECUTABLE "/vendor/bin/hw/sxrservice": library "vendor.qti.hardware.qxr-V1-ndk_platform.so" not found: needed by main executable
01-01 08:40:12.347 0 0 I init : Service 'sxrd' (pid 4454) exited with status 1
01-01 08:40:12.347 0 0 I init : Sending signal 9 to service 'sxrd' (pid 4454) process group...
01-01 08:40:12.347 0 0 I libprocessgroup: Successfully killed process cgroup uid 1000 pid 4454 in 0ms
09-22 19:58:52.054 663 674 I mpu_uart: [MSG-P:RECV]:No message received in 1000 ms
09-22 19:58:52.294 663 673 I mpu_uart: [MSG-P:R]:recv sync frame timeout
01-01 08:40:13.163 0 0 D : mv2112_read_status
01-01 08:40:13.165 0 0 D mv2112_update_link: 3.0x901(1G): 0x80
01-01 08:40:13.167 0 0 D mv2112_update_link: 3.0x8109(100M): 0x0
01-01 08:40:13.167 0 0 D mv2112_update_link: link 0x0
01-01 08:40:13.168 0 0 D mv2112_read_status: autoneg is disabled
09-22 19:58:53.055 663 674 I mpu_uart: [MSG-P:RECV]:No message received in 1000 ms
01-01 08:40:14.186 0 0 D : mv2112_read_status
01-01 08:40:14.188 0 0 D mv2112_update_link: 3.0x901(1G): 0x80
01-01 08:40:14.189 0 0 D mv2112_update_link: 3.0x8109(100M): 0x0
01-01 08:40:14.191 0 0 D mv2112_update_link: link 0x0
01-01 08:40:14.191 0 0 D mv2112_read_status: autoneg is disabled
09-22 19:58:54.056 663 674 I mpu_uart: [MSG-P:RECV]:No message received in 1000 ms
01-01 08:40:15.211 0 0 D : mv2112_read_status
01-01 08:40:15.213 0 0 D mv2112_update_link: 3.0x901(1G): 0x80
01-01 08:40:15.214 0 0 D mv2112_update_link: 3.0x8109(100M): 0x0
01-01 08:40:15.214 0 0 D mv2112_update_link: link 0x0
01-01 08:40:15.214 0 0 D mv2112_read_status: autoneg is disabled
09-22 19:58:55.057 663 674 I mpu_uart: [MSG-P:RECV]:No message received in 1000 ms
09-22 19:58:55.297 663 673 I mpu_uart: [MSG-P:R]:recv sync frame timeout
01-01 08:40:16.234 0 0 D : mv2112_read_status
01-01 08:40:16.235 0 0 D mv2112_update_link: 3.0x901(1G): 0x80
01-01 08:40:16.235 0 0 D mv2112_update_link: 3.0x8109(100M): 0x0
01-01 08:40:16.235 0 0 D mv2112_update_link: link 0x0
01-01 08:40:16.236 0 0 D mv2112_read_status: autoneg is disabled
09-22 19:58:55.636 518 518 I hwservicemanager: getTransport: Cannot find entry android.hardware.light@2.0::ILight/default in either framework or device VINTF manifest.
09-22 19:58:55.641 4456 4456 E light : light_open lights keyboard failed: -22
09-22 19:58:55.642 4456 4456 E light : Light passthrough failed to load legacy HAL.
09-22 19:58:55.642 4456 4456 E light : light_open lights buttons failed: -22
09-22 19:58:55.642 4456 4456 E light : Light passthrough failed to load legacy HAL.
09-22 19:58:55.645 4456 4456 E light : light_open lights bluetooth failed: -22
09-22 19:58:55.645 4456 4456 E light : Light passthrough failed to load legacy HAL.
09-22 19:58:55.646 4456 4456 E light : light_open lights wifi failed: -22
09-22 19:58:55.646 4456 4456 E light : Light passthrough failed to load legacy HAL.
09-22 19:58:55.648 518 518 I hwservicemanager: getTransport: Cannot find entry android.hardware.light@2.0::ILight/default in either framework or device VINTF manifest.
09-22 19:58:55.649 4456 4456 E HidlServiceManagement: Service android.hardware.light@2.0::ILight/default must be in VINTF manifest in order to register/get.
09-22 19:58:55.649 4456 4456 E LegacySupport: Could not register service android.hardware.light@2.0::ILight/default (-2147483648).
09-22 19:58:56.057 663 674 I mpu_uart: [MSG-P:RECV]:No message received in 1000 ms
01-01 08:40:17.259 0 0 D : mv2112_read_status
01-01 08:40:17.261 0 0 D mv2112_update_link: 3.0x901(1G): 0x80
01-01 08:40:17.264 0 0 D mv2112_update_link: 3.0x8109(100M): 0x0
01-01 08:40:17.264 0 0 D mv2112_update_link: link 0x0
01-01 08:40:17.264 0 0 D mv2112_read_status: autoneg is disabled
01-01 08:40:17.285 0 0 I init : starting service 'qvrd_vndr'...
01-01 08:40:17.299 0 0 I init : Created socket '/dev/socket/qvrservice_vndr', mode 660, user 1000, group 1000
01-01 08:40:17.306 0 0 I init : Created socket '/dev/socket/qvrservice_vndr_camera', mode 660, user 1000, group 1000
01-01 08:40:17.367 0 0 I init : starting service 'sxrd'...
09-22 19:58:56.707 4458 4458 F linker : CANNOT LINK EXECUTABLE "/vendor/bin/hw/sxrservice": library "vendor.qti.hardware.qxr-V1-ndk_platform.so" not found: needed by main executable
09-22 19:58:56.712 4457 4457 F linker : CANNOT LINK EXECUTABLE "/vendor/bin/hw/qvrservice": library "vendor.qti.hardware.qxr-V1-ndk_platform.so" not found: needed by /vendor/lib64/libqvrservice.so in namespace (default)
01-01 08:40:17.412 0 0 I init : Service 'sxrd' (pid 4458) exited with status 1
01-01 08:40:17.412 0 0 I init : Sending signal 9 to service 'sxrd' (pid 4458) process group...
01-01 08:40:17.414 0 0 I libprocessgroup: Successfully killed process cgroup uid 1000 pid 4458 in 1ms
01-01 08:40:17.424 0 0 I init : Service 'qvrd_vndr' (pid 4457) exited with status 1
01-01 08:40:17.424 0 0 I init : Sending signal 9 to service 'qvrd_vndr' (pid 4457) process group...
01-01 08:40:17.425 0 0 I libprocessgroup: Successfully killed process cgroup uid 1000 pid 4457 in 0ms
09-22 19:58:57.018 2715 2715 I Periodic: Executing periodic callback for MINUTE because the period ended
09-22 19:58:57.058 663 674 I mpu_uart: [MSG-P:RECV]:No message received in 1000 ms
01-01 08:40:18.282 0 0 D : mv2112_read_status
01-01 08:40:18.283 0 0 D mv2112_update_link: 3.0x901(1G): 0x80
01-01 08:40:18.284 0 0 D mv2112_update_link: 3.0x8109(100M): 0x0
01-01 08:40:18.284 0 0 D mv2112_update_link: link 0x0
01-01 08:40:18.284 0 0 D mv2112_read_status: autoneg is disabled
09-22 19:58:58.070 663 674 I mpu_uart: [MSG-P:RECV]:No message received in 1000 ms
09-22 19:58:58.301 663 673 I mpu_uart: [MSG-P:R]:recv sync frame timeout
01-01 08:40:19.306 0 0 D : mv2112_read_status
01-01 08:40:19.307 0 0 D mv2112_update_link: 3.0x901(1G): 0x80
01-01 08:40:19.308 0 0 D mv2112_update_link: 3.0x8109(100M): 0x0
01-01 08:40:19.308 0 0 D mv2112_update_link: link 0x0
01-01 08:40:19.308 0 0 D mv2112_read_status: autoneg is disabled
09-22 19:58:59.070 663 674 I mpu_uart: [MSG-P:RECV]:No message received in 1000 ms
01-01 08:40:20.330 0 0 D : mv2112_read_status
01-01 08:40:20.331 0 0 D mv2112_update_link: 3.0x901(1G): 0x80
01-01 08:40:20.332 0 0 D mv2112_update_link: 3.0x8109(100M): 0x0
01-01 08:40:20.332 0 0 D mv2112_update_link: link 0x0
01-01 08:40:20.332 0 0 D mv2112_read_status: autoneg is disabled
09-22 19:59:00.008 1898 1898 D KeyguardUpdateMonitor: received broadcast android.intent.action.TIME_TICK
09-22 19:59:00.023 1898 1898 D KeyguardUpdateMonitor: handleTimeUpdate
09-22 19:59:00.071 663 674 I mpu_uart: [MSG-P:RECV]:No message received in 1000 ms
01-01 08:40:21.354 0 0 D : mv2112_read_status
01-01 08:40:21.355 0 0 D mv2112_update_link: 3.0x901(1G): 0x80
01-01 08:40:21.356 0 0 D mv2112_update_link: 3.0x8109(100M): 0x0
01-01 08:40:21.356 0 0 D mv2112_update_link: link 0x0
01-01 08:40:21.356 0 0 D mv2112_read_status: autoneg is disabled
09-22 19:59:00.668 518 518 I hwservicemanager: getTransport: Cannot find entry android.hardware.light@2.0::ILight/default in either framework or device VINTF manifest.
09-22 19:59:00.674 4459 4459 E light : light_open lights keyboard failed: -22
09-22 19:59:00.674 4459 4459 E light : Light passthrough failed to load legacy HAL.
09-22 19:59:00.675 4459 4459 E light : light_open lights buttons failed: -22
09-22 19:59:00.675 4459 4459 E light : Light passthrough failed to load legacy HAL.
09-22 19:59:00.677 4459 4459 E light : light_open lights bluetooth failed: -22
09-22 19:59:00.677 4459 4459 E light : Light passthrough failed to load legacy HAL.
09-22 19:59:00.678 4459 4459 E light : light_open lights wifi failed: -22
09-22 19:59:00.678 4459 4459 E light : Light passthrough failed to load legacy HAL.
09-22 19:59:00.681 518 518 I hwservicemanager: getTransport: Cannot find entry android.hardware.light@2.0::ILight/default in either framework or device VINTF manifest.
09-22 19:59:00.683 4459 4459 E HidlServiceManagement: Service android.hardware.light@2.0::ILight/default must be in VINTF manifest in order to register/get.
09-22 19:59:00.683 4459 4459 E LegacySupport: Could not register service android.hardware.light@2.0::ILight/default (-2147483648).
09-22 19:59:01.072 663 674 I mpu_uart: [MSG-P:RECV]:No message received in 1000 ms
09-22 19:59:01.305 663 673 I mpu_uart: [MSG-P:R]:recv sync frame timeout
01-01 08:40:22.360 0 0 I init : starting service 'qvrd_vndr'...
01-01 08:40:22.366 0 0 I init : Created socket '/dev/socket/qvrservice_vndr', mode 660, user 1000, group 1000
01-01 08:40:22.371 0 0 I init : Created socket '/dev/socket/qvrservice_vndr_camera', mode 660, user 1000, group 1000
01-01 08:40:22.378 0 0 D : mv2112_read_status
01-01 08:40:22.380 0 0 D mv2112_update_link: 3.0x901(1G): 0x80
01-01 08:40:22.380 0 0 D mv2112_update_link: 3.0x8109(100M): 0x0
01-01 08:40:22.380 0 0 D mv2112_update_link: link 0x0
01-01 08:40:22.380 0 0 D mv2112_read_status: autoneg is disabled
01-01 08:40:22.417 0 0 I init : starting service 'sxrd'...
09-22 19:59:01.748 4461 4461 F linker : CANNOT LINK EXECUTABLE "/vendor/bin/hw/sxrservice": library "vendor.qti.hardware.qxr-V1-ndk_platform.so" not found: needed by main executable
01-01 08:40:22.452 0 0 I init : Service 'sxrd' (pid 4461) exited with status 1
01-01 08:40:22.452 0 0 I init : Sending signal 9 to service 'sxrd' (pid 4461) process group...
01-01 08:40:22.452 0 0 I libprocessgroup: Successfully killed process cgroup uid 1000 pid 4461 in 0ms
09-22 19:59:01.753 4460 4460 F linker : CANNOT LINK EXECUTABLE "/vendor/bin/hw/qvrservice": library "vendor.qti.hardware.qxr-V1-ndk_platform.so" not found: needed by /vendor/lib64/libqvrservice.so in namespace (default)
01-01 08:40:22.457 0 0 I init : Service 'qvrd_vndr' (pid 4460) exited with status 1
01-01 08:40:22.457 0 0 I init : Sending signal 9 to service 'qvrd_vndr' (pid 4460) process group...
01-01 08:40:22.458 0 0 I libprocessgroup: Successfully killed process cgroup uid 1000 pid 4460 in 0ms
09-22 19:59:02.072 663 674 I mpu_uart: [MSG-P:RECV]:No message received in 1000 ms
01-01 08:40:23.402 0 0 D : mv2112_read_status
01-01 08:40:23.403 0 0 D mv2112_update_link: 3.0x901(1G): 0x80
01-01 08:40:23.404 0 0 D mv2112_update_link: 3.0x8109(100M): 0x0
01-01 08:40:23.404 0 0 D mv2112_update_link: link 0x0
01-01 08:40:23.404 0 0 D mv2112_read_status: autoneg is disabled
09-22 19:59:03.073 663 674 I mpu_uart: [MSG-P:RECV]:No message received in 1000 ms
01-01 08:40:24.426 0 0 D : mv2112_read_status
01-01 08:40:24.428 0 0 D mv2112_update_link: 3.0x901(1G): 0x80
01-01 08:40:24.430 0 0 D mv2112_update_link: 3.0x8109(100M): 0x0
01-01 08:40:24.430 0 0 D mv2112_update_link: link 0x0
01-01 08:40:24.430 0 0 D mv2112_read_status: autoneg is disabled
09-22 19:59:04.073 663 674 I mpu_uart: [MSG-P:RECV]:No message received in 1000 ms
09-22 19:59:04.308 663 673 I mpu_uart: [MSG-P:R]:recv sync frame timeout
01-01 08:40:25.450 0 0 D : mv2112_read_status
01-01 08:40:25.452 0 0 D mv2112_update_link: 3.0x901(1G): 0x80
01-01 08:40:25.453 0 0 D mv2112_update_link: 3.0x8109(100M): 0x0
01-01 08:40:25.453 0 0 D mv2112_update_link: link 0x0
01-01 08:40:25.453 0 0 D mv2112_read_status: autoneg is disabled
09-22 19:59:05.074 663 674 I mpu_uart: [MSG-P:RECV]:No message received in 1000 ms
09-22 19:59:05.700 518 518 I hwservicemanager: getTransport: Cannot find entry android.hardware.light@2.0::ILight/default in either framework or device VINTF manifest.
09-22 19:59:05.705 4462 4462 E light : light_open lights keyboard failed: -22
09-22 19:59:05.705 4462 4462 E light : Light passthrough failed to load legacy HAL.
09-22 19:59:05.706 4462 4462 E light : light_open lights buttons failed: -22
09-22 19:59:05.706 4462 4462 E light : Light passthrough failed to load legacy HAL.
09-22 19:59:05.711 4462 4462 E light : light_open lights bluetooth failed: -22
09-22 19:59:05.711 4462 4462 E light : Light passthrough failed to load legacy HAL.
09-22 19:59:05.712 4462 4462 E light : light_open lights wifi failed: -22
09-22 19:59:05.712 4462 4462 E light : Light passthrough failed to load legacy HAL.
09-22 19:59:05.715 518 518 I hwservicemanager: getTransport: Cannot find entry android.hardware.light@2.0::ILight/default in either framework or device VINTF manifest.
09-22 19:59:05.716 4462 4462 E HidlServiceManagement: Service android.hardware.light@2.0::ILight/default must be in VINTF manifest in order to register/get.
09-22 19:59:05.716 4462 4462 E LegacySupport: Could not register service android.hardware.light@2.0::ILight/default (-2147483648).
01-01 08:40:26.474 0 0 D : mv2112_read_status
01-01 08:40:26.476 0 0 D mv2112_update_link: 3.0x901(1G): 0x80
01-01 08:40:26.477 0 0 D mv2112_update_link: 3.0x8109(100M): 0x0
01-01 08:40:26.477 0 0 D mv2112_update_link: link 0x0
01-01 08:40:26.477 0 0 D mv2112_read_status: autoneg is disabled
09-22 19:59:06.075 663 674 I mpu_uart: [MSG-P:RECV]:No message received in 1000 ms
01-01 08:40:27.409 0 0 I init : starting service 'qvrd_vndr'...
01-01 08:40:27.414 0 0 I init : Created socket '/dev/socket/qvrservice_vndr', mode 660, user 1000, group 1000
01-01 08:40:27.417 0 0 I init : Created socket '/dev/socket/qvrservice_vndr_camera', mode 660, user 1000, group 1000
01-01 08:40:27.472 0 0 I init : starting service 'sxrd'...
01-01 08:40:27.498 0 0 D : mv2112_read_status
01-01 08:40:27.498 0 0 D mv2112_update_link: 3.0x901(1G): 0x80
01-01 08:40:27.499 0 0 D mv2112_update_link: 3.0x8109(100M): 0x0
01-01 08:40:27.499 0 0 D mv2112_update_link: link 0x0
01-01 08:40:27.499 0 0 D mv2112_read_status: autoneg is disabled
09-22 19:59:06.817 4463 4463 F linker : CANNOT LINK EXECUTABLE "/vendor/bin/hw/qvrservice": library "vendor.qti.hardware.qxr-V1-ndk_platform.so" not found: needed by /vendor/lib64/libqvrservice.so in namespace (default)
01-01 08:40:27.521 0 0 I init : Service 'qvrd_vndr' (pid 4463) exited with status 1
09-22 19:59:06.820 4464 4464 F linker : CANNOT LINK EXECUTABLE "/vendor/bin/hw/sxrservice": library "vendor.qti.hardware.qxr-V1-ndk_platform.so" not found: needed by main executable
01-01 08:40:27.521 0 0 I init : Sending signal 9 to service 'qvrd_vndr' (pid 4463) process group...
01-01 08:40:27.522 0 0 I libprocessgroup: Successfully killed process cgroup uid 1000 pid 4463 in 0ms
01-01 08:40:27.528 0 0 I init : Service 'sxrd' (pid 4464) exited with status 1
01-01 08:40:27.528 0 0 I init : Sending signal 9 to service 'sxrd' (pid 4464) process group...
01-01 08:40:27.528 0 0 I libprocessgroup: Successfully killed process cgroup uid 1000 pid 4464 in 0ms
09-22 19:59:07.076 663 674 I mpu_uart: [MSG-P:RECV]:No message received in 1000 ms
09-22 19:59:07.312 663 673 I mpu_uart: [MSG-P:R]:recv sync frame timeout
01-01 08:40:28.522 0 0 D : mv2112_read_status
01-01 08:40:28.524 0 0 D mv2112_update_link: 3.0x901(1G): 0x80
01-01 08:40:28.524 0 0 D mv2112_update_link: 3.0x8109(100M): 0x0
01-01 08:40:28.524 0 0 D mv2112_update_link: link 0x0
01-01 08:40:28.525 0 0 D mv2112_read_status: autoneg is disabled
09-22 19:59:08.077 663 674 I mpu_uart: [MSG-P:RECV]:No message received in 1000 ms
01-01 08:40:29.546 0 0 D : mv2112_read_status
01-01 08:40:29.547 0 0 D mv2112_update_link: 3.0x901(1G): 0x80
01-01 08:40:29.548 0 0 D mv2112_update_link: 3.0x8109(100M): 0x0
01-01 08:40:29.548 0 0 D mv2112_update_link: link 0x0
01-01 08:40:29.548 0 0 D mv2112_read_status: autoneg is disabled
09-22 19:59:09.078 663 674 I mpu_uart: [MSG-P:RECV]:No message received in 1000 ms
01-01 08:40:30.570 0 0 D : mv2112_read_status
01-01 08:40:30.572 0 0 D mv2112_update_link: 3.0x901(1G): 0x80
01-01 08:40:30.573 0 0 D mv2112_update_link: 3.0x8109(100M): 0x0
01-01 08:40:30.573 0 0 D mv2112_update_link: link 0x0
01-01 08:40:30.573 0 0 D mv2112_read_status: autoneg is disabled
09-22 19:59:10.079 663 674 I mpu_uart: [MSG-P:RECV]:No message received in 1000 ms
09-22 19:59:10.316 663 673 I mpu_uart: [MSG-P:R]:recv sync frame timeout
09-22 19:59:10.774 518 518 I hwservicemanager: getTransport: Cannot find entry android.hardware.light@2.0::ILight/default in either framework or device VINTF manifest.
09-22 19:59:10.780 4465 4465 E light : light_open lights keyboard failed: -22
09-22 19:59:10.780 4465 4465 E light : Light passthrough failed to load legacy HAL.
09-22 19:59:10.781 4465 4465 E light : light_open lights buttons failed: -22
09-22 19:59:10.781 4465 4465 E light : Light passthrough failed to load legacy HAL.
09-22 19:59:10.784 4465 4465 E light : light_open lights bluetooth failed: -22
09-22 19:59:10.784 4465 4465 E light : Light passthrough failed to load legacy HAL.
09-22 19:59:10.785 4465 4465 E light : light_open lights wifi failed: -22
09-22 19:59:10.785 4465 4465 E light : Light passthrough failed to load legacy HAL.
09-22 19:59:10.787 518 518 I hwservicemanager: getTransport: Cannot find entry android.hardware.light@2.0::ILight/default in either framework or device VINTF manifest.
09-22 19:59:10.789 4465 4465 E HidlServiceManagement: Service android.hardware.light@2.0::ILight/default must be in VINTF manifest in order to register/get.
09-22 19:59:10.789 4465 4465 E LegacySupport: Could not register service android.hardware.light@2.0::ILight/default (-2147483648).
01-01 08:40:31.599 0 0 D : mv2112_read_status
01-01 08:40:31.601 0 0 D mv2112_update_link: 3.0x901(1G): 0x80
01-01 08:40:31.602 0 0 D mv2112_update_link: 3.0x8109(100M): 0x0
01-01 08:40:31.602 0 0 D mv2112_update_link: link 0x0
01-01 08:40:31.602 0 0 D mv2112_read_status: autoneg is disabled
09-22 19:59:11.080 663 674 I mpu_uart: [MSG-P:RECV]:No message received in 1000 ms
01-01 08:40:32.465 0 0 I init : starting service 'qvrd_vndr'...
01-01 08:40:32.472 0 0 I init : Created socket '/dev/socket/qvrservice_vndr', mode 660, user 1000, group 1000
01-01 08:40:32.478 0 0 I init : Created socket '/dev/socket/qvrservice_vndr_camera', mode 660, user 1000, group 1000
01-01 08:40:32.547 0 0 I init : starting service 'sxrd'...
09-22 19:59:11.867 4466 4466 F linker : CANNOT LINK EXECUTABLE "/vendor/bin/hw/qvrservice": library "vendor.qti.hardware.qxr-V1-ndk_platform.so" not found: needed by /vendor/lib64/libqvrservice.so in namespace (default)
01-01 08:40:32.571 0 0 I init : Service 'qvrd_vndr' (pid 4466) exited with status 1
01-01 08:40:32.571 0 0 I init : Sending signal 9 to service 'qvrd_vndr' (pid 4466) process group...
01-01 08:40:32.571 0 0 I libprocessgroup: Successfully killed process cgroup uid 1000 pid 4466 in 0ms
09-22 19:59:11.916 4467 4467 F linker : CANNOT LINK EXECUTABLE "/vendor/bin/hw/sxrservice": library "vendor.qti.hardware.qxr-V1-ndk_platform.so" not found: needed by main executable
01-01 08:40:32.619 0 0 D : mv2112_read_status
01-01 08:40:32.620 0 0 I init : Service 'sxrd' (pid 4467) exited with status 1
01-01 08:40:32.620 0 0 I init : Sending signal 9 to service 'sxrd' (pid 4467) process group...
01-01 08:40:32.620 0 0 I libprocessgroup: Successfully killed process cgroup uid 1000 pid 4467 in 0ms
01-01 08:40:32.620 0 0 D mv2112_update_link: 3.0x901(1G): 0x80
01-01 08:40:32.621 0 0 D mv2112_update_link: 3.0x8109(100M): 0x0
01-01 08:40:32.621 0 0 D mv2112_update_link: link 0x0
01-01 08:40:32.621 0 0 D mv2112_read_status: autoneg is disabled
09-22 19:59:12.081 663 674 I mpu_uart: [MSG-P:RECV]:No message received in 1000 ms
01-01 08:40:33.642 0 0 D : mv2112_read_status
01-01 08:40:33.644 0 0 D mv2112_update_link: 3.0x901(1G): 0x80
01-01 08:40:33.646 0 0 D mv2112_update_link: 3.0x8109(100M): 0x0
01-01 08:40:33.646 0 0 D mv2112_update_link: link 0x0
01-01 08:40:33.646 0 0 D mv2112_read_status: autoneg is disabled
09-22 19:59:13.082 663 674 I mpu_uart: [MSG-P:RECV]:No message received in 1000 ms
09-22 19:59:13.319 663 673 I mpu_uart: [MSG-P:R]:recv sync frame timeout
01-01 08:40:34.670 0 0 D : mv2112_read_status
01-01 08:40:34.671 0 0 D mv2112_update_link: 3.0x901(1G): 0x80
01-01 08:40:34.672 0 0 D mv2112_update_link: 3.0x8109(100M): 0x0
01-01 08:40:34.672 0 0 D mv2112_update_link: link 0x0
01-01 08:40:34.672 0 0 D mv2112_read_status: autoneg is disabled
09-22 19:59:14.083 663 674 I mpu_uart: [MSG-P:RECV]:No message received in 1000 ms
01-01 08:40:35.690 0 0 D : mv2112_read_status
01-01 08:40:35.691 0 0 D mv2112_update_link: 3.0x901(1G): 0x80
01-01 08:40:35.692 0 0 D mv2112_update_link: 3.0x8109(100M): 0x0
01-01 08:40:35.692 0 0 D mv2112_update_link: link 0x0
01-01 08:40:35.692 0 0 D mv2112_read_status: autoneg is disabled
09-22 19:59:15.083 663 674 I mpu_uart: [MSG-P:RECV]:No message received in 1000 ms
09-22 19:59:15.778 1604 1604 W livelock: sample 2.604s
09-22 19:59:15.796 518 518 I hwservicemanager: getTransport: Cannot find entry android.hardware.light@2.0::ILight/default in either framework or device VINTF manifest.
09-22 19:59:15.800 4468 4468 E light : light_open lights keyboard failed: -22
09-22 19:59:15.801 4468 4468 E light : Light passthrough failed to load legacy HAL.
09-22 19:59:15.801 4468 4468 E light : light_open lights buttons failed: -22
09-22 19:59:15.801 4468 4468 E light : Light passthrough failed to load legacy HAL.
09-22 19:59:15.820 4468 4468 E light : light_open lights bluetooth failed: -22
09-22 19:59:15.820 4468 4468 E light : Light passthrough failed to load legacy HAL.
09-22 19:59:15.820 4468 4468 E light : light_open lights wifi failed: -22
09-22 19:59:15.820 4468 4468 E light : Light passthrough failed to load legacy HAL.
09-22 19:59:15.821 518 518 I hwservicemanager: getTransport: Cannot find entry android.hardware.light@2.0::ILight/default in either framework or device VINTF manifest.
09-22 19:59:15.821 4468 4468 E HidlServiceManagement: Service android.hardware.light@2.0::ILight/default must be in VINTF manifest in order to register/get.
09-22 19:59:15.821 4468 4468 E LegacySupport: Could not register service android.hardware.light@2.0::ILight/default (-2147483648).
01-01 08:40:36.714 0 0 D : mv2112_read_status
01-01 08:40:36.715 0 0 D mv2112_update_link: 3.0x901(1G): 0x80
01-01 08:40:36.716 0 0 D mv2112_update_link: 3.0x8109(100M): 0x0
01-01 08:40:36.716 0 0 D mv2112_update_link: link 0x0
01-01 08:40:36.716 0 0 D mv2112_read_status: autoneg is disabled
09-22 19:59:16.084 663 674 I mpu_uart: [MSG-P:RECV]:No message received in 1000 ms
09-22 19:59:16.323 663 673 I mpu_uart: [MSG-P:R]:recv sync frame timeout
01-01 08:40:37.533 0 0 I init : starting service 'qvrd_vndr'...
01-01 08:40:37.549 0 0 I init : Created socket '/dev/socket/qvrservice_vndr', mode 660, user 1000, group 1000
01-01 08:40:37.560 0 0 I init : Created socket '/dev/socket/qvrservice_vndr_camera', mode 660, user 1000, group 1000
01-01 08:40:37.626 0 0 I init : starting service 'sxrd'...
09-22 19:59:16.957 4469 4469 F linker : CANNOT LINK EXECUTABLE "/vendor/bin/hw/qvrservice": library "vendor.qti.hardware.qxr-V1-ndk_platform.so" not found: needed by /vendor/lib64/libqvrservice.so in namespace (default)
01-01 08:40:37.661 0 0 I init : Service 'qvrd_vndr' (pid 4469) exited with status 1
01-01 08:40:37.661 0 0 I init : Sending signal 9 to service 'qvrd_vndr' (pid 4469) process group...
01-01 08:40:37.662 0 0 I libprocessgroup: Successfully killed process cgroup uid 1000 pid 4469 in 0ms
09-22 19:59:16.985 4470 4470 F linker : CANNOT LINK EXECUTABLE "/vendor/bin/hw/sxrservice": library "vendor.qti.hardware.qxr-V1-ndk_platform.so" not found: needed by main executable
01-01 08:40:37.689 0 0 I init : Service 'sxrd' (pid 4470) exited with status 1
01-01 08:40:37.689 0 0 I init : Sending signal 9 to service 'sxrd' (pid 4470) process group...
01-01 08:40:37.689 0 0 I libprocessgroup: Successfully killed process cgroup uid 1000 pid 4470 in 0ms
01-01 08:40:37.739 0 0 D : mv2112_read_status
01-01 08:40:37.741 0 0 D mv2112_update_link: 3.0x901(1G): 0x80
01-01 08:40:37.743 0 0 D mv2112_update_link: 3.0x8109(100M): 0x0
01-01 08:40:37.743 0 0 D mv2112_update_link: link 0x0
01-01 08:40:37.744 0 0 D mv2112_read_status: autoneg is disabled
09-22 19:59:17.085 663 674 I mpu_uart: [MSG-P:RECV]:No message received in 1000 ms
01-01 08:40:38.762 0 0 D : mv2112_read_status
01-01 08:40:38.764 0 0 D mv2112_update_link: 3.0x901(1G): 0x80
01-01 08:40:38.764 0 0 D mv2112_update_link: 3.0x8109(100M): 0x0
01-01 08:40:38.764 0 0 D mv2112_update_link: link 0x0
01-01 08:40:38.764 0 0 D mv2112_read_status: autoneg is disabled
09-22 19:59:18.085 663 674 I mpu_uart: [MSG-P:RECV]:No message received in 1000 ms
09-22 19:59:19.086 663 674 I mpu_uart: [MSG-P:RECV]:No message received in 1000 ms
01-01 08:40:39.787 0 0 D : mv2112_read_status
01-01 08:40:39.789 0 0 D mv2112_update_link: 3.0x901(1G): 0x80
01-01 08:40:39.790 0 0 D mv2112_update_link: 3.0x8109(100M): 0x0
01-01 08:40:39.791 0 0 D mv2112_update_link: link 0x0
01-01 08:40:39.791 0 0 D mv2112_read_status: autoneg is disabled
09-22 19:59:19.326 663 673 I mpu_uart: [MSG-P:R]:recv sync frame timeout
09-22 19:59:20.087 663 674 I mpu_uart: [MSG-P:RECV]:No message received in 1000 ms
01-01 08:40:40.810 0 0 D : mv2112_read_status
01-01 08:40:40.811 0 0 D mv2112_update_link: 3.0x901(1G): 0x80
01-01 08:40:40.813 0 0 D mv2112_update_link: 3.0x8109(100M): 0x0
01-01 08:40:40.813 0 0 D mv2112_update_link: link 0x0
01-01 08:40:40.813 0 0 D mv2112_read_status: autoneg is disabled
09-22 19:59:20.860 518 518 I hwservicemanager: getTransport: Cannot find entry android.hardware.light@2.0::ILight/default in either framework or device VINTF manifest.
09-22 19:59:20.865 4471 4471 E light : light_open lights keyboard failed: -22
09-22 19:59:20.866 4471 4471 E light : Light passthrough failed to load legacy HAL.
09-22 19:59:20.866 4471 4471 E light : light_open lights buttons failed: -22
09-22 19:59:20.866 4471 4471 E light : Light passthrough failed to load legacy HAL.
09-22 19:59:20.869 4471 4471 E light : light_open lights bluetooth failed: -22
09-22 19:59:20.869 4471 4471 E light : Light passthrough failed to load legacy HAL.
09-22 19:59:20.870 4471 4471 E light : light_open lights wifi failed: -22
09-22 19:59:20.870 4471 4471 E light : Light passthrough failed to load legacy HAL.
09-22 19:59:20.873 518 518 I hwservicemanager: getTransport: Cannot find entry android.hardware.light@2.0::ILight/default in either framework or device VINTF manifest.
09-22 19:59:20.874 4471 4471 E HidlServiceManagement: Service android.hardware.light@2.0::ILight/default must be in VINTF manifest in order to register/get.
09-22 19:59:20.874 4471 4471 E LegacySupport: Could not register service android.hardware.light@2.0::ILight/default (-2147483648).
09-22 19:59:21.088 663 674 I mpu_uart: [MSG-P:RECV]:No message received in 1000 ms
01-01 08:40:41.834 0 0 D : mv2112_read_status
01-01 08:40:41.835 0 0 D mv2112_update_link: 3.0x901(1G): 0x80
01-01 08:40:41.836 0 0 D mv2112_update_link: 3.0x8109(100M): 0x0
01-01 08:40:41.836 0 0 D mv2112_update_link: link 0x0
01-01 08:40:41.836 0 0 D mv2112_read_status: autoneg is disabled
01-01 08:40:42.614 0 0 I init : starting service 'qvrd_vndr'...
01-01 08:40:42.618 0 0 I init : Created socket '/dev/socket/qvrservice_vndr', mode 660, user 1000, group 1000
01-01 08:40:42.625 0 0 I init : Created socket '/dev/socket/qvrservice_vndr_camera', mode 660, user 1000, group 1000
01-01 08:40:42.687 0 0 I init : starting service 'sxrd'...
09-22 19:59:22.010 4472 4472 F linker : CANNOT LINK EXECUTABLE "/vendor/bin/hw/qvrservice": library "vendor.qti.hardware.qxr-V1-ndk_platform.so" not found: needed by /vendor/lib64/libqvrservice.so in namespace (default)
01-01 08:40:42.714 0 0 I init : Service 'qvrd_vndr' (pid 4472) exited with status 1
01-01 08:40:42.714 0 0 I init : Sending signal 9 to service 'qvrd_vndr' (pid 4472) process group...
01-01 08:40:42.715 0 0 I libprocessgroup: Successfully killed process cgroup uid 1000 pid 4472 in 0ms
09-22 19:59:22.059 4473 4473 F linker : CANNOT LINK EXECUTABLE "/vendor/bin/hw/sxrservice": library "vendor.qti.hardware.qxr-V1-ndk_platform.so" not found: needed by main executable
01-01 08:40:42.763 0 0 I init : Service 'sxrd' (pid 4473) exited with status 1
01-01 08:40:42.764 0 0 I init : Sending signal 9 to service 'sxrd' (pid 4473) process group...
01-01 08:40:42.765 0 0 I libprocessgroup: Successfully killed process cgroup uid 1000 pid 4473 in 1ms
09-22 19:59:22.090 663 674 I mpu_uart: [MSG-P:RECV]:No message received in 1000 ms
01-01 08:40:42.859 0 0 D : mv2112_read_status
01-01 08:40:42.860 0 0 D mv2112_update_link: 3.0x901(1G): 0x80
01-01 08:40:42.863 0 0 D mv2112_update_link: 3.0x8109(100M): 0x0
01-01 08:40:42.863 0 0 D mv2112_update_link: link 0x0
01-01 08:40:42.863 0 0 D mv2112_read_status: autoneg is disabled
09-22 19:59:22.329 663 673 I mpu_uart: [MSG-P:R]:recv sync frame timeout
09-22 19:59:23.091 663 674 I mpu_uart: [MSG-P:RECV]:No message received in 1000 ms
01-01 08:40:43.883 0 0 D : mv2112_read_status
01-01 08:40:43.884 0 0 D mv2112_update_link: 3.0x901(1G): 0x80
01-01 08:40:43.887 0 0 D mv2112_update_link: 3.0x8109(100M): 0x0
01-01 08:40:43.887 0 0 D mv2112_update_link: link 0x0
01-01 08:40:43.887 0 0 D mv2112_read_status: autoneg is disabled
09-22 19:59:24.092 663 674 I mpu_uart: [MSG-P:RECV]:No message received in 1000 ms
01-01 08:40:44.906 0 0 D : mv2112_read_status
01-01 08:40:44.907 0 0 D mv2112_update_link: 3.0x901(1G): 0x80
01-01 08:40:44.908 0 0 D mv2112_update_link: 3.0x8109(100M): 0x0
01-01 08:40:44.908 0 0 D mv2112_update_link: link 0x0
01-01 08:40:44.908 0 0 D mv2112_read_status: autoneg is disabled
09-22 19:59:25.093 663 674 I mpu_uart: [MSG-P:RECV]:No message received in 1000 ms
01-01 08:40:45.930 0 0 D : mv2112_read_status
01-01 08:40:45.932 0 0 D mv2112_update_link: 3.0x901(1G): 0x80
01-01 08:40:45.933 0 0 D mv2112_update_link: 3.0x8109(100M): 0x0
01-01 08:40:45.933 0 0 D mv2112_update_link: link 0x0
01-01 08:40:45.933 0 0 D mv2112_read_status: autoneg is disabled
09-22 19:59:25.332 663 673 I mpu_uart: [MSG-P:R]:recv sync frame timeout
09-22 19:59:25.937 518 518 I hwservicemanager: getTransport: Cannot find entry android.hardware.light@2.0::ILight/default in either framework or device VINTF manifest.
09-22 19:59:25.943 4474 4474 E light : light_open lights keyboard failed: -22
09-22 19:59:25.943 4474 4474 E light : Light passthrough failed to load legacy HAL.
09-22 19:59:25.944 4474 4474 E light : light_open lights buttons failed: -22
09-22 19:59:25.944 4474 4474 E light : Light passthrough failed to load legacy HAL.
09-22 19:59:25.947 4474 4474 E light : light_open lights bluetooth failed: -22
09-22 19:59:25.947 4474 4474 E light : Light passthrough failed to load legacy HAL.
09-22 19:59:25.948 4474 4474 E light : light_open lights wifi failed: -22
09-22 19:59:25.948 4474 4474 E light : Light passthrough failed to load legacy HAL.
09-22 19:59:25.951 518 518 I hwservicemanager: getTransport: Cannot find entry android.hardware.light@2.0::ILight/default in either framework or device VINTF manifest.
09-22 19:59:25.952 4474 4474 E HidlServiceManagement: Service android.hardware.light@2.0::ILight/default must be in VINTF manifest in order to register/get.
09-22 19:59:25.953 4474 4474 E LegacySupport: Could not register service android.hardware.light@2.0::ILight/default (-2147483648).
09-22 19:59:26.093 663 674 I mpu_uart: [MSG-P:RECV]:No message received in 1000 ms
01-01 08:40:46.955 0 0 D : mv2112_read_status
01-01 08:40:46.957 0 0 D mv2112_update_link: 3.0x901(1G): 0x80
01-01 08:40:46.959 0 0 D mv2112_update_link: 3.0x8109(100M): 0x0
01-01 08:40:46.959 0 0 D mv2112_update_link: link 0x0
01-01 08:40:46.959 0 0 D mv2112_read_status: autoneg is disabled
01-01 08:40:47.676 0 0 I init : starting service 'qvrd_vndr'...
01-01 08:40:47.688 0 0 I init : Created socket '/dev/socket/qvrservice_vndr', mode 660, user 1000, group 1000
01-01 08:40:47.695 0 0 I init : Created socket '/dev/socket/qvrservice_vndr_camera', mode 660, user 1000, group 1000
01-01 08:40:47.734 0 0 I init : starting service 'sxrd'...
09-22 19:59:27.086 4476 4476 F linker : CANNOT LINK EXECUTABLE "/vendor/bin/hw/sxrservice": library "vendor.qti.hardware.qxr-V1-ndk_platform.so" not found: needed by main executable
01-01 08:40:47.790 0 0 I init : Service 'sxrd' (pid 4476) exited with status 1
01-01 08:40:47.790 0 0 I init : Sending signal 9 to service 'sxrd' (pid 4476) process group...
01-01 08:40:47.790 0 0 I libprocessgroup: Successfully killed process cgroup uid 1000 pid 4476 in 0ms
09-22 19:59:27.094 4475 4475 F linker : CANNOT LINK EXECUTABLE "/vendor/bin/hw/qvrservice": library "vendor.qti.hardware.qxr-V1-ndk_platform.so" not found: needed by /vendor/lib64/libqvrservice.so in namespace (default)
01-01 08:40:47.799 0 0 I init : Service 'qvrd_vndr' (pid 4475) exited with status 1
09-22 19:59:27.094 663 674 I mpu_uart: [MSG-P:RECV]:No message received in 1000 ms
01-01 08:40:47.799 0 0 I init : Sending signal 9 to service 'qvrd_vndr' (pid 4475) process group...
