01-01 08:31:11.514 0 0 I init : Sending signal 9 to service 'qvrd_vndr' (pid 4003) process group...
01-01 08:31:11.514 0 0 I libprocessgroup: Successfully killed process cgroup uid 1000 pid 4003 in 0ms
09-22 19:49:50.859 4004 4004 F linker : CANNOT LINK EXECUTABLE "/vendor/bin/hw/sxrservice": library "vendor.qti.hardware.qxr-V1-ndk_platform.so" not found: needed by main executable
01-01 08:31:11.563 0 0 I init : Service 'sxrd' (pid 4004) exited with status 1
01-01 08:31:11.563 0 0 I init : Sending signal 9 to service 'sxrd' (pid 4004) process group...
01-01 08:31:11.563 0 0 I libprocessgroup: Successfully killed process cgroup uid 1000 pid 4004 in 0ms
09-22 19:49:51.594 663 674 I mpu_uart: [MSG-P:RECV]:No message received in 1000 ms
09-22 19:49:51.651 663 673 I mpu_uart: [MSG-P:R]:recv sync frame timeout
01-01 08:31:12.490 0 0 D : mv2112_read_status
01-01 08:31:12.492 0 0 D mv2112_update_link: 3.0x901(1G): 0x80
01-01 08:31:12.493 0 0 D mv2112_update_link: 3.0x8109(100M): 0x0
01-01 08:31:12.494 0 0 D mv2112_update_link: link 0x0
01-01 08:31:12.494 0 0 D mv2112_read_status: autoneg is disabled
09-22 19:49:52.595 663 674 I mpu_uart: [MSG-P:RECV]:No message received in 1000 ms
01-01 08:31:13.514 0 0 D : mv2112_read_status
01-01 08:31:13.516 0 0 D mv2112_update_link: 3.0x901(1G): 0x80
01-01 08:31:13.517 0 0 D mv2112_update_link: 3.0x8109(100M): 0x0
01-01 08:31:13.518 0 0 D mv2112_update_link: link 0x0
01-01 08:31:13.519 0 0 D mv2112_read_status: autoneg is disabled
09-22 19:49:53.596 663 674 I mpu_uart: [MSG-P:RECV]:No message received in 1000 ms
01-01 08:31:14.539 0 0 D : mv2112_read_status
01-01 08:31:14.540 0 0 D mv2112_update_link: 3.0x901(1G): 0x80
01-01 08:31:14.541 0 0 D mv2112_update_link: 3.0x8109(100M): 0x0
01-01 08:31:14.542 0 0 D mv2112_update_link: link 0x0
01-01 08:31:14.543 0 0 D mv2112_read_status: autoneg is disabled
09-22 19:49:54.597 663 674 I mpu_uart: [MSG-P:RECV]:No message received in 1000 ms
09-22 19:49:54.653 663 673 I mpu_uart: [MSG-P:R]:recv sync frame timeout
01-01 08:31:15.562 0 0 D : mv2112_read_status
01-01 08:31:15.564 0 0 D mv2112_update_link: 3.0x901(1G): 0x80
01-01 08:31:15.565 0 0 D mv2112_update_link: 3.0x8109(100M): 0x0
01-01 08:31:15.566 0 0 D mv2112_update_link: link 0x0
01-01 08:31:15.566 0 0 D mv2112_read_status: autoneg is disabled
09-22 19:49:55.134 518 518 I hwservicemanager: getTransport: Cannot find entry android.hardware.light@2.0::ILight/default in either framework or device VINTF manifest.
09-22 19:49:55.139 4005 4005 E light : light_open lights keyboard failed: -22
09-22 19:49:55.139 4005 4005 E light : Light passthrough failed to load legacy HAL.
09-22 19:49:55.140 4005 4005 E light : light_open lights buttons failed: -22
09-22 19:49:55.140 4005 4005 E light : Light passthrough failed to load legacy HAL.
09-22 19:49:55.142 4005 4005 E light : light_open lights bluetooth failed: -22
09-22 19:49:55.142 4005 4005 E light : Light passthrough failed to load legacy HAL.
09-22 19:49:55.143 4005 4005 E light : light_open lights wifi failed: -22
09-22 19:49:55.143 4005 4005 E light : Light passthrough failed to load legacy HAL.
09-22 19:49:55.146 518 518 I hwservicemanager: getTransport: Cannot find entry android.hardware.light@2.0::ILight/default in either framework or device VINTF manifest.
09-22 19:49:55.148 4005 4005 E HidlServiceManagement: Service android.hardware.light@2.0::ILight/default must be in VINTF manifest in order to register/get.
09-22 19:49:55.148 4005 4005 E LegacySupport: Could not register service android.hardware.light@2.0::ILight/default (-2147483648).
09-22 19:49:55.598 663 674 I mpu_uart: [MSG-P:RECV]:No message received in 1000 ms
01-01 08:31:16.467 0 0 I init : starting service 'qvrd_vndr'...
01-01 08:31:16.473 0 0 I init : Created socket '/dev/socket/qvrservice_vndr', mode 660, user 1000, group 1000
01-01 08:31:16.479 0 0 I init : Created socket '/dev/socket/qvrservice_vndr_camera', mode 660, user 1000, group 1000
01-01 08:31:16.543 0 0 I init : starting service 'sxrd'...
09-22 19:49:55.868 4006 4006 F linker : CANNOT LINK EXECUTABLE "/vendor/bin/hw/qvrservice": library "vendor.qti.hardware.qxr-V1-ndk_platform.so" not found: needed by /vendor/lib64/libqvrservice.so in namespace (default)
01-01 08:31:16.572 0 0 I init : Service 'qvrd_vndr' (pid 4006) exited with status 1
01-01 08:31:16.572 0 0 I init : Sending signal 9 to service 'qvrd_vndr' (pid 4006) process group...
01-01 08:31:16.572 0 0 I libprocessgroup: Successfully killed process cgroup uid 1000 pid 4006 in 0ms
01-01 08:31:16.587 0 0 D : mv2112_read_status
01-01 08:31:16.588 0 0 D mv2112_update_link: 3.0x901(1G): 0x80
01-01 08:31:16.589 0 0 D mv2112_update_link: 3.0x8109(100M): 0x0
01-01 08:31:16.589 0 0 D mv2112_update_link: link 0x0
01-01 08:31:16.589 0 0 D mv2112_read_status: autoneg is disabled
09-22 19:49:55.904 4007 4007 F linker : CANNOT LINK EXECUTABLE "/vendor/bin/hw/sxrservice": library "vendor.qti.hardware.qxr-V1-ndk_platform.so" not found: needed by main executable
01-01 08:31:16.608 0 0 I init : Service 'sxrd' (pid 4007) exited with status 1
01-01 08:31:16.608 0 0 I init : Sending signal 9 to service 'sxrd' (pid 4007) process group...
01-01 08:31:16.609 0 0 I libprocessgroup: Successfully killed process cgroup uid 1000 pid 4007 in 0ms
09-22 19:49:56.599 663 674 I mpu_uart: [MSG-P:RECV]:No message received in 1000 ms
01-01 08:31:17.610 0 0 D : mv2112_read_status
01-01 08:31:17.612 0 0 D mv2112_update_link: 3.0x901(1G): 0x80
01-01 08:31:17.614 0 0 D mv2112_update_link: 3.0x8109(100M): 0x0
01-01 08:31:17.614 0 0 D mv2112_update_link: link 0x0
01-01 08:31:17.614 0 0 D mv2112_read_status: autoneg is disabled
09-22 19:49:57.008 2715 2715 I Periodic: Executing periodic callback for MINUTE because the period ended
09-22 19:49:57.081 2715 2737 I OpenGLRenderer: Davey! duration=9223371742287ms; Flags=0, FrameTimelineVsyncId=4332, IntendedVsync=294566723270, Vsync=294566723270, InputEventId=0, HandleInputStart=294567809209, AnimationStart=294567810667, PerformTraversalsStart=294568601865, DrawStart=294568728792, FrameDeadline=294583389936, FrameInterval=294567806136, FrameStartTime=16666666, SyncQueued=294568764469, SyncStart=294568854678, IssueDrawCommandsStart=294569091188, SwapBuffers=294570938376, FrameCompleted=9223372036854775807, DequeueBufferDuration=132864, QueueBufferDuration=3604323, GpuCompleted=9223372036854775807, SwapBuffersCompleted=294577865980, DisplayPresentTime=0,
09-22 19:49:57.600 663 674 I mpu_uart: [MSG-P:RECV]:No message received in 1000 ms
09-22 19:49:57.655 663 673 I mpu_uart: [MSG-P:R]:recv sync frame timeout
01-01 08:31:18.634 0 0 D : mv2112_read_status
01-01 08:31:18.636 0 0 D mv2112_update_link: 3.0x901(1G): 0x80
01-01 08:31:18.637 0 0 D mv2112_update_link: 3.0x8109(100M): 0x0
01-01 08:31:18.637 0 0 D mv2112_update_link: link 0x0
01-01 08:31:18.637 0 0 D mv2112_read_status: autoneg is disabled
09-22 19:49:58.600 663 674 I mpu_uart: [MSG-P:RECV]:No message received in 1000 ms
01-01 08:31:19.658 0 0 D : mv2112_read_status
01-01 08:31:19.659 0 0 D mv2112_update_link: 3.0x901(1G): 0x80
01-01 08:31:19.660 0 0 D mv2112_update_link: 3.0x8109(100M): 0x0
01-01 08:31:19.660 0 0 D mv2112_update_link: link 0x0
01-01 08:31:19.660 0 0 D mv2112_read_status: autoneg is disabled
09-22 19:49:59.601 663 674 I mpu_uart: [MSG-P:RECV]:No message received in 1000 ms
01-01 08:31:20.682 0 0 D : mv2112_read_status
01-01 08:31:20.685 0 0 D mv2112_update_link: 3.0x901(1G): 0x80
01-01 08:31:20.690 0 0 D mv2112_update_link: 3.0x8109(100M): 0x0
01-01 08:31:20.690 0 0 D mv2112_update_link: link 0x0
01-01 08:31:20.690 0 0 D mv2112_read_status: autoneg is disabled
09-22 19:50:00.010 1898 1898 D KeyguardUpdateMonitor: received broadcast android.intent.action.TIME_TICK
09-22 19:50:00.011 1898 1898 D KeyguardUpdateMonitor: handleTimeUpdate
09-22 19:50:00.168 518 518 I hwservicemanager: getTransport: Cannot find entry android.hardware.light@2.0::ILight/default in either framework or device VINTF manifest.
09-22 19:50:00.172 4008 4008 E light : light_open lights keyboard failed: -22
09-22 19:50:00.173 4008 4008 E light : Light passthrough failed to load legacy HAL.
09-22 19:50:00.173 4008 4008 E light : light_open lights buttons failed: -22
09-22 19:50:00.173 4008 4008 E light : Light passthrough failed to load legacy HAL.
09-22 19:50:00.176 4008 4008 E light : light_open lights bluetooth failed: -22
09-22 19:50:00.176 4008 4008 E light : Light passthrough failed to load legacy HAL.
09-22 19:50:00.176 4008 4008 E light : light_open lights wifi failed: -22
09-22 19:50:00.176 4008 4008 E light : Light passthrough failed to load legacy HAL.
09-22 19:50:00.177 518 518 I hwservicemanager: getTransport: Cannot find entry android.hardware.light@2.0::ILight/default in either framework or device VINTF manifest.
09-22 19:50:00.179 4008 4008 E HidlServiceManagement: Service android.hardware.light@2.0::ILight/default must be in VINTF manifest in order to register/get.
09-22 19:50:00.179 4008 4008 E LegacySupport: Could not register service android.hardware.light@2.0::ILight/default (-2147483648).
09-22 19:50:00.602 663 674 I mpu_uart: [MSG-P:RECV]:No message received in 1000 ms
09-22 19:50:00.659 663 673 I mpu_uart: [MSG-P:R]:recv sync frame timeout
01-01 08:31:21.530 0 0 I init : starting service 'qvrd_vndr'...
01-01 08:31:21.544 0 0 I init : Created socket '/dev/socket/qvrservice_vndr', mode 660, user 1000, group 1000
01-01 08:31:21.551 0 0 I init : Created socket '/dev/socket/qvrservice_vndr_camera', mode 660, user 1000, group 1000
01-01 08:31:21.583 0 0 I init : starting service 'sxrd'...
09-22 19:50:00.913 4009 4009 F linker : CANNOT LINK EXECUTABLE "/vendor/bin/hw/qvrservice": library "vendor.qti.hardware.qxr-V1-ndk_platform.so" not found: needed by /vendor/lib64/libqvrservice.so in namespace (default)
01-01 08:31:21.617 0 0 I init : Service 'qvrd_vndr' (pid 4009) exited with status 1
01-01 08:31:21.617 0 0 I init : Sending signal 9 to service 'qvrd_vndr' (pid 4009) process group...
01-01 08:31:21.617 0 0 I libprocessgroup: Successfully killed process cgroup uid 1000 pid 4009 in 0ms
09-22 19:50:00.926 4010 4010 F linker : CANNOT LINK EXECUTABLE "/vendor/bin/hw/sxrservice": library "vendor.qti.hardware.qxr-V1-ndk_platform.so" not found: needed by main executable
01-01 08:31:21.630 0 0 I init : Service 'sxrd' (pid 4010) exited with status 1
01-01 08:31:21.630 0 0 I init : Sending signal 9 to service 'sxrd' (pid 4010) process group...
01-01 08:31:21.630 0 0 I libprocessgroup: Successfully killed process cgroup uid 1000 pid 4010 in 0ms
01-01 08:31:21.706 0 0 D : mv2112_read_status
01-01 08:31:21.707 0 0 D mv2112_update_link: 3.0x901(1G): 0x80
01-01 08:31:21.708 0 0 D mv2112_update_link: 3.0x8109(100M): 0x0
01-01 08:31:21.708 0 0 D mv2112_update_link: link 0x0
01-01 08:31:21.708 0 0 D mv2112_read_status: autoneg is disabled
09-22 19:50:01.602 663 674 I mpu_uart: [MSG-P:RECV]:No message received in 1000 ms
01-01 08:31:22.730 0 0 D : mv2112_read_status
01-01 08:31:22.731 0 0 D mv2112_update_link: 3.0x901(1G): 0x80
01-01 08:31:22.733 0 0 D mv2112_update_link: 3.0x8109(100M): 0x0
01-01 08:31:22.733 0 0 D mv2112_update_link: link 0x0
01-01 08:31:22.733 0 0 D mv2112_read_status: autoneg is disabled
09-22 19:50:02.603 663 674 I mpu_uart: [MSG-P:RECV]:No message received in 1000 ms
01-01 08:31:23.758 0 0 D : mv2112_read_status
01-01 08:31:23.759 0 0 D mv2112_update_link: 3.0x901(1G): 0x80
01-01 08:31:23.760 0 0 D mv2112_update_link: 3.0x8109(100M): 0x0
01-01 08:31:23.761 0 0 D mv2112_update_link: link 0x0
01-01 08:31:23.761 0 0 D mv2112_read_status: autoneg is disabled
09-22 19:50:03.604 663 674 I mpu_uart: [MSG-P:RECV]:No message received in 1000 ms
09-22 19:50:03.662 663 673 I mpu_uart: [MSG-P:R]:recv sync frame timeout
01-01 08:31:24.779 0 0 D : mv2112_read_status
01-01 08:31:24.781 0 0 D mv2112_update_link: 3.0x901(1G): 0x80
01-01 08:31:24.782 0 0 D mv2112_update_link: 3.0x8109(100M): 0x0
01-01 08:31:24.782 0 0 D mv2112_update_link: link 0x0
01-01 08:31:24.783 0 0 D mv2112_read_status: autoneg is disabled
09-22 19:50:04.605 663 674 I mpu_uart: [MSG-P:RECV]:No message received in 1000 ms
01-01 08:31:25.803 0 0 D : mv2112_read_status
01-01 08:31:25.805 0 0 D mv2112_update_link: 3.0x901(1G): 0x80
01-01 08:31:25.806 0 0 D mv2112_update_link: 3.0x8109(100M): 0x0
01-01 08:31:25.806 0 0 D mv2112_update_link: link 0x0
01-01 08:31:25.806 0 0 D mv2112_read_status: autoneg is disabled
09-22 19:50:05.200 518 518 I hwservicemanager: getTransport: Cannot find entry android.hardware.light@2.0::ILight/default in either framework or device VINTF manifest.
09-22 19:50:05.205 4011 4011 E light : light_open lights keyboard failed: -22
09-22 19:50:05.205 4011 4011 E light : Light passthrough failed to load legacy HAL.
09-22 19:50:05.206 4011 4011 E light : light_open lights buttons failed: -22
09-22 19:50:05.206 4011 4011 E light : Light passthrough failed to load legacy HAL.
09-22 19:50:05.208 4011 4011 E light : light_open lights bluetooth failed: -22
09-22 19:50:05.208 4011 4011 E light : Light passthrough failed to load legacy HAL.
09-22 19:50:05.209 4011 4011 E light : light_open lights wifi failed: -22
09-22 19:50:05.209 4011 4011 E light : Light passthrough failed to load legacy HAL.
09-22 19:50:05.212 518 518 I hwservicemanager: getTransport: Cannot find entry android.hardware.light@2.0::ILight/default in either framework or device VINTF manifest.
09-22 19:50:05.214 4011 4011 E HidlServiceManagement: Service android.hardware.light@2.0::ILight/default must be in VINTF manifest in order to register/get.
09-22 19:50:05.214 4011 4011 E LegacySupport: Could not register service android.hardware.light@2.0::ILight/default (-2147483648).
09-22 19:50:05.606 663 674 I mpu_uart: [MSG-P:RECV]:No message received in 1000 ms
01-01 08:31:26.579 0 0 I init : starting service 'qvrd_vndr'...
01-01 08:31:26.589 0 0 I init : Created socket '/dev/socket/qvrservice_vndr', mode 660, user 1000, group 1000
01-01 08:31:26.599 0 0 I init : Created socket '/dev/socket/qvrservice_vndr_camera', mode 660, user 1000, group 1000
01-01 08:31:26.664 0 0 I init : starting service 'sxrd'...
09-22 19:50:06.007 4012 4012 F linker : CANNOT LINK EXECUTABLE "/vendor/bin/hw/qvrservice": library "vendor.qti.hardware.qxr-V1-ndk_platform.so" not found: needed by /vendor/lib64/libqvrservice.so in namespace (default)
09-22 19:50:06.011 4013 4013 F linker : CANNOT LINK EXECUTABLE "/vendor/bin/hw/sxrservice": library "vendor.qti.hardware.qxr-V1-ndk_platform.so" not found: needed by main executable
01-01 08:31:26.712 0 0 I init : Service 'qvrd_vndr' (pid 4012) exited with status 1
01-01 08:31:26.713 0 0 I init : Sending signal 9 to service 'qvrd_vndr' (pid 4012) process group...
01-01 08:31:26.714 0 0 I libprocessgroup: Successfully killed process cgroup uid 1000 pid 4012 in 1ms
01-01 08:31:26.722 0 0 I init : Service 'sxrd' (pid 4013) exited with status 1
01-01 08:31:26.722 0 0 I init : Sending signal 9 to service 'sxrd' (pid 4013) process group...
01-01 08:31:26.723 0 0 I libprocessgroup: Successfully killed process cgroup uid 1000 pid 4013 in 1ms
01-01 08:31:26.827 0 0 D : mv2112_read_status
01-01 08:31:26.829 0 0 D mv2112_update_link: 3.0x901(1G): 0x80
01-01 08:31:26.830 0 0 D mv2112_update_link: 3.0x8109(100M): 0x0
01-01 08:31:26.830 0 0 D mv2112_update_link: link 0x0
01-01 08:31:26.830 0 0 D mv2112_read_status: autoneg is disabled
09-22 19:50:06.607 663 674 I mpu_uart: [MSG-P:RECV]:No message received in 1000 ms
09-22 19:50:06.666 663 673 I mpu_uart: [MSG-P:R]:recv sync frame timeout
01-01 08:31:27.850 0 0 D : mv2112_read_status
01-01 08:31:27.852 0 0 D mv2112_update_link: 3.0x901(1G): 0x80
01-01 08:31:27.853 0 0 D mv2112_update_link: 3.0x8109(100M): 0x0
01-01 08:31:27.853 0 0 D mv2112_update_link: link 0x0
01-01 08:31:27.853 0 0 D mv2112_read_status: autoneg is disabled
09-22 19:50:07.608 663 674 I mpu_uart: [MSG-P:RECV]:No message received in 1000 ms
01-01 08:31:28.874 0 0 D : mv2112_read_status
01-01 08:31:28.876 0 0 D mv2112_update_link: 3.0x901(1G): 0x80
01-01 08:31:28.877 0 0 D mv2112_update_link: 3.0x8109(100M): 0x0
01-01 08:31:28.878 0 0 D mv2112_update_link: link 0x0
01-01 08:31:28.878 0 0 D mv2112_read_status: autoneg is disabled
09-22 19:50:08.609 663 674 I mpu_uart: [MSG-P:RECV]:No message received in 1000 ms
01-01 08:31:29.898 0 0 D : mv2112_read_status
01-01 08:31:29.901 0 0 D mv2112_update_link: 3.0x901(1G): 0x80
01-01 08:31:29.903 0 0 D mv2112_update_link: 3.0x8109(100M): 0x0
01-01 08:31:29.904 0 0 D mv2112_update_link: link 0x0
01-01 08:31:29.904 0 0 D mv2112_read_status: autoneg is disabled
09-22 19:50:09.610 663 674 I mpu_uart: [MSG-P:RECV]:No message received in 1000 ms
09-22 19:50:09.670 663 673 I mpu_uart: [MSG-P:R]:recv sync frame timeout
01-01 08:31:30.922 0 0 D : mv2112_read_status
01-01 08:31:30.928 0 0 D mv2112_update_link: 3.0x901(1G): 0x80
01-01 08:31:30.930 0 0 D mv2112_update_link: 3.0x8109(100M): 0x0
01-01 08:31:30.930 0 0 D mv2112_update_link: link 0x0
01-01 08:31:30.930 0 0 D mv2112_read_status: autoneg is disabled
09-22 19:50:10.256 518 518 I hwservicemanager: getTransport: Cannot find entry android.hardware.light@2.0::ILight/default in either framework or device VINTF manifest.
09-22 19:50:10.260 4014 4014 E light : light_open lights keyboard failed: -22
09-22 19:50:10.261 4014 4014 E light : Light passthrough failed to load legacy HAL.
09-22 19:50:10.261 4014 4014 E light : light_open lights buttons failed: -22
09-22 19:50:10.261 4014 4014 E light : Light passthrough failed to load legacy HAL.
09-22 19:50:10.264 4014 4014 E light : light_open lights bluetooth failed: -22
09-22 19:50:10.264 4014 4014 E light : Light passthrough failed to load legacy HAL.
09-22 19:50:10.265 4014 4014 E light : light_open lights wifi failed: -22
09-22 19:50:10.265 4014 4014 E light : Light passthrough failed to load legacy HAL.
09-22 19:50:10.268 518 518 I hwservicemanager: getTransport: Cannot find entry android.hardware.light@2.0::ILight/default in either framework or device VINTF manifest.
09-22 19:50:10.270 4014 4014 E HidlServiceManagement: Service android.hardware.light@2.0::ILight/default must be in VINTF manifest in order to register/get.
09-22 19:50:10.270 4014 4014 E LegacySupport: Could not register service android.hardware.light@2.0::ILight/default (-2147483648).
09-22 19:50:10.611 663 674 I mpu_uart: [MSG-P:RECV]:No message received in 1000 ms
01-01 08:31:31.650 0 0 I init : starting service 'qvrd_vndr'...
01-01 08:31:31.656 0 0 I init : Created socket '/dev/socket/qvrservice_vndr', mode 660, user 1000, group 1000
01-01 08:31:31.660 0 0 I init : Created socket '/dev/socket/qvrservice_vndr_camera', mode 660, user 1000, group 1000
01-01 08:31:31.705 0 0 I init : starting service 'sxrd'...
09-22 19:50:11.036 4015 4015 F linker : CANNOT LINK EXECUTABLE "/vendor/bin/hw/qvrservice": library "vendor.qti.hardware.qxr-V1-ndk_platform.so" not found: needed by /vendor/lib64/libqvrservice.so in namespace (default)
01-01 08:31:31.740 0 0 I init : Service 'qvrd_vndr' (pid 4015) exited with status 1
01-01 08:31:31.740 0 0 I init : Sending signal 9 to service 'qvrd_vndr' (pid 4015) process group...
01-01 08:31:31.741 0 0 I libprocessgroup: Successfully killed process cgroup uid 1000 pid 4015 in 0ms
09-22 19:50:11.067 4016 4016 F linker : CANNOT LINK EXECUTABLE "/vendor/bin/hw/sxrservice": library "vendor.qti.hardware.qxr-V1-ndk_platform.so" not found: needed by main executable
01-01 08:31:31.771 0 0 I init : Service 'sxrd' (pid 4016) exited with status 1
01-01 08:31:31.772 0 0 I init : Sending signal 9 to service 'sxrd' (pid 4016) process group...
01-01 08:31:31.772 0 0 I libprocessgroup: Successfully killed process cgroup uid 1000 pid 4016 in 0ms
01-01 08:31:31.946 0 0 D : mv2112_read_status
01-01 08:31:31.948 0 0 D mv2112_update_link: 3.0x901(1G): 0x80
01-01 08:31:31.951 0 0 D mv2112_update_link: 3.0x8109(100M): 0x0
01-01 08:31:31.951 0 0 D mv2112_update_link: link 0x0
01-01 08:31:31.951 0 0 D mv2112_read_status: autoneg is disabled
09-22 19:50:11.612 663 674 I mpu_uart: [MSG-P:RECV]:No message received in 1000 ms
01-01 08:31:32.970 0 0 D : mv2112_read_status
01-01 08:31:32.972 0 0 D mv2112_update_link: 3.0x901(1G): 0x80
01-01 08:31:32.973 0 0 D mv2112_update_link: 3.0x8109(100M): 0x0
01-01 08:31:32.974 0 0 D mv2112_update_link: link 0x0
01-01 08:31:32.974 0 0 D mv2112_read_status: autoneg is disabled
09-22 19:50:12.612 663 674 I mpu_uart: [MSG-P:RECV]:No message received in 1000 ms
09-22 19:50:12.673 663 673 I mpu_uart: [MSG-P:R]:recv sync frame timeout
01-01 08:31:33.995 0 0 D : mv2112_read_status
01-01 08:31:33.997 0 0 D mv2112_update_link: 3.0x901(1G): 0x80
01-01 08:31:34.000 0 0 D mv2112_update_link: 3.0x8109(100M): 0x0
01-01 08:31:34.000 0 0 D mv2112_update_link: link 0x0
01-01 08:31:34.000 0 0 D mv2112_read_status: autoneg is disabled
09-22 19:50:13.613 663 674 I mpu_uart: [MSG-P:RECV]:No message received in 1000 ms
01-01 08:31:35.019 0 0 D : mv2112_read_status
01-01 08:31:35.020 0 0 D mv2112_update_link: 3.0x901(1G): 0x80
01-01 08:31:35.023 0 0 D mv2112_update_link: 3.0x8109(100M): 0x0
01-01 08:31:35.023 0 0 D mv2112_update_link: link 0x0
01-01 08:31:35.023 0 0 D mv2112_read_status: autoneg is disabled
09-22 19:50:14.614 663 674 I mpu_uart: [MSG-P:RECV]:No message received in 1000 ms
09-22 19:50:15.317 518 518 I hwservicemanager: getTransport: Cannot find entry android.hardware.light@2.0::ILight/default in either framework or device VINTF manifest.
09-22 19:50:15.322 4017 4017 E light : light_open lights keyboard failed: -22
09-22 19:50:15.323 4017 4017 E light : Light passthrough failed to load legacy HAL.
09-22 19:50:15.324 4017 4017 E light : light_open lights buttons failed: -22
09-22 19:50:15.324 4017 4017 E light : Light passthrough failed to load legacy HAL.
09-22 19:50:15.326 4017 4017 E light : light_open lights bluetooth failed: -22
09-22 19:50:15.326 4017 4017 E light : Light passthrough failed to load legacy HAL.
09-22 19:50:15.327 4017 4017 E light : light_open lights wifi failed: -22
09-22 19:50:15.327 4017 4017 E light : Light passthrough failed to load legacy HAL.
09-22 19:50:15.330 518 518 I hwservicemanager: getTransport: Cannot find entry android.hardware.light@2.0::ILight/default in either framework or device VINTF manifest.
09-22 19:50:15.332 4017 4017 E HidlServiceManagement: Service android.hardware.light@2.0::ILight/default must be in VINTF manifest in order to register/get.
09-22 19:50:15.332 4017 4017 E LegacySupport: Could not register service android.hardware.light@2.0::ILight/default (-2147483648).
01-01 08:31:36.042 0 0 D : mv2112_read_status
01-01 08:31:36.043 0 0 D mv2112_update_link: 3.0x901(1G): 0x80
01-01 08:31:36.044 0 0 D mv2112_update_link: 3.0x8109(100M): 0x0
01-01 08:31:36.044 0 0 D mv2112_update_link: link 0x0
01-01 08:31:36.044 0 0 D mv2112_read_status: autoneg is disabled
09-22 19:50:15.616 663 674 I mpu_uart: [MSG-P:RECV]:No message received in 1000 ms
09-22 19:50:15.676 663 673 I mpu_uart: [MSG-P:R]:recv sync frame timeout
01-01 08:31:36.693 0 0 I init : starting service 'qvrd_vndr'...
01-01 08:31:36.699 0 0 I init : Created socket '/dev/socket/qvrservice_vndr', mode 660, user 1000, group 1000
01-01 08:31:36.703 0 0 I init : Created socket '/dev/socket/qvrservice_vndr_camera', mode 660, user 1000, group 1000
01-01 08:31:36.757 0 0 I init : starting service 'sxrd'...
09-22 19:50:16.072 4018 4018 F linker : CANNOT LINK EXECUTABLE "/vendor/bin/hw/qvrservice": library "vendor.qti.hardware.qxr-V1-ndk_platform.so" not found: needed by /vendor/lib64/libqvrservice.so in namespace (default)
01-01 08:31:36.788 0 0 I init : Service 'qvrd_vndr' (pid 4018) exited with status 1
01-01 08:31:36.788 0 0 I init : Sending signal 9 to service 'qvrd_vndr' (pid 4018) process group...
01-01 08:31:36.788 0 0 I libprocessgroup: Successfully killed process cgroup uid 1000 pid 4018 in 0ms
09-22 19:50:16.127 4019 4019 F linker : CANNOT LINK EXECUTABLE "/vendor/bin/hw/sxrservice": library "vendor.qti.hardware.qxr-V1-ndk_platform.so" not found: needed by main executable
01-01 08:31:36.831 0 0 I init : Service 'sxrd' (pid 4019) exited with status 1
01-01 08:31:36.831 0 0 I init : Sending signal 9 to service 'sxrd' (pid 4019) process group...
01-01 08:31:36.832 0 0 I libprocessgroup: Successfully killed process cgroup uid 1000 pid 4019 in 0ms
01-01 08:31:37.066 0 0 D : mv2112_read_status
01-01 08:31:37.068 0 0 D mv2112_update_link: 3.0x901(1G): 0x80
01-01 08:31:37.070 0 0 D mv2112_update_link: 3.0x8109(100M): 0x0
01-01 08:31:37.070 0 0 D mv2112_update_link: link 0x0
01-01 08:31:37.071 0 0 D mv2112_read_status: autoneg is disabled
09-22 19:50:16.617 663 674 I mpu_uart: [MSG-P:RECV]:No message received in 1000 ms
01-01 08:31:38.090 0 0 D : mv2112_read_status
01-01 08:31:38.092 0 0 D mv2112_update_link: 3.0x901(1G): 0x80
01-01 08:31:38.093 0 0 D mv2112_update_link: 3.0x8109(100M): 0x0
01-01 08:31:38.093 0 0 D mv2112_update_link: link 0x0
01-01 08:31:38.093 0 0 D mv2112_read_status: autoneg is disabled
09-22 19:50:17.618 663 674 I mpu_uart: [MSG-P:RECV]:No message received in 1000 ms
01-01 08:31:39.115 0 0 D : mv2112_read_status
01-01 08:31:39.116 0 0 D mv2112_update_link: 3.0x901(1G): 0x80
01-01 08:31:39.117 0 0 D mv2112_update_link: 3.0x8109(100M): 0x0
01-01 08:31:39.118 0 0 D mv2112_update_link: link 0x0
01-01 08:31:39.118 0 0 D mv2112_read_status: autoneg is disabled
09-22 19:50:18.619 663 674 I mpu_uart: [MSG-P:RECV]:No message received in 1000 ms
09-22 19:50:18.679 663 673 I mpu_uart: [MSG-P:R]:recv sync frame timeout
01-01 08:31:40.139 0 0 D : mv2112_read_status
01-01 08:31:40.140 0 0 D mv2112_update_link: 3.0x901(1G): 0x80
01-01 08:31:40.142 0 0 D mv2112_update_link: 3.0x8109(100M): 0x0
01-01 08:31:40.142 0 0 D mv2112_update_link: link 0x0
01-01 08:31:40.142 0 0 D mv2112_read_status: autoneg is disabled
09-22 19:50:19.620 663 674 I mpu_uart: [MSG-P:RECV]:No message received in 1000 ms
09-22 19:50:20.378 518 518 I hwservicemanager: getTransport: Cannot find entry android.hardware.light@2.0::ILight/default in either framework or device VINTF manifest.
09-22 19:50:20.384 4020 4020 E light : light_open lights keyboard failed: -22
09-22 19:50:20.384 4020 4020 E light : Light passthrough failed to load legacy HAL.
09-22 19:50:20.385 4020 4020 E light : light_open lights buttons failed: -22
09-22 19:50:20.385 4020 4020 E light : Light passthrough failed to load legacy HAL.
09-22 19:50:20.388 4020 4020 E light : light_open lights bluetooth failed: -22
09-22 19:50:20.388 4020 4020 E light : Light passthrough failed to load legacy HAL.
09-22 19:50:20.389 4020 4020 E light : light_open lights wifi failed: -22
09-22 19:50:20.389 4020 4020 E light : Light passthrough failed to load legacy HAL.
09-22 19:50:20.392 518 518 I hwservicemanager: getTransport: Cannot find entry android.hardware.light@2.0::ILight/default in either framework or device VINTF manifest.
09-22 19:50:20.394 4020 4020 E HidlServiceManagement: Service android.hardware.light@2.0::ILight/default must be in VINTF manifest in order to register/get.
09-22 19:50:20.394 4020 4020 E LegacySupport: Could not register service android.hardware.light@2.0::ILight/default (-2147483648).
01-01 08:31:41.162 0 0 D : mv2112_read_status
01-01 08:31:41.163 0 0 D mv2112_update_link: 3.0x901(1G): 0x80
01-01 08:31:41.165 0 0 D mv2112_update_link: 3.0x8109(100M): 0x0
01-01 08:31:41.165 0 0 D mv2112_update_link: link 0x0
01-01 08:31:41.165 0 0 D mv2112_read_status: autoneg is disabled
09-22 19:50:20.621 663 674 I mpu_uart: [MSG-P:RECV]:No message received in 1000 ms
01-01 08:31:41.739 0 0 I init : starting service 'qvrd_vndr'...
01-01 08:31:41.742 0 0 I init : Created socket '/dev/socket/qvrservice_vndr', mode 660, user 1000, group 1000
01-01 08:31:41.745 0 0 I init : Created socket '/dev/socket/qvrservice_vndr_camera', mode 660, user 1000, group 1000
01-01 08:31:41.784 0 0 I init : starting service 'sxrd'...
09-22 19:50:21.116 4021 4021 F linker : CANNOT LINK EXECUTABLE "/vendor/bin/hw/qvrservice": library "vendor.qti.hardware.qxr-V1-ndk_platform.so" not found: needed by /vendor/lib64/libqvrservice.so in namespace (default)
01-01 08:31:41.820 0 0 I init : Service 'qvrd_vndr' (pid 4021) exited with status 1
01-01 08:31:41.820 0 0 I init : Sending signal 9 to service 'qvrd_vndr' (pid 4021) process group...
01-01 08:31:41.822 0 0 I libprocessgroup: Successfully killed process cgroup uid 1000 pid 4021 in 1ms
09-22 19:50:21.145 4022 4022 F linker : CANNOT LINK EXECUTABLE "/vendor/bin/hw/sxrservice": library "vendor.qti.hardware.qxr-V1-ndk_platform.so" not found: needed by main executable
01-01 08:31:41.849 0 0 I init : Service 'sxrd' (pid 4022) exited with status 1
01-01 08:31:41.849 0 0 I init : Sending signal 9 to service 'sxrd' (pid 4022) process group...
01-01 08:31:41.850 0 0 I libprocessgroup: Successfully killed process cgroup uid 1000 pid 4022 in 0ms
01-01 08:31:41.944 0 0 I perf : interrupt took too long (8124 > 8088), lowering kernel.perf_event_max_sample_rate to 24500
01-01 08:31:42.186 0 0 D : mv2112_read_status
01-01 08:31:42.188 0 0 D mv2112_update_link: 3.0x901(1G): 0x80
01-01 08:31:42.190 0 0 D mv2112_update_link: 3.0x8109(100M): 0x0
01-01 08:31:42.190 0 0 D mv2112_update_link: link 0x0
01-01 08:31:42.190 0 0 D mv2112_read_status: autoneg is disabled
09-22 19:50:21.622 663 674 I mpu_uart: [MSG-P:RECV]:No message received in 1000 ms
09-22 19:50:21.683 663 673 I mpu_uart: [MSG-P:R]:recv sync frame timeout
01-01 08:31:43.210 0 0 D : mv2112_read_status
01-01 08:31:43.213 0 0 D mv2112_update_link: 3.0x901(1G): 0x80
01-01 08:31:43.215 0 0 D mv2112_update_link: 3.0x8109(100M): 0x0
01-01 08:31:43.215 0 0 D mv2112_update_link: link 0x0
01-01 08:31:43.215 0 0 D mv2112_read_status: autoneg is disabled
09-22 19:50:22.623 663 674 I mpu_uart: [MSG-P:RECV]:No message received in 1000 ms
01-01 08:31:44.234 0 0 D : mv2112_read_status
01-01 08:31:44.235 0 0 D mv2112_update_link: 3.0x901(1G): 0x80
01-01 08:31:44.236 0 0 D mv2112_update_link: 3.0x8109(100M): 0x0
01-01 08:31:44.236 0 0 D mv2112_update_link: link 0x0
01-01 08:31:44.236 0 0 D mv2112_read_status: autoneg is disabled
09-22 19:50:23.624 663 674 I mpu_uart: [MSG-P:RECV]:No message received in 1000 ms
01-01 08:31:45.259 0 0 D : mv2112_read_status
01-01 08:31:45.260 0 0 D mv2112_update_link: 3.0x901(1G): 0x80
01-01 08:31:45.263 0 0 D mv2112_update_link: 3.0x8109(100M): 0x0
01-01 08:31:45.264 0 0 D mv2112_update_link: link 0x0
01-01 08:31:45.264 0 0 D mv2112_read_status: autoneg is disabled
09-22 19:50:24.624 663 674 I mpu_uart: [MSG-P:RECV]:No message received in 1000 ms
09-22 19:50:24.686 663 673 I mpu_uart: [MSG-P:R]:recv sync frame timeout
09-22 19:50:25.436 518 518 I hwservicemanager: getTransport: Cannot find entry android.hardware.light@2.0::ILight/default in either framework or device VINTF manifest.
09-22 19:50:25.441 4023 4023 E light : light_open lights keyboard failed: -22
09-22 19:50:25.441 4023 4023 E light : Light passthrough failed to load legacy HAL.
09-22 19:50:25.442 4023 4023 E light : light_open lights buttons failed: -22
09-22 19:50:25.442 4023 4023 E light : Light passthrough failed to load legacy HAL.
09-22 19:50:25.445 4023 4023 E light : light_open lights bluetooth failed: -22
09-22 19:50:25.445 4023 4023 E light : Light passthrough failed to load legacy HAL.
09-22 19:50:25.446 4023 4023 E light : light_open lights wifi failed: -22
09-22 19:50:25.446 4023 4023 E light : Light passthrough failed to load legacy HAL.
09-22 19:50:25.450 518 518 I hwservicemanager: getTransport: Cannot find entry android.hardware.light@2.0::ILight/default in either framework or device VINTF manifest.
09-22 19:50:25.452 4023 4023 E HidlServiceManagement: Service android.hardware.light@2.0::ILight/default must be in VINTF manifest in order to register/get.
09-22 19:50:25.452 4023 4023 E LegacySupport: Could not register service android.hardware.light@2.0::ILight/default (-2147483648).
01-01 08:31:46.282 0 0 D : mv2112_read_status
01-01 08:31:46.285 0 0 D mv2112_update_link: 3.0x901(1G): 0x80
01-01 08:31:46.287 0 0 D mv2112_update_link: 3.0x8109(100M): 0x0
01-01 08:31:46.287 0 0 D mv2112_update_link: link 0x0
01-01 08:31:46.287 0 0 D mv2112_read_status: autoneg is disabled
09-22 19:50:25.625 663 674 I mpu_uart: [MSG-P:RECV]:No message received in 1000 ms
01-01 08:31:46.771 0 0 I init : starting service 'qvrd_vndr'...
01-01 08:31:46.779 0 0 I init : Created socket '/dev/socket/qvrservice_vndr', mode 660, user 1000, group 1000
01-01 08:31:46.782 0 0 I init : Created socket '/dev/socket/qvrservice_vndr_camera', mode 660, user 1000, group 1000
01-01 08:31:46.827 0 0 I init : starting service 'sxrd'...
09-22 19:50:26.172 4024 4024 F linker : CANNOT LINK EXECUTABLE "/vendor/bin/hw/qvrservice": library "vendor.qti.hardware.qxr-V1-ndk_platform.so" not found: needed by /vendor/lib64/libqvrservice.so in namespace (default)
09-22 19:50:26.174 4025 4025 F linker : CANNOT LINK EXECUTABLE "/vendor/bin/hw/sxrservice": library "vendor.qti.hardware.qxr-V1-ndk_platform.so" not found: needed by main executable
01-01 08:31:46.876 0 0 I init : Service 'qvrd_vndr' (pid 4024) exited with status 1
01-01 08:31:46.877 0 0 I init : Sending signal 9 to service 'qvrd_vndr' (pid 4024) process group...
01-01 08:31:46.877 0 0 I libprocessgroup: Successfully killed process cgroup uid 1000 pid 4024 in 0ms
01-01 08:31:46.885 0 0 I init : Service 'sxrd' (pid 4025) exited with status 1
01-01 08:31:46.885 0 0 I init : Sending signal 9 to service 'sxrd' (pid 4025) process group...
01-01 08:31:46.887 0 0 I libprocessgroup: Successfully killed process cgroup uid 1000 pid 4025 in 1ms
01-01 08:31:47.306 0 0 D : mv2112_read_status
01-01 08:31:47.308 0 0 D mv2112_update_link: 3.0x901(1G): 0x80
01-01 08:31:47.310 0 0 D mv2112_update_link: 3.0x8109(100M): 0x0
01-01 08:31:47.310 0 0 D mv2112_update_link: link 0x0
01-01 08:31:47.310 0 0 D mv2112_read_status: autoneg is disabled
09-22 19:50:26.626 663 674 I mpu_uart: [MSG-P:RECV]:No message received in 1000 ms
09-22 19:50:27.626 663 674 I mpu_uart: [MSG-P:RECV]:No message received in 1000 ms
01-01 08:31:48.338 0 0 D : mv2112_read_status
01-01 08:31:48.340 0 0 D mv2112_update_link: 3.0x901(1G): 0x80
01-01 08:31:48.341 0 0 D mv2112_update_link: 3.0x8109(100M): 0x0
01-01 08:31:48.341 0 0 D mv2112_update_link: link 0x0
01-01 08:31:48.341 0 0 D mv2112_read_status: autoneg is disabled
09-22 19:50:27.687 663 673 I mpu_uart: [MSG-P:R]:recv sync frame timeout
09-22 19:50:28.628 663 674 I mpu_uart: [MSG-P:RECV]:No message received in 1000 ms
01-01 08:31:49.354 0 0 D : mv2112_read_status
01-01 08:31:49.357 0 0 D mv2112_update_link: 3.0x901(1G): 0x80
01-01 08:31:49.359 0 0 D mv2112_update_link: 3.0x8109(100M): 0x0
01-01 08:31:49.359 0 0 D mv2112_update_link: link 0x0
01-01 08:31:49.359 0 0 D mv2112_read_status: autoneg is disabled
09-22 19:50:29.629 663 674 I mpu_uart: [MSG-P:RECV]:No message received in 1000 ms
01-01 08:31:50.379 0 0 D : mv2112_read_status
01-01 08:31:50.381 0 0 D mv2112_update_link: 3.0x901(1G): 0x80
01-01 08:31:50.382 0 0 D mv2112_update_link: 3.0x8109(100M): 0x0
01-01 08:31:50.383 0 0 D mv2112_update_link: link 0x0
01-01 08:31:50.383 0 0 D mv2112_read_status: autoneg is disabled
09-22 19:50:30.496 518 518 I hwservicemanager: getTransport: Cannot find entry android.hardware.light@2.0::ILight/default in either framework or device VINTF manifest.
09-22 19:50:30.501 4026 4026 E light : light_open lights keyboard failed: -22
09-22 19:50:30.501 4026 4026 E light : Light passthrough failed to load legacy HAL.
09-22 19:50:30.502 4026 4026 E light : light_open lights buttons failed: -22
09-22 19:50:30.502 4026 4026 E light : Light passthrough failed to load legacy HAL.
09-22 19:50:30.505 4026 4026 E light : light_open lights bluetooth failed: -22
09-22 19:50:30.505 4026 4026 E light : Light passthrough failed to load legacy HAL.
09-22 19:50:30.505 4026 4026 E light : light_open lights wifi failed: -22
09-22 19:50:30.505 4026 4026 E light : Light passthrough failed to load legacy HAL.
09-22 19:50:30.508 518 518 I hwservicemanager: getTransport: Cannot find entry android.hardware.light@2.0::ILight/default in either framework or device VINTF manifest.
09-22 19:50:30.510 4026 4026 E HidlServiceManagement: Service android.hardware.light@2.0::ILight/default must be in VINTF manifest in order to register/get.
09-22 19:50:30.510 4026 4026 E LegacySupport: Could not register service android.hardware.light@2.0::ILight/default (-2147483648).
09-22 19:50:30.630 663 674 I mpu_uart: [MSG-P:RECV]:No message received in 1000 ms
09-22 19:50:30.691 663 673 I mpu_uart: [MSG-P:R]:recv sync frame timeout
01-01 08:31:51.402 0 0 D : mv2112_read_status
01-01 08:31:51.403 0 0 D mv2112_update_link: 3.0x901(1G): 0x80
01-01 08:31:51.405 0 0 D mv2112_update_link: 3.0x8109(100M): 0x0
01-01 08:31:51.405 0 0 D mv2112_update_link: link 0x0
01-01 08:31:51.405 0 0 D mv2112_read_status: autoneg is disabled
01-01 08:31:51.818 0 0 I init : starting service 'qvrd_vndr'...
01-01 08:31:51.835 0 0 I init : Created socket '/dev/socket/qvrservice_vndr', mode 660, user 1000, group 1000
01-01 08:31:51.840 0 0 I init : Created socket '/dev/socket/qvrservice_vndr_camera', mode 660, user 1000, group 1000
01-01 08:31:51.876 0 0 I init : starting service 'sxrd'...
09-22 19:50:31.208 4027 4027 F linker : CANNOT LINK EXECUTABLE "/vendor/bin/hw/qvrservice": library "vendor.qti.hardware.qxr-V1-ndk_platform.so" not found: needed by /vendor/lib64/libqvrservice.so in namespace (default)
01-01 08:31:51.911 0 0 I init : Service 'qvrd_vndr' (pid 4027) exited with status 1
01-01 08:31:51.911 0 0 I init : Sending signal 9 to service 'qvrd_vndr' (pid 4027) process group...
01-01 08:31:51.912 0 0 I libprocessgroup: Successfully killed process cgroup uid 1000 pid 4027 in 0ms
09-22 19:50:31.225 4028 4028 F linker : CANNOT LINK EXECUTABLE "/vendor/bin/hw/sxrservice": library "vendor.qti.hardware.qxr-V1-ndk_platform.so" not found: needed by main executable
01-01 08:31:51.928 0 0 I init : Service 'sxrd' (pid 4028) exited with status 1
01-01 08:31:51.928 0 0 I init : Sending signal 9 to service 'sxrd' (pid 4028) process group...
01-01 08:31:51.929 0 0 I libprocessgroup: Successfully killed process cgroup uid 1000 pid 4028 in 0ms
09-22 19:50:31.631 663 674 I mpu_uart: [MSG-P:RECV]:No message received in 1000 ms
01-01 08:31:52.426 0 0 D : mv2112_read_status
01-01 08:31:52.428 0 0 D mv2112_update_link: 3.0x901(1G): 0x80
01-01 08:31:52.431 0 0 D mv2112_update_link: 3.0x8109(100M): 0x0
01-01 08:31:52.431 0 0 D mv2112_update_link: link 0x0
01-01 08:31:52.431 0 0 D mv2112_read_status: autoneg is disabled
09-22 19:50:32.632 663 674 I mpu_uart: [MSG-P:RECV]:No message received in 1000 ms
01-01 08:31:53.450 0 0 D : mv2112_read_status
01-01 08:31:53.452 0 0 D mv2112_update_link: 3.0x901(1G): 0x80
01-01 08:31:53.453 0 0 D mv2112_update_link: 3.0x8109(100M): 0x0
01-01 08:31:53.453 0 0 D mv2112_update_link: link 0x0
01-01 08:31:53.453 0 0 D mv2112_read_status: autoneg is disabled
09-22 19:50:33.633 663 674 I mpu_uart: [MSG-P:RECV]:No message received in 1000 ms
09-22 19:50:33.695 663 673 I mpu_uart: [MSG-P:R]:recv sync frame timeout
01-01 08:31:54.474 0 0 D : mv2112_read_status
01-01 08:31:54.475 0 0 D mv2112_update_link: 3.0x901(1G): 0x80
01-01 08:31:54.477 0 0 D mv2112_update_link: 3.0x8109(100M): 0x0
01-01 08:31:54.477 0 0 D mv2112_update_link: link 0x0
01-01 08:31:54.479 0 0 D mv2112_read_status: autoneg is disabled
09-22 19:50:34.634 663 674 I mpu_uart: [MSG-P:RECV]:No message received in 1000 ms
01-01 08:31:55.498 0 0 D : mv2112_read_status
01-01 08:31:55.499 0 0 D mv2112_update_link: 3.0x901(1G): 0x80
01-01 08:31:55.500 0 0 D mv2112_update_link: 3.0x8109(100M): 0x0
01-01 08:31:55.500 0 0 D mv2112_update_link: link 0x0
01-01 08:31:55.501 0 0 D mv2112_read_status: autoneg is disabled
09-22 19:50:35.253 587 587 E spcomlib: [spcom_wait_for_event] event [1] [nvm_ready] EVENT_STATUS_TIMEOUT
01-01 08:31:55.947 0 0 E spss_utils [spss_wait_for_event]: wait for event [1] timeout [300] sec expired
09-22 19:50:35.253 587 587 E spdaemon: spcom_wait_for_nvm_ready() failed. ret [-110] [Connection timed out].
09-22 19:50:35.253 587 587 E spdaemon: Initial SP initialization failed. ret [-110].
09-22 19:50:35.253 587 587 D spdaemon: going to sleep for a day.
09-22 19:50:35.555 518 518 I hwservicemanager: getTransport: Cannot find entry android.hardware.light@2.0::ILight/default in either framework or device VINTF manifest.
09-22 19:50:35.560 4029 4029 E light : light_open lights keyboard failed: -22
09-22 19:50:35.560 4029 4029 E light : Light passthrough failed to load legacy HAL.
09-22 19:50:35.561 4029 4029 E light : light_open lights buttons failed: -22
09-22 19:50:35.561 4029 4029 E light : Light passthrough failed to load legacy HAL.
09-22 19:50:35.564 4029 4029 E light : light_open lights bluetooth failed: -22
09-22 19:50:35.564 4029 4029 E light : Light passthrough failed to load legacy HAL.
09-22 19:50:35.565 4029 4029 E light : light_open lights wifi failed: -22
09-22 19:50:35.565 4029 4029 E light : Light passthrough failed to load legacy HAL.
09-22 19:50:35.567 518 518 I hwservicemanager: getTransport: Cannot find entry android.hardware.light@2.0::ILight/default in either framework or device VINTF manifest.
09-22 19:50:35.569 4029 4029 E HidlServiceManagement: Service android.hardware.light@2.0::ILight/default must be in VINTF manifest in order to register/get.
09-22 19:50:35.569 4029 4029 E LegacySupport: Could not register service android.hardware.light@2.0::ILight/default (-2147483648).
09-22 19:50:35.635 663 674 I mpu_uart: [MSG-P:RECV]:No message received in 1000 ms
01-01 08:31:56.522 0 0 D : mv2112_read_status
01-01 08:31:56.523 0 0 D mv2112_update_link: 3.0x901(1G): 0x80
01-01 08:31:56.524 0 0 D mv2112_update_link: 3.0x8109(100M): 0x0
01-01 08:31:56.525 0 0 D mv2112_update_link: link 0x0
01-01 08:31:56.525 0 0 D mv2112_read_status: autoneg is disabled
01-01 08:31:56.869 0 0 I init : starting service 'qvrd_vndr'...
01-01 08:31:56.873 0 0 I init : Created socket '/dev/socket/qvrservice_vndr', mode 660, user 1000, group 1000
01-01 08:31:56.877 0 0 I init : Created socket '/dev/socket/qvrservice_vndr_camera', mode 660, user 1000, group 1000
01-01 08:31:56.934 0 0 I init : starting service 'sxrd'...
09-22 19:50:36.250 4031 4031 F linker : CANNOT LINK EXECUTABLE "/vendor/bin/hw/qvrservice": library "vendor.qti.hardware.qxr-V1-ndk_platform.so" not found: needed by /vendor/lib64/libqvrservice.so in namespace (default)
01-01 08:31:56.953 0 0 I init : Service 'qvrd_vndr' (pid 4031) exited with status 1
01-01 08:31:56.953 0 0 I init : Sending signal 9 to service 'qvrd_vndr' (pid 4031) process group...
01-01 08:31:56.954 0 0 I libprocessgroup: Successfully killed process cgroup uid 1000 pid 4031 in 0ms
09-22 19:50:36.287 4032 4032 F linker : CANNOT LINK EXECUTABLE "/vendor/bin/hw/sxrservice": library "vendor.qti.hardware.qxr-V1-ndk_platform.so" not found: needed by main executable
01-01 08:31:56.991 0 0 I init : Service 'sxrd' (pid 4032) exited with status 1
01-01 08:31:56.991 0 0 I init : Sending signal 9 to service 'sxrd' (pid 4032) process group...
01-01 08:31:56.992 0 0 I libprocessgroup: Successfully killed process cgroup uid 1000 pid 4032 in 0ms
09-22 19:50:36.636 663 674 I mpu_uart: [MSG-P:RECV]:No message received in 1000 ms
09-22 19:50:36.699 663 673 I mpu_uart: [MSG-P:R]:recv sync frame timeout
01-01 08:31:57.547 0 0 D : mv2112_read_status
01-01 08:31:57.548 0 0 D mv2112_update_link: 3.0x901(1G): 0x80
01-01 08:31:57.551 0 0 D mv2112_update_link: 3.0x8109(100M): 0x0
01-01 08:31:57.551 0 0 D mv2112_update_link: link 0x0
01-01 08:31:57.552 0 0 D mv2112_read_status: autoneg is disabled
01-01 08:31:58.219 0 0 I : kworker/dying (84) used greatest stack depth: 9120 bytes left
09-22 19:50:37.637 663 674 I mpu_uart: [MSG-P:RECV]:No message received in 1000 ms
01-01 08:31:58.570 0 0 D : mv2112_read_status
01-01 08:31:58.572 0 0 D mv2112_update_link: 3.0x901(1G): 0x80
01-01 08:31:58.573 0 0 D mv2112_update_link: 3.0x8109(100M): 0x0
01-01 08:31:58.573 0 0 D mv2112_update_link: link 0x0
01-01 08:31:58.573 0 0 D mv2112_read_status: autoneg is disabled
09-22 19:50:38.638 663 674 I mpu_uart: [MSG-P:RECV]:No message received in 1000 ms
01-01 08:31:59.594 0 0 D : mv2112_read_status
01-01 08:31:59.596 0 0 D mv2112_update_link: 3.0x901(1G): 0x80
01-01 08:31:59.597 0 0 D mv2112_update_link: 3.0x8109(100M): 0x0
01-01 08:31:59.597 0 0 D mv2112_update_link: link 0x0
01-01 08:31:59.597 0 0 D mv2112_read_status: autoneg is disabled
09-22 19:50:39.639 663 674 I mpu_uart: [MSG-P:RECV]:No message received in 1000 ms
09-22 19:50:39.703 663 673 I mpu_uart: [MSG-P:R]:recv sync frame timeout
01-01 08:32:00.619 0 0 D : mv2112_read_status
01-01 08:32:00.619 0 0 D mv2112_update_link: 3.0x901(1G): 0x80
01-01 08:32:00.621 0 0 D mv2112_update_link: 3.0x8109(100M): 0x0
01-01 08:32:00.621 0 0 D mv2112_update_link: link 0x0
01-01 08:32:00.621 0 0 D mv2112_read_status: autoneg is disabled
09-22 19:50:40.617 518 518 I hwservicemanager: getTransport: Cannot find entry android.hardware.light@2.0::ILight/default in either framework or device VINTF manifest.
09-22 19:50:40.622 4033 4033 E light : light_open lights keyboard failed: -22
09-22 19:50:40.622 4033 4033 E light : Light passthrough failed to load legacy HAL.
09-22 19:50:40.623 4033 4033 E light : light_open lights buttons failed: -22
09-22 19:50:40.623 4033 4033 E light : Light passthrough failed to load legacy HAL.
09-22 19:50:40.626 4033 4033 E light : light_open lights bluetooth failed: -22
09-22 19:50:40.626 4033 4033 E light : Light passthrough failed to load legacy HAL.
09-22 19:50:40.626 4033 4033 E light : light_open lights wifi failed: -22
09-22 19:50:40.626 4033 4033 E light : Light passthrough failed to load legacy HAL.
09-22 19:50:40.629 518 518 I hwservicemanager: getTransport: Cannot find entry android.hardware.light@2.0::ILight/default in either framework or device VINTF manifest.
09-22 19:50:40.631 4033 4033 E HidlServiceManagement: Service android.hardware.light@2.0::ILight/default must be in VINTF manifest in order to register/get.
09-22 19:50:40.631 4033 4033 E LegacySupport: Could not register service android.hardware.light@2.0::ILight/default (-2147483648).
09-22 19:50:40.640 663 674 I mpu_uart: [MSG-P:RECV]:No message received in 1000 ms
01-01 08:32:01.642 0 0 D : mv2112_read_status
01-01 08:32:01.644 0 0 D mv2112_update_link: 3.0x901(1G): 0x80
01-01 08:32:01.647 0 0 D mv2112_update_link: 3.0x8109(100M): 0x0
01-01 08:32:01.647 0 0 D mv2112_update_link: link 0x0
01-01 08:32:01.647 0 0 D mv2112_read_status: autoneg is disabled
01-01 08:32:01.919 0 0 I init : starting service 'qvrd_vndr'...
01-01 08:32:01.924 0 0 I init : Created socket '/dev/socket/qvrservice_vndr', mode 660, user 1000, group 1000
01-01 08:32:01.927 0 0 I init : Created socket '/dev/socket/qvrservice_vndr_camera', mode 660, user 1000, group 1000
01-01 08:32:01.967 0 0 I init : starting service 'sxrd'...
09-22 19:50:41.309 4035 4035 F linker : CANNOT LINK EXECUTABLE "/vendor/bin/hw/sxrservice": library "vendor.qti.hardware.qxr-V1-ndk_platform.so" not found: needed by main executable
01-01 08:32:02.014 0 0 I init : Service 'sxrd' (pid 4035) exited with status 1
09-22 19:50:41.311 4034 4034 F linker : CANNOT LINK EXECUTABLE "/vendor/bin/hw/qvrservice": library "vendor.qti.hardware.qxr-V1-ndk_platform.so" not found: needed by /vendor/lib64/libqvrservice.so in namespace (default)
01-01 08:32:02.014 0 0 I init : Sending signal 9 to service 'sxrd' (pid 4035) process group...
01-01 08:32:02.015 0 0 I libprocessgroup: Successfully killed process cgroup uid 1000 pid 4035 in 0ms
01-01 08:32:02.020 0 0 I init : Service 'qvrd_vndr' (pid 4034) exited with status 1
01-01 08:32:02.020 0 0 I init : Sending signal 9 to service 'qvrd_vndr' (pid 4034) process group...
01-01 08:32:02.021 0 0 I libprocessgroup: Successfully killed process cgroup uid 1000 pid 4034 in 0ms
09-22 19:50:41.641 663 674 I mpu_uart: [MSG-P:RECV]:No message received in 1000 ms
01-01 08:32:02.666 0 0 D : mv2112_read_status
01-01 08:32:02.668 0 0 D mv2112_update_link: 3.0x901(1G): 0x80
01-01 08:32:02.669 0 0 D mv2112_update_link: 3.0x8109(100M): 0x0
01-01 08:32:02.669 0 0 D mv2112_update_link: link 0x0
01-01 08:32:02.670 0 0 D mv2112_read_status: autoneg is disabled
09-22 19:50:42.642 663 674 I mpu_uart: [MSG-P:RECV]:No message received in 1000 ms
09-22 19:50:42.707 663 673 I mpu_uart: [MSG-P:R]:recv sync frame timeout
01-01 08:32:03.690 0 0 D : mv2112_read_status
01-01 08:32:03.692 0 0 D mv2112_update_link: 3.0x901(1G): 0x80
01-01 08:32:03.693 0 0 D mv2112_update_link: 3.0x8109(100M): 0x0
01-01 08:32:03.694 0 0 D mv2112_update_link: link 0x0
01-01 08:32:03.694 0 0 D mv2112_read_status: autoneg is disabled
09-22 19:50:43.642 663 674 I mpu_uart: [MSG-P:RECV]:No message received in 1000 ms
01-01 08:32:04.714 0 0 D : mv2112_read_status
01-01 08:32:04.716 0 0 D mv2112_update_link: 3.0x901(1G): 0x80
01-01 08:32:04.718 0 0 D mv2112_update_link: 3.0x8109(100M): 0x0
01-01 08:32:04.718 0 0 D mv2112_update_link: link 0x0
01-01 08:32:04.718 0 0 D mv2112_read_status: autoneg is disabled
09-22 19:50:44.644 663 674 I mpu_uart: [MSG-P:RECV]:No message received in 1000 ms
01-01 08:32:05.739 0 0 D : mv2112_read_status
01-01 08:32:05.739 0 0 D mv2112_update_link: 3.0x901(1G): 0x80
01-01 08:32:05.740 0 0 D mv2112_update_link: 3.0x8109(100M): 0x0
01-01 08:32:05.741 0 0 D mv2112_update_link: link 0x0
01-01 08:32:05.741 0 0 D mv2112_read_status: autoneg is disabled
09-22 19:50:45.644 663 674 I mpu_uart: [MSG-P:RECV]:No message received in 1000 ms
09-22 19:50:45.677 518 518 I hwservicemanager: getTransport: Cannot find entry android.hardware.light@2.0::ILight/default in either framework or device VINTF manifest.
09-22 19:50:45.682 4036 4036 E light : light_open lights keyboard failed: -22
09-22 19:50:45.683 4036 4036 E light : Light passthrough failed to load legacy HAL.
09-22 19:50:45.683 4036 4036 E light : light_open lights buttons failed: -22
