09-22 19:58:07.017 663 674 I mpu_uart: [MSG-P:RECV]:No message received in 1000 ms
09-22 19:58:07.247 663 673 I mpu_uart: [MSG-P:R]:recv sync frame timeout
01-01 08:39:28.106 0 0 D : mv2112_read_status
01-01 08:39:28.107 0 0 D mv2112_update_link: 3.0x901(1G): 0x80
01-01 08:39:28.108 0 0 D mv2112_update_link: 3.0x8109(100M): 0x0
01-01 08:39:28.108 0 0 D mv2112_update_link: link 0x0
01-01 08:39:28.108 0 0 D mv2112_read_status: autoneg is disabled
09-22 19:58:08.018 663 674 I mpu_uart: [MSG-P:RECV]:No message received in 1000 ms
01-01 08:39:29.130 0 0 D : mv2112_read_status
01-01 08:39:29.132 0 0 D mv2112_update_link: 3.0x901(1G): 0x80
01-01 08:39:29.133 0 0 D mv2112_update_link: 3.0x8109(100M): 0x0
01-01 08:39:29.134 0 0 D mv2112_update_link: link 0x0
01-01 08:39:29.134 0 0 D mv2112_read_status: autoneg is disabled
09-22 19:58:09.019 663 674 I mpu_uart: [MSG-P:RECV]:No message received in 1000 ms
01-01 08:39:30.154 0 0 D : mv2112_read_status
01-01 08:39:30.155 0 0 D mv2112_update_link: 3.0x901(1G): 0x80
01-01 08:39:30.156 0 0 D mv2112_update_link: 3.0x8109(100M): 0x0
01-01 08:39:30.156 0 0 D mv2112_update_link: link 0x0
01-01 08:39:30.156 0 0 D mv2112_read_status: autoneg is disabled
09-22 19:58:10.020 663 674 I mpu_uart: [MSG-P:RECV]:No message received in 1000 ms
09-22 19:58:10.197 518 518 I hwservicemanager: getTransport: Cannot find entry android.hardware.light@2.0::ILight/default in either framework or device VINTF manifest.
09-22 19:58:10.202 4364 4364 E light : light_open lights keyboard failed: -22
09-22 19:58:10.202 4364 4364 E light : Light passthrough failed to load legacy HAL.
09-22 19:58:10.206 4364 4364 E light : light_open lights buttons failed: -22
09-22 19:58:10.206 4364 4364 E light : Light passthrough failed to load legacy HAL.
09-22 19:58:10.209 4364 4364 E light : light_open lights bluetooth failed: -22
09-22 19:58:10.209 4364 4364 E light : Light passthrough failed to load legacy HAL.
09-22 19:58:10.209 4364 4364 E light : light_open lights wifi failed: -22
09-22 19:58:10.209 4364 4364 E light : Light passthrough failed to load legacy HAL.
09-22 19:58:10.212 518 518 I hwservicemanager: getTransport: Cannot find entry android.hardware.light@2.0::ILight/default in either framework or device VINTF manifest.
09-22 19:58:10.214 4364 4364 E HidlServiceManagement: Service android.hardware.light@2.0::ILight/default must be in VINTF manifest in order to register/get.
09-22 19:58:10.214 4364 4364 E LegacySupport: Could not register service android.hardware.light@2.0::ILight/default (-2147483648).
09-22 19:58:10.251 663 673 I mpu_uart: [MSG-P:R]:recv sync frame timeout
01-01 08:39:31.178 0 0 D : mv2112_read_status
01-01 08:39:31.180 0 0 D mv2112_update_link: 3.0x901(1G): 0x80
01-01 08:39:31.182 0 0 D mv2112_update_link: 3.0x8109(100M): 0x0
01-01 08:39:31.182 0 0 D mv2112_update_link: link 0x0
01-01 08:39:31.183 0 0 D mv2112_read_status: autoneg is disabled
09-22 19:58:11.021 663 674 I mpu_uart: [MSG-P:RECV]:No message received in 1000 ms
01-01 08:39:31.771 0 0 I init : starting service 'qvrd_vndr'...
01-01 08:39:31.776 0 0 I init : Created socket '/dev/socket/qvrservice_vndr', mode 660, user 1000, group 1000
01-01 08:39:31.779 0 0 I init : Created socket '/dev/socket/qvrservice_vndr_camera', mode 660, user 1000, group 1000
01-01 08:39:31.826 0 0 I init : starting service 'sxrd'...
09-22 19:58:11.157 4365 4365 F linker : CANNOT LINK EXECUTABLE "/vendor/bin/hw/qvrservice": library "vendor.qti.hardware.qxr-V1-ndk_platform.so" not found: needed by /vendor/lib64/libqvrservice.so in namespace (default)
01-01 08:39:31.862 0 0 I init : Service 'qvrd_vndr' (pid 4365) exited with status 1
01-01 08:39:31.863 0 0 I init : Sending signal 9 to service 'qvrd_vndr' (pid 4365) process group...
01-01 08:39:31.863 0 0 I libprocessgroup: Successfully killed process cgroup uid 1000 pid 4365 in 0ms
09-22 19:58:11.185 4366 4366 F linker : CANNOT LINK EXECUTABLE "/vendor/bin/hw/sxrservice": library "vendor.qti.hardware.qxr-V1-ndk_platform.so" not found: needed by main executable
01-01 08:39:31.889 0 0 I init : Service 'sxrd' (pid 4366) exited with status 1
01-01 08:39:31.889 0 0 I init : Sending signal 9 to service 'sxrd' (pid 4366) process group...
01-01 08:39:31.890 0 0 I libprocessgroup: Successfully killed process cgroup uid 1000 pid 4366 in 1ms
01-01 08:39:32.202 0 0 D : mv2112_read_status
01-01 08:39:32.204 0 0 D mv2112_update_link: 3.0x901(1G): 0x80
01-01 08:39:32.207 0 0 D mv2112_update_link: 3.0x8109(100M): 0x0
01-01 08:39:32.207 0 0 D mv2112_update_link: link 0x0
01-01 08:39:32.207 0 0 D mv2112_read_status: autoneg is disabled
09-22 19:58:12.022 663 674 I mpu_uart: [MSG-P:RECV]:No message received in 1000 ms
01-01 08:39:33.226 0 0 D : mv2112_read_status
01-01 08:39:33.228 0 0 D mv2112_update_link: 3.0x901(1G): 0x80
01-01 08:39:33.230 0 0 D mv2112_update_link: 3.0x8109(100M): 0x0
01-01 08:39:33.231 0 0 D mv2112_update_link: link 0x0
01-01 08:39:33.231 0 0 D mv2112_read_status: autoneg is disabled
09-22 19:58:13.023 663 674 I mpu_uart: [MSG-P:RECV]:No message received in 1000 ms
09-22 19:58:13.254 663 673 I mpu_uart: [MSG-P:R]:recv sync frame timeout
01-01 08:39:34.250 0 0 D : mv2112_read_status
01-01 08:39:34.251 0 0 D mv2112_update_link: 3.0x901(1G): 0x80
01-01 08:39:34.252 0 0 D mv2112_update_link: 3.0x8109(100M): 0x0
01-01 08:39:34.253 0 0 D mv2112_update_link: link 0x0
01-01 08:39:34.253 0 0 D mv2112_read_status: autoneg is disabled
09-22 19:58:14.024 663 674 I mpu_uart: [MSG-P:RECV]:No message received in 1000 ms
01-01 08:39:35.274 0 0 D : mv2112_read_status
01-01 08:39:35.276 0 0 D mv2112_update_link: 3.0x901(1G): 0x80
01-01 08:39:35.279 0 0 D mv2112_update_link: 3.0x8109(100M): 0x0
01-01 08:39:35.280 0 0 D mv2112_update_link: link 0x0
01-01 08:39:35.280 0 0 D mv2112_read_status: autoneg is disabled
09-22 19:58:15.025 663 674 I mpu_uart: [MSG-P:RECV]:No message received in 1000 ms
09-22 19:58:15.239 518 518 I hwservicemanager: getTransport: Cannot find entry android.hardware.light@2.0::ILight/default in either framework or device VINTF manifest.
09-22 19:58:15.244 4367 4367 E light : light_open lights keyboard failed: -22
09-22 19:58:15.245 4367 4367 E light : Light passthrough failed to load legacy HAL.
09-22 19:58:15.246 4367 4367 E light : light_open lights buttons failed: -22
09-22 19:58:15.246 4367 4367 E light : Light passthrough failed to load legacy HAL.
09-22 19:58:15.248 4367 4367 E light : light_open lights bluetooth failed: -22
09-22 19:58:15.248 4367 4367 E light : Light passthrough failed to load legacy HAL.
09-22 19:58:15.249 4367 4367 E light : light_open lights wifi failed: -22
09-22 19:58:15.249 4367 4367 E light : Light passthrough failed to load legacy HAL.
09-22 19:58:15.252 518 518 I hwservicemanager: getTransport: Cannot find entry android.hardware.light@2.0::ILight/default in either framework or device VINTF manifest.
09-22 19:58:15.254 4367 4367 E HidlServiceManagement: Service android.hardware.light@2.0::ILight/default must be in VINTF manifest in order to register/get.
09-22 19:58:15.254 4367 4367 E LegacySupport: Could not register service android.hardware.light@2.0::ILight/default (-2147483648).
01-01 08:39:36.299 0 0 D : mv2112_read_status
01-01 08:39:36.301 0 0 D mv2112_update_link: 3.0x901(1G): 0x80
01-01 08:39:36.301 0 0 D mv2112_update_link: 3.0x8109(100M): 0x0
01-01 08:39:36.302 0 0 D mv2112_update_link: link 0x0
01-01 08:39:36.302 0 0 D mv2112_read_status: autoneg is disabled
09-22 19:58:16.026 663 674 I mpu_uart: [MSG-P:RECV]:No message received in 1000 ms
01-01 08:39:36.817 0 0 I init : starting service 'qvrd_vndr'...
01-01 08:39:36.826 0 0 I init : Created socket '/dev/socket/qvrservice_vndr', mode 660, user 1000, group 1000
01-01 08:39:36.833 0 0 I init : Created socket '/dev/socket/qvrservice_vndr_camera', mode 660, user 1000, group 1000
01-01 08:39:36.893 0 0 I init : starting service 'sxrd'...
09-22 19:58:16.210 4368 4368 F linker : CANNOT LINK EXECUTABLE "/vendor/bin/hw/qvrservice": library "vendor.qti.hardware.qxr-V1-ndk_platform.so" not found: needed by /vendor/lib64/libqvrservice.so in namespace (default)
01-01 08:39:36.914 0 0 I init : Service 'qvrd_vndr' (pid 4368) exited with status 1
01-01 08:39:36.914 0 0 I init : Sending signal 9 to service 'qvrd_vndr' (pid 4368) process group...
01-01 08:39:36.914 0 0 I libprocessgroup: Successfully killed process cgroup uid 1000 pid 4368 in 0ms
09-22 19:58:16.256 663 673 I mpu_uart: [MSG-P:R]:recv sync frame timeout
09-22 19:58:16.260 4369 4369 F linker : CANNOT LINK EXECUTABLE "/vendor/bin/hw/sxrservice": library "vendor.qti.hardware.qxr-V1-ndk_platform.so" not found: needed by main executable
01-01 08:39:36.965 0 0 I init : Service 'sxrd' (pid 4369) exited with status 1
01-01 08:39:36.965 0 0 I init : Sending signal 9 to service 'sxrd' (pid 4369) process group...
01-01 08:39:36.966 0 0 I libprocessgroup: Successfully killed process cgroup uid 1000 pid 4369 in 0ms
01-01 08:39:37.322 0 0 D : mv2112_read_status
01-01 08:39:37.325 0 0 D mv2112_update_link: 3.0x901(1G): 0x80
01-01 08:39:37.327 0 0 D mv2112_update_link: 3.0x8109(100M): 0x0
01-01 08:39:37.327 0 0 D mv2112_update_link: link 0x0
01-01 08:39:37.327 0 0 D mv2112_read_status: autoneg is disabled
09-22 19:58:17.027 663 674 I mpu_uart: [MSG-P:RECV]:No message received in 1000 ms
01-01 08:39:38.346 0 0 D : mv2112_read_status
01-01 08:39:38.348 0 0 D mv2112_update_link: 3.0x901(1G): 0x80
01-01 08:39:38.349 0 0 D mv2112_update_link: 3.0x8109(100M): 0x0
01-01 08:39:38.349 0 0 D mv2112_update_link: link 0x0
01-01 08:39:38.349 0 0 D mv2112_read_status: autoneg is disabled
09-22 19:58:18.028 663 674 I mpu_uart: [MSG-P:RECV]:No message received in 1000 ms
01-01 08:39:39.371 0 0 D : mv2112_read_status
01-01 08:39:39.372 0 0 D mv2112_update_link: 3.0x901(1G): 0x80
01-01 08:39:39.373 0 0 D mv2112_update_link: 3.0x8109(100M): 0x0
01-01 08:39:39.374 0 0 D mv2112_update_link: link 0x0
01-01 08:39:39.374 0 0 D mv2112_read_status: autoneg is disabled
09-22 19:58:19.029 663 674 I mpu_uart: [MSG-P:RECV]:No message received in 1000 ms
09-22 19:58:19.257 663 673 I mpu_uart: [MSG-P:R]:recv sync frame timeout
01-01 08:39:40.394 0 0 D : mv2112_read_status
01-01 08:39:40.396 0 0 D mv2112_update_link: 3.0x901(1G): 0x80
01-01 08:39:40.397 0 0 D mv2112_update_link: 3.0x8109(100M): 0x0
01-01 08:39:40.398 0 0 D mv2112_update_link: link 0x0
01-01 08:39:40.399 0 0 D mv2112_read_status: autoneg is disabled
09-22 19:58:20.030 663 674 I mpu_uart: [MSG-P:RECV]:No message received in 1000 ms
09-22 19:58:20.297 518 518 I hwservicemanager: getTransport: Cannot find entry android.hardware.light@2.0::ILight/default in either framework or device VINTF manifest.
09-22 19:58:20.303 4370 4370 E light : light_open lights keyboard failed: -22
09-22 19:58:20.304 4370 4370 E light : Light passthrough failed to load legacy HAL.
09-22 19:58:20.305 4370 4370 E light : light_open lights buttons failed: -22
09-22 19:58:20.305 4370 4370 E light : Light passthrough failed to load legacy HAL.
09-22 19:58:20.308 4370 4370 E light : light_open lights bluetooth failed: -22
09-22 19:58:20.308 4370 4370 E light : Light passthrough failed to load legacy HAL.
09-22 19:58:20.309 4370 4370 E light : light_open lights wifi failed: -22
09-22 19:58:20.309 4370 4370 E light : Light passthrough failed to load legacy HAL.
09-22 19:58:20.312 518 518 I hwservicemanager: getTransport: Cannot find entry android.hardware.light@2.0::ILight/default in either framework or device VINTF manifest.
09-22 19:58:20.314 4370 4370 E HidlServiceManagement: Service android.hardware.light@2.0::ILight/default must be in VINTF manifest in order to register/get.
09-22 19:58:20.314 4370 4370 E LegacySupport: Could not register service android.hardware.light@2.0::ILight/default (-2147483648).
01-01 08:39:41.419 0 0 D : mv2112_read_status
01-01 08:39:41.422 0 0 D mv2112_update_link: 3.0x901(1G): 0x80
01-01 08:39:41.423 0 0 D mv2112_update_link: 3.0x8109(100M): 0x0
01-01 08:39:41.423 0 0 D mv2112_update_link: link 0x0
01-01 08:39:41.423 0 0 D mv2112_read_status: autoneg is disabled
09-22 19:58:21.031 663 674 I mpu_uart: [MSG-P:RECV]:No message received in 1000 ms
01-01 08:39:41.879 0 0 I init : starting service 'qvrd_vndr'...
01-01 08:39:41.885 0 0 I init : Created socket '/dev/socket/qvrservice_vndr', mode 660, user 1000, group 1000
01-01 08:39:41.888 0 0 I init : Created socket '/dev/socket/qvrservice_vndr_camera', mode 660, user 1000, group 1000
01-01 08:39:41.931 0 0 I init : starting service 'sxrd'...
09-22 19:58:21.274 4371 4371 F linker : CANNOT LINK EXECUTABLE "/vendor/bin/hw/qvrservice": library "vendor.qti.hardware.qxr-V1-ndk_platform.so" not found: needed by /vendor/lib64/libqvrservice.so in namespace (default)
01-01 08:39:41.979 0 0 I init : Service 'qvrd_vndr' (pid 4371) exited with status 1
01-01 08:39:41.979 0 0 I init : Sending signal 9 to service 'qvrd_vndr' (pid 4371) process group...
01-01 08:39:41.980 0 0 I libprocessgroup: Successfully killed process cgroup uid 1000 pid 4371 in 0ms
09-22 19:58:21.282 4372 4372 F linker : CANNOT LINK EXECUTABLE "/vendor/bin/hw/sxrservice": library "vendor.qti.hardware.qxr-V1-ndk_platform.so" not found: needed by main executable
01-01 08:39:41.987 0 0 I init : Service 'sxrd' (pid 4372) exited with status 1
01-01 08:39:41.987 0 0 I init : Sending signal 9 to service 'sxrd' (pid 4372) process group...
01-01 08:39:41.988 0 0 I libprocessgroup: Successfully killed process cgroup uid 1000 pid 4372 in 0ms
01-01 08:39:42.442 0 0 D : mv2112_read_status
01-01 08:39:42.444 0 0 D mv2112_update_link: 3.0x901(1G): 0x80
01-01 08:39:42.447 0 0 D mv2112_update_link: 3.0x8109(100M): 0x0
01-01 08:39:42.448 0 0 D mv2112_update_link: link 0x0
01-01 08:39:42.448 0 0 D mv2112_read_status: autoneg is disabled
09-22 19:58:22.032 663 674 I mpu_uart: [MSG-P:RECV]:No message received in 1000 ms
09-22 19:58:22.261 663 673 I mpu_uart: [MSG-P:R]:recv sync frame timeout
01-01 08:39:43.466 0 0 D : mv2112_read_status
01-01 08:39:43.468 0 0 D mv2112_update_link: 3.0x901(1G): 0x80
01-01 08:39:43.469 0 0 D mv2112_update_link: 3.0x8109(100M): 0x0
01-01 08:39:43.469 0 0 D mv2112_update_link: link 0x0
01-01 08:39:43.469 0 0 D mv2112_read_status: autoneg is disabled
09-22 19:58:23.033 663 674 I mpu_uart: [MSG-P:RECV]:No message received in 1000 ms
01-01 08:39:44.490 0 0 D : mv2112_read_status
01-01 08:39:44.492 0 0 D mv2112_update_link: 3.0x901(1G): 0x80
01-01 08:39:44.493 0 0 D mv2112_update_link: 3.0x8109(100M): 0x0
01-01 08:39:44.493 0 0 D mv2112_update_link: link 0x0
01-01 08:39:44.495 0 0 D mv2112_read_status: autoneg is disabled
09-22 19:58:24.034 663 674 I mpu_uart: [MSG-P:RECV]:No message received in 1000 ms
01-01 08:39:45.514 0 0 D : mv2112_read_status
01-01 08:39:45.516 0 0 D mv2112_update_link: 3.0x901(1G): 0x80
01-01 08:39:45.517 0 0 D mv2112_update_link: 3.0x8109(100M): 0x0
01-01 08:39:45.517 0 0 D mv2112_update_link: link 0x0
01-01 08:39:45.518 0 0 D mv2112_read_status: autoneg is disabled
09-22 19:58:25.035 663 674 I mpu_uart: [MSG-P:RECV]:No message received in 1000 ms
09-22 19:58:25.264 663 673 I mpu_uart: [MSG-P:R]:recv sync frame timeout
09-22 19:58:25.368 518 518 I hwservicemanager: getTransport: Cannot find entry android.hardware.light@2.0::ILight/default in either framework or device VINTF manifest.
09-22 19:58:25.373 4373 4373 E light : light_open lights keyboard failed: -22
09-22 19:58:25.373 4373 4373 E light : Light passthrough failed to load legacy HAL.
09-22 19:58:25.374 4373 4373 E light : light_open lights buttons failed: -22
09-22 19:58:25.374 4373 4373 E light : Light passthrough failed to load legacy HAL.
09-22 19:58:25.376 4373 4373 E light : light_open lights bluetooth failed: -22
09-22 19:58:25.376 4373 4373 E light : Light passthrough failed to load legacy HAL.
09-22 19:58:25.377 4373 4373 E light : light_open lights wifi failed: -22
09-22 19:58:25.377 4373 4373 E light : Light passthrough failed to load legacy HAL.
09-22 19:58:25.380 518 518 I hwservicemanager: getTransport: Cannot find entry android.hardware.light@2.0::ILight/default in either framework or device VINTF manifest.
09-22 19:58:25.382 4373 4373 E HidlServiceManagement: Service android.hardware.light@2.0::ILight/default must be in VINTF manifest in order to register/get.
09-22 19:58:25.382 4373 4373 E LegacySupport: Could not register service android.hardware.light@2.0::ILight/default (-2147483648).
01-01 08:39:46.539 0 0 D : mv2112_read_status
01-01 08:39:46.540 0 0 D mv2112_update_link: 3.0x901(1G): 0x80
01-01 08:39:46.541 0 0 D mv2112_update_link: 3.0x8109(100M): 0x0
01-01 08:39:46.541 0 0 D mv2112_update_link: link 0x0
01-01 08:39:46.541 0 0 D mv2112_read_status: autoneg is disabled
09-22 19:58:26.036 663 674 I mpu_uart: [MSG-P:RECV]:No message received in 1000 ms
01-01 08:39:46.928 0 0 I init : starting service 'qvrd_vndr'...
01-01 08:39:46.936 0 0 I init : Created socket '/dev/socket/qvrservice_vndr', mode 660, user 1000, group 1000
01-01 08:39:46.943 0 0 I init : Created socket '/dev/socket/qvrservice_vndr_camera', mode 660, user 1000, group 1000
01-01 08:39:47.012 0 0 I init : starting service 'sxrd'...
09-22 19:58:26.340 4374 4374 F linker : CANNOT LINK EXECUTABLE "/vendor/bin/hw/qvrservice": library "vendor.qti.hardware.qxr-V1-ndk_platform.so" not found: needed by /vendor/lib64/libqvrservice.so in namespace (default)
01-01 08:39:47.044 0 0 I init : Service 'qvrd_vndr' (pid 4374) exited with status 1
01-01 08:39:47.044 0 0 I init : Sending signal 9 to service 'qvrd_vndr' (pid 4374) process group...
01-01 08:39:47.044 0 0 I libprocessgroup: Successfully killed process cgroup uid 1000 pid 4374 in 0ms
09-22 19:58:26.383 4375 4375 F linker : CANNOT LINK EXECUTABLE "/vendor/bin/hw/sxrservice": library "vendor.qti.hardware.qxr-V1-ndk_platform.so" not found: needed by main executable
01-01 08:39:47.087 0 0 I init : Service 'sxrd' (pid 4375) exited with status 1
01-01 08:39:47.087 0 0 I init : Sending signal 9 to service 'sxrd' (pid 4375) process group...
01-01 08:39:47.088 0 0 I libprocessgroup: Successfully killed process cgroup uid 1000 pid 4375 in 0ms
01-01 08:39:47.562 0 0 D : mv2112_read_status
01-01 08:39:47.564 0 0 D mv2112_update_link: 3.0x901(1G): 0x80
01-01 08:39:47.566 0 0 D mv2112_update_link: 3.0x8109(100M): 0x0
01-01 08:39:47.567 0 0 D mv2112_update_link: link 0x0
01-01 08:39:47.567 0 0 D mv2112_read_status: autoneg is disabled
09-22 19:58:27.037 663 674 I mpu_uart: [MSG-P:RECV]:No message received in 1000 ms
01-01 08:39:48.586 0 0 D : mv2112_read_status
01-01 08:39:48.587 0 0 D mv2112_update_link: 3.0x901(1G): 0x80
01-01 08:39:48.589 0 0 D mv2112_update_link: 3.0x8109(100M): 0x0
01-01 08:39:48.589 0 0 D mv2112_update_link: link 0x0
01-01 08:39:48.589 0 0 D mv2112_read_status: autoneg is disabled
09-22 19:58:28.038 663 674 I mpu_uart: [MSG-P:RECV]:No message received in 1000 ms
09-22 19:58:28.267 663 673 I mpu_uart: [MSG-P:R]:recv sync frame timeout
01-01 08:39:49.610 0 0 D : mv2112_read_status
01-01 08:39:49.611 0 0 D mv2112_update_link: 3.0x901(1G): 0x80
01-01 08:39:49.612 0 0 D mv2112_update_link: 3.0x8109(100M): 0x0
01-01 08:39:49.613 0 0 D mv2112_update_link: link 0x0
01-01 08:39:49.613 0 0 D mv2112_read_status: autoneg is disabled
09-22 19:58:29.039 663 674 I mpu_uart: [MSG-P:RECV]:No message received in 1000 ms
01-01 08:39:50.634 0 0 D : mv2112_read_status
01-01 08:39:50.636 0 0 D mv2112_update_link: 3.0x901(1G): 0x80
01-01 08:39:50.638 0 0 D mv2112_update_link: 3.0x8109(100M): 0x0
01-01 08:39:50.638 0 0 D mv2112_update_link: link 0x0
01-01 08:39:50.638 0 0 D mv2112_read_status: autoneg is disabled
09-22 19:58:30.040 663 674 I mpu_uart: [MSG-P:RECV]:No message received in 1000 ms
09-22 19:58:30.426 518 518 I hwservicemanager: getTransport: Cannot find entry android.hardware.light@2.0::ILight/default in either framework or device VINTF manifest.
09-22 19:58:30.432 4376 4376 E light : light_open lights keyboard failed: -22
09-22 19:58:30.432 4376 4376 E light : Light passthrough failed to load legacy HAL.
09-22 19:58:30.433 4376 4376 E light : light_open lights buttons failed: -22
09-22 19:58:30.433 4376 4376 E light : Light passthrough failed to load legacy HAL.
09-22 19:58:30.436 4376 4376 E light : light_open lights bluetooth failed: -22
09-22 19:58:30.436 4376 4376 E light : Light passthrough failed to load legacy HAL.
09-22 19:58:30.437 4376 4376 E light : light_open lights wifi failed: -22
09-22 19:58:30.437 4376 4376 E light : Light passthrough failed to load legacy HAL.
09-22 19:58:30.439 518 518 I hwservicemanager: getTransport: Cannot find entry android.hardware.light@2.0::ILight/default in either framework or device VINTF manifest.
09-22 19:58:30.441 4376 4376 E HidlServiceManagement: Service android.hardware.light@2.0::ILight/default must be in VINTF manifest in order to register/get.
09-22 19:58:30.441 4376 4376 E LegacySupport: Could not register service android.hardware.light@2.0::ILight/default (-2147483648).
01-01 08:39:51.658 0 0 D : mv2112_read_status
01-01 08:39:51.660 0 0 D mv2112_update_link: 3.0x901(1G): 0x80
01-01 08:39:51.661 0 0 D mv2112_update_link: 3.0x8109(100M): 0x0
01-01 08:39:51.661 0 0 D mv2112_update_link: link 0x0
01-01 08:39:51.661 0 0 D mv2112_read_status: autoneg is disabled
09-22 19:58:31.041 663 674 I mpu_uart: [MSG-P:RECV]:No message received in 1000 ms
09-22 19:58:31.271 663 673 I mpu_uart: [MSG-P:R]:recv sync frame timeout
01-01 08:39:51.997 0 0 I init : starting service 'qvrd_vndr'...
01-01 08:39:52.005 0 0 I init : Created socket '/dev/socket/qvrservice_vndr', mode 660, user 1000, group 1000
01-01 08:39:52.012 0 0 I init : Created socket '/dev/socket/qvrservice_vndr_camera', mode 660, user 1000, group 1000
01-01 08:39:52.086 0 0 I init : starting service 'sxrd'...
09-22 19:58:31.417 4377 4377 F linker : CANNOT LINK EXECUTABLE "/vendor/bin/hw/qvrservice": library "vendor.qti.hardware.qxr-V1-ndk_platform.so" not found: needed by /vendor/lib64/libqvrservice.so in namespace (default)
01-01 08:39:52.121 0 0 I init : Service 'qvrd_vndr' (pid 4377) exited with status 1
01-01 08:39:52.121 0 0 I init : Sending signal 9 to service 'qvrd_vndr' (pid 4377) process group...
01-01 08:39:52.122 0 0 I libprocessgroup: Successfully killed process cgroup uid 1000 pid 4377 in 0ms
09-22 19:58:31.449 4378 4378 F linker : CANNOT LINK EXECUTABLE "/vendor/bin/hw/sxrservice": library "vendor.qti.hardware.qxr-V1-ndk_platform.so" not found: needed by main executable
01-01 08:39:52.153 0 0 I init : Service 'sxrd' (pid 4378) exited with status 1
01-01 08:39:52.153 0 0 I init : Sending signal 9 to service 'sxrd' (pid 4378) process group...
01-01 08:39:52.154 0 0 I libprocessgroup: Successfully killed process cgroup uid 1000 pid 4378 in 0ms
01-01 08:39:52.682 0 0 D : mv2112_read_status
01-01 08:39:52.685 0 0 D mv2112_update_link: 3.0x901(1G): 0x80
01-01 08:39:52.687 0 0 D mv2112_update_link: 3.0x8109(100M): 0x0
01-01 08:39:52.687 0 0 D mv2112_update_link: link 0x0
01-01 08:39:52.687 0 0 D mv2112_read_status: autoneg is disabled
09-22 19:58:32.041 663 674 I mpu_uart: [MSG-P:RECV]:No message received in 1000 ms
01-01 08:39:53.706 0 0 D : mv2112_read_status
01-01 08:39:53.707 0 0 D mv2112_update_link: 3.0x901(1G): 0x80
01-01 08:39:53.708 0 0 D mv2112_update_link: 3.0x8109(100M): 0x0
01-01 08:39:53.708 0 0 D mv2112_update_link: link 0x0
01-01 08:39:53.708 0 0 D mv2112_read_status: autoneg is disabled
09-22 19:58:33.042 663 674 I mpu_uart: [MSG-P:RECV]:No message received in 1000 ms
01-01 08:39:54.730 0 0 D : mv2112_read_status
01-01 08:39:54.732 0 0 D mv2112_update_link: 3.0x901(1G): 0x80
01-01 08:39:54.733 0 0 D mv2112_update_link: 3.0x8109(100M): 0x0
01-01 08:39:54.733 0 0 D mv2112_update_link: link 0x0
01-01 08:39:54.733 0 0 D mv2112_read_status: autoneg is disabled
09-22 19:58:34.042 663 674 I mpu_uart: [MSG-P:RECV]:No message received in 1000 ms
09-22 19:58:34.275 663 673 I mpu_uart: [MSG-P:R]:recv sync frame timeout
09-22 19:58:35.043 663 674 I mpu_uart: [MSG-P:RECV]:No message received in 1000 ms
01-01 08:39:55.754 0 0 D : mv2112_read_status
01-01 08:39:55.756 0 0 D mv2112_update_link: 3.0x901(1G): 0x80
01-01 08:39:55.757 0 0 D mv2112_update_link: 3.0x8109(100M): 0x0
01-01 08:39:55.757 0 0 D mv2112_update_link: link 0x0
01-01 08:39:55.758 0 0 D mv2112_read_status: autoneg is disabled
09-22 19:58:35.460 518 518 I hwservicemanager: getTransport: Cannot find entry android.hardware.light@2.0::ILight/default in either framework or device VINTF manifest.
09-22 19:58:35.466 4379 4379 E light : light_open lights keyboard failed: -22
09-22 19:58:35.466 4379 4379 E light : Light passthrough failed to load legacy HAL.
09-22 19:58:35.467 4379 4379 E light : light_open lights buttons failed: -22
09-22 19:58:35.467 4379 4379 E light : Light passthrough failed to load legacy HAL.
09-22 19:58:35.469 4379 4379 E light : light_open lights bluetooth failed: -22
09-22 19:58:35.469 4379 4379 E light : Light passthrough failed to load legacy HAL.
09-22 19:58:35.470 4379 4379 E light : light_open lights wifi failed: -22
09-22 19:58:35.470 4379 4379 E light : Light passthrough failed to load legacy HAL.
09-22 19:58:35.473 518 518 I hwservicemanager: getTransport: Cannot find entry android.hardware.light@2.0::ILight/default in either framework or device VINTF manifest.
09-22 19:58:35.475 4379 4379 E HidlServiceManagement: Service android.hardware.light@2.0::ILight/default must be in VINTF manifest in order to register/get.
09-22 19:58:35.475 4379 4379 E LegacySupport: Could not register service android.hardware.light@2.0::ILight/default (-2147483648).
09-22 19:58:36.044 663 674 I mpu_uart: [MSG-P:RECV]:No message received in 1000 ms
09-22 19:58:36.069 4382 4382 D ProcessState: Binder ioctl to enable oneway spam detection failed: Invalid argument
01-01 08:39:56.772 0 0 I binder : 4382:4382 ioctl 40046210 7fdab976d4 returned -22
01-01 08:39:56.778 0 0 D : mv2112_read_status
01-01 08:39:56.779 0 0 D mv2112_update_link: 3.0x901(1G): 0x80
01-01 08:39:56.781 0 0 D mv2112_update_link: 3.0x8109(100M): 0x0
01-01 08:39:56.781 0 0 D mv2112_update_link: link 0x0
01-01 08:39:56.781 0 0 D mv2112_read_status: autoneg is disabled
09-22 19:58:36.127 1119 1210 I commit_sys_config_file: [package-session,768634]
09-22 19:58:36.133 1119 1210 I commit_sys_config_file: [package-session,768641]
01-01 08:39:57.068 0 0 I init : starting service 'qvrd_vndr'...
01-01 08:39:57.071 0 0 I init : Created socket '/dev/socket/qvrservice_vndr', mode 660, user 1000, group 1000
01-01 08:39:57.074 0 0 I init : Created socket '/dev/socket/qvrservice_vndr_camera', mode 660, user 1000, group 1000
01-01 08:39:57.119 0 0 I init : starting service 'sxrd'...
09-22 19:58:36.445 4385 4385 F linker : CANNOT LINK EXECUTABLE "/vendor/bin/hw/qvrservice": library "vendor.qti.hardware.qxr-V1-ndk_platform.so" not found: needed by /vendor/lib64/libqvrservice.so in namespace (default)
01-01 08:39:57.149 0 0 I init : Service 'qvrd_vndr' (pid 4385) exited with status 1
01-01 08:39:57.149 0 0 I init : Sending signal 9 to service 'qvrd_vndr' (pid 4385) process group...
01-01 08:39:57.150 0 0 I libprocessgroup: Successfully killed process cgroup uid 1000 pid 4385 in 0ms
09-22 19:58:36.446 4386 4386 F linker : CANNOT LINK EXECUTABLE "/vendor/bin/hw/sxrservice": library "vendor.qti.hardware.qxr-V1-ndk_platform.so" not found: needed by main executable
01-01 08:39:57.152 0 0 I init : Service 'sxrd' (pid 4386) exited with status 1
01-01 08:39:57.152 0 0 I init : Sending signal 9 to service 'sxrd' (pid 4386) process group...
01-01 08:39:57.152 0 0 I libprocessgroup: Successfully killed process cgroup uid 1000 pid 4386 in 0ms
09-22 19:58:37.044 663 674 I mpu_uart: [MSG-P:RECV]:No message received in 1000 ms
01-01 08:39:57.802 0 0 D : mv2112_read_status
01-01 08:39:57.803 0 0 D mv2112_update_link: 3.0x901(1G): 0x80
01-01 08:39:57.804 0 0 D mv2112_update_link: 3.0x8109(100M): 0x0
01-01 08:39:57.804 0 0 D mv2112_update_link: link 0x0
01-01 08:39:57.804 0 0 D mv2112_read_status: autoneg is disabled
09-22 19:58:37.279 663 673 I mpu_uart: [MSG-P:R]:recv sync frame timeout
09-22 19:58:38.045 663 674 I mpu_uart: [MSG-P:RECV]:No message received in 1000 ms
01-01 08:39:58.826 0 0 D : mv2112_read_status
01-01 08:39:58.828 0 0 D mv2112_update_link: 3.0x901(1G): 0x80
01-01 08:39:58.828 0 0 D mv2112_update_link: 3.0x8109(100M): 0x0
01-01 08:39:58.828 0 0 D mv2112_update_link: link 0x0
01-01 08:39:58.828 0 0 D mv2112_read_status: autoneg is disabled
09-22 19:58:39.045 663 674 I mpu_uart: [MSG-P:RECV]:No message received in 1000 ms
01-01 08:39:59.850 0 0 D : mv2112_read_status
01-01 08:39:59.852 0 0 D mv2112_update_link: 3.0x901(1G): 0x80
01-01 08:39:59.856 0 0 D mv2112_update_link: 3.0x8109(100M): 0x0
01-01 08:39:59.856 0 0 D mv2112_update_link: link 0x0
01-01 08:39:59.856 0 0 D mv2112_read_status: autoneg is disabled
09-22 19:58:40.046 663 674 I mpu_uart: [MSG-P:RECV]:No message received in 1000 ms
01-01 08:40:00.874 0 0 D : mv2112_read_status
01-01 08:40:00.876 0 0 D mv2112_update_link: 3.0x901(1G): 0x80
01-01 08:40:00.877 0 0 D mv2112_update_link: 3.0x8109(100M): 0x0
01-01 08:40:00.878 0 0 D mv2112_update_link: link 0x0
01-01 08:40:00.878 0 0 D mv2112_read_status: autoneg is disabled
09-22 19:58:40.279 663 673 I mpu_uart: [MSG-P:R]:recv sync frame timeout
09-22 19:58:40.489 518 518 I hwservicemanager: getTransport: Cannot find entry android.hardware.light@2.0::ILight/default in either framework or device VINTF manifest.
09-22 19:58:40.494 4387 4387 E light : light_open lights keyboard failed: -22
09-22 19:58:40.495 4387 4387 E light : Light passthrough failed to load legacy HAL.
09-22 19:58:40.495 4387 4387 E light : light_open lights buttons failed: -22
09-22 19:58:40.495 4387 4387 E light : Light passthrough failed to load legacy HAL.
09-22 19:58:40.498 4387 4387 E light : light_open lights bluetooth failed: -22
09-22 19:58:40.498 4387 4387 E light : Light passthrough failed to load legacy HAL.
09-22 19:58:40.498 4387 4387 E light : light_open lights wifi failed: -22
09-22 19:58:40.498 4387 4387 E light : Light passthrough failed to load legacy HAL.
09-22 19:58:40.501 518 518 I hwservicemanager: getTransport: Cannot find entry android.hardware.light@2.0::ILight/default in either framework or device VINTF manifest.
09-22 19:58:40.503 4387 4387 E HidlServiceManagement: Service android.hardware.light@2.0::ILight/default must be in VINTF manifest in order to register/get.
09-22 19:58:40.503 4387 4387 E LegacySupport: Could not register service android.hardware.light@2.0::ILight/default (-2147483648).
09-22 19:58:40.841 832 832 D vendor.qti.bluetooth@1.0-ibs_handler: SerialClockVote: vote for UART CLK ON
09-22 19:58:40.847 832 832 D vendor.qti.bluetooth@1.0-wake_lock: Acquire wakelock is acquired
09-22 19:58:40.847 832 832 I vendor.qti.bluetooth@1.0-ibs_handler: DeviceWakeUp: Writing IBS_WAKE_IND
09-22 19:58:40.854 832 2538 I vendor.qti.bluetooth@1.0-ibs_handler: ProcessIbsCmd: Received IBS_WAKE_ACK: 0xFC
09-22 19:58:40.854 832 2538 I vendor.qti.bluetooth@1.0-ibs_handler: ProcessIbsCmd: Signal wack_cond_
09-22 19:58:40.854 832 832 D vendor.qti.bluetooth@1.0-ibs_handler: DeviceWakeUp: Unblocked from waiting for FC, pthread_cond_timedwait ret = 0
09-22 19:58:40.855 832 2538 I vendor.qti.bluetooth@1.0-ibs_handler: ProcessIbsCmd: Received IBS_WAKE_IND: 0xFD
09-22 19:58:40.855 832 2538 I vendor.qti.bluetooth@1.0-ibs_handler: ProcessIbsCmd: Writing IBS_WAKE_ACK
09-22 19:58:40.857 1879 2547 I bt_stack: [INFO:btm_ble_bgconn.cc(429)] Already connection initiated (or) No Pending connections(or) Resources of lcb are exhausted
09-22 19:58:40.939 832 2538 I vendor.qti.bluetooth@1.0-ibs_handler: ProcessIbsCmd: Received IBS_SLEEP_IND: 0xFE
09-22 19:58:41.046 663 674 I mpu_uart: [MSG-P:RECV]:No message received in 1000 ms
01-01 08:40:01.898 0 0 D : mv2112_read_status
01-01 08:40:01.899 0 0 D mv2112_update_link: 3.0x901(1G): 0x80
01-01 08:40:01.900 0 0 D mv2112_update_link: 3.0x8109(100M): 0x0
01-01 08:40:01.900 0 0 D mv2112_update_link: link 0x0
01-01 08:40:01.900 0 0 D mv2112_read_status: autoneg is disabled
01-01 08:40:02.114 0 0 I init : starting service 'qvrd_vndr'...
01-01 08:40:02.119 0 0 I init : Created socket '/dev/socket/qvrservice_vndr', mode 660, user 1000, group 1000
01-01 08:40:02.122 0 0 I init : Created socket '/dev/socket/qvrservice_vndr_camera', mode 660, user 1000, group 1000
01-01 08:40:02.154 0 0 I init : starting service 'sxrd'...
09-22 19:58:41.498 4388 4388 F linker : CANNOT LINK EXECUTABLE "/vendor/bin/hw/qvrservice": library "vendor.qti.hardware.qxr-V1-ndk_platform.so" not found: needed by /vendor/lib64/libqvrservice.so in namespace (default)
01-01 08:40:02.202 0 0 I init : Service 'qvrd_vndr' (pid 4388) exited with status 1
01-01 08:40:02.202 0 0 I init : Sending signal 9 to service 'qvrd_vndr' (pid 4388) process group...
01-01 08:40:02.202 0 0 I libprocessgroup: Successfully killed process cgroup uid 1000 pid 4388 in 0ms
09-22 19:58:41.501 4389 4389 F linker : CANNOT LINK EXECUTABLE "/vendor/bin/hw/sxrservice": library "vendor.qti.hardware.qxr-V1-ndk_platform.so" not found: needed by main executable
01-01 08:40:02.205 0 0 I init : Service 'sxrd' (pid 4389) exited with status 1
01-01 08:40:02.205 0 0 I init : Sending signal 9 to service 'sxrd' (pid 4389) process group...
01-01 08:40:02.205 0 0 I libprocessgroup: Successfully killed process cgroup uid 1000 pid 4389 in 0ms
09-22 19:58:41.858 832 2552 I vendor.qti.bluetooth@1.0-ibs_handler: DeviceSleep: TX Awake, Sending SLEEP_IND
09-22 19:58:41.859 832 2552 D vendor.qti.bluetooth@1.0-ibs_handler: SerialClockVote: vote for UART CLK OFF
09-22 19:58:42.009 832 2359 D vendor.qti.bluetooth@1.0-wake_lock: Release wakelock is released
09-22 19:58:42.047 663 674 I mpu_uart: [MSG-P:RECV]:No message received in 1000 ms
01-01 08:40:02.922 0 0 D : mv2112_read_status
01-01 08:40:02.923 0 0 D mv2112_update_link: 3.0x901(1G): 0x80
01-01 08:40:02.924 0 0 D mv2112_update_link: 3.0x8109(100M): 0x0
01-01 08:40:02.924 0 0 D mv2112_update_link: link 0x0
01-01 08:40:02.924 0 0 D mv2112_read_status: autoneg is disabled
09-22 19:58:42.509 1119 1635 I commit_sys_config_file: [package-session,775017]
09-22 19:58:42.521 1119 1635 I service_manager_slow: [10,platform_compat]
09-22 19:58:42.581 1119 1210 I DropBoxManagerService: add tag=system_server_strictmode isTagEnabled=true flags=0x2
09-22 19:58:42.585 1119 1210 I DropBoxManagerService: add tag=system_server_strictmode isTagEnabled=true flags=0x2
09-22 19:58:42.734 1119 1226 I am_pss : [2715,10068,com.android.deskclock,61840384,52428800,0,178356224,0,2,19]
09-22 19:58:42.763 1119 1709 W RuleEvaluation: Integrity rule files are not available.
09-22 19:58:42.765 1119 1263 I PackageManager: Integrity check passed for file:///data/app/vmdl1809822657.tmp
09-22 19:58:42.808 1119 1263 D CompatibilityChangeReporter: Compat change id reported: 133396946; UID -1; state: ENABLED
09-22 19:58:42.809 1119 1263 W PackageManager: Skipping provider name com.antutu.ABenchMark.fileprovider (in package com.antutu.ABenchMark): name already used by com.antutu.ABenchMark
09-22 19:58:42.813 1119 1263 I PackageManager: Permission ownership changed. Updating all permissions.
01-01 08:40:03.585 0 0 I logd : start watching /data/system/packages.list ...
09-22 19:58:42.891 1119 1263 I commit_sys_config_file: [package-user-0,3]
09-22 19:58:42.891 1119 1263 I commit_sys_config_file: [package,62]
09-22 19:58:42.891 1119 1263 D PackageManager: Instant App installer not found with android.intent.action.INSTALL_INSTANT_APP_PACKAGE
09-22 19:58:42.892 1119 1263 D PackageManager: Clear ephemeral installer activity
01-01 08:40:03.595 0 0 I logd : ReadPackageList, total packages: 109
09-22 19:58:42.917 1119 1263 I PackageDexOptimizer: Running dexopt (dexoptNeeded=1) on: /data/app/~~yPdEJxUgHJblvaldROvq3A==/com.antutu.ABenchMark-n0kIb6s9SovxjVCE1Qr-IA==/base.apk pkg=com.antutu.ABenchMark isa=arm64 dexoptFlags=boot_complete,profile_guided,public,enable_hidden_api_checks targetFilter=speed-profile oatDir=/data/app/~~yPdEJxUgHJblvaldROvq3A==/com.antutu.ABenchMark-n0kIb6s9SovxjVCE1Qr-IA==/oat classLoaderContext=PCL[]{PCL[/system/framework/org.apache.http.legacy.jar]}
09-22 19:58:42.920 1308 4287 V installd: DexInv: --- BEGIN '/data/app/~~yPdEJxUgHJblvaldROvq3A==/com.antutu.ABenchMark-n0kIb6s9SovxjVCE1Qr-IA==/base.apk' ---
09-22 19:58:42.921 1308 4287 V installd: Running /apex/com.android.art/bin/dex2oat64 in=base.apk out=/data/app/~~yPdEJxUgHJblvaldROvq3A==/com.antutu.ABenchMark-n0kIb6s9SovxjVCE1Qr-IA==/oat/arm64/base.odex
09-22 19:58:43.009 4390 4390 W dex2oat64: Mismatch between dex2oat instruction set features to use (ISA: Arm64 Feature string: a53,crc,-lse,-fp16,-dotprod,-sve) and those from CPP defines (ISA: Arm64 Feature string: -a53,-crc,-lse,-fp16,-dotprod,-sve) for the command line:
09-22 19:58:43.009 4390 4390 W dex2oat64: /apex/com.android.art/bin/dex2oat64 --zip-fd=7 --zip-location=base.apk --oat-fd=8 --oat-location=/data/app/~~yPdEJxUgHJblvaldROvq3A==/com.antutu.ABenchMark-n0kIb6s9SovxjVCE1Qr-IA==/oat/arm64/base.odex --input-vdex-fd=-1 --output-vdex-fd=9 --swap-fd=10 --classpath-dir=/data/app/~~yPdEJxUgHJblvaldROvq3A==/com.antutu.ABenchMark-n0kIb6s9SovxjVCE1Qr-IA== --class-loader-context=PCL[]{PCL[/system/framework/org.apache.http.legacy.jar]} --compact-dex-level=none --instruction-set=arm64 --instruction-set-features=default --instruction-set-variant=generic --compiler-filter=speed-profile --compilation-reason=install --max-image-block-size=524288 --resolve-startup-const-strings=true --generate-mini-debug-info --runtime-arg -Xdeny-art-apex-data-files --runtime-arg -Xtarget-sdk-version:30 --runtime-arg -Xhidden-api-policy:enabled --runtime-arg -Xms64m --runtime-arg -Xmx512m
09-22 19:58:43.009 4390 4390 I dex2oat64: /apex/com.android.art/bin/dex2oat64 --input-vdex-fd=-1 --output-vdex-fd=9 --classpath-dir=/data/app/~~yPdEJxUgHJblvaldROvq3A==/com.antutu.ABenchMark-n0kIb6s9SovxjVCE1Qr-IA== --class-loader-context=PCL[]{PCL[/system/framework/org.apache.http.legacy.jar]} --compact-dex-level=none --compiler-filter=speed-profile --compilation-reason=install --max-image-block-size=524288 --resolve-startup-const-strings=true --generate-mini-debug-info
09-22 19:58:43.047 663 674 I mpu_uart: [MSG-P:RECV]:No message received in 1000 ms
01-01 08:40:03.946 0 0 D : mv2112_read_status
01-01 08:40:03.948 0 0 D mv2112_update_link: 3.0x901(1G): 0x80
01-01 08:40:03.950 0 0 D mv2112_update_link: 3.0x8109(100M): 0x0
01-01 08:40:03.950 0 0 D mv2112_update_link: link 0x0
01-01 08:40:03.950 0 0 D mv2112_read_status: autoneg is disabled
09-22 19:58:43.283 663 673 I mpu_uart: [MSG-P:R]:recv sync frame timeout
09-22 19:58:43.340 4390 4390 W dex2oat64: ART APEX data files are untrusted.
09-22 19:58:43.435 4390 4390 I dex2oat64: Large app, accepted running with swap.
09-22 19:58:44.048 663 674 I mpu_uart: [MSG-P:RECV]:No message received in 1000 ms
01-01 08:40:04.970 0 0 D : mv2112_read_status
01-01 08:40:04.971 0 0 D mv2112_update_link: 3.0x901(1G): 0x80
01-01 08:40:04.972 0 0 D mv2112_update_link: 3.0x8109(100M): 0x0
01-01 08:40:04.972 0 0 D mv2112_update_link: link 0x0
01-01 08:40:04.972 0 0 D mv2112_read_status: autoneg is disabled
09-22 19:58:44.312 4390 4390 I dex2oat64: dex2oat took 1.305s (3.750s cpu) (threads: 8) arena alloc=0B (0B) java alloc=28MB (30236400B) native alloc=4412KB (4518320B) free=7544KB (7725504B) swap=16MB (16777216B)
09-22 19:58:44.470 1308 4287 V installd: DexInv: --- END '/data/app/~~yPdEJxUgHJblvaldROvq3A==/com.antutu.ABenchMark-n0kIb6s9SovxjVCE1Qr-IA==/base.apk' (success) ---
09-22 19:58:44.562 1119 1263 V BackupManagerService: [UserID:0] restoreAtInstall pkg=com.antutu.ABenchMark token=1 restoreSet=0
09-22 19:58:44.563 1119 1263 V BackupManagerService: [UserID:0] Finishing install immediately
09-22 19:58:44.565 1119 1263 I unknown_sources_enabled: 1
09-22 19:58:44.566 1308 4287 E installd: Couldn't opendir /data/app/vmdl1809822657.tmp: No such file or directory
09-22 19:58:44.566 1308 4287 E installd: Failed to delete /data/app/vmdl1809822657.tmp: No such file or directory
09-22 19:58:44.568 1119 1119 I am_uid_running: 10098
09-22 19:58:44.570 1119 1119 D CompatibilityChangeReporter: Compat change id reported: 135634846; UID 10098; state: DISABLED
09-22 19:58:44.570 1119 1119 D CompatibilityChangeReporter: Compat change id reported: 177438394; UID 10098; state: DISABLED
09-22 19:58:44.571 1119 1119 D CompatibilityChangeReporter: Compat change id reported: 135772972; UID 10098; state: DISABLED
09-22 19:58:44.572 1119 1119 D CompatibilityChangeReporter: Compat change id reported: 135754954; UID 10098; state: DISABLED
09-22 19:58:44.574 1119 1229 D CompatibilityChangeReporter: Compat change id reported: 143937733; UID 10098; state: DISABLED
09-22 19:58:44.583 1119 1635 I commit_sys_config_file: [package-session,777091]
09-22 19:58:44.584 1119 1263 D CompatibilityChangeReporter: Compat change id reported: 168419799; UID 10101; state: DISABLED
09-22 19:58:44.584 1119 1263 D CompatibilityInfo: mCompatibilityFlags - 4
09-22 19:58:44.584 1119 1263 D CompatibilityInfo: applicationDensity - 240
09-22 19:58:44.584 1119 1263 D CompatibilityInfo: applicationScale - 1.0
09-22 19:58:44.589 1119 1685 I RoleService: Granting default roles...
09-22 19:58:44.591 1879 1879 D Avrcp_ext: AvrcpServiceBroadcastReceiver-> Action: android.intent.action.PACKAGE_ADDED
09-22 19:58:44.591 1879 1879 D Avrcp_ext: AvrcpServiceBroadcastReceiver-> packageName: com.antutu.ABenchMark
09-22 19:58:44.591 1879 1879 D Avrcp_ext: packageName: com.antutu.ABenchMark removed: false
09-22 19:58:44.592 1879 1879 D Avrcp_ext: isBrowsableListUpdated: browsable list size mismatch, true
09-22 19:58:44.592 1879 1879 D Avrcp_ext: buildBrowsablePlayerList
09-22 19:58:44.592 687 755 I netd : trafficSetNetPermForUids(4, [10101]) <0.13ms>
09-22 19:58:44.593 1879 1879 V Avrcp_ext: getMediaPlayerInfo: Found com.android.bluetooth
09-22 19:58:44.593 1879 1879 V Avrcp_ext: isBrowseSupported for com.android.bluetooth: false
09-22 19:58:44.591 3007 3007 I MediaProvider: Invalidating LocalCallingIdentity cache for package com.antutu.ABenchMark. Reason: package android.intent.action.PACKAGE_ADDED
09-22 19:58:44.593 1879 1879 D Avrcp_ext: Adding media player info for com.android.bluetooth with id 2
09-22 19:58:44.593 1879 1879 D Avrcp_ext: update #2:MediaPlayerInfo com.android.bluetooth (as '蓝牙') Type = 1, SubType = 0, Status = 0 Feature Bits [40 41 42 44 45 47 48 58] Controller: null
09-22 19:58:44.593 1879 1879 D Avrcp_ext: Added MediaPlayerController/MediaPlayerPackage
09-22 19:58:44.594 687 755 I netd : networkSetPermissionForUser(1, [10101]) <0.01ms>
09-22 19:58:44.595 1879 1879 V Avrcp_ext: updateCurrentMediaState: mMediaController: MediaController (com.android.systemui@8b41382) null
09-22 19:58:44.595 1879 1879 W Avrcp_ext: isMusicActive: false getBluetoothPlayState: 2 A2dp State: 11 mAudioPlaybackIsActive: false
09-22 19:58:44.595 687 755 I netd : networkSetPermissionForUser(2, []) <0.00ms>
09-22 19:58:44.595 1879 1879 D Avrcp_ext: isMusicActive = false mAudioPlaybackIsActive = false player state = null
09-22 19:58:44.596 1879 1879 I Avrcp_ext: Skipping update due to invalid playback state
09-22 19:58:44.596 1879 1879 V Avrcp_ext: updatePlaybackState, state: null device: null
09-22 19:58:44.596 1879 1879 V Avrcp_ext: Device: no name:
09-22 19:58:44.596 1879 1879 V Avrcp_ext: Device: no name:
09-22 19:58:44.596 1879 1879 V Avrcp_ext: Device: no name:
09-22 19:58:44.596 1879 1879 V Avrcp_ext: Device: no name:
09-22 19:58:44.596 1879 1879 V Avrcp_ext: Device: no name:
09-22 19:58:44.596 1879 1879 V Avrcp_ext: updatePlayerStateAndPosition, old=PlaybackState {state=2, position=-1, buffered position=0, speed=0.0, updated=51587, actions=0, custom actions=[], active item id=-1, error=null}, state=null
09-22 19:58:44.596 1879 1879 I Avrcp_ext: updatePlayerStateAndPosition: device: state = null
09-22 19:58:44.597 1879 1879 D Avrcp_ext: Exit handlePackageModified
09-22 19:58:44.598 1879 1879 D BluetoothMapAppObserver: onReceive
09-22 19:58:44.598 1879 1879 D BluetoothMapAppObserver: The installed package is: com.antutu.ABenchMark
09-22 19:58:44.598 1119 1657 I commit_sys_config_file: [overlays,779899]
09-22 19:58:44.601 1879 1879 D BluetoothMapAppObserver: Found 0 application(s) with intent android.bluetooth.action.BLUETOOTH_MAP_PROVIDER
09-22 19:58:44.604 1119 1119 I notification_cancel_all: [1000,1119,com.antutu.ABenchMark,0,0,0,5,NULL]
09-22 19:58:44.606 1879 1879 D BluetoothMapAppObserver: Found 0 application(s) with intent android.bluetooth.action.BLUETOOTH_MAP_IM_PROVIDER
09-22 19:58:44.607 1119 1752 I service_manager_slow: [15,isub]
09-22 19:58:44.607 1119 1752 D VcnManagementService: new snapshot: TelephonySubscriptionSnapshot{ mActiveDataSubId=-1, mSubIdToInfoMap={}, mPrivilegedPackages={} }
09-22 19:58:44.608 1119 1119 I Telecom : DefaultDialerCache: Refreshing default dialer for user 0: now null: DDC.oR@ABo
09-22 19:58:44.616 1119 1228 D CompatibilityInfo: mCompatibilityFlags - 4
09-22 19:58:44.616 1119 1228 D CompatibilityInfo: applicationDensity - 240
09-22 19:58:44.616 1119 1228 D CompatibilityInfo: applicationScale - 1.0
09-22 19:58:44.619 1119 1699 I InputReader: Reconfiguring input devices, changes=KEYBOARD_LAYOUTS |
09-22 19:58:44.621 1119 1263 D CompatibilityInfo: mCompatibilityFlags - 4
09-22 19:58:44.621 1119 1263 D CompatibilityInfo: applicationDensity - 240
09-22 19:58:44.621 1119 1263 D CompatibilityInfo: applicationScale - 1.0
09-22 19:58:44.622 1119 1644 W BroadcastQueue: Background execution not allowed: receiving Intent { act=android.intent.action.PACKAGE_ADDED dat=package:com.antutu.ABenchMark flg=0x4000010 (has extras) } to com.android.packageinstaller/.PackageInstalledReceiver
09-22 19:58:44.625 1119 1228 W BroadcastQueue: Background execution not allowed: receiving Intent { act=android.intent.action.PACKAGE_ADDED dat=package:com.antutu.ABenchMark flg=0x4000010 (has extras) } to com.android.gallery3d/.app.PackagesMonitor
09-22 19:58:44.628 1119 1228 D CompatibilityChangeReporter: Compat change id reported: 168419799; UID 10035; state: DISABLED
09-22 19:58:44.628 1119 1228 D CompatibilityInfo: mCompatibilityFlags - 4
09-22 19:58:44.628 1119 1228 D CompatibilityInfo: applicationDensity - 240
09-22 19:58:44.628 1119 1228 D CompatibilityInfo: applicationScale - 1.0
09-22 19:58:44.641 1119 1207 D CompanionDeviceManagerService: onPackageModified(packageName = com.antutu.ABenchMark)
09-22 19:58:44.642 1879 1879 D Avrcp_ext: AvrcpServiceBroadcastReceiver-> Action: android.intent.action.PACKAGE_CHANGED
09-22 19:58:44.642 1879 1879 D Avrcp_ext: AvrcpServiceBroadcastReceiver-> packageName: com.antutu.ABenchMark
09-22 19:58:44.642 1879 1879 D Avrcp_ext: packageName: com.antutu.ABenchMark removed: false
09-22 19:58:44.643 1879 1879 D Avrcp_ext: isBrowsableListUpdated: browsable list size mismatch, true
09-22 19:58:44.643 1879 1879 D Avrcp_ext: buildBrowsablePlayerList
09-22 19:58:44.643 1119 1699 I InputReader: Reconfiguring input devices, changes=KEYBOARD_LAYOUTS |
09-22 19:58:44.644 1879 1879 V Avrcp_ext: getMediaPlayerInfo: Found com.android.bluetooth
09-22 19:58:44.644 1119 1119 I Telecom : DefaultDialerCache: Refreshing default dialer for user 0: now null: DDC.oR@ABs
09-22 19:58:44.644 1879 1879 V Avrcp_ext: isBrowseSupported for com.android.bluetooth: false
09-22 19:58:44.645 1879 1879 D Avrcp_ext: Adding media player info for com.android.bluetooth with id 2
09-22 19:58:44.645 1879 1879 D Avrcp_ext: update #2:MediaPlayerInfo com.android.bluetooth (as '蓝牙') Type = 1, SubType = 0, Status = 0 Feature Bits [40 41 42 44 45 47 48 58] Controller: null
09-22 19:58:44.645 1879 1879 D Avrcp_ext: Added MediaPlayerController/MediaPlayerPackage
09-22 19:58:44.647 1879 1879 V Avrcp_ext: updateCurrentMediaState: mMediaController: MediaController (com.android.systemui@8b41382) null
09-22 19:58:44.647 1879 1879 W Avrcp_ext: isMusicActive: false getBluetoothPlayState: 2 A2dp State: 11 mAudioPlaybackIsActive: false
09-22 19:58:44.648 1879 1879 D Avrcp_ext: isMusicActive = false mAudioPlaybackIsActive = false player state = null
09-22 19:58:44.648 1879 1879 I Avrcp_ext: Skipping update due to invalid playback state
09-22 19:58:44.648 1879 1879 V Avrcp_ext: updatePlaybackState, state: null device: null
09-22 19:58:44.649 1879 1879 V Avrcp_ext: Device: no name:
09-22 19:58:44.649 1879 1879 V Avrcp_ext: Device: no name:
09-22 19:58:44.649 1879 1879 V Avrcp_ext: Device: no name:
09-22 19:58:44.649 1119 1644 I am_uid_running: 10070
09-22 19:58:44.649 1879 1879 V Avrcp_ext: Device: no name:
09-22 19:58:44.649 1879 1879 V Avrcp_ext: Device: no name:
09-22 19:58:44.649 1879 1879 V Avrcp_ext: updatePlayerStateAndPosition, old=PlaybackState {state=2, position=-1, buffered position=0, speed=0.0, updated=51587, actions=0, custom actions=[], active item id=-1, error=null}, state=null
09-22 19:58:44.649 1879 1879 I Avrcp_ext: updatePlayerStateAndPosition: device: state = null
09-22 19:58:44.649 1879 1879 D Avrcp_ext: Exit handlePackageModified
09-22 19:58:44.649 1119 1644 D CompatibilityChangeReporter: Compat change id reported: 135634846; UID 10070; state: DISABLED
09-22 19:58:44.649 1119 1644 D CompatibilityChangeReporter: Compat change id reported: 177438394; UID 10070; state: DISABLED
09-22 19:58:44.649 1119 1644 D CompatibilityChangeReporter: Compat change id reported: 135772972; UID 10070; state: DISABLED
09-22 19:58:44.649 1119 1644 D CompatibilityChangeReporter: Compat change id reported: 135754954; UID 10070; state: DISABLED
09-22 19:58:44.658 688 688 D Zygote : Forked child process 4400
09-22 19:58:44.659 1119 1229 W ActivityManager: Slow operation: 90ms so far, now at startProcess: returned from zygote!
09-22 19:58:44.659 1119 1229 W ActivityManager: Slow operation: 91ms so far, now at startProcess: done updating battery stats
09-22 19:58:44.659 1119 1229 I am_proc_start: [0,4400,10098,com.android.permissioncontroller,service,{com.android.permissioncontroller/com.android.permissioncontroller.permission.service.PermissionControllerServiceImpl}]
