09-22 19:45:48.161 1119 1119 V StorageManagerService: Package android.qvaoverlay.common does not have legacy storage
09-22 19:45:48.161 1119 1119 V StorageManagerService: Package com.android.providers.downloads.ui does not have legacy storage
09-22 19:45:48.161 1119 1119 V StorageManagerService: Package com.android.pacprocessor does not have legacy storage
09-22 19:45:48.161 1119 1119 V StorageManagerService: Package com.android.networkstack does not have legacy storage
09-22 19:45:48.161 1119 1119 V StorageManagerService: Package android.overlay.common does not have legacy storage
09-22 19:45:48.161 1119 1119 V StorageManagerService: Package com.android.connectivity.resources does not have legacy storage
09-22 19:45:48.162 1119 1119 V StorageManagerService: Package com.android.modulemetadata does not have legacy storage
09-22 19:45:48.162 1119 1119 V StorageManagerService: Package com.android.certinstaller does not have legacy storage
09-22 19:45:48.162 1119 1119 V StorageManagerService: Package com.android.internal.systemui.navbar.threebutton does not have legacy storage
09-22 19:45:48.162 1119 1119 V StorageManagerService: Package android does not have legacy storage
09-22 19:45:48.162 1119 1119 V StorageManagerService: Package com.qualcomm.wfd.service does not have legacy storage
09-22 19:45:48.162 1119 1119 V StorageManagerService: Package ts.car.uart does not have legacy storage
09-22 19:45:48.162 1119 1119 V StorageManagerService: Package com.android.egg does not have legacy storage
09-22 19:45:48.162 1119 1119 V StorageManagerService: Package com.android.mtp does not have legacy storage
09-22 19:45:48.162 1119 1119 V StorageManagerService: Package com.android.nfc does not have legacy storage
09-22 19:45:48.162 1119 1119 V StorageManagerService: Package com.android.stk does not have legacy storage
09-22 19:45:48.163 1119 1119 V StorageManagerService: Package com.android.launcher3 does not have legacy storage
09-22 19:45:48.163 1119 1119 V StorageManagerService: Package com.android.backupconfirm does not have legacy storage
09-22 19:45:48.163 1119 1119 V StorageManagerService: Package vendor.qti.qesdk.sysservice does not have legacy storage
09-22 19:45:48.163 1119 1119 V StorageManagerService: Package com.android.provision does not have legacy storage
09-22 19:45:48.163 1119 1119 V StorageManagerService: Package android.overlay.target does not have legacy storage
09-22 19:45:48.163 1119 1119 V StorageManagerService: Package com.qti.pasrservice does not have legacy storage
09-22 19:45:48.163 1119 1119 V StorageManagerService: Package com.android.settings.intelligence does not have legacy storage
09-22 19:45:48.163 1119 1119 V StorageManagerService: Package com.android.calendar does not have legacy storage
09-22 19:45:48.163 1119 1119 V StorageManagerService: Package com.android.internal.systemui.navbar.gestural_extra_wide_back does not have legacy storage
09-22 19:45:48.163 1119 1119 V StorageManagerService: Package com.qualcomm.qti.dynamicddsservice does not have legacy storage
09-22 19:45:48.163 1119 1119 V StorageManagerService: Package com.qualcomm.qti.xrvd.service does not have legacy storage
09-22 19:45:48.164 1119 1119 V StorageManagerService: Package com.android.providers.settings does not have legacy storage
09-22 19:45:48.164 1119 1119 V StorageManagerService: Package com.android.sharedstoragebackup does not have legacy storage
09-22 19:45:48.164 1119 1119 V StorageManagerService: Package com.android.printspooler does not have legacy storage
09-22 19:45:48.164 1119 1119 V StorageManagerService: Package com.qti.qualcomm.mstatssystemservice does not have legacy storage
09-22 19:45:48.164 1119 1119 V StorageManagerService: Package com.qualcomm.qti.services.systemhelper does not have legacy storage
09-22 19:45:48.164 1119 1119 V StorageManagerService: Package com.android.wifi.resources.overlay.common does not have legacy storage
09-22 19:45:48.164 1119 1119 V StorageManagerService: Package com.android.dreams.basic does not have legacy storage
09-22 19:45:48.164 1119 1119 V StorageManagerService: Package com.android.webview does not have legacy storage
09-22 19:45:48.164 1119 1119 V StorageManagerService: Package com.android.se does not have legacy storage
09-22 19:45:48.165 1119 1119 V StorageManagerService: Package com.android.inputdevices does not have legacy storage
09-22 19:45:48.165 1119 1119 V StorageManagerService: Package com.android.bips does not have legacy storage
09-22 19:45:48.165 1119 1119 V StorageManagerService: Package com.qti.dpmserviceapp does not have legacy storage
09-22 19:45:48.165 1119 1119 V StorageManagerService: Package com.thundercomm.remotecontrolservice does not have legacy storage
09-22 19:45:48.165 1119 1119 V StorageManagerService: Package com.android.musicfx does not have legacy storage
09-22 19:45:48.165 1119 1119 V StorageManagerService: Package com.android.settings.overlay.common does not have legacy storage
09-22 19:45:48.165 1119 1712 W PackageManager: Loading a package that does not exist for the calling user. package=null, user=0
09-22 19:45:48.165 1119 1119 V StorageManagerService: Package com.qualcomm.qti.qccnetstat does not have legacy storage
09-22 19:45:48.165 1119 1119 V StorageManagerService: Package com.example.android.locationattribution does not have legacy storage
09-22 19:45:48.165 1119 1119 V StorageManagerService: Package android.ext.shared does not have legacy storage
09-22 19:45:48.166 1119 1119 V StorageManagerService: Package com.android.onetimeinitializer does not have legacy storage
09-22 19:45:48.166 1119 1119 V StorageManagerService: Package com.android.server.telecom does not have legacy storage
09-22 19:45:48.166 1119 1119 V StorageManagerService: Package com.android.keychain does not have legacy storage
09-22 19:45:48.166 1119 1119 V StorageManagerService: Package com.qti.snapdragon.qdcm_ff does not have legacy storage
09-22 19:45:48.166 1119 1119 V StorageManagerService: Package com.android.wifi.resources.overlay.target does not have legacy storage
09-22 19:45:48.166 1119 1119 V StorageManagerService: Package com.android.printservice.recommendation does not have legacy storage
09-22 19:45:48.166 1119 1119 V StorageManagerService: Package com.thundercomm.mcuupgrade does not have legacy storage
09-22 19:45:48.166 1119 1119 V StorageManagerService: Package com.android.gallery3d has legacy storage
09-22 19:45:48.166 1119 1119 V StorageManagerService: Package android.ext.services does not have legacy storage
09-22 19:45:48.167 1119 1119 V StorageManagerService: Package com.android.wifi.resources does not have legacy storage
09-22 19:45:48.167 1119 1119 V StorageManagerService: Package com.android.systemui.overlay.common does not have legacy storage
09-22 19:45:48.167 1119 1119 V StorageManagerService: Package com.android.cameraextensions does not have legacy storage
09-22 19:45:48.167 1119 1119 V StorageManagerService: Package com.android.localtransport does not have legacy storage
09-22 19:45:48.167 1119 1119 V StorageManagerService: Package com.android.packageinstaller does not have legacy storage
09-22 19:45:48.167 1119 1119 V StorageManagerService: Package com.qualcomm.qti.devicestatisticsservice does not have legacy storage
09-22 19:45:48.167 1119 1119 V StorageManagerService: Package com.android.theme.font.notoserifsource does not have legacy storage
09-22 19:45:48.167 1119 1119 V StorageManagerService: Package com.android.proxyhandler does not have legacy storage
09-22 19:45:48.167 1119 1119 V StorageManagerService: Package com.android.internal.display.cutout.emulation.waterfall does not have legacy storage
09-22 19:45:48.168 1119 1119 V StorageManagerService: Package com.qualcomm.qti.workloadclassifier does not have legacy storage
09-22 19:45:48.168 1119 1119 V StorageManagerService: Package com.android.inputmethod.latin does not have legacy storage
09-22 19:45:48.168 1119 1119 V StorageManagerService: Package com.android.providers.settings.overlay does not have legacy storage
09-22 19:45:48.168 1119 1119 V StorageManagerService: Package com.android.managedprovisioning does not have legacy storage
09-22 19:45:48.168 1119 1119 V StorageManagerService: Package com.android.networkstack.tethering does not have legacy storage
09-22 19:45:48.168 1119 1119 V StorageManagerService: Package com.android.soundpicker does not have legacy storage
09-22 19:45:48.168 1119 1119 V StorageManagerService: Package com.android.dreams.phototable does not have legacy storage
09-22 19:45:48.168 1119 1119 V StorageManagerService: Package com.android.wallpaper.livepicker does not have legacy storage
09-22 19:45:48.168 1119 1119 V StorageManagerService: Package com.android.apps.tag does not have legacy storage
09-22 19:45:48.168 1119 1119 V StorageManagerService: Package com.android.storagemanager does not have legacy storage
09-22 19:45:48.169 1119 1119 V StorageManagerService: Package com.android.bookmarkprovider does not have legacy storage
09-22 19:45:48.169 1119 1119 V StorageManagerService: Package com.android.settings does not have legacy storage
09-22 19:45:48.169 1119 1119 V StorageManagerService: Package com.android.networkstack.permissionconfig does not have legacy storage
09-22 19:45:48.169 1119 1119 V StorageManagerService: Package com.qualcomm.location does not have legacy storage
09-22 19:45:48.169 1119 1119 V StorageManagerService: Package com.android.cts.ctsshim does not have legacy storage
09-22 19:45:48.169 1119 1119 V StorageManagerService: Package com.caf.fmradio does not have legacy storage
09-22 19:45:48.169 1119 1119 V StorageManagerService: Package com.qti.diagservices does not have legacy storage
09-22 19:45:48.169 1119 1119 V StorageManagerService: Package com.android.vpndialogs does not have legacy storage
09-22 19:45:48.169 1119 1119 V StorageManagerService: Package com.qualcomm.location.XT does not have legacy storage
09-22 19:45:48.169 1119 1119 V StorageManagerService: Package com.android.music does not have legacy storage
09-22 19:45:48.169 1119 1119 V StorageManagerService: Package com.android.shell does not have legacy storage
09-22 19:45:48.170 1119 1119 V StorageManagerService: Package com.android.wallpaperbackup does not have legacy storage
09-22 19:45:48.170 1119 1119 V StorageManagerService: Package com.android.providers.userdictionary does not have legacy storage
09-22 19:45:48.170 1119 1119 V StorageManagerService: Package com.android.providers.media.module does not have legacy storage
09-22 19:45:48.170 1119 1119 V StorageManagerService: Package com.android.emergency does not have legacy storage
09-22 19:45:48.170 1119 1119 V StorageManagerService: Package com.android.hotspot2.osulogin does not have legacy storage
09-22 19:45:48.170 1119 1119 V StorageManagerService: Package com.qualcomm.qti.qdma does not have legacy storage
09-22 19:45:48.170 1119 1119 V StorageManagerService: Package com.qualcomm.qti.qmmi does not have legacy storage
09-22 19:45:48.170 1119 1119 V StorageManagerService: Package com.qualcomm.qti.usta does not have legacy storage
09-22 19:45:48.170 1119 1119 V StorageManagerService: Package com.qualcomm.qti.xrcb does not have legacy storage
09-22 19:45:48.170 1119 1119 V StorageManagerService: Package com.android.internal.systemui.navbar.gestural does not have legacy storage
09-22 19:45:48.171 1119 1119 V StorageManagerService: Package com.android.location.fused does not have legacy storage
09-22 19:45:48.171 1119 1119 V StorageManagerService: Package com.android.deskclock does not have legacy storage
09-22 19:45:48.171 1119 1119 V StorageManagerService: Package com.android.systemui does not have legacy storage
09-22 19:45:48.171 1119 1119 V StorageManagerService: Package com.android.bluetoothmidiservice does not have legacy storage
01-01 08:27:08.964 0 0 I binder : 1968:1968 ioctl 40046210 7fcf144d74 returned -22
09-22 19:45:48.242 1119 1229 I liblog : 235
09-22 19:45:48.242 1119 1229 W ActivityManager: Slow operation: 150ms so far, now at startProcess: returned from zygote!
01-01 08:27:08.979 0 0 I init : starting service 'qvrd_vndr'...
09-22 19:45:48.263 1119 2000 W ContextImpl: Calling a method in the system process without a qualified user: android.app.ContextImpl.bindService:1895 android.content.ContextWrapper.bindService:810 com.qualcomm.qti.activityextension.ActivityNotifier.bindToDynamicDDSService:103 com.qualcomm.qti.activityextension.ActivityNotifier.handleSendActivityInvokeNotification:184 com.qualcomm.qti.activityextension.ActivityNotifier.access$300:26
09-22 19:45:48.263 1119 1226 I netstats_mobile_sample: [0,0,0,0,0,0,0,0,0,0,0,0,1663847148263]
09-22 19:45:48.263 1119 1119 D CompatibilityChangeReporter: Compat change id reported: 168419799; UID 1000; state: DISABLED
09-22 19:45:48.263 1119 1226 I netstats_wifi_sample: [0,0,0,0,0,0,0,0,0,0,0,0,1663847148263]
09-22 19:45:48.268 1119 1119 D SystemServerTiming: startHomeOnAllDisplays took to complete: 69ms
09-22 19:45:48.268 1119 1119 I SystemServerTiming: showSystemReadyErrorDialogs
01-01 08:27:08.984 0 0 I init : Created socket '/dev/socket/qvrservice_vndr', mode 660, user 1000, group 1000
01-01 08:27:08.987 0 0 I init : Created socket '/dev/socket/qvrservice_vndr_camera', mode 660, user 1000, group 1000
09-22 19:45:48.289 1968 1968 I service_manager_slow: [16,activity]
09-22 19:45:48.294 1119 1226 I netstats_mobile_sample: [0,0,0,0,0,0,0,0,0,0,0,0,1663847148294]
09-22 19:45:48.294 1119 1226 I netstats_wifi_sample: [0,0,0,0,0,0,0,0,0,0,0,0,1663847148294]
09-22 19:45:48.320 1119 1226 I netstats_mobile_sample: [0,0,0,0,0,0,0,0,0,0,0,0,1663847148320]
09-22 19:45:48.320 1119 1226 I netstats_wifi_sample: [0,0,0,0,0,0,0,0,0,0,0,0,1663847148320]
01-01 08:27:09.027 0 0 I binder : 1992:1992 ioctl 40046210 7fcf144d74 returned -22
01-01 08:27:09.033 0 0 I msm_vidc: high: 00000001: h265e: Closed video instance: ffffffdca3320000
09-22 19:45:48.333 1119 1226 I netstats_mobile_sample: [0,0,0,0,0,0,0,0,0,0,0,0,1663847148333]
09-22 19:45:48.333 1119 1226 I netstats_wifi_sample: [0,0,0,0,0,0,0,0,0,0,0,0,1663847148333]
01-01 08:27:09.039 0 0 I init : starting service 'sxrd'...
09-22 19:45:48.353 1119 1119 D SystemServerTiming: showSystemReadyErrorDialogs took to complete: 85ms
09-22 19:45:48.353 1119 1119 I SystemServerTiming: sendUserStartBroadcast
09-22 19:45:48.353 1119 1119 D SystemServerTiming: sendUserStartBroadcast took to complete: 0ms
09-22 19:45:48.353 1119 1119 I SystemServerTiming: resumeTopActivities
09-22 19:45:48.355 1119 1119 D SystemServerTiming: resumeTopActivities took to complete: 1ms
09-22 19:45:48.355 1119 1119 I SystemServerTiming: sendUserSwitchBroadcasts
09-22 19:45:48.355 1119 1119 I uc_send_user_broadcast: [0,android.intent.action.USER_FOREGROUND]
09-22 19:45:48.355 1119 1119 I uc_send_user_broadcast: [0,android.intent.action.USER_SWITCHED]
09-22 19:45:48.355 1119 1119 D SystemServerTiming: sendUserSwitchBroadcasts took to complete: 0ms
09-22 19:45:48.355 1119 1119 I SystemServerTiming: setBinderProxies
09-22 19:45:48.355 1119 1119 D SystemServerTiming: setBinderProxies took to complete: 0ms
09-22 19:45:48.355 1119 1119 D SystemServerTiming: ActivityManagerStartApps took to complete: 232ms
09-22 19:45:48.356 1119 1119 D SystemServerTiming: PhaseActivityManagerReady took to complete: 739ms
09-22 19:45:48.356 1119 1119 I SystemServerTiming: StartSystemUI
09-22 19:45:48.361 1119 1229 W ActivityManager: Slow operation: 268ms so far, now at startProcess: done updating battery stats
09-22 19:45:48.361 1119 1229 I am_proc_start: [0,1992,1073,com.android.networkstack.process,service,{com.android.networkstack/com.android.server.NetworkStackService}]
09-22 19:45:48.361 1119 1229 W ActivityManager: Slow operation: 268ms so far, now at startProcess: building log message
09-22 19:45:48.361 1119 1229 I ActivityManager: Start proc 1992:com.android.networkstack.process/1073 for service {com.android.networkstack/com.android.server.NetworkStackService}
09-22 19:45:48.361 1119 1229 W ActivityManager: Slow operation: 269ms so far, now at startProcess: starting to update pids map
09-22 19:45:48.361 1119 1229 W ActivityManager: Slow operation: 269ms so far, now at startProcess: done updating pids map
09-22 19:45:48.361 1119 1229 W ActivityManager: Slow operation: 174ms so far, now at startProcess: asking zygote to start proc
09-22 19:45:48.363 1119 1643 I am_proc_bound: [0,1968,WebViewLoader-arm64-v8a]
01-01 08:27:09.071 0 0 I binder : 1341:1341 ioctl 40046210 7ff53ef814 returned -22
09-22 19:45:48.363 1119 2000 W ContextImpl: Calling a method in the system process without a qualified user: android.app.ContextImpl.bindService:1895 android.content.ContextWrapper.bindService:810 com.qualcomm.qti.activityextension.ActivityNotifier.bindToDynamicDDSService:103 com.qualcomm.qti.activityextension.ActivityNotifier.handleSendActivityInvokeNotification:184 com.qualcomm.qti.activityextension.ActivityNotifier.access$300:26
09-22 19:45:48.360 1119 1226 I netstats_mobile_sample: [0,0,0,0,0,0,0,0,0,0,0,0,1663847148360]
09-22 19:45:48.369 1119 1226 I netstats_wifi_sample: [0,0,0,0,0,0,0,0,0,0,0,0,1663847148360]
09-22 19:45:48.370 1119 1644 I am_proc_bound: [0,1992,com.android.networkstack.process]
09-22 19:45:48.372 1119 1644 D CompatibilityChangeReporter: Compat change id reported: 168419799; UID 1073; state: DISABLED
09-22 19:45:48.375 1119 1644 D CompatibilityChangeReporter: Compat change id reported: 181136395; UID 1000; state: DISABLED
09-22 19:45:48.376 1119 1644 D CompatibilityChangeReporter: Compat change id reported: 174042936; UID 1000; state: DISABLED
09-22 19:45:48.376 1119 1644 I am_uid_active: 1073
09-22 19:45:48.386 1119 1644 D CompatibilityChangeReporter: Compat change id reported: 168419799; UID 1073; state: DISABLED
09-22 19:45:48.389 1119 1730 I dvm_lock_sample: [system_server,0,NetworkStats,194,ActivityManagerService.java,13701,int com.android.server.am.ActivityManagerService.broadcastIntentWithFeature(android.app.IApplicationThread, java.lang.String, android.content.Intent, java.lang.String, android.content.IIntentReceiver, int, java.lang.String, android.os.Bundle, java.lang.String[], java.lang.String[], int, android.os.Bundle, boolean, boolean, int),,0,null,38]
09-22 19:45:48.392 1119 1119 D SystemServerTiming: StartSystemUI took to complete: 37ms
09-22 19:45:48.392 1119 1119 I SystemServerTiming: startMicroService
09-22 19:45:48.393 1119 1119 D SystemServerTiming: startMicroService took to complete: 0ms
09-22 19:45:48.393 1119 1119 I SystemServerTiming: startRemoteControlService
09-22 19:45:48.393 1119 1119 D SystemServerTiming: startRemoteControlService took to complete: 1ms
09-22 19:45:48.393 1119 1119 D SystemServerTiming: startOtherServices took to complete: 3603ms
09-22 19:45:48.393 1119 1119 D SystemServerTiming: StartServices took to complete: 8800ms
09-22 19:45:48.394 2019 2019 F linker : CANNOT LINK EXECUTABLE "/vendor/bin/hw/qvrservice": library "vendor.qti.hardware.qxr-V1-ndk_platform.so" not found: needed by /vendor/lib64/libqvrservice.so in namespace (default)
09-22 19:45:48.398 1119 2000 W ContextImpl: Calling a method in the system process without a qualified user: android.app.ContextImpl.bindService:1895 android.content.ContextWrapper.bindService:810 com.qualcomm.qti.activityextension.ActivityNotifier.bindToDynamicDDSService:103 com.qualcomm.qti.activityextension.ActivityNotifier.handleSendActivityInvokeNotification:184 com.qualcomm.qti.activityextension.ActivityNotifier.access$300:26
09-22 19:45:48.398 1119 1119 W Looper : Slow delivery took 8073ms main h=android.app.PropertyInvalidatedCache$AutoCorker$1 c=null m=0
09-22 19:45:48.398 1119 1211 D CompatibilityChangeReporter: Compat change id reported: 135634846; UID 1000; state: DISABLED
09-22 19:45:48.399 1119 1211 D CompatibilityChangeReporter: Compat change id reported: 177438394; UID 1000; state: DISABLED
09-22 19:45:48.399 1119 1211 D CompatibilityChangeReporter: Compat change id reported: 135772972; UID 1000; state: DISABLED
09-22 19:45:48.399 1119 1211 D CompatibilityChangeReporter: Compat change id reported: 135754954; UID 1000; state: ENABLED
01-01 08:27:09.091 0 0 E init : Control message: Could not find 'vendor.qti.hardware.iop@2.0::IIop/default' for ctl.interface_start from pid: 518 (/system/bin/hwservicemanager)
09-22 19:45:48.416 1119 1712 W PackageManager: Loading a package that does not exist for the calling user. package=null, user=0
09-22 19:45:48.423 2025 2025 F linker : CANNOT LINK EXECUTABLE "/vendor/bin/hw/sxrservice": library "vendor.qti.hardware.qxr-V1-ndk_platform.so" not found: needed by main executable
01-01 08:27:09.122 0 0 I init : Service 'qvrd_vndr' (pid 2019) exited with status 1
01-01 08:27:09.123 0 0 I init : Sending signal 9 to service 'qvrd_vndr' (pid 2019) process group...
01-01 08:27:09.123 0 0 I libprocessgroup: Successfully killed process cgroup uid 1000 pid 2019 in 0ms
01-01 08:27:09.137 0 0 I init : Service 'sxrd' (pid 2025) exited with status 1
09-22 19:45:48.439 1119 1229 W ActivityManager: Slow operation: 251ms so far, now at startProcess: returned from zygote!
09-22 19:45:48.439 1119 1229 W ActivityManager: Slow operation: 252ms so far, now at startProcess: done updating battery stats
09-22 19:45:48.439 1119 1229 I am_proc_start: [0,2042,1000,com.thundercomm.microservice,added application,com.thundercomm.microservice]
09-22 19:45:48.439 1119 1229 W ActivityManager: Slow operation: 252ms so far, now at startProcess: building log message
09-22 19:45:48.439 1119 1229 I ActivityManager: Start proc 2042:com.thundercomm.microservice/1000 for added application com.thundercomm.microservice
09-22 19:45:48.439 1119 1229 W ActivityManager: Slow operation: 252ms so far, now at startProcess: starting to update pids map
09-22 19:45:48.441 1119 1229 W ActivityManager: Slow operation: 253ms so far, now at startProcess: done updating pids map
09-22 19:45:48.441 1119 1229 W ActivityManager: Slow operation: 251ms so far, now at startProcess: asking zygote to start proc
09-22 19:45:48.441 1119 1226 I netstats_mobile_sample: [0,0,0,0,0,0,0,0,0,0,0,0,1663847148441]
09-22 19:45:48.441 1119 1226 I netstats_wifi_sample: [0,0,0,0,0,0,0,0,0,0,0,0,1663847148441]
09-22 19:45:48.441 1119 1119 D ConditionProviders.SCP: onConnected
09-22 19:45:48.456 1119 1119 D ConditionProviders: Subscribing to condition://android/event?userId=-10000&calendar=&reply=1 with ComponentInfo{android/com.android.server.notification.EventConditionProvider}
09-22 19:45:48.457 1119 1119 D ConditionProviders: Subscribing to condition://android/schedule?days=1.2.3.4.5.6.7&start=22.0&end=7.0&exitAtAlarm=true with ComponentInfo{android/com.android.server.notification.ScheduleConditionProvider}
09-22 19:45:48.457 1119 1119 I notification_cancel_all: [1000,1119,android,0,0,0,20,NULL]
09-22 19:45:48.462 1119 1119 I am_uid_running: 10100
09-22 19:45:48.462 1119 1119 D CompatibilityChangeReporter: Compat change id reported: 135634846; UID 10100; state: DISABLED
09-22 19:45:48.462 1119 1119 D CompatibilityChangeReporter: Compat change id reported: 177438394; UID 10100; state: DISABLED
09-22 19:45:48.462 1119 1119 D CompatibilityChangeReporter: Compat change id reported: 135772972; UID 10100; state: DISABLED
09-22 19:45:48.462 1119 1119 D CompatibilityChangeReporter: Compat change id reported: 135754954; UID 10100; state: ENABLED
01-01 08:27:09.170 0 0 I msm_vidc: high: 00000001: ....d: Opening video instance: ffffffdca13c0000, 1
09-22 19:45:48.469 1119 1712 I wm_task_created: [3,-1]
09-22 19:45:48.477 1119 1643 I wm_task_created: [4,-1]
09-22 19:45:48.500 1992 1992 I service_manager_slow: [18,vendor.perfservice]
09-22 19:45:48.504 1119 1226 I netstats_mobile_sample: [0,0,0,0,0,0,0,0,0,0,0,0,1663847148504]
09-22 19:45:48.504 1119 1226 I netstats_wifi_sample: [0,0,0,0,0,0,0,0,0,0,0,0,1663847148504]
01-01 08:27:09.216 0 0 I msm_vidc: high: 00000001: h264d: Closed video instance: ffffffdca13c0000
01-01 08:27:09.260 0 0 D cnss : MHI status cb is called with reason MISSION_MODE(6)
01-01 08:27:09.262 0 0 D cnss : Completed event: REGISTER_DRIVER(7), state: 0x10, ret: 0/0
01-01 08:27:09.266 0 0 D cnss : PM relax, state: 0x10, count: 0
01-01 08:27:09.266 0 0 D cnss : PM stay awake, state: 0x10, count: 1
01-01 08:27:09.266 0 0 D cnss : PM relax, state: 0x10, count: 0
01-01 08:27:09.269 0 0 E : [drm:dp_display_init_aux_switch][msm-dp-err][624 ]failed to register notifier (-22)
01-01 08:27:09.285 0 0 I msm_vidc: high: 00000001: ....d: Opening video instance: ffffffdc9ee40000, 1
09-22 19:45:48.599 1119 1644 I wm_task_created: [5,-1]
09-22 19:45:48.608 1119 1644 I wm_task_created: [6,-1]
01-01 08:27:09.317 0 0 I binder : 2042:2042 ioctl 40046210 7fcf144d74 returned -22
09-22 19:45:48.613 1119 1644 I wm_task_created: [7,-1]
01-01 08:27:09.324 0 0 I msm_vidc: high: 00000001: h264d: Closed video instance: ffffffdc9ee40000
09-22 19:45:48.626 1879 2056 I bt_config_source: 1
09-22 19:45:48.627 1879 2056 I bt_config_source: 3
09-22 19:45:48.640 1119 1226 I service_manager_slow: [90,alarm]
09-22 19:45:48.641 1119 1226 I netstats_mobile_sample: [0,0,0,0,0,0,0,0,0,0,0,0,1663847148641]
09-22 19:45:48.643 1119 1226 I netstats_wifi_sample: [0,0,0,0,0,0,0,0,0,0,0,0,1663847148641]
09-22 19:45:48.651 2042 2042 I service_manager_slow: [21,activity]
09-22 19:45:48.652 1119 1229 W ActivityManager: Slow operation: 462ms so far, now at startProcess: returned from zygote!
09-22 19:45:48.652 1119 1643 I am_proc_bound: [0,2042,com.thundercomm.microservice]
09-22 19:45:48.657 1119 1643 D CompatibilityChangeReporter: Compat change id reported: 168419799; UID 1000; state: DISABLED
09-22 19:45:48.672 1119 1712 D CompatibilityChangeReporter: Compat change id reported: 171306433; UID 1000; state: ENABLED
09-22 19:45:48.672 1119 1229 W ActivityManager: Slow operation: 483ms so far, now at startProcess: done updating battery stats
09-22 19:45:48.672 1119 1229 I am_proc_start: [0,2092,1000,com.thundercomm.microsettings,added application,com.thundercomm.microsettings]
09-22 19:45:48.672 1119 1229 W ActivityManager: Slow operation: 483ms so far, now at startProcess: building log message
09-22 19:45:48.672 1119 1229 I ActivityManager: Start proc 2092:com.thundercomm.microsettings/1000 for added application com.thundercomm.microsettings
09-22 19:45:48.673 1119 1229 W ActivityManager: Slow operation: 483ms so far, now at startProcess: starting to update pids map
09-22 19:45:48.674 1119 1229 W ActivityManager: Slow operation: 484ms so far, now at startProcess: done updating pids map
09-22 19:45:48.674 1119 1229 W ActivityManager: Slow operation: 484ms so far, now at startProcess: asking zygote to start proc
09-22 19:45:48.674 1119 1226 I netstats_mobile_sample: [0,0,0,0,0,0,0,0,0,0,0,0,1663847148674]
09-22 19:45:48.675 1119 1226 I netstats_wifi_sample: [0,0,0,0,0,0,0,0,0,0,0,0,1663847148674]
01-01 08:27:09.353 0 0 E swr-wcd rx_swr_ctrl: swrm_get_logical_dev_num: device 0xd01170224 is not ready
01-01 08:27:09.386 0 0 E swr_get_logical_dev_num: Error -22 to get logical addr for device d01170224
01-01 08:27:09.396 0 0 E swr-wcd rx_swr_ctrl: swrm_get_logical_dev_num: device 0xd01170224 is not ready
01-01 08:27:09.404 0 0 E swr_get_logical_dev_num: Error -22 to get logical addr for device d01170224
09-22 19:45:48.707 1119 1119 W Looper : Slow dispatch took 223ms main h=android.app.ActivityThread$H c=null m=114
09-22 19:45:48.708 1119 1119 I PackageWatchdog: Syncing health check requests for packages: {}
09-22 19:45:48.708 1119 1119 I ExplicitHealthCheckController: Service not ready to get health check supported packages. Binding...
09-22 19:45:48.709 1119 1119 I ExplicitHealthCheckController: Explicit health check service is bound
01-01 08:27:09.418 0 0 E swr-wcd rx_swr_ctrl: swrm_get_logical_dev_num: device 0xd01170224 is not ready
01-01 08:27:09.429 0 0 E swr_get_logical_dev_num: Error -22 to get logical addr for device d01170224
01-01 08:27:09.438 0 0 E swr-wcd rx_swr_ctrl: swrm_get_logical_dev_num: device 0xd01170224 is not ready
09-22 19:45:48.745 1119 1226 I netstats_mobile_sample: [0,0,0,0,0,0,0,0,0,0,0,0,1663847148745]
09-22 19:45:48.745 1119 1226 I netstats_wifi_sample: [0,0,0,0,0,0,0,0,0,0,0,0,1663847148745]
01-01 08:27:09.447 0 0 E swr_get_logical_dev_num: Error -22 to get logical addr for device d01170224
01-01 08:27:09.449 0 0 I binder : 1276:1276 ioctl 40046210 7fcf721914 returned -22
01-01 08:27:09.458 0 0 E swr-wcd rx_swr_ctrl: swrm_get_logical_dev_num: device 0xd01170224 is not ready
01-01 08:27:09.473 0 0 E swr_get_logical_dev_num: Error -22 to get logical addr for device d01170224
01-01 08:27:09.482 0 0 D cnss : WLFW server arriving: node 7 port 1
01-01 08:27:09.482 0 0 D cnss : Posting event: SERVER_ARRIVE(0), state: 0x10 flags: 0x0
01-01 08:27:09.482 0 0 D cnss : PM stay awake, state: 0x10, count: 1
01-01 08:27:09.482 0 0 D cnss : PM relax, state: 0x10, count: 0
01-01 08:27:09.482 0 0 D cnss : PM stay awake, state: 0x10, count: 1
01-01 08:27:09.482 0 0 D cnss : Processing driver event: SERVER_ARRIVE(0), state: 0x10
01-01 08:27:09.482 0 0 I cnss : QMI WLFW service connected, state: 0x11
01-01 08:27:09.482 0 0 D cnss : Sending indication register message, state: 0x11
01-01 08:27:09.485 0 0 E wcd938x_codec wcd938x-codec: wcd938x_bind: Slave bind failed, ret = -517
09-22 19:45:48.782 1119 1229 W ActivityManager: Slow operation: 592ms so far, now at startProcess: returned from zygote!
09-22 19:45:48.782 1119 1229 W ActivityManager: Slow operation: 593ms so far, now at startProcess: done updating battery stats
09-22 19:45:48.782 1119 1229 I am_proc_start: [0,2109,1001,.dataservices,added application,.dataservices]
01-01 08:27:09.490 0 0 D cnss : Sending host capability message, state: 0x11
09-22 19:45:48.782 1119 1229 W ActivityManager: Slow operation: 593ms so far, now at startProcess: building log message
09-22 19:45:48.782 1119 1229 I ActivityManager: Start proc 2109:.dataservices/1001 for added application .dataservices
09-22 19:45:48.782 1119 1229 W ActivityManager: Slow operation: 593ms so far, now at startProcess: starting to update pids map
09-22 19:45:48.783 1119 1229 W ActivityManager: Slow operation: 594ms so far, now at startProcess: done updating pids map
09-22 19:45:48.784 1119 1229 W ActivityManager: Slow operation: 592ms so far, now at startProcess: asking zygote to start proc
09-22 19:45:48.784 1119 1229 D CompatibilityChangeReporter: Compat change id reported: 143937733; UID 10051; state: DISABLED
01-01 08:27:09.495 0 0 D cnss : Number of clients is 2
01-01 08:27:09.495 0 0 D cnss : Assign MSI to user: WAKE, num_vectors: 1, user_base_data: 813, base_vector: 13
01-01 08:27:09.495 0 0 D cnss : WAKE MSI base data is 813
01-01 08:27:09.495 0 0 D cnss : Calibration done is 1
01-01 08:27:09.495 0 0 D cnss : Sending iova starting 0xa0000000 with size 0x10010000
01-01 08:27:09.497 0 0 E : [drm:dp_display_init_aux_switch][msm-dp-err][624 ]failed to register notifier (-22)
01-01 08:27:09.506 0 0 I binder : 2092:2092 ioctl 40046210 7fcf144d74 returned -22
01-01 08:27:09.509 0 0 D cnss : PM relax, state: 0x11, count: 0
01-01 08:27:09.514 0 0 I binder : 1879:1879 ioctl 40046210 7fcf1443e4 returned -22
01-01 08:27:09.551 0 0 I binder : 2109:2109 ioctl 40046210 7fcf144d74 returned -22
01-01 08:27:09.656 0 0 I perfetto: enabled ftrace
09-22 19:45:48.807 1898 1898 W OneHandedController: Device doesn't support OneHanded feature
09-22 19:45:48.824 1119 1712 I am_proc_bound: [0,2092,com.thundercomm.microsettings]
09-22 19:45:48.825 1119 1712 D CompatibilityChangeReporter: Compat change id reported: 168419799; UID 1000; state: DISABLED
09-22 19:45:48.830 1119 1904 E WebViewUpdateServiceImpl: Timed out waiting for relro creation, relros started 2 relros finished 1 package dirty? false
09-22 19:45:48.830 1119 1904 W WebViewUpdateServiceImpl: creating relro file timed out
01-01 08:27:09.678 0 0 W logd : Skipping entries from slow reader, pid 1284, fd 14, from LogBuffer::Prune()
09-22 19:45:48.847 1119 1119 I SystemServerTiming: ManagedServices.unbindOtherUserServices_current0
09-22 19:45:48.847 1119 1119 D SystemServerTiming: ManagedServices.unbindOtherUserServices_current0 took to complete: 0ms
09-22 19:45:48.848 1119 1119 I SystemServerTiming: ManagedServices.unbindOtherUserServices_current0
09-22 19:45:48.848 1119 1119 D SystemServerTiming: ManagedServices.unbindOtherUserServices_current0 took to complete: 0ms
09-22 19:45:48.849 1119 1119 I SystemServerTiming: ManagedServices.unbindOtherUserServices_current0
09-22 19:45:48.849 1119 1119 D SystemServerTiming: ManagedServices.unbindOtherUserServices_current0 took to complete: 0ms
09-22 19:45:48.856 1119 1119 V NotificationAssistants: enabling notification assistant for 0: ComponentInfo{android.ext.services/android.ext.services.notification.Assistant}
09-22 19:45:48.856 1119 1119 V NotificationAssistants: binding: Intent { act=android.service.notification.NotificationAssistantService cmp=android.ext.services/.notification.Assistant (has extras) }
09-22 19:45:48.856 1119 1226 I netstats_mobile_sample: [0,0,0,0,0,0,0,0,0,0,0,0,1663847148856]
01-01 08:27:09.692 0 0 I msm_vidc: high: 00000001: ....d: Opening video instance: ffffffdc9aff8000, 1
01-01 08:27:09.722 0 0 I msm_vidc: high: 00000001: h265d: Closed video instance: ffffffdc9aff8000
09-22 19:45:48.856 1119 1226 I netstats_wifi_sample: [0,0,0,0,0,0,0,0,0,0,0,0,1663847148856]
09-22 19:45:48.861 1119 2027 I am_proc_bound: [0,2109,.dataservices]
09-22 19:45:48.863 1119 2027 D CompatibilityChangeReporter: Compat change id reported: 168419799; UID 1001; state: DISABLED
09-22 19:45:48.865 1119 2027 I am_uid_active: 1001
09-22 19:45:48.870 1119 2027 D CompatibilityChangeReporter: Compat change id reported: 168419799; UID 1001; state: DISABLED
09-22 19:45:48.884 2042 2042 I service_manager_slow: [24,vendor.perfservice]
09-22 19:45:48.887 1119 1643 I ActivityManager: Process WebViewLoader-armeabi-v7a (pid 1947) has died: psvc PER
09-22 19:45:48.907 1119 1643 I am_proc_died: [0,1947,WebViewLoader-armeabi-v7a,-700,0]
09-22 19:45:48.915 1119 1643 I am_low_memory: 8
09-22 19:45:48.920 1119 1238 E KernelCpuSpeedReader: Failed to read cpu-freq: /sys/devices/system/cpu/cpu4/cpufreq/stats/time_in_state: open failed: ENOENT (No such file or directory)
09-22 19:45:48.920 1119 1238 E KernelCpuSpeedReader: Failed to read cpu-freq: /sys/devices/system/cpu/cpu0/cpufreq/stats/time_in_state: open failed: ENOENT (No such file or directory)
09-22 19:45:48.943 1119 1643 D CompatibilityChangeReporter: Compat change id reported: 182478738; UID 1073; state: DISABLED
09-22 19:45:48.960 1119 1229 W ActivityManager: Slow operation: 769ms so far, now at startProcess: returned from zygote!
09-22 19:45:48.961 1119 1229 W ActivityManager: Slow operation: 770ms so far, now at startProcess: done updating battery stats
09-22 19:45:48.961 1119 1229 I am_proc_start: [0,2153,10051,.qtidataservices,added application,.qtidataservices]
09-22 19:45:48.961 1119 1229 W ActivityManager: Slow operation: 770ms so far, now at startProcess: building log message
09-22 19:45:48.961 1119 1229 I ActivityManager: Start proc 2153:.qtidataservices/u0a51 for added application .qtidataservices
09-22 19:45:48.961 1119 1229 W ActivityManager: Slow operation: 770ms so far, now at startProcess: starting to update pids map
09-22 19:45:48.962 1119 1229 W ActivityManager: Slow operation: 770ms so far, now at startProcess: done updating pids map
09-22 19:45:48.962 1119 1229 W ActivityManager: Slow operation: 769ms so far, now at startProcess: asking zygote to start proc
01-01 08:27:09.793 0 0 I binder : 2109:2182 ioctl 40046210 73ce6209e4 returned -22
09-22 19:45:48.994 1119 1226 I netstats_mobile_sample: [0,0,0,0,0,0,0,0,0,0,0,0,1663847148994]
09-22 19:45:48.994 1119 1226 I netstats_wifi_sample: [0,0,0,0,0,0,0,0,0,0,0,0,1663847148994]
01-01 08:27:09.793 0 0 I binder : 2153:2153 ioctl 40046210 7fcf144d74 returned -22
09-22 19:45:48.999 1119 1732 I dvm_lock_sample: [system_server,1,NetworkPolicy.uid,81,NetworkStatsService.java,969,void com.android.server.net.NetworkStatsService.setUidForeground(int, boolean),-,1506,void com.android.server.net.NetworkStatsService.performPoll(int),16]
09-22 19:45:49.000 1119 1226 D TelephonyRegistry: listen oscl: mHasNotifySubscriptionInfoChangedOccurred==false no callback
09-22 19:45:49.003 1119 1226 D CountryDetector: Using custom country detector class: com.android.server.location.ComprehensiveCountryDetector
09-22 19:45:49.003 1119 1226 E CountryDetector: Could not instantiate the custom country detector class
09-22 19:45:49.003 1119 1226 D CountryDetector: Using default country detector
01-01 08:27:09.814 0 0 D : mv2112_read_status
09-22 19:45:49.014 2109 2109 I service_manager_slow: [16,game]
09-22 19:45:49.035 1119 1644 D TelephonyRegistry: listen oscl: mHasNotifySubscriptionInfoChangedOccurred==false no callback
09-22 19:45:49.069 1119 1643 D CompatibilityChangeReporter: Compat change id reported: 157233955; UID 10087; state: ENABLED
09-22 19:45:49.113 1119 2027 I am_proc_bound: [0,2153,.qtidataservices]
09-22 19:45:49.115 1119 2027 D CompatibilityChangeReporter: Compat change id reported: 168419799; UID 10051; state: DISABLED
01-01 08:27:09.814 0 0 D mv2112_update_link: 3.0x901(1G): 0x80
01-01 08:27:09.814 0 0 D mv2112_update_link: 3.0x8109(100M): 0x0
01-01 08:27:09.814 0 0 D mv2112_update_link: link 0x0
01-01 08:27:09.814 0 0 D mv2112_read_status: autoneg is disabled
09-22 19:45:49.121 1119 2027 I am_uid_active: 10051
01-01 08:27:09.909 0 0 I msm_vidc: high: 00000001: ....d: Opening video instance: ffffffdca4e34000, 1
09-22 19:45:49.220 1119 1644 I ActivityManager: Process WebViewLoader-arm64-v8a (pid 1968) has died: psvc PER
09-22 19:45:49.227 1119 1644 I am_proc_died: [0,1968,WebViewLoader-arm64-v8a,-700,0]
09-22 19:45:49.231 1119 1644 I am_uid_stopped: 1037
09-22 19:45:49.238 1119 1644 I am_low_memory: 8
01-01 08:27:09.947 0 0 E : INFO: trying to register non-static key.
09-22 19:45:49.240 1119 1229 W ActivityManager: Slow operation: 1047ms so far, now at startProcess: returned from zygote!
09-22 19:45:49.241 1119 1229 W ActivityManager: Slow operation: 1049ms so far, now at startProcess: done updating battery stats
09-22 19:45:49.241 1119 1229 I am_proc_start: [0,2200,1000,vendor.qti.qesdk.sysservice,added application,vendor.qti.qesdk.sysservice]
01-01 08:27:09.952 0 0 E : the code is fine but needs lockdep annotation.
01-01 08:27:09.958 0 0 I : CPU: 0 PID: 2204 Comm: VideoDecMsgThre Tainted: G S W O 4.19.157+ #1
01-01 08:27:09.958 0 0 I Hardware name: Qualcomm Technologies, Inc. kona MTP-RmPM8150b. VC1(FSE) EVT1 (DT)
01-01 08:27:09.958 0 0 I Call trace:
01-01 08:27:09.958 0 0 I : dump_backtrace+0x0/0x258
01-01 08:27:09.958 0 0 I : show_stack+0x20/0x30
01-01 08:27:09.958 0 0 I : dump_stack+0xd8/0x12c
01-01 08:27:09.958 0 0 I : register_lock_class+0x4d0/0x5c8
01-01 08:27:09.958 0 0 I : __lock_acquire+0xbc/0x1e58
01-01 08:27:09.958 0 0 I : lock_acquire+0x1cc/0x218
01-01 08:27:09.958 0 0 I : _raw_spin_lock_irqsave+0x54/0x98
01-01 08:27:09.958 0 0 I : __ion_system_secure_heap_resize+0x768/0x8c0
01-01 08:27:09.958 0 0 I : ion_system_secure_heap_prefetch+0x28/0x38
01-01 08:27:09.958 0 0 I : ion_walk_heaps+0x88/0xb8
01-01 08:27:09.958 0 0 I : ion_ioctl+0x1b0/0x2a8
01-01 08:27:09.958 0 0 I : __arm64_compat_sys_ioctl+0xf4/0x240
01-01 08:27:09.958 0 0 I : el0_svc_common+0xa4/0x190
01-01 08:27:09.958 0 0 I : el0_svc_compat_handler+0x28/0x38
01-01 08:27:09.958 0 0 I : el0_svc_compat+0x8/0x34
01-01 08:27:09.963 0 0 E : INFO: trying to register non-static key.
01-01 08:27:09.968 0 0 E : the code is fine but needs lockdep annotation.
01-01 08:27:09.974 0 0 I : CPU: 5 PID: 81 Comm: kworker/u16:1 Tainted: G S W O 4.19.157+ #1
01-01 08:27:09.974 0 0 I Hardware name: Qualcomm Technologies, Inc. kona MTP-RmPM8150b. VC1(FSE) EVT1 (DT)
01-01 08:27:09.974 0 0 I Workqueue: events_unbound ion_system_secure_heap_prefetch_work
01-01 08:27:09.974 0 0 I Call trace:
01-01 08:27:09.974 0 0 I : dump_backtrace+0x0/0x258
01-01 08:27:09.974 0 0 I : show_stack+0x20/0x30
01-01 08:27:09.974 0 0 I : dump_stack+0xd8/0x12c
01-01 08:27:09.974 0 0 I : register_lock_class+0x4d0/0x5c8
01-01 08:27:09.974 0 0 I : __lock_acquire+0xbc/0x1e58
01-01 08:27:09.974 0 0 I : lock_acquire+0x1cc/0x218
01-01 08:27:09.974 0 0 I : _raw_spin_lock_irqsave+0x54/0x98
01-01 08:27:09.974 0 0 I : ion_system_secure_heap_prefetch_work+0x48/0x2c0
01-01 08:27:09.974 0 0 I : process_one_work+0x38c/0x660
01-01 08:27:09.974 0 0 I : worker_thread+0x268/0x4b8
01-01 08:27:09.974 0 0 I : kthread+0x140/0x150
01-01 08:27:09.974 0 0 I : ret_from_fork+0x10/0x1c
01-01 08:27:09.978 0 0 E : INFO: trying to register non-static key.
01-01 08:27:09.982 0 0 E : INFO: trying to register non-static key.
01-01 08:27:09.983 0 0 E : the code is fine but needs lockdep annotation.
09-22 19:45:49.241 1119 1229 W ActivityManager: Slow operation: 1049ms so far, now at startProcess: building log message
09-22 19:45:49.241 1119 1229 I ActivityManager: Start proc 2200:vendor.qti.qesdk.sysservice/1000 for added application vendor.qti.qesdk.sysservice
09-22 19:45:49.241 1119 1229 W ActivityManager: Slow operation: 1049ms so far, now at startProcess: starting to update pids map
09-22 19:45:49.242 1119 1229 W ActivityManager: Slow operation: 1050ms so far, now at startProcess: done updating pids map
09-22 19:45:49.242 1119 1229 W ActivityManager: Slow operation: 1049ms so far, now at startProcess: asking zygote to start proc
09-22 19:45:49.243 1119 1229 D CompatibilityChangeReporter: Compat change id reported: 143937733; UID 10092; state: DISABLED
09-22 19:45:49.283 1119 1229 W ActivityManager: Slow operation: 1090ms so far, now at startProcess: returned from zygote!
01-01 08:27:09.988 0 0 E : the code is fine but needs lockdep annotation.
01-01 08:27:09.991 0 0 I cnss-daemon: DMS thread joined succesfully
01-01 08:27:09.991 0 0 I cnss-daemon: wlfw_stop: Stop done: 0
09-22 19:45:49.283 1119 1229 W ActivityManager: Slow operation: 1090ms so far, now at startProcess: done updating battery stats
01-01 08:27:09.991 0 0 I cnss-daemon: wlfw_start: Starting
09-22 19:45:49.283 1119 1229 I am_proc_start: [0,2218,10092,com.qti.qualcomm.mstatssystemservice,added application,com.qti.qualcomm.mstatssystemservice]
09-22 19:45:49.284 1119 1229 W ActivityManager: Slow operation: 1090ms so far, now at startProcess: building log message
09-22 19:45:49.284 1119 1229 I ActivityManager: Start proc 2218:com.qti.qualcomm.mstatssystemservice/u0a92 for added application com.qti.qualcomm.mstatssystemservice
09-22 19:45:49.284 1119 1229 W ActivityManager: Slow operation: 1090ms so far, now at startProcess: starting to update pids map
09-22 19:45:49.284 1119 1229 W ActivityManager: Slow operation: 1091ms so far, now at startProcess: done updating pids map
09-22 19:45:49.284 1119 1229 W ActivityManager: Slow operation: 1089ms so far, now at startProcess: asking zygote to start proc
09-22 19:45:49.303 1898 1898 D SystemUIBootTiming: DependencyInjection took to complete: 0ms
09-22 19:45:49.304 2092 2092 W ContextImpl: Calling a method in the system process without a qualified user: android.app.ContextImpl.startService:1816 android.content.ContextWrapper.startService:774 com.thundercomm.microsettings.service.SettingsApplication.onCreate:30 android.app.Instrumentation.callApplicationOnCreate:1212 android.app.ActivityThread.handleBindApplication:6744
09-22 19:45:49.304 1119 1643 W ActivityManager: Unable to start service Intent { act=com.thundercomm.microsettings.SETTING_SERVICE pkg=com.thundercomm.microsettings } U=0: not found
09-22 19:45:49.305 2092 2092 W ContextImpl: Calling a method in the system process without a qualified user: android.app.ContextImpl.startService:1816 android.content.ContextWrapper.startService:774 com.thundercomm.microsettings.service.SettingsApplication.onCreate:36 android.app.Instrumentation.callApplicationOnCreate:1212 android.app.ActivityThread.handleBindApplication:6744
09-22 19:45:49.305 1119 1643 W ActivityManager: Unable to start service Intent { act=com.thundercomm.microsettings.EOL_SERVICE pkg=com.thundercomm.microsettings } U=0: not found
01-01 08:27:09.994 0 0 I cnss-daemon: wlfw_service_request: Start the pthread: 0x0K
01-01 08:27:09.994 0 0 I : CPU: 6 PID: 1386 Comm: HwBinder:1344_2 Tainted: G S W O 4.19.157+ #1
01-01 08:27:10.000 0 0 I Hardware name: Qualcomm Technologies, Inc. kona MTP-RmPM8150b. VC1(FSE) EVT1 (DT)
01-01 08:27:10.000 0 0 I Call trace:
01-01 08:27:10.000 0 0 I : dump_backtrace+0x0/0x258
01-01 08:27:10.000 0 0 I : show_stack+0x20/0x30
01-01 08:27:10.000 0 0 I : dump_stack+0xd8/0x12c
01-01 08:27:10.000 0 0 I : register_lock_class+0x4d0/0x5c8
01-01 08:27:10.000 0 0 I : __lock_acquire+0xbc/0x1e58
01-01 08:27:10.000 0 0 I : lock_acquire+0x1cc/0x218
01-01 08:27:10.000 0 0 I : _raw_spin_lock_irqsave+0x54/0x98
01-01 08:27:10.000 0 0 I : __ion_system_secure_heap_resize+0x768/0x8c0
01-01 08:27:10.000 0 0 I : ion_system_secure_heap_drain+0x28/0x38
01-01 08:27:10.000 0 0 I : ion_walk_heaps+0x88/0xb8
01-01 08:27:10.000 0 0 I : ion_ioctl+0x1b0/0x2a8
01-01 08:27:10.000 0 0 I : __arm64_compat_sys_ioctl+0xf4/0x240
01-01 08:27:10.000 0 0 I : el0_svc_common+0xa4/0x190
01-01 08:27:10.000 0 0 I : el0_svc_compat_handler+0x28/0x38
01-01 08:27:10.000 0 0 I : el0_svc_compat+0x8/0x34
01-01 08:27:10.000 0 0 I : CPU: 5 PID: 81 Comm: kworker/u16:1 Tainted: G S W O 4.19.157+ #1
01-01 08:27:10.000 0 0 I Hardware name: Qualcomm Technologies, Inc. kona MTP-RmPM8150b. VC1(FSE) EVT1 (DT)
01-01 08:27:10.000 0 0 I Workqueue: events_unbound ion_system_secure_heap_prefetch_work
01-01 08:27:10.000 0 0 I Call trace:
01-01 08:27:10.000 0 0 I : dump_backtrace+0x0/0x258
01-01 08:27:10.000 0 0 I : show_stack+0x20/0x30
01-01 08:27:10.000 0 0 I : dump_stack+0xd8/0x12c
01-01 08:27:10.000 0 0 I : register_lock_class+0x4d0/0x5c8
01-01 08:27:10.000 0 0 I : __lock_acquire+0xbc/0x1e58
01-01 08:27:10.000 0 0 I : lock_acquire+0x1cc/0x218
01-01 08:27:10.000 0 0 I : _raw_spin_lock_irqsave+0x54/0x98
01-01 08:27:10.000 0 0 I : ion_system_secure_heap_prefetch_work+0x94/0x2c0
01-01 08:27:10.000 0 0 I : process_one_work+0x38c/0x660
01-01 08:27:10.000 0 0 I : worker_thread+0x268/0x4b8
01-01 08:27:10.000 0 0 I : kthread+0x140/0x150
01-01 08:27:10.000 0 0 I : ret_from_fork+0x10/0x1c
01-01 08:27:10.009 0 0 E : INFO: trying to register non-static key.
01-01 08:27:10.015 0 0 E : the code is fine but needs lockdep annotation.
01-01 08:27:10.020 0 0 I : CPU: 5 PID: 81 Comm: kworker/u16:1 Tainted: G S W O 4.19.157+ #1
01-01 08:27:10.020 0 0 I Hardware name: Qualcomm Technologies, Inc. kona MTP-RmPM8150b. VC1(FSE) EVT1 (DT)
01-01 08:27:10.020 0 0 I Workqueue: events_unbound ion_system_secure_heap_prefetch_work
01-01 08:27:10.020 0 0 I Call trace:
01-01 08:27:10.020 0 0 I : dump_backtrace+0x0/0x258
01-01 08:27:10.020 0 0 I : show_stack+0x20/0x30
01-01 08:27:10.020 0 0 I : dump_stack+0xd8/0x12c
01-01 08:27:10.020 0 0 I : register_lock_class+0x4d0/0x5c8
01-01 08:27:10.020 0 0 I : __lock_acquire+0xbc/0x1e58
01-01 08:27:10.020 0 0 I : lock_acquire+0x1cc/0x218
01-01 08:27:10.020 0 0 I : _raw_spin_lock_irqsave+0x54/0x98
01-01 08:27:10.020 0 0 I : ion_system_secure_heap_prefetch_work+0x94/0x2c0
01-01 08:27:10.020 0 0 I : process_one_work+0x38c/0x660
01-01 08:27:10.020 0 0 I : worker_thread+0x268/0x4b8
01-01 08:27:10.020 0 0 I : kthread+0x140/0x150
01-01 08:27:10.020 0 0 I : ret_from_fork+0x10/0x1c
01-01 08:27:10.025 0 0 I cnss-daemon: ro.baseband : [apq]
01-01 08:27:10.025 0 0 I cnss-daemon: Hardware supports external modem
01-01 08:27:10.028 0 0 I binder : 2200:2200 ioctl 40046210 7fcf144d74 returned -22
01-01 08:27:10.030 0 0 I msm_vidc: high: 00000001: h265d: Closed video instance: ffffffdca4e34000
01-01 08:27:10.041 0 0 E : INFO: trying to register non-static key.
01-01 08:27:10.047 0 0 E : the code is fine but needs lockdep annotation.
01-01 08:27:10.052 0 0 I : CPU: 5 PID: 81 Comm: kworker/u16:1 Tainted: G S W O 4.19.157+ #1
01-01 08:27:10.052 0 0 I Hardware name: Qualcomm Technologies, Inc. kona MTP-RmPM8150b. VC1(FSE) EVT1 (DT)
01-01 08:27:10.052 0 0 I Workqueue: events_unbound ion_system_secure_heap_prefetch_work
01-01 08:27:10.052 0 0 I Call trace:
01-01 08:27:10.052 0 0 I : dump_backtrace+0x0/0x258
01-01 08:27:10.052 0 0 I : show_stack+0x20/0x30
01-01 08:27:10.052 0 0 I : dump_stack+0xd8/0x12c
01-01 08:27:10.052 0 0 I : register_lock_class+0x4d0/0x5c8
01-01 08:27:10.052 0 0 I : __lock_acquire+0xbc/0x1e58
01-01 08:27:10.052 0 0 I : lock_acquire+0x1cc/0x218
01-01 08:27:10.052 0 0 I : _raw_spin_lock_irqsave+0x54/0x98
01-01 08:27:10.052 0 0 I : ion_system_secure_heap_prefetch_work+0x94/0x2c0
01-01 08:27:10.052 0 0 I : process_one_work+0x38c/0x660
01-01 08:27:10.052 0 0 I : worker_thread+0x268/0x4b8
01-01 08:27:10.052 0 0 I : kthread+0x140/0x150
01-01 08:27:10.052 0 0 I : ret_from_fork+0x10/0x1c
01-01 08:27:10.066 0 0 E : INFO: trying to register non-static key.
09-22 19:45:49.335 1898 1898 D SystemUIBootTiming: StartServicescom.android.systemui.util.NotificationChannels took to complete: 3ms
09-22 19:45:49.351 2200 2200 I service_manager_slow: [21,activity]
09-22 19:45:49.351 1119 1643 I am_proc_bound: [0,2200,vendor.qti.qesdk.sysservice]
09-22 19:45:49.354 1119 1643 D CompatibilityChangeReporter: Compat change id reported: 168419799; UID 1000; state: DISABLED
01-01 08:27:10.071 0 0 E : the code is fine but needs lockdep annotation.
01-01 08:27:10.077 0 0 I : CPU: 5 PID: 81 Comm: kworker/u16:1 Tainted: G S W O 4.19.157+ #1
01-01 08:27:10.077 0 0 I Hardware name: Qualcomm Technologies, Inc. kona MTP-RmPM8150b. VC1(FSE) EVT1 (DT)
01-01 08:27:10.077 0 0 I Workqueue: events_unbound ion_system_secure_heap_prefetch_work
01-01 08:27:10.077 0 0 I Call trace:
01-01 08:27:10.077 0 0 I : dump_backtrace+0x0/0x258
01-01 08:27:10.077 0 0 I : show_stack+0x20/0x30
01-01 08:27:10.077 0 0 I : dump_stack+0xd8/0x12c
01-01 08:27:10.077 0 0 I : register_lock_class+0x4d0/0x5c8
01-01 08:27:10.077 0 0 I : __lock_acquire+0xbc/0x1e58
01-01 08:27:10.077 0 0 I : lock_acquire+0x1cc/0x218
01-01 08:27:10.077 0 0 I : _raw_spin_lock_irqsave+0x54/0x98
