09-22 19:45:47.331 1119 1119 D SystemServerTiming: OnBootPhase_480_com.android.server.pm.CrossProfileAppsService took to complete: 0ms
09-22 19:45:47.331 1119 1119 I SystemServerTiming: OnBootPhase_480_com.android.server.people.PeopleService
09-22 19:45:47.331 1119 1119 D SystemServerTiming: OnBootPhase_480_com.android.server.people.PeopleService took to complete: 0ms
09-22 19:45:47.331 1119 1119 I SystemServerTiming: OnBootPhase_480_com.android.server.media.metrics.MediaMetricsManagerService
09-22 19:45:47.331 1119 1119 D SystemServerTiming: OnBootPhase_480_com.android.server.media.metrics.MediaMetricsManagerService took to complete: 0ms
09-22 19:45:47.331 1119 1119 I SystemServerTiming: OnBootPhase_480_com.android.server.media.projection.MediaProjectionManagerService
09-22 19:45:47.331 1119 1119 D SystemServerTiming: OnBootPhase_480_com.android.server.media.projection.MediaProjectionManagerService took to complete: 0ms
09-22 19:45:47.331 1119 1119 I SystemServerTiming: OnBootPhase_480_com.android.server.slice.SliceManagerService$Lifecycle
09-22 19:45:47.331 1119 1119 D SystemServerTiming: OnBootPhase_480_com.android.server.slice.SliceManagerService$Lifecycle took to complete: 0ms
09-22 19:45:47.331 1119 1119 I SystemServerTiming: OnBootPhase_480_com.android.server.stats.StatsCompanion$Lifecycle
09-22 19:45:47.331 1119 1119 D SystemServerTiming: OnBootPhase_480_com.android.server.stats.StatsCompanion$Lifecycle took to complete: 0ms
09-22 19:45:47.331 1119 1119 I SystemServerTiming: OnBootPhase_480_com.android.server.scheduling.RebootReadinessManagerService$Lifecycle
09-22 19:45:47.331 1119 1119 D SystemServerTiming: OnBootPhase_480_com.android.server.scheduling.RebootReadinessManagerService$Lifecycle took to complete: 0ms
09-22 19:45:47.331 1119 1119 I SystemServerTiming: OnBootPhase_480_com.android.server.stats.pull.StatsPullAtomService
09-22 19:45:47.331 1119 1119 D SystemServerTiming: OnBootPhase_480_com.android.server.stats.pull.StatsPullAtomService took to complete: 0ms
09-22 19:45:47.331 1119 1119 I SystemServerTiming: OnBootPhase_480_com.android.server.incident.IncidentCompanionService
09-22 19:45:47.331 1119 1119 D SystemServerTiming: OnBootPhase_480_com.android.server.incident.IncidentCompanionService took to complete: 0ms
09-22 19:45:47.331 1119 1119 I SystemServerTiming: OnBootPhase_480_com.android.server.MmsServiceBroker
09-22 19:45:47.331 1119 1119 D SystemServerTiming: OnBootPhase_480_com.android.server.MmsServiceBroker took to complete: 0ms
09-22 19:45:47.331 1119 1119 I SystemServerTiming: OnBootPhase_480_com.android.server.autofill.AutofillManagerService
09-22 19:45:47.331 1119 1119 D SystemServerTiming: OnBootPhase_480_com.android.server.autofill.AutofillManagerService took to complete: 0ms
09-22 19:45:47.331 1119 1119 I SystemServerTiming: OnBootPhase_480_com.android.server.clipboard.ClipboardService
09-22 19:45:47.331 1119 1119 D SystemServerTiming: OnBootPhase_480_com.android.server.clipboard.ClipboardService took to complete: 0ms
09-22 19:45:47.331 1119 1119 I SystemServerTiming: OnBootPhase_480_com.android.server.appbinding.AppBindingService$Lifecycle
09-22 19:45:47.332 1119 1119 D SystemServerTiming: OnBootPhase_480_com.android.server.appbinding.AppBindingService$Lifecycle took to complete: 0ms
09-22 19:45:47.332 1119 1119 I SystemServerTiming: OnBootPhase_480_com.android.server.tracing.TracingServiceProxy
09-22 19:45:47.332 1119 1119 D SystemServerTiming: OnBootPhase_480_com.android.server.tracing.TracingServiceProxy took to complete: 0ms
09-22 19:45:47.332 1119 1119 D SystemServerTiming: OnBootPhase_480 took to complete: 24ms
09-22 19:45:47.332 1119 1119 D SystemServerTiming: StartBootPhaseLockSettingsReady took to complete: 24ms
09-22 19:45:47.332 1119 1119 I SystemServerTiming: StartBootPhaseSystemServicesReady
09-22 19:45:47.332 1119 1119 I SystemServiceManager: Starting phase 500
09-22 19:45:47.332 1119 1119 I SystemServerTiming: OnBootPhase_500
09-22 19:45:47.332 1119 1119 I SystemServerTiming: OnBootPhase_500_com.android.server.security.FileIntegrityService
09-22 19:45:47.332 1119 1119 D SystemServerTiming: OnBootPhase_500_com.android.server.security.FileIntegrityService took to complete: 0ms
09-22 19:45:47.332 1119 1119 I SystemServerTiming: OnBootPhase_500_com.android.server.pm.Installer
09-22 19:45:47.332 1119 1119 D SystemServerTiming: OnBootPhase_500_com.android.server.pm.Installer took to complete: 0ms
09-22 19:45:47.332 1119 1119 I SystemServerTiming: OnBootPhase_500_com.android.server.os.DeviceIdentifiersPolicyService
09-22 19:45:47.332 1119 1119 D SystemServerTiming: OnBootPhase_500_com.android.server.os.DeviceIdentifiersPolicyService took to complete: 0ms
09-22 19:45:47.332 1119 1119 I SystemServerTiming: OnBootPhase_500_com.android.server.uri.UriGrantsManagerService$Lifecycle
09-22 19:45:47.332 1119 1119 D SystemServerTiming: OnBootPhase_500_com.android.server.uri.UriGrantsManagerService$Lifecycle took to complete: 0ms
09-22 19:45:47.332 1119 1119 I SystemServerTiming: OnBootPhase_500_com.android.server.powerstats.PowerStatsService
09-22 19:45:47.332 1119 1119 E StatsPullAtomCallbackImpl: Failed to start PowerStatsService statsd pullers
09-22 19:45:47.332 1119 1119 D SystemServerTiming: OnBootPhase_500_com.android.server.powerstats.PowerStatsService took to complete: 0ms
09-22 19:45:47.332 1119 1119 I SystemServerTiming: OnBootPhase_500_com.android.server.wm.ActivityTaskManagerService$Lifecycle
09-22 19:45:47.332 1119 1119 D SystemServerTiming: OnBootPhase_500_com.android.server.wm.ActivityTaskManagerService$Lifecycle took to complete: 0ms
09-22 19:45:47.332 1119 1119 I SystemServerTiming: OnBootPhase_500_com.android.server.am.ActivityManagerService$Lifecycle
09-22 19:45:47.334 1119 1119 E BatteryStatsService: Could not register PowerStatsInternal
09-22 19:45:47.337 1119 1119 D SystemServerTiming: OnBootPhase_500_com.android.server.am.ActivityManagerService$Lifecycle took to complete: 5ms
09-22 19:45:47.337 1119 1119 I SystemServerTiming: OnBootPhase_500_com.android.server.pm.DataLoaderManagerService
09-22 19:45:47.337 1119 1119 D SystemServerTiming: OnBootPhase_500_com.android.server.pm.DataLoaderManagerService took to complete: 0ms
09-22 19:45:47.337 1119 1119 I SystemServerTiming: OnBootPhase_500_com.android.server.power.PowerManagerService
09-22 19:45:47.337 1119 1119 D SystemServerTiming: OnBootPhase_500_com.android.server.power.PowerManagerService took to complete: 0ms
09-22 19:45:47.337 1119 1119 I SystemServerTiming: OnBootPhase_500_com.android.server.power.ThermalManagerService
09-22 19:45:47.337 1119 1119 D SystemServerTiming: OnBootPhase_500_com.android.server.power.ThermalManagerService took to complete: 0ms
09-22 19:45:47.337 1119 1119 I SystemServerTiming: OnBootPhase_500_com.android.server.power.hint.HintManagerService
09-22 19:45:47.338 1119 1119 V HintManagerService: Initializing HintManager service...
09-22 19:45:47.338 1119 1119 V HistoricalRegistry: Interaction before persistence initialized
09-22 19:45:47.338 1119 1119 D SystemServerTiming: OnBootPhase_500_com.android.server.power.hint.HintManagerService took to complete: 0ms
09-22 19:45:47.338 1119 1119 I SystemServerTiming: OnBootPhase_500_com.android.server.recoverysystem.RecoverySystemService$Lifecycle
09-22 19:45:47.338 1119 1119 D SystemServerTiming: OnBootPhase_500_com.android.server.recoverysystem.RecoverySystemService$Lifecycle took to complete: 0ms
09-22 19:45:47.338 1119 1119 I SystemServerTiming: OnBootPhase_500_com.android.server.lights.LightsService
09-22 19:45:47.338 1119 1119 D SystemServerTiming: OnBootPhase_500_com.android.server.lights.LightsService took to complete: 0ms
09-22 19:45:47.338 1119 1119 I SystemServerTiming: OnBootPhase_500_com.android.server.display.DisplayManagerService
09-22 19:45:47.338 1119 1119 D SystemServerTiming: OnBootPhase_500_com.android.server.display.DisplayManagerService took to complete: 0ms
09-22 19:45:47.338 1119 1119 I SystemServerTiming: OnBootPhase_500_com.android.server.pm.verify.domain.DomainVerificationService
09-22 19:45:47.338 1119 1119 D SystemServerTiming: OnBootPhase_500_com.android.server.pm.verify.domain.DomainVerificationService took to complete: 0ms
09-22 19:45:47.338 1119 1119 I SystemServerTiming: OnBootPhase_500_com.android.server.pm.PackageInstallerService$Lifecycle
09-22 19:45:47.338 1119 1119 D SystemServerTiming: OnBootPhase_500_com.android.server.pm.PackageInstallerService$Lifecycle took to complete: 0ms
09-22 19:45:47.338 1119 1119 I SystemServerTiming: OnBootPhase_500_com.android.server.pm.UserManagerService$LifeCycle
09-22 19:45:47.338 1119 1119 D SystemServerTiming: OnBootPhase_500_com.android.server.pm.UserManagerService$LifeCycle took to complete: 0ms
09-22 19:45:47.338 1119 1119 I SystemServerTiming: OnBootPhase_500_com.android.server.om.OverlayManagerService
09-22 19:45:47.338 1119 1119 D SystemServerTiming: OnBootPhase_500_com.android.server.om.OverlayManagerService took to complete: 0ms
09-22 19:45:47.338 1119 1119 I SystemServerTiming: OnBootPhase_500_com.android.server.SensorPrivacyService
09-22 19:45:47.342 1119 1119 D SystemServerTiming: OnBootPhase_500_com.android.server.SensorPrivacyService took to complete: 3ms
09-22 19:45:47.342 1119 1119 I SystemServerTiming: OnBootPhase_500_com.android.server.sensors.SensorService
09-22 19:45:47.342 1119 1119 D SystemServerTiming: OnBootPhase_500_com.android.server.sensors.SensorService took to complete: 0ms
09-22 19:45:47.342 1119 1831 I stream_devices_changed: [4,0,2]
01-01 08:27:08.044 0 0 I IPv6 : ADDRCONF(NETDEV_UP): vlan11: link is not ready
09-22 19:45:47.342 1119 1119 I SystemServerTiming: OnBootPhase_500_com.android.server.SystemConfigService
09-22 19:45:47.342 1119 1119 D SystemServerTiming: OnBootPhase_500_com.android.server.SystemConfigService took to complete: 0ms
09-22 19:45:47.342 1119 1119 I SystemServerTiming: OnBootPhase_500_com.android.server.BatteryService
09-22 19:45:47.342 1119 1119 D SystemServerTiming: OnBootPhase_500_com.android.server.BatteryService took to complete: 0ms
09-22 19:45:47.342 1119 1119 I SystemServerTiming: OnBootPhase_500_com.android.server.usage.UsageStatsService
09-22 19:45:47.342 1119 1831 I stream_devices_changed: [3,0,2]
09-22 19:45:47.344 1119 1119 D AppStandbyController: Setting app idle enabled state
09-22 19:45:47.347 1119 1119 V HistoricalRegistry: Interaction before persistence initialized
09-22 19:45:47.347 1119 1119 D SystemServerTiming: OnBootPhase_500_com.android.server.usage.UsageStatsService took to complete: 4ms
09-22 19:45:47.347 1119 1119 I SystemServerTiming: OnBootPhase_500_com.android.server.webkit.WebViewUpdateService
09-22 19:45:47.347 1119 1119 D SystemServerTiming: OnBootPhase_500_com.android.server.webkit.WebViewUpdateService took to complete: 0ms
09-22 19:45:47.347 1119 1119 I SystemServerTiming: OnBootPhase_500_com.android.server.CachedDeviceStateService
09-22 19:45:47.347 1119 1119 D SystemServerTiming: OnBootPhase_500_com.android.server.CachedDeviceStateService took to complete: 0ms
09-22 19:45:47.347 1119 1119 I SystemServerTiming: OnBootPhase_500_com.android.server.BinderCallsStatsService$LifeCycle
09-22 19:45:47.348 1119 1831 I stream_devices_changed: [2,0,2]
09-22 19:45:47.348 1119 1831 I stream_devices_changed: [0,0,1]
09-22 19:45:47.349 1119 1119 D SystemServerTiming: OnBootPhase_500_com.android.server.BinderCallsStatsService$LifeCycle took to complete: 1ms
09-22 19:45:47.349 1119 1119 I SystemServerTiming: OnBootPhase_500_com.android.server.LooperStatsService$Lifecycle
09-22 19:45:47.349 1119 1119 D SystemServerTiming: OnBootPhase_500_com.android.server.LooperStatsService$Lifecycle took to complete: 1ms
09-22 19:45:47.349 1119 1119 I SystemServerTiming: OnBootPhase_500_com.android.server.rollback.RollbackManagerService
09-22 19:45:47.349 1119 1119 D SystemServerTiming: OnBootPhase_500_com.android.server.rollback.RollbackManagerService took to complete: 0ms
09-22 19:45:47.349 1119 1119 I SystemServerTiming: OnBootPhase_500_com.android.server.os.NativeTombstoneManagerService
09-22 19:45:47.349 1119 1119 D SystemServerTiming: OnBootPhase_500_com.android.server.os.NativeTombstoneManagerService took to complete: 0ms
09-22 19:45:47.349 1119 1119 I SystemServerTiming: OnBootPhase_500_com.android.server.os.BugreportManagerService
09-22 19:45:47.349 1119 1119 D SystemServerTiming: OnBootPhase_500_com.android.server.os.BugreportManagerService took to complete: 0ms
09-22 19:45:47.349 1119 1119 I SystemServerTiming: OnBootPhase_500_com.android.server.gpu.GpuService
09-22 19:45:47.349 1119 1119 D SystemServerTiming: OnBootPhase_500_com.android.server.gpu.GpuService took to complete: 0ms
09-22 19:45:47.349 1119 1119 I SystemServerTiming: OnBootPhase_500_com.android.server.security.KeyChainSystemService
09-22 19:45:47.349 1119 1119 D SystemServerTiming: OnBootPhase_500_com.android.server.security.KeyChainSystemService took to complete: 0ms
09-22 19:45:47.349 1119 1119 I SystemServerTiming: OnBootPhase_500_com.android.server.telecom.TelecomLoaderService
09-22 19:45:47.349 1119 1119 D SystemServerTiming: OnBootPhase_500_com.android.server.telecom.TelecomLoaderService took to complete: 0ms
09-22 19:45:47.349 1119 1119 I SystemServerTiming: OnBootPhase_500_com.android.server.accounts.AccountManagerService$Lifecycle
09-22 19:45:47.350 1119 1119 D SystemServerTiming: OnBootPhase_500_com.android.server.accounts.AccountManagerService$Lifecycle took to complete: 0ms
09-22 19:45:47.350 1119 1119 I SystemServerTiming: OnBootPhase_500_com.android.server.content.ContentService$Lifecycle
09-22 19:45:47.350 1119 1119 D SystemServerTiming: OnBootPhase_500_com.android.server.content.ContentService$Lifecycle took to complete: 0ms
09-22 19:45:47.350 1119 1119 I SystemServerTiming: OnBootPhase_500_com.android.server.DropBoxManagerService
09-22 19:45:47.350 1119 1119 D SystemServerTiming: OnBootPhase_500_com.android.server.DropBoxManagerService took to complete: 0ms
09-22 19:45:47.350 1119 1119 I SystemServerTiming: OnBootPhase_500_com.android.role.RoleService
09-22 19:45:47.350 1119 1119 D SystemServerTiming: OnBootPhase_500_com.android.role.RoleService took to complete: 0ms
09-22 19:45:47.350 1119 1119 I SystemServerTiming: OnBootPhase_500_com.android.server.vibrator.VibratorManagerService$Lifecycle
09-22 19:45:47.350 1119 1119 V VibratorManagerService: Initializing VibratorManager service...
09-22 19:45:47.350 1119 1119 V HistoricalRegistry: Interaction before persistence initialized
09-22 19:45:47.351 1119 1119 V VibratorManagerService: VibratorManager service initialized
09-22 19:45:47.351 1119 1119 D SystemServerTiming: OnBootPhase_500_com.android.server.vibrator.VibratorManagerService$Lifecycle took to complete: 1ms
09-22 19:45:47.351 1119 1119 I SystemServerTiming: OnBootPhase_500_com.android.server.alarm.AlarmManagerService
09-22 19:45:47.352 1119 1119 E LazyAlarmStore: Removed TIME_TICK alarm
09-22 19:45:47.352 1119 1228 I am_wtf : [0,1119,system_server,-1,LazyAlarmStore,Removed TIME_TICK alarm]
09-22 19:45:47.353 1119 1119 D SystemServerTiming: OnBootPhase_500_com.android.server.alarm.AlarmManagerService took to complete: 2ms
09-22 19:45:47.353 1119 1119 I SystemServerTiming: OnBootPhase_500_com.android.server.devicestate.DeviceStateManagerService
09-22 19:45:47.353 1119 1119 D SystemServerTiming: OnBootPhase_500_com.android.server.devicestate.DeviceStateManagerService took to complete: 0ms
09-22 19:45:47.353 1119 1119 I SystemServerTiming: OnBootPhase_500_com.android.server.camera.CameraServiceProxy
09-22 19:45:47.353 1119 1119 D SystemServerTiming: OnBootPhase_500_com.android.server.camera.CameraServiceProxy took to complete: 0ms
09-22 19:45:47.353 1119 1119 I SystemServerTiming: OnBootPhase_500_com.android.server.BluetoothService
09-22 19:45:47.354 1119 1228 I DropBoxManagerService: add tag=system_server_wtf isTagEnabled=true flags=0x2
09-22 19:45:47.355 1119 1119 D SystemServerTiming: OnBootPhase_500_com.android.server.BluetoothService took to complete: 1ms
09-22 19:45:47.355 1119 1119 I SystemServerTiming: OnBootPhase_500_com.android.server.connectivity.IpConnectivityMetrics
09-22 19:45:47.358 1119 1119 D SystemServerTiming: OnBootPhase_500_com.android.server.connectivity.IpConnectivityMetrics took to complete: 3ms
09-22 19:45:47.358 1119 1119 I SystemServerTiming: OnBootPhase_500_com.android.server.net.watchlist.NetworkWatchlistService$Lifecycle
09-22 19:45:47.358 1119 1119 D SystemServerTiming: OnBootPhase_500_com.android.server.net.watchlist.NetworkWatchlistService$Lifecycle took to complete: 0ms
09-22 19:45:47.358 1119 1119 I SystemServerTiming: OnBootPhase_500_com.android.server.PinnerService
09-22 19:45:47.359 1119 1119 D SystemServerTiming: OnBootPhase_500_com.android.server.PinnerService took to complete: 1ms
09-22 19:45:47.359 1119 1119 I SystemServerTiming: OnBootPhase_500_com.google.android.startop.iorap.IorapForwardingService
09-22 19:45:47.359 1119 1119 D SystemServerTiming: OnBootPhase_500_com.google.android.startop.iorap.IorapForwardingService took to complete: 0ms
09-22 19:45:47.359 1119 1119 I SystemServerTiming: OnBootPhase_500_com.android.server.ActivityTriggerService
09-22 19:45:47.359 1119 1119 D SystemServerTiming: OnBootPhase_500_com.android.server.ActivityTriggerService took to complete: 0ms
09-22 19:45:47.359 1119 1119 I SystemServerTiming: OnBootPhase_500_com.android.server.integrity.AppIntegrityManagerService
09-22 19:45:47.359 1119 1119 D SystemServerTiming: OnBootPhase_500_com.android.server.integrity.AppIntegrityManagerService took to complete: 0ms
09-22 19:45:47.359 1119 1119 I SystemServerTiming: OnBootPhase_500_com.android.server.inputmethod.InputMethodManagerService$Lifecycle
09-22 19:45:47.359 1119 1119 D SystemServerTiming: OnBootPhase_500_com.android.server.inputmethod.InputMethodManagerService$Lifecycle took to complete: 0ms
09-22 19:45:47.359 1119 1119 I SystemServerTiming: OnBootPhase_500_com.android.server.accessibility.AccessibilityManagerService$Lifecycle
09-22 19:45:47.360 1119 1119 D SystemServerTiming: OnBootPhase_500_com.android.server.accessibility.AccessibilityManagerService$Lifecycle took to complete: 0ms
09-22 19:45:47.360 1119 1119 I SystemServerTiming: OnBootPhase_500_com.android.server.StorageManagerService$Lifecycle
09-22 19:45:47.361 1119 1119 D SystemServerTiming: OnBootPhase_500_com.android.server.StorageManagerService$Lifecycle took to complete: 1ms
09-22 19:45:47.361 1119 1119 I SystemServerTiming: OnBootPhase_500_com.android.server.usage.StorageStatsService$Lifecycle
09-22 19:45:47.361 1119 1119 D SystemServerTiming: OnBootPhase_500_com.android.server.usage.StorageStatsService$Lifecycle took to complete: 0ms
09-22 19:45:47.361 1119 1119 I SystemServerTiming: OnBootPhase_500_com.android.server.UiModeManagerService
09-22 19:45:47.362 1119 1119 I configuration_changed: 512
09-22 19:45:47.363 1119 1119 I ActivityTaskManager: Config changes=200 {1.0 ?mcc?mnc [zh_CN] ldltr sw720dp w1706dp h648dp 240dpi lrg long land finger -keyb/v/h -nav/h winConfig={ mBounds=Rect(0, 0 - 2560, 1080) mAppBounds=Rect(0, 0 - 2560, 1008) mMaxBounds=Rect(0, 0 - 2560, 1080) mWindowingMode=fullscreen mDisplayWindowingMode=fullscreen mActivityType=undefined mAlwaysOnTop=undefined mRotation=ROTATION_0} s.6 ?fontWeightAdjustment}
09-22 19:45:47.364 1119 1119 I WindowManager: Override config changes=200 {1.0 ?mcc?mnc [zh_CN] ldltr sw720dp w1706dp h648dp 240dpi lrg long land finger -keyb/v/h -nav/h winConfig={ mBounds=Rect(0, 0 - 2560, 1080) mAppBounds=Rect(0, 0 - 2560, 1008) mMaxBounds=Rect(0, 0 - 2560, 1080) mWindowingMode=fullscreen mDisplayWindowingMode=fullscreen mActivityType=undefined mAlwaysOnTop=undefined mRotation=ROTATION_0} s.6 ?fontWeightAdjustment} for displayId=0
09-22 19:45:47.366 1119 1119 D SystemServerTiming: OnBootPhase_500_com.android.server.UiModeManagerService took to complete: 4ms
09-22 19:45:47.366 1119 1119 I SystemServerTiming: OnBootPhase_500_com.android.server.locksettings.LockSettingsService$Lifecycle
09-22 19:45:47.366 1119 1119 D SystemServerTiming: OnBootPhase_500_com.android.server.locksettings.LockSettingsService$Lifecycle took to complete: 0ms
09-22 19:45:47.366 1119 1119 I SystemServerTiming: OnBootPhase_500_com.android.server.PersistentDataBlockService
09-22 19:45:47.366 1119 1119 D SystemServerTiming: OnBootPhase_500_com.android.server.PersistentDataBlockService took to complete: 0ms
09-22 19:45:47.366 1119 1119 I SystemServerTiming: OnBootPhase_500_com.android.server.testharness.TestHarnessModeService
09-22 19:45:47.366 1119 1119 D TestHarnessModeService: Setting up test harness mode
09-22 19:45:47.366 1119 1119 D TestHarnessModeService: Getting PersistentDataBlockManagerInternal from LocalServices
09-22 19:45:47.370 1119 1831 I stream_devices_changed: [6,0,1]
09-22 19:45:47.378 1119 1119 D SystemServerTiming: OnBootPhase_500_com.android.server.testharness.TestHarnessModeService took to complete: 11ms
09-22 19:45:47.378 1119 1119 I SystemServerTiming: OnBootPhase_500_com.android.server.oemlock.OemLockService
09-22 19:45:47.378 1119 1119 D SystemServerTiming: OnBootPhase_500_com.android.server.oemlock.OemLockService took to complete: 0ms
09-22 19:45:47.378 1119 1119 I SystemServerTiming: OnBootPhase_500_com.android.server.DeviceIdleController
09-22 19:45:47.379 1119 1119 V HistoricalRegistry: Interaction before persistence initialized
09-22 19:45:47.380 1119 1119 D SystemServerTiming: OnBootPhase_500_com.android.server.DeviceIdleController took to complete: 1ms
09-22 19:45:47.380 1119 1119 I SystemServerTiming: OnBootPhase_500_com.android.server.devicepolicy.DevicePolicyManagerService$Lifecycle
09-22 19:45:47.380 1119 1119 D SystemServerTiming: OnBootPhase_500_com.android.server.devicepolicy.DevicePolicyManagerService$Lifecycle took to complete: 0ms
09-22 19:45:47.380 1119 1119 I SystemServerTiming: OnBootPhase_500_com.android.server.texttospeech.TextToSpeechManagerService
09-22 19:45:47.380 1119 1119 D SystemServerTiming: OnBootPhase_500_com.android.server.texttospeech.TextToSpeechManagerService took to complete: 0ms
09-22 19:45:47.380 1119 1119 I SystemServerTiming: OnBootPhase_500_com.android.server.speech.SpeechRecognitionManagerService
09-22 19:45:47.380 1119 1119 D SystemServerTiming: OnBootPhase_500_com.android.server.speech.SpeechRecognitionManagerService took to complete: 0ms
09-22 19:45:47.380 1119 1119 I SystemServerTiming: OnBootPhase_500_com.android.server.searchui.SearchUiManagerService
09-22 19:45:47.380 1119 1119 D SystemServerTiming: OnBootPhase_500_com.android.server.searchui.SearchUiManagerService took to complete: 0ms
09-22 19:45:47.380 1119 1119 I SystemServerTiming: OnBootPhase_500_com.android.server.smartspace.SmartspaceManagerService
09-22 19:45:47.380 1119 1119 D SystemServerTiming: OnBootPhase_500_com.android.server.smartspace.SmartspaceManagerService took to complete: 0ms
09-22 19:45:47.380 1119 1119 I SystemServerTiming: OnBootPhase_500_com.android.server.graphics.fonts.FontManagerService$Lifecycle
09-22 19:45:47.380 1119 1119 D SystemServerTiming: OnBootPhase_500_com.android.server.graphics.fonts.FontManagerService$Lifecycle took to complete: 0ms
09-22 19:45:47.380 1119 1119 I SystemServerTiming: OnBootPhase_500_com.android.server.textservices.TextServicesManagerService$Lifecycle
09-22 19:45:47.380 1119 1119 D SystemServerTiming: OnBootPhase_500_com.android.server.textservices.TextServicesManagerService$Lifecycle took to complete: 0ms
09-22 19:45:47.380 1119 1119 I SystemServerTiming: OnBootPhase_500_com.android.server.textclassifier.TextClassificationManagerService$Lifecycle
09-22 19:45:47.380 1119 1119 D SystemServerTiming: OnBootPhase_500_com.android.server.textclassifier.TextClassificationManagerService$Lifecycle took to complete: 0ms
09-22 19:45:47.380 1119 1119 I SystemServerTiming: OnBootPhase_500_com.android.server.NetworkScoreService$Lifecycle
09-22 19:45:47.381 1119 1119 D SystemServerTiming: OnBootPhase_500_com.android.server.NetworkScoreService$Lifecycle took to complete: 0ms
09-22 19:45:47.381 1119 1119 I SystemServerTiming: OnBootPhase_500_com.android.server.wifi.WifiService
09-22 19:45:47.381 1119 1119 D SystemServerTiming: OnBootPhase_500_com.android.server.wifi.WifiService took to complete: 0ms
09-22 19:45:47.381 1119 1119 I SystemServerTiming: OnBootPhase_500_com.android.server.wifi.scanner.WifiScanningService
09-22 19:45:47.381 1119 1119 D SystemServerTiming: OnBootPhase_500_com.android.server.wifi.scanner.WifiScanningService took to complete: 0ms
09-22 19:45:47.381 1119 1119 I SystemServerTiming: OnBootPhase_500_com.android.server.wifi.rtt.RttService
09-22 19:45:47.382 1119 1119 D SystemServerTiming: OnBootPhase_500_com.android.server.wifi.rtt.RttService took to complete: 1ms
09-22 19:45:47.383 1119 1119 I SystemServerTiming: OnBootPhase_500_com.android.server.wifi.aware.WifiAwareService
09-22 19:45:47.385 1119 1119 D SystemServerTiming: OnBootPhase_500_com.android.server.wifi.aware.WifiAwareService took to complete: 2ms
09-22 19:45:47.385 1119 1119 I SystemServerTiming: OnBootPhase_500_com.android.server.wifi.p2p.WifiP2pService
09-22 19:45:47.385 1119 1119 D SystemServerTiming: OnBootPhase_500_com.android.server.wifi.p2p.WifiP2pService took to complete: 0ms
09-22 19:45:47.385 1119 1119 I SystemServerTiming: OnBootPhase_500_com.android.server.ethernet.EthernetService
09-22 19:45:47.390 1119 1119 D SystemServerTiming: OnBootPhase_500_com.android.server.ethernet.EthernetService took to complete: 4ms
09-22 19:45:47.390 1119 1119 I SystemServerTiming: OnBootPhase_500_com.android.server.ConnectivityServiceInitializer
09-22 19:45:47.390 1119 1119 D SystemServerTiming: OnBootPhase_500_com.android.server.ConnectivityServiceInitializer took to complete: 0ms
09-22 19:45:47.390 1119 1119 I SystemServerTiming: OnBootPhase_500_com.android.server.notification.NotificationManagerService
09-22 19:45:47.391 1862 1862 I auditd : type=1400 audit(0.0:88): avc: denied { read } for comm="ip" name="rt_tables" dev="dm-10" ino=350 scontext=u:r:ethernet:s0 tcontext=u:object_r:net_data_file:s0 tclass=file permissive=0
09-22 19:45:47.399 1351 1351 I auditd : type=1400 audit(0.0:89): avc: denied { write } for comm="sh" name="ip_forward" dev="proc" ino=42144 scontext=u:r:ethernet:s0 tcontext=u:object_r:proc_net:s0 tclass=file permissive=0
09-22 19:45:47.399 1351 1351 I auditd : type=1400 audit(0.0:90): avc: denied { write } for comm="sh" name="ip_default_ttl" dev="proc" ino=56413 scontext=u:r:ethernet:s0 tcontext=u:object_r:proc_net:s0 tclass=file permissive=0
09-22 19:45:47.399 1351 1351 I auditd : type=1400 audit(0.0:91): avc: denied { write } for comm="sh" name="tcp_keepalive_probes" dev="proc" ino=56414 scontext=u:r:ethernet:s0 tcontext=u:object_r:proc_net:s0 tclass=file permissive=0
09-22 19:45:47.403 1351 1351 I auditd : type=1400 audit(0.0:92): avc: denied { write } for comm="sh" name="tcp_keepalive_intvl" dev="proc" ino=57582 scontext=u:r:ethernet:s0 tcontext=u:object_r:proc_net:s0 tclass=file permissive=0
09-22 19:45:47.403 1351 1351 I auditd : type=1400 audit(0.0:93): avc: denied { write } for comm="sh" name="tcp_keepalive_time" dev="proc" ino=57583 scontext=u:r:ethernet:s0 tcontext=u:object_r:proc_net:s0 tclass=file permissive=0
09-22 19:45:47.403 1351 1351 I auditd : type=1400 audit(0.0:94): avc: denied { write } for comm="sh" name="tcp_rmem" dev="proc" ino=57584 scontext=u:r:ethernet:s0 tcontext=u:object_r:proc_net:s0 tclass=file permissive=0
09-22 19:45:47.403 1351 1351 I auditd : type=1400 audit(0.0:95): avc: denied { write } for comm="sh" name="tcp_wmem" dev="proc" ino=57585 scontext=u:r:ethernet:s0 tcontext=u:object_r:proc_net:s0 tclass=file permissive=0
09-22 19:45:47.403 1351 1351 I auditd : type=1400 audit(0.0:96): avc: denied { write } for comm="sh" name="tcp_synack_retries" dev="proc" ino=51642 scontext=u:r:ethernet:s0 tcontext=u:object_r:proc_net:s0 tclass=file permissive=0
09-22 19:45:47.403 1351 1351 I auditd : type=1400 audit(0.0:97): avc: denied { write } for comm="sh" name="tcp_syn_retries" dev="proc" ino=51641 scontext=u:r:ethernet:s0 tcontext=u:object_r:proc_net:s0 tclass=file permissive=0
09-22 19:45:47.403 1351 1351 I auditd : type=1400 audit(0.0:98): avc: denied { write } for comm="sh" name="tcp_max_tw_buckets" dev="proc" ino=57586 scontext=u:r:ethernet:s0 tcontext=u:object_r:proc_net:s0 tclass=file permissive=0
09-22 19:45:47.403 1351 1351 I auditd : type=1400 audit(0.0:99): avc: denied { write } for comm="sh" name="tcp_retries2" dev="proc" ino=51644 scontext=u:r:ethernet:s0 tcontext=u:object_r:proc_net:s0 tclass=file permissive=0
09-22 19:45:47.407 1351 1351 I auditd : type=1400 audit(0.0:100): avc: denied { write } for comm="sh" name="icmp_echo_ignore_all" dev="proc" ino=57587 scontext=u:r:ethernet:s0 tcontext=u:object_r:proc_net:s0 tclass=file permissive=0
09-22 19:45:47.407 1351 1351 I auditd : type=1400 audit(0.0:101): avc: denied { write } for comm="sh" name="icmp_echo_ignore_broadcasts" dev="proc" ino=57588 scontext=u:r:ethernet:s0 tcontext=u:object_r:proc_net:s0 tclass=file permissive=0
09-22 19:45:47.407 1351 1351 I auditd : type=1400 audit(0.0:102): avc: denied { write } for comm="sh" name="tcp_window_scaling" dev="proc" ino=57589 scontext=u:r:ethernet:s0 tcontext=u:object_r:proc_net:s0 tclass=file permissive=0
09-22 19:45:47.407 1351 1351 I auditd : type=1400 audit(0.0:103): avc: denied { write } for comm="sh" name="drop_gratuitous_arp" dev="proc" ino=57590 scontext=u:r:ethernet:s0 tcontext=u:object_r:proc_net:s0 tclass=file permissive=0
09-22 19:45:47.407 1351 1351 I auditd : type=1400 audit(0.0:104): avc: denied { write } for comm="sh" name="arp_accept" dev="proc" ino=57591 scontext=u:r:ethernet:s0 tcontext=u:object_r:proc_net:s0 tclass=file permissive=0
09-22 19:45:47.407 1351 1351 I auditd : type=1400 audit(0.0:105): avc: denied { write } for comm="sh" name="arp_notify" dev="proc" ino=57592 scontext=u:r:ethernet:s0 tcontext=u:object_r:proc_net:s0 tclass=file permissive=0
09-22 19:45:47.407 1351 1351 I auditd : type=1400 audit(0.0:106): avc: denied { write } for comm="sh" name="arp_ignore" dev="proc" ino=57593 scontext=u:r:ethernet:s0 tcontext=u:object_r:proc_net:s0 tclass=file permissive=0
09-22 19:45:47.428 1119 1119 D SystemServerTiming: OnBootPhase_500_com.android.server.notification.NotificationManagerService took to complete: 37ms
09-22 19:45:47.428 1119 1119 I SystemServerTiming: OnBootPhase_500_com.android.server.storage.DeviceStorageMonitorService
09-22 19:45:47.428 1119 1119 D SystemServerTiming: OnBootPhase_500_com.android.server.storage.DeviceStorageMonitorService took to complete: 0ms
09-22 19:45:47.428 1119 1119 I SystemServerTiming: OnBootPhase_500_com.android.server.location.LocationManagerService$Lifecycle
09-22 19:45:47.429 1119 1119 V HistoricalRegistry: Interaction before persistence initialized
09-22 19:45:47.429 1119 1119 D SystemServerTiming: OnBootPhase_500_com.android.server.location.LocationManagerService$Lifecycle took to complete: 1ms
09-22 19:45:47.429 1119 1119 I SystemServerTiming: OnBootPhase_500_com.android.server.timedetector.TimeDetectorService$Lifecycle
09-22 19:45:47.429 1119 1119 D SystemServerTiming: OnBootPhase_500_com.android.server.timedetector.TimeDetectorService$Lifecycle took to complete: 0ms
09-22 19:45:47.429 1119 1119 I SystemServerTiming: OnBootPhase_500_com.android.server.timezonedetector.TimeZoneDetectorService$Lifecycle
09-22 19:45:47.429 1119 1119 D SystemServerTiming: OnBootPhase_500_com.android.server.timezonedetector.TimeZoneDetectorService$Lifecycle took to complete: 0ms
09-22 19:45:47.430 1119 1119 I SystemServerTiming: OnBootPhase_500_com.android.server.timezonedetector.location.LocationTimeZoneManagerService$Lifecycle
09-22 19:45:47.430 1119 1119 D SystemServerTiming: OnBootPhase_500_com.android.server.timezonedetector.location.LocationTimeZoneManagerService$Lifecycle took to complete: 0ms
09-22 19:45:47.430 1119 1119 I SystemServerTiming: OnBootPhase_500_com.android.server.search.SearchManagerService$Lifecycle
09-22 19:45:47.430 1119 1119 D SystemServerTiming: OnBootPhase_500_com.android.server.search.SearchManagerService$Lifecycle took to complete: 0ms
09-22 19:45:47.430 1119 1119 I SystemServerTiming: OnBootPhase_500_com.android.server.wallpaper.WallpaperManagerService$Lifecycle
09-22 19:45:47.430 1119 1119 D SystemServerTiming: OnBootPhase_500_com.android.server.wallpaper.WallpaperManagerService$Lifecycle took to complete: 0ms
09-22 19:45:47.430 1119 1119 I SystemServerTiming: OnBootPhase_500_com.android.server.audio.AudioService$Lifecycle
09-22 19:45:47.430 1119 1119 D SystemServerTiming: OnBootPhase_500_com.android.server.audio.AudioService$Lifecycle took to complete: 0ms
09-22 19:45:47.430 1119 1119 I SystemServerTiming: OnBootPhase_500_com.android.server.soundtrigger_middleware.SoundTriggerMiddlewareService$Lifecycle
09-22 19:45:47.430 1119 1119 D SystemServerTiming: OnBootPhase_500_com.android.server.soundtrigger_middleware.SoundTriggerMiddlewareService$Lifecycle took to complete: 0ms
09-22 19:45:47.430 1119 1119 I SystemServerTiming: OnBootPhase_500_com.android.server.DockObserver
09-22 19:45:47.430 1119 1119 D SystemServerTiming: OnBootPhase_500_com.android.server.DockObserver took to complete: 0ms
09-22 19:45:47.430 1119 1119 I SystemServerTiming: OnBootPhase_500_com.android.server.midi.MidiService$Lifecycle
09-22 19:45:47.430 1119 1119 D SystemServerTiming: OnBootPhase_500_com.android.server.midi.MidiService$Lifecycle took to complete: 0ms
09-22 19:45:47.430 1119 1119 I SystemServerTiming: OnBootPhase_500_com.android.server.adb.AdbService$Lifecycle
09-22 19:45:47.430 1119 1119 D SystemServerTiming: OnBootPhase_500_com.android.server.adb.AdbService$Lifecycle took to complete: 0ms
09-22 19:45:47.430 1119 1119 I SystemServerTiming: OnBootPhase_500_com.android.server.usb.UsbService$Lifecycle
09-22 19:45:47.430 1119 1119 D SystemServerTiming: OnBootPhase_500_com.android.server.usb.UsbService$Lifecycle took to complete: 0ms
09-22 19:45:47.430 1119 1119 I SystemServerTiming: OnBootPhase_500_com.android.server.twilight.TwilightService
09-22 19:45:47.430 1119 1119 D SystemServerTiming: OnBootPhase_500_com.android.server.twilight.TwilightService took to complete: 0ms
09-22 19:45:47.430 1119 1119 I SystemServerTiming: OnBootPhase_500_com.android.server.display.color.ColorDisplayService
09-22 19:45:47.430 1119 1119 D SystemServerTiming: OnBootPhase_500_com.android.server.display.color.ColorDisplayService took to complete: 0ms
09-22 19:45:47.430 1119 1119 I SystemServerTiming: OnBootPhase_500_com.android.server.job.JobSchedulerService
09-22 19:45:47.440 1119 1119 V HistoricalRegistry: Interaction before persistence initialized
09-22 19:45:47.441 1119 1119 D SystemServerTiming: OnBootPhase_500_com.android.server.job.JobSchedulerService took to complete: 11ms
09-22 19:45:47.442 1119 1119 I SystemServerTiming: OnBootPhase_500_com.android.server.soundtrigger.SoundTriggerService
09-22 19:45:47.442 1119 1119 D SoundTriggerService: onBootPhase: 500 : false
09-22 19:45:47.442 1119 1119 D SystemServerTiming: OnBootPhase_500_com.android.server.soundtrigger.SoundTriggerService took to complete: 0ms
09-22 19:45:47.442 1119 1119 I SystemServerTiming: OnBootPhase_500_com.android.server.trust.TrustManagerService
09-22 19:45:47.444 1119 1119 D SystemServerTiming: OnBootPhase_500_com.android.server.trust.TrustManagerService took to complete: 2ms
09-22 19:45:47.444 1119 1119 I SystemServerTiming: OnBootPhase_500_com.android.server.backup.BackupManagerService$Lifecycle
09-22 19:45:47.444 1119 1119 D SystemServerTiming: OnBootPhase_500_com.android.server.backup.BackupManagerService$Lifecycle took to complete: 0ms
09-22 19:45:47.444 1119 1119 I SystemServerTiming: OnBootPhase_500_com.android.server.appwidget.AppWidgetService
09-22 19:45:47.445 1119 1119 D SystemServerTiming: OnBootPhase_500_com.android.server.appwidget.AppWidgetService took to complete: 0ms
09-22 19:45:47.445 1119 1119 I SystemServerTiming: OnBootPhase_500_com.android.server.voiceinteraction.VoiceInteractionManagerService
09-22 19:45:47.445 1119 1119 D SystemServerTiming: OnBootPhase_500_com.android.server.voiceinteraction.VoiceInteractionManagerService took to complete: 0ms
09-22 19:45:47.445 1119 1119 I SystemServerTiming: OnBootPhase_500_com.android.server.apphibernation.AppHibernationService
09-22 19:45:47.446 1119 1119 D SystemServerTiming: OnBootPhase_500_com.android.server.apphibernation.AppHibernationService took to complete: 0ms
09-22 19:45:47.446 1119 1119 I SystemServerTiming: OnBootPhase_500_com.android.server.GestureLauncherService
09-22 19:45:47.446 1119 1119 D SystemServerTiming: OnBootPhase_500_com.android.server.GestureLauncherService took to complete: 0ms
09-22 19:45:47.446 1119 1119 I SystemServerTiming: OnBootPhase_500_com.android.server.SensorNotificationService
09-22 19:45:47.446 1119 1119 D SystemServerTiming: OnBootPhase_500_com.android.server.SensorNotificationService took to complete: 0ms
09-22 19:45:47.446 1119 1119 I SystemServerTiming: OnBootPhase_500_com.android.server.emergency.EmergencyAffordanceService
09-22 19:45:47.446 1119 1119 D SystemServerTiming: OnBootPhase_500_com.android.server.emergency.EmergencyAffordanceService took to complete: 0ms
09-22 19:45:47.446 1119 1119 I SystemServerTiming: OnBootPhase_500_com.android.server.blob.BlobStoreManagerService
09-22 19:45:47.446 1119 1119 D SystemServerTiming: OnBootPhase_500_com.android.server.blob.BlobStoreManagerService took to complete: 0ms
09-22 19:45:47.446 1119 1119 I SystemServerTiming: OnBootPhase_500_com.android.server.dreams.DreamManagerService
09-22 19:45:47.446 1119 1119 D SystemServerTiming: OnBootPhase_500_com.android.server.dreams.DreamManagerService took to complete: 0ms
09-22 19:45:47.446 1119 1119 I SystemServerTiming: OnBootPhase_500_com.android.server.companion.CompanionDeviceManagerService
09-22 19:45:47.447 1119 1119 I CompanionDeviceManagerService: initBleScanning()
09-22 19:45:47.448 1119 1119 D SystemServerTiming: OnBootPhase_500_com.android.server.companion.CompanionDeviceManagerService took to complete: 1ms
09-22 19:45:47.448 1119 1119 I SystemServerTiming: OnBootPhase_500_com.android.server.restrictions.RestrictionsManagerService
09-22 19:45:47.448 1119 1119 D SystemServerTiming: OnBootPhase_500_com.android.server.restrictions.RestrictionsManagerService took to complete: 0ms
09-22 19:45:47.448 1119 1119 I SystemServerTiming: OnBootPhase_500_com.android.server.media.MediaSessionService
09-22 19:45:47.448 1119 1119 D SystemServerTiming: OnBootPhase_500_com.android.server.media.MediaSessionService took to complete: 0ms
09-22 19:45:47.448 1119 1119 I SystemServerTiming: OnBootPhase_500_com.android.server.media.MediaResourceMonitorService
09-22 19:45:47.448 1119 1119 D SystemServerTiming: OnBootPhase_500_com.android.server.media.MediaResourceMonitorService took to complete: 0ms
09-22 19:45:47.448 1119 1119 I SystemServerTiming: OnBootPhase_500_com.android.server.biometrics.sensors.fingerprint.FingerprintService
09-22 19:45:47.448 1119 1119 D SystemServerTiming: OnBootPhase_500_com.android.server.biometrics.sensors.fingerprint.FingerprintService took to complete: 0ms
09-22 19:45:47.448 1119 1119 I SystemServerTiming: OnBootPhase_500_com.android.server.biometrics.BiometricService
09-22 19:45:47.448 1119 1119 D SystemServerTiming: OnBootPhase_500_com.android.server.biometrics.BiometricService took to complete: 0ms
09-22 19:45:47.448 1119 1119 I SystemServerTiming: OnBootPhase_500_com.android.server.biometrics.AuthService
09-22 19:45:47.448 1119 1119 D SystemServerTiming: OnBootPhase_500_com.android.server.biometrics.AuthService took to complete: 0ms
09-22 19:45:47.448 1119 1119 I SystemServerTiming: OnBootPhase_500_com.android.server.pm.ShortcutService$Lifecycle
09-22 19:45:47.448 1119 1119 D SystemServerTiming: OnBootPhase_500_com.android.server.pm.ShortcutService$Lifecycle took to complete: 0ms
09-22 19:45:47.448 1119 1119 I SystemServerTiming: OnBootPhase_500_com.android.server.pm.LauncherAppsService
09-22 19:45:47.448 1119 1119 D SystemServerTiming: OnBootPhase_500_com.android.server.pm.LauncherAppsService took to complete: 0ms
09-22 19:45:47.448 1119 1119 I SystemServerTiming: OnBootPhase_500_com.android.server.pm.CrossProfileAppsService
09-22 19:45:47.448 1119 1119 D SystemServerTiming: OnBootPhase_500_com.android.server.pm.CrossProfileAppsService took to complete: 0ms
09-22 19:45:47.449 1119 1119 I SystemServerTiming: OnBootPhase_500_com.android.server.people.PeopleService
09-22 19:45:47.449 1119 1119 D SystemServerTiming: OnBootPhase_500_com.android.server.people.PeopleService took to complete: 0ms
09-22 19:45:47.449 1119 1119 I SystemServerTiming: OnBootPhase_500_com.android.server.media.metrics.MediaMetricsManagerService
09-22 19:45:47.449 1119 1119 D SystemServerTiming: OnBootPhase_500_com.android.server.media.metrics.MediaMetricsManagerService took to complete: 0ms
09-22 19:45:47.449 1119 1119 I SystemServerTiming: OnBootPhase_500_com.android.server.media.projection.MediaProjectionManagerService
09-22 19:45:47.449 1119 1119 D SystemServerTiming: OnBootPhase_500_com.android.server.media.projection.MediaProjectionManagerService took to complete: 0ms
09-22 19:45:47.449 1119 1119 I SystemServerTiming: OnBootPhase_500_com.android.server.slice.SliceManagerService$Lifecycle
09-22 19:45:47.449 1119 1119 D SystemServerTiming: OnBootPhase_500_com.android.server.slice.SliceManagerService$Lifecycle took to complete: 0ms
09-22 19:45:47.449 1119 1119 I SystemServerTiming: OnBootPhase_500_com.android.server.stats.StatsCompanion$Lifecycle
09-22 19:45:47.449 1119 1119 D SystemServerTiming: OnBootPhase_500_com.android.server.stats.StatsCompanion$Lifecycle took to complete: 0ms
09-22 19:45:47.449 1119 1119 I SystemServerTiming: OnBootPhase_500_com.android.server.scheduling.RebootReadinessManagerService$Lifecycle
09-22 19:45:47.449 1119 1119 D SystemServerTiming: OnBootPhase_500_com.android.server.scheduling.RebootReadinessManagerService$Lifecycle took to complete: 0ms
09-22 19:45:47.449 1119 1119 I SystemServerTiming: OnBootPhase_500_com.android.server.stats.pull.StatsPullAtomService
09-22 19:45:47.450 1119 1119 D SystemServerTiming: OnBootPhase_500_com.android.server.stats.pull.StatsPullAtomService took to complete: 0ms
09-22 19:45:47.450 1119 1119 I SystemServerTiming: OnBootPhase_500_com.android.server.incident.IncidentCompanionService
09-22 19:45:47.450 1119 1119 D SystemServerTiming: OnBootPhase_500_com.android.server.incident.IncidentCompanionService took to complete: 0ms
09-22 19:45:47.450 1119 1119 I SystemServerTiming: OnBootPhase_500_com.android.server.MmsServiceBroker
09-22 19:45:47.450 1119 1119 D SystemServerTiming: OnBootPhase_500_com.android.server.MmsServiceBroker took to complete: 0ms
09-22 19:45:47.450 1119 1119 I SystemServerTiming: OnBootPhase_500_com.android.server.autofill.AutofillManagerService
09-22 19:45:47.450 1119 1119 D SystemServerTiming: OnBootPhase_500_com.android.server.autofill.AutofillManagerService took to complete: 0ms
09-22 19:45:47.450 1119 1119 I SystemServerTiming: OnBootPhase_500_com.android.server.clipboard.ClipboardService
09-22 19:45:47.450 1119 1119 D SystemServerTiming: OnBootPhase_500_com.android.server.clipboard.ClipboardService took to complete: 0ms
09-22 19:45:47.450 1119 1119 I SystemServerTiming: OnBootPhase_500_com.android.server.appbinding.AppBindingService$Lifecycle
09-22 19:45:47.450 1119 1119 D SystemServerTiming: OnBootPhase_500_com.android.server.appbinding.AppBindingService$Lifecycle took to complete: 0ms
09-22 19:45:47.450 1119 1119 I SystemServerTiming: OnBootPhase_500_com.android.server.tracing.TracingServiceProxy
09-22 19:45:47.450 1119 1119 D SystemServerTiming: OnBootPhase_500_com.android.server.tracing.TracingServiceProxy took to complete: 0ms
09-22 19:45:47.450 1119 1119 D SystemServerTiming: OnBootPhase_500 took to complete: 119ms
09-22 19:45:47.450 1119 1119 D SystemServerTiming: StartBootPhaseSystemServicesReady took to complete: 119ms
09-22 19:45:47.450 1119 1119 I SystemServerTiming: MakeWindowManagerServiceReady
09-22 19:45:47.453 1119 1119 D SystemServerTiming: MakeWindowManagerServiceReady took to complete: 3ms
09-22 19:45:47.456 1119 1119 I SystemServerTiming: MakePowerManagerServiceReady
09-22 19:45:47.457 1119 1119 I AttentionDetector: readValuesFromDeviceConfig():
09-22 19:45:47.457 1119 1119 I AttentionDetector: mMaximumExtensionMillis=900000
09-22 19:45:47.457 1119 1119 I AttentionDetector: mPreDimCheckDurationMillis=2000
09-22 19:45:47.457 1119 1119 I AttentionDetector: mRequestedPostDimTimeoutMillis=0
09-22 19:45:47.461 1119 1870 I DropBoxManagerService: add tag=system_server_wtf isTagEnabled=true flags=0x2
09-22 19:45:47.462 1119 1119 E DisplayPowerController[0]: failed to set up display white-balance: java.lang.IllegalStateException: cannot find light sensor
09-22 19:45:47.462 1119 1119 W DisplayPowerController[0]: Screen brightness nits configuration is unavailable; falling back
09-22 19:45:47.468 1119 1871 I DropBoxManagerService: add tag=system_server_wtf isTagEnabled=true flags=0x2
09-22 19:45:47.472 1119 1119 I FaceDownDetector: readValuesFromDeviceConfig():
09-22 19:45:47.472 1119 1119 I FaceDownDetector: mAccelerationThreshold=0.2
09-22 19:45:47.472 1119 1119 I FaceDownDetector: mZAccelerationThreshold=-9.5
09-22 19:45:47.472 1119 1119 I FaceDownDetector: mTimeThreshold=PT1S
09-22 19:45:47.472 1119 1119 I FaceDownDetector: mIsEnabled=true
09-22 19:45:47.473 1119 1249 W KeyguardServiceDelegate: onScreenTurningOn(): no keyguard service!
09-22 19:45:47.473 1119 1249 V DisplayPowerController[0]: Brightness [1.0] reason changing to: 'override', previous reason: '0'.
09-22 19:45:47.474 1119 1119 I ScreenUndimDetector: readValuesFromDeviceConfig():
09-22 19:45:47.474 1119 1119 I ScreenUndimDetector: mKeepScreenOnForMillis=600000
09-22 19:45:47.474 1119 1119 I ScreenUndimDetector: mKeepScreenOnNotificationEnabled=false
09-22 19:45:47.474 1119 1119 I ScreenUndimDetector: mUndimsRequired=2
09-22 19:45:47.480 1119 1119 D SystemServerTiming: MakePowerManagerServiceReady took to complete: 24ms
09-22 19:45:47.480 1119 1119 I SystemServerTiming: StartPermissionPolicyService
09-22 19:45:47.480 1119 1119 I SystemServiceManager: Starting com.android.server.policy.PermissionPolicyService
09-22 19:45:47.483 1119 1119 D SystemServerTiming: StartPermissionPolicyService took to complete: 2ms
09-22 19:45:47.483 1119 1119 I SystemServerTiming: MakePackageManagerServiceReady
09-22 19:45:47.484 1119 1238 E KernelCpuSpeedReader: Failed to read cpu-freq: /sys/devices/system/cpu/cpu4/cpufreq/stats/time_in_state: open failed: ENOENT (No such file or directory)
09-22 19:45:47.484 1119 1226 I HealthServiceWrapper: health: HealthServiceWrapper listening to instance default
09-22 19:45:47.485 1119 1238 E KernelCpuSpeedReader: Failed to read cpu-freq: /sys/devices/system/cpu/cpu0/cpufreq/stats/time_in_state: open failed: ENOENT (No such file or directory)
09-22 19:45:47.492 1119 1226 D StatsPullAtomService: Registering pullers with statsd
09-22 19:45:47.497 1119 1119 I commit_sys_config_file: [package-session,4]
09-22 19:45:47.497 1119 1226 I StatsPullAtomService: register thermal listener successfully
09-22 19:45:47.498 1119 1119 V UserDataPreparer: Found /data/user_de/0 with serial number 0
09-22 19:45:47.498 1119 1119 V UserDataPreparer: Found /data/user/0 with serial number 0
09-22 19:45:47.498 1119 1119 V UserDataPreparer: Found /data/system_de/0 with serial number 0
09-22 19:45:47.498 1119 1119 V UserDataPreparer: Found /data/system_ce/0 with serial number 0
09-22 19:45:47.498 1119 1119 V UserDataPreparer: Found /data/misc_ce/0 with serial number 0
09-22 19:45:47.499 1119 1119 I PackageManager: Permission ownership changed. Updating all permissions.
09-22 19:45:47.527 1119 1119 D StagingManagerTiming: restoreSessions took to complete: 3ms
09-22 19:45:47.527 1119 1119 D SystemServerTiming: MakePackageManagerServiceReady took to complete: 45ms
09-22 19:45:47.527 1119 1119 I SystemServerTiming: MakeDisplayManagerServiceReady
09-22 19:45:47.528 1119 1260 E DefaultPermGrantPolicy: Package not found: com.qualcomm.qti.cne
09-22 19:45:47.529 1119 1211 E DisplayModeDirector: Asked about unknown display, returning empty display mode specs!(id=0)
09-22 19:45:47.529 1119 1211 E DisplayModeDirector: Asked about unknown display, returning empty display mode specs!(id=0)
09-22 19:45:47.533 1119 1119 D SystemServerTiming: MakeDisplayManagerServiceReady took to complete: 5ms
09-22 19:45:47.533 1119 1119 I SystemServerTiming: StartDeviceSpecificServices
09-22 19:45:47.533 1119 1119 D SystemServerTiming: StartDeviceSpecificServices took to complete: 0ms
09-22 19:45:47.533 1119 1119 I SystemServerTiming: GameManagerService
09-22 19:45:47.533 1119 1119 I SystemServiceManager: Starting com.android.server.app.GameManagerService$Lifecycle
09-22 19:45:47.536 1119 1119 D SystemServerTiming: GameManagerService took to complete: 2ms
09-22 19:45:47.536 1119 1119 I SystemServerTiming: StartBootPhaseDeviceSpecificServicesReady
09-22 19:45:47.536 1119 1119 I SystemServiceManager: Starting phase 520
09-22 19:45:47.536 1119 1119 I SystemServerTiming: OnBootPhase_520
09-22 19:45:47.536 1119 1119 I SystemServerTiming: OnBootPhase_520_com.android.server.security.FileIntegrityService
09-22 19:45:47.536 1119 1119 D SystemServerTiming: OnBootPhase_520_com.android.server.security.FileIntegrityService took to complete: 0ms
09-22 19:45:47.536 1119 1119 I SystemServerTiming: OnBootPhase_520_com.android.server.pm.Installer
09-22 19:45:47.536 1119 1119 D SystemServerTiming: OnBootPhase_520_com.android.server.pm.Installer took to complete: 0ms
09-22 19:45:47.536 1119 1119 I SystemServerTiming: OnBootPhase_520_com.android.server.os.DeviceIdentifiersPolicyService
09-22 19:45:47.536 1119 1119 D SystemServerTiming: OnBootPhase_520_com.android.server.os.DeviceIdentifiersPolicyService took to complete: 0ms
09-22 19:45:47.536 1119 1119 I SystemServerTiming: OnBootPhase_520_com.android.server.uri.UriGrantsManagerService$Lifecycle
