01-01 08:36:39.148 0 0 D mv2112_update_link: link 0x0
01-01 08:36:39.148 0 0 D mv2112_read_status: autoneg is disabled
09-22 19:55:18.456 518 518 I hwservicemanager: getTransport: Cannot find entry android.hardware.light@2.0::ILight/default in either framework or device VINTF manifest.
09-22 19:55:18.461 4203 4203 E light : light_open lights keyboard failed: -22
09-22 19:55:18.462 4203 4203 E light : Light passthrough failed to load legacy HAL.
09-22 19:55:18.462 4203 4203 E light : light_open lights buttons failed: -22
09-22 19:55:18.462 4203 4203 E light : Light passthrough failed to load legacy HAL.
09-22 19:55:18.465 4203 4203 E light : light_open lights bluetooth failed: -22
09-22 19:55:18.465 4203 4203 E light : Light passthrough failed to load legacy HAL.
09-22 19:55:18.466 4203 4203 E light : light_open lights wifi failed: -22
09-22 19:55:18.466 4203 4203 E light : Light passthrough failed to load legacy HAL.
09-22 19:55:18.469 518 518 I hwservicemanager: getTransport: Cannot find entry android.hardware.light@2.0::ILight/default in either framework or device VINTF manifest.
09-22 19:55:18.471 4203 4203 E HidlServiceManagement: Service android.hardware.light@2.0::ILight/default must be in VINTF manifest in order to register/get.
09-22 19:55:18.471 4203 4203 E LegacySupport: Could not register service android.hardware.light@2.0::ILight/default (-2147483648).
09-22 19:55:18.876 663 674 I mpu_uart: [MSG-P:RECV]:No message received in 1000 ms
09-22 19:55:19.043 663 673 I mpu_uart: [MSG-P:R]:recv sync frame timeout
01-01 08:36:39.862 0 0 I init : starting service 'qvrd_vndr'...
01-01 08:36:39.873 0 0 I init : Created socket '/dev/socket/qvrservice_vndr', mode 660, user 1000, group 1000
01-01 08:36:39.884 0 0 I init : Created socket '/dev/socket/qvrservice_vndr_camera', mode 660, user 1000, group 1000
01-01 08:36:39.930 0 0 I init : starting service 'sxrd'...
09-22 19:55:19.276 4204 4204 F linker : CANNOT LINK EXECUTABLE "/vendor/bin/hw/qvrservice": library "vendor.qti.hardware.qxr-V1-ndk_platform.so" not found: needed by /vendor/lib64/libqvrservice.so in namespace (default)
09-22 19:55:19.279 4205 4205 F linker : CANNOT LINK EXECUTABLE "/vendor/bin/hw/sxrservice": library "vendor.qti.hardware.qxr-V1-ndk_platform.so" not found: needed by main executable
01-01 08:36:39.980 0 0 I init : Service 'qvrd_vndr' (pid 4204) exited with status 1
01-01 08:36:39.980 0 0 I init : Sending signal 9 to service 'qvrd_vndr' (pid 4204) process group...
01-01 08:36:39.981 0 0 I libprocessgroup: Successfully killed process cgroup uid 1000 pid 4204 in 0ms
01-01 08:36:39.988 0 0 I init : Service 'sxrd' (pid 4205) exited with status 1
01-01 08:36:39.988 0 0 I init : Sending signal 9 to service 'sxrd' (pid 4205) process group...
01-01 08:36:39.989 0 0 I libprocessgroup: Successfully killed process cgroup uid 1000 pid 4205 in 0ms
01-01 08:36:40.179 0 0 D : mv2112_read_status
01-01 08:36:40.181 0 0 D mv2112_update_link: 3.0x901(1G): 0x80
01-01 08:36:40.182 0 0 D mv2112_update_link: 3.0x8109(100M): 0x0
01-01 08:36:40.182 0 0 D mv2112_update_link: link 0x0
01-01 08:36:40.182 0 0 D mv2112_read_status: autoneg is disabled
09-22 19:55:19.877 663 674 I mpu_uart: [MSG-P:RECV]:No message received in 1000 ms
01-01 08:36:41.195 0 0 D : mv2112_read_status
01-01 08:36:41.196 0 0 D mv2112_update_link: 3.0x901(1G): 0x80
01-01 08:36:41.197 0 0 D mv2112_update_link: 3.0x8109(100M): 0x0
01-01 08:36:41.197 0 0 D mv2112_update_link: link 0x0
01-01 08:36:41.198 0 0 D mv2112_read_status: autoneg is disabled
09-22 19:55:20.878 663 674 I mpu_uart: [MSG-P:RECV]:No message received in 1000 ms
01-01 08:36:42.218 0 0 D : mv2112_read_status
01-01 08:36:42.220 0 0 D mv2112_update_link: 3.0x901(1G): 0x80
01-01 08:36:42.223 0 0 D mv2112_update_link: 3.0x8109(100M): 0x0
01-01 08:36:42.223 0 0 D mv2112_update_link: link 0x0
01-01 08:36:42.223 0 0 D mv2112_read_status: autoneg is disabled
09-22 19:55:21.878 663 674 I mpu_uart: [MSG-P:RECV]:No message received in 1000 ms
09-22 19:55:22.047 663 673 I mpu_uart: [MSG-P:R]:recv sync frame timeout
01-01 08:36:43.242 0 0 D : mv2112_read_status
01-01 08:36:43.244 0 0 D mv2112_update_link: 3.0x901(1G): 0x80
01-01 08:36:43.245 0 0 D mv2112_update_link: 3.0x8109(100M): 0x0
01-01 08:36:43.245 0 0 D mv2112_update_link: link 0x0
01-01 08:36:43.245 0 0 D mv2112_read_status: autoneg is disabled
09-22 19:55:22.879 663 674 I mpu_uart: [MSG-P:RECV]:No message received in 1000 ms
09-22 19:55:23.513 518 518 I hwservicemanager: getTransport: Cannot find entry android.hardware.light@2.0::ILight/default in either framework or device VINTF manifest.
09-22 19:55:23.519 4207 4207 E light : light_open lights keyboard failed: -22
09-22 19:55:23.519 4207 4207 E light : Light passthrough failed to load legacy HAL.
09-22 19:55:23.520 4207 4207 E light : light_open lights buttons failed: -22
09-22 19:55:23.520 4207 4207 E light : Light passthrough failed to load legacy HAL.
09-22 19:55:23.523 4207 4207 E light : light_open lights bluetooth failed: -22
09-22 19:55:23.523 4207 4207 E light : Light passthrough failed to load legacy HAL.
09-22 19:55:23.524 4207 4207 E light : light_open lights wifi failed: -22
09-22 19:55:23.524 4207 4207 E light : Light passthrough failed to load legacy HAL.
09-22 19:55:23.526 518 518 I hwservicemanager: getTransport: Cannot find entry android.hardware.light@2.0::ILight/default in either framework or device VINTF manifest.
09-22 19:55:23.528 4207 4207 E HidlServiceManagement: Service android.hardware.light@2.0::ILight/default must be in VINTF manifest in order to register/get.
09-22 19:55:23.528 4207 4207 E LegacySupport: Could not register service android.hardware.light@2.0::ILight/default (-2147483648).
01-01 08:36:44.266 0 0 D : mv2112_read_status
01-01 08:36:44.267 0 0 D mv2112_update_link: 3.0x901(1G): 0x80
01-01 08:36:44.268 0 0 D mv2112_update_link: 3.0x8109(100M): 0x0
01-01 08:36:44.268 0 0 D mv2112_update_link: link 0x0
01-01 08:36:44.268 0 0 D mv2112_read_status: autoneg is disabled
09-22 19:55:23.880 663 674 I mpu_uart: [MSG-P:RECV]:No message received in 1000 ms
01-01 08:36:44.927 0 0 I init : starting service 'qvrd_vndr'...
01-01 08:36:44.936 0 0 I init : Created socket '/dev/socket/qvrservice_vndr', mode 660, user 1000, group 1000
01-01 08:36:44.947 0 0 I init : Created socket '/dev/socket/qvrservice_vndr_camera', mode 660, user 1000, group 1000
01-01 08:36:45.008 0 0 I init : starting service 'sxrd'...
09-22 19:55:24.330 4208 4208 F linker : CANNOT LINK EXECUTABLE "/vendor/bin/hw/qvrservice": library "vendor.qti.hardware.qxr-V1-ndk_platform.so" not found: needed by /vendor/lib64/libqvrservice.so in namespace (default)
01-01 08:36:45.033 0 0 I init : Service 'qvrd_vndr' (pid 4208) exited with status 1
01-01 08:36:45.033 0 0 I init : Sending signal 9 to service 'qvrd_vndr' (pid 4208) process group...
01-01 08:36:45.034 0 0 I libprocessgroup: Successfully killed process cgroup uid 1000 pid 4208 in 0ms
09-22 19:55:24.379 4209 4209 F linker : CANNOT LINK EXECUTABLE "/vendor/bin/hw/sxrservice": library "vendor.qti.hardware.qxr-V1-ndk_platform.so" not found: needed by main executable
01-01 08:36:45.083 0 0 I init : Service 'sxrd' (pid 4209) exited with status 1
01-01 08:36:45.083 0 0 I init : Sending signal 9 to service 'sxrd' (pid 4209) process group...
01-01 08:36:45.083 0 0 I libprocessgroup: Successfully killed process cgroup uid 1000 pid 4209 in 0ms
01-01 08:36:45.290 0 0 D : mv2112_read_status
01-01 08:36:45.292 0 0 D mv2112_update_link: 3.0x901(1G): 0x80
01-01 08:36:45.294 0 0 D mv2112_update_link: 3.0x8109(100M): 0x0
01-01 08:36:45.294 0 0 D mv2112_update_link: link 0x0
01-01 08:36:45.294 0 0 D mv2112_read_status: autoneg is disabled
09-22 19:55:24.881 663 674 I mpu_uart: [MSG-P:RECV]:No message received in 1000 ms
09-22 19:55:25.051 663 673 I mpu_uart: [MSG-P:R]:recv sync frame timeout
01-01 08:36:46.314 0 0 D : mv2112_read_status
01-01 08:36:46.316 0 0 D mv2112_update_link: 3.0x901(1G): 0x80
01-01 08:36:46.317 0 0 D mv2112_update_link: 3.0x8109(100M): 0x0
01-01 08:36:46.317 0 0 D mv2112_update_link: link 0x0
01-01 08:36:46.317 0 0 D mv2112_read_status: autoneg is disabled
09-22 19:55:25.882 663 674 I mpu_uart: [MSG-P:RECV]:No message received in 1000 ms
01-01 08:36:47.338 0 0 D : mv2112_read_status
01-01 08:36:47.339 0 0 D mv2112_update_link: 3.0x901(1G): 0x80
01-01 08:36:47.340 0 0 D mv2112_update_link: 3.0x8109(100M): 0x0
01-01 08:36:47.340 0 0 D mv2112_update_link: link 0x0
01-01 08:36:47.340 0 0 D mv2112_read_status: autoneg is disabled
09-22 19:55:26.883 663 674 I mpu_uart: [MSG-P:RECV]:No message received in 1000 ms
01-01 08:36:48.362 0 0 D : mv2112_read_status
01-01 08:36:48.364 0 0 D mv2112_update_link: 3.0x901(1G): 0x80
01-01 08:36:48.365 0 0 D mv2112_update_link: 3.0x8109(100M): 0x0
01-01 08:36:48.365 0 0 D mv2112_update_link: link 0x0
01-01 08:36:48.365 0 0 D mv2112_read_status: autoneg is disabled
09-22 19:55:27.884 663 674 I mpu_uart: [MSG-P:RECV]:No message received in 1000 ms
09-22 19:55:28.055 663 673 I mpu_uart: [MSG-P:R]:recv sync frame timeout
09-22 19:55:28.559 518 518 I hwservicemanager: getTransport: Cannot find entry android.hardware.light@2.0::ILight/default in either framework or device VINTF manifest.
09-22 19:55:28.564 4210 4210 E light : light_open lights keyboard failed: -22
09-22 19:55:28.564 4210 4210 E light : Light passthrough failed to load legacy HAL.
09-22 19:55:28.565 4210 4210 E light : light_open lights buttons failed: -22
09-22 19:55:28.565 4210 4210 E light : Light passthrough failed to load legacy HAL.
09-22 19:55:28.567 4210 4210 E light : light_open lights bluetooth failed: -22
09-22 19:55:28.567 4210 4210 E light : Light passthrough failed to load legacy HAL.
09-22 19:55:28.568 4210 4210 E light : light_open lights wifi failed: -22
09-22 19:55:28.568 4210 4210 E light : Light passthrough failed to load legacy HAL.
09-22 19:55:28.571 518 518 I hwservicemanager: getTransport: Cannot find entry android.hardware.light@2.0::ILight/default in either framework or device VINTF manifest.
09-22 19:55:28.573 4210 4210 E HidlServiceManagement: Service android.hardware.light@2.0::ILight/default must be in VINTF manifest in order to register/get.
09-22 19:55:28.573 4210 4210 E LegacySupport: Could not register service android.hardware.light@2.0::ILight/default (-2147483648).
01-01 08:36:49.386 0 0 D : mv2112_read_status
01-01 08:36:49.388 0 0 D mv2112_update_link: 3.0x901(1G): 0x80
01-01 08:36:49.389 0 0 D mv2112_update_link: 3.0x8109(100M): 0x0
01-01 08:36:49.389 0 0 D mv2112_update_link: link 0x0
01-01 08:36:49.391 0 0 D mv2112_read_status: autoneg is disabled
09-22 19:55:28.885 663 674 I mpu_uart: [MSG-P:RECV]:No message received in 1000 ms
01-01 08:36:49.995 0 0 I init : starting service 'qvrd_vndr'...
01-01 08:36:50.001 0 0 I init : Created socket '/dev/socket/qvrservice_vndr', mode 660, user 1000, group 1000
01-01 08:36:50.008 0 0 I init : Created socket '/dev/socket/qvrservice_vndr_camera', mode 660, user 1000, group 1000
01-01 08:36:50.071 0 0 I init : starting service 'sxrd'...
09-22 19:55:29.392 4211 4211 F linker : CANNOT LINK EXECUTABLE "/vendor/bin/hw/qvrservice": library "vendor.qti.hardware.qxr-V1-ndk_platform.so" not found: needed by /vendor/lib64/libqvrservice.so in namespace (default)
01-01 08:36:50.096 0 0 I init : Service 'qvrd_vndr' (pid 4211) exited with status 1
01-01 08:36:50.096 0 0 I init : Sending signal 9 to service 'qvrd_vndr' (pid 4211) process group...
01-01 08:36:50.096 0 0 I libprocessgroup: Successfully killed process cgroup uid 1000 pid 4211 in 0ms
09-22 19:55:29.441 4212 4212 F linker : CANNOT LINK EXECUTABLE "/vendor/bin/hw/sxrservice": library "vendor.qti.hardware.qxr-V1-ndk_platform.so" not found: needed by main executable
01-01 08:36:50.145 0 0 I init : Service 'sxrd' (pid 4212) exited with status 1
01-01 08:36:50.145 0 0 I init : Sending signal 9 to service 'sxrd' (pid 4212) process group...
01-01 08:36:50.146 0 0 I libprocessgroup: Successfully killed process cgroup uid 1000 pid 4212 in 1ms
01-01 08:36:50.410 0 0 D : mv2112_read_status
01-01 08:36:50.412 0 0 D mv2112_update_link: 3.0x901(1G): 0x80
01-01 08:36:50.413 0 0 D mv2112_update_link: 3.0x8109(100M): 0x0
01-01 08:36:50.413 0 0 D mv2112_update_link: link 0x0
01-01 08:36:50.413 0 0 D mv2112_read_status: autoneg is disabled
09-22 19:55:29.886 663 674 I mpu_uart: [MSG-P:RECV]:No message received in 1000 ms
01-01 08:36:51.434 0 0 D : mv2112_read_status
01-01 08:36:51.435 0 0 D mv2112_update_link: 3.0x901(1G): 0x80
01-01 08:36:51.436 0 0 D mv2112_update_link: 3.0x8109(100M): 0x0
01-01 08:36:51.436 0 0 D mv2112_update_link: link 0x0
01-01 08:36:51.436 0 0 D mv2112_read_status: autoneg is disabled
09-22 19:55:30.887 663 674 I mpu_uart: [MSG-P:RECV]:No message received in 1000 ms
09-22 19:55:31.059 663 673 I mpu_uart: [MSG-P:R]:recv sync frame timeout
01-01 08:36:52.459 0 0 D : mv2112_read_status
01-01 08:36:52.460 0 0 D mv2112_update_link: 3.0x901(1G): 0x80
01-01 08:36:52.461 0 0 D mv2112_update_link: 3.0x8109(100M): 0x0
01-01 08:36:52.462 0 0 D mv2112_update_link: link 0x0
01-01 08:36:52.463 0 0 D mv2112_read_status: autoneg is disabled
09-22 19:55:31.888 663 674 I mpu_uart: [MSG-P:RECV]:No message received in 1000 ms
01-01 08:36:53.483 0 0 D : mv2112_read_status
01-01 08:36:53.485 0 0 D mv2112_update_link: 3.0x901(1G): 0x80
01-01 08:36:53.487 0 0 D mv2112_update_link: 3.0x8109(100M): 0x0
01-01 08:36:53.487 0 0 D mv2112_update_link: link 0x0
01-01 08:36:53.487 0 0 D mv2112_read_status: autoneg is disabled
09-22 19:55:32.889 663 674 I mpu_uart: [MSG-P:RECV]:No message received in 1000 ms
09-22 19:55:33.628 518 518 I hwservicemanager: getTransport: Cannot find entry android.hardware.light@2.0::ILight/default in either framework or device VINTF manifest.
09-22 19:55:33.633 4213 4213 E light : light_open lights keyboard failed: -22
09-22 19:55:33.633 4213 4213 E light : Light passthrough failed to load legacy HAL.
09-22 19:55:33.634 4213 4213 E light : light_open lights buttons failed: -22
09-22 19:55:33.634 4213 4213 E light : Light passthrough failed to load legacy HAL.
09-22 19:55:33.637 4213 4213 E light : light_open lights bluetooth failed: -22
09-22 19:55:33.637 4213 4213 E light : Light passthrough failed to load legacy HAL.
09-22 19:55:33.638 4213 4213 E light : light_open lights wifi failed: -22
09-22 19:55:33.638 4213 4213 E light : Light passthrough failed to load legacy HAL.
09-22 19:55:33.641 518 518 I hwservicemanager: getTransport: Cannot find entry android.hardware.light@2.0::ILight/default in either framework or device VINTF manifest.
09-22 19:55:33.643 4213 4213 E HidlServiceManagement: Service android.hardware.light@2.0::ILight/default must be in VINTF manifest in order to register/get.
09-22 19:55:33.643 4213 4213 E LegacySupport: Could not register service android.hardware.light@2.0::ILight/default (-2147483648).
01-01 08:36:54.506 0 0 D : mv2112_read_status
01-01 08:36:54.508 0 0 D mv2112_update_link: 3.0x901(1G): 0x80
01-01 08:36:54.509 0 0 D mv2112_update_link: 3.0x8109(100M): 0x0
01-01 08:36:54.509 0 0 D mv2112_update_link: link 0x0
01-01 08:36:54.510 0 0 D mv2112_read_status: autoneg is disabled
09-22 19:55:33.890 663 674 I mpu_uart: [MSG-P:RECV]:No message received in 1000 ms
09-22 19:55:34.063 663 673 I mpu_uart: [MSG-P:R]:recv sync frame timeout
01-01 08:36:55.055 0 0 I init : starting service 'qvrd_vndr'...
01-01 08:36:55.063 0 0 I init : Created socket '/dev/socket/qvrservice_vndr', mode 660, user 1000, group 1000
01-01 08:36:55.067 0 0 I init : Created socket '/dev/socket/qvrservice_vndr_camera', mode 660, user 1000, group 1000
01-01 08:36:55.111 0 0 I init : starting service 'sxrd'...
09-22 19:55:34.454 4214 4214 F linker : CANNOT LINK EXECUTABLE "/vendor/bin/hw/qvrservice": library "vendor.qti.hardware.qxr-V1-ndk_platform.so" not found: needed by /vendor/lib64/libqvrservice.so in namespace (default)
09-22 19:55:34.459 4215 4215 F linker : CANNOT LINK EXECUTABLE "/vendor/bin/hw/sxrservice": library "vendor.qti.hardware.qxr-V1-ndk_platform.so" not found: needed by main executable
01-01 08:36:55.159 0 0 I init : Service 'qvrd_vndr' (pid 4214) exited with status 1
01-01 08:36:55.159 0 0 I init : Sending signal 9 to service 'qvrd_vndr' (pid 4214) process group...
01-01 08:36:55.160 0 0 I libprocessgroup: Successfully killed process cgroup uid 1000 pid 4214 in 0ms
01-01 08:36:55.167 0 0 I init : Service 'sxrd' (pid 4215) exited with status 1
01-01 08:36:55.167 0 0 I init : Sending signal 9 to service 'sxrd' (pid 4215) process group...
01-01 08:36:55.168 0 0 I libprocessgroup: Successfully killed process cgroup uid 1000 pid 4215 in 0ms
01-01 08:36:55.530 0 0 D : mv2112_read_status
01-01 08:36:55.531 0 0 D mv2112_update_link: 3.0x901(1G): 0x80
01-01 08:36:55.532 0 0 D mv2112_update_link: 3.0x8109(100M): 0x0
01-01 08:36:55.532 0 0 D mv2112_update_link: link 0x0
01-01 08:36:55.532 0 0 D mv2112_read_status: autoneg is disabled
09-22 19:55:34.890 663 674 I mpu_uart: [MSG-P:RECV]:No message received in 1000 ms
01-01 08:36:56.554 0 0 D : mv2112_read_status
01-01 08:36:56.556 0 0 D mv2112_update_link: 3.0x901(1G): 0x80
01-01 08:36:56.558 0 0 D mv2112_update_link: 3.0x8109(100M): 0x0
01-01 08:36:56.559 0 0 D mv2112_update_link: link 0x0
01-01 08:36:56.559 0 0 D mv2112_read_status: autoneg is disabled
09-22 19:55:35.891 663 674 I mpu_uart: [MSG-P:RECV]:No message received in 1000 ms
01-01 08:36:57.579 0 0 D : mv2112_read_status
01-01 08:36:57.581 0 0 D mv2112_update_link: 3.0x901(1G): 0x80
01-01 08:36:57.582 0 0 D mv2112_update_link: 3.0x8109(100M): 0x0
01-01 08:36:57.582 0 0 D mv2112_update_link: link 0x0
01-01 08:36:57.582 0 0 D mv2112_read_status: autoneg is disabled
09-22 19:55:36.892 663 674 I mpu_uart: [MSG-P:RECV]:No message received in 1000 ms
09-22 19:55:37.067 663 673 I mpu_uart: [MSG-P:R]:recv sync frame timeout
09-22 19:55:37.893 663 674 I mpu_uart: [MSG-P:RECV]:No message received in 1000 ms
01-01 08:36:58.609 0 0 D : mv2112_read_status
01-01 08:36:58.611 0 0 D mv2112_update_link: 3.0x901(1G): 0x80
01-01 08:36:58.612 0 0 D mv2112_update_link: 3.0x8109(100M): 0x0
01-01 08:36:58.612 0 0 D mv2112_update_link: link 0x0
01-01 08:36:58.612 0 0 D mv2112_read_status: autoneg is disabled
09-22 19:55:38.676 518 518 I hwservicemanager: getTransport: Cannot find entry android.hardware.light@2.0::ILight/default in either framework or device VINTF manifest.
09-22 19:55:38.681 4216 4216 E light : light_open lights keyboard failed: -22
09-22 19:55:38.682 4216 4216 E light : Light passthrough failed to load legacy HAL.
09-22 19:55:38.682 4216 4216 E light : light_open lights buttons failed: -22
09-22 19:55:38.682 4216 4216 E light : Light passthrough failed to load legacy HAL.
09-22 19:55:38.685 4216 4216 E light : light_open lights bluetooth failed: -22
09-22 19:55:38.685 4216 4216 E light : Light passthrough failed to load legacy HAL.
09-22 19:55:38.685 4216 4216 E light : light_open lights wifi failed: -22
09-22 19:55:38.685 4216 4216 E light : Light passthrough failed to load legacy HAL.
09-22 19:55:38.688 518 518 I hwservicemanager: getTransport: Cannot find entry android.hardware.light@2.0::ILight/default in either framework or device VINTF manifest.
09-22 19:55:38.690 4216 4216 E HidlServiceManagement: Service android.hardware.light@2.0::ILight/default must be in VINTF manifest in order to register/get.
09-22 19:55:38.690 4216 4216 E LegacySupport: Could not register service android.hardware.light@2.0::ILight/default (-2147483648).
09-22 19:55:38.893 663 674 I mpu_uart: [MSG-P:RECV]:No message received in 1000 ms
01-01 08:36:59.627 0 0 D : mv2112_read_status
01-01 08:36:59.628 0 0 D mv2112_update_link: 3.0x901(1G): 0x80
01-01 08:36:59.631 0 0 D mv2112_update_link: 3.0x8109(100M): 0x0
01-01 08:36:59.631 0 0 D mv2112_update_link: link 0x0
01-01 08:36:59.631 0 0 D mv2112_read_status: autoneg is disabled
01-01 08:37:00.106 0 0 I init : starting service 'qvrd_vndr'...
01-01 08:37:00.113 0 0 I init : Created socket '/dev/socket/qvrservice_vndr', mode 660, user 1000, group 1000
01-01 08:37:00.116 0 0 I init : Created socket '/dev/socket/qvrservice_vndr_camera', mode 660, user 1000, group 1000
01-01 08:37:00.170 0 0 I init : starting service 'sxrd'...
09-22 19:55:39.515 4217 4217 F linker : CANNOT LINK EXECUTABLE "/vendor/bin/hw/qvrservice": library "vendor.qti.hardware.qxr-V1-ndk_platform.so" not found: needed by /vendor/lib64/libqvrservice.so in namespace (default)
09-22 19:55:39.522 4218 4218 F linker : CANNOT LINK EXECUTABLE "/vendor/bin/hw/sxrservice": library "vendor.qti.hardware.qxr-V1-ndk_platform.so" not found: needed by main executable
01-01 08:37:00.219 0 0 I init : Service 'qvrd_vndr' (pid 4217) exited with status 1
01-01 08:37:00.220 0 0 I init : Sending signal 9 to service 'qvrd_vndr' (pid 4217) process group...
01-01 08:37:00.220 0 0 I libprocessgroup: Successfully killed process cgroup uid 1000 pid 4217 in 0ms
01-01 08:37:00.228 0 0 I init : Service 'sxrd' (pid 4218) exited with status 1
01-01 08:37:00.228 0 0 I init : Sending signal 9 to service 'sxrd' (pid 4218) process group...
01-01 08:37:00.228 0 0 I libprocessgroup: Successfully killed process cgroup uid 1000 pid 4218 in 0ms
09-22 19:55:39.894 663 674 I mpu_uart: [MSG-P:RECV]:No message received in 1000 ms
01-01 08:37:00.650 0 0 D : mv2112_read_status
01-01 08:37:00.652 0 0 D mv2112_update_link: 3.0x901(1G): 0x80
01-01 08:37:00.653 0 0 D mv2112_update_link: 3.0x8109(100M): 0x0
01-01 08:37:00.653 0 0 D mv2112_update_link: link 0x0
01-01 08:37:00.653 0 0 D mv2112_read_status: autoneg is disabled
09-22 19:55:40.071 663 673 I mpu_uart: [MSG-P:R]:recv sync frame timeout
09-22 19:55:40.896 663 674 I mpu_uart: [MSG-P:RECV]:No message received in 1000 ms
01-01 08:37:01.674 0 0 D : mv2112_read_status
01-01 08:37:01.676 0 0 D mv2112_update_link: 3.0x901(1G): 0x80
01-01 08:37:01.677 0 0 D mv2112_update_link: 3.0x8109(100M): 0x0
01-01 08:37:01.678 0 0 D mv2112_update_link: link 0x0
01-01 08:37:01.678 0 0 D mv2112_read_status: autoneg is disabled
09-22 19:55:41.896 663 674 I mpu_uart: [MSG-P:RECV]:No message received in 1000 ms
01-01 08:37:02.699 0 0 D : mv2112_read_status
01-01 08:37:02.701 0 0 D mv2112_update_link: 3.0x901(1G): 0x80
01-01 08:37:02.703 0 0 D mv2112_update_link: 3.0x8109(100M): 0x0
01-01 08:37:02.703 0 0 D mv2112_update_link: link 0x0
01-01 08:37:02.703 0 0 D mv2112_read_status: autoneg is disabled
09-22 19:55:42.897 663 674 I mpu_uart: [MSG-P:RECV]:No message received in 1000 ms
01-01 08:37:03.722 0 0 D : mv2112_read_status
01-01 08:37:03.724 0 0 D mv2112_update_link: 3.0x901(1G): 0x80
01-01 08:37:03.725 0 0 D mv2112_update_link: 3.0x8109(100M): 0x0
01-01 08:37:03.725 0 0 D mv2112_update_link: link 0x0
01-01 08:37:03.725 0 0 D mv2112_read_status: autoneg is disabled
09-22 19:55:43.075 663 673 I mpu_uart: [MSG-P:R]:recv sync frame timeout
09-22 19:55:43.737 518 518 I hwservicemanager: getTransport: Cannot find entry android.hardware.light@2.0::ILight/default in either framework or device VINTF manifest.
09-22 19:55:43.742 4219 4219 E light : light_open lights keyboard failed: -22
09-22 19:55:43.743 4219 4219 E light : Light passthrough failed to load legacy HAL.
09-22 19:55:43.743 4219 4219 E light : light_open lights buttons failed: -22
09-22 19:55:43.744 4219 4219 E light : Light passthrough failed to load legacy HAL.
09-22 19:55:43.746 4219 4219 E light : light_open lights bluetooth failed: -22
09-22 19:55:43.746 4219 4219 E light : Light passthrough failed to load legacy HAL.
09-22 19:55:43.747 4219 4219 E light : light_open lights wifi failed: -22
09-22 19:55:43.747 4219 4219 E light : Light passthrough failed to load legacy HAL.
09-22 19:55:43.751 518 518 I hwservicemanager: getTransport: Cannot find entry android.hardware.light@2.0::ILight/default in either framework or device VINTF manifest.
09-22 19:55:43.753 4219 4219 E HidlServiceManagement: Service android.hardware.light@2.0::ILight/default must be in VINTF manifest in order to register/get.
09-22 19:55:43.753 4219 4219 E LegacySupport: Could not register service android.hardware.light@2.0::ILight/default (-2147483648).
09-22 19:55:43.898 663 674 I mpu_uart: [MSG-P:RECV]:No message received in 1000 ms
01-01 08:37:04.746 0 0 D : mv2112_read_status
01-01 08:37:04.748 0 0 D mv2112_update_link: 3.0x901(1G): 0x80
01-01 08:37:04.751 0 0 D mv2112_update_link: 3.0x8109(100M): 0x0
01-01 08:37:04.751 0 0 D mv2112_update_link: link 0x0
01-01 08:37:04.751 0 0 D mv2112_read_status: autoneg is disabled
01-01 08:37:05.164 0 0 I init : starting service 'qvrd_vndr'...
01-01 08:37:05.171 0 0 I init : Created socket '/dev/socket/qvrservice_vndr', mode 660, user 1000, group 1000
01-01 08:37:05.176 0 0 I init : Created socket '/dev/socket/qvrservice_vndr_camera', mode 660, user 1000, group 1000
01-01 08:37:05.231 0 0 I init : starting service 'sxrd'...
09-22 19:55:44.576 4220 4220 F linker : CANNOT LINK EXECUTABLE "/vendor/bin/hw/qvrservice": library "vendor.qti.hardware.qxr-V1-ndk_platform.so" not found: needed by /vendor/lib64/libqvrservice.so in namespace (default)
01-01 08:37:05.280 0 0 I init : Service 'qvrd_vndr' (pid 4220) exited with status 1
01-01 08:37:05.280 0 0 I init : Sending signal 9 to service 'qvrd_vndr' (pid 4220) process group...
01-01 08:37:05.281 0 0 I libprocessgroup: Successfully killed process cgroup uid 1000 pid 4220 in 0ms
09-22 19:55:44.580 4221 4221 F linker : CANNOT LINK EXECUTABLE "/vendor/bin/hw/sxrservice": library "vendor.qti.hardware.qxr-V1-ndk_platform.so" not found: needed by main executable
01-01 08:37:05.288 0 0 I init : Service 'sxrd' (pid 4221) exited with status 1
01-01 08:37:05.288 0 0 I init : Sending signal 9 to service 'sxrd' (pid 4221) process group...
01-01 08:37:05.289 0 0 I libprocessgroup: Successfully killed process cgroup uid 1000 pid 4221 in 0ms
09-22 19:55:44.899 663 674 I mpu_uart: [MSG-P:RECV]:No message received in 1000 ms
01-01 08:37:05.771 0 0 D : mv2112_read_status
01-01 08:37:05.772 0 0 D mv2112_update_link: 3.0x901(1G): 0x80
01-01 08:37:05.773 0 0 D mv2112_update_link: 3.0x8109(100M): 0x0
01-01 08:37:05.773 0 0 D mv2112_update_link: link 0x0
01-01 08:37:05.773 0 0 D mv2112_read_status: autoneg is disabled
09-22 19:55:45.900 663 674 I mpu_uart: [MSG-P:RECV]:No message received in 1000 ms
09-22 19:55:46.079 663 673 I mpu_uart: [MSG-P:R]:recv sync frame timeout
01-01 08:37:06.794 0 0 D : mv2112_read_status
01-01 08:37:06.795 0 0 D mv2112_update_link: 3.0x901(1G): 0x80
01-01 08:37:06.797 0 0 D mv2112_update_link: 3.0x8109(100M): 0x0
01-01 08:37:06.797 0 0 D mv2112_update_link: link 0x0
01-01 08:37:06.797 0 0 D mv2112_read_status: autoneg is disabled
09-22 19:55:46.901 663 674 I mpu_uart: [MSG-P:RECV]:No message received in 1000 ms
01-01 08:37:07.821 0 0 D : mv2112_read_status
01-01 08:37:07.822 0 0 D mv2112_update_link: 3.0x901(1G): 0x80
01-01 08:37:07.824 0 0 D mv2112_update_link: 3.0x8109(100M): 0x0
01-01 08:37:07.824 0 0 D mv2112_update_link: link 0x0
01-01 08:37:07.824 0 0 D mv2112_read_status: autoneg is disabled
09-22 19:55:47.902 663 674 I mpu_uart: [MSG-P:RECV]:No message received in 1000 ms
01-01 08:37:08.843 0 0 D : mv2112_read_status
01-01 08:37:08.844 0 0 D mv2112_update_link: 3.0x901(1G): 0x80
01-01 08:37:08.845 0 0 D mv2112_update_link: 3.0x8109(100M): 0x0
01-01 08:37:08.846 0 0 D mv2112_update_link: link 0x0
01-01 08:37:08.846 0 0 D mv2112_read_status: autoneg is disabled
09-22 19:55:48.798 518 518 I hwservicemanager: getTransport: Cannot find entry android.hardware.light@2.0::ILight/default in either framework or device VINTF manifest.
09-22 19:55:48.806 4222 4222 E light : light_open lights keyboard failed: -22
09-22 19:55:48.806 4222 4222 E light : Light passthrough failed to load legacy HAL.
09-22 19:55:48.806 4222 4222 E light : light_open lights buttons failed: -22
09-22 19:55:48.806 4222 4222 E light : Light passthrough failed to load legacy HAL.
09-22 19:55:48.809 4222 4222 E light : light_open lights bluetooth failed: -22
09-22 19:55:48.809 4222 4222 E light : Light passthrough failed to load legacy HAL.
09-22 19:55:48.810 4222 4222 E light : light_open lights wifi failed: -22
09-22 19:55:48.810 4222 4222 E light : Light passthrough failed to load legacy HAL.
09-22 19:55:48.812 518 518 I hwservicemanager: getTransport: Cannot find entry android.hardware.light@2.0::ILight/default in either framework or device VINTF manifest.
09-22 19:55:48.814 4222 4222 E HidlServiceManagement: Service android.hardware.light@2.0::ILight/default must be in VINTF manifest in order to register/get.
09-22 19:55:48.814 4222 4222 E LegacySupport: Could not register service android.hardware.light@2.0::ILight/default (-2147483648).
09-22 19:55:48.903 663 674 I mpu_uart: [MSG-P:RECV]:No message received in 1000 ms
09-22 19:55:49.083 663 673 I mpu_uart: [MSG-P:R]:recv sync frame timeout
01-01 08:37:09.866 0 0 D : mv2112_read_status
01-01 08:37:09.868 0 0 D mv2112_update_link: 3.0x901(1G): 0x80
01-01 08:37:09.870 0 0 D mv2112_update_link: 3.0x8109(100M): 0x0
01-01 08:37:09.870 0 0 D mv2112_update_link: link 0x0
01-01 08:37:09.870 0 0 D mv2112_read_status: autoneg is disabled
01-01 08:37:10.222 0 0 I init : starting service 'qvrd_vndr'...
01-01 08:37:10.227 0 0 I init : Created socket '/dev/socket/qvrservice_vndr', mode 660, user 1000, group 1000
01-01 08:37:10.230 0 0 I init : Created socket '/dev/socket/qvrservice_vndr_camera', mode 660, user 1000, group 1000
01-01 08:37:10.282 0 0 I init : starting service 'sxrd'...
09-22 19:55:49.607 4224 4224 F linker : CANNOT LINK EXECUTABLE "/vendor/bin/hw/sxrservice": library "vendor.qti.hardware.qxr-V1-ndk_platform.so" not found: needed by main executable
09-22 19:55:49.610 4223 4223 F linker : CANNOT LINK EXECUTABLE "/vendor/bin/hw/qvrservice": library "vendor.qti.hardware.qxr-V1-ndk_platform.so" not found: needed by /vendor/lib64/libqvrservice.so in namespace (default)
01-01 08:37:10.311 0 0 I init : Service 'sxrd' (pid 4224) exited with status 1
01-01 08:37:10.311 0 0 I init : Sending signal 9 to service 'sxrd' (pid 4224) process group...
01-01 08:37:10.311 0 0 I libprocessgroup: Successfully killed process cgroup uid 1000 pid 4224 in 0ms
01-01 08:37:10.313 0 0 I init : Service 'qvrd_vndr' (pid 4223) exited with status 1
01-01 08:37:10.313 0 0 I init : Sending signal 9 to service 'qvrd_vndr' (pid 4223) process group...
01-01 08:37:10.313 0 0 I libprocessgroup: Successfully killed process cgroup uid 1000 pid 4223 in 0ms
09-22 19:55:49.904 663 674 I mpu_uart: [MSG-P:RECV]:No message received in 1000 ms
01-01 08:37:10.890 0 0 D : mv2112_read_status
01-01 08:37:10.893 0 0 D mv2112_update_link: 3.0x901(1G): 0x80
01-01 08:37:10.894 0 0 D mv2112_update_link: 3.0x8109(100M): 0x0
01-01 08:37:10.894 0 0 D mv2112_update_link: link 0x0
01-01 08:37:10.895 0 0 D mv2112_read_status: autoneg is disabled
09-22 19:55:50.905 663 674 I mpu_uart: [MSG-P:RECV]:No message received in 1000 ms
01-01 08:37:11.914 0 0 D : mv2112_read_status
01-01 08:37:11.916 0 0 D mv2112_update_link: 3.0x901(1G): 0x80
01-01 08:37:11.917 0 0 D mv2112_update_link: 3.0x8109(100M): 0x0
01-01 08:37:11.918 0 0 D mv2112_update_link: link 0x0
01-01 08:37:11.918 0 0 D mv2112_read_status: autoneg is disabled
09-22 19:55:51.906 663 674 I mpu_uart: [MSG-P:RECV]:No message received in 1000 ms
09-22 19:55:52.087 663 673 I mpu_uart: [MSG-P:R]:recv sync frame timeout
01-01 08:37:12.939 0 0 D : mv2112_read_status
01-01 08:37:12.940 0 0 D mv2112_update_link: 3.0x901(1G): 0x80
01-01 08:37:12.942 0 0 D mv2112_update_link: 3.0x8109(100M): 0x0
01-01 08:37:12.942 0 0 D mv2112_update_link: link 0x0
01-01 08:37:12.943 0 0 D mv2112_read_status: autoneg is disabled
09-22 19:55:52.906 663 674 I mpu_uart: [MSG-P:RECV]:No message received in 1000 ms
09-22 19:55:53.164 1898 1898 V MediaTimeout: Execute timeout for 0|com.android.systemui|1|empty_media|10087
09-22 19:55:53.166 1898 1898 D MediaDataManager: Updating 0|com.android.systemui|1|empty_media|10087 timedOut: true
09-22 19:55:53.168 1898 1898 D NotificationMediaManager: onMediaDataLoaded Notification Key : 0|com.android.systemui|1|empty_media|10087
09-22 19:55:53.180 1898 1898 W ConstraintSet: id unknown center_vertical_guideline
09-22 19:55:53.180 1898 1898 W ConstraintSet: id unknown center_horizontal_guideline
09-22 19:55:53.181 1898 1898 W ConstraintSet: id unknown media_action_barrier
09-22 19:55:53.183 1898 1898 W ConstraintSet: id unknown remove_text
09-22 19:55:53.183 1898 1898 W ConstraintSet: id unknown settings
09-22 19:55:53.183 1898 1898 W ConstraintSet: id unknown cancel
09-22 19:55:53.184 1898 1898 W ConstraintSet: id unknown dismiss
09-22 19:55:53.221 1898 1898 W ConstraintSet: id unknown center_vertical_guideline
09-22 19:55:53.221 1898 1898 W ConstraintSet: id unknown center_horizontal_guideline
09-22 19:55:53.221 1898 1898 W ConstraintSet: id unknown media_action_barrier
09-22 19:55:53.222 1898 1898 W ConstraintSet: id unknown remove_text
09-22 19:55:53.222 1898 1898 W ConstraintSet: id unknown settings
09-22 19:55:53.222 1898 1898 W ConstraintSet: id unknown cancel
09-22 19:55:53.222 1898 1898 W ConstraintSet: id unknown dismiss
09-22 19:55:53.236 1898 1898 W ConstraintSet: id unknown center_vertical_guideline
09-22 19:55:53.237 1898 1898 W ConstraintSet: id unknown center_horizontal_guideline
09-22 19:55:53.237 1898 1898 W ConstraintSet: id unknown media_action_barrier
09-22 19:55:53.237 1898 1898 W ConstraintSet: id unknown remove_text
09-22 19:55:53.237 1898 1898 W ConstraintSet: id unknown settings
09-22 19:55:53.237 1898 1898 W ConstraintSet: id unknown cancel
09-22 19:55:53.238 1898 1898 W ConstraintSet: id unknown dismiss
01-01 08:37:13.962 0 0 D : mv2112_read_status
01-01 08:37:13.964 0 0 D mv2112_update_link: 3.0x901(1G): 0x80
01-01 08:37:13.965 0 0 D mv2112_update_link: 3.0x8109(100M): 0x0
01-01 08:37:13.965 0 0 D mv2112_update_link: link 0x0
01-01 08:37:13.965 0 0 D mv2112_read_status: autoneg is disabled
09-22 19:55:53.816 518 518 I hwservicemanager: getTransport: Cannot find entry android.hardware.light@2.0::ILight/default in either framework or device VINTF manifest.
09-22 19:55:53.821 4225 4225 E light : light_open lights keyboard failed: -22
09-22 19:55:53.822 4225 4225 E light : Light passthrough failed to load legacy HAL.
09-22 19:55:53.823 4225 4225 E light : light_open lights buttons failed: -22
09-22 19:55:53.823 4225 4225 E light : Light passthrough failed to load legacy HAL.
09-22 19:55:53.830 4225 4225 E light : light_open lights bluetooth failed: -22
09-22 19:55:53.830 4225 4225 E light : Light passthrough failed to load legacy HAL.
09-22 19:55:53.831 4225 4225 E light : light_open lights wifi failed: -22
09-22 19:55:53.831 4225 4225 E light : Light passthrough failed to load legacy HAL.
09-22 19:55:53.833 518 518 I hwservicemanager: getTransport: Cannot find entry android.hardware.light@2.0::ILight/default in either framework or device VINTF manifest.
09-22 19:55:53.833 4225 4225 E HidlServiceManagement: Service android.hardware.light@2.0::ILight/default must be in VINTF manifest in order to register/get.
09-22 19:55:53.833 4225 4225 E LegacySupport: Could not register service android.hardware.light@2.0::ILight/default (-2147483648).
09-22 19:55:53.907 663 674 I mpu_uart: [MSG-P:RECV]:No message received in 1000 ms
01-01 08:37:14.986 0 0 D : mv2112_read_status
01-01 08:37:14.987 0 0 D mv2112_update_link: 3.0x901(1G): 0x80
01-01 08:37:14.988 0 0 D mv2112_update_link: 3.0x8109(100M): 0x0
01-01 08:37:14.988 0 0 D mv2112_update_link: link 0x0
01-01 08:37:14.988 0 0 D mv2112_read_status: autoneg is disabled
01-01 08:37:15.268 0 0 I init : starting service 'qvrd_vndr'...
01-01 08:37:15.276 0 0 I init : Created socket '/dev/socket/qvrservice_vndr', mode 660, user 1000, group 1000
01-01 08:37:15.283 0 0 I init : Created socket '/dev/socket/qvrservice_vndr_camera', mode 660, user 1000, group 1000
01-01 08:37:15.348 0 0 I init : starting service 'sxrd'...
09-22 19:55:54.670 4226 4226 F linker : CANNOT LINK EXECUTABLE "/vendor/bin/hw/qvrservice": library "vendor.qti.hardware.qxr-V1-ndk_platform.so" not found: needed by /vendor/lib64/libqvrservice.so in namespace (default)
01-01 08:37:15.390 0 0 I init : Service 'qvrd_vndr' (pid 4226) exited with status 1
01-01 08:37:15.390 0 0 I init : Sending signal 9 to service 'qvrd_vndr' (pid 4226) process group...
01-01 08:37:15.390 0 0 I libprocessgroup: Successfully killed process cgroup uid 1000 pid 4226 in 0ms
09-22 19:55:54.721 4227 4227 F linker : CANNOT LINK EXECUTABLE "/vendor/bin/hw/sxrservice": library "vendor.qti.hardware.qxr-V1-ndk_platform.so" not found: needed by main executable
01-01 08:37:15.425 0 0 I init : Service 'sxrd' (pid 4227) exited with status 1
01-01 08:37:15.425 0 0 I init : Sending signal 9 to service 'sxrd' (pid 4227) process group...
01-01 08:37:15.426 0 0 I libprocessgroup: Successfully killed process cgroup uid 1000 pid 4227 in 1ms
09-22 19:55:54.908 663 674 I mpu_uart: [MSG-P:RECV]:No message received in 1000 ms
09-22 19:55:55.091 663 673 I mpu_uart: [MSG-P:R]:recv sync frame timeout
01-01 08:37:16.010 0 0 D : mv2112_read_status
01-01 08:37:16.013 0 0 D mv2112_update_link: 3.0x901(1G): 0x80
01-01 08:37:16.015 0 0 D mv2112_update_link: 3.0x8109(100M): 0x0
01-01 08:37:16.015 0 0 D mv2112_update_link: link 0x0
01-01 08:37:16.015 0 0 D mv2112_read_status: autoneg is disabled
09-22 19:55:55.909 663 674 I mpu_uart: [MSG-P:RECV]:No message received in 1000 ms
01-01 08:37:17.034 0 0 D : mv2112_read_status
01-01 08:37:17.037 0 0 D mv2112_update_link: 3.0x901(1G): 0x80
01-01 08:37:17.039 0 0 D mv2112_update_link: 3.0x8109(100M): 0x0
01-01 08:37:17.040 0 0 D mv2112_update_link: link 0x0
01-01 08:37:17.040 0 0 D mv2112_read_status: autoneg is disabled
01-01 08:37:17.549 0 0 I binder : 1119:1684 ioctl 400c620e 739bdf95d8 returned -22
09-22 19:55:56.845 1119 1684 D ActivityManager: freezing 2986 com.android.keychain
09-22 19:55:56.846 1119 1684 E ActivityManager: Unable to freeze binder for 2986 com.android.keychain
09-22 19:55:56.855 1119 1684 D ActivityManager: froze 2986 com.android.keychain
09-22 19:55:56.855 1119 1684 I am_freeze: [2986,com.android.keychain]
09-22 19:55:56.855 1119 1684 E ActivityManager: Unable to freeze binder for 2986 com.android.keychain
01-01 08:37:17.558 0 0 I binder : 1119:1684 ioctl c00c620f 739bdf95b8 returned -22
09-22 19:55:56.857 1119 1684 I ActivityManager: Killing 2986:com.android.keychain/1000 (adj 965): Unable to freeze binder interface
09-22 19:55:56.857 1119 1684 I am_kill : [0,2986,com.android.keychain,965,Unable to freeze binder interface]
09-22 19:55:56.876 1119 1230 I libprocessgroup: Successfully killed process cgroup uid 1000 pid 2986 in 14ms
09-22 19:55:56.910 663 674 I mpu_uart: [MSG-P:RECV]:No message received in 1000 ms
09-22 19:55:57.016 1119 3870 I am_proc_died: [0,2986,com.android.keychain,965,19]
09-22 19:55:57.021 688 688 I Zygote : Process 2986 exited due to signal 9 (Killed)
09-22 19:55:57.046 1119 1226 I am_pss : [2715,10068,com.android.deskclock,58830848,51392512,0,177319936,0,2,16]
09-22 19:55:57.055 2715 2715 I Periodic: Executing periodic callback for MINUTE because the period ended
09-22 19:55:57.072 1119 1226 I am_pss : [2413,10077,com.android.launcher3,69276672,53981184,0,204992512,0,6,18]
09-22 19:55:57.088 1119 1226 I am_pss : [3809,10054,com.qualcomm.qti.qms.service.trustzoneaccess,5816320,3821568,0,91308032,0,19,12]
09-22 19:55:57.105 1119 1226 I am_pss : [3602,10024,com.android.providers.calendar,7447552,5181440,0,98582528,0,19,12]
09-22 19:55:57.124 1119 1226 I am_pss : [3716,10033,com.android.externalstorage,5736448,3846144,0,91787264,0,19,13]
09-22 19:55:57.145 1119 1226 I am_pss : [3374,1000,com.qti.diagservices,6373376,4083712,0,95055872,0,10,13]
09-22 19:55:57.162 1119 1226 I am_pss : [3390,10066,com.qualcomm.qti.devicestatisticsservice,5373952,3604480,0,88772608,0,0,13]
01-01 08:37:18.058 0 0 D : mv2112_read_status
01-01 08:37:18.059 0 0 D mv2112_update_link: 3.0x901(1G): 0x80
01-01 08:37:18.061 0 0 D mv2112_update_link: 3.0x8109(100M): 0x0
01-01 08:37:18.061 0 0 D mv2112_update_link: link 0x0
01-01 08:37:18.061 0 0 D mv2112_read_status: autoneg is disabled
09-22 19:55:57.911 663 674 I mpu_uart: [MSG-P:RECV]:No message received in 1000 ms
09-22 19:55:58.042 1119 1684 D ActivityManager: freezing 3303 com.android.localtransport
09-22 19:55:58.042 1119 1684 E ActivityManager: Unable to freeze binder for 3303 com.android.localtransport
09-22 19:55:58.049 1119 1684 D ActivityManager: froze 3303 com.android.localtransport
09-22 19:55:58.049 1119 1684 I am_freeze: [3303,com.android.localtransport]
09-22 19:55:58.050 1119 1684 E ActivityManager: Unable to freeze binder for 3303 com.android.localtransport
01-01 08:37:18.745 0 0 I binder : 1119:1684 ioctl 400c620e 739bdf95d8 returned -22
01-01 08:37:18.752 0 0 I binder : 1119:1684 ioctl c00c620f 739bdf95b8 returned -22
09-22 19:55:58.051 1119 1684 I ActivityManager: Killing 3303:com.android.localtransport/1000 (adj 965): Unable to freeze binder interface
09-22 19:55:58.052 1119 1684 I am_kill : [0,3303,com.android.localtransport,965,Unable to freeze binder interface]
09-22 19:55:58.076 1119 1230 I libprocessgroup: Successfully killed process cgroup uid 1000 pid 3303 in 22ms
09-22 19:55:58.095 663 673 I mpu_uart: [MSG-P:R]:recv sync frame timeout
01-01 08:37:18.891 0 0 I binder : 1119:1684 ioctl 400c620e 739bdf95d8 returned -22
09-22 19:55:58.188 1119 1684 D ActivityManager: freezing 3284 com.android.traceur
09-22 19:55:58.189 1119 1684 E ActivityManager: Unable to freeze binder for 3284 com.android.traceur
09-22 19:55:58.202 1119 1684 D ActivityManager: froze 3284 com.android.traceur
09-22 19:55:58.203 1119 1684 I am_freeze: [3284,com.android.traceur]
09-22 19:55:58.204 1119 1684 E ActivityManager: Unable to freeze binder for 3284 com.android.traceur
01-01 08:37:18.906 0 0 I binder : 1119:1684 ioctl c00c620f 739bdf95b8 returned -22
09-22 19:55:58.208 1119 1684 I ActivityManager: Killing 3284:com.android.traceur/u0a29 (adj 965): Unable to freeze binder interface
09-22 19:55:58.209 1119 1684 I am_kill : [0,3284,com.android.traceur,965,Unable to freeze binder interface]
09-22 19:55:58.325 1119 3870 I am_proc_died: [0,3303,com.android.localtransport,965,19]
09-22 19:55:58.338 1119 1230 I libprocessgroup: Successfully killed process cgroup uid 10029 pid 3284 in 1ms
09-22 19:55:58.347 688 688 I Zygote : Process 3303 exited due to signal 9 (Killed)
01-01 08:37:19.082 0 0 D : mv2112_read_status
01-01 08:37:19.083 0 0 D mv2112_update_link: 3.0x901(1G): 0x80
01-01 08:37:19.083 0 0 D mv2112_update_link: 3.0x8109(100M): 0x0
01-01 08:37:19.084 0 0 D mv2112_update_link: link 0x0
01-01 08:37:19.084 0 0 D mv2112_read_status: autoneg is disabled
09-22 19:55:58.420 1119 3870 I am_proc_died: [0,3284,com.android.traceur,965,19]
09-22 19:55:58.422 1119 3870 I am_uid_stopped: 10029
09-22 19:55:58.431 688 688 I Zygote : Process 3284 exited due to signal 9 (Killed)
09-22 19:55:58.571 1119 1684 D ActivityManager: freezing 3333 com.qualcomm.qti.qmmi
09-22 19:55:58.572 1119 1684 E ActivityManager: Unable to freeze binder for 3333 com.qualcomm.qti.qmmi
01-01 08:37:19.274 0 0 I binder : 1119:1684 ioctl 400c620e 739bdf95d8 returned -22
09-22 19:55:58.579 1119 1684 D ActivityManager: froze 3333 com.qualcomm.qti.qmmi
09-22 19:55:58.580 1119 1684 I am_freeze: [3333,com.qualcomm.qti.qmmi]
09-22 19:55:58.580 1119 1684 E ActivityManager: Unable to freeze binder for 3333 com.qualcomm.qti.qmmi
01-01 08:37:19.282 0 0 I binder : 1119:1684 ioctl c00c620f 739bdf95b8 returned -22
09-22 19:55:58.581 1119 1684 I ActivityManager: Killing 3333:com.qualcomm.qti.qmmi/1000 (adj 995): Unable to freeze binder interface
09-22 19:55:58.581 1119 1684 I am_kill : [0,3333,com.qualcomm.qti.qmmi,995,Unable to freeze binder interface]
09-22 19:55:58.592 1119 1230 I libprocessgroup: Successfully killed process cgroup uid 1000 pid 3333 in 7ms
09-22 19:55:58.754 1119 3870 I am_proc_died: [0,3333,com.qualcomm.qti.qmmi,995,19]
09-22 19:55:58.767 688 688 I Zygote : Process 3333 exited due to signal 9 (Killed)
09-22 19:55:58.856 518 518 I hwservicemanager: getTransport: Cannot find entry android.hardware.light@2.0::ILight/default in either framework or device VINTF manifest.
09-22 19:55:58.860 4228 4228 E light : light_open lights keyboard failed: -22
09-22 19:55:58.861 4228 4228 E light : Light passthrough failed to load legacy HAL.
09-22 19:55:58.861 4228 4228 E light : light_open lights buttons failed: -22
09-22 19:55:58.861 4228 4228 E light : Light passthrough failed to load legacy HAL.
09-22 19:55:58.864 4228 4228 E light : light_open lights bluetooth failed: -22
09-22 19:55:58.864 4228 4228 E light : Light passthrough failed to load legacy HAL.
09-22 19:55:58.865 4228 4228 E light : light_open lights wifi failed: -22
09-22 19:55:58.865 4228 4228 E light : Light passthrough failed to load legacy HAL.
09-22 19:55:58.866 518 518 I hwservicemanager: getTransport: Cannot find entry android.hardware.light@2.0::ILight/default in either framework or device VINTF manifest.
09-22 19:55:58.866 4228 4228 E HidlServiceManagement: Service android.hardware.light@2.0::ILight/default must be in VINTF manifest in order to register/get.
09-22 19:55:58.866 4228 4228 E LegacySupport: Could not register service android.hardware.light@2.0::ILight/default (-2147483648).
09-22 19:55:58.913 663 674 I mpu_uart: [MSG-P:RECV]:No message received in 1000 ms
01-01 08:37:20.080 0 0 I binder : 1119:1684 ioctl 400c620e 739bdf95d8 returned -22
01-01 08:37:20.083 0 0 I binder : 1119:1684 ioctl c00c620f 739bdf95b8 returned -22
09-22 19:55:59.376 1119 1684 D ActivityManager: freezing 3416 com.android.calendar
09-22 19:55:59.377 1119 1684 E ActivityManager: Unable to freeze binder for 3416 com.android.calendar
09-22 19:55:59.380 1119 1684 D ActivityManager: froze 3416 com.android.calendar
09-22 19:55:59.380 1119 1684 I am_freeze: [3416,com.android.calendar]
09-22 19:55:59.380 1119 1684 E ActivityManager: Unable to freeze binder for 3416 com.android.calendar
09-22 19:55:59.382 1119 1684 I ActivityManager: Killing 3416:com.android.calendar/u0a72 (adj 985): Unable to freeze binder interface
09-22 19:55:59.382 1119 1684 I am_kill : [0,3416,com.android.calendar,985,Unable to freeze binder interface]
09-22 19:55:59.396 1119 1230 I libprocessgroup: Successfully killed process cgroup uid 10072 pid 3416 in 4ms
01-01 08:37:20.106 0 0 D : mv2112_read_status
01-01 08:37:20.107 0 0 D mv2112_update_link: 3.0x901(1G): 0x80
01-01 08:37:20.107 0 0 D mv2112_update_link: 3.0x8109(100M): 0x0
01-01 08:37:20.107 0 0 D mv2112_update_link: link 0x0
01-01 08:37:20.108 0 0 D mv2112_read_status: autoneg is disabled
09-22 19:55:59.632 1119 3870 I am_proc_died: [0,3416,com.android.calendar,985,19]
09-22 19:55:59.634 1119 3870 I am_uid_stopped: 10072
01-01 08:37:20.340 0 0 I init : starting service 'qvrd_vndr'...
09-22 19:55:59.653 688 688 I Zygote : Process 3416 exited due to signal 9 (Killed)
01-01 08:37:20.356 0 0 I init : Created socket '/dev/socket/qvrservice_vndr', mode 660, user 1000, group 1000
01-01 08:37:20.359 0 0 I init : Created socket '/dev/socket/qvrservice_vndr_camera', mode 660, user 1000, group 1000
01-01 08:37:20.381 0 0 I init : starting service 'sxrd'...
09-22 19:55:59.720 4229 4229 F linker : CANNOT LINK EXECUTABLE "/vendor/bin/hw/qvrservice": library "vendor.qti.hardware.qxr-V1-ndk_platform.so" not found: needed by /vendor/lib64/libqvrservice.so in namespace (default)
01-01 08:37:20.424 0 0 I init : Service 'qvrd_vndr' (pid 4229) exited with status 1
09-22 19:55:59.729 4230 4230 F linker : CANNOT LINK EXECUTABLE "/vendor/bin/hw/sxrservice": library "vendor.qti.hardware.qxr-V1-ndk_platform.so" not found: needed by main executable
01-01 08:37:20.425 0 0 I init : Sending signal 9 to service 'qvrd_vndr' (pid 4229) process group...
01-01 08:37:20.426 0 0 I libprocessgroup: Successfully killed process cgroup uid 1000 pid 4229 in 0ms
01-01 08:37:20.437 0 0 I init : Service 'sxrd' (pid 4230) exited with status 1
01-01 08:37:20.437 0 0 I init : Sending signal 9 to service 'sxrd' (pid 4230) process group...
01-01 08:37:20.438 0 0 I libprocessgroup: Successfully killed process cgroup uid 1000 pid 4230 in 0ms
09-22 19:55:59.920 663 674 I mpu_uart: [MSG-P:RECV]:No message received in 1000 ms
01-01 08:37:20.670 0 0 I binder : 1119:1684 ioctl 400c620e 739bdf95d8 returned -22
09-22 19:55:59.967 1119 1684 D ActivityManager: freezing 3443 com.android.dynsystem
09-22 19:55:59.967 1119 1684 E ActivityManager: Unable to freeze binder for 3443 com.android.dynsystem
09-22 19:55:59.971 1119 1684 D ActivityManager: froze 3443 com.android.dynsystem
09-22 19:55:59.971 1119 1684 I am_freeze: [3443,com.android.dynsystem]
09-22 19:55:59.971 1119 1684 E ActivityManager: Unable to freeze binder for 3443 com.android.dynsystem
09-22 19:55:59.973 1119 1684 I ActivityManager: Killing 3443:com.android.dynsystem/1000 (adj 975): Unable to freeze binder interface
09-22 19:55:59.973 1119 1684 I am_kill : [0,3443,com.android.dynsystem,975,Unable to freeze binder interface]
01-01 08:37:20.674 0 0 I binder : 1119:1684 ioctl c00c620f 739bdf95b8 returned -22
09-22 19:56:00.010 1898 1898 D KeyguardUpdateMonitor: received broadcast android.intent.action.TIME_TICK
09-22 19:56:00.011 1898 1898 D KeyguardUpdateMonitor: handleTimeUpdate
09-22 19:56:00.230 1119 3870 I am_proc_died: [0,3443,com.android.dynsystem,975,19]
09-22 19:56:00.241 1119 1230 I libprocessgroup: Successfully killed process cgroup uid 1000 pid 3443 in 265ms
09-22 19:56:00.242 688 688 I Zygote : Process 3443 exited due to signal 9 (Killed)
09-22 19:56:00.343 1119 1684 D ActivityManager: freezing 3465 com.android.dynsystem:dynsystem
01-01 08:37:21.046 0 0 I binder : 1119:1684 ioctl 400c620e 739bdf95d8 returned -22
09-22 19:56:00.344 1119 1684 E ActivityManager: Unable to freeze binder for 3465 com.android.dynsystem:dynsystem
09-22 19:56:00.352 1119 1684 D ActivityManager: froze 3465 com.android.dynsystem:dynsystem
09-22 19:56:00.352 1119 1684 I am_freeze: [3465,com.android.dynsystem:dynsystem]
