01-01 08:34:48.893 0 0 I init : Sending signal 9 to service 'qvrd_vndr' (pid 4136) process group...
01-01 08:34:48.895 0 0 I libprocessgroup: Successfully killed process cgroup uid 1000 pid 4136 in 1ms
01-01 08:34:48.902 0 0 I init : Service 'sxrd' (pid 4137) exited with status 1
01-01 08:34:48.902 0 0 I init : Sending signal 9 to service 'sxrd' (pid 4137) process group...
01-01 08:34:48.903 0 0 I libprocessgroup: Successfully killed process cgroup uid 1000 pid 4137 in 0ms
09-22 19:53:28.768 663 674 I mpu_uart: [MSG-P:RECV]:No message received in 1000 ms
01-01 08:34:49.578 0 0 D : mv2112_read_status
01-01 08:34:49.580 0 0 D mv2112_update_link: 3.0x901(1G): 0x80
01-01 08:34:49.581 0 0 D mv2112_update_link: 3.0x8109(100M): 0x0
01-01 08:34:49.581 0 0 D mv2112_update_link: link 0x0
01-01 08:34:49.581 0 0 D mv2112_read_status: autoneg is disabled
09-22 19:53:29.769 663 674 I mpu_uart: [MSG-P:RECV]:No message received in 1000 ms
01-01 08:34:50.615 0 0 D : mv2112_read_status
01-01 08:34:50.616 0 0 D mv2112_update_link: 3.0x901(1G): 0x80
01-01 08:34:50.619 0 0 D mv2112_update_link: 3.0x8109(100M): 0x0
01-01 08:34:50.619 0 0 D mv2112_update_link: link 0x0
01-01 08:34:50.619 0 0 D mv2112_read_status: autoneg is disabled
09-22 19:53:30.770 663 674 I mpu_uart: [MSG-P:RECV]:No message received in 1000 ms
09-22 19:53:30.914 663 673 I mpu_uart: [MSG-P:R]:recv sync frame timeout
01-01 08:34:51.626 0 0 D : mv2112_read_status
01-01 08:34:51.627 0 0 D mv2112_update_link: 3.0x901(1G): 0x80
01-01 08:34:51.629 0 0 D mv2112_update_link: 3.0x8109(100M): 0x0
01-01 08:34:51.629 0 0 D mv2112_update_link: link 0x0
01-01 08:34:51.629 0 0 D mv2112_read_status: autoneg is disabled
09-22 19:53:31.771 663 674 I mpu_uart: [MSG-P:RECV]:No message received in 1000 ms
01-01 08:34:52.650 0 0 D : mv2112_read_status
01-01 08:34:52.652 0 0 D mv2112_update_link: 3.0x901(1G): 0x80
01-01 08:34:52.653 0 0 D mv2112_update_link: 3.0x8109(100M): 0x0
01-01 08:34:52.653 0 0 D mv2112_update_link: link 0x0
01-01 08:34:52.653 0 0 D mv2112_read_status: autoneg is disabled
09-22 19:53:32.492 518 518 I hwservicemanager: getTransport: Cannot find entry android.hardware.light@2.0::ILight/default in either framework or device VINTF manifest.
09-22 19:53:32.497 4138 4138 E light : light_open lights keyboard failed: -22
09-22 19:53:32.497 4138 4138 E light : Light passthrough failed to load legacy HAL.
09-22 19:53:32.498 4138 4138 E light : light_open lights buttons failed: -22
09-22 19:53:32.498 4138 4138 E light : Light passthrough failed to load legacy HAL.
09-22 19:53:32.501 4138 4138 E light : light_open lights bluetooth failed: -22
09-22 19:53:32.501 4138 4138 E light : Light passthrough failed to load legacy HAL.
09-22 19:53:32.502 4138 4138 E light : light_open lights wifi failed: -22
09-22 19:53:32.502 4138 4138 E light : Light passthrough failed to load legacy HAL.
09-22 19:53:32.504 518 518 I hwservicemanager: getTransport: Cannot find entry android.hardware.light@2.0::ILight/default in either framework or device VINTF manifest.
09-22 19:53:32.506 4138 4138 E HidlServiceManagement: Service android.hardware.light@2.0::ILight/default must be in VINTF manifest in order to register/get.
09-22 19:53:32.506 4138 4138 E LegacySupport: Could not register service android.hardware.light@2.0::ILight/default (-2147483648).
09-22 19:53:32.772 663 674 I mpu_uart: [MSG-P:RECV]:No message received in 1000 ms
01-01 08:34:53.674 0 0 D : mv2112_read_status
01-01 08:34:53.676 0 0 D mv2112_update_link: 3.0x901(1G): 0x80
01-01 08:34:53.677 0 0 D mv2112_update_link: 3.0x8109(100M): 0x0
01-01 08:34:53.677 0 0 D mv2112_update_link: link 0x0
01-01 08:34:53.677 0 0 D mv2112_read_status: autoneg is disabled
01-01 08:34:53.828 0 0 I init : starting service 'qvrd_vndr'...
01-01 08:34:53.833 0 0 I init : Created socket '/dev/socket/qvrservice_vndr', mode 660, user 1000, group 1000
01-01 08:34:53.835 0 0 I init : Created socket '/dev/socket/qvrservice_vndr_camera', mode 660, user 1000, group 1000
01-01 08:34:53.891 0 0 I init : starting service 'sxrd'...
09-22 19:53:33.214 4139 4139 F linker : CANNOT LINK EXECUTABLE "/vendor/bin/hw/qvrservice": library "vendor.qti.hardware.qxr-V1-ndk_platform.so" not found: needed by /vendor/lib64/libqvrservice.so in namespace (default)
01-01 08:34:53.918 0 0 I init : Service 'qvrd_vndr' (pid 4139) exited with status 1
01-01 08:34:53.918 0 0 I init : Sending signal 9 to service 'qvrd_vndr' (pid 4139) process group...
01-01 08:34:53.919 0 0 I libprocessgroup: Successfully killed process cgroup uid 1000 pid 4139 in 0ms
09-22 19:53:33.259 4140 4140 F linker : CANNOT LINK EXECUTABLE "/vendor/bin/hw/sxrservice": library "vendor.qti.hardware.qxr-V1-ndk_platform.so" not found: needed by main executable
01-01 08:34:53.963 0 0 I init : Service 'sxrd' (pid 4140) exited with status 1
01-01 08:34:53.963 0 0 I init : Sending signal 9 to service 'sxrd' (pid 4140) process group...
01-01 08:34:53.965 0 0 I libprocessgroup: Successfully killed process cgroup uid 1000 pid 4140 in 1ms
09-22 19:53:33.773 663 674 I mpu_uart: [MSG-P:RECV]:No message received in 1000 ms
09-22 19:53:33.918 663 673 I mpu_uart: [MSG-P:R]:recv sync frame timeout
01-01 08:34:54.699 0 0 D : mv2112_read_status
01-01 08:34:54.701 0 0 D mv2112_update_link: 3.0x901(1G): 0x80
01-01 08:34:54.703 0 0 D mv2112_update_link: 3.0x8109(100M): 0x0
01-01 08:34:54.703 0 0 D mv2112_update_link: link 0x0
01-01 08:34:54.703 0 0 D mv2112_read_status: autoneg is disabled
09-22 19:53:34.774 663 674 I mpu_uart: [MSG-P:RECV]:No message received in 1000 ms
01-01 08:34:55.722 0 0 D : mv2112_read_status
01-01 08:34:55.724 0 0 D mv2112_update_link: 3.0x901(1G): 0x80
01-01 08:34:55.725 0 0 D mv2112_update_link: 3.0x8109(100M): 0x0
01-01 08:34:55.725 0 0 D mv2112_update_link: link 0x0
01-01 08:34:55.725 0 0 D mv2112_read_status: autoneg is disabled
09-22 19:53:35.775 663 674 I mpu_uart: [MSG-P:RECV]:No message received in 1000 ms
01-01 08:34:56.746 0 0 D : mv2112_read_status
01-01 08:34:56.747 0 0 D mv2112_update_link: 3.0x901(1G): 0x80
01-01 08:34:56.748 0 0 D mv2112_update_link: 3.0x8109(100M): 0x0
01-01 08:34:56.748 0 0 D mv2112_update_link: link 0x0
01-01 08:34:56.748 0 0 D mv2112_read_status: autoneg is disabled
09-22 19:53:36.776 663 674 I mpu_uart: [MSG-P:RECV]:No message received in 1000 ms
09-22 19:53:36.922 663 673 I mpu_uart: [MSG-P:R]:recv sync frame timeout
01-01 08:34:57.771 0 0 D : mv2112_read_status
01-01 08:34:57.772 0 0 D mv2112_update_link: 3.0x901(1G): 0x80
01-01 08:34:57.775 0 0 D mv2112_update_link: 3.0x8109(100M): 0x0
01-01 08:34:57.775 0 0 D mv2112_update_link: link 0x0
01-01 08:34:57.775 0 0 D mv2112_read_status: autoneg is disabled
09-22 19:53:37.530 518 518 I hwservicemanager: getTransport: Cannot find entry android.hardware.light@2.0::ILight/default in either framework or device VINTF manifest.
09-22 19:53:37.535 4141 4141 E light : light_open lights keyboard failed: -22
09-22 19:53:37.535 4141 4141 E light : Light passthrough failed to load legacy HAL.
09-22 19:53:37.536 4141 4141 E light : light_open lights buttons failed: -22
09-22 19:53:37.536 4141 4141 E light : Light passthrough failed to load legacy HAL.
09-22 19:53:37.539 4141 4141 E light : light_open lights bluetooth failed: -22
09-22 19:53:37.539 4141 4141 E light : Light passthrough failed to load legacy HAL.
09-22 19:53:37.540 4141 4141 E light : light_open lights wifi failed: -22
09-22 19:53:37.540 4141 4141 E light : Light passthrough failed to load legacy HAL.
09-22 19:53:37.543 518 518 I hwservicemanager: getTransport: Cannot find entry android.hardware.light@2.0::ILight/default in either framework or device VINTF manifest.
09-22 19:53:37.545 4141 4141 E HidlServiceManagement: Service android.hardware.light@2.0::ILight/default must be in VINTF manifest in order to register/get.
09-22 19:53:37.545 4141 4141 E LegacySupport: Could not register service android.hardware.light@2.0::ILight/default (-2147483648).
09-22 19:53:37.777 663 674 I mpu_uart: [MSG-P:RECV]:No message received in 1000 ms
01-01 08:34:58.794 0 0 D : mv2112_read_status
01-01 08:34:58.796 0 0 D mv2112_update_link: 3.0x901(1G): 0x80
01-01 08:34:58.799 0 0 D mv2112_update_link: 3.0x8109(100M): 0x0
01-01 08:34:58.799 0 0 D mv2112_update_link: link 0x0
01-01 08:34:58.799 0 0 D mv2112_read_status: autoneg is disabled
01-01 08:34:58.876 0 0 I init : starting service 'qvrd_vndr'...
01-01 08:34:58.881 0 0 I init : Created socket '/dev/socket/qvrservice_vndr', mode 660, user 1000, group 1000
01-01 08:34:58.887 0 0 I init : Created socket '/dev/socket/qvrservice_vndr_camera', mode 660, user 1000, group 1000
01-01 08:34:58.954 0 0 I init : starting service 'sxrd'...
09-22 19:53:38.269 4142 4142 F linker : CANNOT LINK EXECUTABLE "/vendor/bin/hw/qvrservice": library "vendor.qti.hardware.qxr-V1-ndk_platform.so" not found: needed by /vendor/lib64/libqvrservice.so in namespace (default)
01-01 08:34:58.973 0 0 I init : Service 'qvrd_vndr' (pid 4142) exited with status 1
01-01 08:34:58.973 0 0 I init : Sending signal 9 to service 'qvrd_vndr' (pid 4142) process group...
01-01 08:34:58.973 0 0 I libprocessgroup: Successfully killed process cgroup uid 1000 pid 4142 in 0ms
09-22 19:53:38.309 4143 4143 F linker : CANNOT LINK EXECUTABLE "/vendor/bin/hw/sxrservice": library "vendor.qti.hardware.qxr-V1-ndk_platform.so" not found: needed by main executable
01-01 08:34:59.013 0 0 I init : Service 'sxrd' (pid 4143) exited with status 1
01-01 08:34:59.013 0 0 I init : Sending signal 9 to service 'sxrd' (pid 4143) process group...
01-01 08:34:59.013 0 0 I libprocessgroup: Successfully killed process cgroup uid 1000 pid 4143 in 0ms
09-22 19:53:38.778 663 674 I mpu_uart: [MSG-P:RECV]:No message received in 1000 ms
01-01 08:34:59.818 0 0 D : mv2112_read_status
01-01 08:34:59.820 0 0 D mv2112_update_link: 3.0x901(1G): 0x80
01-01 08:34:59.822 0 0 D mv2112_update_link: 3.0x8109(100M): 0x0
01-01 08:34:59.822 0 0 D mv2112_update_link: link 0x0
01-01 08:34:59.822 0 0 D mv2112_read_status: autoneg is disabled
09-22 19:53:39.779 663 674 I mpu_uart: [MSG-P:RECV]:No message received in 1000 ms
09-22 19:53:39.925 663 673 I mpu_uart: [MSG-P:R]:recv sync frame timeout
01-01 08:35:00.843 0 0 D : mv2112_read_status
01-01 08:35:00.844 0 0 D mv2112_update_link: 3.0x901(1G): 0x80
01-01 08:35:00.845 0 0 D mv2112_update_link: 3.0x8109(100M): 0x0
01-01 08:35:00.846 0 0 D mv2112_update_link: link 0x0
01-01 08:35:00.847 0 0 D mv2112_read_status: autoneg is disabled
09-22 19:53:40.779 663 674 I mpu_uart: [MSG-P:RECV]:No message received in 1000 ms
01-01 08:35:01.867 0 0 D : mv2112_read_status
01-01 08:35:01.868 0 0 D mv2112_update_link: 3.0x901(1G): 0x80
01-01 08:35:01.870 0 0 D mv2112_update_link: 3.0x8109(100M): 0x0
01-01 08:35:01.871 0 0 D mv2112_update_link: link 0x0
01-01 08:35:01.871 0 0 D mv2112_read_status: autoneg is disabled
09-22 19:53:41.780 663 674 I mpu_uart: [MSG-P:RECV]:No message received in 1000 ms
01-01 08:35:02.890 0 0 D : mv2112_read_status
01-01 08:35:02.891 0 0 D mv2112_update_link: 3.0x901(1G): 0x80
01-01 08:35:02.892 0 0 D mv2112_update_link: 3.0x8109(100M): 0x0
01-01 08:35:02.892 0 0 D mv2112_update_link: link 0x0
01-01 08:35:02.892 0 0 D mv2112_read_status: autoneg is disabled
09-22 19:53:42.566 518 518 I hwservicemanager: getTransport: Cannot find entry android.hardware.light@2.0::ILight/default in either framework or device VINTF manifest.
09-22 19:53:42.571 4144 4144 E light : light_open lights keyboard failed: -22
09-22 19:53:42.571 4144 4144 E light : Light passthrough failed to load legacy HAL.
09-22 19:53:42.572 4144 4144 E light : light_open lights buttons failed: -22
09-22 19:53:42.572 4144 4144 E light : Light passthrough failed to load legacy HAL.
09-22 19:53:42.575 4144 4144 E light : light_open lights bluetooth failed: -22
09-22 19:53:42.575 4144 4144 E light : Light passthrough failed to load legacy HAL.
09-22 19:53:42.575 4144 4144 E light : light_open lights wifi failed: -22
09-22 19:53:42.575 4144 4144 E light : Light passthrough failed to load legacy HAL.
09-22 19:53:42.580 518 518 I hwservicemanager: getTransport: Cannot find entry android.hardware.light@2.0::ILight/default in either framework or device VINTF manifest.
09-22 19:53:42.582 4144 4144 E HidlServiceManagement: Service android.hardware.light@2.0::ILight/default must be in VINTF manifest in order to register/get.
09-22 19:53:42.582 4144 4144 E LegacySupport: Could not register service android.hardware.light@2.0::ILight/default (-2147483648).
09-22 19:53:42.781 663 674 I mpu_uart: [MSG-P:RECV]:No message received in 1000 ms
09-22 19:53:42.929 663 673 I mpu_uart: [MSG-P:R]:recv sync frame timeout
01-01 08:35:03.914 0 0 D : mv2112_read_status
01-01 08:35:03.916 0 0 D mv2112_update_link: 3.0x901(1G): 0x80
01-01 08:35:03.918 0 0 D mv2112_update_link: 3.0x8109(100M): 0x0
01-01 08:35:03.918 0 0 D mv2112_update_link: link 0x0
01-01 08:35:03.919 0 0 D mv2112_read_status: autoneg is disabled
01-01 08:35:03.942 0 0 I init : starting service 'qvrd_vndr'...
01-01 08:35:03.953 0 0 I init : Created socket '/dev/socket/qvrservice_vndr', mode 660, user 1000, group 1000
01-01 08:35:03.961 0 0 I init : Created socket '/dev/socket/qvrservice_vndr_camera', mode 660, user 1000, group 1000
01-01 08:35:03.994 0 0 I init : starting service 'sxrd'...
09-22 19:53:43.336 4145 4145 F linker : CANNOT LINK EXECUTABLE "/vendor/bin/hw/qvrservice": library "vendor.qti.hardware.qxr-V1-ndk_platform.so" not found: needed by /vendor/lib64/libqvrservice.so in namespace (default)
01-01 08:35:04.040 0 0 I init : Service 'qvrd_vndr' (pid 4145) exited with status 1
01-01 08:35:04.040 0 0 I init : Sending signal 9 to service 'qvrd_vndr' (pid 4145) process group...
01-01 08:35:04.040 0 0 I libprocessgroup: Successfully killed process cgroup uid 1000 pid 4145 in 0ms
09-22 19:53:43.343 4146 4146 F linker : CANNOT LINK EXECUTABLE "/vendor/bin/hw/sxrservice": library "vendor.qti.hardware.qxr-V1-ndk_platform.so" not found: needed by main executable
01-01 08:35:04.047 0 0 I init : Service 'sxrd' (pid 4146) exited with status 1
01-01 08:35:04.047 0 0 I init : Sending signal 9 to service 'sxrd' (pid 4146) process group...
01-01 08:35:04.048 0 0 I libprocessgroup: Successfully killed process cgroup uid 1000 pid 4146 in 0ms
09-22 19:53:43.782 663 674 I mpu_uart: [MSG-P:RECV]:No message received in 1000 ms
01-01 08:35:04.938 0 0 D : mv2112_read_status
01-01 08:35:04.940 0 0 D mv2112_update_link: 3.0x901(1G): 0x80
01-01 08:35:04.941 0 0 D mv2112_update_link: 3.0x8109(100M): 0x0
01-01 08:35:04.941 0 0 D mv2112_update_link: link 0x0
01-01 08:35:04.941 0 0 D mv2112_read_status: autoneg is disabled
09-22 19:53:44.783 663 674 I mpu_uart: [MSG-P:RECV]:No message received in 1000 ms
01-01 08:35:05.963 0 0 D : mv2112_read_status
01-01 08:35:05.964 0 0 D mv2112_update_link: 3.0x901(1G): 0x80
01-01 08:35:05.965 0 0 D mv2112_update_link: 3.0x8109(100M): 0x0
01-01 08:35:05.965 0 0 D mv2112_update_link: link 0x0
01-01 08:35:05.965 0 0 D mv2112_read_status: autoneg is disabled
09-22 19:53:45.784 663 674 I mpu_uart: [MSG-P:RECV]:No message received in 1000 ms
09-22 19:53:45.933 663 673 I mpu_uart: [MSG-P:R]:recv sync frame timeout
01-01 08:35:06.986 0 0 D : mv2112_read_status
01-01 08:35:06.988 0 0 D mv2112_update_link: 3.0x901(1G): 0x80
01-01 08:35:06.990 0 0 D mv2112_update_link: 3.0x8109(100M): 0x0
01-01 08:35:06.990 0 0 D mv2112_update_link: link 0x0
01-01 08:35:06.990 0 0 D mv2112_read_status: autoneg is disabled
09-22 19:53:46.785 663 674 I mpu_uart: [MSG-P:RECV]:No message received in 1000 ms
01-01 08:35:08.011 0 0 D : mv2112_read_status
01-01 08:35:08.013 0 0 D mv2112_update_link: 3.0x901(1G): 0x80
01-01 08:35:08.014 0 0 D mv2112_update_link: 3.0x8109(100M): 0x0
01-01 08:35:08.014 0 0 D mv2112_update_link: link 0x0
01-01 08:35:08.014 0 0 D mv2112_read_status: autoneg is disabled
09-22 19:53:47.596 518 518 I hwservicemanager: getTransport: Cannot find entry android.hardware.light@2.0::ILight/default in either framework or device VINTF manifest.
09-22 19:53:47.601 4147 4147 E light : light_open lights keyboard failed: -22
09-22 19:53:47.602 4147 4147 E light : Light passthrough failed to load legacy HAL.
09-22 19:53:47.602 4147 4147 E light : light_open lights buttons failed: -22
09-22 19:53:47.602 4147 4147 E light : Light passthrough failed to load legacy HAL.
09-22 19:53:47.605 4147 4147 E light : light_open lights bluetooth failed: -22
09-22 19:53:47.605 4147 4147 E light : Light passthrough failed to load legacy HAL.
09-22 19:53:47.606 4147 4147 E light : light_open lights wifi failed: -22
09-22 19:53:47.606 4147 4147 E light : Light passthrough failed to load legacy HAL.
09-22 19:53:47.610 518 518 I hwservicemanager: getTransport: Cannot find entry android.hardware.light@2.0::ILight/default in either framework or device VINTF manifest.
09-22 19:53:47.611 4147 4147 E HidlServiceManagement: Service android.hardware.light@2.0::ILight/default must be in VINTF manifest in order to register/get.
09-22 19:53:47.611 4147 4147 E LegacySupport: Could not register service android.hardware.light@2.0::ILight/default (-2147483648).
09-22 19:53:47.786 663 674 I mpu_uart: [MSG-P:RECV]:No message received in 1000 ms
01-01 08:35:08.989 0 0 I init : starting service 'qvrd_vndr'...
01-01 08:35:08.995 0 0 I init : Created socket '/dev/socket/qvrservice_vndr', mode 660, user 1000, group 1000
01-01 08:35:09.006 0 0 I init : Created socket '/dev/socket/qvrservice_vndr_camera', mode 660, user 1000, group 1000
01-01 08:35:09.034 0 0 D : mv2112_read_status
01-01 08:35:09.035 0 0 D mv2112_update_link: 3.0x901(1G): 0x80
01-01 08:35:09.037 0 0 D mv2112_update_link: 3.0x8109(100M): 0x0
01-01 08:35:09.037 0 0 D mv2112_update_link: link 0x0
01-01 08:35:09.037 0 0 D mv2112_read_status: autoneg is disabled
01-01 08:35:09.069 0 0 I init : starting service 'sxrd'...
09-22 19:53:48.388 4148 4148 F linker : CANNOT LINK EXECUTABLE "/vendor/bin/hw/qvrservice": library "vendor.qti.hardware.qxr-V1-ndk_platform.so" not found: needed by /vendor/lib64/libqvrservice.so in namespace (default)
01-01 08:35:09.106 0 0 I init : Service 'qvrd_vndr' (pid 4148) exited with status 1
01-01 08:35:09.106 0 0 I init : Sending signal 9 to service 'qvrd_vndr' (pid 4148) process group...
01-01 08:35:09.106 0 0 I libprocessgroup: Successfully killed process cgroup uid 1000 pid 4148 in 0ms
09-22 19:53:48.439 4149 4149 F linker : CANNOT LINK EXECUTABLE "/vendor/bin/hw/sxrservice": library "vendor.qti.hardware.qxr-V1-ndk_platform.so" not found: needed by main executable
01-01 08:35:09.143 0 0 I init : Service 'sxrd' (pid 4149) exited with status 1
01-01 08:35:09.143 0 0 I init : Sending signal 9 to service 'sxrd' (pid 4149) process group...
01-01 08:35:09.144 0 0 I libprocessgroup: Successfully killed process cgroup uid 1000 pid 4149 in 0ms
09-22 19:53:48.786 663 674 I mpu_uart: [MSG-P:RECV]:No message received in 1000 ms
09-22 19:53:48.936 663 673 I mpu_uart: [MSG-P:R]:recv sync frame timeout
01-01 08:35:10.058 0 0 D : mv2112_read_status
01-01 08:35:10.059 0 0 D mv2112_update_link: 3.0x901(1G): 0x80
01-01 08:35:10.061 0 0 D mv2112_update_link: 3.0x8109(100M): 0x0
01-01 08:35:10.061 0 0 D mv2112_update_link: link 0x0
01-01 08:35:10.061 0 0 D mv2112_read_status: autoneg is disabled
09-22 19:53:49.788 663 674 I mpu_uart: [MSG-P:RECV]:No message received in 1000 ms
01-01 08:35:11.082 0 0 D : mv2112_read_status
01-01 08:35:11.084 0 0 D mv2112_update_link: 3.0x901(1G): 0x80
01-01 08:35:11.086 0 0 D mv2112_update_link: 3.0x8109(100M): 0x0
01-01 08:35:11.086 0 0 D mv2112_update_link: link 0x0
01-01 08:35:11.086 0 0 D mv2112_read_status: autoneg is disabled
09-22 19:53:50.788 663 674 I mpu_uart: [MSG-P:RECV]:No message received in 1000 ms
01-01 08:35:12.106 0 0 D : mv2112_read_status
01-01 08:35:12.108 0 0 D mv2112_update_link: 3.0x901(1G): 0x80
01-01 08:35:12.110 0 0 D mv2112_update_link: 3.0x8109(100M): 0x0
01-01 08:35:12.110 0 0 D mv2112_update_link: link 0x0
01-01 08:35:12.110 0 0 D mv2112_read_status: autoneg is disabled
09-22 19:53:51.789 663 674 I mpu_uart: [MSG-P:RECV]:No message received in 1000 ms
09-22 19:53:51.940 663 673 I mpu_uart: [MSG-P:R]:recv sync frame timeout
01-01 08:35:13.131 0 0 D : mv2112_read_status
01-01 08:35:13.133 0 0 D mv2112_update_link: 3.0x901(1G): 0x80
01-01 08:35:13.135 0 0 D mv2112_update_link: 3.0x8109(100M): 0x0
01-01 08:35:13.135 0 0 D mv2112_update_link: link 0x0
01-01 08:35:13.135 0 0 D mv2112_read_status: autoneg is disabled
09-22 19:53:52.656 518 518 I hwservicemanager: getTransport: Cannot find entry android.hardware.light@2.0::ILight/default in either framework or device VINTF manifest.
09-22 19:53:52.661 4150 4150 E light : light_open lights keyboard failed: -22
09-22 19:53:52.661 4150 4150 E light : Light passthrough failed to load legacy HAL.
09-22 19:53:52.662 4150 4150 E light : light_open lights buttons failed: -22
09-22 19:53:52.662 4150 4150 E light : Light passthrough failed to load legacy HAL.
09-22 19:53:52.664 4150 4150 E light : light_open lights bluetooth failed: -22
09-22 19:53:52.664 4150 4150 E light : Light passthrough failed to load legacy HAL.
09-22 19:53:52.665 4150 4150 E light : light_open lights wifi failed: -22
09-22 19:53:52.665 4150 4150 E light : Light passthrough failed to load legacy HAL.
09-22 19:53:52.666 518 518 I hwservicemanager: getTransport: Cannot find entry android.hardware.light@2.0::ILight/default in either framework or device VINTF manifest.
09-22 19:53:52.666 4150 4150 E HidlServiceManagement: Service android.hardware.light@2.0::ILight/default must be in VINTF manifest in order to register/get.
09-22 19:53:52.666 4150 4150 E LegacySupport: Could not register service android.hardware.light@2.0::ILight/default (-2147483648).
09-22 19:53:52.790 663 674 I mpu_uart: [MSG-P:RECV]:No message received in 1000 ms
01-01 08:35:14.054 0 0 I init : starting service 'qvrd_vndr'...
01-01 08:35:14.062 0 0 I init : Created socket '/dev/socket/qvrservice_vndr', mode 660, user 1000, group 1000
01-01 08:35:14.071 0 0 I init : Created socket '/dev/socket/qvrservice_vndr_camera', mode 660, user 1000, group 1000
01-01 08:35:14.135 0 0 I init : starting service 'sxrd'...
09-22 19:53:53.451 4151 4151 F linker : CANNOT LINK EXECUTABLE "/vendor/bin/hw/qvrservice": library "vendor.qti.hardware.qxr-V1-ndk_platform.so" not found: needed by /vendor/lib64/libqvrservice.so in namespace (default)
01-01 08:35:14.154 0 0 D : mv2112_read_status
01-01 08:35:14.155 0 0 D mv2112_update_link: 3.0x901(1G): 0x80
01-01 08:35:14.156 0 0 D mv2112_update_link: 3.0x8109(100M): 0x0
01-01 08:35:14.156 0 0 D mv2112_update_link: link 0x0
01-01 08:35:14.156 0 0 D mv2112_read_status: autoneg is disabled
01-01 08:35:14.160 0 0 I init : Service 'qvrd_vndr' (pid 4151) exited with status 1
01-01 08:35:14.160 0 0 I init : Sending signal 9 to service 'qvrd_vndr' (pid 4151) process group...
01-01 08:35:14.161 0 0 I libprocessgroup: Successfully killed process cgroup uid 1000 pid 4151 in 0ms
09-22 19:53:53.499 4152 4152 F linker : CANNOT LINK EXECUTABLE "/vendor/bin/hw/sxrservice": library "vendor.qti.hardware.qxr-V1-ndk_platform.so" not found: needed by main executable
01-01 08:35:14.203 0 0 I init : Service 'sxrd' (pid 4152) exited with status 1
01-01 08:35:14.203 0 0 I init : Sending signal 9 to service 'sxrd' (pid 4152) process group...
01-01 08:35:14.203 0 0 I libprocessgroup: Successfully killed process cgroup uid 1000 pid 4152 in 0ms
09-22 19:53:53.791 663 674 I mpu_uart: [MSG-P:RECV]:No message received in 1000 ms
01-01 08:35:15.179 0 0 D : mv2112_read_status
01-01 08:35:15.182 0 0 D mv2112_update_link: 3.0x901(1G): 0x80
01-01 08:35:15.184 0 0 D mv2112_update_link: 3.0x8109(100M): 0x0
01-01 08:35:15.184 0 0 D mv2112_update_link: link 0x0
01-01 08:35:15.184 0 0 D mv2112_read_status: autoneg is disabled
09-22 19:53:54.792 663 674 I mpu_uart: [MSG-P:RECV]:No message received in 1000 ms
09-22 19:53:54.944 663 673 I mpu_uart: [MSG-P:R]:recv sync frame timeout
01-01 08:35:16.203 0 0 D : mv2112_read_status
01-01 08:35:16.204 0 0 D mv2112_update_link: 3.0x901(1G): 0x80
01-01 08:35:16.205 0 0 D mv2112_update_link: 3.0x8109(100M): 0x0
01-01 08:35:16.206 0 0 D mv2112_update_link: link 0x0
01-01 08:35:16.206 0 0 D mv2112_read_status: autoneg is disabled
09-22 19:53:55.793 663 674 I mpu_uart: [MSG-P:RECV]:No message received in 1000 ms
01-01 08:35:17.226 0 0 D : mv2112_read_status
01-01 08:35:17.228 0 0 D mv2112_update_link: 3.0x901(1G): 0x80
01-01 08:35:17.229 0 0 D mv2112_update_link: 3.0x8109(100M): 0x0
01-01 08:35:17.230 0 0 D mv2112_update_link: link 0x0
01-01 08:35:17.230 0 0 D mv2112_read_status: autoneg is disabled
09-22 19:53:56.794 663 674 I mpu_uart: [MSG-P:RECV]:No message received in 1000 ms
09-22 19:53:57.053 2715 2715 I Periodic: Executing periodic callback for MINUTE because the period ended
09-22 19:53:57.120 2715 3935 I OpenGLRenderer: Davey! duration=9223371502244ms; Flags=0, FrameTimelineVsyncId=7222, IntendedVsync=534609765989, Vsync=534609765989, InputEventId=0, HandleInputStart=534610657242, AnimationStart=534610658649, PerformTraversalsStart=534611358701, DrawStart=534611483649, FrameDeadline=534626432655, FrameInterval=534610654378, FrameStartTime=16666666, SyncQueued=534611518076, SyncStart=534611678701, IssueDrawCommandsStart=534611883024, SwapBuffers=534613732295, FrameCompleted=9223372036854775807, DequeueBufferDuration=190625, QueueBufferDuration=3337188, GpuCompleted=9223372036854775807, SwapBuffersCompleted=534619226045, DisplayPresentTime=0,
01-01 08:35:18.250 0 0 D : mv2112_read_status
01-01 08:35:18.251 0 0 D mv2112_update_link: 3.0x901(1G): 0x80
01-01 08:35:18.252 0 0 D mv2112_update_link: 3.0x8109(100M): 0x0
01-01 08:35:18.252 0 0 D mv2112_update_link: link 0x0
01-01 08:35:18.252 0 0 D mv2112_read_status: autoneg is disabled
09-22 19:53:57.686 518 518 I hwservicemanager: getTransport: Cannot find entry android.hardware.light@2.0::ILight/default in either framework or device VINTF manifest.
09-22 19:53:57.692 4153 4153 E light : light_open lights keyboard failed: -22
09-22 19:53:57.692 4153 4153 E light : Light passthrough failed to load legacy HAL.
09-22 19:53:57.692 4153 4153 E light : light_open lights buttons failed: -22
09-22 19:53:57.692 4153 4153 E light : Light passthrough failed to load legacy HAL.
09-22 19:53:57.695 4153 4153 E light : light_open lights bluetooth failed: -22
09-22 19:53:57.695 4153 4153 E light : Light passthrough failed to load legacy HAL.
09-22 19:53:57.696 4153 4153 E light : light_open lights wifi failed: -22
09-22 19:53:57.696 4153 4153 E light : Light passthrough failed to load legacy HAL.
09-22 19:53:57.699 518 518 I hwservicemanager: getTransport: Cannot find entry android.hardware.light@2.0::ILight/default in either framework or device VINTF manifest.
09-22 19:53:57.701 4153 4153 E HidlServiceManagement: Service android.hardware.light@2.0::ILight/default must be in VINTF manifest in order to register/get.
09-22 19:53:57.701 4153 4153 E LegacySupport: Could not register service android.hardware.light@2.0::ILight/default (-2147483648).
09-22 19:53:57.795 663 674 I mpu_uart: [MSG-P:RECV]:No message received in 1000 ms
09-22 19:53:57.948 663 673 I mpu_uart: [MSG-P:R]:recv sync frame timeout
01-01 08:35:19.117 0 0 I init : starting service 'qvrd_vndr'...
01-01 08:35:19.123 0 0 I init : Created socket '/dev/socket/qvrservice_vndr', mode 660, user 1000, group 1000
01-01 08:35:19.127 0 0 I init : Created socket '/dev/socket/qvrservice_vndr_camera', mode 660, user 1000, group 1000
01-01 08:35:19.173 0 0 I init : starting service 'sxrd'...
09-22 19:53:58.519 4154 4154 F linker : CANNOT LINK EXECUTABLE "/vendor/bin/hw/qvrservice": library "vendor.qti.hardware.qxr-V1-ndk_platform.so" not found: needed by /vendor/lib64/libqvrservice.so in namespace (default)
01-01 08:35:19.223 0 0 I init : Service 'qvrd_vndr' (pid 4154) exited with status 1
09-22 19:53:58.524 4155 4155 F linker : CANNOT LINK EXECUTABLE "/vendor/bin/hw/sxrservice": library "vendor.qti.hardware.qxr-V1-ndk_platform.so" not found: needed by main executable
01-01 08:35:19.223 0 0 I init : Sending signal 9 to service 'qvrd_vndr' (pid 4154) process group...
01-01 08:35:19.223 0 0 I libprocessgroup: Successfully killed process cgroup uid 1000 pid 4154 in 0ms
01-01 08:35:19.228 0 0 I init : Service 'sxrd' (pid 4155) exited with status 1
01-01 08:35:19.228 0 0 I init : Sending signal 9 to service 'sxrd' (pid 4155) process group...
01-01 08:35:19.228 0 0 I libprocessgroup: Successfully killed process cgroup uid 1000 pid 4155 in 0ms
01-01 08:35:19.274 0 0 D : mv2112_read_status
01-01 08:35:19.275 0 0 D mv2112_update_link: 3.0x901(1G): 0x80
01-01 08:35:19.276 0 0 D mv2112_update_link: 3.0x8109(100M): 0x0
01-01 08:35:19.276 0 0 D mv2112_update_link: link 0x0
01-01 08:35:19.276 0 0 D mv2112_read_status: autoneg is disabled
09-22 19:53:58.796 663 674 I mpu_uart: [MSG-P:RECV]:No message received in 1000 ms
01-01 08:35:20.298 0 0 D : mv2112_read_status
01-01 08:35:20.299 0 0 D mv2112_update_link: 3.0x901(1G): 0x80
01-01 08:35:20.300 0 0 D mv2112_update_link: 3.0x8109(100M): 0x0
01-01 08:35:20.300 0 0 D mv2112_update_link: link 0x0
01-01 08:35:20.300 0 0 D mv2112_read_status: autoneg is disabled
09-22 19:53:59.797 663 674 I mpu_uart: [MSG-P:RECV]:No message received in 1000 ms
09-22 19:54:00.012 1898 1898 D KeyguardUpdateMonitor: received broadcast android.intent.action.TIME_TICK
09-22 19:54:00.013 1898 1898 D KeyguardUpdateMonitor: handleTimeUpdate
01-01 08:35:21.322 0 0 D : mv2112_read_status
01-01 08:35:21.324 0 0 D mv2112_update_link: 3.0x901(1G): 0x80
01-01 08:35:21.326 0 0 D mv2112_update_link: 3.0x8109(100M): 0x0
01-01 08:35:21.326 0 0 D mv2112_update_link: link 0x0
01-01 08:35:21.326 0 0 D mv2112_read_status: autoneg is disabled
09-22 19:54:00.798 663 674 I mpu_uart: [MSG-P:RECV]:No message received in 1000 ms
09-22 19:54:00.951 663 673 I mpu_uart: [MSG-P:R]:recv sync frame timeout
01-01 08:35:22.349 0 0 D : mv2112_read_status
01-01 08:35:22.351 0 0 D mv2112_update_link: 3.0x901(1G): 0x80
01-01 08:35:22.352 0 0 D mv2112_update_link: 3.0x8109(100M): 0x0
01-01 08:35:22.352 0 0 D mv2112_update_link: link 0x0
01-01 08:35:22.352 0 0 D mv2112_read_status: autoneg is disabled
09-22 19:54:01.799 663 674 I mpu_uart: [MSG-P:RECV]:No message received in 1000 ms
01-01 08:35:23.370 0 0 D : mv2112_read_status
01-01 08:35:23.371 0 0 D mv2112_update_link: 3.0x901(1G): 0x80
01-01 08:35:23.372 0 0 D mv2112_update_link: 3.0x8109(100M): 0x0
01-01 08:35:23.372 0 0 D mv2112_update_link: link 0x0
01-01 08:35:23.372 0 0 D mv2112_read_status: autoneg is disabled
09-22 19:54:02.702 518 518 I hwservicemanager: getTransport: Cannot find entry android.hardware.light@2.0::ILight/default in either framework or device VINTF manifest.
09-22 19:54:02.708 4156 4156 E light : light_open lights keyboard failed: -22
09-22 19:54:02.708 4156 4156 E light : Light passthrough failed to load legacy HAL.
09-22 19:54:02.709 4156 4156 E light : light_open lights buttons failed: -22
09-22 19:54:02.709 4156 4156 E light : Light passthrough failed to load legacy HAL.
09-22 19:54:02.711 4156 4156 E light : light_open lights bluetooth failed: -22
09-22 19:54:02.711 4156 4156 E light : Light passthrough failed to load legacy HAL.
09-22 19:54:02.712 4156 4156 E light : light_open lights wifi failed: -22
09-22 19:54:02.712 4156 4156 E light : Light passthrough failed to load legacy HAL.
09-22 19:54:02.716 518 518 I hwservicemanager: getTransport: Cannot find entry android.hardware.light@2.0::ILight/default in either framework or device VINTF manifest.
09-22 19:54:02.716 4156 4156 E HidlServiceManagement: Service android.hardware.light@2.0::ILight/default must be in VINTF manifest in order to register/get.
09-22 19:54:02.716 4156 4156 E LegacySupport: Could not register service android.hardware.light@2.0::ILight/default (-2147483648).
09-22 19:54:02.801 663 674 I mpu_uart: [MSG-P:RECV]:No message received in 1000 ms
01-01 08:35:24.168 0 0 I init : starting service 'qvrd_vndr'...
01-01 08:35:24.173 0 0 I init : Created socket '/dev/socket/qvrservice_vndr', mode 660, user 1000, group 1000
01-01 08:35:24.176 0 0 I init : Created socket '/dev/socket/qvrservice_vndr_camera', mode 660, user 1000, group 1000
01-01 08:35:24.226 0 0 I init : starting service 'sxrd'...
09-22 19:54:03.572 4157 4157 F linker : CANNOT LINK EXECUTABLE "/vendor/bin/hw/qvrservice": library "vendor.qti.hardware.qxr-V1-ndk_platform.so" not found: needed by /vendor/lib64/libqvrservice.so in namespace (default)
01-01 08:35:24.277 0 0 I init : Service 'qvrd_vndr' (pid 4157) exited with status 1
01-01 08:35:24.277 0 0 I init : Sending signal 9 to service 'qvrd_vndr' (pid 4157) process group...
01-01 08:35:24.279 0 0 I libprocessgroup: Successfully killed process cgroup uid 1000 pid 4157 in 1ms
09-22 19:54:03.574 4158 4158 F linker : CANNOT LINK EXECUTABLE "/vendor/bin/hw/sxrservice": library "vendor.qti.hardware.qxr-V1-ndk_platform.so" not found: needed by main executable
01-01 08:35:24.289 0 0 I init : Service 'sxrd' (pid 4158) exited with status 1
01-01 08:35:24.289 0 0 I init : Sending signal 9 to service 'sxrd' (pid 4158) process group...
01-01 08:35:24.290 0 0 I libprocessgroup: Successfully killed process cgroup uid 1000 pid 4158 in 0ms
01-01 08:35:24.394 0 0 D : mv2112_read_status
01-01 08:35:24.396 0 0 D mv2112_update_link: 3.0x901(1G): 0x80
01-01 08:35:24.397 0 0 D mv2112_update_link: 3.0x8109(100M): 0x0
01-01 08:35:24.397 0 0 D mv2112_update_link: link 0x0
01-01 08:35:24.397 0 0 D mv2112_read_status: autoneg is disabled
09-22 19:54:03.802 663 674 I mpu_uart: [MSG-P:RECV]:No message received in 1000 ms
09-22 19:54:03.955 663 673 I mpu_uart: [MSG-P:R]:recv sync frame timeout
01-01 08:35:25.418 0 0 D : mv2112_read_status
01-01 08:35:25.419 0 0 D mv2112_update_link: 3.0x901(1G): 0x80
01-01 08:35:25.420 0 0 D mv2112_update_link: 3.0x8109(100M): 0x0
01-01 08:35:25.420 0 0 D mv2112_update_link: link 0x0
01-01 08:35:25.421 0 0 D mv2112_read_status: autoneg is disabled
09-22 19:54:04.803 663 674 I mpu_uart: [MSG-P:RECV]:No message received in 1000 ms
01-01 08:35:26.442 0 0 D : mv2112_read_status
01-01 08:35:26.444 0 0 D mv2112_update_link: 3.0x901(1G): 0x80
01-01 08:35:26.446 0 0 D mv2112_update_link: 3.0x8109(100M): 0x0
01-01 08:35:26.446 0 0 D mv2112_update_link: link 0x0
01-01 08:35:26.447 0 0 D mv2112_read_status: autoneg is disabled
09-22 19:54:05.803 663 674 I mpu_uart: [MSG-P:RECV]:No message received in 1000 ms
01-01 08:35:27.466 0 0 D : mv2112_read_status
01-01 08:35:27.468 0 0 D mv2112_update_link: 3.0x901(1G): 0x80
01-01 08:35:27.470 0 0 D mv2112_update_link: 3.0x8109(100M): 0x0
01-01 08:35:27.470 0 0 D mv2112_update_link: link 0x0
01-01 08:35:27.470 0 0 D mv2112_read_status: autoneg is disabled
09-22 19:54:06.805 663 674 I mpu_uart: [MSG-P:RECV]:No message received in 1000 ms
09-22 19:54:06.959 663 673 I mpu_uart: [MSG-P:R]:recv sync frame timeout
09-22 19:54:07.754 518 518 I hwservicemanager: getTransport: Cannot find entry android.hardware.light@2.0::ILight/default in either framework or device VINTF manifest.
09-22 19:54:07.758 4159 4159 E light : light_open lights keyboard failed: -22
09-22 19:54:07.758 4159 4159 E light : Light passthrough failed to load legacy HAL.
09-22 19:54:07.759 4159 4159 E light : light_open lights buttons failed: -22
09-22 19:54:07.759 4159 4159 E light : Light passthrough failed to load legacy HAL.
09-22 19:54:07.762 4159 4159 E light : light_open lights bluetooth failed: -22
09-22 19:54:07.762 4159 4159 E light : Light passthrough failed to load legacy HAL.
09-22 19:54:07.762 4159 4159 E light : light_open lights wifi failed: -22
09-22 19:54:07.762 4159 4159 E light : Light passthrough failed to load legacy HAL.
09-22 19:54:07.763 518 518 I hwservicemanager: getTransport: Cannot find entry android.hardware.light@2.0::ILight/default in either framework or device VINTF manifest.
09-22 19:54:07.764 4159 4159 E HidlServiceManagement: Service android.hardware.light@2.0::ILight/default must be in VINTF manifest in order to register/get.
09-22 19:54:07.764 4159 4159 E LegacySupport: Could not register service android.hardware.light@2.0::ILight/default (-2147483648).
01-01 08:35:28.490 0 0 D : mv2112_read_status
01-01 08:35:28.491 0 0 D mv2112_update_link: 3.0x901(1G): 0x80
01-01 08:35:28.492 0 0 D mv2112_update_link: 3.0x8109(100M): 0x0
01-01 08:35:28.492 0 0 D mv2112_update_link: link 0x0
01-01 08:35:28.492 0 0 D mv2112_read_status: autoneg is disabled
09-22 19:54:07.805 663 674 I mpu_uart: [MSG-P:RECV]:No message received in 1000 ms
01-01 08:35:29.220 0 0 I init : starting service 'qvrd_vndr'...
01-01 08:35:29.227 0 0 I init : Created socket '/dev/socket/qvrservice_vndr', mode 660, user 1000, group 1000
01-01 08:35:29.231 0 0 I init : Created socket '/dev/socket/qvrservice_vndr_camera', mode 660, user 1000, group 1000
01-01 08:35:29.284 0 0 I init : starting service 'sxrd'...
09-22 19:54:08.628 4161 4161 F linker : CANNOT LINK EXECUTABLE "/vendor/bin/hw/sxrservice": library "vendor.qti.hardware.qxr-V1-ndk_platform.so" not found: needed by main executable
01-01 08:35:29.333 0 0 I init : Service 'sxrd' (pid 4161) exited with status 1
01-01 08:35:29.333 0 0 I init : Sending signal 9 to service 'sxrd' (pid 4161) process group...
09-22 19:54:08.632 4160 4160 F linker : CANNOT LINK EXECUTABLE "/vendor/bin/hw/qvrservice": library "vendor.qti.hardware.qxr-V1-ndk_platform.so" not found: needed by /vendor/lib64/libqvrservice.so in namespace (default)
01-01 08:35:29.335 0 0 I libprocessgroup: Successfully killed process cgroup uid 1000 pid 4161 in 1ms
01-01 08:35:29.340 0 0 I init : Service 'qvrd_vndr' (pid 4160) exited with status 1
01-01 08:35:29.340 0 0 I init : Sending signal 9 to service 'qvrd_vndr' (pid 4160) process group...
01-01 08:35:29.340 0 0 I libprocessgroup: Successfully killed process cgroup uid 1000 pid 4160 in 0ms
09-22 19:54:08.807 663 674 I mpu_uart: [MSG-P:RECV]:No message received in 1000 ms
01-01 08:35:29.515 0 0 D : mv2112_read_status
01-01 08:35:29.516 0 0 D mv2112_update_link: 3.0x901(1G): 0x80
01-01 08:35:29.519 0 0 D mv2112_update_link: 3.0x8109(100M): 0x0
01-01 08:35:29.519 0 0 D mv2112_update_link: link 0x0
01-01 08:35:29.519 0 0 D mv2112_read_status: autoneg is disabled
09-22 19:54:09.809 663 674 I mpu_uart: [MSG-P:RECV]:No message received in 1000 ms
01-01 08:35:30.542 0 0 D : mv2112_read_status
01-01 08:35:30.543 0 0 D mv2112_update_link: 3.0x901(1G): 0x80
01-01 08:35:30.544 0 0 D mv2112_update_link: 3.0x8109(100M): 0x0
01-01 08:35:30.544 0 0 D mv2112_update_link: link 0x0
01-01 08:35:30.544 0 0 D mv2112_read_status: autoneg is disabled
09-22 19:54:09.963 663 673 I mpu_uart: [MSG-P:R]:recv sync frame timeout
09-22 19:54:10.810 663 674 I mpu_uart: [MSG-P:RECV]:No message received in 1000 ms
01-01 08:35:31.562 0 0 D : mv2112_read_status
01-01 08:35:31.563 0 0 D mv2112_update_link: 3.0x901(1G): 0x80
01-01 08:35:31.565 0 0 D mv2112_update_link: 3.0x8109(100M): 0x0
01-01 08:35:31.565 0 0 D mv2112_update_link: link 0x0
01-01 08:35:31.565 0 0 D mv2112_read_status: autoneg is disabled
09-22 19:54:11.813 663 674 I mpu_uart: [MSG-P:RECV]:No message received in 1000 ms
01-01 08:35:32.598 0 0 D : mv2112_read_status
01-01 08:35:32.600 0 0 D mv2112_update_link: 3.0x901(1G): 0x80
01-01 08:35:32.601 0 0 D mv2112_update_link: 3.0x8109(100M): 0x0
01-01 08:35:32.601 0 0 D mv2112_update_link: link 0x0
01-01 08:35:32.601 0 0 D mv2112_read_status: autoneg is disabled
09-22 19:54:12.793 518 518 I hwservicemanager: getTransport: Cannot find entry android.hardware.light@2.0::ILight/default in either framework or device VINTF manifest.
09-22 19:54:12.798 4163 4163 E light : light_open lights keyboard failed: -22
09-22 19:54:12.799 4163 4163 E light : Light passthrough failed to load legacy HAL.
09-22 19:54:12.799 4163 4163 E light : light_open lights buttons failed: -22
09-22 19:54:12.799 4163 4163 E light : Light passthrough failed to load legacy HAL.
09-22 19:54:12.802 4163 4163 E light : light_open lights bluetooth failed: -22
09-22 19:54:12.802 4163 4163 E light : Light passthrough failed to load legacy HAL.
09-22 19:54:12.803 4163 4163 E light : light_open lights wifi failed: -22
09-22 19:54:12.803 4163 4163 E light : Light passthrough failed to load legacy HAL.
09-22 19:54:12.804 518 518 I hwservicemanager: getTransport: Cannot find entry android.hardware.light@2.0::ILight/default in either framework or device VINTF manifest.
09-22 19:54:12.806 4163 4163 E HidlServiceManagement: Service android.hardware.light@2.0::ILight/default must be in VINTF manifest in order to register/get.
09-22 19:54:12.806 4163 4163 E LegacySupport: Could not register service android.hardware.light@2.0::ILight/default (-2147483648).
09-22 19:54:12.814 663 674 I mpu_uart: [MSG-P:RECV]:No message received in 1000 ms
01-01 08:35:33.610 0 0 D : mv2112_read_status
01-01 08:35:33.612 0 0 D mv2112_update_link: 3.0x901(1G): 0x80
01-01 08:35:33.613 0 0 D mv2112_update_link: 3.0x8109(100M): 0x0
01-01 08:35:33.613 0 0 D mv2112_update_link: link 0x0
01-01 08:35:33.613 0 0 D mv2112_read_status: autoneg is disabled
09-22 19:54:12.967 663 673 I mpu_uart: [MSG-P:R]:recv sync frame timeout
01-01 08:35:34.271 0 0 I init : starting service 'qvrd_vndr'...
01-01 08:35:34.276 0 0 I init : Created socket '/dev/socket/qvrservice_vndr', mode 660, user 1000, group 1000
01-01 08:35:34.280 0 0 I init : Created socket '/dev/socket/qvrservice_vndr_camera', mode 660, user 1000, group 1000
01-01 08:35:34.328 0 0 I init : starting service 'sxrd'...
09-22 19:54:13.667 4164 4164 F linker : CANNOT LINK EXECUTABLE "/vendor/bin/hw/qvrservice": library "vendor.qti.hardware.qxr-V1-ndk_platform.so" not found: needed by /vendor/lib64/libqvrservice.so in namespace (default)
09-22 19:54:13.668 4165 4165 F linker : CANNOT LINK EXECUTABLE "/vendor/bin/hw/sxrservice": library "vendor.qti.hardware.qxr-V1-ndk_platform.so" not found: needed by main executable
01-01 08:35:34.373 0 0 I init : Service 'qvrd_vndr' (pid 4164) exited with status 1
01-01 08:35:34.373 0 0 I init : Sending signal 9 to service 'qvrd_vndr' (pid 4164) process group...
01-01 08:35:34.375 0 0 I libprocessgroup: Successfully killed process cgroup uid 1000 pid 4164 in 1ms
01-01 08:35:34.385 0 0 I init : Service 'sxrd' (pid 4165) exited with status 1
01-01 08:35:34.385 0 0 I init : Sending signal 9 to service 'sxrd' (pid 4165) process group...
01-01 08:35:34.386 0 0 I libprocessgroup: Successfully killed process cgroup uid 1000 pid 4165 in 0ms
09-22 19:54:13.816 663 674 I mpu_uart: [MSG-P:RECV]:No message received in 1000 ms
01-01 08:35:34.634 0 0 D : mv2112_read_status
01-01 08:35:34.635 0 0 D mv2112_update_link: 3.0x901(1G): 0x80
01-01 08:35:34.637 0 0 D mv2112_update_link: 3.0x8109(100M): 0x0
01-01 08:35:34.637 0 0 D mv2112_update_link: link 0x0
01-01 08:35:34.637 0 0 D mv2112_read_status: autoneg is disabled
09-22 19:54:14.818 663 674 I mpu_uart: [MSG-P:RECV]:No message received in 1000 ms
01-01 08:35:35.659 0 0 D : mv2112_read_status
01-01 08:35:35.661 0 0 D mv2112_update_link: 3.0x901(1G): 0x80
01-01 08:35:35.663 0 0 D mv2112_update_link: 3.0x8109(100M): 0x0
01-01 08:35:35.663 0 0 D mv2112_update_link: link 0x0
01-01 08:35:35.663 0 0 D mv2112_read_status: autoneg is disabled
09-22 19:54:15.820 663 674 I mpu_uart: [MSG-P:RECV]:No message received in 1000 ms
09-22 19:54:15.971 663 673 I mpu_uart: [MSG-P:R]:recv sync frame timeout
01-01 08:35:36.686 0 0 D : mv2112_read_status
01-01 08:35:36.687 0 0 D mv2112_update_link: 3.0x901(1G): 0x80
01-01 08:35:36.689 0 0 D mv2112_update_link: 3.0x8109(100M): 0x0
01-01 08:35:36.689 0 0 D mv2112_update_link: link 0x0
01-01 08:35:36.689 0 0 D mv2112_read_status: autoneg is disabled
09-22 19:54:16.821 663 674 I mpu_uart: [MSG-P:RECV]:No message received in 1000 ms
01-01 08:35:37.706 0 0 D : mv2112_read_status
01-01 08:35:37.708 0 0 D mv2112_update_link: 3.0x901(1G): 0x80
01-01 08:35:37.709 0 0 D mv2112_update_link: 3.0x8109(100M): 0x0
01-01 08:35:37.709 0 0 D mv2112_update_link: link 0x0
01-01 08:35:37.709 0 0 D mv2112_read_status: autoneg is disabled
09-22 19:54:17.817 518 518 I hwservicemanager: getTransport: Cannot find entry android.hardware.light@2.0::ILight/default in either framework or device VINTF manifest.
09-22 19:54:17.822 4166 4166 E light : light_open lights keyboard failed: -22
09-22 19:54:17.823 4166 4166 E light : Light passthrough failed to load legacy HAL.
09-22 19:54:17.822 663 674 I mpu_uart: [MSG-P:RECV]:No message received in 1000 ms
09-22 19:54:17.826 4166 4166 E light : light_open lights buttons failed: -22
09-22 19:54:17.826 4166 4166 E light : Light passthrough failed to load legacy HAL.
09-22 19:54:17.828 4166 4166 E light : light_open lights bluetooth failed: -22
09-22 19:54:17.828 4166 4166 E light : Light passthrough failed to load legacy HAL.
09-22 19:54:17.829 4166 4166 E light : light_open lights wifi failed: -22
09-22 19:54:17.829 4166 4166 E light : Light passthrough failed to load legacy HAL.
09-22 19:54:17.832 518 518 I hwservicemanager: getTransport: Cannot find entry android.hardware.light@2.0::ILight/default in either framework or device VINTF manifest.
09-22 19:54:17.834 4166 4166 E HidlServiceManagement: Service android.hardware.light@2.0::ILight/default must be in VINTF manifest in order to register/get.
09-22 19:54:17.834 4166 4166 E LegacySupport: Could not register service android.hardware.light@2.0::ILight/default (-2147483648).
01-01 08:35:38.731 0 0 D : mv2112_read_status
01-01 08:35:38.732 0 0 D mv2112_update_link: 3.0x901(1G): 0x80
01-01 08:35:38.735 0 0 D mv2112_update_link: 3.0x8109(100M): 0x0
01-01 08:35:38.735 0 0 D mv2112_update_link: link 0x0
01-01 08:35:38.735 0 0 D mv2112_read_status: autoneg is disabled
01-01 08:35:39.315 0 0 I init : starting service 'qvrd_vndr'...
01-01 08:35:39.319 0 0 I init : Created socket '/dev/socket/qvrservice_vndr', mode 660, user 1000, group 1000
01-01 08:35:39.322 0 0 I init : Created socket '/dev/socket/qvrservice_vndr_camera', mode 660, user 1000, group 1000
01-01 08:35:39.356 0 0 I init : starting service 'sxrd'...
09-22 19:54:18.708 4168 4168 F linker : CANNOT LINK EXECUTABLE "/vendor/bin/hw/sxrservice": library "vendor.qti.hardware.qxr-V1-ndk_platform.so" not found: needed by main executable
09-22 19:54:18.713 4167 4167 F linker : CANNOT LINK EXECUTABLE "/vendor/bin/hw/qvrservice": library "vendor.qti.hardware.qxr-V1-ndk_platform.so" not found: needed by /vendor/lib64/libqvrservice.so in namespace (default)
01-01 08:35:39.412 0 0 I init : Service 'sxrd' (pid 4168) exited with status 1
01-01 08:35:39.412 0 0 I init : Sending signal 9 to service 'sxrd' (pid 4168) process group...
01-01 08:35:39.413 0 0 I libprocessgroup: Successfully killed process cgroup uid 1000 pid 4168 in 0ms
01-01 08:35:39.417 0 0 I init : Service 'qvrd_vndr' (pid 4167) exited with status 1
01-01 08:35:39.418 0 0 I init : Sending signal 9 to service 'qvrd_vndr' (pid 4167) process group...
01-01 08:35:39.418 0 0 I libprocessgroup: Successfully killed process cgroup uid 1000 pid 4167 in 0ms
09-22 19:54:18.823 663 674 I mpu_uart: [MSG-P:RECV]:No message received in 1000 ms
09-22 19:54:18.974 663 673 I mpu_uart: [MSG-P:R]:recv sync frame timeout
01-01 08:35:39.756 0 0 D : mv2112_read_status
01-01 08:35:39.759 0 0 D mv2112_update_link: 3.0x901(1G): 0x80
01-01 08:35:39.760 0 0 D mv2112_update_link: 3.0x8109(100M): 0x0
01-01 08:35:39.760 0 0 D mv2112_update_link: link 0x0
01-01 08:35:39.761 0 0 D mv2112_read_status: autoneg is disabled
09-22 19:54:19.824 663 674 I mpu_uart: [MSG-P:RECV]:No message received in 1000 ms
01-01 08:35:40.779 0 0 D : mv2112_read_status
01-01 08:35:40.781 0 0 D mv2112_update_link: 3.0x901(1G): 0x80
01-01 08:35:40.783 0 0 D mv2112_update_link: 3.0x8109(100M): 0x0
01-01 08:35:40.784 0 0 D mv2112_update_link: link 0x0
01-01 08:35:40.784 0 0 D mv2112_read_status: autoneg is disabled
09-22 19:54:20.825 663 674 I mpu_uart: [MSG-P:RECV]:No message received in 1000 ms
01-01 08:35:41.802 0 0 D : mv2112_read_status
01-01 08:35:41.804 0 0 D mv2112_update_link: 3.0x901(1G): 0x80
01-01 08:35:41.805 0 0 D mv2112_update_link: 3.0x8109(100M): 0x0
01-01 08:35:41.805 0 0 D mv2112_update_link: link 0x0
01-01 08:35:41.805 0 0 D mv2112_read_status: autoneg is disabled
09-22 19:54:21.826 663 674 I mpu_uart: [MSG-P:RECV]:No message received in 1000 ms
09-22 19:54:21.978 663 673 I mpu_uart: [MSG-P:R]:recv sync frame timeout
01-01 08:35:42.826 0 0 D : mv2112_read_status
01-01 08:35:42.827 0 0 D mv2112_update_link: 3.0x901(1G): 0x80
01-01 08:35:42.828 0 0 D mv2112_update_link: 3.0x8109(100M): 0x0
01-01 08:35:42.828 0 0 D mv2112_update_link: link 0x0
01-01 08:35:42.829 0 0 D mv2112_read_status: autoneg is disabled
09-22 19:54:22.827 663 674 I mpu_uart: [MSG-P:RECV]:No message received in 1000 ms
09-22 19:54:22.878 518 518 I hwservicemanager: getTransport: Cannot find entry android.hardware.light@2.0::ILight/default in either framework or device VINTF manifest.
09-22 19:54:22.883 4169 4169 E light : light_open lights keyboard failed: -22
09-22 19:54:22.884 4169 4169 E light : Light passthrough failed to load legacy HAL.
09-22 19:54:22.885 4169 4169 E light : light_open lights buttons failed: -22
09-22 19:54:22.885 4169 4169 E light : Light passthrough failed to load legacy HAL.
09-22 19:54:22.888 4169 4169 E light : light_open lights bluetooth failed: -22
09-22 19:54:22.888 4169 4169 E light : Light passthrough failed to load legacy HAL.
09-22 19:54:22.888 4169 4169 E light : light_open lights wifi failed: -22
09-22 19:54:22.888 4169 4169 E light : Light passthrough failed to load legacy HAL.
09-22 19:54:22.891 518 518 I hwservicemanager: getTransport: Cannot find entry android.hardware.light@2.0::ILight/default in either framework or device VINTF manifest.
09-22 19:54:22.893 4169 4169 E HidlServiceManagement: Service android.hardware.light@2.0::ILight/default must be in VINTF manifest in order to register/get.
09-22 19:54:22.893 4169 4169 E LegacySupport: Could not register service android.hardware.light@2.0::ILight/default (-2147483648).
01-01 08:35:43.851 0 0 D : mv2112_read_status
