01-01 08:40:47.800 0 0 I libprocessgroup: Successfully killed process cgroup uid 1000 pid 4475 in 1ms
01-01 08:40:47.979 0 0 D : mv2112_read_status
01-01 08:40:47.981 0 0 D mv2112_update_link: 3.0x901(1G): 0x80
01-01 08:40:47.981 0 0 D mv2112_update_link: 3.0x8109(100M): 0x0
01-01 08:40:47.981 0 0 D mv2112_update_link: link 0x0
01-01 08:40:47.981 0 0 D mv2112_read_status: autoneg is disabled
09-22 19:59:28.095 663 674 I mpu_uart: [MSG-P:RECV]:No message received in 1000 ms
01-01 08:40:49.002 0 0 D : mv2112_read_status
01-01 08:40:49.004 0 0 D mv2112_update_link: 3.0x901(1G): 0x80
01-01 08:40:49.005 0 0 D mv2112_update_link: 3.0x8109(100M): 0x0
01-01 08:40:49.007 0 0 D mv2112_update_link: link 0x0
01-01 08:40:49.007 0 0 D mv2112_read_status: autoneg is disabled
09-22 19:59:28.336 663 673 I mpu_uart: [MSG-P:R]:recv sync frame timeout
09-22 19:59:29.096 663 674 I mpu_uart: [MSG-P:RECV]:No message received in 1000 ms
01-01 08:40:50.026 0 0 D : mv2112_read_status
01-01 08:40:50.027 0 0 D mv2112_update_link: 3.0x901(1G): 0x80
01-01 08:40:50.029 0 0 D mv2112_update_link: 3.0x8109(100M): 0x0
01-01 08:40:50.029 0 0 D mv2112_update_link: link 0x0
01-01 08:40:50.029 0 0 D mv2112_read_status: autoneg is disabled
09-22 19:59:30.097 663 674 I mpu_uart: [MSG-P:RECV]:No message received in 1000 ms
01-01 08:40:51.050 0 0 D : mv2112_read_status
01-01 08:40:51.051 0 0 D mv2112_update_link: 3.0x901(1G): 0x80
01-01 08:40:51.053 0 0 D mv2112_update_link: 3.0x8109(100M): 0x0
01-01 08:40:51.053 0 0 D mv2112_update_link: link 0x0
01-01 08:40:51.053 0 0 D mv2112_read_status: autoneg is disabled
09-22 19:59:30.998 518 518 I hwservicemanager: getTransport: Cannot find entry android.hardware.light@2.0::ILight/default in either framework or device VINTF manifest.
09-22 19:59:31.004 4477 4477 E light : light_open lights keyboard failed: -22
09-22 19:59:31.004 4477 4477 E light : Light passthrough failed to load legacy HAL.
09-22 19:59:31.005 4477 4477 E light : light_open lights buttons failed: -22
09-22 19:59:31.005 4477 4477 E light : Light passthrough failed to load legacy HAL.
09-22 19:59:31.008 4477 4477 E light : light_open lights bluetooth failed: -22
09-22 19:59:31.008 4477 4477 E light : Light passthrough failed to load legacy HAL.
09-22 19:59:31.008 4477 4477 E light : light_open lights wifi failed: -22
09-22 19:59:31.008 4477 4477 E light : Light passthrough failed to load legacy HAL.
09-22 19:59:31.011 518 518 I hwservicemanager: getTransport: Cannot find entry android.hardware.light@2.0::ILight/default in either framework or device VINTF manifest.
09-22 19:59:31.013 4477 4477 E HidlServiceManagement: Service android.hardware.light@2.0::ILight/default must be in VINTF manifest in order to register/get.
09-22 19:59:31.013 4477 4477 E LegacySupport: Could not register service android.hardware.light@2.0::ILight/default (-2147483648).
09-22 19:59:31.098 663 674 I mpu_uart: [MSG-P:RECV]:No message received in 1000 ms
09-22 19:59:31.339 663 673 I mpu_uart: [MSG-P:R]:recv sync frame timeout
01-01 08:40:52.074 0 0 D : mv2112_read_status
01-01 08:40:52.076 0 0 D mv2112_update_link: 3.0x901(1G): 0x80
01-01 08:40:52.078 0 0 D mv2112_update_link: 3.0x8109(100M): 0x0
01-01 08:40:52.079 0 0 D mv2112_update_link: link 0x0
01-01 08:40:52.079 0 0 D mv2112_read_status: autoneg is disabled
01-01 08:40:52.728 0 0 I init : starting service 'qvrd_vndr'...
01-01 08:40:52.734 0 0 I init : Created socket '/dev/socket/qvrservice_vndr', mode 660, user 1000, group 1000
01-01 08:40:52.739 0 0 I init : Created socket '/dev/socket/qvrservice_vndr_camera', mode 660, user 1000, group 1000
09-22 19:59:32.099 663 674 I mpu_uart: [MSG-P:RECV]:No message received in 1000 ms
01-01 08:40:52.809 0 0 I init : starting service 'sxrd'...
09-22 19:59:32.154 4478 4478 F linker : CANNOT LINK EXECUTABLE "/vendor/bin/hw/qvrservice": library "vendor.qti.hardware.qxr-V1-ndk_platform.so" not found: needed by /vendor/lib64/libqvrservice.so in namespace (default)
09-22 19:59:32.159 4479 4479 F linker : CANNOT LINK EXECUTABLE "/vendor/bin/hw/sxrservice": library "vendor.qti.hardware.qxr-V1-ndk_platform.so" not found: needed by main executable
01-01 08:40:52.859 0 0 I init : Service 'qvrd_vndr' (pid 4478) exited with status 1
01-01 08:40:52.859 0 0 I init : Sending signal 9 to service 'qvrd_vndr' (pid 4478) process group...
01-01 08:40:52.860 0 0 I libprocessgroup: Successfully killed process cgroup uid 1000 pid 4478 in 0ms
01-01 08:40:52.867 0 0 I init : Service 'sxrd' (pid 4479) exited with status 1
01-01 08:40:52.867 0 0 I init : Sending signal 9 to service 'sxrd' (pid 4479) process group...
01-01 08:40:52.867 0 0 I libprocessgroup: Successfully killed process cgroup uid 1000 pid 4479 in 0ms
01-01 08:40:53.099 0 0 D : mv2112_read_status
01-01 08:40:53.100 0 0 D mv2112_update_link: 3.0x901(1G): 0x80
01-01 08:40:53.101 0 0 D mv2112_update_link: 3.0x8109(100M): 0x0
01-01 08:40:53.101 0 0 D mv2112_update_link: link 0x0
01-01 08:40:53.102 0 0 D mv2112_read_status: autoneg is disabled
09-22 19:59:33.100 663 674 I mpu_uart: [MSG-P:RECV]:No message received in 1000 ms
01-01 08:40:54.122 0 0 D : mv2112_read_status
01-01 08:40:54.123 0 0 D mv2112_update_link: 3.0x901(1G): 0x80
01-01 08:40:54.124 0 0 D mv2112_update_link: 3.0x8109(100M): 0x0
01-01 08:40:54.124 0 0 D mv2112_update_link: link 0x0
01-01 08:40:54.124 0 0 D mv2112_read_status: autoneg is disabled
09-22 19:59:34.101 663 674 I mpu_uart: [MSG-P:RECV]:No message received in 1000 ms
09-22 19:59:34.343 663 673 I mpu_uart: [MSG-P:R]:recv sync frame timeout
01-01 08:40:55.147 0 0 D : mv2112_read_status
01-01 08:40:55.148 0 0 D mv2112_update_link: 3.0x901(1G): 0x80
01-01 08:40:55.149 0 0 D mv2112_update_link: 3.0x8109(100M): 0x0
01-01 08:40:55.150 0 0 D mv2112_update_link: link 0x0
01-01 08:40:55.150 0 0 D mv2112_read_status: autoneg is disabled
09-22 19:59:35.102 663 674 I mpu_uart: [MSG-P:RECV]:No message received in 1000 ms
01-01 08:40:56.170 0 0 D : mv2112_read_status
01-01 08:40:56.171 0 0 D mv2112_update_link: 3.0x901(1G): 0x80
01-01 08:40:56.173 0 0 D mv2112_update_link: 3.0x8109(100M): 0x0
01-01 08:40:56.173 0 0 D mv2112_update_link: link 0x0
01-01 08:40:56.173 0 0 D mv2112_read_status: autoneg is disabled
09-22 19:59:36.057 518 518 I hwservicemanager: getTransport: Cannot find entry android.hardware.light@2.0::ILight/default in either framework or device VINTF manifest.
09-22 19:59:36.062 4480 4480 E light : light_open lights keyboard failed: -22
09-22 19:59:36.062 4480 4480 E light : Light passthrough failed to load legacy HAL.
09-22 19:59:36.063 4480 4480 E light : light_open lights buttons failed: -22
09-22 19:59:36.063 4480 4480 E light : Light passthrough failed to load legacy HAL.
09-22 19:59:36.065 4480 4480 E light : light_open lights bluetooth failed: -22
09-22 19:59:36.065 4480 4480 E light : Light passthrough failed to load legacy HAL.
09-22 19:59:36.066 4480 4480 E light : light_open lights wifi failed: -22
09-22 19:59:36.066 4480 4480 E light : Light passthrough failed to load legacy HAL.
09-22 19:59:36.068 518 518 I hwservicemanager: getTransport: Cannot find entry android.hardware.light@2.0::ILight/default in either framework or device VINTF manifest.
09-22 19:59:36.071 4480 4480 E HidlServiceManagement: Service android.hardware.light@2.0::ILight/default must be in VINTF manifest in order to register/get.
09-22 19:59:36.071 4480 4480 E LegacySupport: Could not register service android.hardware.light@2.0::ILight/default (-2147483648).
09-22 19:59:36.102 663 674 I mpu_uart: [MSG-P:RECV]:No message received in 1000 ms
01-01 08:40:57.194 0 0 D : mv2112_read_status
01-01 08:40:57.196 0 0 D mv2112_update_link: 3.0x901(1G): 0x80
01-01 08:40:57.198 0 0 D mv2112_update_link: 3.0x8109(100M): 0x0
01-01 08:40:57.198 0 0 D mv2112_update_link: link 0x0
01-01 08:40:57.199 0 0 D mv2112_read_status: autoneg is disabled
01-01 08:40:57.795 0 0 I init : starting service 'qvrd_vndr'...
09-22 19:59:37.103 663 674 I mpu_uart: [MSG-P:RECV]:No message received in 1000 ms
01-01 08:40:57.809 0 0 I init : Created socket '/dev/socket/qvrservice_vndr', mode 660, user 1000, group 1000
01-01 08:40:57.816 0 0 I init : Created socket '/dev/socket/qvrservice_vndr_camera', mode 660, user 1000, group 1000
01-01 08:40:57.875 0 0 I init : starting service 'sxrd'...
09-22 19:59:37.208 4481 4481 F linker : CANNOT LINK EXECUTABLE "/vendor/bin/hw/qvrservice": library "vendor.qti.hardware.qxr-V1-ndk_platform.so" not found: needed by /vendor/lib64/libqvrservice.so in namespace (default)
01-01 08:40:57.912 0 0 I init : Service 'qvrd_vndr' (pid 4481) exited with status 1
01-01 08:40:57.912 0 0 I init : Sending signal 9 to service 'qvrd_vndr' (pid 4481) process group...
01-01 08:40:57.913 0 0 I libprocessgroup: Successfully killed process cgroup uid 1000 pid 4481 in 0ms
09-22 19:59:37.240 4482 4482 F linker : CANNOT LINK EXECUTABLE "/vendor/bin/hw/sxrservice": library "vendor.qti.hardware.qxr-V1-ndk_platform.so" not found: needed by main executable
01-01 08:40:57.945 0 0 I init : Service 'sxrd' (pid 4482) exited with status 1
01-01 08:40:57.945 0 0 I init : Sending signal 9 to service 'sxrd' (pid 4482) process group...
01-01 08:40:57.947 0 0 I libprocessgroup: Successfully killed process cgroup uid 1000 pid 4482 in 2ms
09-22 19:59:37.347 663 673 I mpu_uart: [MSG-P:R]:recv sync frame timeout
01-01 08:40:58.218 0 0 D : mv2112_read_status
01-01 08:40:58.219 0 0 D mv2112_update_link: 3.0x901(1G): 0x80
01-01 08:40:58.220 0 0 D mv2112_update_link: 3.0x8109(100M): 0x0
01-01 08:40:58.220 0 0 D mv2112_update_link: link 0x0
01-01 08:40:58.220 0 0 D mv2112_read_status: autoneg is disabled
09-22 19:59:38.104 663 674 I mpu_uart: [MSG-P:RECV]:No message received in 1000 ms
01-01 08:40:59.242 0 0 D : mv2112_read_status
01-01 08:40:59.244 0 0 D mv2112_update_link: 3.0x901(1G): 0x80
01-01 08:40:59.245 0 0 D mv2112_update_link: 3.0x8109(100M): 0x0
01-01 08:40:59.245 0 0 D mv2112_update_link: link 0x0
01-01 08:40:59.245 0 0 D mv2112_read_status: autoneg is disabled
09-22 19:59:39.105 663 674 I mpu_uart: [MSG-P:RECV]:No message received in 1000 ms
01-01 08:41:00.266 0 0 D : mv2112_read_status
01-01 08:41:00.268 0 0 D mv2112_update_link: 3.0x901(1G): 0x80
01-01 08:41:00.270 0 0 D mv2112_update_link: 3.0x8109(100M): 0x0
01-01 08:41:00.270 0 0 D mv2112_update_link: link 0x0
01-01 08:41:00.271 0 0 D mv2112_read_status: autoneg is disabled
09-22 19:59:40.106 663 674 I mpu_uart: [MSG-P:RECV]:No message received in 1000 ms
09-22 19:59:40.351 663 673 I mpu_uart: [MSG-P:R]:recv sync frame timeout
01-01 08:41:01.290 0 0 D : mv2112_read_status
01-01 08:41:01.292 0 0 D mv2112_update_link: 3.0x901(1G): 0x80
01-01 08:41:01.294 0 0 D mv2112_update_link: 3.0x8109(100M): 0x0
01-01 08:41:01.295 0 0 D mv2112_update_link: link 0x0
01-01 08:41:01.295 0 0 D mv2112_read_status: autoneg is disabled
09-22 19:59:41.106 663 674 I mpu_uart: [MSG-P:RECV]:No message received in 1000 ms
09-22 19:59:41.119 518 518 I hwservicemanager: getTransport: Cannot find entry android.hardware.light@2.0::ILight/default in either framework or device VINTF manifest.
09-22 19:59:41.124 4483 4483 E light : light_open lights keyboard failed: -22
09-22 19:59:41.124 4483 4483 E light : Light passthrough failed to load legacy HAL.
09-22 19:59:41.125 4483 4483 E light : light_open lights buttons failed: -22
09-22 19:59:41.125 4483 4483 E light : Light passthrough failed to load legacy HAL.
09-22 19:59:41.128 4483 4483 E light : light_open lights bluetooth failed: -22
09-22 19:59:41.128 4483 4483 E light : Light passthrough failed to load legacy HAL.
09-22 19:59:41.129 4483 4483 E light : light_open lights wifi failed: -22
09-22 19:59:41.129 4483 4483 E light : Light passthrough failed to load legacy HAL.
09-22 19:59:41.132 518 518 I hwservicemanager: getTransport: Cannot find entry android.hardware.light@2.0::ILight/default in either framework or device VINTF manifest.
09-22 19:59:41.134 4483 4483 E HidlServiceManagement: Service android.hardware.light@2.0::ILight/default must be in VINTF manifest in order to register/get.
09-22 19:59:41.134 4483 4483 E LegacySupport: Could not register service android.hardware.light@2.0::ILight/default (-2147483648).
01-01 08:41:02.314 0 0 D : mv2112_read_status
01-01 08:41:02.316 0 0 D mv2112_update_link: 3.0x901(1G): 0x80
01-01 08:41:02.319 0 0 D mv2112_update_link: 3.0x8109(100M): 0x0
01-01 08:41:02.319 0 0 D mv2112_update_link: link 0x0
01-01 08:41:02.319 0 0 D mv2112_read_status: autoneg is disabled
09-22 19:59:42.107 663 674 I mpu_uart: [MSG-P:RECV]:No message received in 1000 ms
01-01 08:41:02.866 0 0 I init : starting service 'qvrd_vndr'...
01-01 08:41:02.875 0 0 I init : Created socket '/dev/socket/qvrservice_vndr', mode 660, user 1000, group 1000
01-01 08:41:02.887 0 0 I init : Created socket '/dev/socket/qvrservice_vndr_camera', mode 660, user 1000, group 1000
01-01 08:41:02.963 0 0 I init : starting service 'sxrd'...
09-22 19:59:42.291 4484 4484 F linker : CANNOT LINK EXECUTABLE "/vendor/bin/hw/qvrservice": library "vendor.qti.hardware.qxr-V1-ndk_platform.so" not found: needed by /vendor/lib64/libqvrservice.so in namespace (default)
01-01 08:41:02.996 0 0 I init : Service 'qvrd_vndr' (pid 4484) exited with status 1
01-01 08:41:02.996 0 0 I init : Sending signal 9 to service 'qvrd_vndr' (pid 4484) process group...
01-01 08:41:02.996 0 0 I libprocessgroup: Successfully killed process cgroup uid 1000 pid 4484 in 0ms
09-22 19:59:42.308 4485 4485 F linker : CANNOT LINK EXECUTABLE "/vendor/bin/hw/sxrservice": library "vendor.qti.hardware.qxr-V1-ndk_platform.so" not found: needed by main executable
01-01 08:41:03.012 0 0 I init : Service 'sxrd' (pid 4485) exited with status 1
01-01 08:41:03.012 0 0 I init : Sending signal 9 to service 'sxrd' (pid 4485) process group...
01-01 08:41:03.013 0 0 I libprocessgroup: Successfully killed process cgroup uid 1000 pid 4485 in 0ms
01-01 08:41:03.338 0 0 D : mv2112_read_status
01-01 08:41:03.340 0 0 D mv2112_update_link: 3.0x901(1G): 0x80
01-01 08:41:03.342 0 0 D mv2112_update_link: 3.0x8109(100M): 0x0
01-01 08:41:03.342 0 0 D mv2112_update_link: link 0x0
01-01 08:41:03.342 0 0 D mv2112_read_status: autoneg is disabled
09-22 19:59:43.107 663 674 I mpu_uart: [MSG-P:RECV]:No message received in 1000 ms
09-22 19:59:43.356 663 673 I mpu_uart: [MSG-P:R]:recv sync frame timeout
01-01 08:41:04.362 0 0 D : mv2112_read_status
01-01 08:41:04.363 0 0 D mv2112_update_link: 3.0x901(1G): 0x80
01-01 08:41:04.365 0 0 D mv2112_update_link: 3.0x8109(100M): 0x0
01-01 08:41:04.365 0 0 D mv2112_update_link: link 0x0
01-01 08:41:04.365 0 0 D mv2112_read_status: autoneg is disabled
09-22 19:59:44.108 663 674 I mpu_uart: [MSG-P:RECV]:No message received in 1000 ms
01-01 08:41:05.386 0 0 D : mv2112_read_status
01-01 08:41:05.387 0 0 D mv2112_update_link: 3.0x901(1G): 0x80
01-01 08:41:05.389 0 0 D mv2112_update_link: 3.0x8109(100M): 0x0
01-01 08:41:05.389 0 0 D mv2112_update_link: link 0x0
01-01 08:41:05.389 0 0 D mv2112_read_status: autoneg is disabled
09-22 19:59:45.109 663 674 I mpu_uart: [MSG-P:RECV]:No message received in 1000 ms
01-01 08:41:06.410 0 0 D : mv2112_read_status
01-01 08:41:06.412 0 0 D mv2112_update_link: 3.0x901(1G): 0x80
01-01 08:41:06.413 0 0 D mv2112_update_link: 3.0x8109(100M): 0x0
01-01 08:41:06.413 0 0 D mv2112_update_link: link 0x0
01-01 08:41:06.414 0 0 D mv2112_read_status: autoneg is disabled
09-22 19:59:46.110 663 674 I mpu_uart: [MSG-P:RECV]:No message received in 1000 ms
09-22 19:59:46.180 518 518 I hwservicemanager: getTransport: Cannot find entry android.hardware.light@2.0::ILight/default in either framework or device VINTF manifest.
09-22 19:59:46.185 4487 4487 E light : light_open lights keyboard failed: -22
09-22 19:59:46.185 4487 4487 E light : Light passthrough failed to load legacy HAL.
09-22 19:59:46.186 4487 4487 E light : light_open lights buttons failed: -22
09-22 19:59:46.186 4487 4487 E light : Light passthrough failed to load legacy HAL.
09-22 19:59:46.188 4487 4487 E light : light_open lights bluetooth failed: -22
09-22 19:59:46.188 4487 4487 E light : Light passthrough failed to load legacy HAL.
09-22 19:59:46.189 4487 4487 E light : light_open lights wifi failed: -22
09-22 19:59:46.189 4487 4487 E light : Light passthrough failed to load legacy HAL.
09-22 19:59:46.192 518 518 I hwservicemanager: getTransport: Cannot find entry android.hardware.light@2.0::ILight/default in either framework or device VINTF manifest.
09-22 19:59:46.194 4487 4487 E HidlServiceManagement: Service android.hardware.light@2.0::ILight/default must be in VINTF manifest in order to register/get.
09-22 19:59:46.194 4487 4487 E LegacySupport: Could not register service android.hardware.light@2.0::ILight/default (-2147483648).
09-22 19:59:46.360 663 673 I mpu_uart: [MSG-P:R]:recv sync frame timeout
01-01 08:41:07.434 0 0 D : mv2112_read_status
01-01 08:41:07.437 0 0 D mv2112_update_link: 3.0x901(1G): 0x80
01-01 08:41:07.439 0 0 D mv2112_update_link: 3.0x8109(100M): 0x0
01-01 08:41:07.439 0 0 D mv2112_update_link: link 0x0
01-01 08:41:07.439 0 0 D mv2112_read_status: autoneg is disabled
09-22 19:59:47.111 663 674 I mpu_uart: [MSG-P:RECV]:No message received in 1000 ms
01-01 08:41:07.947 0 0 I init : starting service 'qvrd_vndr'...
01-01 08:41:07.957 0 0 I init : Created socket '/dev/socket/qvrservice_vndr', mode 660, user 1000, group 1000
01-01 08:41:07.965 0 0 I init : Created socket '/dev/socket/qvrservice_vndr_camera', mode 660, user 1000, group 1000
01-01 08:41:08.043 0 0 I init : starting service 'sxrd'...
09-22 19:59:47.371 4488 4488 F linker : CANNOT LINK EXECUTABLE "/vendor/bin/hw/qvrservice": library "vendor.qti.hardware.qxr-V1-ndk_platform.so" not found: needed by /vendor/lib64/libqvrservice.so in namespace (default)
01-01 08:41:08.075 0 0 I init : Service 'qvrd_vndr' (pid 4488) exited with status 1
01-01 08:41:08.075 0 0 I init : Sending signal 9 to service 'qvrd_vndr' (pid 4488) process group...
01-01 08:41:08.076 0 0 I libprocessgroup: Successfully killed process cgroup uid 1000 pid 4488 in 0ms
09-22 19:59:47.383 4489 4489 F linker : CANNOT LINK EXECUTABLE "/vendor/bin/hw/sxrservice": library "vendor.qti.hardware.qxr-V1-ndk_platform.so" not found: needed by main executable
01-01 08:41:08.087 0 0 I init : Service 'sxrd' (pid 4489) exited with status 1
01-01 08:41:08.087 0 0 I init : Sending signal 9 to service 'sxrd' (pid 4489) process group...
01-01 08:41:08.088 0 0 I libprocessgroup: Successfully killed process cgroup uid 1000 pid 4489 in 0ms
01-01 08:41:08.459 0 0 D : mv2112_read_status
01-01 08:41:08.461 0 0 D mv2112_update_link: 3.0x901(1G): 0x80
01-01 08:41:08.463 0 0 D mv2112_update_link: 3.0x8109(100M): 0x0
01-01 08:41:08.463 0 0 D mv2112_update_link: link 0x0
01-01 08:41:08.464 0 0 D mv2112_read_status: autoneg is disabled
09-22 19:59:48.112 663 674 I mpu_uart: [MSG-P:RECV]:No message received in 1000 ms
01-01 08:41:09.482 0 0 D : mv2112_read_status
01-01 08:41:09.484 0 0 D mv2112_update_link: 3.0x901(1G): 0x80
01-01 08:41:09.485 0 0 D mv2112_update_link: 3.0x8109(100M): 0x0
01-01 08:41:09.485 0 0 D mv2112_update_link: link 0x0
01-01 08:41:09.485 0 0 D mv2112_read_status: autoneg is disabled
09-22 19:59:49.113 663 674 I mpu_uart: [MSG-P:RECV]:No message received in 1000 ms
09-22 19:59:49.364 663 673 I mpu_uart: [MSG-P:R]:recv sync frame timeout
01-01 08:41:10.506 0 0 D : mv2112_read_status
01-01 08:41:10.508 0 0 D mv2112_update_link: 3.0x901(1G): 0x80
01-01 08:41:10.511 0 0 D mv2112_update_link: 3.0x8109(100M): 0x0
01-01 08:41:10.512 0 0 D mv2112_update_link: link 0x0
01-01 08:41:10.512 0 0 D mv2112_read_status: autoneg is disabled
09-22 19:59:50.114 663 674 I mpu_uart: [MSG-P:RECV]:No message received in 1000 ms
01-01 08:41:11.540 0 0 D : mv2112_read_status
01-01 08:41:11.541 0 0 D mv2112_update_link: 3.0x901(1G): 0x80
01-01 08:41:11.543 0 0 D mv2112_update_link: 3.0x8109(100M): 0x0
01-01 08:41:11.543 0 0 D mv2112_update_link: link 0x0
01-01 08:41:11.543 0 0 D mv2112_read_status: autoneg is disabled
09-22 19:59:51.114 663 674 I mpu_uart: [MSG-P:RECV]:No message received in 1000 ms
09-22 19:59:51.220 518 518 I hwservicemanager: getTransport: Cannot find entry android.hardware.light@2.0::ILight/default in either framework or device VINTF manifest.
09-22 19:59:51.225 4490 4490 E light : light_open lights keyboard failed: -22
09-22 19:59:51.225 4490 4490 E light : Light passthrough failed to load legacy HAL.
09-22 19:59:51.230 4490 4490 E light : light_open lights buttons failed: -22
09-22 19:59:51.230 4490 4490 E light : Light passthrough failed to load legacy HAL.
09-22 19:59:51.233 4490 4490 E light : light_open lights bluetooth failed: -22
09-22 19:59:51.233 4490 4490 E light : Light passthrough failed to load legacy HAL.
09-22 19:59:51.234 4490 4490 E light : light_open lights wifi failed: -22
09-22 19:59:51.234 4490 4490 E light : Light passthrough failed to load legacy HAL.
09-22 19:59:51.237 518 518 I hwservicemanager: getTransport: Cannot find entry android.hardware.light@2.0::ILight/default in either framework or device VINTF manifest.
09-22 19:59:51.237 4490 4490 E HidlServiceManagement: Service android.hardware.light@2.0::ILight/default must be in VINTF manifest in order to register/get.
09-22 19:59:51.237 4490 4490 E LegacySupport: Could not register service android.hardware.light@2.0::ILight/default (-2147483648).
01-01 08:41:12.554 0 0 D : mv2112_read_status
01-01 08:41:12.556 0 0 D mv2112_update_link: 3.0x901(1G): 0x80
01-01 08:41:12.558 0 0 D mv2112_update_link: 3.0x8109(100M): 0x0
01-01 08:41:12.558 0 0 D mv2112_update_link: link 0x0
01-01 08:41:12.559 0 0 D mv2112_read_status: autoneg is disabled
09-22 19:59:52.115 663 674 I mpu_uart: [MSG-P:RECV]:No message received in 1000 ms
01-01 08:41:13.027 0 0 I init : starting service 'qvrd_vndr'...
01-01 08:41:13.034 0 0 I init : Created socket '/dev/socket/qvrservice_vndr', mode 660, user 1000, group 1000
01-01 08:41:13.040 0 0 I init : Created socket '/dev/socket/qvrservice_vndr_camera', mode 660, user 1000, group 1000
09-22 19:59:52.367 663 673 I mpu_uart: [MSG-P:R]:recv sync frame timeout
01-01 08:41:13.098 0 0 I init : starting service 'sxrd'...
09-22 19:59:52.411 4491 4491 F linker : CANNOT LINK EXECUTABLE "/vendor/bin/hw/qvrservice": library "vendor.qti.hardware.qxr-V1-ndk_platform.so" not found: needed by /vendor/lib64/libqvrservice.so in namespace (default)
01-01 08:41:13.130 0 0 I init : Service 'qvrd_vndr' (pid 4491) exited with status 1
01-01 08:41:13.130 0 0 I init : Sending signal 9 to service 'qvrd_vndr' (pid 4491) process group...
01-01 08:41:13.131 0 0 I libprocessgroup: Successfully killed process cgroup uid 1000 pid 4491 in 0ms
09-22 19:59:52.479 4492 4492 F linker : CANNOT LINK EXECUTABLE "/vendor/bin/hw/sxrservice": library "vendor.qti.hardware.qxr-V1-ndk_platform.so" not found: needed by main executable
01-01 08:41:13.183 0 0 I init : Service 'sxrd' (pid 4492) exited with status 1
01-01 08:41:13.183 0 0 I init : Sending signal 9 to service 'sxrd' (pid 4492) process group...
01-01 08:41:13.184 0 0 I libprocessgroup: Successfully killed process cgroup uid 1000 pid 4492 in 0ms
01-01 08:41:13.578 0 0 D : mv2112_read_status
01-01 08:41:13.580 0 0 D mv2112_update_link: 3.0x901(1G): 0x80
01-01 08:41:13.583 0 0 D mv2112_update_link: 3.0x8109(100M): 0x0
01-01 08:41:13.583 0 0 D mv2112_update_link: link 0x0
01-01 08:41:13.583 0 0 D mv2112_read_status: autoneg is disabled
09-22 19:59:53.116 663 674 I mpu_uart: [MSG-P:RECV]:No message received in 1000 ms
01-01 08:41:14.602 0 0 D : mv2112_read_status
01-01 08:41:14.603 0 0 D mv2112_update_link: 3.0x901(1G): 0x80
01-01 08:41:14.605 0 0 D mv2112_update_link: 3.0x8109(100M): 0x0
01-01 08:41:14.605 0 0 D mv2112_update_link: link 0x0
01-01 08:41:14.605 0 0 D mv2112_read_status: autoneg is disabled
09-22 19:59:54.117 663 674 I mpu_uart: [MSG-P:RECV]:No message received in 1000 ms
01-01 08:41:15.626 0 0 D : mv2112_read_status
01-01 08:41:15.628 0 0 D mv2112_update_link: 3.0x901(1G): 0x80
01-01 08:41:15.629 0 0 D mv2112_update_link: 3.0x8109(100M): 0x0
01-01 08:41:15.629 0 0 D mv2112_update_link: link 0x0
01-01 08:41:15.629 0 0 D mv2112_read_status: autoneg is disabled
09-22 19:59:55.118 663 674 I mpu_uart: [MSG-P:RECV]:No message received in 1000 ms
09-22 19:59:55.371 663 673 I mpu_uart: [MSG-P:R]:recv sync frame timeout
01-01 08:41:16.650 0 0 D : mv2112_read_status
01-01 08:41:16.651 0 0 D mv2112_update_link: 3.0x901(1G): 0x80
01-01 08:41:16.652 0 0 D mv2112_update_link: 3.0x8109(100M): 0x0
01-01 08:41:16.652 0 0 D mv2112_update_link: link 0x0
01-01 08:41:16.652 0 0 D mv2112_read_status: autoneg is disabled
09-22 19:59:56.119 663 674 I mpu_uart: [MSG-P:RECV]:No message received in 1000 ms
09-22 19:59:56.279 518 518 I hwservicemanager: getTransport: Cannot find entry android.hardware.light@2.0::ILight/default in either framework or device VINTF manifest.
09-22 19:59:56.285 4493 4493 E light : light_open lights keyboard failed: -22
09-22 19:59:56.285 4493 4493 E light : Light passthrough failed to load legacy HAL.
09-22 19:59:56.286 4493 4493 E light : light_open lights buttons failed: -22
09-22 19:59:56.286 4493 4493 E light : Light passthrough failed to load legacy HAL.
09-22 19:59:56.289 4493 4493 E light : light_open lights bluetooth failed: -22
09-22 19:59:56.289 4493 4493 E light : Light passthrough failed to load legacy HAL.
09-22 19:59:56.289 4493 4493 E light : light_open lights wifi failed: -22
09-22 19:59:56.289 4493 4493 E light : Light passthrough failed to load legacy HAL.
09-22 19:59:56.292 518 518 I hwservicemanager: getTransport: Cannot find entry android.hardware.light@2.0::ILight/default in either framework or device VINTF manifest.
09-22 19:59:56.294 4493 4493 E HidlServiceManagement: Service android.hardware.light@2.0::ILight/default must be in VINTF manifest in order to register/get.
09-22 19:59:56.294 4493 4493 E LegacySupport: Could not register service android.hardware.light@2.0::ILight/default (-2147483648).
01-01 08:41:17.674 0 0 D : mv2112_read_status
01-01 08:41:17.676 0 0 D mv2112_update_link: 3.0x901(1G): 0x80
01-01 08:41:17.678 0 0 D mv2112_update_link: 3.0x8109(100M): 0x0
01-01 08:41:17.678 0 0 D mv2112_update_link: link 0x0
01-01 08:41:17.678 0 0 D mv2112_read_status: autoneg is disabled
09-22 19:59:57.047 2715 2715 I Periodic: Executing periodic callback for MINUTE because the period ended
09-22 19:59:57.120 663 674 I mpu_uart: [MSG-P:RECV]:No message received in 1000 ms
09-22 19:59:57.122 2715 3935 I OpenGLRenderer: Davey! duration=9223371142246ms; Flags=0, FrameTimelineVsyncId=11600, IntendedVsync=894607711580, Vsync=894607711580, InputEventId=0, HandleInputStart=894609448563, AnimationStart=894609450543, PerformTraversalsStart=894610707105, DrawStart=894610952366, FrameDeadline=894641044912, FrameInterval=894609444136, FrameStartTime=16666666, SyncQueued=894610996272, SyncStart=894611313355, IssueDrawCommandsStart=894611585491, SwapBuffers=894613561324, FrameCompleted=9223372036854775807, DequeueBufferDuration=65208, QueueBufferDuration=5359792, GpuCompleted=9223372036854775807, SwapBuffersCompleted=894622670074, DisplayPresentTime=0,
01-01 08:41:18.080 0 0 I init : starting service 'qvrd_vndr'...
01-01 08:41:18.086 0 0 I init : Created socket '/dev/socket/qvrservice_vndr', mode 660, user 1000, group 1000
01-01 08:41:18.089 0 0 I init : Created socket '/dev/socket/qvrservice_vndr_camera', mode 660, user 1000, group 1000
01-01 08:41:18.124 0 0 I init : starting service 'sxrd'...
09-22 19:59:57.444 4495 4495 F linker : CANNOT LINK EXECUTABLE "/vendor/bin/hw/sxrservice": library "vendor.qti.hardware.qxr-V1-ndk_platform.so" not found: needed by main executable
01-01 08:41:18.148 0 0 I init : Service 'sxrd' (pid 4495) exited with status 1
01-01 08:41:18.148 0 0 I init : Sending signal 9 to service 'sxrd' (pid 4495) process group...
01-01 08:41:18.148 0 0 I libprocessgroup: Successfully killed process cgroup uid 1000 pid 4495 in 0ms
01-01 08:41:18.153 0 0 I init : Service 'qvrd_vndr' (pid 4494) exited with status 1
01-01 08:41:18.153 0 0 I init : Sending signal 9 to service 'qvrd_vndr' (pid 4494) process group...
01-01 08:41:18.154 0 0 I libprocessgroup: Successfully killed process cgroup uid 1000 pid 4494 in 0ms
09-22 19:59:57.449 4494 4494 F linker : CANNOT LINK EXECUTABLE "/vendor/bin/hw/qvrservice": library "vendor.qti.hardware.qxr-V1-ndk_platform.so" not found: needed by /vendor/lib64/libqvrservice.so in namespace (default)
01-01 08:41:18.698 0 0 D : mv2112_read_status
01-01 08:41:18.700 0 0 D mv2112_update_link: 3.0x901(1G): 0x80
01-01 08:41:18.701 0 0 D mv2112_update_link: 3.0x8109(100M): 0x0
01-01 08:41:18.701 0 0 D mv2112_update_link: link 0x0
01-01 08:41:18.701 0 0 D mv2112_read_status: autoneg is disabled
09-22 19:59:58.120 663 674 I mpu_uart: [MSG-P:RECV]:No message received in 1000 ms
09-22 19:59:58.375 663 673 I mpu_uart: [MSG-P:R]:recv sync frame timeout
01-01 08:41:19.722 0 0 D : mv2112_read_status
01-01 08:41:19.724 0 0 D mv2112_update_link: 3.0x901(1G): 0x80
01-01 08:41:19.725 0 0 D mv2112_update_link: 3.0x8109(100M): 0x0
01-01 08:41:19.725 0 0 D mv2112_update_link: link 0x0
01-01 08:41:19.725 0 0 D mv2112_read_status: autoneg is disabled
09-22 19:59:59.121 663 674 I mpu_uart: [MSG-P:RECV]:No message received in 1000 ms
09-22 19:59:59.987 1119 1228 I am_uid_idle: 10098
09-22 20:00:00.009 1898 1898 D KeyguardUpdateMonitor: received broadcast android.intent.action.TIME_TICK
09-22 20:00:00.011 1898 1898 D KeyguardUpdateMonitor: handleTimeUpdate
01-01 08:41:20.746 0 0 D : mv2112_read_status
01-01 08:41:20.747 0 0 D mv2112_update_link: 3.0x901(1G): 0x80
01-01 08:41:20.748 0 0 D mv2112_update_link: 3.0x8109(100M): 0x0
01-01 08:41:20.748 0 0 D mv2112_update_link: link 0x0
01-01 08:41:20.748 0 0 D mv2112_read_status: autoneg is disabled
09-22 20:00:00.122 663 674 I mpu_uart: [MSG-P:RECV]:No message received in 1000 ms
01-01 08:41:21.770 0 0 D : mv2112_read_status
01-01 08:41:21.771 0 0 D mv2112_update_link: 3.0x901(1G): 0x80
01-01 08:41:21.772 0 0 D mv2112_update_link: 3.0x8109(100M): 0x0
01-01 08:41:21.772 0 0 D mv2112_update_link: link 0x0
01-01 08:41:21.772 0 0 D mv2112_read_status: autoneg is disabled
09-22 20:00:01.123 663 674 I mpu_uart: [MSG-P:RECV]:No message received in 1000 ms
09-22 20:00:01.334 518 518 I hwservicemanager: getTransport: Cannot find entry android.hardware.light@2.0::ILight/default in either framework or device VINTF manifest.
09-22 20:00:01.339 4496 4496 E light : light_open lights keyboard failed: -22
09-22 20:00:01.339 4496 4496 E light : Light passthrough failed to load legacy HAL.
09-22 20:00:01.340 4496 4496 E light : light_open lights buttons failed: -22
09-22 20:00:01.340 4496 4496 E light : Light passthrough failed to load legacy HAL.
09-22 20:00:01.342 4496 4496 E light : light_open lights bluetooth failed: -22
09-22 20:00:01.342 4496 4496 E light : Light passthrough failed to load legacy HAL.
09-22 20:00:01.343 4496 4496 E light : light_open lights wifi failed: -22
09-22 20:00:01.343 4496 4496 E light : Light passthrough failed to load legacy HAL.
09-22 20:00:01.344 518 518 I hwservicemanager: getTransport: Cannot find entry android.hardware.light@2.0::ILight/default in either framework or device VINTF manifest.
09-22 20:00:01.344 4496 4496 E HidlServiceManagement: Service android.hardware.light@2.0::ILight/default must be in VINTF manifest in order to register/get.
09-22 20:00:01.344 4496 4496 E LegacySupport: Could not register service android.hardware.light@2.0::ILight/default (-2147483648).
09-22 20:00:01.380 663 673 I mpu_uart: [MSG-P:R]:recv sync frame timeout
01-01 08:41:22.794 0 0 D : mv2112_read_status
01-01 08:41:22.795 0 0 D mv2112_update_link: 3.0x901(1G): 0x80
01-01 08:41:22.796 0 0 D mv2112_update_link: 3.0x8109(100M): 0x0
01-01 08:41:22.796 0 0 D mv2112_update_link: link 0x0
01-01 08:41:22.796 0 0 D mv2112_read_status: autoneg is disabled
09-22 20:00:02.124 663 674 I mpu_uart: [MSG-P:RECV]:No message received in 1000 ms
01-01 08:41:23.113 0 0 I init : starting service 'qvrd_vndr'...
01-01 08:41:23.117 0 0 I init : Created socket '/dev/socket/qvrservice_vndr', mode 660, user 1000, group 1000
01-01 08:41:23.120 0 0 I init : Created socket '/dev/socket/qvrservice_vndr_camera', mode 660, user 1000, group 1000
01-01 08:41:23.157 0 0 I init : starting service 'sxrd'...
09-22 20:00:02.484 4500 4500 F linker : CANNOT LINK EXECUTABLE "/vendor/bin/hw/sxrservice": library "vendor.qti.hardware.qxr-V1-ndk_platform.so" not found: needed by main executable
01-01 08:41:23.188 0 0 I init : Service 'sxrd' (pid 4500) exited with status 1
01-01 08:41:23.188 0 0 I init : Sending signal 9 to service 'sxrd' (pid 4500) process group...
01-01 08:41:23.188 0 0 I libprocessgroup: Successfully killed process cgroup uid 1000 pid 4500 in 0ms
09-22 20:00:02.489 4499 4499 F linker : CANNOT LINK EXECUTABLE "/vendor/bin/hw/qvrservice": library "vendor.qti.hardware.qxr-V1-ndk_platform.so" not found: needed by /vendor/lib64/libqvrservice.so in namespace (default)
01-01 08:41:23.193 0 0 I init : Service 'qvrd_vndr' (pid 4499) exited with status 1
01-01 08:41:23.193 0 0 I init : Sending signal 9 to service 'qvrd_vndr' (pid 4499) process group...
01-01 08:41:23.193 0 0 I libprocessgroup: Successfully killed process cgroup uid 1000 pid 4499 in 0ms
01-01 08:41:23.818 0 0 D : mv2112_read_status
01-01 08:41:23.819 0 0 D mv2112_update_link: 3.0x901(1G): 0x80
01-01 08:41:23.820 0 0 D mv2112_update_link: 3.0x8109(100M): 0x0
01-01 08:41:23.820 0 0 D mv2112_update_link: link 0x0
01-01 08:41:23.820 0 0 D mv2112_read_status: autoneg is disabled
09-22 20:00:03.124 663 674 I mpu_uart: [MSG-P:RECV]:No message received in 1000 ms
09-22 20:00:04.125 663 674 I mpu_uart: [MSG-P:RECV]:No message received in 1000 ms
01-01 08:41:24.842 0 0 D : mv2112_read_status
01-01 08:41:24.844 0 0 D mv2112_update_link: 3.0x901(1G): 0x80
01-01 08:41:24.845 0 0 D mv2112_update_link: 3.0x8109(100M): 0x0
01-01 08:41:24.845 0 0 D mv2112_update_link: link 0x0
01-01 08:41:24.845 0 0 D mv2112_read_status: autoneg is disabled
09-22 20:00:04.383 663 673 I mpu_uart: [MSG-P:R]:recv sync frame timeout
09-22 20:00:05.126 663 674 I mpu_uart: [MSG-P:RECV]:No message received in 1000 ms
01-01 08:41:25.866 0 0 D : mv2112_read_status
01-01 08:41:25.868 0 0 D mv2112_update_link: 3.0x901(1G): 0x80
01-01 08:41:25.869 0 0 D mv2112_update_link: 3.0x8109(100M): 0x0
01-01 08:41:25.869 0 0 D mv2112_update_link: link 0x0
01-01 08:41:25.869 0 0 D mv2112_read_status: autoneg is disabled
09-22 20:00:06.127 663 674 I mpu_uart: [MSG-P:RECV]:No message received in 1000 ms
01-01 08:41:26.890 0 0 D : mv2112_read_status
01-01 08:41:26.891 0 0 D mv2112_update_link: 3.0x901(1G): 0x80
01-01 08:41:26.892 0 0 D mv2112_update_link: 3.0x8109(100M): 0x0
01-01 08:41:26.892 0 0 D mv2112_update_link: link 0x0
01-01 08:41:26.892 0 0 D mv2112_read_status: autoneg is disabled
09-22 20:00:06.357 518 518 I hwservicemanager: getTransport: Cannot find entry android.hardware.light@2.0::ILight/default in either framework or device VINTF manifest.
09-22 20:00:06.362 4503 4503 E light : light_open lights keyboard failed: -22
09-22 20:00:06.362 4503 4503 E light : Light passthrough failed to load legacy HAL.
09-22 20:00:06.363 4503 4503 E light : light_open lights buttons failed: -22
09-22 20:00:06.363 4503 4503 E light : Light passthrough failed to load legacy HAL.
09-22 20:00:06.365 4503 4503 E light : light_open lights bluetooth failed: -22
09-22 20:00:06.365 4503 4503 E light : Light passthrough failed to load legacy HAL.
09-22 20:00:06.366 4503 4503 E light : light_open lights wifi failed: -22
09-22 20:00:06.366 4503 4503 E light : Light passthrough failed to load legacy HAL.
09-22 20:00:06.369 518 518 I hwservicemanager: getTransport: Cannot find entry android.hardware.light@2.0::ILight/default in either framework or device VINTF manifest.
09-22 20:00:06.371 4503 4503 E HidlServiceManagement: Service android.hardware.light@2.0::ILight/default must be in VINTF manifest in order to register/get.
09-22 20:00:06.371 4503 4503 E LegacySupport: Could not register service android.hardware.light@2.0::ILight/default (-2147483648).
09-22 20:00:07.128 663 674 I mpu_uart: [MSG-P:RECV]:No message received in 1000 ms
01-01 08:41:27.914 0 0 D : mv2112_read_status
01-01 08:41:27.916 0 0 D mv2112_update_link: 3.0x901(1G): 0x80
01-01 08:41:27.919 0 0 D mv2112_update_link: 3.0x8109(100M): 0x0
01-01 08:41:27.919 0 0 D mv2112_update_link: link 0x0
01-01 08:41:27.919 0 0 D mv2112_read_status: autoneg is disabled
09-22 20:00:07.387 663 673 I mpu_uart: [MSG-P:R]:recv sync frame timeout
01-01 08:41:28.149 0 0 I init : starting service 'qvrd_vndr'...
01-01 08:41:28.164 0 0 I init : Created socket '/dev/socket/qvrservice_vndr', mode 660, user 1000, group 1000
01-01 08:41:28.169 0 0 I init : Created socket '/dev/socket/qvrservice_vndr_camera', mode 660, user 1000, group 1000
01-01 08:41:28.227 0 0 I init : starting service 'sxrd'...
09-22 20:00:07.550 4504 4504 F linker : CANNOT LINK EXECUTABLE "/vendor/bin/hw/qvrservice": library "vendor.qti.hardware.qxr-V1-ndk_platform.so" not found: needed by /vendor/lib64/libqvrservice.so in namespace (default)
01-01 08:41:28.254 0 0 I init : Service 'qvrd_vndr' (pid 4504) exited with status 1
01-01 08:41:28.254 0 0 I init : Sending signal 9 to service 'qvrd_vndr' (pid 4504) process group...
01-01 08:41:28.254 0 0 I libprocessgroup: Successfully killed process cgroup uid 1000 pid 4504 in 0ms
09-22 20:00:07.584 4505 4505 F linker : CANNOT LINK EXECUTABLE "/vendor/bin/hw/sxrservice": library "vendor.qti.hardware.qxr-V1-ndk_platform.so" not found: needed by main executable
01-01 08:41:28.288 0 0 I init : Service 'sxrd' (pid 4505) exited with status 1
01-01 08:41:28.288 0 0 I init : Sending signal 9 to service 'sxrd' (pid 4505) process group...
01-01 08:41:28.289 0 0 I libprocessgroup: Successfully killed process cgroup uid 1000 pid 4505 in 0ms
09-22 20:00:08.129 663 674 I mpu_uart: [MSG-P:RECV]:No message received in 1000 ms
01-01 08:41:28.939 0 0 D : mv2112_read_status
01-01 08:41:28.941 0 0 D mv2112_update_link: 3.0x901(1G): 0x80
01-01 08:41:28.944 0 0 D mv2112_update_link: 3.0x8109(100M): 0x0
01-01 08:41:28.944 0 0 D mv2112_update_link: link 0x0
01-01 08:41:28.944 0 0 D mv2112_read_status: autoneg is disabled
09-22 20:00:09.130 663 674 I mpu_uart: [MSG-P:RECV]:No message received in 1000 ms
01-01 08:41:29.962 0 0 D : mv2112_read_status
01-01 08:41:29.963 0 0 D mv2112_update_link: 3.0x901(1G): 0x80
01-01 08:41:29.965 0 0 D mv2112_update_link: 3.0x8109(100M): 0x0
01-01 08:41:29.965 0 0 D mv2112_update_link: link 0x0
01-01 08:41:29.965 0 0 D mv2112_read_status: autoneg is disabled
09-22 20:00:10.131 663 674 I mpu_uart: [MSG-P:RECV]:No message received in 1000 ms
01-01 08:41:30.990 0 0 D : mv2112_read_status
01-01 08:41:30.991 0 0 D mv2112_update_link: 3.0x901(1G): 0x80
01-01 08:41:30.992 0 0 D mv2112_update_link: 3.0x8109(100M): 0x0
01-01 08:41:30.992 0 0 D mv2112_update_link: link 0x0
01-01 08:41:30.992 0 0 D mv2112_read_status: autoneg is disabled
09-22 20:00:10.387 663 673 I mpu_uart: [MSG-P:R]:recv sync frame timeout
09-22 20:00:11.132 663 674 I mpu_uart: [MSG-P:RECV]:No message received in 1000 ms
01-01 08:41:32.010 0 0 D : mv2112_read_status
01-01 08:41:32.013 0 0 D mv2112_update_link: 3.0x901(1G): 0x80
01-01 08:41:32.015 0 0 D mv2112_update_link: 3.0x8109(100M): 0x0
01-01 08:41:32.016 0 0 D mv2112_update_link: link 0x0
01-01 08:41:32.016 0 0 D mv2112_read_status: autoneg is disabled
09-22 20:00:11.416 518 518 I hwservicemanager: getTransport: Cannot find entry android.hardware.light@2.0::ILight/default in either framework or device VINTF manifest.
09-22 20:00:11.422 4506 4506 E light : light_open lights keyboard failed: -22
09-22 20:00:11.422 4506 4506 E light : Light passthrough failed to load legacy HAL.
09-22 20:00:11.423 4506 4506 E light : light_open lights buttons failed: -22
09-22 20:00:11.423 4506 4506 E light : Light passthrough failed to load legacy HAL.
09-22 20:00:11.428 4506 4506 E light : light_open lights bluetooth failed: -22
09-22 20:00:11.429 4506 4506 E light : Light passthrough failed to load legacy HAL.
09-22 20:00:11.429 4506 4506 E light : light_open lights wifi failed: -22
09-22 20:00:11.429 4506 4506 E light : Light passthrough failed to load legacy HAL.
09-22 20:00:11.432 518 518 I hwservicemanager: getTransport: Cannot find entry android.hardware.light@2.0::ILight/default in either framework or device VINTF manifest.
09-22 20:00:11.434 4506 4506 E HidlServiceManagement: Service android.hardware.light@2.0::ILight/default must be in VINTF manifest in order to register/get.
09-22 20:00:11.434 4506 4506 E LegacySupport: Could not register service android.hardware.light@2.0::ILight/default (-2147483648).
09-22 20:00:12.133 663 674 I mpu_uart: [MSG-P:RECV]:No message received in 1000 ms
01-01 08:41:33.041 0 0 D : mv2112_read_status
01-01 08:41:33.042 0 0 D mv2112_update_link: 3.0x901(1G): 0x80
01-01 08:41:33.043 0 0 D mv2112_update_link: 3.0x8109(100M): 0x0
01-01 08:41:33.044 0 0 D mv2112_update_link: link 0x0
01-01 08:41:33.044 0 0 D mv2112_read_status: autoneg is disabled
01-01 08:41:33.214 0 0 I init : starting service 'qvrd_vndr'...
01-01 08:41:33.220 0 0 I init : Created socket '/dev/socket/qvrservice_vndr', mode 660, user 1000, group 1000
01-01 08:41:33.224 0 0 I init : Created socket '/dev/socket/qvrservice_vndr_camera', mode 660, user 1000, group 1000
01-01 08:41:33.282 0 0 I init : starting service 'sxrd'...
09-22 20:00:12.608 4507 4507 F linker : CANNOT LINK EXECUTABLE "/vendor/bin/hw/qvrservice": library "vendor.qti.hardware.qxr-V1-ndk_platform.so" not found: needed by /vendor/lib64/libqvrservice.so in namespace (default)
01-01 08:41:33.312 0 0 I init : Service 'qvrd_vndr' (pid 4507) exited with status 1
01-01 08:41:33.312 0 0 I init : Sending signal 9 to service 'qvrd_vndr' (pid 4507) process group...
01-01 08:41:33.312 0 0 I libprocessgroup: Successfully killed process cgroup uid 1000 pid 4507 in 0ms
09-22 20:00:12.646 4508 4508 F linker : CANNOT LINK EXECUTABLE "/vendor/bin/hw/sxrservice": library "vendor.qti.hardware.qxr-V1-ndk_platform.so" not found: needed by main executable
01-01 08:41:33.351 0 0 I init : Service 'sxrd' (pid 4508) exited with status 1
01-01 08:41:33.351 0 0 I init : Sending signal 9 to service 'sxrd' (pid 4508) process group...
01-01 08:41:33.351 0 0 I libprocessgroup: Successfully killed process cgroup uid 1000 pid 4508 in 0ms
09-22 20:00:13.134 663 674 I mpu_uart: [MSG-P:RECV]:No message received in 1000 ms
01-01 08:41:34.059 0 0 D : mv2112_read_status
01-01 08:41:34.060 0 0 D mv2112_update_link: 3.0x901(1G): 0x80
01-01 08:41:34.062 0 0 D mv2112_update_link: 3.0x8109(100M): 0x0
01-01 08:41:34.063 0 0 D mv2112_update_link: link 0x0
01-01 08:41:34.063 0 0 D mv2112_read_status: autoneg is disabled
09-22 20:00:13.391 663 673 I mpu_uart: [MSG-P:R]:recv sync frame timeout
09-22 20:00:14.135 663 674 I mpu_uart: [MSG-P:RECV]:No message received in 1000 ms
01-01 08:41:35.082 0 0 D : mv2112_read_status
01-01 08:41:35.083 0 0 D mv2112_update_link: 3.0x901(1G): 0x80
01-01 08:41:35.085 0 0 D mv2112_update_link: 3.0x8109(100M): 0x0
01-01 08:41:35.085 0 0 D mv2112_update_link: link 0x0
01-01 08:41:35.085 0 0 D mv2112_read_status: autoneg is disabled
09-22 20:00:15.137 663 674 I mpu_uart: [MSG-P:RECV]:No message received in 1000 ms
01-01 08:41:36.107 0 0 D : mv2112_read_status
01-01 08:41:36.108 0 0 D mv2112_update_link: 3.0x901(1G): 0x80
01-01 08:41:36.109 0 0 D mv2112_update_link: 3.0x8109(100M): 0x0
01-01 08:41:36.110 0 0 D mv2112_update_link: link 0x0
01-01 08:41:36.111 0 0 D mv2112_read_status: autoneg is disabled
09-22 20:00:16.137 663 674 I mpu_uart: [MSG-P:RECV]:No message received in 1000 ms
09-22 20:00:16.391 663 673 I mpu_uart: [MSG-P:R]:recv sync frame timeout
01-01 08:41:37.130 0 0 D : mv2112_read_status
01-01 08:41:37.131 0 0 D mv2112_update_link: 3.0x901(1G): 0x80
01-01 08:41:37.131 0 0 D mv2112_update_link: 3.0x8109(100M): 0x0
01-01 08:41:37.131 0 0 D mv2112_update_link: link 0x0
01-01 08:41:37.131 0 0 D mv2112_read_status: autoneg is disabled
09-22 20:00:16.480 518 518 I hwservicemanager: getTransport: Cannot find entry android.hardware.light@2.0::ILight/default in either framework or device VINTF manifest.
09-22 20:00:16.485 4509 4509 E light : light_open lights keyboard failed: -22
09-22 20:00:16.485 4509 4509 E light : Light passthrough failed to load legacy HAL.
09-22 20:00:16.486 4509 4509 E light : light_open lights buttons failed: -22
09-22 20:00:16.486 4509 4509 E light : Light passthrough failed to load legacy HAL.
09-22 20:00:16.489 4509 4509 E light : light_open lights bluetooth failed: -22
09-22 20:00:16.489 4509 4509 E light : Light passthrough failed to load legacy HAL.
09-22 20:00:16.489 4509 4509 E light : light_open lights wifi failed: -22
09-22 20:00:16.490 4509 4509 E light : Light passthrough failed to load legacy HAL.
09-22 20:00:16.490 518 518 I hwservicemanager: getTransport: Cannot find entry android.hardware.light@2.0::ILight/default in either framework or device VINTF manifest.
09-22 20:00:16.492 4509 4509 E HidlServiceManagement: Service android.hardware.light@2.0::ILight/default must be in VINTF manifest in order to register/get.
09-22 20:00:16.492 4509 4509 E LegacySupport: Could not register service android.hardware.light@2.0::ILight/default (-2147483648).
09-22 20:00:17.138 663 674 I mpu_uart: [MSG-P:RECV]:No message received in 1000 ms
01-01 08:41:38.154 0 0 D : mv2112_read_status
01-01 08:41:38.156 0 0 D mv2112_update_link: 3.0x901(1G): 0x80
01-01 08:41:38.158 0 0 D mv2112_update_link: 3.0x8109(100M): 0x0
01-01 08:41:38.158 0 0 D mv2112_update_link: link 0x0
01-01 08:41:38.159 0 0 D mv2112_read_status: autoneg is disabled
01-01 08:41:38.266 0 0 I init : starting service 'qvrd_vndr'...
01-01 08:41:38.269 0 0 I init : Created socket '/dev/socket/qvrservice_vndr', mode 660, user 1000, group 1000
01-01 08:41:38.272 0 0 I init : Created socket '/dev/socket/qvrservice_vndr_camera', mode 660, user 1000, group 1000
01-01 08:41:38.322 0 0 I init : starting service 'sxrd'...
09-22 20:00:17.656 4510 4510 F linker : CANNOT LINK EXECUTABLE "/vendor/bin/hw/qvrservice": library "vendor.qti.hardware.qxr-V1-ndk_platform.so" not found: needed by /vendor/lib64/libqvrservice.so in namespace (default)
01-01 08:41:38.361 0 0 I init : Service 'qvrd_vndr' (pid 4510) exited with status 1
01-01 08:41:38.361 0 0 I init : Sending signal 9 to service 'qvrd_vndr' (pid 4510) process group...
01-01 08:41:38.361 0 0 I libprocessgroup: Successfully killed process cgroup uid 1000 pid 4510 in 0ms
09-22 20:00:17.683 4511 4511 F linker : CANNOT LINK EXECUTABLE "/vendor/bin/hw/sxrservice": library "vendor.qti.hardware.qxr-V1-ndk_platform.so" not found: needed by main executable
01-01 08:41:38.388 0 0 I init : Service 'sxrd' (pid 4511) exited with status 1
01-01 08:41:38.388 0 0 I init : Sending signal 9 to service 'sxrd' (pid 4511) process group...
01-01 08:41:38.390 0 0 I libprocessgroup: Successfully killed process cgroup uid 1000 pid 4511 in 1ms
09-22 20:00:18.139 663 674 I mpu_uart: [MSG-P:RECV]:No message received in 1000 ms
01-01 08:41:39.180 0 0 D : mv2112_read_status
01-01 08:41:39.181 0 0 D mv2112_update_link: 3.0x901(1G): 0x80
01-01 08:41:39.183 0 0 D mv2112_update_link: 3.0x8109(100M): 0x0
01-01 08:41:39.183 0 0 D mv2112_update_link: link 0x0
01-01 08:41:39.183 0 0 D mv2112_read_status: autoneg is disabled
09-22 20:00:19.140 663 674 I mpu_uart: [MSG-P:RECV]:No message received in 1000 ms
09-22 20:00:19.395 663 673 I mpu_uart: [MSG-P:R]:recv sync frame timeout
01-01 08:41:40.202 0 0 D : mv2112_read_status
01-01 08:41:40.204 0 0 D mv2112_update_link: 3.0x901(1G): 0x80
01-01 08:41:40.207 0 0 D mv2112_update_link: 3.0x8109(100M): 0x0
01-01 08:41:40.207 0 0 D mv2112_update_link: link 0x0
01-01 08:41:40.207 0 0 D mv2112_read_status: autoneg is disabled
09-22 20:00:20.141 663 674 I mpu_uart: [MSG-P:RECV]:No message received in 1000 ms
01-01 08:41:41.226 0 0 D : mv2112_read_status
01-01 08:41:41.227 0 0 D mv2112_update_link: 3.0x901(1G): 0x80
01-01 08:41:41.229 0 0 D mv2112_update_link: 3.0x8109(100M): 0x0
01-01 08:41:41.229 0 0 D mv2112_update_link: link 0x0
01-01 08:41:41.229 0 0 D mv2112_read_status: autoneg is disabled
09-22 20:00:21.141 663 674 I mpu_uart: [MSG-P:RECV]:No message received in 1000 ms
09-22 20:00:21.540 518 518 I hwservicemanager: getTransport: Cannot find entry android.hardware.light@2.0::ILight/default in either framework or device VINTF manifest.
09-22 20:00:21.545 4514 4514 E light : light_open lights keyboard failed: -22
09-22 20:00:21.545 4514 4514 E light : Light passthrough failed to load legacy HAL.
09-22 20:00:21.546 4514 4514 E light : light_open lights buttons failed: -22
09-22 20:00:21.546 4514 4514 E light : Light passthrough failed to load legacy HAL.
01-01 08:41:42.250 0 0 D : mv2112_read_status
09-22 20:00:21.550 4514 4514 E light : light_open lights bluetooth failed: -22
09-22 20:00:21.550 4514 4514 E light : Light passthrough failed to load legacy HAL.
09-22 20:00:21.550 4514 4514 E light : light_open lights wifi failed: -22
09-22 20:00:21.551 4514 4514 E light : Light passthrough failed to load legacy HAL.
09-22 20:00:21.554 518 518 I hwservicemanager: getTransport: Cannot find entry android.hardware.light@2.0::ILight/default in either framework or device VINTF manifest.
09-22 20:00:21.554 4514 4514 E HidlServiceManagement: Service android.hardware.light@2.0::ILight/default must be in VINTF manifest in order to register/get.
01-01 08:41:42.254 0 0 D mv2112_update_link: 3.0x901(1G): 0x80
09-22 20:00:21.554 4514 4514 E LegacySupport: Could not register service android.hardware.light@2.0::ILight/default (-2147483648).
01-01 08:41:42.259 0 0 D mv2112_update_link: 3.0x8109(100M): 0x0
01-01 08:41:42.259 0 0 D mv2112_update_link: link 0x0
01-01 08:41:42.259 0 0 D mv2112_read_status: autoneg is disabled
09-22 20:00:22.142 663 674 I mpu_uart: [MSG-P:RECV]:No message received in 1000 ms
09-22 20:00:22.399 663 673 I mpu_uart: [MSG-P:R]:recv sync frame timeout
