09-22 19:48:01.514 663 674 I mpu_uart: [MSG-P:RECV]:No message received in 1000 ms
01-01 08:29:22.922 0 0 D : mv2112_read_status
01-01 08:29:22.924 0 0 D mv2112_update_link: 3.0x901(1G): 0x80
01-01 08:29:22.925 0 0 D mv2112_update_link: 3.0x8109(100M): 0x0
01-01 08:29:22.925 0 0 D mv2112_update_link: link 0x0
01-01 08:29:22.925 0 0 D mv2112_read_status: autoneg is disabled
09-22 19:48:02.520 663 674 I mpu_uart: [MSG-P:RECV]:No message received in 1000 ms
01-01 08:29:23.946 0 0 D : mv2112_read_status
01-01 08:29:23.948 0 0 D mv2112_update_link: 3.0x901(1G): 0x80
01-01 08:29:23.951 0 0 D mv2112_update_link: 3.0x8109(100M): 0x0
01-01 08:29:23.951 0 0 D mv2112_update_link: link 0x0
01-01 08:29:23.951 0 0 D mv2112_read_status: autoneg is disabled
09-22 19:48:03.521 663 674 I mpu_uart: [MSG-P:RECV]:No message received in 1000 ms
09-22 19:48:03.531 663 673 I mpu_uart: [MSG-P:R]:recv sync frame timeout
09-22 19:48:03.916 518 518 I hwservicemanager: getTransport: Cannot find entry android.hardware.light@2.0::ILight/default in either framework or device VINTF manifest.
09-22 19:48:03.921 3939 3939 E light : light_open lights keyboard failed: -22
09-22 19:48:03.922 3939 3939 E light : Light passthrough failed to load legacy HAL.
09-22 19:48:03.922 3939 3939 E light : light_open lights buttons failed: -22
09-22 19:48:03.922 3939 3939 E light : Light passthrough failed to load legacy HAL.
09-22 19:48:03.925 3939 3939 E light : light_open lights bluetooth failed: -22
09-22 19:48:03.925 3939 3939 E light : Light passthrough failed to load legacy HAL.
09-22 19:48:03.926 3939 3939 E light : light_open lights wifi failed: -22
09-22 19:48:03.926 3939 3939 E light : Light passthrough failed to load legacy HAL.
09-22 19:48:03.928 518 518 I hwservicemanager: getTransport: Cannot find entry android.hardware.light@2.0::ILight/default in either framework or device VINTF manifest.
09-22 19:48:03.930 3939 3939 E HidlServiceManagement: Service android.hardware.light@2.0::ILight/default must be in VINTF manifest in order to register/get.
09-22 19:48:03.930 3939 3939 E LegacySupport: Could not register service android.hardware.light@2.0::ILight/default (-2147483648).
01-01 08:29:24.971 0 0 D : mv2112_read_status
01-01 08:29:24.973 0 0 D mv2112_update_link: 3.0x901(1G): 0x80
01-01 08:29:24.975 0 0 D mv2112_update_link: 3.0x8109(100M): 0x0
01-01 08:29:24.975 0 0 D mv2112_update_link: link 0x0
01-01 08:29:24.975 0 0 D mv2112_read_status: autoneg is disabled
09-22 19:48:04.522 663 674 I mpu_uart: [MSG-P:RECV]:No message received in 1000 ms
01-01 08:29:25.311 0 0 I init : starting service 'qvrd_vndr'...
01-01 08:29:25.317 0 0 I init : Created socket '/dev/socket/qvrservice_vndr', mode 660, user 1000, group 1000
01-01 08:29:25.324 0 0 I init : Created socket '/dev/socket/qvrservice_vndr_camera', mode 660, user 1000, group 1000
01-01 08:29:25.387 0 0 I init : starting service 'sxrd'...
09-22 19:48:04.710 3940 3940 F linker : CANNOT LINK EXECUTABLE "/vendor/bin/hw/qvrservice": library "vendor.qti.hardware.qxr-V1-ndk_platform.so" not found: needed by /vendor/lib64/libqvrservice.so in namespace (default)
01-01 08:29:25.430 0 0 I init : Service 'qvrd_vndr' (pid 3940) exited with status 1
01-01 08:29:25.430 0 0 I init : Sending signal 9 to service 'qvrd_vndr' (pid 3940) process group...
01-01 08:29:25.431 0 0 I libprocessgroup: Successfully killed process cgroup uid 1000 pid 3940 in 0ms
09-22 19:48:04.763 3941 3941 F linker : CANNOT LINK EXECUTABLE "/vendor/bin/hw/sxrservice": library "vendor.qti.hardware.qxr-V1-ndk_platform.so" not found: needed by main executable
01-01 08:29:25.468 0 0 I init : Service 'sxrd' (pid 3941) exited with status 1
01-01 08:29:25.468 0 0 I init : Sending signal 9 to service 'sxrd' (pid 3941) process group...
01-01 08:29:25.469 0 0 I libprocessgroup: Successfully killed process cgroup uid 1000 pid 3941 in 1ms
01-01 08:29:25.995 0 0 D : mv2112_read_status
01-01 08:29:25.997 0 0 D mv2112_update_link: 3.0x901(1G): 0x80
01-01 08:29:25.999 0 0 D mv2112_update_link: 3.0x8109(100M): 0x0
01-01 08:29:25.999 0 0 D mv2112_update_link: link 0x0
01-01 08:29:25.999 0 0 D mv2112_read_status: autoneg is disabled
09-22 19:48:05.522 663 674 I mpu_uart: [MSG-P:RECV]:No message received in 1000 ms
01-01 08:29:27.019 0 0 D : mv2112_read_status
01-01 08:29:27.020 0 0 D mv2112_update_link: 3.0x901(1G): 0x80
01-01 08:29:27.023 0 0 D mv2112_update_link: 3.0x8109(100M): 0x0
01-01 08:29:27.023 0 0 D mv2112_update_link: link 0x0
01-01 08:29:27.024 0 0 D mv2112_read_status: autoneg is disabled
09-22 19:48:06.523 663 674 I mpu_uart: [MSG-P:RECV]:No message received in 1000 ms
09-22 19:48:06.534 663 673 I mpu_uart: [MSG-P:R]:recv sync frame timeout
01-01 08:29:27.235 0 0 I qcom_rpmh DRV: apps_rsc TCS Busy, retrying RPMH message send: addr=0x40d00
01-01 08:29:28.044 0 0 D : mv2112_read_status
01-01 08:29:28.047 0 0 D mv2112_update_link: 3.0x901(1G): 0x80
01-01 08:29:28.048 0 0 D mv2112_update_link: 3.0x8109(100M): 0x0
01-01 08:29:28.048 0 0 D mv2112_update_link: link 0x0
01-01 08:29:28.048 0 0 D mv2112_read_status: autoneg is disabled
09-22 19:48:07.524 663 674 I mpu_uart: [MSG-P:RECV]:No message received in 1000 ms
01-01 08:29:29.066 0 0 D : mv2112_read_status
01-01 08:29:29.068 0 0 D mv2112_update_link: 3.0x901(1G): 0x80
01-01 08:29:29.070 0 0 D mv2112_update_link: 3.0x8109(100M): 0x0
01-01 08:29:29.070 0 0 D mv2112_update_link: link 0x0
01-01 08:29:29.071 0 0 D mv2112_read_status: autoneg is disabled
09-22 19:48:08.524 663 674 I mpu_uart: [MSG-P:RECV]:No message received in 1000 ms
09-22 19:48:08.976 518 518 I hwservicemanager: getTransport: Cannot find entry android.hardware.light@2.0::ILight/default in either framework or device VINTF manifest.
09-22 19:48:08.982 3942 3942 E light : light_open lights keyboard failed: -22
09-22 19:48:08.982 3942 3942 E light : Light passthrough failed to load legacy HAL.
09-22 19:48:08.983 3942 3942 E light : light_open lights buttons failed: -22
09-22 19:48:08.983 3942 3942 E light : Light passthrough failed to load legacy HAL.
09-22 19:48:08.985 3942 3942 E light : light_open lights bluetooth failed: -22
09-22 19:48:08.986 3942 3942 E light : Light passthrough failed to load legacy HAL.
09-22 19:48:08.986 3942 3942 E light : light_open lights wifi failed: -22
09-22 19:48:08.986 3942 3942 E light : Light passthrough failed to load legacy HAL.
09-22 19:48:08.989 518 518 I hwservicemanager: getTransport: Cannot find entry android.hardware.light@2.0::ILight/default in either framework or device VINTF manifest.
09-22 19:48:08.991 3942 3942 E HidlServiceManagement: Service android.hardware.light@2.0::ILight/default must be in VINTF manifest in order to register/get.
09-22 19:48:08.991 3942 3942 E LegacySupport: Could not register service android.hardware.light@2.0::ILight/default (-2147483648).
01-01 08:29:30.090 0 0 D : mv2112_read_status
01-01 08:29:30.092 0 0 D mv2112_update_link: 3.0x901(1G): 0x80
01-01 08:29:30.093 0 0 D mv2112_update_link: 3.0x8109(100M): 0x0
01-01 08:29:30.093 0 0 D mv2112_update_link: link 0x0
01-01 08:29:30.095 0 0 D mv2112_read_status: autoneg is disabled
09-22 19:48:09.525 663 674 I mpu_uart: [MSG-P:RECV]:No message received in 1000 ms
09-22 19:48:09.536 663 673 I mpu_uart: [MSG-P:R]:recv sync frame timeout
01-01 08:29:30.372 0 0 I init : starting service 'qvrd_vndr'...
01-01 08:29:30.379 0 0 I init : Created socket '/dev/socket/qvrservice_vndr', mode 660, user 1000, group 1000
01-01 08:29:30.385 0 0 I init : Created socket '/dev/socket/qvrservice_vndr_camera', mode 660, user 1000, group 1000
01-01 08:29:30.449 0 0 I init : starting service 'sxrd'...
09-22 19:48:09.771 3943 3943 F linker : CANNOT LINK EXECUTABLE "/vendor/bin/hw/qvrservice": library "vendor.qti.hardware.qxr-V1-ndk_platform.so" not found: needed by /vendor/lib64/libqvrservice.so in namespace (default)
01-01 08:29:30.474 0 0 I init : Service 'qvrd_vndr' (pid 3943) exited with status 1
01-01 08:29:30.474 0 0 I init : Sending signal 9 to service 'qvrd_vndr' (pid 3943) process group...
01-01 08:29:30.475 0 0 I libprocessgroup: Successfully killed process cgroup uid 1000 pid 3943 in 0ms
09-22 19:48:09.820 3944 3944 F linker : CANNOT LINK EXECUTABLE "/vendor/bin/hw/sxrservice": library "vendor.qti.hardware.qxr-V1-ndk_platform.so" not found: needed by main executable
01-01 08:29:30.524 0 0 I init : Service 'sxrd' (pid 3944) exited with status 1
01-01 08:29:30.524 0 0 I init : Sending signal 9 to service 'sxrd' (pid 3944) process group...
01-01 08:29:30.524 0 0 I libprocessgroup: Successfully killed process cgroup uid 1000 pid 3944 in 0ms
01-01 08:29:30.579 0 0 I perf : interrupt took too long (5116 > 5083), lowering kernel.perf_event_max_sample_rate to 39000
01-01 08:29:31.114 0 0 D : mv2112_read_status
01-01 08:29:31.116 0 0 D mv2112_update_link: 3.0x901(1G): 0x80
01-01 08:29:31.119 0 0 D mv2112_update_link: 3.0x8109(100M): 0x0
01-01 08:29:31.119 0 0 D mv2112_update_link: link 0x0
01-01 08:29:31.119 0 0 D mv2112_read_status: autoneg is disabled
09-22 19:48:10.526 663 674 I mpu_uart: [MSG-P:RECV]:No message received in 1000 ms
01-01 08:29:32.139 0 0 D : mv2112_read_status
01-01 08:29:32.141 0 0 D mv2112_update_link: 3.0x901(1G): 0x80
01-01 08:29:32.144 0 0 D mv2112_update_link: 3.0x8109(100M): 0x0
01-01 08:29:32.144 0 0 D mv2112_update_link: link 0x0
01-01 08:29:32.144 0 0 D mv2112_read_status: autoneg is disabled
09-22 19:48:11.526 663 674 I mpu_uart: [MSG-P:RECV]:No message received in 1000 ms
01-01 08:29:33.162 0 0 D : mv2112_read_status
01-01 08:29:33.164 0 0 D mv2112_update_link: 3.0x901(1G): 0x80
01-01 08:29:33.167 0 0 D mv2112_update_link: 3.0x8109(100M): 0x0
01-01 08:29:33.167 0 0 D mv2112_update_link: link 0x0
01-01 08:29:33.167 0 0 D mv2112_read_status: autoneg is disabled
09-22 19:48:12.527 663 674 I mpu_uart: [MSG-P:RECV]:No message received in 1000 ms
09-22 19:48:12.539 663 673 I mpu_uart: [MSG-P:R]:recv sync frame timeout
01-01 08:29:34.186 0 0 D : mv2112_read_status
01-01 08:29:34.188 0 0 D mv2112_update_link: 3.0x901(1G): 0x80
01-01 08:29:34.190 0 0 D mv2112_update_link: 3.0x8109(100M): 0x0
01-01 08:29:34.190 0 0 D mv2112_update_link: link 0x0
01-01 08:29:34.190 0 0 D mv2112_read_status: autoneg is disabled
09-22 19:48:13.527 663 674 I mpu_uart: [MSG-P:RECV]:No message received in 1000 ms
09-22 19:48:14.045 518 518 I hwservicemanager: getTransport: Cannot find entry android.hardware.light@2.0::ILight/default in either framework or device VINTF manifest.
09-22 19:48:14.050 3945 3945 E light : light_open lights keyboard failed: -22
09-22 19:48:14.051 3945 3945 E light : Light passthrough failed to load legacy HAL.
09-22 19:48:14.055 3945 3945 E light : light_open lights buttons failed: -22
09-22 19:48:14.055 3945 3945 E light : Light passthrough failed to load legacy HAL.
09-22 19:48:14.058 3945 3945 E light : light_open lights bluetooth failed: -22
09-22 19:48:14.058 3945 3945 E light : Light passthrough failed to load legacy HAL.
09-22 19:48:14.059 3945 3945 E light : light_open lights wifi failed: -22
09-22 19:48:14.059 3945 3945 E light : Light passthrough failed to load legacy HAL.
09-22 19:48:14.060 518 518 I hwservicemanager: getTransport: Cannot find entry android.hardware.light@2.0::ILight/default in either framework or device VINTF manifest.
09-22 19:48:14.062 3945 3945 E HidlServiceManagement: Service android.hardware.light@2.0::ILight/default must be in VINTF manifest in order to register/get.
09-22 19:48:14.062 3945 3945 E LegacySupport: Could not register service android.hardware.light@2.0::ILight/default (-2147483648).
01-01 08:29:35.210 0 0 D : mv2112_read_status
01-01 08:29:35.211 0 0 D mv2112_update_link: 3.0x901(1G): 0x80
01-01 08:29:35.212 0 0 D mv2112_update_link: 3.0x8109(100M): 0x0
01-01 08:29:35.212 0 0 D mv2112_update_link: link 0x0
01-01 08:29:35.212 0 0 D mv2112_read_status: autoneg is disabled
09-22 19:48:14.528 663 674 I mpu_uart: [MSG-P:RECV]:No message received in 1000 ms
01-01 08:29:35.436 0 0 I init : starting service 'qvrd_vndr'...
01-01 08:29:35.444 0 0 I init : Created socket '/dev/socket/qvrservice_vndr', mode 660, user 1000, group 1000
01-01 08:29:35.451 0 0 I init : Created socket '/dev/socket/qvrservice_vndr_camera', mode 660, user 1000, group 1000
01-01 08:29:35.505 0 0 I init : starting service 'sxrd'...
09-22 19:48:14.848 3947 3947 F linker : CANNOT LINK EXECUTABLE "/vendor/bin/hw/sxrservice": library "vendor.qti.hardware.qxr-V1-ndk_platform.so" not found: needed by main executable
01-01 08:29:35.553 0 0 I init : Service 'sxrd' (pid 3947) exited with status 1
01-01 08:29:35.553 0 0 I init : Sending signal 9 to service 'sxrd' (pid 3947) process group...
01-01 08:29:35.554 0 0 I libprocessgroup: Successfully killed process cgroup uid 1000 pid 3947 in 0ms
09-22 19:48:14.852 3946 3946 F linker : CANNOT LINK EXECUTABLE "/vendor/bin/hw/qvrservice": library "vendor.qti.hardware.qxr-V1-ndk_platform.so" not found: needed by /vendor/lib64/libqvrservice.so in namespace (default)
01-01 08:29:35.558 0 0 I init : Service 'qvrd_vndr' (pid 3946) exited with status 1
01-01 08:29:35.559 0 0 I init : Sending signal 9 to service 'qvrd_vndr' (pid 3946) process group...
01-01 08:29:35.559 0 0 I libprocessgroup: Successfully killed process cgroup uid 1000 pid 3946 in 0ms
09-22 19:48:15.528 663 674 I mpu_uart: [MSG-P:RECV]:No message received in 1000 ms
01-01 08:29:36.234 0 0 D : mv2112_read_status
01-01 08:29:36.236 0 0 D mv2112_update_link: 3.0x901(1G): 0x80
01-01 08:29:36.238 0 0 D mv2112_update_link: 3.0x8109(100M): 0x0
01-01 08:29:36.239 0 0 D mv2112_update_link: link 0x0
01-01 08:29:36.239 0 0 D mv2112_read_status: autoneg is disabled
09-22 19:48:15.543 663 673 I mpu_uart: [MSG-P:R]:recv sync frame timeout
09-22 19:48:16.529 663 674 I mpu_uart: [MSG-P:RECV]:No message received in 1000 ms
01-01 08:29:37.258 0 0 D : mv2112_read_status
01-01 08:29:37.260 0 0 D mv2112_update_link: 3.0x901(1G): 0x80
01-01 08:29:37.261 0 0 D mv2112_update_link: 3.0x8109(100M): 0x0
01-01 08:29:37.261 0 0 D mv2112_update_link: link 0x0
01-01 08:29:37.261 0 0 D mv2112_read_status: autoneg is disabled
09-22 19:48:17.530 663 674 I mpu_uart: [MSG-P:RECV]:No message received in 1000 ms
01-01 08:29:38.282 0 0 D : mv2112_read_status
01-01 08:29:38.284 0 0 D mv2112_update_link: 3.0x901(1G): 0x80
01-01 08:29:38.286 0 0 D mv2112_update_link: 3.0x8109(100M): 0x0
01-01 08:29:38.286 0 0 D mv2112_update_link: link 0x0
01-01 08:29:38.286 0 0 D mv2112_read_status: autoneg is disabled
09-22 19:48:18.530 663 674 I mpu_uart: [MSG-P:RECV]:No message received in 1000 ms
09-22 19:48:18.547 663 673 I mpu_uart: [MSG-P:R]:recv sync frame timeout
01-01 08:29:39.306 0 0 D : mv2112_read_status
01-01 08:29:39.307 0 0 D mv2112_update_link: 3.0x901(1G): 0x80
01-01 08:29:39.311 0 0 D mv2112_update_link: 3.0x8109(100M): 0x0
01-01 08:29:39.311 0 0 D mv2112_update_link: link 0x0
01-01 08:29:39.311 0 0 D mv2112_read_status: autoneg is disabled
09-22 19:48:19.076 518 518 I hwservicemanager: getTransport: Cannot find entry android.hardware.light@2.0::ILight/default in either framework or device VINTF manifest.
09-22 19:48:19.082 3948 3948 E light : light_open lights keyboard failed: -22
09-22 19:48:19.082 3948 3948 E light : Light passthrough failed to load legacy HAL.
09-22 19:48:19.083 3948 3948 E light : light_open lights buttons failed: -22
09-22 19:48:19.083 3948 3948 E light : Light passthrough failed to load legacy HAL.
09-22 19:48:19.087 3948 3948 E light : light_open lights bluetooth failed: -22
09-22 19:48:19.087 3948 3948 E light : Light passthrough failed to load legacy HAL.
09-22 19:48:19.088 3948 3948 E light : light_open lights wifi failed: -22
09-22 19:48:19.088 3948 3948 E light : Light passthrough failed to load legacy HAL.
09-22 19:48:19.091 518 518 I hwservicemanager: getTransport: Cannot find entry android.hardware.light@2.0::ILight/default in either framework or device VINTF manifest.
09-22 19:48:19.093 3948 3948 E HidlServiceManagement: Service android.hardware.light@2.0::ILight/default must be in VINTF manifest in order to register/get.
09-22 19:48:19.093 3948 3948 E LegacySupport: Could not register service android.hardware.light@2.0::ILight/default (-2147483648).
09-22 19:48:19.531 663 674 I mpu_uart: [MSG-P:RECV]:No message received in 1000 ms
01-01 08:29:40.330 0 0 D : mv2112_read_status
01-01 08:29:40.332 0 0 D mv2112_update_link: 3.0x901(1G): 0x80
01-01 08:29:40.334 0 0 D mv2112_update_link: 3.0x8109(100M): 0x0
01-01 08:29:40.334 0 0 D mv2112_update_link: link 0x0
01-01 08:29:40.334 0 0 D mv2112_read_status: autoneg is disabled
01-01 08:29:40.494 0 0 I init : starting service 'qvrd_vndr'...
01-01 08:29:40.502 0 0 I init : Created socket '/dev/socket/qvrservice_vndr', mode 660, user 1000, group 1000
01-01 08:29:40.512 0 0 I init : Created socket '/dev/socket/qvrservice_vndr_camera', mode 660, user 1000, group 1000
01-01 08:29:40.582 0 0 I init : starting service 'sxrd'...
09-22 19:48:19.911 3949 3949 F linker : CANNOT LINK EXECUTABLE "/vendor/bin/hw/qvrservice": library "vendor.qti.hardware.qxr-V1-ndk_platform.so" not found: needed by /vendor/lib64/libqvrservice.so in namespace (default)
01-01 08:29:40.615 0 0 I init : Service 'qvrd_vndr' (pid 3949) exited with status 1
01-01 08:29:40.615 0 0 I init : Sending signal 9 to service 'qvrd_vndr' (pid 3949) process group...
01-01 08:29:40.616 0 0 I libprocessgroup: Successfully killed process cgroup uid 1000 pid 3949 in 0ms
09-22 19:48:19.942 3950 3950 F linker : CANNOT LINK EXECUTABLE "/vendor/bin/hw/sxrservice": library "vendor.qti.hardware.qxr-V1-ndk_platform.so" not found: needed by main executable
01-01 08:29:40.647 0 0 I init : Service 'sxrd' (pid 3950) exited with status 1
01-01 08:29:40.647 0 0 I init : Sending signal 9 to service 'sxrd' (pid 3950) process group...
01-01 08:29:40.648 0 0 I libprocessgroup: Successfully killed process cgroup uid 1000 pid 3950 in 0ms
09-22 19:48:20.532 663 674 I mpu_uart: [MSG-P:RECV]:No message received in 1000 ms
01-01 08:29:41.355 0 0 D : mv2112_read_status
01-01 08:29:41.356 0 0 D mv2112_update_link: 3.0x901(1G): 0x80
01-01 08:29:41.359 0 0 D mv2112_update_link: 3.0x8109(100M): 0x0
01-01 08:29:41.359 0 0 D mv2112_update_link: link 0x0
01-01 08:29:41.359 0 0 D mv2112_read_status: autoneg is disabled
09-22 19:48:21.533 663 674 I mpu_uart: [MSG-P:RECV]:No message received in 1000 ms
09-22 19:48:21.551 663 673 I mpu_uart: [MSG-P:R]:recv sync frame timeout
01-01 08:29:42.379 0 0 D : mv2112_read_status
01-01 08:29:42.381 0 0 D mv2112_update_link: 3.0x901(1G): 0x80
01-01 08:29:42.383 0 0 D mv2112_update_link: 3.0x8109(100M): 0x0
01-01 08:29:42.383 0 0 D mv2112_update_link: link 0x0
01-01 08:29:42.383 0 0 D mv2112_read_status: autoneg is disabled
09-22 19:48:22.533 663 674 I mpu_uart: [MSG-P:RECV]:No message received in 1000 ms
01-01 08:29:43.402 0 0 D : mv2112_read_status
01-01 08:29:43.403 0 0 D mv2112_update_link: 3.0x901(1G): 0x80
01-01 08:29:43.404 0 0 D mv2112_update_link: 3.0x8109(100M): 0x0
01-01 08:29:43.404 0 0 D mv2112_update_link: link 0x0
01-01 08:29:43.404 0 0 D mv2112_read_status: autoneg is disabled
09-22 19:48:23.534 663 674 I mpu_uart: [MSG-P:RECV]:No message received in 1000 ms
01-01 08:29:44.426 0 0 D : mv2112_read_status
01-01 08:29:44.428 0 0 D mv2112_update_link: 3.0x901(1G): 0x80
01-01 08:29:44.430 0 0 D mv2112_update_link: 3.0x8109(100M): 0x0
01-01 08:29:44.431 0 0 D mv2112_update_link: link 0x0
01-01 08:29:44.431 0 0 D mv2112_read_status: autoneg is disabled
09-22 19:48:24.137 518 518 I hwservicemanager: getTransport: Cannot find entry android.hardware.light@2.0::ILight/default in either framework or device VINTF manifest.
09-22 19:48:24.142 3951 3951 E light : light_open lights keyboard failed: -22
09-22 19:48:24.142 3951 3951 E light : Light passthrough failed to load legacy HAL.
09-22 19:48:24.143 3951 3951 E light : light_open lights buttons failed: -22
09-22 19:48:24.143 3951 3951 E light : Light passthrough failed to load legacy HAL.
09-22 19:48:24.145 3951 3951 E light : light_open lights bluetooth failed: -22
09-22 19:48:24.145 3951 3951 E light : Light passthrough failed to load legacy HAL.
09-22 19:48:24.146 3951 3951 E light : light_open lights wifi failed: -22
09-22 19:48:24.146 3951 3951 E light : Light passthrough failed to load legacy HAL.
09-22 19:48:24.149 518 518 I hwservicemanager: getTransport: Cannot find entry android.hardware.light@2.0::ILight/default in either framework or device VINTF manifest.
09-22 19:48:24.151 3951 3951 E HidlServiceManagement: Service android.hardware.light@2.0::ILight/default must be in VINTF manifest in order to register/get.
09-22 19:48:24.151 3951 3951 E LegacySupport: Could not register service android.hardware.light@2.0::ILight/default (-2147483648).
09-22 19:48:24.535 663 674 I mpu_uart: [MSG-P:RECV]:No message received in 1000 ms
09-22 19:48:24.555 663 673 I mpu_uart: [MSG-P:R]:recv sync frame timeout
01-01 08:29:45.450 0 0 D : mv2112_read_status
01-01 08:29:45.452 0 0 D mv2112_update_link: 3.0x901(1G): 0x80
01-01 08:29:45.453 0 0 D mv2112_update_link: 3.0x8109(100M): 0x0
01-01 08:29:45.453 0 0 D mv2112_update_link: link 0x0
01-01 08:29:45.455 0 0 D mv2112_read_status: autoneg is disabled
01-01 08:29:45.565 0 0 I init : starting service 'qvrd_vndr'...
01-01 08:29:45.569 0 0 I init : Created socket '/dev/socket/qvrservice_vndr', mode 660, user 1000, group 1000
01-01 08:29:45.572 0 0 I init : Created socket '/dev/socket/qvrservice_vndr_camera', mode 660, user 1000, group 1000
01-01 08:29:45.621 0 0 I init : starting service 'sxrd'...
09-22 19:48:24.948 3952 3952 F linker : CANNOT LINK EXECUTABLE "/vendor/bin/hw/qvrservice": library "vendor.qti.hardware.qxr-V1-ndk_platform.so" not found: needed by /vendor/lib64/libqvrservice.so in namespace (default)
01-01 08:29:45.652 0 0 I init : Service 'qvrd_vndr' (pid 3952) exited with status 1
01-01 08:29:45.652 0 0 I init : Sending signal 9 to service 'qvrd_vndr' (pid 3952) process group...
01-01 08:29:45.652 0 0 I libprocessgroup: Successfully killed process cgroup uid 1000 pid 3952 in 0ms
09-22 19:48:24.982 3953 3953 F linker : CANNOT LINK EXECUTABLE "/vendor/bin/hw/sxrservice": library "vendor.qti.hardware.qxr-V1-ndk_platform.so" not found: needed by main executable
01-01 08:29:45.689 0 0 I init : Service 'sxrd' (pid 3953) exited with status 1
01-01 08:29:45.689 0 0 I init : Sending signal 9 to service 'sxrd' (pid 3953) process group...
01-01 08:29:45.690 0 0 I libprocessgroup: Successfully killed process cgroup uid 1000 pid 3953 in 0ms
09-22 19:48:25.536 663 674 I mpu_uart: [MSG-P:RECV]:No message received in 1000 ms
01-01 08:29:46.474 0 0 D : mv2112_read_status
01-01 08:29:46.477 0 0 D mv2112_update_link: 3.0x901(1G): 0x80
01-01 08:29:46.479 0 0 D mv2112_update_link: 3.0x8109(100M): 0x0
01-01 08:29:46.479 0 0 D mv2112_update_link: link 0x0
01-01 08:29:46.479 0 0 D mv2112_read_status: autoneg is disabled
09-22 19:48:26.537 663 674 I mpu_uart: [MSG-P:RECV]:No message received in 1000 ms
01-01 08:29:47.499 0 0 D : mv2112_read_status
01-01 08:29:47.501 0 0 D mv2112_update_link: 3.0x901(1G): 0x80
01-01 08:29:47.502 0 0 D mv2112_update_link: 3.0x8109(100M): 0x0
01-01 08:29:47.502 0 0 D mv2112_update_link: link 0x0
01-01 08:29:47.502 0 0 D mv2112_read_status: autoneg is disabled
09-22 19:48:27.537 663 674 I mpu_uart: [MSG-P:RECV]:No message received in 1000 ms
09-22 19:48:27.558 663 673 I mpu_uart: [MSG-P:R]:recv sync frame timeout
01-01 08:29:48.522 0 0 D : mv2112_read_status
01-01 08:29:48.525 0 0 D mv2112_update_link: 3.0x901(1G): 0x80
01-01 08:29:48.528 0 0 D mv2112_update_link: 3.0x8109(100M): 0x0
01-01 08:29:48.528 0 0 D mv2112_update_link: link 0x0
01-01 08:29:48.528 0 0 D mv2112_read_status: autoneg is disabled
09-22 19:48:28.538 663 674 I mpu_uart: [MSG-P:RECV]:No message received in 1000 ms
01-01 08:29:49.549 0 0 D : mv2112_read_status
01-01 08:29:49.551 0 0 D mv2112_update_link: 3.0x901(1G): 0x80
01-01 08:29:49.553 0 0 D mv2112_update_link: 3.0x8109(100M): 0x0
01-01 08:29:49.553 0 0 D mv2112_update_link: link 0x0
01-01 08:29:49.553 0 0 D mv2112_read_status: autoneg is disabled
09-22 19:48:29.198 518 518 I hwservicemanager: getTransport: Cannot find entry android.hardware.light@2.0::ILight/default in either framework or device VINTF manifest.
09-22 19:48:29.204 3954 3954 E light : light_open lights keyboard failed: -22
09-22 19:48:29.204 3954 3954 E light : Light passthrough failed to load legacy HAL.
09-22 19:48:29.205 3954 3954 E light : light_open lights buttons failed: -22
09-22 19:48:29.205 3954 3954 E light : Light passthrough failed to load legacy HAL.
09-22 19:48:29.214 3954 3954 E light : light_open lights bluetooth failed: -22
09-22 19:48:29.215 3954 3954 E light : Light passthrough failed to load legacy HAL.
09-22 19:48:29.216 3954 3954 E light : light_open lights wifi failed: -22
09-22 19:48:29.216 3954 3954 E light : Light passthrough failed to load legacy HAL.
09-22 19:48:29.217 518 518 I hwservicemanager: getTransport: Cannot find entry android.hardware.light@2.0::ILight/default in either framework or device VINTF manifest.
09-22 19:48:29.218 3954 3954 E HidlServiceManagement: Service android.hardware.light@2.0::ILight/default must be in VINTF manifest in order to register/get.
09-22 19:48:29.218 3954 3954 E LegacySupport: Could not register service android.hardware.light@2.0::ILight/default (-2147483648).
09-22 19:48:29.538 663 674 I mpu_uart: [MSG-P:RECV]:No message received in 1000 ms
01-01 08:29:50.570 0 0 D : mv2112_read_status
01-01 08:29:50.572 0 0 D mv2112_update_link: 3.0x901(1G): 0x80
01-01 08:29:50.573 0 0 D mv2112_update_link: 3.0x8109(100M): 0x0
01-01 08:29:50.575 0 0 D mv2112_update_link: link 0x0
01-01 08:29:50.575 0 0 D mv2112_read_status: autoneg is disabled
01-01 08:29:50.607 0 0 I init : starting service 'qvrd_vndr'...
01-01 08:29:50.612 0 0 I init : Created socket '/dev/socket/qvrservice_vndr', mode 660, user 1000, group 1000
01-01 08:29:50.615 0 0 I init : Created socket '/dev/socket/qvrservice_vndr_camera', mode 660, user 1000, group 1000
01-01 08:29:50.648 0 0 I init : starting service 'sxrd'...
09-22 19:48:30.000 3956 3956 F linker : CANNOT LINK EXECUTABLE "/vendor/bin/hw/sxrservice": library "vendor.qti.hardware.qxr-V1-ndk_platform.so" not found: needed by main executable
01-01 08:29:50.704 0 0 I init : Service 'sxrd' (pid 3956) exited with status 1
09-22 19:48:30.002 3955 3955 F linker : CANNOT LINK EXECUTABLE "/vendor/bin/hw/qvrservice": library "vendor.qti.hardware.qxr-V1-ndk_platform.so" not found: needed by /vendor/lib64/libqvrservice.so in namespace (default)
01-01 08:29:50.704 0 0 I init : Sending signal 9 to service 'sxrd' (pid 3956) process group...
01-01 08:29:50.707 0 0 I libprocessgroup: Successfully killed process cgroup uid 1000 pid 3956 in 1ms
01-01 08:29:50.716 0 0 I init : Service 'qvrd_vndr' (pid 3955) exited with status 1
01-01 08:29:50.716 0 0 I init : Sending signal 9 to service 'qvrd_vndr' (pid 3955) process group...
01-01 08:29:50.717 0 0 I libprocessgroup: Successfully killed process cgroup uid 1000 pid 3955 in 0ms
09-22 19:48:30.539 663 674 I mpu_uart: [MSG-P:RECV]:No message received in 1000 ms
09-22 19:48:30.562 663 673 I mpu_uart: [MSG-P:R]:recv sync frame timeout
01-01 08:29:51.594 0 0 D : mv2112_read_status
01-01 08:29:51.596 0 0 D mv2112_update_link: 3.0x901(1G): 0x80
01-01 08:29:51.599 0 0 D mv2112_update_link: 3.0x8109(100M): 0x0
01-01 08:29:51.599 0 0 D mv2112_update_link: link 0x0
01-01 08:29:51.600 0 0 D mv2112_read_status: autoneg is disabled
09-22 19:48:31.540 663 674 I mpu_uart: [MSG-P:RECV]:No message received in 1000 ms
01-01 08:29:52.618 0 0 D : mv2112_read_status
01-01 08:29:52.620 0 0 D mv2112_update_link: 3.0x901(1G): 0x80
01-01 08:29:52.622 0 0 D mv2112_update_link: 3.0x8109(100M): 0x0
01-01 08:29:52.622 0 0 D mv2112_update_link: link 0x0
01-01 08:29:52.623 0 0 D mv2112_read_status: autoneg is disabled
09-22 19:48:32.541 663 674 I mpu_uart: [MSG-P:RECV]:No message received in 1000 ms
01-01 08:29:53.642 0 0 D : mv2112_read_status
01-01 08:29:53.645 0 0 D mv2112_update_link: 3.0x901(1G): 0x80
01-01 08:29:53.647 0 0 D mv2112_update_link: 3.0x8109(100M): 0x0
01-01 08:29:53.647 0 0 D mv2112_update_link: link 0x0
01-01 08:29:53.647 0 0 D mv2112_read_status: autoneg is disabled
09-22 19:48:33.541 663 674 I mpu_uart: [MSG-P:RECV]:No message received in 1000 ms
09-22 19:48:33.565 663 673 I mpu_uart: [MSG-P:R]:recv sync frame timeout
01-01 08:29:54.666 0 0 D : mv2112_read_status
01-01 08:29:54.668 0 0 D mv2112_update_link: 3.0x901(1G): 0x80
01-01 08:29:54.669 0 0 D mv2112_update_link: 3.0x8109(100M): 0x0
01-01 08:29:54.669 0 0 D mv2112_update_link: link 0x0
01-01 08:29:54.669 0 0 D mv2112_read_status: autoneg is disabled
09-22 19:48:34.276 518 518 I hwservicemanager: getTransport: Cannot find entry android.hardware.light@2.0::ILight/default in either framework or device VINTF manifest.
09-22 19:48:34.281 3957 3957 E light : light_open lights keyboard failed: -22
09-22 19:48:34.282 3957 3957 E light : Light passthrough failed to load legacy HAL.
09-22 19:48:34.282 3957 3957 E light : light_open lights buttons failed: -22
09-22 19:48:34.282 3957 3957 E light : Light passthrough failed to load legacy HAL.
09-22 19:48:34.290 3957 3957 E light : light_open lights bluetooth failed: -22
09-22 19:48:34.290 3957 3957 E light : Light passthrough failed to load legacy HAL.
09-22 19:48:34.290 3957 3957 E light : light_open lights wifi failed: -22
09-22 19:48:34.291 3957 3957 E light : Light passthrough failed to load legacy HAL.
09-22 19:48:34.293 518 518 I hwservicemanager: getTransport: Cannot find entry android.hardware.light@2.0::ILight/default in either framework or device VINTF manifest.
09-22 19:48:34.294 3957 3957 E HidlServiceManagement: Service android.hardware.light@2.0::ILight/default must be in VINTF manifest in order to register/get.
09-22 19:48:34.294 3957 3957 E LegacySupport: Could not register service android.hardware.light@2.0::ILight/default (-2147483648).
09-22 19:48:34.542 663 674 I mpu_uart: [MSG-P:RECV]:No message received in 1000 ms
01-01 08:29:55.645 0 0 I init : starting service 'qvrd_vndr'...
01-01 08:29:55.651 0 0 I init : Created socket '/dev/socket/qvrservice_vndr', mode 660, user 1000, group 1000
01-01 08:29:55.657 0 0 I init : Created socket '/dev/socket/qvrservice_vndr_camera', mode 660, user 1000, group 1000
01-01 08:29:55.690 0 0 D : mv2112_read_status
01-01 08:29:55.691 0 0 D mv2112_update_link: 3.0x901(1G): 0x80
01-01 08:29:55.692 0 0 D mv2112_update_link: 3.0x8109(100M): 0x0
01-01 08:29:55.692 0 0 D mv2112_update_link: link 0x0
01-01 08:29:55.692 0 0 D mv2112_read_status: autoneg is disabled
01-01 08:29:55.723 0 0 I init : starting service 'sxrd'...
09-22 19:48:35.052 3958 3958 F linker : CANNOT LINK EXECUTABLE "/vendor/bin/hw/qvrservice": library "vendor.qti.hardware.qxr-V1-ndk_platform.so" not found: needed by /vendor/lib64/libqvrservice.so in namespace (default)
01-01 08:29:55.757 0 0 I init : Service 'qvrd_vndr' (pid 3958) exited with status 1
01-01 08:29:55.757 0 0 I init : Sending signal 9 to service 'qvrd_vndr' (pid 3958) process group...
01-01 08:29:55.757 0 0 I libprocessgroup: Successfully killed process cgroup uid 1000 pid 3958 in 0ms
09-22 19:48:35.082 3959 3959 F linker : CANNOT LINK EXECUTABLE "/vendor/bin/hw/sxrservice": library "vendor.qti.hardware.qxr-V1-ndk_platform.so" not found: needed by main executable
01-01 08:29:55.787 0 0 I init : Service 'sxrd' (pid 3959) exited with status 1
01-01 08:29:55.787 0 0 I init : Sending signal 9 to service 'sxrd' (pid 3959) process group...
01-01 08:29:55.788 0 0 I libprocessgroup: Successfully killed process cgroup uid 1000 pid 3959 in 0ms
09-22 19:48:35.543 663 674 I mpu_uart: [MSG-P:RECV]:No message received in 1000 ms
01-01 08:29:56.714 0 0 D : mv2112_read_status
01-01 08:29:56.715 0 0 D mv2112_update_link: 3.0x901(1G): 0x80
01-01 08:29:56.716 0 0 D mv2112_update_link: 3.0x8109(100M): 0x0
01-01 08:29:56.716 0 0 D mv2112_update_link: link 0x0
01-01 08:29:56.716 0 0 D mv2112_read_status: autoneg is disabled
09-22 19:48:36.544 663 674 I mpu_uart: [MSG-P:RECV]:No message received in 1000 ms
09-22 19:48:36.568 663 673 I mpu_uart: [MSG-P:R]:recv sync frame timeout
01-01 08:29:57.739 0 0 D : mv2112_read_status
01-01 08:29:57.740 0 0 D mv2112_update_link: 3.0x901(1G): 0x80
01-01 08:29:57.743 0 0 D mv2112_update_link: 3.0x8109(100M): 0x0
01-01 08:29:57.743 0 0 D mv2112_update_link: link 0x0
01-01 08:29:57.743 0 0 D mv2112_read_status: autoneg is disabled
09-22 19:48:37.544 663 674 I mpu_uart: [MSG-P:RECV]:No message received in 1000 ms
01-01 08:29:58.762 0 0 D : mv2112_read_status
01-01 08:29:58.764 0 0 D mv2112_update_link: 3.0x901(1G): 0x80
01-01 08:29:58.766 0 0 D mv2112_update_link: 3.0x8109(100M): 0x0
01-01 08:29:58.766 0 0 D mv2112_update_link: link 0x0
01-01 08:29:58.766 0 0 D mv2112_read_status: autoneg is disabled
09-22 19:48:38.545 663 674 I mpu_uart: [MSG-P:RECV]:No message received in 1000 ms
01-01 08:29:59.786 0 0 D : mv2112_read_status
01-01 08:29:59.788 0 0 D mv2112_update_link: 3.0x901(1G): 0x80
01-01 08:29:59.789 0 0 D mv2112_update_link: 3.0x8109(100M): 0x0
01-01 08:29:59.790 0 0 D mv2112_update_link: link 0x0
01-01 08:29:59.790 0 0 D mv2112_read_status: autoneg is disabled
09-22 19:48:39.334 518 518 I hwservicemanager: getTransport: Cannot find entry android.hardware.light@2.0::ILight/default in either framework or device VINTF manifest.
09-22 19:48:39.339 3960 3960 E light : light_open lights keyboard failed: -22
09-22 19:48:39.340 3960 3960 E light : Light passthrough failed to load legacy HAL.
09-22 19:48:39.340 3960 3960 E light : light_open lights buttons failed: -22
09-22 19:48:39.340 3960 3960 E light : Light passthrough failed to load legacy HAL.
09-22 19:48:39.343 3960 3960 E light : light_open lights bluetooth failed: -22
09-22 19:48:39.343 3960 3960 E light : Light passthrough failed to load legacy HAL.
09-22 19:48:39.344 3960 3960 E light : light_open lights wifi failed: -22
09-22 19:48:39.344 3960 3960 E light : Light passthrough failed to load legacy HAL.
09-22 19:48:39.346 518 518 I hwservicemanager: getTransport: Cannot find entry android.hardware.light@2.0::ILight/default in either framework or device VINTF manifest.
09-22 19:48:39.348 3960 3960 E HidlServiceManagement: Service android.hardware.light@2.0::ILight/default must be in VINTF manifest in order to register/get.
09-22 19:48:39.348 3960 3960 E LegacySupport: Could not register service android.hardware.light@2.0::ILight/default (-2147483648).
09-22 19:48:39.546 663 674 I mpu_uart: [MSG-P:RECV]:No message received in 1000 ms
09-22 19:48:39.571 663 673 I mpu_uart: [MSG-P:R]:recv sync frame timeout
01-01 08:30:00.709 0 0 I init : starting service 'qvrd_vndr'...
01-01 08:30:00.717 0 0 I init : Created socket '/dev/socket/qvrservice_vndr', mode 660, user 1000, group 1000
01-01 08:30:00.724 0 0 I init : Created socket '/dev/socket/qvrservice_vndr_camera', mode 660, user 1000, group 1000
01-01 08:30:00.769 0 0 I init : starting service 'sxrd'...
01-01 08:30:00.810 0 0 D : mv2112_read_status
01-01 08:30:00.811 0 0 D mv2112_update_link: 3.0x901(1G): 0x80
01-01 08:30:00.812 0 0 D mv2112_update_link: 3.0x8109(100M): 0x0
01-01 08:30:00.812 0 0 D mv2112_update_link: link 0x0
01-01 08:30:00.812 0 0 D mv2112_read_status: autoneg is disabled
09-22 19:48:40.114 3961 3961 F linker : CANNOT LINK EXECUTABLE "/vendor/bin/hw/qvrservice": library "vendor.qti.hardware.qxr-V1-ndk_platform.so" not found: needed by /vendor/lib64/libqvrservice.so in namespace (default)
01-01 08:30:00.819 0 0 I init : Service 'qvrd_vndr' (pid 3961) exited with status 1
01-01 08:30:00.819 0 0 I init : Sending signal 9 to service 'qvrd_vndr' (pid 3961) process group...
09-22 19:48:40.121 3962 3962 F linker : CANNOT LINK EXECUTABLE "/vendor/bin/hw/sxrservice": library "vendor.qti.hardware.qxr-V1-ndk_platform.so" not found: needed by main executable
01-01 08:30:00.820 0 0 I libprocessgroup: Successfully killed process cgroup uid 1000 pid 3961 in 0ms
01-01 08:30:00.825 0 0 I init : Service 'sxrd' (pid 3962) exited with status 1
01-01 08:30:00.825 0 0 I init : Sending signal 9 to service 'sxrd' (pid 3962) process group...
01-01 08:30:00.826 0 0 I libprocessgroup: Successfully killed process cgroup uid 1000 pid 3962 in 0ms
09-22 19:48:40.546 663 674 I mpu_uart: [MSG-P:RECV]:No message received in 1000 ms
01-01 08:30:01.834 0 0 D : mv2112_read_status
01-01 08:30:01.840 0 0 D mv2112_update_link: 3.0x901(1G): 0x80
01-01 08:30:01.841 0 0 D mv2112_update_link: 3.0x8109(100M): 0x0
01-01 08:30:01.841 0 0 D mv2112_update_link: link 0x0
01-01 08:30:01.841 0 0 D mv2112_read_status: autoneg is disabled
09-22 19:48:41.547 663 674 I mpu_uart: [MSG-P:RECV]:No message received in 1000 ms
01-01 08:30:02.858 0 0 D : mv2112_read_status
01-01 08:30:02.860 0 0 D mv2112_update_link: 3.0x901(1G): 0x80
01-01 08:30:02.863 0 0 D mv2112_update_link: 3.0x8109(100M): 0x0
01-01 08:30:02.863 0 0 D mv2112_update_link: link 0x0
01-01 08:30:02.863 0 0 D mv2112_read_status: autoneg is disabled
09-22 19:48:42.548 663 674 I mpu_uart: [MSG-P:RECV]:No message received in 1000 ms
09-22 19:48:42.575 663 673 I mpu_uart: [MSG-P:R]:recv sync frame timeout
01-01 08:30:03.882 0 0 D : mv2112_read_status
01-01 08:30:03.884 0 0 D mv2112_update_link: 3.0x901(1G): 0x80
01-01 08:30:03.885 0 0 D mv2112_update_link: 3.0x8109(100M): 0x0
01-01 08:30:03.885 0 0 D mv2112_update_link: link 0x0
01-01 08:30:03.887 0 0 D mv2112_read_status: autoneg is disabled
09-22 19:48:43.548 663 674 I mpu_uart: [MSG-P:RECV]:No message received in 1000 ms
01-01 08:30:04.906 0 0 D : mv2112_read_status
01-01 08:30:04.908 0 0 D mv2112_update_link: 3.0x901(1G): 0x80
01-01 08:30:04.911 0 0 D mv2112_update_link: 3.0x8109(100M): 0x0
01-01 08:30:04.911 0 0 D mv2112_update_link: link 0x0
01-01 08:30:04.911 0 0 D mv2112_read_status: autoneg is disabled
09-22 19:48:44.378 518 518 I hwservicemanager: getTransport: Cannot find entry android.hardware.light@2.0::ILight/default in either framework or device VINTF manifest.
09-22 19:48:44.383 3963 3963 E light : light_open lights keyboard failed: -22
09-22 19:48:44.383 3963 3963 E light : Light passthrough failed to load legacy HAL.
09-22 19:48:44.384 3963 3963 E light : light_open lights buttons failed: -22
09-22 19:48:44.384 3963 3963 E light : Light passthrough failed to load legacy HAL.
09-22 19:48:44.386 3963 3963 E light : light_open lights bluetooth failed: -22
09-22 19:48:44.386 3963 3963 E light : Light passthrough failed to load legacy HAL.
09-22 19:48:44.387 3963 3963 E light : light_open lights wifi failed: -22
09-22 19:48:44.387 3963 3963 E light : Light passthrough failed to load legacy HAL.
09-22 19:48:44.390 518 518 I hwservicemanager: getTransport: Cannot find entry android.hardware.light@2.0::ILight/default in either framework or device VINTF manifest.
09-22 19:48:44.392 3963 3963 E HidlServiceManagement: Service android.hardware.light@2.0::ILight/default must be in VINTF manifest in order to register/get.
09-22 19:48:44.392 3963 3963 E LegacySupport: Could not register service android.hardware.light@2.0::ILight/default (-2147483648).
09-22 19:48:44.549 663 674 I mpu_uart: [MSG-P:RECV]:No message received in 1000 ms
01-01 08:30:05.763 0 0 I init : starting service 'qvrd_vndr'...
01-01 08:30:05.767 0 0 I init : Created socket '/dev/socket/qvrservice_vndr', mode 660, user 1000, group 1000
01-01 08:30:05.771 0 0 I init : Created socket '/dev/socket/qvrservice_vndr_camera', mode 660, user 1000, group 1000
01-01 08:30:05.810 0 0 I init : starting service 'sxrd'...
09-22 19:48:45.152 3964 3964 F linker : CANNOT LINK EXECUTABLE "/vendor/bin/hw/qvrservice": library "vendor.qti.hardware.qxr-V1-ndk_platform.so" not found: needed by /vendor/lib64/libqvrservice.so in namespace (default)
01-01 08:30:05.857 0 0 I init : Service 'qvrd_vndr' (pid 3964) exited with status 1
01-01 08:30:05.857 0 0 I init : Sending signal 9 to service 'qvrd_vndr' (pid 3964) process group...
01-01 08:30:05.858 0 0 I libprocessgroup: Successfully killed process cgroup uid 1000 pid 3964 in 0ms
09-22 19:48:45.162 3965 3965 F linker : CANNOT LINK EXECUTABLE "/vendor/bin/hw/sxrservice": library "vendor.qti.hardware.qxr-V1-ndk_platform.so" not found: needed by main executable
01-01 08:30:05.866 0 0 I init : Service 'sxrd' (pid 3965) exited with status 1
01-01 08:30:05.866 0 0 I init : Sending signal 9 to service 'sxrd' (pid 3965) process group...
01-01 08:30:05.868 0 0 I libprocessgroup: Successfully killed process cgroup uid 1000 pid 3965 in 0ms
01-01 08:30:05.930 0 0 D : mv2112_read_status
01-01 08:30:05.931 0 0 D mv2112_update_link: 3.0x901(1G): 0x80
01-01 08:30:05.933 0 0 D mv2112_update_link: 3.0x8109(100M): 0x0
01-01 08:30:05.933 0 0 D mv2112_update_link: link 0x0
01-01 08:30:05.933 0 0 D mv2112_read_status: autoneg is disabled
09-22 19:48:45.550 663 674 I mpu_uart: [MSG-P:RECV]:No message received in 1000 ms
09-22 19:48:45.579 663 673 I mpu_uart: [MSG-P:R]:recv sync frame timeout
01-01 08:30:06.955 0 0 D : mv2112_read_status
01-01 08:30:06.957 0 0 D mv2112_update_link: 3.0x901(1G): 0x80
01-01 08:30:06.959 0 0 D mv2112_update_link: 3.0x8109(100M): 0x0
01-01 08:30:06.959 0 0 D mv2112_update_link: link 0x0
01-01 08:30:06.960 0 0 D mv2112_read_status: autoneg is disabled
09-22 19:48:46.550 663 674 I mpu_uart: [MSG-P:RECV]:No message received in 1000 ms
01-01 08:30:07.979 0 0 D : mv2112_read_status
01-01 08:30:07.981 0 0 D mv2112_update_link: 3.0x901(1G): 0x80
01-01 08:30:07.983 0 0 D mv2112_update_link: 3.0x8109(100M): 0x0
01-01 08:30:07.983 0 0 D mv2112_update_link: link 0x0
01-01 08:30:07.983 0 0 D mv2112_read_status: autoneg is disabled
09-22 19:48:47.551 663 674 I mpu_uart: [MSG-P:RECV]:No message received in 1000 ms
01-01 08:30:09.002 0 0 D : mv2112_read_status
01-01 08:30:09.005 0 0 D mv2112_update_link: 3.0x901(1G): 0x80
01-01 08:30:09.007 0 0 D mv2112_update_link: 3.0x8109(100M): 0x0
01-01 08:30:09.007 0 0 D mv2112_update_link: link 0x0
01-01 08:30:09.008 0 0 D mv2112_read_status: autoneg is disabled
09-22 19:48:48.552 663 674 I mpu_uart: [MSG-P:RECV]:No message received in 1000 ms
09-22 19:48:48.582 663 673 I mpu_uart: [MSG-P:R]:recv sync frame timeout
01-01 08:30:10.026 0 0 D : mv2112_read_status
01-01 08:30:10.028 0 0 D mv2112_update_link: 3.0x901(1G): 0x80
01-01 08:30:10.030 0 0 D mv2112_update_link: 3.0x8109(100M): 0x0
01-01 08:30:10.030 0 0 D mv2112_update_link: link 0x0
01-01 08:30:10.030 0 0 D mv2112_read_status: autoneg is disabled
09-22 19:48:49.438 518 518 I hwservicemanager: getTransport: Cannot find entry android.hardware.light@2.0::ILight/default in either framework or device VINTF manifest.
09-22 19:48:49.444 3966 3966 E light : light_open lights keyboard failed: -22
09-22 19:48:49.444 3966 3966 E light : Light passthrough failed to load legacy HAL.
09-22 19:48:49.445 3966 3966 E light : light_open lights buttons failed: -22
09-22 19:48:49.445 3966 3966 E light : Light passthrough failed to load legacy HAL.
09-22 19:48:49.447 3966 3966 E light : light_open lights bluetooth failed: -22
09-22 19:48:49.447 3966 3966 E light : Light passthrough failed to load legacy HAL.
09-22 19:48:49.448 3966 3966 E light : light_open lights wifi failed: -22
09-22 19:48:49.448 3966 3966 E light : Light passthrough failed to load legacy HAL.
09-22 19:48:49.451 518 518 I hwservicemanager: getTransport: Cannot find entry android.hardware.light@2.0::ILight/default in either framework or device VINTF manifest.
09-22 19:48:49.453 3966 3966 E HidlServiceManagement: Service android.hardware.light@2.0::ILight/default must be in VINTF manifest in order to register/get.
09-22 19:48:49.453 3966 3966 E LegacySupport: Could not register service android.hardware.light@2.0::ILight/default (-2147483648).
09-22 19:48:49.553 663 674 I mpu_uart: [MSG-P:RECV]:No message received in 1000 ms
01-01 08:30:10.804 0 0 I init : starting service 'qvrd_vndr'...
01-01 08:30:10.809 0 0 I init : Created socket '/dev/socket/qvrservice_vndr', mode 660, user 1000, group 1000
01-01 08:30:10.813 0 0 I init : Created socket '/dev/socket/qvrservice_vndr_camera', mode 660, user 1000, group 1000
01-01 08:30:10.851 0 0 I init : starting service 'sxrd'...
09-22 19:48:50.196 3967 3967 F linker : CANNOT LINK EXECUTABLE "/vendor/bin/hw/qvrservice": library "vendor.qti.hardware.qxr-V1-ndk_platform.so" not found: needed by /vendor/lib64/libqvrservice.so in namespace (default)
01-01 08:30:10.900 0 0 I init : Service 'qvrd_vndr' (pid 3967) exited with status 1
01-01 08:30:10.900 0 0 I init : Sending signal 9 to service 'qvrd_vndr' (pid 3967) process group...
01-01 08:30:10.901 0 0 I libprocessgroup: Successfully killed process cgroup uid 1000 pid 3967 in 0ms
01-01 08:30:10.908 0 0 I init : Service 'sxrd' (pid 3968) exited with status 1
01-01 08:30:10.908 0 0 I init : Sending signal 9 to service 'sxrd' (pid 3968) process group...
01-01 08:30:10.909 0 0 I libprocessgroup: Successfully killed process cgroup uid 1000 pid 3968 in 0ms
09-22 19:48:50.201 3968 3968 F linker : CANNOT LINK EXECUTABLE "/vendor/bin/hw/sxrservice": library "vendor.qti.hardware.qxr-V1-ndk_platform.so" not found: needed by main executable
01-01 08:30:11.050 0 0 D : mv2112_read_status
01-01 08:30:11.052 0 0 D mv2112_update_link: 3.0x901(1G): 0x80
01-01 08:30:11.053 0 0 D mv2112_update_link: 3.0x8109(100M): 0x0
01-01 08:30:11.053 0 0 D mv2112_update_link: link 0x0
01-01 08:30:11.053 0 0 D mv2112_read_status: autoneg is disabled
09-22 19:48:50.553 663 674 I mpu_uart: [MSG-P:RECV]:No message received in 1000 ms
01-01 08:30:12.085 0 0 D : mv2112_read_status
01-01 08:30:12.087 0 0 D mv2112_update_link: 3.0x901(1G): 0x80
01-01 08:30:12.089 0 0 D mv2112_update_link: 3.0x8109(100M): 0x0
01-01 08:30:12.089 0 0 D mv2112_update_link: link 0x0
01-01 08:30:12.089 0 0 D mv2112_read_status: autoneg is disabled
09-22 19:48:51.554 663 674 I mpu_uart: [MSG-P:RECV]:No message received in 1000 ms
09-22 19:48:51.586 663 673 I mpu_uart: [MSG-P:R]:recv sync frame timeout
01-01 08:30:13.099 0 0 D : mv2112_read_status
01-01 08:30:13.100 0 0 D mv2112_update_link: 3.0x901(1G): 0x80
01-01 08:30:13.101 0 0 D mv2112_update_link: 3.0x8109(100M): 0x0
01-01 08:30:13.101 0 0 D mv2112_update_link: link 0x0
01-01 08:30:13.102 0 0 D mv2112_read_status: autoneg is disabled
09-22 19:48:52.554 663 674 I mpu_uart: [MSG-P:RECV]:No message received in 1000 ms
01-01 08:30:14.123 0 0 D : mv2112_read_status
01-01 08:30:14.124 0 0 D mv2112_update_link: 3.0x901(1G): 0x80
01-01 08:30:14.125 0 0 D mv2112_update_link: 3.0x8109(100M): 0x0
01-01 08:30:14.125 0 0 D mv2112_update_link: link 0x0
01-01 08:30:14.126 0 0 D mv2112_read_status: autoneg is disabled
09-22 19:48:53.555 663 674 I mpu_uart: [MSG-P:RECV]:No message received in 1000 ms
01-01 08:30:15.146 0 0 D : mv2112_read_status
01-01 08:30:15.147 0 0 D mv2112_update_link: 3.0x901(1G): 0x80
01-01 08:30:15.148 0 0 D mv2112_update_link: 3.0x8109(100M): 0x0
01-01 08:30:15.148 0 0 D mv2112_update_link: link 0x0
01-01 08:30:15.148 0 0 D mv2112_read_status: autoneg is disabled
09-22 19:48:54.496 518 518 I hwservicemanager: getTransport: Cannot find entry android.hardware.light@2.0::ILight/default in either framework or device VINTF manifest.
09-22 19:48:54.501 3969 3969 E light : light_open lights keyboard failed: -22
09-22 19:48:54.501 3969 3969 E light : Light passthrough failed to load legacy HAL.
09-22 19:48:54.502 3969 3969 E light : light_open lights buttons failed: -22
09-22 19:48:54.502 3969 3969 E light : Light passthrough failed to load legacy HAL.
09-22 19:48:54.505 3969 3969 E light : light_open lights bluetooth failed: -22
09-22 19:48:54.505 3969 3969 E light : Light passthrough failed to load legacy HAL.
09-22 19:48:54.506 3969 3969 E light : light_open lights wifi failed: -22
09-22 19:48:54.506 3969 3969 E light : Light passthrough failed to load legacy HAL.
09-22 19:48:54.509 518 518 I hwservicemanager: getTransport: Cannot find entry android.hardware.light@2.0::ILight/default in either framework or device VINTF manifest.
09-22 19:48:54.510 3969 3969 E HidlServiceManagement: Service android.hardware.light@2.0::ILight/default must be in VINTF manifest in order to register/get.
09-22 19:48:54.511 3969 3969 E LegacySupport: Could not register service android.hardware.light@2.0::ILight/default (-2147483648).
09-22 19:48:54.556 663 674 I mpu_uart: [MSG-P:RECV]:No message received in 1000 ms
09-22 19:48:54.589 663 673 I mpu_uart: [MSG-P:R]:recv sync frame timeout
01-01 08:30:15.844 0 0 I init : starting service 'qvrd_vndr'...
01-01 08:30:15.852 0 0 I init : Created socket '/dev/socket/qvrservice_vndr', mode 660, user 1000, group 1000
01-01 08:30:15.860 0 0 I init : Created socket '/dev/socket/qvrservice_vndr_camera', mode 660, user 1000, group 1000
01-01 08:30:15.912 0 0 I init : starting service 'sxrd'...
09-22 19:48:55.240 3970 3970 F linker : CANNOT LINK EXECUTABLE "/vendor/bin/hw/qvrservice": library "vendor.qti.hardware.qxr-V1-ndk_platform.so" not found: needed by /vendor/lib64/libqvrservice.so in namespace (default)
01-01 08:30:15.953 0 0 I init : Service 'qvrd_vndr' (pid 3970) exited with status 1
01-01 08:30:15.953 0 0 I init : Sending signal 9 to service 'qvrd_vndr' (pid 3970) process group...
01-01 08:30:15.953 0 0 I libprocessgroup: Successfully killed process cgroup uid 1000 pid 3970 in 0ms
09-22 19:48:55.290 3971 3971 F linker : CANNOT LINK EXECUTABLE "/vendor/bin/hw/sxrservice": library "vendor.qti.hardware.qxr-V1-ndk_platform.so" not found: needed by main executable
01-01 08:30:15.994 0 0 I init : Service 'sxrd' (pid 3971) exited with status 1
01-01 08:30:15.994 0 0 I init : Sending signal 9 to service 'sxrd' (pid 3971) process group...
01-01 08:30:15.994 0 0 I libprocessgroup: Successfully killed process cgroup uid 1000 pid 3971 in 0ms
01-01 08:30:16.170 0 0 D : mv2112_read_status
01-01 08:30:16.172 0 0 D mv2112_update_link: 3.0x901(1G): 0x80
01-01 08:30:16.173 0 0 D mv2112_update_link: 3.0x8109(100M): 0x0
01-01 08:30:16.173 0 0 D mv2112_update_link: link 0x0
01-01 08:30:16.174 0 0 D mv2112_read_status: autoneg is disabled
