01-01 08:27:03.617 0 0 I : x15: 00000000000a3a78 x14: 00000000000000c2
01-01 08:27:03.617 0 0 I : x13: 0000000000000004 x12: 000000002e343fad
01-01 08:27:03.617 0 0 I : x11: 0000000000000015 x10: 000000000682aaab
01-01 08:27:03.617 0 0 I : x9 : 33d25c4339c86800 x8 : 33d25c4339c86800
01-01 08:27:03.617 0 0 I : x7 : ffffffa58ab82700 x6 : 0000000000000000
01-01 08:27:03.617 0 0 I : x5 : 0000000000000080 x4 : 0000000000000001
01-01 08:27:03.617 0 0 I : x3 : ffffff8014383588 x2 : 0000000000000007
01-01 08:27:03.617 0 0 I : x1 : ffffffa58ab82874 x0 : 0000000000000023
01-01 08:27:03.617 0 0 I Call trace:
01-01 08:27:03.617 0 0 I : clk_core_unprepare+0x384/0x400
01-01 08:27:03.617 0 0 I : clk_unprepare+0x88/0x108
01-01 08:27:03.617 0 0 I : cam_soc_util_clk_disable+0x54/0x68
01-01 08:27:03.617 0 0 I : cam_sensor_util_power_down+0x258/0x4b8
01-01 08:27:03.617 0 0 I : cam_sensor_power_down+0x34/0x130
01-01 08:27:03.617 0 0 I : cam_sensor_driver_cmd+0x35c/0x12e0
01-01 08:27:03.617 0 0 I : cam_sensor_subdev_ioctl+0x3c/0x80
01-01 08:27:03.617 0 0 I : subdev_do_ioctl_lock+0x764/0xbc8
01-01 08:27:03.617 0 0 I : video_usercopy+0x38c/0x850
01-01 08:27:03.617 0 0 I : subdev_ioctl+0x38/0x48
01-01 08:27:03.617 0 0 I : v4l2_ioctl+0x6c/0x80
01-01 08:27:03.617 0 0 I : do_vfs_ioctl+0x748/0x1210
01-01 08:27:03.617 0 0 I : __arm64_sys_ioctl+0x78/0xa0
01-01 08:27:03.617 0 0 I : el0_svc_common+0xa4/0x190
01-01 08:27:03.618 0 0 I : el0_svc_handler+0x6c/0x88
01-01 08:27:03.618 0 0 I : el0_svc+0x8/0xc
01-01 08:27:03.618 0 0 I : irq event stamp: 389308
01-01 08:27:03.618 0 0 I : hardirqs last enabled at (389307): [] console_unlock+0x4bc/0x568
01-01 08:27:03.618 0 0 I : hardirqs last disabled at (389308): [] do_debug_exception+0x84/0x150
01-01 08:27:03.618 0 0 I : softirqs last enabled at (389156): [] __do_softirq+0x50c/0x554
01-01 08:27:03.618 0 0 I : softirqs last disabled at (389137): [] irq_exit+0xfc/0x120
01-01 08:27:03.618 0 0 W : ---[ end trace 53dd95c7a211534c ]---
01-01 08:27:03.618 0 0 I qcom,camera ac4f000.qcom,cci: qcom,cam-sensor0: Dropping the link to regulator.77
01-01 08:27:03.622 0 0 I CAM_ERR : CAM-UTIL: cam_soc_util_regulator_disable: 1415 Invalid NULL parameter
01-01 08:27:03.622 0 0 I CAM_ERR : CAM-SENSOR: cam_sensor_util_power_down: 2290 Reg: cam_vio disable failed
01-01 08:27:03.622 0 0 I CAM_ERR : CAM-UTIL: cam_soc_util_regulator_disable: 1415 Invalid NULL parameter
01-01 08:27:03.622 0 0 I CAM_ERR : CAM-SENSOR: cam_sensor_util_power_down: 2290 Reg: cam_vana disable failed
01-01 08:27:03.626 0 0 W : ------------[ cut here ]------------
01-01 08:27:03.626 0 0 I : unbalanced disables for titan_top_gdsc
01-01 08:27:03.626 0 0 W : WARNING: CPU: 1 PID: 834 at drivers/regulator/core.c:2401 _regulator_disable+0x1a0/0x1b0
01-01 08:27:03.626 0 0 I : Modules linked in: wlan(O+) tsnv(O) machine_dlkm(O) wcd938x_slave_dlkm(O) wcd938x_dlkm(O) wcd9xxx_dlkm(O) mbhc_dlkm(O) tx_macro_dlkm(O) rx_macro_dlkm(O) va_macro_dlkm(O) wsa_macro_dlkm(O) swr_ctrl_dlkm(O) bolero_cdc_dlkm(O) wsa881x_dlkm(O) wcd_core_dlkm(O) stub_dlkm(O) hdmi_dlkm(O) swr_dlkm(O) pinctrl_lpi_dlkm(O) pinctrl_wcd_dlkm(O) usf_dlkm(O) native_dlkm(O) platform_dlkm(O) q6_dlkm(O) adsp_loader_dlkm(O) apr_dlkm(O) snd_event_dlkm(O) q6_notifier_dlkm(O) q6_pdr_dlkm(O) msm_11ad_proxy
01-01 08:27:03.626 0 0 I : CPU: 1 PID: 834 Comm: android.hardwar Tainted: G S W O 4.19.157+ #1
01-01 08:27:03.626 0 0 I Hardware name: Qualcomm Technologies, Inc. kona MTP-RmPM8150b. VC1(FSE) EVT1 (DT)
01-01 08:27:03.626 0 0 I pstate : 60400005 (nZCv daif +PAN -UAO)
01-01 08:27:03.626 0 0 I pc : _regulator_disable+0x1a0/0x1b0
01-01 08:27:03.626 0 0 I lr : _regulator_disable+0x19c/0x1b0
01-01 08:27:03.626 0 0 I sp : ffffff80143833d0
01-01 08:27:03.626 0 0 I : x29: ffffff80143833d0 x28: 0000000000000000
01-01 08:27:03.626 0 0 I : x27: 0000007ff0251780 x26: ffffffdd056e8000
01-01 08:27:03.626 0 0 I : x25: ffffffa58b734d10 x24: ffffffdcd52af840
01-01 08:27:03.626 0 0 I : x23: ffffffdd056ead18 x22: ffffffdd055137f0
01-01 08:27:03.626 0 0 I : x21: ffffffdd0c5013a8 x20: 00000000fffffffb
01-01 08:27:03.627 0 0 I : x19: ffffffdd0c501280 x18: 0000000000000038
01-01 08:27:03.627 0 0 I : x17: ffffffa58e6f5000 x16: 00000000fffa2b58
01-01 08:27:03.627 0 0 I : x15: 00000000000a2b58 x14: 00000000000000c2
01-01 08:27:03.627 0 0 I : x13: 0000000000000004 x12: 000000002e37014a
01-01 08:27:03.627 0 0 I : x11: 0000000000000015 x10: 000000000682aaab
01-01 08:27:03.627 0 0 I : x9 : 33d25c4339c86800 x8 : 33d25c4339c86800
01-01 08:27:03.627 0 0 I : x7 : ffffffa58ab82700 x6 : 0000000000000000
01-01 08:27:03.627 0 0 I : x5 : 0000000000000080 x4 : 0000000000000001
01-01 08:27:03.627 0 0 I : x3 : ffffff8014382ff8 x2 : 0000000000000007
01-01 08:27:03.627 0 0 I : x1 : ffffffa58ab82874 x0 : 0000000000000026
01-01 08:27:03.627 0 0 I Call trace:
01-01 08:27:03.627 0 0 I : _regulator_disable+0x1a0/0x1b0
01-01 08:27:03.627 0 0 I : regulator_disable+0x3c/0x88
01-01 08:27:03.627 0 0 I : cam_soc_util_disable_platform_resource+0xb0/0x100
01-01 08:27:03.627 0 0 I : cam_cpas_soc_disable_resources+0x30/0x78
01-01 08:27:03.627 0 0 I : cam_cpas_hw_stop+0x2a0/0x4e0
01-01 08:27:03.627 0 0 I : cam_cpas_stop+0x58/0x110
01-01 08:27:03.627 0 0 I : cam_cci_soc_release+0x110/0x1a0
01-01 08:27:03.627 0 0 I : cam_cci_core_cfg+0x14c/0x15e8
01-01 08:27:03.627 0 0 I : cam_cci_subdev_ioctl+0x50/0xc0
01-01 08:27:03.627 0 0 I : cam_sensor_cci_i2c_util+0x60/0xd0
01-01 08:27:03.627 0 0 I : camera_io_release+0x38/0x88
01-01 08:27:03.627 0 0 I : cam_sensor_power_down+0x64/0x130
01-01 08:27:03.627 0 0 I : cam_sensor_driver_cmd+0x35c/0x12e0
01-01 08:27:03.627 0 0 I : cam_sensor_subdev_ioctl+0x3c/0x80
01-01 08:27:03.627 0 0 I : subdev_do_ioctl_lock+0x764/0xbc8
01-01 08:27:03.627 0 0 I : video_usercopy+0x38c/0x850
01-01 08:27:03.627 0 0 I : subdev_ioctl+0x38/0x48
01-01 08:27:03.627 0 0 I : v4l2_ioctl+0x6c/0x80
01-01 08:27:03.627 0 0 I : do_vfs_ioctl+0x748/0x1210
01-01 08:27:03.627 0 0 I : __arm64_sys_ioctl+0x78/0xa0
01-01 08:27:03.627 0 0 I : el0_svc_common+0xa4/0x190
01-01 08:27:03.627 0 0 I : el0_svc_handler+0x6c/0x88
01-01 08:27:03.627 0 0 I : el0_svc+0x8/0xc
01-01 08:27:03.627 0 0 I : irq event stamp: 389644
01-01 08:27:03.627 0 0 I : hardirqs last enabled at (389643): [] console_unlock+0x4bc/0x568
01-01 08:27:03.627 0 0 I : hardirqs last disabled at (389644): [] do_debug_exception+0x84/0x150
01-01 08:27:03.627 0 0 I : softirqs last enabled at (389334): [] __do_softirq+0x50c/0x554
01-01 08:27:03.627 0 0 I : softirqs last disabled at (389313): [] irq_exit+0xfc/0x120
01-01 08:27:03.627 0 0 W : ---[ end trace 53dd95c7a211534d ]---
01-01 08:27:03.636 0 0 E init : Could not start service 'qvop-daemon' as part of class 'late_start': Cannot find '/vendor/bin/qvop-daemon': No such file or directory
01-01 08:27:03.651 0 0 E init : Could not start service 'qseeproxydaemon' as part of class 'late_start': Cannot find '/system/vendor/bin/qseeproxydaemon': No such file or directory
01-01 08:27:03.668 0 0 I qcom,camera ac4f000.qcom,cci: qcom,cam-sensor5: Linked as a consumer to regulator.56
01-01 08:27:03.668 0 0 E init : Could not start service 'chre' as part of class 'late_start': Cannot find '/vendor/bin/chre': No such file or directory
01-01 08:27:03.675 0 0 I qcom,camera ac4f000.qcom,cci: qcom,cam-sensor5: Linked as a consumer to regulator.57
01-01 08:27:03.682 0 0 I init : starting service 'gatekeeperd'...
01-01 08:27:03.693 0 0 I qcom,camera ac4f000.qcom,cci: qcom,cam-sensor5: Linked as a consumer to regulator.53
01-01 08:27:03.714 0 0 I qcom,camera ac4f000.qcom,cci: qcom,cam-sensor5: Linked as a consumer to regulator.77
01-01 08:27:03.719 0 0 I binder : 1435:1435 ioctl 40046210 7fd3eb7624 returned -22
01-01 08:27:03.728 0 0 I init : starting service 'tzlog'...
01-01 08:27:03.709 1119 1282 I PackageParsing: Parse times for '/system_ext/priv-app/Settings': parse=1269ms, update_cache=5 ms
01-01 08:27:03.751 0 0 I init : starting service 'update_engine'...
01-01 08:27:03.778 0 0 I init : starting service 'usbd'...
01-01 08:27:03.838 0 0 I init : starting service 'vendor.qcc-trd'...
01-01 08:27:03.849 0 0 I cnss-daemon: interop issues ap: read_iot_ap_file: No such file /data/vendor/wifi/iotap_ps.bin
01-01 08:27:03.855 1505 1505 I auditd : type=1400 audit(0.0:84): avc: denied { read } for comm="tzlog" name="qsee_log" dev="debugfs" ino=7360 scontext=u:r:np_thundercomm_tlog:s0 tcontext=u:object_r:debugfs:s0 tclass=file permissive=0
01-01 08:27:03.849 0 0 I cnss-daemon: interop issues ap: read_iot_ap_ps_from_file, read file error
01-01 08:27:03.868 0 0 I cnss-daemon: NL group_id 10, cnss_nl.family_id 28
01-01 08:27:03.855 1505 1505 I auditd : type=1400 audit(0.0:85): avc: denied { read } for comm="tzlog" name="log" dev="debugfs" ino=7359 scontext=u:r:np_thundercomm_tlog:s0 tcontext=u:object_r:debugfs:s0 tclass=file permissive=0
01-01 08:27:03.868 0 0 I cnss-daemon: wlfw_start: Starting
01-01 08:27:03.876 0 0 I CAM_ERR : CAM-CCI: cam_cci_irq: 264 Base:ffffff801a0d5000, M1_Q1 NACK ERROR: 0x40000000
01-01 08:27:03.876 0 0 I CAM_ERR : CAM-CCI: cam_cci_read: 1306 ERROR with Slave 0x20:
01-01 08:27:03.876 0 0 I CAM_ERR : CAM-CCI: cam_cci_read_bytes: 1561 failed to read rc:-22
01-01 08:27:03.876 0 0 I CAM_ERR : CAM-SENSOR: cam_cci_i2c_read: 35 rc = -22
01-01 08:27:03.876 0 0 I CAM_WARN: CAM-SENSOR: cam_sensor_match_id: 769 read id: 0x0 expected id 0x30d5:
01-01 08:27:03.885 0 0 I qcom,camera ac4f000.qcom,cci: qcom,cam-sensor5: Dropping the link to regulator.77
01-01 08:27:03.893 0 0 I qcom,camera ac4f000.qcom,cci: qcom,cam-sensor5: Dropping the link to regulator.53
01-01 08:27:03.913 0 0 I qcom,camera ac4f000.qcom,cci: qcom,cam-sensor5: Dropping the link to regulator.57
01-01 08:27:03.917 0 0 I qcom,camera ac4f000.qcom,cci: qcom,cam-sensor5: Dropping the link to regulator.56
01-01 08:27:03.936 0 0 I cnss-daemon: no interop issues ap currently
01-01 08:27:03.940 0 0 I binder : 1519:1519 ioctl 40046210 7fe6b96d14 returned -22
01-01 08:27:03.954 0 0 I binder : 1497:1497 ioctl 40046210 7fe199a584 returned -22
01-01 08:27:03.954 0 0 I cnss-daemon: wlfw_service_request: Start the pthread: 0x0K
01-01 08:27:03.967 0 0 I qcom,camera ac50000.qcom,cci: qcom,cam-sensor6: Linked as a consumer to regulator.56
01-01 08:27:03.967 0 0 I cnss-daemon: pm_release_vote: pm_handle is NULL
01-01 08:27:03.968 0 0 I cnss-daemon: pm_release_vote: pm_handle is NULL
01-01 08:27:03.968 0 0 I cnss-daemon: wlfw_build_cal_table: not read /data/vendor/wifi/wlfw_cal_00.bin
01-01 08:27:03.971 0 0 I binder : 1497:1497 ioctl 40046210 7fe199a3b4 returned -22
01-01 08:27:03.952 1119 1283 W PackageParsing: Ignoring duplicate uses-permissions/uses-permissions-sdk-m: android.permission.INTERACT_ACROSS_USERS in package: com.thundercomm.microsettings at: Binary XML file line #13
01-01 08:27:03.952 1119 1283 W PackageParsing: Ignoring duplicate uses-permissions/uses-permissions-sdk-m: android.permission.SET_TIME_ZONE in package: com.thundercomm.microsettings at: Binary XML file line #31
01-01 08:27:03.974 0 0 I cnss-daemon: ro.baseband : [apq]
01-01 08:27:03.983 0 0 I qcom,camera ac50000.qcom,cci: qcom,cam-sensor6: Linked as a consumer to regulator.54
01-01 08:27:03.992 0 0 I qcom,camera ac50000.qcom,cci: qcom,cam-sensor6: Linked as a consumer to regulator.57
01-01 08:27:03.999 0 0 I qcom,camera ac50000.qcom,cci: qcom,cam-sensor6: Linked as a consumer to regulator.77
01-01 08:27:04.000 0 0 D cnss : Received QMI WLFW request memory indication
01-01 08:27:04.000 0 0 D cnss : FW requests for memory, size: 0x5e0000, type: 1
01-01 08:27:04.000 0 0 D cnss : FW requests for memory, size: 0xd8000, type: 4
01-01 08:27:04.000 0 0 D cnss : Posting event: REQUEST_MEM(2), state: 0x9 flags: 0x0
01-01 08:27:04.000 0 0 D cnss : PM stay awake, state: 0x9, count: 1
01-01 08:27:04.000 0 0 D cnss : PM relax, state: 0x9, count: 0
01-01 08:27:04.001 0 0 D cnss : PM stay awake, state: 0x9, count: 1
01-01 08:27:04.001 0 0 D cnss : Processing driver event: REQUEST_MEM(2), state: 0x9
01-01 08:27:03.981 1119 1283 I PackageParsing: Parse times for '/system_ext/app/MicroSettings': parse=133ms, update_cache=1 ms
01-01 08:27:04.029 0 0 D cnss : Sending respond memory message, state: 0x9
01-01 08:27:04.029 0 0 D cnss : Memory for FW, va: 0xffffff80263e5000, pa: 0x00000000a1000000, size: 0x5e0000, type: 1
01-01 08:27:04.029 0 0 D cnss : Memory for FW, va: 0xffffff8020a63000, pa: 0x00000000a1600000, size: 0xd8000, type: 4
01-01 08:27:04.038 0 0 D cnss : PM relax, state: 0x9, count: 0
01-01 08:27:04.040 0 0 D cnss : Received QMI WLFW FW memory ready indication
01-01 08:27:04.040 0 0 D cnss : Posting event: FW_MEM_READY(3), state: 0x9 flags: 0x0
01-01 08:27:04.040 0 0 D cnss : PM stay awake, state: 0x9, count: 1
01-01 08:27:04.041 0 0 D cnss : PM relax, state: 0x9, count: 0
01-01 08:27:04.041 0 0 D cnss : PM stay awake, state: 0x9, count: 1
01-01 08:27:04.041 0 0 D cnss : Processing driver event: FW_MEM_READY(3), state: 0x9
01-01 08:27:04.041 0 0 D cnss : Sending target capability message, state: 0xb
01-01 08:27:04.045 0 0 D cnss : Voltage for CPR: 948mV
01-01 08:27:04.045 0 0 D cnss : Got voltage 800mV from i: 0, j: 0
01-01 08:27:04.045 0 0 D cnss : Got voltage 1012mV from i: 4, j: 1
01-01 08:27:04.045 0 0 D cnss : Update TCS CMD data address 0x000000000b2e5844 with voltage 950mV
01-01 08:27:04.045 0 0 D cnss : Device frequency is 24000000 HZ
01-01 08:27:04.045 0 0 D cnss : Target capability: chip_id: 0x0, chip_family: 0xb, board_id: 0xff, soc_id: 0xffffffff, fw_version: 0x101a0521, fw_build_timestamp: 2021-12-20 07:54, fw_build_id: QC_IMAGE_VERSION_STRING=WLAN.HST.1.0.1.r1-01313-QCAHSTSWPL_SILICONZ-1, otp_version: 0x0
01-01 08:27:04.045 0 0 D cnss : Sending BDF download message, state: 0xb, type: 4
01-01 08:27:04.045 0 0 D cnss : FW name added with prefix: qca6390/regdb.bin
01-01 08:27:04.045 0 0 W cnss2 b0000000.qcom,cnss-qca6390: Falling back to syfs fallback for: qca6390/regdb.bin
01-01 08:27:04.050 0 0 I CAM_ERR : CAM-CCI: cam_cci_irq: 238 Base:ffffff801a0dd000, M0_Q1 NACK ERROR: 0x10000000
01-01 08:27:04.050 0 0 I CAM_ERR : CAM-CCI: cam_cci_read: 1306 ERROR with Slave 0x34:
01-01 08:27:04.050 0 0 I CAM_ERR : CAM-CCI: cam_cci_read_bytes: 1561 failed to read rc:-22
01-01 08:27:04.051 0 0 I CAM_ERR : CAM-SENSOR: cam_cci_i2c_read: 35 rc = -22
01-01 08:27:04.051 0 0 I CAM_WARN: CAM-SENSOR: cam_sensor_match_id: 769 read id: 0x0 expected id 0x481:
01-01 08:27:04.056 0 0 I qcom,camera ac50000.qcom,cci: qcom,cam-sensor6: Dropping the link to regulator.77
01-01 08:27:04.059 0 0 I qcom,camera ac50000.qcom,cci: qcom,cam-sensor6: Dropping the link to regulator.57
01-01 08:27:04.059 0 0 I qcom,camera ac50000.qcom,cci: qcom,cam-sensor6: Dropping the link to regulator.54
01-01 08:27:04.060 0 0 I qcom,camera ac50000.qcom,cci: qcom,cam-sensor6: Dropping the link to regulator.56
01-01 08:27:04.066 0 0 I ueventd : firmware: loading 'qca6390/regdb.bin' for '/devices/platform/soc/b0000000.qcom,cnss-qca6390/firmware/qca6390!regdb.bin'
01-01 08:27:04.068 0 0 E ueventd : firmware: could not find firmware for qca6390/regdb.bin
01-01 08:27:04.086 0 0 E ueventd : firmware: attempted /etc/firmware/qca6390/regdb.bin, open failed: No such file or directory
01-01 08:27:04.114 0 0 E ueventd : firmware: attempted /odm/firmware/qca6390/regdb.bin, open failed: No such file or directory --------- beginning of crash
01-01 08:27:04.168 1544 1544 F linker : CANNOT LINK EXECUTABLE "/vendor/bin/hw/sxrservice": library "vendor.qti.hardware.qxr-V1-ndk_platform.so" not found: needed by main executable
01-01 08:27:04.195 0 0 E ueventd : firmware: attempted /vendor/firmware/qca6390/regdb.bin, open failed: No such file or directory
01-01 08:27:04.185 1537 1537 F linker : CANNOT LINK EXECUTABLE "/vendor/bin/hw/qvrservice": library "vendor.qti.hardware.qxr-V1-ndk_platform.so" not found: needed by /vendor/lib64/libqvrservice.so in namespace (default)
01-01 08:27:04.230 0 0 D qbt : qbt_open: entry minor_no=0 fd_available=1
01-01 08:27:04.230 0 0 D qbt : qbt_open: exit : 0 fd_available=0
01-01 08:27:04.230 0 0 D qbt : qbt_open: entry minor_no=1 fd_available=0
01-01 08:27:04.230 0 0 D qbt : qbt_open: exit : 0 fd_available=0
01-01 08:27:04.230 0 0 D qbt : qbt_ioctl: cmd received 102
01-01 08:27:04.231 0 0 D qbt : qbt_ioctl: qbt_ioctl: QBT_ENABLE_IPC
01-01 08:27:04.241 0 0 D qbt : qbt_ioctl: cmd received 107
01-01 08:27:04.241 0 0 D qbt : qbt_ioctl: Acquiring wakelock
01-01 08:27:04.267 0 0 E ueventd : firmware: attempted /firmware/image/qca6390/regdb.bin, open failed: No such file or directory
01-01 08:27:04.256 1549 1549 I TLOC : [main ]"TLOC DAEMON main thread"
01-01 08:27:04.256 1549 1549 D TLOC : [TLOCDaemon ]"---------- TLOC Daemon Starts ----------"
01-01 08:27:04.288 0 0 E diag : In diag_ioctl_set_buffering_mode, invalid peripheral = -22
01-01 08:27:04.321 0 0 E cnss : Failed to load BDF: qca6390/regdb.bin
01-01 08:27:04.328 0 0 D cnss : Sending BDF download message, state: 0xb, type: 1
01-01 08:27:04.328 0 0 D cnss : FW name added with prefix: qca6390/bdwlan.elf
01-01 08:27:04.328 0 0 W cnss2 b0000000.qcom,cnss-qca6390: Falling back to syfs fallback for: qca6390/bdwlan.elf
01-01 08:27:04.345 0 0 I binder : 1512:1512 ioctl 40046210 7fe0dbb724 returned -22
01-01 08:27:04.282 1549 1549 D TLOC : [TLOCChannel]"The channel was initialized successfully for TLOCD"
01-01 08:27:04.286 1549 1549 D TLOC : [TLOCChannel]"The channel was initialized successfully for TLOCL"
01-01 08:27:04.290 1549 1549 D TLOC : [TLOCChannel]"The channel was initialized successfully for MODEM"
01-01 08:27:04.290 1549 1549 D TLOC : [TLOCChannel]"TLOCChannel was initialized successfully"
01-01 08:27:04.290 1549 1549 D TLOC : [TLOCChannel] "TLOCChannel is already initialized"
01-01 08:27:04.298 1119 1119 I PackageManager: Finished scanning system apps. Time: 3087 ms, packageCount: 139 , timePerPackage: 22 , cached: 0
01-01 08:27:04.298 1119 1119 I boot_progress_pms_data_scan_start: 41129
01-01 08:27:04.304 1119 1119 I PackageManager: Finished scanning non-system apps. Time: 6 ms, packageCount: 0 , timePerPackage: 0 , cached: 0
01-01 08:27:04.313 1119 1119 E PackageManager: updateAllSharedLibrariesLPw failed: Package com.qualcomm.embms requires unavailable shared library com.qualcomm.qcrilhook; failing!
01-01 08:27:04.313 1119 1119 E PackageManager: updateAllSharedLibrariesLPw failed: Package com.android.systemui requires unavailable shared library com.qti.extphone.extphonelib; failing!
01-01 08:27:04.314 1119 1119 E PackageManager: updateAllSharedLibrariesLPw failed: Package com.android.settings requires unavailable shared library com.qti.extphone.extphonelib; failing!
01-01 08:27:04.314 1119 1119 E PackageManager: updateAllSharedLibrariesLPw failed: Package com.qualcomm.qti.devicestatisticsservice requires unavailable shared library qti-telephony-hidl-wrapper-prd; failing!
01-01 08:27:04.321 1119 1119 E PackageManager: updateAllSharedLibrariesLPw failed: Package com.qti.snapdragon.qdcm_ff requires unavailable shared library vendor.display.color.V1_0.IDisplayColor; failing!
01-01 08:27:04.321 1119 1119 E PackageManager: updateAllSharedLibrariesLPw failed: Package com.qti.pasrservice requires unavailable shared library vendor.qti.power.pasrmanager.V1_0.IPasrManager; failing!
01-01 08:27:04.321 1119 1119 E PackageManager: updateAllSharedLibrariesLPw failed: Package com.qualcomm.wfd.service requires unavailable shared library .WfdService; failing!
01-01 08:27:04.322 1119 1119 E PackageManager: updateAllSharedLibrariesLPw failed: Package com.qualcomm.uimremoteserver requires unavailable shared library qti-telephony-hidl-wrapper-prd; failing!
01-01 08:27:04.322 1119 1119 E PackageManager: updateAllSharedLibrariesLPw failed: Package com.qualcomm.uimremoteclient requires unavailable shared library qti-telephony-hidl-wrapper-prd; failing!
01-01 08:27:04.327 1119 1119 I boot_progress_pms_scan_end: 41157
01-01 08:27:04.327 1119 1119 I PackageManager: Time to scan packages: 3.116 seconds
01-01 08:27:04.327 1119 1119 I PackageManager: Permission ownership changed. Updating all permissions.
01-01 08:27:04.367 0 0 I binder : 1512:1512 ioctl 40046210 7fe0dbb324 returned -22
01-01 08:27:04.379 0 0 I : read descriptors
01-01 08:27:04.379 0 0 I : read strings
01-01 08:27:04.396 0 0 D cnss : Downloading BDF: qca6390/bdwlan.elf, size: 57908
01-01 08:27:04.373 1119 1119 V PackageManager: reconcileAppsData for null u0 0x1 migrateAppData=true
01-01 08:27:04.460 0 0 D cnss : FW name added with prefix: qca6390/m3.bin
01-01 08:27:04.460 0 0 W cnss_pci 0000: 01:00.0: Falling back to syfs fallback for: qca6390/m3.bin
01-01 08:27:04.467 0 0 W QSEECOM : qseecom_load_app: App (fingerpr) does'nt exist, loading apps for first time
01-01 08:27:04.481 0 0 D cnss : Sending M3 information message, state: 0xb
01-01 08:27:04.481 0 0 D cnss : M3 memory, va: 0xffffff8022100000, pa: 0x00000000a1800000, size: 0x411bc
01-01 08:27:04.487 0 0 D cnss : PM relax, state: 0xb, count: 0
01-01 08:27:04.487 0 0 D cnss : Received QMI WLFW FW initialization done indication
01-01 08:27:04.487 0 0 D cnss : Posting event: FW_READY(4), state: 0xb flags: 0x0
01-01 08:27:04.487 0 0 D cnss : PM stay awake, state: 0xb, count: 1
01-01 08:27:04.487 0 0 D cnss : PM relax, state: 0xb, count: 0
01-01 08:27:04.487 0 0 D cnss : PM stay awake, state: 0xb, count: 1
01-01 08:27:04.487 0 0 D cnss : Processing driver event: FW_READY(4), state: 0xb
01-01 08:27:04.487 0 0 D cnss : PCIE Gen speed not setup
01-01 08:27:04.487 0 0 D cnss : Sending antenna switch sync request, state: 0xf
01-01 08:27:04.490 0 0 E cnss : Antenna switch request failed, result: 1, err: 94
01-01 08:27:04.504 0 0 D cnss : Sending mode message, mode: CALIBRATION(7), state: 0xf
01-01 08:27:04.598 0 0 I IPv6 : ADDRCONF(NETDEV_UP): vlan0: link is not ready
01-01 08:27:04.613 0 0 E : [MAX975X:max96755x_drm_notifier_callback] *ERROR* receives EARLY_BLANK:UNBLANK
01-01 08:27:04.622 0 0 I [drm:dsi_display_set_mode] [msm-dsi-info]: mdp_transfer_time_us=0 us
01-01 08:27:04.622 0 0 I [drm:dsi_display_set_mode] [msm-dsi-info]: hactive= 2560,vactive= 1080,fps=60
01-01 08:27:04.624 0 0 I [drm:dsi_ctrl_isr_configure] [msm-dsi-info]: dsi-ctrl-0: IRQ 463 registered
01-01 08:27:04.659 0 0 I android_work: did not send uevent (0 0 0000000000000000)
01-01 08:27:04.674 0 0 D cnss : Received QMI WLFW pin connect result indication
01-01 08:27:04.674 0 0 D cnss : Pin connect Result: pwr_pin: 0x1 phy_io_pin: 0x0 rf_io_pin: 0x0
01-01 08:27:04.674 0 0 D cnss : Removing vote for Regulator vdd-wlan-rfa2
01-01 08:27:04.674 0 0 D cnss : Removing vote for Regulator vdd-wlan-rfa1
01-01 08:27:04.674 0 0 D cnss : Removing vote for Regulator vdd-wlan-dig
01-01 08:27:04.674 0 0 I qcom_rpmh DRV: apps_rsc TCS Busy, retrying RPMH message send: addr=0x43200
01-01 08:27:04.674 0 0 D cnss : Removing vote for Regulator vdd-wlan-aon
01-01 08:27:04.674 0 0 D cnss : Removing vote for Regulator vdd-wlan-io
01-01 08:27:04.675 0 0 D cnss : PM relax, state: 0xf, count: 0
01-01 08:27:04.676 0 0 I capability: warning: `msm_irqbalance' uses 32-bit capabilities (legacy support in use)
01-01 08:27:04.698 0 0 W : [drm:programmable_fetch_get_num_lines:228] low vbp+vfp may lead to perf issues in some cases
01-01 08:27:04.734 0 0 E : [MAX975X:max96755x_drm_notifier_callback] *ERROR* receives BLANK:UNBLANK
01-01 08:27:04.763 0 0 W QSEECOM : qseecom_load_app: App with id 6 (fingerpr) now loaded
01-01 08:27:04.764 0 0 E msm-dwc3 a600000.ssusb: Could not get usb psy
01-01 08:27:04.852 1119 1119 V PackageManager: reconcileAppsData finished 27 packages
01-01 08:27:04.853 1119 1119 I PackageManagerTiming: write settings
01-01 08:27:04.875 1119 1630 I SystemServerTimingAsync: InitThreadPoolExec:prepareAppData
01-01 08:27:04.875 1119 1630 D SystemServerInitThreadPool: Started executing prepareAppData
01-01 08:27:04.855 0 0 E msm-dwc3 a600000.ssusb: Could not get usb psy
01-01 08:27:04.936 0 0 I configfs-gadget gadget: high-speed config #1: b
01-01 08:27:04.937 0 0 I android_work: sent uevent USB_STATE=CONNECTED
01-01 08:27:04.941 0 0 E msm-dwc3 a600000.ssusb: Could not get usb psy
01-01 08:27:04.963 0 0 I android_work: sent uevent USB_STATE=CONFIGURED
01-01 08:27:04.988 1119 1119 I commit_sys_config_file: [package-user-0,4]
01-01 08:27:04.988 1119 1119 I commit_sys_config_file: [package,134]
01-01 08:27:04.988 1119 1119 D PackageManagerTiming: write settings took to complete: 134ms
01-01 08:27:04.988 1119 1119 I boot_progress_pms_ready: 41818
01-01 08:27:04.989 1119 1119 W PackageManager: Intent filter verifier not found
01-01 08:27:04.989 1119 1119 W PackageManager: Domain verification agent not found
01-01 08:27:05.003 1119 1119 D PackageManager: Ephemeral resolver NOT found; no matching intent filters
01-01 08:27:05.003 1119 1119 D PackageManager: Instant App installer not found with android.intent.action.INSTALL_INSTANT_APP_PACKAGE
01-01 08:27:05.003 1119 1119 D PackageManager: Clear ephemeral installer activity
01-01 08:27:05.007 1119 1119 I PackageManagerTiming: GC
01-01 08:27:05.008 1119 1119 D PackageManagerTiming: GC took to complete: 0ms
01-01 08:27:05.008 1119 1119 I PackageManager: Fix for b/169414761 is applied
01-01 08:27:05.008 1119 1119 D PackageManagerTiming: create package manager took to complete: 4066ms
01-01 08:27:05.008 1119 1119 V UserManagerService: Checking that all system packages are whitelisted.
01-01 08:27:05.016 1119 1119 W UserManagerService: checkWhitelistedSystemPackages(mode=ENFORCE|IMPLICIT_WHITELIST|IMPLICIT_WHITELIST_SYSTEM) has 67 warnings:
01-01 08:27:05.016 1119 1119 W UserManagerService: com.android.internal.display.cutout.emulation.corner is allowlisted but not present.
01-01 08:27:05.016 1119 1119 W UserManagerService: com.android.internal.display.cutout.emulation.double is allowlisted but not present.
01-01 08:27:05.016 1119 1119 W UserManagerService: com.android.theme.color.amethyst is allowlisted but not present.
01-01 08:27:05.016 1119 1119 W UserManagerService: com.android.theme.icon.pebble is allowlisted but not present.
01-01 08:27:05.016 1119 1119 W UserManagerService: com.android.theme.color.sand is allowlisted but not present.
01-01 08:27:05.016 1119 1119 W UserManagerService: com.android.theme.icon.vessel is allowlisted but not present.
01-01 08:27:05.016 1119 1119 W UserManagerService: com.android.theme.color.cinnamon is allowlisted but not present.
01-01 08:27:05.016 1119 1119 W UserManagerService: com.android.theme.icon_pack.victor.settings is allowlisted but not present.
01-01 08:27:05.017 1119 1119 W UserManagerService: com.android.theme.icon_pack.rounded.systemui is allowlisted but not present.
01-01 08:27:05.017 1119 1119 W UserManagerService: com.android.theme.icon.taperedrect is allowlisted but not present.
01-01 08:27:05.017 1119 1119 W UserManagerService: com.android.theme.icon_pack.rounded.android is allowlisted but not present.
01-01 08:27:05.017 1119 1119 W UserManagerService: com.qualcomm.qti.euiccresource is allowlisted but not present.
01-01 08:27:05.017 1119 1119 W UserManagerService: com.qualcomm.qti.telephonyservice is allowlisted but not present.
01-01 08:27:05.017 1119 1119 W UserManagerService: com.android.theme.icon_pack.victor.systemui is allowlisted but not present.
01-01 08:27:05.017 1119 1119 W UserManagerService: com.android.theme.icon_pack.circular.themepicker is allowlisted but not present.
01-01 08:27:05.017 1119 1119 W UserManagerService: com.android.theme.color.tangerine is allowlisted but not present.
01-01 08:27:05.017 1119 1119 W UserManagerService: com.android.theme.color.aquamarine is allowlisted but not present.
01-01 08:27:05.017 1119 1119 W UserManagerService: com.android.internal.display.cutout.emulation.hole is allowlisted but not present.
01-01 08:27:05.017 1119 1119 W UserManagerService: com.android.internal.display.cutout.emulation.tall is allowlisted but not present.
01-01 08:27:05.017 1119 1119 W UserManagerService: com.android.theme.color.black is allowlisted but not present.
01-01 08:27:05.017 1119 1119 W UserManagerService: com.android.theme.color.green is allowlisted but not present.
01-01 08:27:05.017 1119 1119 W UserManagerService: com.android.theme.color.ocean is allowlisted but not present.
01-01 08:27:05.017 1119 1119 W UserManagerService: com.android.theme.color.space is allowlisted but not present.
01-01 08:27:05.017 1119 1119 W UserManagerService: com.qti.qualcomm.datastatusnotification is allowlisted but not present.
01-01 08:27:05.017 1119 1119 W UserManagerService: com.qualcomm.qti.callfeaturessetting is allowlisted but not present.
01-01 08:27:05.017 1119 1119 W UserManagerService: com.android.theme.icon_pack.rounded.launcher is allowlisted but not present.
01-01 08:27:05.017 1119 1119 W UserManagerService: com.qti.qualcomm.deviceinfo is allowlisted but not present.
01-01 08:27:05.020 1119 1119 W UserManagerService: com.android.theme.icon_pack.kai.settings is allowlisted but not present.
01-01 08:27:05.020 1119 1119 W UserManagerService: com.android.internal.systemui.navbar.twobutton is allowlisted but not present.
01-01 08:27:05.020 1119 1119 W UserManagerService: org.codeaurora.ims is allowlisted but not present.
01-01 08:27:05.020 1119 1119 W UserManagerService: com.android.theme.icon_pack.sam.settings is allowlisted but not present.
01-01 08:27:05.020 1119 1119 W UserManagerService: com.android.theme.icon_pack.kai.themepicker is allowlisted but not present.
01-01 08:27:05.020 1119 1119 W UserManagerService: com.qualcomm.qcrilmsgtunnel is allowlisted but not present.
01-01 08:27:05.020 1119 1119 W UserManagerService: com.android.theme.icon_pack.victor.launcher is allowlisted but not present.
01-01 08:27:05.020 1119 1119 W UserManagerService: com.android.theme.icon_pack.filled.settings is allowlisted but not present.
01-01 08:27:05.021 1119 1119 W UserManagerService: com.android.theme.icon_pack.kai.systemui is allowlisted but not present.
01-01 08:27:05.021 1119 1119 W UserManagerService: com.android.theme.icon_pack.circular.settings is allowlisted but not present.
01-01 08:27:05.021 1119 1119 W UserManagerService: com.qti.xdivert is allowlisted but not present.
01-01 08:27:05.021 1119 1119 W UserManagerService: com.android.theme.icon_pack.sam.systemui is allowlisted but not present.
01-01 08:27:05.021 1119 1119 W UserManagerService: com.android.theme.icon.teardrop is allowlisted but not present.
01-01 08:27:05.021 1119 1119 W UserManagerService: com.android.theme.icon_pack.rounded.themepicker is allowlisted but not present.
01-01 08:27:05.021 1119 1119 W UserManagerService: com.android.theme.icon_pack.filled.systemui is allowlisted but not present.
01-01 08:27:05.021 1119 1119 W UserManagerService: com.qualcomm.qti.imsiprivacy.tests is allowlisted but not present.
01-01 08:27:05.022 1119 1119 W UserManagerService: com.android.theme.icon_pack.sam.android is allowlisted but not present.
01-01 08:27:05.022 1119 1119 W UserManagerService: com.android.theme.icon_pack.filled.android is allowlisted but not present.
01-01 08:27:05.022 1119 1119 W UserManagerService: com.android.theme.icon_pack.circular.systemui is allowlisted but not present.
01-01 08:27:05.022 1119 1119 W UserManagerService: com.android.theme.icon_pack.kai.android is allowlisted but not present.
01-01 08:27:05.022 1119 1119 W UserManagerService: com.android.theme.icon_pack.kai.launcher is allowlisted but not present.
01-01 08:27:05.022 1119 1119 W UserManagerService: com.qualcomm.qti.sam.service is allowlisted but not present.
01-01 08:27:05.022 1119 1119 W UserManagerService: com.android.theme.icon_pack.sam.launcher is allowlisted but not present.
01-01 08:27:05.022 1119 1119 W UserManagerService: com.android.theme.icon.squircle is allowlisted but not present.
01-01 08:27:05.022 1119 1119 W UserManagerService: com.android.theme.icon_pack.victor.android is allowlisted but not present.
01-01 08:27:05.023 1119 1119 W UserManagerService: com.android.theme.color.palette is allowlisted but not present.
01-01 08:27:05.023 1119 1119 W UserManagerService: com.android.theme.icon_pack.filled.launcher is allowlisted but not present.
01-01 08:27:05.023 1119 1119 W UserManagerService: com.android.theme.color.carbon is allowlisted but not present.
01-01 08:27:05.023 1119 1119 W UserManagerService: com.android.theme.icon_pack.circular.launcher is allowlisted but not present.
01-01 08:27:05.023 1119 1119 W UserManagerService: com.android.theme.icon_pack.filled.themepicker is allowlisted but not present.
01-01 08:27:05.023 1119 1119 W UserManagerService: com.android.theme.icon_pack.victor.themepicker is allowlisted but not present.
01-01 08:27:05.023 1119 1119 W UserManagerService: com.android.theme.color.orchid is allowlisted but not present.
01-01 08:27:05.023 1119 1119 W UserManagerService: com.android.theme.color.purple is allowlisted but not present.
01-01 08:27:05.023 1119 1119 W UserManagerService: com.qualcomm.qti.confdialer is allowlisted but not present.
01-01 08:27:05.024 1119 1119 W UserManagerService: com.android.theme.icon_pack.sam.themepicker is allowlisted but not present.
01-01 08:27:05.024 1119 1119 W UserManagerService: com.qualcomm.atfwd is allowlisted but not present.
01-01 08:27:05.024 1119 1119 W UserManagerService: com.android.theme.icon.roundedrect is allowlisted but not present.
01-01 08:27:05.024 1119 1119 W UserManagerService: com.android.theme.icon_pack.rounded.settings is allowlisted but not present.
01-01 08:27:05.024 1119 1119 W UserManagerService: org.codeaurora.qti.nrNetworkSettingApp is allowlisted but not present.
01-01 08:27:05.024 1119 1119 W UserManagerService: com.android.theme.icon_pack.circular.android is allowlisted but not present.
01-01 08:27:05.009 0 0 E ipa_mpm_vote_unvote_pcie_clk: 1530 MHI not initialized yet
01-01 08:27:05.030 0 0 E ipa_mpm_start_stop_remote_mhip_chan: 1644 MHI not initialized yet, probe in progress
01-01 08:27:05.032 1119 1119 I Watchdog: Resuming HandlerChecker: main thread for reason: packagemanagermain. Pause count: 0
01-01 08:27:05.032 1119 1119 I SystemServerDexLoadReporter: Configuring system server dex reporter
01-01 08:27:05.033 1119 1226 I dvm_lock_sample: [system_server,0,android.bg,457,Settings.java,5646,void com.android.server.pm.Settings$RuntimePermissionPersistence$MyHandler.handleMessage(android.os.Message),LegacyPermissionSettings.java,90,void com.android.server.pm.permission.LegacyPermissionSettings.replacePermissions(java.util.List),91]
01-01 08:27:05.048 0 0 E ipa_mpm_start_stop_mhip_chan: 1736 MHIP probe 1 not initialized
01-01 08:27:05.059 0 0 E ipa3_cfg_ep_ctrl: 4812 pipe setting delay is not supported
01-01 08:27:05.093 0 0 E ipa_usb_notify_cb: Set net_ready_trigger
01-01 08:27:05.106 0 0 E ipa_mpm_vote_unvote_pcie_clk: 1530 MHI not initialized yet
01-01 08:27:05.137 0 0 E ipa_mpm_start_stop_remote_mhip_chan: 1644 MHI not initialized yet, probe in progress
01-01 08:27:05.161 0 0 W QSEECOM : __qseecom_unload_app: App (6) is unloaded
01-01 08:27:05.166 0 0 D qbt : qbt_release: entry minor_no=0 fd_available=0
01-01 08:27:05.166 0 0 D qbt : qbt_release: Releasing wakelock
01-01 08:27:05.166 0 0 D qbt : qbt_release: exit : fd_available=1
01-01 08:27:05.166 0 0 D qbt : qbt_release: entry minor_no=1 fd_available=1
01-01 08:27:05.166 0 0 D qbt : qbt_release: exit : fd_available=1
01-01 08:27:05.271 1119 1119 D SystemServerTiming: StartPackageManagerService took to complete: 4330ms
01-01 08:27:05.272 1119 1119 I SystemServerTiming: StartOtaDexOptService
01-01 08:27:05.272 1119 1119 I Watchdog: Pausing HandlerChecker: main thread for reason: moveab. Pause count: 1
01-01 08:27:05.274 1119 1119 D OTADexopt: No upgrade, skipping A/B artifacts check.
01-01 08:27:05.275 1119 1119 I Watchdog: Resuming HandlerChecker: main thread for reason: moveab. Pause count: 0
01-01 08:27:05.275 1119 1119 D SystemServerTiming: StartOtaDexOptService took to complete: 3ms
01-01 08:27:05.275 1119 1119 I SystemServerTiming: StartUserManagerService
01-01 08:27:05.275 1119 1119 I SystemServiceManager: Starting com.android.server.pm.UserManagerService$LifeCycle
01-01 08:27:05.278 1119 1119 D SystemServerTiming: StartUserManagerService took to complete: 3ms
01-01 08:27:05.278 1119 1119 I SystemServerTiming: InitAttributerCache
01-01 08:27:05.279 1119 1119 D SystemServerTiming: InitAttributerCache took to complete: 0ms
01-01 08:27:05.279 1119 1119 I SystemServerTiming: SetSystemProcess
01-01 08:27:05.293 1119 1119 I am_uid_running: 1000
01-01 08:27:05.294 1330 1652 I storaged: storaged: Start
01-01 08:27:05.299 1119 1230 I ActivityManager: Connection with lmkd established
01-01 08:27:05.302 1119 1119 I am_uid_active: 1000
01-01 08:27:05.303 1119 1119 D SystemServerTiming: SetSystemProcess took to complete: 24ms
01-01 08:27:05.303 1119 1119 I SystemServerTiming: InitWatchdog
01-01 08:27:05.303 1119 1119 D SystemServerTiming: InitWatchdog took to complete: 0ms
01-01 08:27:05.306 1119 1159 V HistoricalRegistry: Interaction before persistence initialized
01-01 08:27:05.306 1119 1119 I SystemServerTiming: StartOverlayManagerService
01-01 08:27:05.400 1119 1119 I commit_sys_config_file: [overlays,6]
01-01 08:27:05.407 1119 1207 W ActivityTaskManager: Skip updateConfiguration because mWindowManager isn't set
01-01 08:27:05.413 1119 1119 D SystemServerTiming: StartOverlayManagerService took to complete: 107ms
01-01 08:27:05.413 1119 1119 I SystemServerTiming: StartSensorPrivacyService
01-01 08:27:05.420 1119 1119 D SystemServerTiming: StartSensorPrivacyService took to complete: 7ms
01-01 08:27:05.420 1119 1119 I SystemServerTiming: StartSensorService
01-01 08:27:05.420 1119 1119 I SystemServiceManager: Starting com.android.server.sensors.SensorService
01-01 08:27:05.420 1119 1119 D SystemServerTiming: StartSensorService took to complete: 0ms
01-01 08:27:05.420 1119 1119 D SystemServerTiming: startBootstrapServices took to complete: 5132ms
01-01 08:27:05.420 1119 1119 I SystemServerTiming: startCoreServices
01-01 08:27:05.420 1119 1119 I SystemServerTiming: StartSystemConfigService
01-01 08:27:05.420 1119 1663 I SystemServerTimingAsync: InitThreadPoolExec:StartNativeSensorService
01-01 08:27:05.420 1119 1663 D SystemServerInitThreadPool: Started executing StartNativeSensorService
01-01 08:27:05.420 1119 1663 I SystemServerTimingAsync: StartNativeSensorService
01-01 08:27:05.422 1119 1119 I SystemServiceManager: Starting com.android.server.SystemConfigService
01-01 08:27:05.423 1119 1119 D SystemServerTiming: StartSystemConfigService took to complete: 3ms
01-01 08:27:05.423 1119 1119 I SystemServerTiming: StartBatteryService
01-01 08:27:05.423 1119 1119 I SystemServiceManager: Starting com.android.server.BatteryService
01-01 08:27:05.432 1119 1227 I battery_status: [1,1,0,0,]
01-01 08:27:05.434 1119 1663 D SystemServerTimingAsync: StartNativeSensorService took to complete: 13ms
01-01 08:27:05.434 1119 1663 D SystemServerInitThreadPool: Finished executing StartNativeSensorService
01-01 08:27:05.434 1119 1663 D SystemServerTimingAsync: InitThreadPoolExec:StartNativeSensorService took to complete: 14ms
01-01 08:27:05.167 0 0 E ipa_usb_notify_cb: Set net_ready_trigger
01-01 08:27:05.441 0 0 W healthd : battery none chg=
01-01 08:27:05.444 1119 1119 I HealthServiceWrapper: health: HealthServiceWrapper listening to instance default
01-01 08:27:05.445 1119 1119 I BatteryService: health: Waited 0ms and received the update.
01-01 08:27:05.447 1119 1119 D SystemServerTiming: StartBatteryService took to complete: 24ms
01-01 08:27:05.447 1119 1119 I SystemServerTiming: StartUsageService
01-01 08:27:05.447 1119 1119 I SystemServiceManager: Starting com.android.server.usage.UsageStatsService
01-01 08:27:05.459 1119 1119 D SystemServerTiming: StartUsageService took to complete: 12ms
01-01 08:27:05.459 1119 1119 I SystemServerTiming: StartWebViewUpdateService
01-01 08:27:05.459 1119 1119 I SystemServiceManager: Starting com.android.server.webkit.WebViewUpdateService
01-01 08:27:05.464 1119 1119 D SystemServerTiming: StartWebViewUpdateService took to complete: 5ms
01-01 08:27:05.464 1119 1119 I SystemServerTiming: StartCachedDeviceStateService
01-01 08:27:05.464 1119 1119 I SystemServiceManager: Starting com.android.server.CachedDeviceStateService
01-01 08:27:05.465 1119 1119 D SystemServerTiming: StartCachedDeviceStateService took to complete: 1ms
01-01 08:27:05.465 1119 1119 I SystemServerTiming: StartBinderCallsStatsService
01-01 08:27:05.465 1119 1119 I SystemServiceManager: Starting com.android.server.BinderCallsStatsService$LifeCycle
01-01 08:27:05.466 1119 1119 D SystemServerTiming: StartBinderCallsStatsService took to complete: 1ms
01-01 08:27:05.466 1119 1119 I SystemServerTiming: StartLooperStatsService
01-01 08:27:05.466 1119 1119 I SystemServiceManager: Starting com.android.server.LooperStatsService$Lifecycle
01-01 08:27:05.467 1119 1119 D SystemServerTiming: StartLooperStatsService took to complete: 1ms
01-01 08:27:05.467 1119 1119 I SystemServerTiming: StartRollbackManagerService
01-01 08:27:05.467 1119 1119 I SystemServiceManager: Starting com.android.server.rollback.RollbackManagerService
01-01 08:27:05.478 1119 1119 I PackageWatchdog: Syncing state, reason: added new observer
01-01 08:27:05.478 1119 1119 I PackageWatchdog: Not pruning observers, elapsed time: 0ms
01-01 08:27:05.478 1119 1119 I PackageWatchdog: Cancelling state sync, nothing to sync
01-01 08:27:05.479 1119 1226 I PackageWatchdog: Saving observer state to file
01-01 08:27:05.482 1119 1119 D SystemServerTiming: StartRollbackManagerService took to complete: 15ms
01-01 08:27:05.482 1119 1119 I SystemServerTiming: StartNativeTombstoneManagerService
01-01 08:27:05.482 1119 1119 I SystemServiceManager: Starting com.android.server.os.NativeTombstoneManagerService
01-01 08:27:05.483 1119 1119 D SystemServerTiming: StartNativeTombstoneManagerService took to complete: 1ms
01-01 08:27:05.483 1119 1119 I SystemServerTiming: StartBugreportManagerService
01-01 08:27:05.483 1119 1119 I SystemServiceManager: Starting com.android.server.os.BugreportManagerService
01-01 08:27:05.484 1119 1119 D SystemServerTiming: StartBugreportManagerService took to complete: 1ms
01-01 08:27:05.484 1119 1119 I SystemServerTiming: GpuService
01-01 08:27:05.484 1119 1119 I SystemServiceManager: Starting com.android.server.gpu.GpuService
01-01 08:27:05.484 1119 1119 D SystemServerTiming: GpuService took to complete: 1ms
01-01 08:27:05.485 1119 1119 D SystemServerTiming: startCoreServices took to complete: 65ms
01-01 08:27:05.485 1119 1119 I SystemServerTiming: startOtherServices
01-01 08:27:05.485 1119 1119 I SystemServerTiming: StartKeyAttestationApplicationIdProviderService
01-01 08:27:05.486 1119 1119 D SystemServerTiming: StartKeyAttestationApplicationIdProviderService took to complete: 1ms
01-01 08:27:05.486 1119 1119 I SystemServerTiming: StartKeyChainSystemService
01-01 08:27:05.486 1119 1119 I SystemServiceManager: Starting com.android.server.security.KeyChainSystemService
01-01 08:27:05.487 1119 1119 D SystemServerTiming: StartKeyChainSystemService took to complete: 0ms
01-01 08:27:05.487 1119 1119 I SystemServerTiming: StartSchedulingPolicyService
01-01 08:27:05.487 1119 1676 I SystemServerTimingAsync: InitThreadPoolExec:SecondaryZygotePreload
01-01 08:27:05.487 1119 1676 D SystemServerInitThreadPool: Started executing SecondaryZygotePreload
01-01 08:27:05.487 1119 1676 I SystemServer: SecondaryZygotePreload
01-01 08:27:05.487 1119 1676 I SystemServerTimingAsync: SecondaryZygotePreload
01-01 08:27:05.488 1119 1119 D SystemServerTiming: StartSchedulingPolicyService took to complete: 1ms
01-01 08:27:05.488 1119 1119 I SystemServerTiming: StartTelecomLoaderService
01-01 08:27:05.488 1119 1119 I SystemServiceManager: Starting com.android.server.telecom.TelecomLoaderService
01-01 08:27:05.488 1119 1119 D SystemServerTiming: StartTelecomLoaderService took to complete: 0ms
01-01 08:27:05.488 1119 1119 I SystemServerTiming: StartTelephonyRegistry
01-01 08:27:05.490 1119 1119 D SystemServerTiming: StartTelephonyRegistry took to complete: 2ms
01-01 08:27:05.490 1119 1119 I SystemServerTiming: StartEntropyMixer
01-01 08:27:05.491 1119 1119 I EntropyMixer: Writing entropy...
01-01 08:27:05.495 1119 1119 D SystemServerTiming: StartEntropyMixer took to complete: 5ms
01-01 08:27:05.495 1119 1119 I SystemServerTiming: StartAccountManagerService
01-01 08:27:05.495 1119 1119 I SystemServiceManager: Starting com.android.server.accounts.AccountManagerService$Lifecycle
01-01 08:27:05.496 1119 1677 I SystemServerTimingAsync: InitThreadPoolExec:SchedulingPolicyService.
01-01 08:27:05.496 1119 1677 D SystemServerInitThreadPool: Started executing SchedulingPolicyService.
01-01 08:27:05.510 1119 1119 D SystemServerTiming: StartAccountManagerService took to complete: 15ms
01-01 08:27:05.510 1119 1119 I SystemServerTiming: StartContentService
01-01 08:27:05.510 1119 1119 I SystemServiceManager: Starting com.android.server.content.ContentService$Lifecycle
01-01 08:27:05.511 1119 1119 D SystemServerTiming: StartContentService took to complete: 1ms
01-01 08:27:05.511 1119 1119 I SystemServerTiming: InstallSystemProviders
01-01 08:27:05.560 689 689 D ZygoteInitTiming_lazy: BeginPreload took to complete: 66ms
01-01 08:27:05.576 0 0 I IPv6 : ADDRCONF(NETDEV_UP): vlan1: link is not ready
01-01 08:27:05.608 1119 1119 W SettingsState: No settings state /data/system/users/0/settings_ssaid.xml
01-01 08:27:05.615 1119 1119 I SettingsState: directory info for directory/file /data/system/users/0/settings_ssaid.xml with stacktrace
01-01 08:27:05.615 1119 1119 I SettingsState: java.lang.Exception
01-01 08:27:05.615 1119 1119 I SettingsState: at com.android.providers.settings.SettingsState.logSettingsDirectoryInformation(SettingsState.java:877)
01-01 08:27:05.615 1119 1119 I SettingsState: at com.android.providers.settings.SettingsState.readStateSyncLocked(SettingsState.java:1008)
01-01 08:27:05.615 1119 1119 I SettingsState: at com.android.providers.settings.SettingsState.(SettingsState.java:283)
01-01 08:27:05.615 1119 1119 I SettingsState: at com.android.providers.settings.SettingsProvider$SettingsRegistry.ensureSettingsStateLocked(SettingsProvider.java:2883)
01-01 08:27:05.615 1119 1119 I SettingsState: at com.android.providers.settings.SettingsProvider$SettingsRegistry.ensureSettingsForUserLocked(SettingsProvider.java:2871)
01-01 08:27:05.615 1119 1119 I SettingsState: at com.android.providers.settings.SettingsProvider$SettingsRegistry.peekSettingsStateLocked(SettingsProvider.java:3191)
01-01 08:27:05.615 1119 1119 I SettingsState: at com.android.providers.settings.SettingsProvider$SettingsRegistry.getSettingsNamesLocked(SettingsProvider.java:2813)
01-01 08:27:05.615 1119 1119 I SettingsState: at com.android.providers.settings.SettingsProvider$SettingsRegistry.syncSsaidTableOnStartLocked(SettingsProvider.java:2796)
01-01 08:27:05.615 1119 1119 I SettingsState: at com.android.providers.settings.SettingsProvider$SettingsRegistry.access$100(SettingsProvider.java:2666)
01-01 08:27:05.615 1119 1119 I SettingsState: at com.android.providers.settings.SettingsProvider.onCreate(SettingsProvider.java:396)
01-01 08:27:05.615 1119 1119 I SettingsState: at android.content.ContentProvider.attachInfo(ContentProvider.java:2404)
01-01 08:27:05.615 1119 1119 I SettingsState: at android.content.ContentProvider.attachInfo(ContentProvider.java:2374)
01-01 08:27:05.615 1119 1119 I SettingsState: at android.app.ActivityThread.installProvider(ActivityThread.java:7463)
01-01 08:27:05.615 1119 1119 I SettingsState: at android.app.ActivityThread.installContentProviders(ActivityThread.java:6980)
01-01 08:27:05.615 1119 1119 I SettingsState: at android.app.ActivityThread.installSystemProviders(ActivityThread.java:7650)
01-01 08:27:05.615 1119 1119 I SettingsState: at com.android.server.am.ContentProviderHelper.installSystemProviders(ContentProviderHelper.java:1247)
01-01 08:27:05.615 1119 1119 I SettingsState: at com.android.server.SystemServer.startOtherServices(SystemServer.java:1440)
01-01 08:27:05.615 1119 1119 I SettingsState: at com.android.server.SystemServer.run(SystemServer.java:884)
01-01 08:27:05.615 1119 1119 I SettingsState: at com.android.server.SystemServer.main(SystemServer.java:615)
01-01 08:27:05.615 1119 1119 I SettingsState: at java.lang.reflect.Method.invoke(Native Method)
01-01 08:27:05.615 1119 1119 I SettingsState: at com.android.internal.os.RuntimeInit$MethodAndArgsCaller.run(RuntimeInit.java:548)
01-01 08:27:05.615 1119 1119 I SettingsState: at com.android.internal.os.ZygoteInit.main(ZygoteInit.java:987)
01-01 08:27:05.615 1119 1119 I SettingsState: ancestor directory /data/system/users/0 exists
01-01 08:27:05.615 1119 1119 I SettingsState: ancestor directory /data/system/users/0 permissions: r: true w: true x: true
01-01 08:27:05.615 1119 1119 I SettingsState: ancestor's parent directory /data/system/users permissions: r: true w: true x: true
01-01 08:27:05.641 1119 1228 D ActivityManager: Freezer enabled
01-01 08:27:05.642 1119 1228 D ActivityManager: freezer override set to false
01-01 08:27:05.648 1119 1119 D SystemServerTiming: InstallSystemProviders took to complete: 137ms
01-01 08:27:05.648 1119 1119 I SystemServerTiming: StartDropBoxManager
01-01 08:27:05.648 1119 1119 I SystemServiceManager: Starting com.android.server.DropBoxManagerService
01-01 08:27:05.650 1119 1119 D SystemServerTiming: StartDropBoxManager took to complete: 3ms
01-01 08:27:05.651 1119 1119 I SystemServerTiming: StartRoleManagerService
01-01 08:27:05.651 1119 1119 I SystemServiceManager: Starting com.android.role.RoleService
01-01 08:27:05.656 1119 1630 D SystemServerTimingAsync: AppDataFixup took to complete: 781ms
01-01 08:27:05.657 1119 1677 D SystemServerInitThreadPool: Finished executing SchedulingPolicyService.
01-01 08:27:05.657 1119 1677 D SystemServerTimingAsync: InitThreadPoolExec:SchedulingPolicyService. took to complete: 161ms
01-01 08:27:05.665 1119 1119 D SystemServerTiming: StartRoleManagerService took to complete: 14ms
01-01 08:27:05.665 1119 1119 I SystemServerTiming: StartVibratorManagerService
