09-22 19:46:03.389 1119 1159 D CompatibilityChangeReporter: Compat change id reported: 135772972; UID 2000; state: DISABLED
09-22 19:46:03.390 1119 1159 D CompatibilityChangeReporter: Compat change id reported: 135754954; UID 2000; state: ENABLED
01-01 08:27:24.106 0 0 I init : starting service 'qvrd_vndr'...
01-01 08:27:24.110 0 0 E [schedu][0x4e7ef15e][19:46:03.407656] wlan: [2437:E:SYS] Processing SYS MC STOP
01-01 08:27:24.111 0 0 I init : Created socket '/dev/socket/qvrservice_vndr', mode 660, user 1000, group 1000
01-01 08:27:24.123 0 0 I init : Created socket '/dev/socket/qvrservice_vndr_camera', mode 660, user 1000, group 1000
01-01 08:27:24.125 0 0 I [kworke][0x4e833b95][19:46:03.422299] wlan: [335:I:IPA] wlan_ipa_uc_disable_pipes: 1379: IPA WDI Pipes are already deactivated
01-01 08:27:24.162 0 0 I init : starting service 'sxrd'...
01-01 08:27:24.170 0 0 D : mv2112_read_status
01-01 08:27:24.170 0 0 D mv2112_update_link: 3.0x901(1G): 0x80
01-01 08:27:24.170 0 0 D mv2112_update_link: 3.0x8109(100M): 0x0
01-01 08:27:24.170 0 0 D mv2112_update_link: link 0x0
01-01 08:27:24.170 0 0 D mv2112_read_status: autoneg is disabled
01-01 08:27:24.173 0 0 D cnss : IOMMU unmap: iova b0001000, len 4096
01-01 08:27:24.173 0 0 D cnss : IOMMU unmap: iova b0000000, len 4096
09-22 19:46:03.479 1119 1229 W ActivityManager: Slow operation: 92ms so far, now at startProcess: returned from zygote!
09-22 19:46:03.480 1119 1229 W ActivityManager: Slow operation: 93ms so far, now at startProcess: done updating battery stats
09-22 19:46:03.480 1119 1229 I am_proc_start: [0,3630,2000,com.android.shell,broadcast,{com.android.shell/com.android.shell.HeapDumpReceiver}]
09-22 19:46:03.480 1119 1229 W ActivityManager: Slow operation: 93ms so far, now at startProcess: building log message
09-22 19:46:03.480 1119 1229 I ActivityManager: Start proc 3630:com.android.shell/2000 for broadcast {com.android.shell/com.android.shell.HeapDumpReceiver}
09-22 19:46:03.481 1119 1229 W ActivityManager: Slow operation: 93ms so far, now at startProcess: starting to update pids map
09-22 19:46:03.481 1119 1229 W ActivityManager: Slow operation: 94ms so far, now at startProcess: done updating pids map
01-01 08:27:24.195 0 0 D cnss : Assign MSI to user: CE, num_vectors: 10, user_base_data: 803, base_vector: 3
01-01 08:27:24.195 0 0 D cnss : Get IRQ number 415 for vector index 3
01-01 08:27:24.196 0 0 D cnss : Get IRQ number 416 for vector index 4
01-01 08:27:24.196 0 0 D cnss : Get IRQ number 417 for vector index 5
01-01 08:27:24.196 0 0 D cnss : Get IRQ number 418 for vector index 6
01-01 08:27:24.197 0 0 D cnss : Get IRQ number 420 for vector index 8
01-01 08:27:24.197 0 0 D cnss : Get IRQ number 421 for vector index 9
01-01 08:27:24.197 0 0 D cnss : Get IRQ number 423 for vector index 11
01-01 08:27:24.203 0 0 I [kworke][0x4e9a126d][19:46:03.500259] wlan: [335:I:WMI] WMI Stop
01-01 08:27:24.203 0 0 I [kworke][0x4e9a1fce][19:46:03.500436] wlan: [335:I:HTC] htc_stop: endpoints cleanup
01-01 08:27:24.204 0 0 I [kworke][0x4e9a749c][19:46:03.501566] wlan: [335:I:HTC] htc_stop: stopping hif layer
09-22 19:46:03.504 3629 3629 F linker : CANNOT LINK EXECUTABLE "/vendor/bin/hw/sxrservice": library "vendor.qti.hardware.qxr-V1-ndk_platform.so" not found: needed by main executable
01-01 08:27:24.208 0 0 I init : Service 'sxrd' (pid 3629) exited with status 1
01-01 08:27:24.208 0 0 I init : Sending signal 9 to service 'sxrd' (pid 3629) process group...
01-01 08:27:24.209 0 0 I libprocessgroup: Successfully killed process cgroup uid 1000 pid 3629 in 0ms
09-22 19:46:03.527 3628 3628 F linker : CANNOT LINK EXECUTABLE "/vendor/bin/hw/qvrservice": library "vendor.qti.hardware.qxr-V1-ndk_platform.so" not found: needed by /vendor/lib64/libqvrservice.so in namespace (default)
01-01 08:27:24.232 0 0 I init : Service 'qvrd_vndr' (pid 3628) exited with status 1
01-01 08:27:24.232 0 0 I init : Sending signal 9 to service 'qvrd_vndr' (pid 3628) process group...
01-01 08:27:24.232 0 0 I libprocessgroup: Successfully killed process cgroup uid 1000 pid 3628 in 0ms
01-01 08:27:24.282 0 0 I [kworke][0x4eb17b58][19:46:03.580162] wlan: [335:I:HTC] htc_stop: flush endpoints Tx lookup queue
01-01 08:27:24.282 0 0 I [kworke][0x4eb17dad][19:46:03.580193] wlan: [335:I:HTC] htc_stop: resetting endpoints state
01-01 08:27:24.287 0 0 I binder : 3630:3630 ioctl 40046210 7fcf144d74 returned -22
09-22 19:46:03.594 1119 1159 I am_proc_bound: [0,3630,com.android.shell]
09-22 19:46:03.597 1119 1159 D CompatibilityChangeReporter: Compat change id reported: 168419799; UID 2000; state: DISABLED
09-22 19:46:03.603 1119 1159 I am_uid_active: 2000
01-01 08:27:24.328 0 0 I [kworke][0x4ebee81e][19:46:03.625985] wlan: [335:I:HIF] Deinitializing Runtime PM wakelock &ctx->user
01-01 08:27:24.329 0 0 I [kworke][0x4ebefe2e][19:46:03.626279] wlan: [335:I:HIF] Deinitializing Runtime PM wakelock &ctx->connect
01-01 08:27:24.329 0 0 I [kworke][0x4ebeffe8][19:46:03.626302] wlan: [335:I:HIF] Deinitializing Runtime PM wakelock &ctx->dfs
01-01 08:27:24.329 0 0 I [kworke][0x4ebf027a][19:46:03.626336] wlan: [335:I:HIF] Deinitializing Runtime PM wakelock &scan_priv->runtime_pm_lock
09-22 19:46:03.792 1119 1159 D CompatibilityChangeReporter: Compat change id reported: 135634846; UID 1001; state: DISABLED
09-22 19:46:03.793 1119 1159 D CompatibilityChangeReporter: Compat change id reported: 177438394; UID 1001; state: DISABLED
09-22 19:46:03.793 1119 1159 D CompatibilityChangeReporter: Compat change id reported: 135772972; UID 1001; state: DISABLED
09-22 19:46:03.793 1119 1159 D CompatibilityChangeReporter: Compat change id reported: 135754954; UID 1001; state: ENABLED
01-01 08:27:24.521 0 0 E [kworke][0x4ef76bc2][19:46:03.818888] wlan: [335:E:DP] dp_srng_cleanup: 1669: Ring type: 14, num:1 not setup
01-01 08:27:24.532 0 0 E [kworke][0x4efab4fe][19:46:03.830104] wlan: [335:E:DP] dp_srng_cleanup: 1669: Ring type: 14, num:1 not setup
01-01 08:27:24.544 0 0 E [kworke][0x4efe0321][19:46:03.841385] wlan: [335:E:DP] dp_srng_cleanup: 1669: Ring type: 14, num:2 not setup
09-22 19:46:03.850 1119 1229 W ActivityManager: Slow operation: 58ms so far, now at startProcess: returned from zygote!
09-22 19:46:03.850 1119 1229 W ActivityManager: Slow operation: 59ms so far, now at startProcess: done updating battery stats
09-22 19:46:03.850 1119 1229 I am_proc_start: [0,3648,1001,com.android.phone,broadcast,{com.android.stk/com.android.stk.BootCompletedReceiver}]
09-22 19:46:03.850 1119 1229 I Watchdog: Interesting Java process com.android.phone started. Pid 3648
09-22 19:46:03.850 1119 1229 W ActivityManager: Slow operation: 59ms so far, now at startProcess: building log message
09-22 19:46:03.850 1119 1229 I ActivityManager: Start proc 3648:com.android.phone/1001 for broadcast {com.android.stk/com.android.stk.BootCompletedReceiver}
09-22 19:46:03.851 1119 1229 W ActivityManager: Slow operation: 59ms so far, now at startProcess: starting to update pids map
09-22 19:46:03.851 1119 1229 W ActivityManager: Slow operation: 59ms so far, now at startProcess: done updating pids map
01-01 08:27:24.555 0 0 E [kworke][0x4f015230][19:46:03.852679] wlan: [335:E:DP] dp_srng_cleanup: 1669: Ring type: 15, num:0 not setup
01-01 08:27:24.566 0 0 E [kworke][0x4f04a7ac][19:46:03.864059] wlan: [335:E:DP] dp_srng_cleanup: 1669: Ring type: 15, num:0 not setup
01-01 08:27:24.578 0 0 I [kworke][0x4f0807cb][19:46:03.875581] wlan: [335:I:DP] dp_tx_soc_detach Tx Desc Pool Free num_pool = 4, descs = 4096
01-01 08:27:24.578 0 0 I [kworke][0x4f08212d][19:46:03.875919] wlan: [335:I:DP] dp_tx_soc_detach MSDU Ext Desc Pool 4 Free descs = 4096
01-01 08:27:24.589 0 0 E [kworke][0x4f0b407a][19:46:03.886576] wlan: [335:E:DP] dp_srng_cleanup: 1669: Ring type: 13, num:3 not setup
01-01 08:27:24.612 0 0 I [kworke][0x4f12292f][19:46:03.910159] wlan: [335:I:HIF] Deinitializing Runtime PM wakelock &wma_handle->sap_prevent_runtime_pm_lock
01-01 08:27:24.612 0 0 I [kworke][0x4f122bf8][19:46:03.910196] wlan: [335:I:HIF] Deinitializing Runtime PM wakelock &wma_handle->wmi_cmd_rsp_runtime_lock
01-01 08:27:24.615 0 0 I [kworke][0x4f12d444][19:46:03.912440] wlan: [335:I:HIF] Deinitializing Runtime PM wakelock &vdev->vdev_set_key_runtime_wakelock
01-01 08:27:24.616 0 0 I [kworke][0x4f132755][19:46:03.913548] wlan: [335:I:HIF] Deinitializing Runtime PM wakelock &vdev->vdev_set_key_runtime_wakelock
01-01 08:27:24.617 0 0 I [kworke][0x4f137ca9][19:46:03.914686] wlan: [335:I:HIF] Deinitializing Runtime PM wakelock &vdev->vdev_set_key_runtime_wakelock
01-01 08:27:24.618 0 0 I [kworke][0x4f13dca0][19:46:03.915965] wlan: [335:I:HIF] Deinitializing Runtime PM wakelock &vdev->vdev_set_key_runtime_wakelock
01-01 08:27:24.620 0 0 I [kworke][0x4f1440f4][19:46:03.917303] wlan: [335:I:HIF] Deinitializing Runtime PM wakelock &vdev->vdev_set_key_runtime_wakelock
01-01 08:27:24.620 0 0 I binder : 3648:3648 ioctl 40046210 7fcf144d74 returned -22
01-01 08:27:24.621 0 0 I [kworke][0x4f149271][19:46:03.918390] wlan: [335:I:HIF] Deinitializing Runtime PM wakelock &vdev->vdev_set_key_runtime_wakelock
01-01 08:27:24.622 0 0 I [kworke][0x4f15036d][19:46:03.919896] wlan: [335:I:HIF] Deinitializing Runtime PM wakelock &p2p_soc_obj->roc_runtime_lock
01-01 08:27:24.622 0 0 E [kworke][0x4f150802][19:46:03.919957] wlan: [335:E:WMI] WMI handle is NULL
09-22 19:46:03.929 1119 1159 I am_proc_bound: [0,3648,com.android.phone]
01-01 08:27:24.630 0 0 I [kworke][0x4f177402][19:46:03.928223] wlan: [335:I:OSIF] os_if_spectral_free_skb: 558: Socket buffer is null, msg_type= 0
01-01 08:27:24.630 0 0 I [kworke][0x4f1774d8][19:46:03.928235] wlan: [335:I:OSIF] os_if_spectral_free_skb: 558: Socket buffer is null, msg_type= 1
01-01 08:27:24.630 0 0 I [kworke][0x4f177599][19:46:03.928245] wlan: [335:I:OSIF] os_if_spectral_free_skb: 558: Socket buffer is null, msg_type= 2
01-01 08:27:24.632 0 0 I [kworke][0x4f17ffeb][19:46:03.930089] wlan: [335:I:HIF] Deinitializing Runtime PM wakelock &mgmt_txrx_pdev_ctx->wakelock_tx_runtime_cmp
01-01 08:27:24.645 0 0 I [kworke][0x4f1b9916][19:46:03.942371] wlan: [335:I:SPECTRAL] target_if_spectral_detach: 2036: spectral detach
01-01 08:27:24.645 0 0 I [kworke][0x4f1b9cf6][19:46:03.942423] wlan: [335:I:GREEN_AP] wlan_green_ap_pdev_obj_destroy_notification: 146: Deleting green ap pdev obj, green ap ctx: ffffffdd1a6ca8e8, pdev: ffffffdd159828e8
01-01 08:27:24.645 0 0 I [kworke][0x4f1baaf7][19:46:03.942610] wlan: [335:I:GREEN_AP] wlan_green_ap_pdev_obj_destroy_notification: 159: green ap deletion successful
01-01 08:27:24.649 0 0 I [kworke][0x4f1cf65a][19:46:03.947029] wlan: [335:I:HIF] Deinitializing Runtime PM wakelock &psoc_wakelock->wmi_cmd_rsp_runtime_lock
01-01 08:27:24.661 0 0 I [kworke][0x4f20751e][19:46:03.958959] wlan: [335:I:HIF] hif_pci_disable_bus: X
01-01 08:27:24.661 0 0 D cnss : Sending mode message, mode: OFF(4), state: 0x187
01-01 08:27:24.673 0 0 E [kworke][0x4f240501][19:46:03.971118] wlan: [335:E:QDF] cds_get_context: 1486: Module ID 61 context is Null
01-01 08:27:24.678 0 0 I cnss-daemon: wlfw_qmi_err_cb: Server disconnect, err -2 client 0x5K
01-01 08:27:24.680 0 0 D cnss : WLFW server exiting
01-01 08:27:24.685 0 0 I [kworke][0x4f276f3e][19:46:03.982774] wlan: [335:I:HIF] Deinitializing Runtime PM wakelock &sc->prevent_linkdown_lock
01-01 08:27:24.686 0 0 D cnss : Posting event: SERVER_EXIT(1), state: 0x20187 flags: 0x0
01-01 08:27:24.687 0 0 D cnss : Read register offset 0x1f8031c, val = 0x2
01-01 08:27:24.687 0 0 D cnss : Write val 0x3 to register offset 0x1f8031c
01-01 08:27:24.689 0 0 D cnss : Setting MHI state: POWER_OFF(4)
01-01 08:27:24.723 0 0 D cnss : Suspending PCI link
01-01 08:27:24.736 0 0 I msm_pcie_disable: PCIe: Assert the reset of endpoint of RC0.
01-01 08:27:24.743 0 0 D cnss : Setting MHI state: DEINIT(1)
01-01 08:27:24.744 0 0 D cnss : De-assert WLAN_EN GPIO successfully
01-01 08:27:24.744 0 0 D cnss : Regulator vdd-wlan-rfa2 is being disabled
01-01 08:27:24.744 0 0 D cnss : Regulator vdd-wlan-rfa1 is being disabled
01-01 08:27:24.744 0 0 D cnss : Regulator vdd-wlan-dig is being disabled
01-01 08:27:24.744 0 0 D cnss : Regulator vdd-wlan-aon is being disabled
01-01 08:27:24.744 0 0 D cnss : Regulator wlan-ant-switch is being disabled
01-01 08:27:24.744 0 0 D cnss : Regulator vdd-wlan-io is being disabled
01-01 08:27:24.745 0 0 D cnss : Completed event: IDLE_SHUTDOWN(14), state: 0x20101, ret: 0/0
01-01 08:27:24.745 0 0 D cnss : Processing driver event: SERVER_EXIT(1), state: 0x20101
01-01 08:27:24.745 0 0 I cnss : QMI WLFW service disconnected, state: 0x20100
01-01 08:27:24.748 0 0 D cnss : PM relax, state: 0x100, count: 0
01-01 08:27:24.748 0 0 D cnss : PM stay awake, state: 0x100, count: 1
01-01 08:27:24.748 0 0 D cnss : PM relax, state: 0x100, count: 0
01-01 08:27:24.828 0 0 I IRQ 5 : no longer affine to CPU4
09-22 19:46:04.203 3648 3648 D CAT : BootCompletedReceiver: [ACTION_BOOT_COMPLETED]
09-22 19:46:04.205 1119 1159 I am_uid_running: 10082
09-22 19:46:04.206 1119 1159 D CompatibilityChangeReporter: Compat change id reported: 135634846; UID 10082; state: DISABLED
09-22 19:46:04.207 1119 1159 D CompatibilityChangeReporter: Compat change id reported: 177438394; UID 10082; state: DISABLED
09-22 19:46:04.207 1119 1159 D CompatibilityChangeReporter: Compat change id reported: 135772972; UID 10082; state: DISABLED
09-22 19:46:04.208 1119 1159 D CompatibilityChangeReporter: Compat change id reported: 135754954; UID 10082; state: ENABLED
09-22 19:46:04.209 1119 1229 D CompatibilityChangeReporter: Compat change id reported: 143937733; UID 10082; state: ENABLED
09-22 19:46:04.209 3648 3648 D CAT : StkAppService: onCreate()+
09-22 19:46:04.210 3648 3648 D CAT : StkAppService: simCount: 1
09-22 19:46:04.211 3648 3648 D CAT : StkAppService: slotId: 0
09-22 19:46:04.214 3648 3648 D CAT : StkAppService: onStart sim id: 0, op: 5, *****
09-22 19:46:04.214 3648 3648 D CAT : StkAppService: mStkService is: -1
09-22 19:46:04.229 3648 3648 D CAT : StkAppService: onDestroy()
01-01 08:27:24.960 0 0 I IRQ 5 : no longer affine to CPU5
09-22 19:46:04.302 1119 1229 W ActivityManager: Slow operation: 97ms so far, now at startProcess: returned from zygote!
09-22 19:46:04.303 1119 1229 W ActivityManager: Slow operation: 98ms so far, now at startProcess: done updating battery stats
09-22 19:46:04.303 1119 1229 I am_proc_start: [0,3668,10082,com.qti.ltebc,broadcast,{com.qti.ltebc/com.qualcomm.ltebc.LTEBroadcastBootReceiver}]
09-22 19:46:04.303 1119 1229 W ActivityManager: Slow operation: 98ms so far, now at startProcess: building log message
09-22 19:46:04.303 1119 1229 I ActivityManager: Start proc 3668:com.qti.ltebc/u0a82 for broadcast {com.qti.ltebc/com.qualcomm.ltebc.LTEBroadcastBootReceiver}
09-22 19:46:04.304 1119 1229 W ActivityManager: Slow operation: 98ms so far, now at startProcess: starting to update pids map
09-22 19:46:04.304 1119 1229 W ActivityManager: Slow operation: 99ms so far, now at startProcess: done updating pids map
01-01 08:27:25.025 0 0 E msm-dwc3 a600000.ssusb: Could not get usb psy
01-01 08:27:25.035 0 0 I android_work: did not send uevent (0 0 0000000000000000)
01-01 08:27:25.073 0 0 I android_work: sent uevent USB_STATE=CONNECTED
01-01 08:27:25.105 0 0 I binder : 3668:3668 ioctl 40046210 7fcf144d74 returned -22
09-22 19:46:04.423 1119 1159 I am_proc_bound: [0,3668,com.qti.ltebc]
09-22 19:46:04.426 1119 1159 D CompatibilityChangeReporter: Compat change id reported: 168419799; UID 10082; state: DISABLED
01-01 08:27:25.140 0 0 I cnss-daemon: DMS thread joined succesfully
09-22 19:46:04.436 1119 1159 I am_uid_active: 10082
01-01 08:27:25.140 0 0 I cnss-daemon: wlfw_stop: Stop done: 0
01-01 08:27:25.140 0 0 I cnss-daemon: wlfw_start: Starting
01-01 08:27:25.143 0 0 I cnss-daemon: wlfw_service_request: Start the pthread: 0x0K
01-01 08:27:25.155 0 0 I cnss-daemon: ro.baseband : [apq]
01-01 08:27:25.155 0 0 I cnss-daemon: Hardware supports external modem
01-01 08:27:25.170 0 0 D : mv2112_read_status
01-01 08:27:25.171 0 0 D mv2112_update_link: 3.0x901(1G): 0x80
01-01 08:27:25.172 0 0 D mv2112_update_link: 3.0x8109(100M): 0x0
01-01 08:27:25.172 0 0 D mv2112_update_link: link 0x0
01-01 08:27:25.172 0 0 D mv2112_read_status: autoneg is disabled
01-01 08:27:25.258 0 0 I IRQ 5 : no longer affine to CPU6
01-01 08:27:25.378 0 0 I configfs-gadget gadget: high-speed config #1: b
01-01 08:27:25.379 0 0 E msm-dwc3 a600000.ssusb: Could not get usb psy
01-01 08:27:25.402 0 0 I android_work: sent uevent USB_STATE=CONFIGURED
01-01 08:27:25.415 0 0 E ipa_mpm_vote_unvote_pcie_clk: 1530 MHI not initialized yet
01-01 08:27:25.423 0 0 E ipa_mpm_start_stop_remote_mhip_chan: 1644 MHI not initialized yet, probe in progress
01-01 08:27:25.434 0 0 E ipa_mpm_start_stop_mhip_chan: 1736 MHIP probe 1 not initialized
01-01 08:27:25.443 0 0 E ipa3_cfg_ep_ctrl: 4812 pipe setting delay is not supported
01-01 08:27:25.459 0 0 E ipa_usb_notify_cb: Set net_ready_trigger
01-01 08:27:25.461 0 0 E ipa_mpm_vote_unvote_pcie_clk: 1530 MHI not initialized yet
01-01 08:27:25.475 0 0 E ipa_mpm_start_stop_remote_mhip_chan: 1644 MHI not initialized yet, probe in progress
01-01 08:27:25.485 0 0 E ipa_usb_notify_cb: Set net_ready_trigger
01-01 08:27:26.186 0 0 D : mv2112_read_status
01-01 08:27:26.192 0 0 D mv2112_update_link: 3.0x901(1G): 0x80
01-01 08:27:26.193 0 0 D mv2112_update_link: 3.0x8109(100M): 0x0
01-01 08:27:26.193 0 0 D mv2112_update_link: link 0x0
01-01 08:27:26.193 0 0 D mv2112_read_status: autoneg is disabled
01-01 08:27:27.147 0 0 I afe_close: port_id = 0x9000
01-01 08:27:27.210 0 0 D : mv2112_read_status
01-01 08:27:27.211 0 0 D mv2112_update_link: 3.0x901(1G): 0x80
01-01 08:27:27.212 0 0 D mv2112_update_link: 3.0x8109(100M): 0x0
01-01 08:27:27.212 0 0 D mv2112_update_link: link 0x0
01-01 08:27:27.212 0 0 D mv2112_read_status: autoneg is disabled
01-01 08:27:28.234 0 0 D : mv2112_read_status
01-01 08:27:28.235 0 0 D mv2112_update_link: 3.0x901(1G): 0x80
01-01 08:27:28.235 0 0 D mv2112_update_link: 3.0x8109(100M): 0x0
01-01 08:27:28.235 0 0 D mv2112_update_link: link 0x0
01-01 08:27:28.236 0 0 D mv2112_read_status: autoneg is disabled
01-01 08:27:28.538 0 0 I IRQ 5 : no longer affine to CPU4
01-01 08:27:29.156 0 0 I init : starting service 'qvrd_vndr'...
01-01 08:27:29.166 0 0 I init : Created socket '/dev/socket/qvrservice_vndr', mode 660, user 1000, group 1000
01-01 08:27:29.173 0 0 I init : Created socket '/dev/socket/qvrservice_vndr_camera', mode 660, user 1000, group 1000
01-01 08:27:29.200 0 0 I init : starting service 'sxrd'...
09-22 19:46:08.539 3690 3690 F linker : CANNOT LINK EXECUTABLE "/vendor/bin/hw/sxrservice": library "vendor.qti.hardware.qxr-V1-ndk_platform.so" not found: needed by main executable
01-01 08:27:29.243 0 0 I init : Service 'sxrd' (pid 3690) exited with status 1
09-22 19:46:08.544 3689 3689 F linker : CANNOT LINK EXECUTABLE "/vendor/bin/hw/qvrservice": library "vendor.qti.hardware.qxr-V1-ndk_platform.so" not found: needed by /vendor/lib64/libqvrservice.so in namespace (default)
01-01 08:27:29.243 0 0 I init : Sending signal 9 to service 'sxrd' (pid 3690) process group...
01-01 08:27:29.244 0 0 I libprocessgroup: Successfully killed process cgroup uid 1000 pid 3690 in 0ms
01-01 08:27:29.248 0 0 I init : Service 'qvrd_vndr' (pid 3689) exited with status 1
01-01 08:27:29.249 0 0 I init : Sending signal 9 to service 'qvrd_vndr' (pid 3689) process group...
01-01 08:27:29.249 0 0 I libprocessgroup: Successfully killed process cgroup uid 1000 pid 3689 in 0ms
01-01 08:27:29.258 0 0 D : mv2112_read_status
01-01 08:27:29.262 0 0 D mv2112_update_link: 3.0x901(1G): 0x80
01-01 08:27:29.263 0 0 D mv2112_update_link: 3.0x8109(100M): 0x0
01-01 08:27:29.263 0 0 D mv2112_update_link: link 0x0
01-01 08:27:29.263 0 0 D mv2112_read_status: autoneg is disabled
01-01 08:27:29.338 0 0 I IRQ 5 : no longer affine to CPU5
01-01 08:27:30.282 0 0 D : mv2112_read_status
01-01 08:27:30.283 0 0 D mv2112_update_link: 3.0x901(1G): 0x80
01-01 08:27:30.284 0 0 D mv2112_update_link: 3.0x8109(100M): 0x0
01-01 08:27:30.284 0 0 D mv2112_update_link: link 0x0
01-01 08:27:30.284 0 0 D mv2112_read_status: autoneg is disabled
09-22 19:46:09.654 1119 1159 D CompatibilityChangeReporter: Compat change id reported: 171306433; UID 10082; state: ENABLED
09-22 19:46:09.656 1119 3494 I service_manager_slow: [14,platform_compat]
09-22 19:46:09.656 1119 3494 D CompatibilityChangeReporter: Compat change id reported: 168419799; UID 10056; state: DISABLED
09-22 19:46:09.663 1119 1226 I am_pss : [2413,10077,com.android.launcher3,103286784,86196224,0,238325760,0,2,16]
09-22 19:46:09.684 1119 1712 D CompatibilityChangeReporter: Compat change id reported: 168419799; UID 10086; state: DISABLED
09-22 19:46:09.695 1119 1712 D CompatibilityChangeReporter: Compat change id reported: 168419799; UID 10076; state: DISABLED
09-22 19:46:09.716 1119 1159 D CompatibilityChangeReporter: Compat change id reported: 168419799; UID 10089; state: DISABLED
09-22 19:46:09.726 1119 1159 I am_uid_running: 10053
09-22 19:46:09.727 1119 1159 D CompatibilityChangeReporter: Compat change id reported: 135634846; UID 10053; state: DISABLED
09-22 19:46:09.728 1119 1229 D CompatibilityChangeReporter: Compat change id reported: 143937733; UID 10053; state: DISABLED
09-22 19:46:09.810 1119 1229 W ActivityManager: Slow operation: 83ms so far, now at startProcess: returned from zygote!
09-22 19:46:09.810 1119 1229 W ActivityManager: Slow operation: 84ms so far, now at startProcess: done updating battery stats
09-22 19:46:09.811 1119 1229 I am_proc_start: [0,3696,10053,com.qualcomm.qti.qms.service.connectionsecurity,broadcast,{com.qualcomm.qti.qms.service.connectionsecurity/com.qualcomm.qti.qms.service.connectionsecurity.ConnSecBroadcastReceiver}]
09-22 19:46:09.811 1119 1229 W ActivityManager: Slow operation: 84ms so far, now at startProcess: building log message
09-22 19:46:09.811 1119 1229 I ActivityManager: Start proc 3696:com.qualcomm.qti.qms.service.connectionsecurity/u0a53 for broadcast {com.qualcomm.qti.qms.service.connectionsecurity/com.qualcomm.qti.qms.service.connectionsecurity.ConnSecBroadcastReceiver}
09-22 19:46:09.811 1119 1229 W ActivityManager: Slow operation: 85ms so far, now at startProcess: starting to update pids map
09-22 19:46:09.812 1119 1229 W ActivityManager: Slow operation: 85ms so far, now at startProcess: done updating pids map
09-22 19:46:09.819 1119 1159 I ActivityManager: Process com.qti.ltebc (pid 3668) has died: cch+5 CEM
09-22 19:46:09.822 1119 1159 I am_proc_died: [0,3668,com.qti.ltebc,905,19]
09-22 19:46:09.823 1119 1159 I am_uid_stopped: 10082
09-22 19:46:09.829 1119 1159 I am_uid_active: 10053
01-01 08:27:30.598 0 0 I binder : 3696:3696 ioctl 40046210 ff8f1a48 returned -22
09-22 19:46:09.911 1119 1712 I am_proc_bound: [0,3696,com.qualcomm.qti.qms.service.connectionsecurity]
09-22 19:46:09.917 1119 1712 D CompatibilityChangeReporter: Compat change id reported: 168419799; UID 10053; state: DISABLED
09-22 19:46:10.056 1119 1712 D CompatibilityChangeReporter: Compat change id reported: 168419799; UID 1001; state: DISABLED
09-22 19:46:10.069 1119 1712 D CompatibilityChangeReporter: Compat change id reported: 168419799; UID 10094; state: DISABLED
01-01 08:27:30.777 0 0 I binder : 2949:2949 ioctl 40046210 7fcf144424 returned -22
09-22 19:46:10.085 1119 1712 D CompatibilityChangeReporter: Compat change id reported: 168419799; UID 10090; state: DISABLED
09-22 19:46:10.103 1119 1159 I ActivityManager: Finished processing BOOT_COMPLETED for u0
09-22 19:46:10.110 1119 1159 I am_uid_running: 10033
09-22 19:46:10.111 1119 1159 D CompatibilityChangeReporter: Compat change id reported: 135634846; UID 10033; state: DISABLED
09-22 19:46:10.111 1119 1159 D CompatibilityChangeReporter: Compat change id reported: 177438394; UID 10033; state: DISABLED
09-22 19:46:10.111 1119 1159 D CompatibilityChangeReporter: Compat change id reported: 135772972; UID 10033; state: DISABLED
09-22 19:46:10.111 1119 1159 D CompatibilityChangeReporter: Compat change id reported: 135754954; UID 10033; state: ENABLED
09-22 19:46:10.112 1119 1229 D CompatibilityChangeReporter: Compat change id reported: 143937733; UID 10033; state: ENABLED
09-22 19:46:10.206 1119 1229 W ActivityManager: Slow operation: 96ms so far, now at startProcess: returned from zygote!
09-22 19:46:10.207 1119 1229 W ActivityManager: Slow operation: 96ms so far, now at startProcess: done updating battery stats
09-22 19:46:10.207 1119 1229 I am_proc_start: [0,3716,10033,com.android.externalstorage,broadcast,{com.android.externalstorage/com.android.externalstorage.MountReceiver}]
09-22 19:46:10.207 1119 1229 W ActivityManager: Slow operation: 96ms so far, now at startProcess: building log message
09-22 19:46:10.207 1119 1229 I ActivityManager: Start proc 3716:com.android.externalstorage/u0a33 for broadcast {com.android.externalstorage/com.android.externalstorage.MountReceiver}
09-22 19:46:10.207 1119 1229 W ActivityManager: Slow operation: 97ms so far, now at startProcess: starting to update pids map
09-22 19:46:10.207 1119 1229 W ActivityManager: Slow operation: 97ms so far, now at startProcess: done updating pids map
01-01 08:27:30.984 0 0 I binder : 3716:3716 ioctl 40046210 7fcf144d74 returned -22
09-22 19:46:10.292 1119 1159 I am_proc_bound: [0,3716,com.android.externalstorage]
09-22 19:46:10.295 1119 1159 D CompatibilityChangeReporter: Compat change id reported: 168419799; UID 10033; state: DISABLED
09-22 19:46:10.552 1119 3494 D CompatibilityChangeReporter: Compat change id reported: 168419799; UID 10024; state: DISABLED
09-22 19:46:10.572 1119 1159 I am_uid_running: 10082
09-22 19:46:10.572 1119 1159 D CompatibilityChangeReporter: Compat change id reported: 135634846; UID 10082; state: DISABLED
09-22 19:46:10.573 1119 1159 D CompatibilityChangeReporter: Compat change id reported: 177438394; UID 10082; state: DISABLED
09-22 19:46:10.573 1119 1159 D CompatibilityChangeReporter: Compat change id reported: 135772972; UID 10082; state: DISABLED
09-22 19:46:10.573 1119 1159 D CompatibilityChangeReporter: Compat change id reported: 135754954; UID 10082; state: ENABLED
09-22 19:46:10.574 1119 1229 D CompatibilityChangeReporter: Compat change id reported: 143937733; UID 10082; state: ENABLED
01-01 08:27:31.306 0 0 D : mv2112_read_status
01-01 08:27:31.307 0 0 D mv2112_update_link: 3.0x901(1G): 0x80
01-01 08:27:31.308 0 0 D mv2112_update_link: 3.0x8109(100M): 0x0
01-01 08:27:31.308 0 0 D mv2112_update_link: link 0x0
01-01 08:27:31.308 0 0 D mv2112_read_status: autoneg is disabled
09-22 19:46:10.667 1119 1229 W ActivityManager: Slow operation: 95ms so far, now at startProcess: returned from zygote!
09-22 19:46:10.669 1119 1229 W ActivityManager: Slow operation: 97ms so far, now at startProcess: done updating battery stats
09-22 19:46:10.670 1119 1229 I am_proc_start: [0,3737,10082,com.qti.ltebc,broadcast,{com.qti.ltebc/com.qualcomm.ltebc.LTEBroadcastReceiver}]
09-22 19:46:10.670 1119 1229 W ActivityManager: Slow operation: 97ms so far, now at startProcess: building log message
09-22 19:46:10.670 1119 1229 I ActivityManager: Start proc 3737:com.qti.ltebc/u0a82 for broadcast {com.qti.ltebc/com.qualcomm.ltebc.LTEBroadcastReceiver}
09-22 19:46:10.670 1119 1229 W ActivityManager: Slow operation: 98ms so far, now at startProcess: starting to update pids map
09-22 19:46:10.671 1119 1229 W ActivityManager: Slow operation: 99ms so far, now at startProcess: done updating pids map
01-01 08:27:31.532 0 0 I binder : 3737:3737 ioctl 40046210 7fcf144d74 returned -22
09-22 19:46:10.837 1119 2027 I am_proc_bound: [0,3737,com.qti.ltebc]
09-22 19:46:10.840 1119 2027 D CompatibilityChangeReporter: Compat change id reported: 168419799; UID 10082; state: DISABLED
09-22 19:46:10.844 1119 2027 I am_uid_active: 10082
01-01 08:27:32.330 0 0 D : mv2112_read_status
01-01 08:27:32.331 0 0 D mv2112_update_link: 3.0x901(1G): 0x80
01-01 08:27:32.332 0 0 D mv2112_update_link: 3.0x8109(100M): 0x0
01-01 08:27:32.332 0 0 D mv2112_update_link: link 0x0
01-01 08:27:32.332 0 0 D mv2112_read_status: autoneg is disabled
01-01 08:27:33.354 0 0 D : mv2112_read_status
01-01 08:27:33.355 0 0 D mv2112_update_link: 3.0x901(1G): 0x80
01-01 08:27:33.356 0 0 D mv2112_update_link: 3.0x8109(100M): 0x0
01-01 08:27:33.356 0 0 D mv2112_update_link: link 0x0
01-01 08:27:33.356 0 0 D mv2112_read_status: autoneg is disabled
01-01 08:27:33.578 0 0 I IRQ 5 : no longer affine to CPU6
01-01 08:27:34.192 0 0 I init : starting service 'qvrd_vndr'...
01-01 08:27:34.196 0 0 I init : Created socket '/dev/socket/qvrservice_vndr', mode 660, user 1000, group 1000
01-01 08:27:34.201 0 0 I init : Created socket '/dev/socket/qvrservice_vndr_camera', mode 660, user 1000, group 1000
01-01 08:27:34.234 0 0 I init : starting service 'sxrd'...
09-22 19:46:13.560 3754 3754 F linker : CANNOT LINK EXECUTABLE "/vendor/bin/hw/qvrservice": library "vendor.qti.hardware.qxr-V1-ndk_platform.so" not found: needed by /vendor/lib64/libqvrservice.so in namespace (default)
01-01 08:27:34.263 0 0 I init : Service 'qvrd_vndr' (pid 3754) exited with status 1
01-01 08:27:34.263 0 0 I init : Sending signal 9 to service 'qvrd_vndr' (pid 3754) process group...
01-01 08:27:34.264 0 0 I libprocessgroup: Successfully killed process cgroup uid 1000 pid 3754 in 0ms
09-22 19:46:13.585 3755 3755 F linker : CANNOT LINK EXECUTABLE "/vendor/bin/hw/sxrservice": library "vendor.qti.hardware.qxr-V1-ndk_platform.so" not found: needed by main executable
01-01 08:27:34.289 0 0 I init : Service 'sxrd' (pid 3755) exited with status 1
01-01 08:27:34.289 0 0 I init : Sending signal 9 to service 'sxrd' (pid 3755) process group...
01-01 08:27:34.290 0 0 I libprocessgroup: Successfully killed process cgroup uid 1000 pid 3755 in 0ms
01-01 08:27:34.378 0 0 D : mv2112_read_status
01-01 08:27:34.379 0 0 D mv2112_update_link: 3.0x901(1G): 0x80
01-01 08:27:34.379 0 0 D mv2112_update_link: 3.0x8109(100M): 0x0
01-01 08:27:34.379 0 0 D mv2112_update_link: link 0x0
01-01 08:27:34.380 0 0 D mv2112_read_status: autoneg is disabled
09-22 19:46:13.991 1119 1228 I ActivityManager: Waited long enough for: ServiceRecord{e15c088 u0 com.qti.diagservices/.QTIDiagServices}
01-01 08:27:35.402 0 0 D : mv2112_read_status
01-01 08:27:35.403 0 0 D mv2112_update_link: 3.0x901(1G): 0x80
01-01 08:27:35.404 0 0 D mv2112_update_link: 3.0x8109(100M): 0x0
01-01 08:27:35.404 0 0 D mv2112_update_link: link 0x0
01-01 08:27:35.404 0 0 D mv2112_read_status: autoneg is disabled
01-01 08:27:36.078 0 0 I IRQ 5 : no longer affine to CPU5
01-01 08:27:36.426 0 0 D : mv2112_read_status
01-01 08:27:36.427 0 0 D mv2112_update_link: 3.0x901(1G): 0x80
01-01 08:27:36.427 0 0 D mv2112_update_link: 3.0x8109(100M): 0x0
01-01 08:27:36.428 0 0 D mv2112_update_link: link 0x0
01-01 08:27:36.428 0 0 D mv2112_read_status: autoneg is disabled
09-22 19:46:16.145 1119 2027 I ActivityManager: Process com.qti.ltebc (pid 3737) has died: fg RCVR
09-22 19:46:16.149 1119 2027 I am_proc_died: [0,3737,com.qti.ltebc,0,11]
09-22 19:46:16.149 1119 2027 I am_broadcast_discard_app: [0,167522953,android.intent.action.MEDIA_MOUNTED,2,ResolveInfo{19734c com.qti.ltebc/com.qualcomm.ltebc.LTEBroadcastReceiver m=0x208000}]
09-22 19:46:16.153 1119 2027 I am_uid_stopped: 10082
09-22 19:46:16.157 1119 1228 I am_uid_running: 10082
09-22 19:46:16.158 1119 1228 D CompatibilityChangeReporter: Compat change id reported: 135634846; UID 10082; state: DISABLED
09-22 19:46:16.159 1119 1228 D CompatibilityChangeReporter: Compat change id reported: 177438394; UID 10082; state: DISABLED
09-22 19:46:16.159 1119 1228 D CompatibilityChangeReporter: Compat change id reported: 135772972; UID 10082; state: DISABLED
09-22 19:46:16.159 1119 1228 D CompatibilityChangeReporter: Compat change id reported: 135754954; UID 10082; state: ENABLED
09-22 19:46:16.160 1119 1229 D CompatibilityChangeReporter: Compat change id reported: 143937733; UID 10082; state: ENABLED
09-22 19:46:16.230 1119 1229 W ActivityManager: Slow operation: 73ms so far, now at startProcess: returned from zygote!
09-22 19:46:16.230 1119 1229 W ActivityManager: Slow operation: 73ms so far, now at startProcess: done updating battery stats
09-22 19:46:16.231 1119 1229 I am_proc_start: [0,3761,10082,com.qti.ltebc,broadcast,{com.qti.ltebc/com.qualcomm.ltebc.LTEBroadcastReceiver}]
09-22 19:46:16.231 1119 1229 W ActivityManager: Slow operation: 73ms so far, now at startProcess: building log message
09-22 19:46:16.231 1119 1229 I ActivityManager: Start proc 3761:com.qti.ltebc/u0a82 for broadcast {com.qti.ltebc/com.qualcomm.ltebc.LTEBroadcastReceiver}
09-22 19:46:16.231 1119 1229 W ActivityManager: Slow operation: 73ms so far, now at startProcess: starting to update pids map
09-22 19:46:16.231 1119 1229 W ActivityManager: Slow operation: 73ms so far, now at startProcess: done updating pids map
01-01 08:27:37.030 0 0 I binder : 3761:3761 ioctl 40046210 7fcf144d74 returned -22
09-22 19:46:16.338 1119 2027 I am_proc_bound: [0,3761,com.qti.ltebc]
09-22 19:46:16.343 1119 2027 I am_uid_active: 10082
01-01 08:27:37.450 0 0 D : mv2112_read_status
01-01 08:27:37.451 0 0 D mv2112_update_link: 3.0x901(1G): 0x80
01-01 08:27:37.452 0 0 D mv2112_update_link: 3.0x8109(100M): 0x0
01-01 08:27:37.452 0 0 D mv2112_update_link: link 0x0
01-01 08:27:37.452 0 0 D mv2112_read_status: autoneg is disabled
09-22 19:46:17.523 1119 1226 I am_pss : [2406,10100,android.ext.services,9796608,5505024,0,106496000,0,5,14]
09-22 19:46:17.542 1119 1226 I am_pss : [2715,10068,com.android.deskclock,10217472,7077888,0,104951808,0,19,12]
09-22 19:46:17.559 1119 1226 I am_pss : [3171,10090,com.qualcomm.qtil.aptxui,7633920,5918720,0,91373568,0,19,11]
09-22 19:46:17.573 1119 1226 I am_pss : [3131,10076,com.qualcomm.location.XT,6535168,4628480,0,93650944,0,6,11]
09-22 19:46:17.591 1119 1226 I am_pss : [2370,1000,com.android.settings,30438400,19001344,0,148377600,0,19,13]
09-22 19:46:17.605 1119 1226 I am_pss : [2986,1000,com.android.keychain,8233984,6410240,0,93683712,0,19,10]
09-22 19:46:17.633 1119 1226 I am_pss : [2811,10032,com.sohu.inputmethod.sogou.car,26555392,9191424,0,94683136,0,7,13]
01-01 08:27:38.474 0 0 D : mv2112_read_status
01-01 08:27:38.475 0 0 D mv2112_update_link: 3.0x901(1G): 0x80
01-01 08:27:38.475 0 0 D mv2112_update_link: 3.0x8109(100M): 0x0
01-01 08:27:38.475 0 0 D mv2112_update_link: link 0x0
01-01 08:27:38.475 0 0 D mv2112_read_status: autoneg is disabled
01-01 08:27:39.228 0 0 I init : starting service 'qvrd_vndr'...
01-01 08:27:39.231 0 0 I init : Created socket '/dev/socket/qvrservice_vndr', mode 660, user 1000, group 1000
01-01 08:27:39.234 0 0 I init : Created socket '/dev/socket/qvrservice_vndr_camera', mode 660, user 1000, group 1000
09-22 19:46:18.553 1119 1226 I am_pss : [3333,1000,com.qualcomm.qti.qmmi,7098368,5300224,0,92045312,0,19,11]
09-22 19:46:18.571 1119 1226 I am_pss : [3303,1000,com.android.localtransport,5554176,3751936,0,90959872,0,19,11]
01-01 08:27:39.278 0 0 I init : starting service 'sxrd'...
09-22 19:46:18.588 3779 3779 F linker : CANNOT LINK EXECUTABLE "/vendor/bin/hw/qvrservice": library "vendor.qti.hardware.qxr-V1-ndk_platform.so" not found: needed by /vendor/lib64/libqvrservice.so in namespace (default)
01-01 08:27:39.291 0 0 I init : Service 'qvrd_vndr' (pid 3779) exited with status 1
01-01 08:27:39.292 0 0 I init : Sending signal 9 to service 'qvrd_vndr' (pid 3779) process group...
01-01 08:27:39.292 0 0 I libprocessgroup: Successfully killed process cgroup uid 1000 pid 3779 in 0ms
09-22 19:46:18.600 1119 1226 I am_pss : [3284,10029,com.android.traceur,10332160,8478720,0,96407552,0,19,13]
09-22 19:46:18.601 3780 3780 F linker : CANNOT LINK EXECUTABLE "/vendor/bin/hw/sxrservice": library "vendor.qti.hardware.qxr-V1-ndk_platform.so" not found: needed by main executable
01-01 08:27:39.305 0 0 I init : Service 'sxrd' (pid 3780) exited with status 1
01-01 08:27:39.305 0 0 I init : Sending signal 9 to service 'sxrd' (pid 3780) process group...
01-01 08:27:39.306 0 0 I libprocessgroup: Successfully killed process cgroup uid 1000 pid 3780 in 0ms
01-01 08:27:39.378 0 0 I IRQ 5 : no longer affine to CPU5
01-01 08:27:39.498 0 0 D : mv2112_read_status
01-01 08:27:39.499 0 0 D mv2112_update_link: 3.0x901(1G): 0x80
01-01 08:27:39.500 0 0 D mv2112_update_link: 3.0x8109(100M): 0x0
01-01 08:27:39.500 0 0 D mv2112_update_link: link 0x0
01-01 08:27:39.500 0 0 D mv2112_read_status: autoneg is disabled
09-22 19:46:19.030 1119 1226 I am_pss : [3374,1000,com.qti.diagservices,6338560,4083712,0,95055872,0,10,12]
09-22 19:46:19.365 1119 1226 I am_pss : [3416,10072,com.android.calendar,6679552,4882432,0,91734016,0,19,12]
01-01 08:27:40.522 0 0 D : mv2112_read_status
01-01 08:27:40.523 0 0 D mv2112_update_link: 3.0x901(1G): 0x80
01-01 08:27:40.524 0 0 D mv2112_update_link: 3.0x8109(100M): 0x0
01-01 08:27:40.524 0 0 D mv2112_update_link: link 0x0
01-01 08:27:40.524 0 0 D mv2112_read_status: autoneg is disabled
09-22 19:46:20.515 1119 1226 I am_pss : [3465,1000,com.android.dynsystem:dynsystem,5886976,3883008,0,91320320,0,19,12]
09-22 19:46:20.532 1119 1226 I am_pss : [3443,1000,com.android.dynsystem,5553152,3719168,0,90202112,0,19,12]
01-01 08:27:41.546 0 0 D : mv2112_read_status
01-01 08:27:41.547 0 0 D mv2112_update_link: 3.0x901(1G): 0x80
01-01 08:27:41.547 0 0 D mv2112_update_link: 3.0x8109(100M): 0x0
01-01 08:27:41.547 0 0 D mv2112_update_link: link 0x0
01-01 08:27:41.547 0 0 D mv2112_read_status: autoneg is disabled
09-22 19:46:21.010 1119 1226 I am_pss : [3498,10030,com.android.managedprovisioning,9038848,7233536,0,94330880,0,19,12]
09-22 19:46:21.436 1119 2027 I ActivityManager: Process com.qti.ltebc (pid 3761) has died: fg RCVR
09-22 19:46:21.440 1119 2027 I am_proc_died: [0,3761,com.qti.ltebc,0,11]
09-22 19:46:21.443 1119 2027 I am_broadcast_discard_app: [0,95887613,android.intent.action.MEDIA_MOUNTED,2,ResolveInfo{24a4777 com.qti.ltebc/com.qualcomm.ltebc.LTEBroadcastReceiver m=0x208000}]
09-22 19:46:21.445 1119 2027 I am_uid_stopped: 10082
09-22 19:46:21.451 1119 1228 I am_uid_running: 10082
09-22 19:46:21.454 1119 1228 D CompatibilityChangeReporter: Compat change id reported: 135634846; UID 10082; state: DISABLED
09-22 19:46:21.454 1119 1228 D CompatibilityChangeReporter: Compat change id reported: 177438394; UID 10082; state: DISABLED
09-22 19:46:21.455 1119 1228 D CompatibilityChangeReporter: Compat change id reported: 135772972; UID 10082; state: DISABLED
09-22 19:46:21.456 1119 1228 D CompatibilityChangeReporter: Compat change id reported: 135754954; UID 10082; state: ENABLED
09-22 19:46:21.458 1119 1229 D CompatibilityChangeReporter: Compat change id reported: 143937733; UID 10082; state: ENABLED
09-22 19:46:21.464 1119 1226 I am_pss : [3525,10060,com.android.onetimeinitializer,5359616,3534848,0,90312704,0,19,11]
09-22 19:46:21.467 1119 1668 I am_uid_active: 10082
09-22 19:46:21.510 1119 1229 W ActivityManager: Slow operation: 58ms so far, now at startProcess: returned from zygote!
09-22 19:46:21.510 1119 1229 W ActivityManager: Slow operation: 58ms so far, now at startProcess: done updating battery stats
09-22 19:46:21.510 1119 1229 I am_proc_start: [0,3784,10082,com.qti.ltebc,broadcast,{com.qti.ltebc/com.qualcomm.ltebc.LTEBroadcastAlarmReceiver}]
09-22 19:46:21.510 1119 1229 W ActivityManager: Slow operation: 58ms so far, now at startProcess: building log message
09-22 19:46:21.510 1119 1229 I ActivityManager: Start proc 3784:com.qti.ltebc/u0a82 for broadcast {com.qti.ltebc/com.qualcomm.ltebc.LTEBroadcastAlarmReceiver}
09-22 19:46:21.510 1119 1229 W ActivityManager: Slow operation: 58ms so far, now at startProcess: starting to update pids map
09-22 19:46:21.511 1119 1229 W ActivityManager: Slow operation: 58ms so far, now at startProcess: done updating pids map
01-01 08:27:42.268 0 0 I binder : 3784:3784 ioctl 40046210 7fcf144d74 returned -22
09-22 19:46:21.572 1119 2027 I am_proc_bound: [0,3784,com.qti.ltebc]
01-01 08:27:42.570 0 0 D : mv2112_read_status
01-01 08:27:42.571 0 0 D mv2112_update_link: 3.0x901(1G): 0x80
01-01 08:27:42.572 0 0 D mv2112_update_link: 3.0x8109(100M): 0x0
01-01 08:27:42.572 0 0 D mv2112_update_link: link 0x0
01-01 08:27:42.572 0 0 D mv2112_read_status: autoneg is disabled
09-22 19:46:22.700 1119 1226 I am_pss : [3570,10098,com.android.permissioncontroller,11932672,9961472,0,99454976,0,19,12]
09-22 19:46:22.727 1119 1226 I am_pss : [3552,10035,com.android.packageinstaller,7266304,5562368,0,90648576,0,19,12]
01-01 08:27:43.518 0 0 I IRQ 5 : no longer affine to CPU7
01-01 08:27:43.594 0 0 D : mv2112_read_status
01-01 08:27:43.595 0 0 D mv2112_update_link: 3.0x901(1G): 0x80
01-01 08:27:43.596 0 0 D mv2112_update_link: 3.0x8109(100M): 0x0
01-01 08:27:43.596 0 0 D mv2112_update_link: link 0x0
01-01 08:27:43.596 0 0 D mv2112_read_status: autoneg is disabled
09-22 19:46:23.315 1119 1226 I am_pss : [2483,10091,com.qualcomm.qti.qccauthmgr,6460416,4362240,0,95449088,0,19,13]
01-01 08:27:44.267 0 0 I init : starting service 'qvrd_vndr'...
01-01 08:27:44.272 0 0 I init : Created socket '/dev/socket/qvrservice_vndr', mode 660, user 1000, group 1000
01-01 08:27:44.275 0 0 I init : Created socket '/dev/socket/qvrservice_vndr_camera', mode 660, user 1000, group 1000
01-01 08:27:44.311 0 0 I init : starting service 'sxrd'...
09-22 19:46:23.638 3803 3803 F linker : CANNOT LINK EXECUTABLE "/vendor/bin/hw/sxrservice": library "vendor.qti.hardware.qxr-V1-ndk_platform.so" not found: needed by main executable
01-01 08:27:44.341 0 0 I init : Service 'sxrd' (pid 3803) exited with status 1
01-01 08:27:44.342 0 0 I init : Sending signal 9 to service 'sxrd' (pid 3803) process group...
01-01 08:27:44.343 0 0 I libprocessgroup: Successfully killed process cgroup uid 1000 pid 3803 in 1ms
09-22 19:46:23.650 3802 3802 F linker : CANNOT LINK EXECUTABLE "/vendor/bin/hw/qvrservice": library "vendor.qti.hardware.qxr-V1-ndk_platform.so" not found: needed by /vendor/lib64/libqvrservice.so in namespace (default)
01-01 08:27:44.354 0 0 I init : Service 'qvrd_vndr' (pid 3802) exited with status 1
01-01 08:27:44.354 0 0 I init : Sending signal 9 to service 'qvrd_vndr' (pid 3802) process group...
01-01 08:27:44.355 0 0 I libprocessgroup: Successfully killed process cgroup uid 1000 pid 3802 in 0ms
01-01 08:27:44.618 0 0 D : mv2112_read_status
01-01 08:27:44.619 0 0 D mv2112_update_link: 3.0x901(1G): 0x80
01-01 08:27:44.620 0 0 D mv2112_update_link: 3.0x8109(100M): 0x0
01-01 08:27:44.620 0 0 D mv2112_update_link: link 0x0
01-01 08:27:44.620 0 0 D mv2112_read_status: autoneg is disabled
01-01 08:27:45.646 0 0 D : mv2112_read_status
01-01 08:27:45.647 0 0 D mv2112_update_link: 3.0x901(1G): 0x80
01-01 08:27:45.648 0 0 D mv2112_update_link: 3.0x8109(100M): 0x0
01-01 08:27:45.648 0 0 D mv2112_update_link: link 0x0
01-01 08:27:45.648 0 0 D mv2112_read_status: autoneg is disabled
01-01 08:27:46.666 0 0 D : mv2112_read_status
01-01 08:27:46.667 0 0 D mv2112_update_link: 3.0x901(1G): 0x80
01-01 08:27:46.668 0 0 D mv2112_update_link: 3.0x8109(100M): 0x0
01-01 08:27:46.668 0 0 D mv2112_update_link: link 0x0
01-01 08:27:46.668 0 0 D mv2112_read_status: autoneg is disabled
01-01 08:27:47.690 0 0 D : mv2112_read_status
01-01 08:27:47.691 0 0 D mv2112_update_link: 3.0x901(1G): 0x80
01-01 08:27:47.692 0 0 D mv2112_update_link: 3.0x8109(100M): 0x0
01-01 08:27:47.692 0 0 D mv2112_update_link: link 0x0
01-01 08:27:47.692 0 0 D mv2112_read_status: autoneg is disabled
09-22 19:46:27.443 1119 2305 I am_uid_running: 10054
09-22 19:46:27.445 1119 2305 D CompatibilityChangeReporter: Compat change id reported: 135634846; UID 10054; state: DISABLED
09-22 19:46:27.447 1119 2305 D CompatibilityChangeReporter: Compat change id reported: 177438394; UID 10054; state: DISABLED
09-22 19:46:27.448 1119 2305 D CompatibilityChangeReporter: Compat change id reported: 135772972; UID 10054; state: DISABLED
09-22 19:46:27.449 1119 2305 D CompatibilityChangeReporter: Compat change id reported: 135754954; UID 10054; state: DISABLED
09-22 19:46:27.450 1119 1229 D CompatibilityChangeReporter: Compat change id reported: 143937733; UID 10054; state: DISABLED
09-22 19:46:27.505 1119 1229 W ActivityManager: Slow operation: 61ms so far, now at startProcess: returned from zygote!
09-22 19:46:27.505 1119 1229 W ActivityManager: Slow operation: 61ms so far, now at startProcess: done updating battery stats
09-22 19:46:27.505 1119 1229 I am_proc_start: [0,3809,10054,com.qualcomm.qti.qms.service.trustzoneaccess,service,{com.qualcomm.qti.qms.service.trustzoneaccess/com.qualcomm.qti.qms.service.trustzoneaccess.TZAccessService}]
09-22 19:46:27.505 1119 1229 W ActivityManager: Slow operation: 61ms so far, now at startProcess: building log message
09-22 19:46:27.506 1119 1229 I ActivityManager: Start proc 3809:com.qualcomm.qti.qms.service.trustzoneaccess/u0a54 for service {com.qualcomm.qti.qms.service.trustzoneaccess/com.qualcomm.qti.qms.service.trustzoneaccess.TZAccessService}
09-22 19:46:27.506 1119 1229 W ActivityManager: Slow operation: 61ms so far, now at startProcess: starting to update pids map
09-22 19:46:27.506 1119 1229 W ActivityManager: Slow operation: 61ms so far, now at startProcess: done updating pids map
01-01 08:27:48.255 0 0 I binder : 3809:3809 ioctl 40046210 7fcf144d74 returned -22
09-22 19:46:27.564 1119 2305 I am_proc_bound: [0,3809,com.qualcomm.qti.qms.service.trustzoneaccess]
09-22 19:46:27.571 1119 2305 D CompatibilityChangeReporter: Compat change id reported: 168419799; UID 10054; state: DISABLED
09-22 19:46:27.975 1119 2305 I ActivityManager: Process com.qti.ltebc (pid 3784) has died: cch+5 CEM
09-22 19:46:27.978 1119 2305 I am_proc_died: [0,3784,com.qti.ltebc,905,19]
09-22 19:46:27.979 1119 2305 I am_uid_stopped: 10082
09-22 19:46:28.004 1119 1226 I am_pss : [3007,10099,com.android.providers.media.module,20946944,16822272,0,125386752,0,0,15]
01-01 08:27:48.714 0 0 D : mv2112_read_status
01-01 08:27:48.715 0 0 D mv2112_update_link: 3.0x901(1G): 0x80
01-01 08:27:48.715 0 0 D mv2112_update_link: 3.0x8109(100M): 0x0
01-01 08:27:48.715 0 0 D mv2112_update_link: link 0x0
01-01 08:27:48.716 0 0 D mv2112_read_status: autoneg is disabled
09-22 19:46:28.021 1119 1226 I am_pss : [3244,10020,android.process.media,9875456,7593984,0,101113856,0,19,13]
09-22 19:46:28.038 1119 1226 I am_pss : [3648,1001,com.android.phone,7855104,5738496,0,93224960,0,19,13]
09-22 19:46:28.053 1119 1226 I am_pss : [3630,2000,com.android.shell,5945344,4202496,0,90009600,0,19,12]
09-22 19:46:28.070 1119 1226 I am_pss : [3094,10022,android.process.acore,13960192,10055680,0,117456896,0,19,14]
09-22 19:46:28.088 1119 1226 I am_pss : [2976,10086,com.qualcomm.location,10037248,7340032,0,102547456,0,0,13]
09-22 19:46:28.106 1119 1226 I am_pss : [2949,10094,com.qualcomm.qti.workloadclassifier,8456192,6664192,0,93196288,0,0,12]
09-22 19:46:28.125 1119 1226 I am_pss : [2922,10089,com.qualcomm.qti.qccnetstat,6165504,4337664,0,91590656,0,0,12]
09-22 19:46:28.143 1119 1226 I am_pss : [2889,10083,com.qualcomm.qti.services.systemhelper:systemhelper_service,6504448,4587520,0,93650944,0,0,13]
09-22 19:46:28.158 1119 1226 I am_pss : [2850,10056,.pasr,5403648,3670016,0,88948736,0,0,11]
09-22 19:46:28.174 1119 1226 I am_pss : [2840,10052,ts.car.uart,6211584,4472832,0,90193920,0,0,11]
09-22 19:46:28.193 1119 1226 I am_pss : [1879,1002,com.android.bluetooth,30231552,23470080,0,143319040,0,0,15]
09-22 19:46:28.208 1119 1226 I am_pss : [2336,1000,com.qualcomm.qti.qdma,10344448,7073792,0,106418176,0,0,12]
09-22 19:46:28.223 1119 1226 I am_pss : [2271,1000,com.thundercomm.remotecontrolservice,9320448,6868992,0,100732928,0,0,12]
09-22 19:46:28.237 1119 1226 I am_pss : [2247,1068,com.android.se,6195200,4218880,0,93892608,0,0,12]
09-22 19:46:28.254 1119 1226 I am_pss : [2218,10092,com.qti.qualcomm.mstatssystemservice,5502976,3764224,0,89526272,0,0,12]
09-22 19:46:28.269 1119 1226 I am_pss : [2200,1000,vendor.qti.qesdk.sysservice,5609472,3801088,0,90873856,0,0,11]
09-22 19:46:28.299 1119 1226 I am_pss : [2153,10051,.qtidataservices,5981184,4198400,0,91209728,0,0,12]
09-22 19:46:28.318 1119 1226 I am_pss : [2109,1001,.dataservices,8114176,6180864,0,94494720,0,0,12]
09-22 19:46:28.334 1119 1226 I am_pss : [2092,1000,com.thundercomm.microsettings,35240960,31834112,0,128425984,0,0,12]
09-22 19:46:28.350 1119 1226 I am_pss : [2042,1000,com.thundercomm.microservice,8828928,6971392,0,94961664,0,0,11]
09-22 19:46:28.368 1119 1226 I am_pss : [1992,1073,com.android.networkstack.process,11236352,8564736,0,105107456,0,0,12]
09-22 19:46:28.395 1119 1226 I am_pss : [1898,10087,com.android.systemui,99982336,72523776,0,265404416,0,0,20]
09-22 19:46:28.433 1119 1226 I am_pss : [1119,1000,system,189350912,98107392,0,502972416,0,0,31]
01-01 08:27:49.307 0 0 I init : starting service 'qvrd_vndr'...
01-01 08:27:49.312 0 0 I init : Created socket '/dev/socket/qvrservice_vndr', mode 660, user 1000, group 1000
01-01 08:27:49.315 0 0 I init : Created socket '/dev/socket/qvrservice_vndr_camera', mode 660, user 1000, group 1000
01-01 08:27:49.365 0 0 I init : starting service 'sxrd'...
09-22 19:46:28.691 3839 3839 F linker : CANNOT LINK EXECUTABLE "/vendor/bin/hw/qvrservice": library "vendor.qti.hardware.qxr-V1-ndk_platform.so" not found: needed by /vendor/lib64/libqvrservice.so in namespace (default)
01-01 08:27:49.395 0 0 I init : Service 'qvrd_vndr' (pid 3839) exited with status 1
01-01 08:27:49.395 0 0 I init : Sending signal 9 to service 'qvrd_vndr' (pid 3839) process group...
01-01 08:27:49.395 0 0 I libprocessgroup: Successfully killed process cgroup uid 1000 pid 3839 in 0ms
09-22 19:46:28.704 3840 3840 F linker : CANNOT LINK EXECUTABLE "/vendor/bin/hw/sxrservice": library "vendor.qti.hardware.qxr-V1-ndk_platform.so" not found: needed by main executable
01-01 08:27:49.409 0 0 I init : Service 'sxrd' (pid 3840) exited with status 1
01-01 08:27:49.409 0 0 I init : Sending signal 9 to service 'sxrd' (pid 3840) process group...
01-01 08:27:49.410 0 0 I libprocessgroup: Successfully killed process cgroup uid 1000 pid 3840 in 0ms
01-01 08:27:49.740 0 0 D : mv2112_read_status
