--------- beginning of events
01-01 08:00:04.183 515 515 I auditd : type=2000 audit(0.0:1): state=initialized audit_enabled=0 res=1
01-01 08:26:51.151 517 517 I snet_event_log: [121035042,-1,]
01-01 08:26:51.155 517 517 I auditd : SELinux: Loaded service_contexts from:
01-01 08:26:51.155 517 517 I auditd : /system/etc/selinux/plat_service_contexts
01-01 08:26:51.155 517 517 I auditd : /system_ext/etc/selinux/system_ext_service_contexts
01-01 08:26:51.155 517 517 I auditd : /product/etc/selinux/product_service_contexts
01-01 08:26:51.155 517 517 I auditd : /vendor/etc/selinux/vendor_service_contexts
01-01 08:26:48.391 515 515 I auditd : type=1403 audit(0.0:2): auid=4294967295 ses=4294967295 lsm=selinux res=1
01-01 08:26:48.391 515 515 I auditd : type=1404 audit(0.0:3): enforcing=1 old_enforcing=0 auid=4294967295 ses=4294967295 enabled=1 old-enabled=1 lsm=selinux res=1
01-01 08:26:48.795 1 1 I auditd : type=1107 audit(0.0:4): uid=0 auid=4294967295 ses=4294967295 subj=u:r:init:s0 msg='avc: denied { read } for property=persist.debug.trace pid=0 uid=0 gid=0 scontext=u:r:vendor_init:s0 tcontext=u:object_r:persist_debug_prop:s0 tclass=file permissive=0'
01-01 08:26:49.767 1 1 I auditd : type=1400 audit(0.0:5): avc: denied { mounton } for comm="init" path="/sys/kernel/tracing" dev="tracefs" ino=1 scontext=u:r:init:s0 tcontext=u:object_r:debugfs_tracing_debug:s0 tclass=dir permissive=0
01-01 08:26:51.170 519 519 I snet_event_log: [121035042,-1,]
01-01 08:26:51.879 571 571 I auditd : type=1400 audit(0.0:6): avc: denied { read write } for comm="fsck_msdos" name="sde51" dev="tmpfs" ino=7608 scontext=u:r:fsck:s0 tcontext=u:object_r:block_device:s0 tclass=blk_file permissive=0 --------- beginning of system
01-01 08:26:51.904 561 575 I QISL : QSEE Interrupt Service Listener Thread is started
01-01 08:26:51.905 563 563 I vold : Vold 3.0 (the awakening) firing up
01-01 08:26:51.906 563 563 D vold : Detected support for: ext4 f2fs vfat
01-01 08:26:51.911 563 563 D vold : Found unmanaged dm device named system_ext_a
01-01 08:26:51.911 563 563 D vold : Found unmanaged dm device named odm_a
01-01 08:26:51.912 563 563 D vold : Found unmanaged dm device named system_a
01-01 08:26:51.912 563 563 D vold : Found unmanaged dm device named vendor-verity
01-01 08:26:51.912 563 563 D vold : Found unmanaged dm device named vendor_a
01-01 08:26:51.912 563 563 D vold : Found unmanaged dm device named system_ext-verity
01-01 08:26:51.912 563 563 D vold : Found unmanaged dm device named odm-verity
01-01 08:26:51.912 563 563 D vold : Found unmanaged dm device named product-verity
01-01 08:26:51.912 563 563 D vold : Found unmanaged dm device named system-verity
01-01 08:26:51.912 563 563 D vold : Found unmanaged dm device named product_a
01-01 08:26:51.915 563 563 I vold : [libfs_mgr]dt_fstab: Skip disabled entry for partition vendor
01-01 08:26:51.915 563 563 I vold : [libfs_mgr]GetFstabPath()fstab_path:/odm/etc/fstab.default
01-01 08:26:51.915 563 563 I vold : [libfs_mgr]GetFstabPath()fstab_path:/vendor/etc/fstab.default
01-01 08:26:51.915 563 563 I vold : [libfs_mgr]GetFstabPath()fstab_path:/system/etc/fstab.default
01-01 08:26:51.915 563 563 I vold : [libfs_mgr]GetFstabPath()fstab_path:/first_stage_ramdisk/system/etc/fstab.default
01-01 08:26:51.915 563 563 I vold : [libfs_mgr]GetFstabPath()fstab_path:/fstab.default
01-01 08:26:51.915 563 563 I vold : [libfs_mgr]GetFstabPath()fstab_path:/first_stage_ramdisk/fstab.default
01-01 08:26:51.916 563 563 I vold : [libfs_mgr]GetFstabPath()fstab_path:/odm/etc/fstab.qcom
01-01 08:26:51.916 563 563 I vold : [libfs_mgr]GetFstabPath()fstab_path:/vendor/etc/fstab.qcom
01-01 08:26:51.916 563 563 I vold : [libfs_mgr]GetFstabPath()fstab_path.c_str():/vendor/etc/fstab.qcom
01-01 08:26:51.879 571 571 I auditd : type=1400 audit(0.0:7): avc: denied { read } for comm="fsck_msdos" name="sde51" dev="tmpfs" ino=7608 scontext=u:r:fsck:s0 tcontext=u:object_r:block_device:s0 tclass=blk_file permissive=0
01-01 08:26:51.883 571 571 I auditd : type=1400 audit(0.0:8): avc: denied { kill } for comm="fsck_msdos" capability=5 scontext=u:r:fsck:s0 tcontext=u:r:fsck:s0 tclass=capability permissive=0
01-01 08:26:51.935 563 563 D vold : VoldNativeService::start() completed OK
01-01 08:26:51.963 561 575 I QISL : QSEE Interrupt Service Listener was activated successfully
01-01 08:26:51.966 561 561 D SPL : Call QSEECom_register_listener()
01-01 08:26:51.968 561 561 D SPL : Registered listener sucessfully!
01-01 08:26:51.969 561 561 D SPL : pipe read-fd [32] write-fd [33]
01-01 08:26:51.969 561 561 D SPL : Create thread
01-01 08:26:51.969 561 561 D SPL : Thread created sucessfully.
01-01 08:26:51.970 561 580 D SPL : spl_dispatch() started
01-01 08:26:51.970 561 580 D SPL : ==== Wait For Request ======
01-01 08:26:52.223 587 587 D spdaemon: Firmware Name [spss2p].
01-01 08:26:52.223 587 587 D spdaemon: Prod FW.
01-01 08:26:52.223 587 587 D spdaemon: firmware_type [p].
01-01 08:26:52.223 587 587 D spdaemon: open() file [/sys/devices/soc0/machine] Failed, ret =-1.
01-01 08:26:52.223 587 587 D spdaemon: soc_type 1048576
01-01 08:26:52.223 587 587 E iardb : [iar_db_get_iar_state] failed to open file /mnt/vendor/spunvm/iar_db/iar_state.bin [13] [Permission denied]
01-01 08:26:52.223 587 587 D iarlib : [iar_get_state] Can't get iar_state, return DISABLED
01-01 08:26:52.223 587 587 I spdaemon: IAR is not activated
01-01 08:26:52.223 587 587 D spdaemon: ------ going to start SP From kernel ------
01-01 08:26:52.223 587 587 I spcomlib: [spcom_restart_sp_subsystem] restart_sp starts
01-01 08:26:52.223 587 587 D spcomlib: [spcom_restart_sp_subsystem] restart_sp - Send PIL request [1]
01-01 08:26:52.251 587 587 D spcomlib: [spcom_restart_sp_subsystem] restart_sp - Restart SP command ok.
01-01 08:26:52.251 587 587 D spcomlib: [spcom_signal_event] event [0] [pil_called] EVENT_STATUS_SIGNALED
01-01 08:26:52.251 587 587 I spcomlib: [spcom_reset_all_app_loaded_prop] start reset all spcomlib apploaded props.
01-01 08:26:52.495 612 612 I auditd : type=1400 audit(0.0:9): avc: denied { kill } for comm="vdc" capability=5 scontext=u:r:vdc:s0 tcontext=u:r:vdc:s0 tclass=capability permissive=0
01-01 08:26:52.557 563 563 D vold : fscrypt_mount_metadata_encrypted: /data encrypt: 0 format: 0 with null
01-01 08:26:52.558 563 563 D vold : metadata_key_dir/key: /metadata/vold/metadata_encryption/key
01-01 08:26:52.559 563 563 D vold : Key exists, using: /metadata/vold/metadata_encryption/key
01-01 08:26:52.565 589 589 I auditd : SELinux: Loaded keystore2_key_contexts from:
01-01 08:26:52.565 589 589 I auditd : /system/etc/selinux/plat_keystore2_key_contexts
01-01 08:26:52.584 563 563 D vold : Mounting metadata-encrypted filesystem:/data
01-01 08:26:52.589 563 563 I vold : [libfs_mgr]Running /system/bin/fsck.f2fs -a -c 10000 --debug-cache /dev/block/dm-10
01-01 08:26:52.627 628 628 I auditd : type=1400 audit(0.0:10): avc: denied { kill } for comm="fsck.f2fs" capability=5 scontext=u:r:fsck:s0 tcontext=u:r:fsck:s0 tclass=capability permissive=0
01-01 08:26:52.902 563 563 I vold : [libfs_mgr]__mount(source=/dev/block/dm-10,target=/data,type=f2fs)=0: Success
01-01 08:26:52.903 563 563 D vold : Mounted /data
01-01 08:26:52.903 563 579 D vold : Disk at 252:10 changed
01-01 08:26:52.903 625 625 I auditd : type=1400 audit(0.0:11): avc: denied { kill } for comm="vdc" capability=5 scontext=u:r:vdc:s0 tcontext=u:r:vdc:s0 tclass=capability permissive=0
01-01 08:26:52.969 563 563 I Checkpoint: cp_prepareCheckpoint called
01-01 08:26:52.991 633 635 D spcomlib: [spcom_register_service] spcom_register_service() name [sp_keymaster_ssr] pid [494825118896]
01-01 08:26:52.992 633 635 D spcomlib: [spcom_open] ch [sp_keymaster_ssr] doesn't exist, create it.
01-01 08:26:52.992 633 635 D spcomlib: [spcom_create_channel] Create Channel [sp_keymaster_ssr].
01-01 08:26:53.007 633 635 D spcomlib: [add_ssr_cb] ssr cb added!
01-01 08:26:53.007 633 635 D spcomlib: [start_ssr_thread] ch [spcom] ready!
01-01 08:26:53.007 633 635 D spcomlib: [start_ssr_thread] main pthread self_id [0x35e01cb0].
01-01 08:26:53.007 633 635 D spcomlib: [start_ssr_thread] pthread_create() ret [0] thread-id [0x34d03cb0].
01-01 08:26:53.007 633 635 D spcomlib: [start_ssr_thread] Wait for SSR thread to run.
01-01 08:26:53.007 633 637 D spcomlib: [notify_ssr_thread] SSR pthread self_id [0x34d03cb0].
01-01 08:26:53.007 633 635 D spcomlib: [start_ssr_thread] pthread_cond_wait() ret [0].
01-01 08:26:53.007 633 635 D spcomlib: [start_ssr_thread] done.
01-01 08:26:53.007 633 635 D spcomlib: [add_ch] add ch [sp_keymaster_ssr].
01-01 08:26:53.007 633 635 D spcomlib: [spcom_register_service] spcom_register_service() name [sp_keymaster_ssr] pid [494825118896] done
01-01 08:26:53.010 563 563 I vold : fscrypt_initialize_systemwide_keys
01-01 08:26:53.013 563 563 D vold : Key exists, using: /data/unencrypted/key
01-01 08:26:53.030 563 563 D vold : Installed fscrypt key with ref af00b045625e738a35111e43d0a464ac to /data
01-01 08:26:53.030 563 563 D vold : Added fscrypt-provisioning key for af00b045625e738a35111e43d0a464ac to session keyring
01-01 08:26:53.037 563 563 I vold : Wrote system DE key reference to:/data/unencrypted/ref
01-01 08:26:53.037 563 563 D vold : Generating wrapped storage key
01-01 08:26:53.040 563 563 E vold : keystore2 Keystore generateKey returned service specific error: -67
01-01 08:26:53.040 563 563 W vold : Failed to generate rollback-resistant key. This is expected if keymaster doesn't support rollback resistance. Falling back to non-rollback-resistant key.
01-01 08:26:53.052 563 563 D vold : Installed fscrypt key with ref 221e0cfe41cb5a4b5ebb2b831888f24e to /data
01-01 08:26:53.052 563 563 D vold : Added fscrypt-provisioning key for 221e0cfe41cb5a4b5ebb2b831888f24e to session keyring
01-01 08:26:53.054 563 563 I vold : Wrote per boot key reference to:/data/unencrypted/per_boot_ref
01-01 08:26:53.130 563 563 I incfs : Initial API level of the device: 30
01-01 08:26:53.130 563 563 I incfs : ro.incremental.enable: 1
01-01 08:26:53.130 563 563 I incfs : isFsAvailable: true
01-01 08:26:53.130 563 563 I incfs : isFsAvailable: true
01-01 08:26:53.130 563 563 I incfs : IncFs_Features: v1
01-01 08:26:53.151 563 563 E vold : keystore2 Keystore earlyBootEnded returned service specific error: -68
01-01 08:26:53.376 563 563 D vold : fscrypt_init_user0
01-01 08:26:53.376 563 563 D vold : Preparing: /data/misc/vold/user_keys
01-01 08:26:53.377 563 563 D vold : Preparing: /data/misc/vold/user_keys/ce
01-01 08:26:53.378 563 563 D vold : Preparing: /data/misc/vold/user_keys/de
01-01 08:26:53.397 563 563 D vold : Installed fscrypt key with ref d14750e8803cde35dc24727e0007a243 to /data
01-01 08:26:53.397 563 563 D vold : Added fscrypt-provisioning key for d14750e8803cde35dc24727e0007a243 to session keyring
01-01 08:26:53.397 563 563 D vold : Installed de key for user 0
01-01 08:26:53.397 563 563 D vold : fscrypt_prepare_user_storage for volume null, user 0, serial 0, flags 1
01-01 08:26:53.397 563 563 D vold : Preparing: /data/system/users/0
01-01 08:26:53.398 563 563 D vold : Preparing: /data/misc/profiles/cur/0
01-01 08:26:53.399 563 563 D vold : Preparing: /data/system_de/0
01-01 08:26:53.399 563 563 D vold : Preparing: /data/misc_de/0
01-01 08:26:53.400 563 563 D vold : Preparing: /data/vendor_de/0
01-01 08:26:53.400 563 563 D vold : Preparing: /data/user_de/0
01-01 08:26:53.401 563 563 I vold : Verified that /data/system_de/0 has the encryption policy d14750e8803cde35dc24727e0007a243 v2 modes 1/4 flags 0xa
01-01 08:26:53.401 563 563 I vold : Verified that /data/misc_de/0 has the encryption policy d14750e8803cde35dc24727e0007a243 v2 modes 1/4 flags 0xa
01-01 08:26:53.401 563 563 I vold : Verified that /data/vendor_de/0 has the encryption policy d14750e8803cde35dc24727e0007a243 v2 modes 1/4 flags 0xa
01-01 08:26:53.401 563 563 I vold : Verified that /data/user_de/0 has the encryption policy d14750e8803cde35dc24727e0007a243 v2 modes 1/4 flags 0xa
01-01 08:26:53.401 563 563 D vold : /system/bin/vold_prepare_subdirs
01-01 08:26:53.401 563 563 D vold : prepare
01-01 08:26:53.401 563 563 D vold :
01-01 08:26:53.401 563 563 D vold : 0
01-01 08:26:53.401 563 563 D vold : 1
01-01 08:26:53.462 563 563 D vold : Detected support for FS_IOC_ADD_ENCRYPTION_KEY
01-01 08:26:55.350 688 688 I boot_progress_start: 32180
01-01 08:26:56.122 688 688 I snet_event_log: [200284993,-1,]
01-01 08:26:56.123 689 689 I snet_event_log: [200284993,-1,]
01-01 08:26:56.263 688 688 I boot_progress_preload_start: 33093
01-01 08:26:56.292 689 689 D Zygote32Timing: PostZygoteInitGC took to complete: 25ms
01-01 08:26:56.292 689 689 D Zygote32Timing: ZygoteInit took to complete: 30ms
01-01 08:26:56.354 688 688 D Zygote64Timing: BeginPreload took to complete: 91ms
01-01 08:26:57.393 955 955 I android.hardware.wifi@1.0-service: Wifi Hal is booting up...
01-01 08:26:57.398 955 955 I HidlServiceManagement: Registered android.hardware.wifi@1.4::IWifi/default (start delay of 228ms)
01-01 08:26:57.796 834 834 I liblog : 375
01-01 08:26:57.890 1026 1026 I irsc_util: Starting irsc tool
01-01 08:26:57.907 1026 1026 I irsc_util: Num of entries:298
01-01 08:26:57.907 1026 1026 I irsc_util: Ending irsc tool
01-01 08:26:58.003 866 866 I auditd : type=1400 audit(0.0:12): avc: denied { read } for comm="android.hardwar" name="type" dev="sysfs" ino=74273 scontext=u:r:hal_health_default:s0 tcontext=u:object_r:sysfs:s0 tclass=file permissive=0
01-01 08:26:58.048 688 688 D Zygote64Timing: PreloadClasses took to complete: 1693ms
01-01 08:26:58.108 688 688 D Zygote64Timing: CacheNonBootClasspathClassLoaders took to complete: 60ms
01-01 08:26:58.150 688 688 D Zygote64Timing: PreloadResources took to complete: 42ms
01-01 08:26:58.235 483 483 I auditd : type=1400 audit(0.0:13): avc: denied { setattr } for comm="init" name="rawdump" dev="tmpfs" ino=31800 scontext=u:r:vendor_init:s0 tcontext=u:object_r:block_device:s0 tclass=lnk_file permissive=0
01-01 08:26:58.235 483 483 I auditd : type=1400 audit(0.0:14): avc: denied { setattr } for comm="init" name="rawdump" dev="tmpfs" ino=31800 scontext=u:r:vendor_init:s0 tcontext=u:object_r:block_device:s0 tclass=lnk_file permissive=0
01-01 08:26:58.488 688 688 I boot_progress_preload_end: 35318
01-01 08:26:58.488 688 688 D Zygote64Timing: ZygotePreload took to complete: 2225ms
01-01 08:26:58.471 1 1 I auditd : type=1107 audit(0.0:15): uid=0 auid=4294967295 ses=4294967295 subj=u:r:init:s0 msg='avc: denied { set } for property=ctl.start$console pid=1092 uid=0 gid=0 scontext=u:r:vendor_qti_init_shell:s0 tcontext=u:object_r:ctl_start_prop:s0 tclass=property_service permissive=0'
01-01 08:26:58.601 688 688 D Zygote64Timing: PostZygoteInitGC took to complete: 113ms
01-01 08:26:58.601 688 688 D Zygote64Timing: ZygoteInit took to complete: 2346ms
01-01 08:26:58.679 517 517 I auditd : avc: denied { find } for pid=1055 uid=1000 name=vendor.qti.hardware.display.config.IDisplayConfig/default scontext=u:r:surfaceflinger:s0 tcontext=u:object_r:default_android_service:s0 tclass=service_manager permissive=0
01-01 08:26:58.693 517 517 I auditd : avc: denied { find } for pid=1055 uid=1000 name=vendor.qti.hardware.display.config.IDisplayConfig/default scontext=u:r:surfaceflinger:s0 tcontext=u:object_r:default_android_service:s0 tclass=service_manager permissive=0
01-01 08:26:59.332 1119 1119 I SystemServerTiming: InitBeforeStartServices
01-01 08:26:59.338 1119 1119 I system_server_start: [1,36135,36135]
01-01 08:26:59.338 1119 1119 I SystemServer: Entered the Android system server!
01-01 08:26:59.339 1119 1119 I boot_progress_system_run: 36169
01-01 08:26:59.681 1119 1119 I SystemServerInitThreadPool: Creating instance with 8 threads
01-01 08:26:59.851 1108 1108 I auditd : type=1400 audit(0.0:16): avc: denied { write } for comm="init.qcom.usb.s" name="uvc.0" dev="configfs" ino=46293 scontext=u:r:vendor_qti_init_shell:s0 tcontext=u:object_r:configfs:s0 tclass=dir permissive=0
01-01 08:26:59.851 1108 1108 I auditd : type=1400 audit(0.0:17): avc: denied { write } for comm="init.qcom.usb.s" name="uvc.0" dev="configfs" ino=46293 scontext=u:r:vendor_qti_init_shell:s0 tcontext=u:object_r:configfs:s0 tclass=dir permissive=0
01-01 08:26:59.891 1192 1192 I auditd : type=1400 audit(0.0:18): avc: denied { write } for comm="mkdir" name="header" dev="configfs" ino=46295 scontext=u:r:vendor_qti_init_shell:s0 tcontext=u:object_r:configfs:s0 tclass=dir permissive=0
01-01 08:26:59.919 1195 1195 I auditd : type=1400 audit(0.0:19): avc: denied { write } for comm="ln" name="fs" dev="configfs" ino=46304 scontext=u:r:vendor_qti_init_shell:s0 tcontext=u:object_r:configfs:s0 tclass=dir permissive=0
01-01 08:26:59.955 1197 1197 I auditd : type=1400 audit(0.0:20): avc: denied { write } for comm="ln" name="ss" dev="configfs" ino=46305 scontext=u:r:vendor_qti_init_shell:s0 tcontext=u:object_r:configfs:s0 tclass=dir permissive=0
01-01 08:27:00.023 1198 1198 I auditd : type=1400 audit(0.0:21): avc: denied { write } for comm="mkdir" name="uncompressed" dev="configfs" ino=46308 scontext=u:r:vendor_qti_init_shell:s0 tcontext=u:object_r:configfs:s0 tclass=dir permissive=0
01-01 08:27:00.059 1199 1199 I auditd : type=1400 audit(0.0:22): avc: denied { write } for comm="mkdir" name="uncompressed" dev="configfs" ino=46308 scontext=u:r:vendor_qti_init_shell:s0 tcontext=u:object_r:configfs:s0 tclass=dir permissive=0
01-01 08:27:00.099 1200 1200 I auditd : type=1400 audit(0.0:23): avc: denied { write } for comm="mkdir" name="mjpeg" dev="configfs" ino=46309 scontext=u:r:vendor_qti_init_shell:s0 tcontext=u:object_r:configfs:s0 tclass=dir permissive=0
01-01 08:27:00.135 1201 1201 I auditd : type=1400 audit(0.0:24): avc: denied { write } for comm="mkdir" name="mjpeg" dev="configfs" ino=46309 scontext=u:r:vendor_qti_init_shell:s0 tcontext=u:object_r:configfs:s0 tclass=dir permissive=0
01-01 08:27:00.175 1202 1202 I auditd : type=1400 audit(0.0:25): avc: denied { write } for comm="mkdir" name="h264" dev="configfs" ino=46310 scontext=u:r:vendor_qti_init_shell:s0 tcontext=u:object_r:configfs:s0 tclass=dir permissive=0
01-01 08:27:00.203 1203 1203 I auditd : type=1400 audit(0.0:26): avc: denied { write } for comm="mkdir" name="h264" dev="configfs" ino=46310 scontext=u:r:vendor_qti_init_shell:s0 tcontext=u:object_r:configfs:s0 tclass=dir permissive=0
01-01 08:27:00.239 1204 1204 I auditd : type=1400 audit(0.0:27): avc: denied { write } for comm="mkdir" name="header" dev="configfs" ino=46307 scontext=u:r:vendor_qti_init_shell:s0 tcontext=u:object_r:configfs:s0 tclass=dir permissive=0
01-01 08:27:00.283 1206 1206 I auditd : type=1400 audit(0.0:28): avc: denied { write } for comm="ln" name="header" dev="configfs" ino=46307 scontext=u:r:vendor_qti_init_shell:s0 tcontext=u:object_r:configfs:s0 tclass=dir permissive=0
01-01 08:27:00.288 1119 1119 D SystemServerTiming: InitBeforeStartServices took to complete: 956ms
01-01 08:27:00.288 1119 1119 I SystemServerTiming: StartServices
01-01 08:27:00.288 1119 1119 I SystemServerTiming: startBootstrapServices
01-01 08:27:00.288 1119 1119 I SystemServerTiming: StartWatchdog
01-01 08:27:00.310 1119 1119 D SystemServerTiming: StartWatchdog took to complete: 22ms
01-01 08:27:00.310 1119 1119 I SystemServer: Reading configuration...
01-01 08:27:00.310 1119 1119 I SystemServerTiming: ReadingSystemConfig
01-01 08:27:00.311 1119 1119 D SystemServerTiming: ReadingSystemConfig took to complete: 0ms
01-01 08:27:00.311 1119 1119 I SystemServerTiming: PlatformCompat
01-01 08:27:00.312 1119 1215 I SystemServerTimingAsync: InitThreadPoolExec:ReadingSystemConfig
01-01 08:27:00.312 1119 1215 D SystemServerInitThreadPool: Started executing ReadingSystemConfig
01-01 08:27:00.317 1119 1119 D CompatConfig: Found a config file: /system/etc/compatconfig/icu4j-platform-compat-config.xml
01-01 08:27:00.318 1119 1215 I SystemConfig: Reading permissions from /system/etc/sysconfig/framework-sysconfig.xml
01-01 08:27:00.318 1119 1119 D CompatConfig: Adding: com.android.server.compat.config.Change@11580af
01-01 08:27:00.320 1119 1119 D CompatConfig: Found a config file: /system/etc/compatconfig/framework-platform-compat-config.xml
01-01 08:27:00.322 1119 1119 D CompatConfig: Adding: com.android.server.compat.config.Change@1d52445
01-01 08:27:00.323 1119 1119 D CompatConfig: Adding: com.android.server.compat.config.Change@b2ba79a
01-01 08:27:00.323 1208 1208 I auditd : type=1400 audit(0.0:29): avc: denied { write } for comm="ln" name="header" dev="configfs" ino=46307 scontext=u:r:vendor_qti_init_shell:s0 tcontext=u:object_r:configfs:s0 tclass=dir permissive=0
01-01 08:27:00.328 1119 1215 I SystemConfig: Reading permissions from /system/etc/sysconfig/preinstalled-packages-platform-full-base.xml
01-01 08:27:00.330 1119 1119 D CompatConfig: Adding: com.android.server.compat.config.Change@f0a78a8
01-01 08:27:00.332 1119 1119 D CompatConfig: Adding: com.android.server.compat.config.Change@228bfc1
01-01 08:27:00.333 1119 1119 D CompatConfig: Adding: com.android.server.compat.config.Change@60ca366
01-01 08:27:00.334 1119 1119 D CompatConfig: Adding: com.android.server.compat.config.Change@40ed6a7
01-01 08:27:00.335 1119 1119 D CompatConfig: Adding: com.android.server.compat.config.Change@be27754
01-01 08:27:00.335 1119 1119 D CompatConfig: Adding: com.android.server.compat.config.Change@aaf8ff2
01-01 08:27:00.335 1119 1215 I SystemConfig: Reading permissions from /system/etc/sysconfig/qti_whitelist.xml
01-01 08:27:00.336 1119 1119 D CompatConfig: Adding: com.android.server.compat.config.Change@1c83643
01-01 08:27:00.339 1119 1119 D CompatConfig: Adding: com.android.server.compat.config.Change@d99b4c0
01-01 08:27:00.341 1119 1119 D CompatConfig: Adding: com.android.server.compat.config.Change@c04a5f9
01-01 08:27:00.341 1119 1215 I SystemConfig: Reading permissions from /system/etc/sysconfig/hiddenapi-package-whitelist.xml
01-01 08:27:00.341 1119 1119 D CompatConfig: Adding: com.android.server.compat.config.Change@72df39f
01-01 08:27:00.343 1119 1119 D CompatConfig: Adding: com.android.server.compat.config.Change@ac55cec
01-01 08:27:00.346 1119 1215 I SystemConfig: Reading permissions from /system/etc/sysconfig/preinstalled-packages-platform.xml
01-01 08:27:00.347 1119 1215 I SystemConfig: Reading permissions from /system/etc/sysconfig/preinstalled-packages-com.android.providers.media.module.xml
01-01 08:27:00.348 1119 1119 D CompatConfig: Adding: com.android.server.compat.config.Change@4082abb
01-01 08:27:00.349 1119 1119 D CompatConfig: Adding: com.android.server.compat.config.Change@c215bd8
01-01 08:27:00.350 1119 1119 D CompatConfig: Adding: com.android.server.compat.config.Change@5401b31
01-01 08:27:00.351 1119 1215 I SystemConfig: Reading permissions from /system/etc/permissions/com.android.location.provider.xml
01-01 08:27:00.353 1119 1119 D CompatConfig: Adding: com.android.server.compat.config.Change@284b797
01-01 08:27:00.354 1119 1215 I SystemConfig: Reading permissions from /system/etc/permissions/org.apache.http.legacy.xml
01-01 08:27:00.354 1119 1119 D CompatConfig: Adding: com.android.server.compat.config.Change@e4a396d
01-01 08:27:00.356 1119 1119 D CompatConfig: Adding: com.android.server.compat.config.Change@a67d9a2
01-01 08:27:00.356 1119 1215 I SystemConfig: Reading permissions from /system/etc/permissions/com.thundercomm.mcuupgrade.xml
01-01 08:27:00.357 1119 1119 D CompatConfig: Adding: com.android.server.compat.config.Change@de3cdf0
01-01 08:27:00.357 1119 1119 D CompatConfig: Adding: com.android.server.compat.config.Change@a5dff69
01-01 08:27:00.358 1119 1119 D CompatConfig: Adding: com.android.server.compat.config.Change@20dedee
01-01 08:27:00.359 1119 1119 D CompatConfig: Adding: com.android.server.compat.config.Change@281028f
01-01 08:27:00.359 1119 1119 D CompatConfig: Adding: com.android.server.compat.config.Change@94fd91c
01-01 08:27:00.360 1119 1119 D CompatConfig: Adding: com.android.server.compat.config.Change@2ce2925
01-01 08:27:00.360 1119 1119 D CompatConfig: Adding: com.android.server.compat.config.Change@9eefafa
01-01 08:27:00.361 1119 1119 D CompatConfig: Adding: com.android.server.compat.config.Change@29538ab
01-01 08:27:00.362 1119 1119 D CompatConfig: Adding: com.android.server.compat.config.Change@f6b08
01-01 08:27:00.362 1119 1119 D CompatConfig: Adding: com.android.server.compat.config.Change@95d32a1
01-01 08:27:00.363 1119 1119 D CompatConfig: Adding: com.android.server.compat.config.Change@ba1ccc6
01-01 08:27:00.363 1119 1119 D CompatConfig: Adding: com.android.server.compat.config.Change@76cb487
01-01 08:27:00.364 1119 1119 D CompatConfig: Adding: com.android.server.compat.config.Change@fb42fb4
01-01 08:27:00.364 1119 1119 D CompatConfig: Adding: com.android.server.compat.config.Change@f7957dd
01-01 08:27:00.365 1119 1119 D CompatConfig: Adding: com.android.server.compat.config.Change@15def52
01-01 08:27:00.365 1119 1119 D CompatConfig: Adding: com.android.server.compat.config.Change@f561223
01-01 08:27:00.366 1119 1119 D CompatConfig: Adding: com.android.server.compat.config.Change@b3e9320
01-01 08:27:00.366 1119 1119 D CompatConfig: Adding: com.android.server.compat.config.Change@53894d9
01-01 08:27:00.367 1119 1119 D CompatConfig: Adding: com.android.server.compat.config.Change@f47ae9e
01-01 08:27:00.367 1119 1119 D CompatConfig: Adding: com.android.server.compat.config.Change@4edad7f
01-01 08:27:00.368 1119 1119 D CompatConfig: Adding: com.android.server.compat.config.Change@349c14c
01-01 08:27:00.368 1119 1119 D CompatConfig: Adding: com.android.server.compat.config.Change@c14a595
01-01 08:27:00.369 1119 1119 D CompatConfig: Adding: com.android.server.compat.config.Change@57c16aa
01-01 08:27:00.369 1119 1119 D CompatConfig: Adding: com.android.server.compat.config.Change@639a29b
01-01 08:27:00.370 1119 1119 D CompatConfig: Adding: com.android.server.compat.config.Change@4f7a638
01-01 08:27:00.371 1119 1215 I SystemConfig: Reading permissions from /system/etc/permissions/android.test.base.xml
01-01 08:27:00.371 1119 1119 D CompatConfig: Adding: com.android.server.compat.config.Change@6dcf376
01-01 08:27:00.371 1119 1119 D CompatConfig: Adding: com.android.server.compat.config.Change@185cd77
01-01 08:27:00.372 1119 1119 D CompatConfig: Adding: com.android.server.compat.config.Change@b9cede4
01-01 08:27:00.372 1119 1215 I SystemConfig: Reading permissions from /system/etc/permissions/android.test.runner.xml
01-01 08:27:00.373 1119 1119 D CompatConfig: Adding: com.android.server.compat.config.Change@9cd102
01-01 08:27:00.373 1119 1119 D CompatConfig: Adding: com.android.server.compat.config.Change@3ffca13
01-01 08:27:00.374 1119 1119 D CompatConfig: Adding: com.android.server.compat.config.Change@12d0450
01-01 08:27:00.374 1119 1215 I SystemConfig: Reading permissions from /system/etc/permissions/com.android.future.usb.accessory.xml
01-01 08:27:00.375 1119 1119 D CompatConfig: Adding: com.android.server.compat.config.Change@e8afb4e
01-01 08:27:00.376 1119 1119 D CompatConfig: Adding: com.android.server.compat.config.Change@612f46f
01-01 08:27:00.376 1119 1119 D CompatConfig: Adding: com.android.server.compat.config.Change@4eb1e05
01-01 08:27:00.376 1119 1215 I SystemConfig: Reading permissions from /system/etc/permissions/uimremoteserver.xml
01-01 08:27:00.377 1119 1119 D CompatConfig: Adding: com.android.server.compat.config.Change@81f7e5a
01-01 08:27:00.378 1119 1119 D CompatConfig: Adding: com.android.server.compat.config.Change@3bd0d68
01-01 08:27:00.378 1119 1215 I SystemConfig: Reading permissions from /system/etc/permissions/android.software.freeform_window_management.xml
01-01 08:27:00.379 1119 1119 D CompatConfig: Adding: com.android.server.compat.config.Change@8049581
01-01 08:27:00.379 1119 1119 D CompatConfig: Adding: com.android.server.compat.config.Change@2472626
01-01 08:27:00.380 1119 1119 D CompatConfig: Adding: com.android.server.compat.config.Change@d4f0267
01-01 08:27:00.380 1119 1215 I SystemConfig: Reading permissions from /system/etc/permissions/android.test.mock.xml
01-01 08:27:00.381 1119 1119 D CompatConfig: Found a config file: /system/etc/compatconfig/calendar-provider-compat-config.xml
01-01 08:27:00.382 1119 1119 D CompatConfig: Adding: com.android.server.compat.config.Change@1ef7eb2
01-01 08:27:00.382 1119 1119 D CompatConfig: Found a config file: /system/etc/compatconfig/services-platform-compat-config.xml
01-01 08:27:00.383 1119 1215 I SystemConfig: Reading permissions from /system/etc/permissions/com.android.networkstack.tethering.xml
01-01 08:27:00.384 1119 1119 D CompatConfig: Adding: com.android.server.compat.config.Change@34d73b9
01-01 08:27:00.385 1119 1119 D CompatConfig: Adding: com.android.server.compat.config.Change@b52d3fe
01-01 08:27:00.385 1119 1215 I SystemConfig: Reading permissions from /system/etc/permissions/com.android.mediadrm.signer.xml
01-01 08:27:00.386 1119 1119 D CompatConfig: Adding: com.android.server.compat.config.Change@f17d5ac
01-01 08:27:00.388 1119 1119 D CompatConfig: Adding: com.android.server.compat.config.Change@f489275
01-01 08:27:00.387 1218 1218 I auditd : type=1400 audit(0.0:30): avc: denied { write } for comm="ln" name="header" dev="configfs" ino=46307 scontext=u:r:vendor_qti_init_shell:s0 tcontext=u:object_r:configfs:s0 tclass=dir permissive=0
01-01 08:27:00.388 1119 1119 D CompatConfig: Adding: com.android.server.compat.config.Change@a04320a
01-01 08:27:00.389 1119 1119 D CompatConfig: Adding: com.android.server.compat.config.Change@8c48a7b
01-01 08:27:00.390 1119 1215 I SystemConfig: Reading permissions from /system/etc/permissions/javax.obex.xml
01-01 08:27:00.391 1119 1119 D CompatConfig: Adding: com.android.server.compat.config.Change@f9ce0f1
01-01 08:27:00.392 1119 1215 I SystemConfig: Reading permissions from /system/etc/permissions/privapp-permissions-qti.xml
01-01 08:27:00.393 1119 1119 D CompatConfig: Adding: com.android.server.compat.config.Change@5075357
01-01 08:27:00.395 1119 1119 D CompatConfig: Adding: com.android.server.compat.config.Change@bcd2e44
01-01 08:27:00.395 1119 1119 D CompatConfig: Adding: com.android.server.compat.config.Change@70d9b2d
01-01 08:27:00.396 1119 1215 I SystemConfig: Reading permissions from /system/etc/permissions/android.software.live_wallpaper.xml
01-01 08:27:00.396 1119 1119 D CompatConfig: Adding: com.android.server.compat.config.Change@443cdf3
01-01 08:27:00.401 1119 1119 D CompatConfig: Adding: com.android.server.compat.config.Change@690eab0
01-01 08:27:00.402 1119 1119 D CompatConfig: Adding: com.android.server.compat.config.Change@755bd29
01-01 08:27:00.404 1119 1119 D CompatConfig: Adding: com.android.server.compat.config.Change@5da38ae
01-01 08:27:00.404 1119 1119 D CompatConfig: Adding: com.android.server.compat.config.Change@fc3564f
01-01 08:27:00.405 1119 1119 D CompatConfig: Adding: com.android.server.compat.config.Change@a9201dc
01-01 08:27:00.406 1119 1119 D CompatConfig: Adding: com.android.server.compat.config.Change@8e402e5
01-01 08:27:00.406 1119 1119 D CompatConfig: Adding: com.android.server.compat.config.Change@41531ba
01-01 08:27:00.407 1119 1119 D CompatConfig: Adding: com.android.server.compat.config.Change@209086b
01-01 08:27:00.408 1119 1215 I SystemConfig: Reading permissions from /system/etc/permissions/privapp-permissions-platform.xml
01-01 08:27:00.408 1119 1119 D CompatConfig: Adding: com.android.server.compat.config.Change@256e861
01-01 08:27:00.409 1119 1119 D CompatConfig: Adding: com.android.server.compat.config.Change@5d4af86
01-01 08:27:00.412 1119 1119 D CompatConfig: Adding: com.android.server.compat.config.Change@adc047
01-01 08:27:00.412 1119 1215 I SystemConfig: Reading permissions from /system/etc/permissions/android.software.webview.xml
01-01 08:27:00.413 1119 1119 D CompatConfig: Adding: com.android.server.compat.config.Change@bb8a99d
01-01 08:27:00.414 1119 1215 I SystemConfig: Reading permissions from /system/etc/permissions/uimremoteclient.xml
01-01 08:27:00.415 1119 1119 D CompatConfig: Adding: com.android.server.compat.config.Change@7fc19e3
01-01 08:27:00.415 1119 1215 I SystemConfig: Reading permissions from /system/etc/permissions/com.android.media.remotedisplay.xml
01-01 08:27:00.416 1119 1215 I SystemConfig: Reading permissions from /system/etc/permissions/com.android.networkstack.xml
01-01 08:27:00.416 1119 1119 D CompatConfig: Adding: com.android.server.compat.config.Change@31c295e
01-01 08:27:00.417 1119 1215 I SystemConfig: Reading permissions from /system/etc/permissions/com.android.documentsui.xml
01-01 08:27:00.417 1119 1119 D CompatConfig: Adding: com.android.server.compat.config.Change@4c79a0c
01-01 08:27:00.418 1119 1119 D CompatConfig: Adding: com.android.server.compat.config.Change@b346f55
01-01 08:27:00.418 1119 1119 D CompatConfig: Adding: com.android.server.compat.config.Change@ffd7d6a
01-01 08:27:00.419 1119 1119 D CompatConfig: Adding: com.android.server.compat.config.Change@520e25b
01-01 08:27:00.420 1119 1119 D CompatConfig: Adding: com.android.server.compat.config.Change@15a4af8
01-01 08:27:00.420 1119 1215 I SystemConfig: Reading permissions from /system/etc/permissions/com.android.nfc_extras.xml
01-01 08:27:00.420 1119 1119 D CompatConfig: Adding: com.android.server.compat.config.Change@3ee0636
01-01 08:27:00.421 1119 1119 D CompatConfig: Adding: com.android.server.compat.config.Change@6014937
01-01 08:27:00.421 1119 1119 D CompatConfig: Adding: com.android.server.compat.config.Change@33c340d
01-01 08:27:00.422 1119 1215 I SystemConfig: Reading permissions from /system/etc/permissions/platform.xml
01-01 08:27:00.423 1119 1119 D CompatConfig: Adding: com.android.server.compat.config.Change@78c4fc2
01-01 08:27:00.424 1119 1119 D CompatConfig: Adding: com.android.server.compat.config.Change@91741d3
01-01 08:27:00.424 1119 1119 D CompatConfig: Adding: com.android.server.compat.config.Change@1278110
01-01 08:27:00.425 1119 1119 D CompatConfig: Adding: com.android.server.compat.config.Change@9850409
01-01 08:27:00.426 1119 1119 D CompatConfig: Adding: com.android.server.compat.config.Change@cd3a60e
01-01 08:27:00.426 1119 1215 I SystemConfig: Reading permissions from /vendor/etc/permissions/android.hardware.vulkan.compute-0.xml
01-01 08:27:00.427 1119 1119 D CompatConfig: Adding: com.android.server.compat.config.Change@96b9e3c
01-01 08:27:00.427 1119 1119 D CompatConfig: Adding: com.android.server.compat.config.Change@b70d7c5
01-01 08:27:00.428 1119 1215 I SystemConfig: Reading permissions from /vendor/etc/permissions/android.hardware.usb.host.xml
01-01 08:27:00.428 1119 1119 D CompatConfig: Adding: com.android.server.compat.config.Change@b9b184b
01-01 08:27:00.429 1119 1215 I SystemConfig: Reading permissions from /vendor/etc/permissions/handheld_core_hardware.xml
01-01 08:27:00.429 1119 1119 D CompatConfig: Adding: com.android.server.compat.config.Change@88c2b41
01-01 08:27:00.430 1119 1215 I SystemConfig: Reading permissions from /vendor/etc/permissions/android.hardware.opengles.aep.xml
01-01 08:27:00.431 1119 1119 D CompatConfig: Adding: com.android.server.compat.config.Change@880ee27
01-01 08:27:00.432 1119 1215 I SystemConfig: Reading permissions from /vendor/etc/permissions/android.hardware.wifi.passpoint.xml
01-01 08:27:00.433 1119 1215 I SystemConfig: Reading permissions from /vendor/etc/permissions/android.hardware.wifi.xml
01-01 08:27:00.433 1119 1119 D CompatConfig: Adding: com.android.server.compat.config.Change@21c2d72
01-01 08:27:00.434 1119 1215 I SystemConfig: Reading permissions from /vendor/etc/permissions/android.software.midi.xml
01-01 08:27:00.434 1119 1215 I SystemConfig: Reading permissions from /vendor/etc/permissions/android.software.device_id_attestation.xml
01-01 08:27:00.435 1119 1119 D CompatConfig: Adding: com.android.server.compat.config.Change@6fa0179
01-01 08:27:00.435 1119 1215 I SystemConfig: Reading permissions from /vendor/etc/permissions/android.hardware.sensor.compass.xml
01-01 08:27:00.436 1119 1215 I SystemConfig: Reading permissions from /vendor/etc/permissions/android.hardware.light.xml
01-01 08:27:00.437 1119 1119 D CompatConfig: Adding: com.android.server.compat.config.Change@6f10e6c
01-01 08:27:00.437 1119 1215 I SystemConfig: Reading permissions from /vendor/etc/permissions/android.hardware.audio.pro.xml
01-01 08:27:00.431 1222 1222 I auditd : type=1400 audit(0.0:31): avc: denied { write } for comm="ln" name="fs" dev="configfs" ino=46314 scontext=u:r:vendor_qti_init_shell:s0 tcontext=u:object_r:configfs:s0 tclass=dir permissive=0
01-01 08:27:00.439 1119 1119 D CompatConfig: Adding: com.android.server.compat.config.Change@7bff8ca
01-01 08:27:00.439 1119 1215 I SystemConfig: Reading permissions from /vendor/etc/permissions/android.hardware.audio.low_latency.xml
01-01 08:27:00.440 1119 1119 D CompatConfig: Adding: com.android.server.compat.config.Change@116a558
01-01 08:27:00.440 1119 1215 I SystemConfig: Reading permissions from /vendor/etc/permissions/android.hardware.sensor.ambient_temperature.xml
01-01 08:27:00.441 1119 1119 D CompatConfig: Adding: com.android.server.compat.config.Change@74cd796
01-01 08:27:00.441 1119 1215 I SystemConfig: Reading permissions from /vendor/etc/permissions/qti_fingerprint_interface.xml
01-01 08:27:00.441 1119 1119 D CompatConfig: Adding: com.android.server.compat.config.Change@4fcbf04
01-01 08:27:00.442 1119 1119 D CompatConfig: Adding: com.android.server.compat.config.Change@2e8bced
01-01 08:27:00.442 1119 1215 I SystemConfig: Reading permissions from /vendor/etc/permissions/android.hardware.se.omapi.uicc.xml
01-01 08:27:00.442 1119 1119 D CompatConfig: Adding: com.android.server.compat.config.Change@ef225b3
01-01 08:27:00.443 1119 1119 D CompatConfig: Found a config file: /system/etc/compatconfig/documents-ui-compat-config.xml
01-01 08:27:00.444 1119 1215 I SystemConfig: Reading permissions from /vendor/etc/permissions/android.hardware.touchscreen.multitouch.jazzhand.xml
01-01 08:27:00.445 1119 1119 D CompatConfig: Adding: com.android.server.compat.config.Change@44f436e
01-01 08:27:00.446 1119 1215 I SystemConfig: Reading permissions from /vendor/etc/permissions/vendor.qti.hardware.factory.xml
01-01 08:27:00.448 1119 1119 D CompatConfig: Found a config file: /system/system_ext/etc/compatconfig/settings-platform-compat-config.xml
01-01 08:27:00.448 1119 1215 I SystemConfig: Reading permissions from /vendor/etc/permissions/android.software.verified_boot.xml
01-01 08:27:00.450 1119 1215 I SystemConfig: Reading permissions from /vendor/etc/permissions/android.hardware.wifi.aware.xml
01-01 08:27:00.451 1119 1215 I SystemConfig: Reading permissions from /vendor/etc/permissions/android.hardware.bluetooth.xml
01-01 08:27:00.451 1119 1215 I SystemConfig: Reading permissions from /vendor/etc/permissions/android.software.vulkan.deqp.level.xml
01-01 08:27:00.453 1119 1215 I SystemConfig: Reading permissions from /vendor/etc/permissions/android.hardware.sensor.hifi_sensors.xml
01-01 08:27:00.454 1119 1119 D CompatConfig: Adding: com.android.server.compat.config.Change@f085246
01-01 08:27:00.456 1119 1119 D CompatConfig: No directory /apex/com.android.vndk.v30/etc/compatconfig, skipping
01-01 08:27:00.456 1119 1119 D CompatConfig: No directory /apex/com.android.wifi/etc/compatconfig, skipping
01-01 08:27:00.456 1119 1119 D CompatConfig: No directory /apex/com.android.vndk.v31/etc/compatconfig, skipping
01-01 08:27:00.456 1119 1119 D CompatConfig: No directory /apex/com.android.tzdata/etc/compatconfig, skipping
01-01 08:27:00.457 1119 1119 D CompatConfig: No directory /apex/com.android.tethering/etc/compatconfig, skipping
01-01 08:27:00.457 1119 1119 D CompatConfig: No directory /apex/com.android.sdkext/etc/compatconfig, skipping
01-01 08:27:00.457 1119 1119 D CompatConfig: No directory /apex/com.android.scheduling/etc/compatconfig, skipping
01-01 08:27:00.457 1119 1119 D CompatConfig: No directory /apex/com.android.runtime/etc/compatconfig, skipping
01-01 08:27:00.457 1119 1119 D CompatConfig: No directory /apex/com.android.resolv/etc/compatconfig, skipping
01-01 08:27:00.457 1119 1119 D CompatConfig: No directory /apex/com.android.permission/etc/compatconfig, skipping
01-01 08:27:00.457 1119 1119 D CompatConfig: No directory /apex/com.android.os.statsd/etc/compatconfig, skipping
01-01 08:27:00.458 1119 1119 D CompatConfig: No directory /apex/com.android.neuralnetworks/etc/compatconfig, skipping
01-01 08:27:00.458 1119 1215 I SystemConfig: Reading permissions from /vendor/etc/permissions/android.hardware.sensor.barometer.xml
01-01 08:27:00.459 1119 1215 I SystemConfig: Reading permissions from /vendor/etc/permissions/vendor-qti-hardware-sensorscalibrate.xml
01-01 08:27:00.460 1119 1119 D CompatConfig: Found a config file: /apex/com.android.mediaprovider/etc/compatconfig/media-provider-platform-compat-config.xml
01-01 08:27:00.460 1119 1215 I SystemConfig: Reading permissions from /vendor/etc/permissions/android.hardware.wifi.rtt.xml
01-01 08:27:00.461 1119 1119 D CompatConfig: Adding: com.android.server.compat.config.Change@9cfe1a3
01-01 08:27:00.461 1119 1215 I SystemConfig: Reading permissions from /vendor/etc/permissions/android.hardware.sensor.accelerometer.xml
01-01 08:27:00.462 1119 1119 D CompatConfig: Adding: com.android.server.compat.config.Change@701b059
01-01 08:27:00.464 1119 1119 D CompatConfig: Adding: com.android.server.compat.config.Change@d49641e
01-01 08:27:00.464 1119 1215 I SystemConfig: Reading permissions from /vendor/etc/permissions/android.hardware.se.omapi.ese.xml
01-01 08:27:00.465 1119 1119 D CompatConfig: Adding: com.android.server.compat.config.Change@42c32cc
01-01 08:27:00.466 1119 1119 D CompatConfig: Adding: com.android.server.compat.config.Change@413f915
01-01 08:27:00.466 1119 1215 I SystemConfig: Reading permissions from /vendor/etc/permissions/android.hardware.wifi.direct.xml
01-01 08:27:00.467 1119 1119 D CompatConfig: Adding: com.android.server.compat.config.Change@d2de21b
01-01 08:27:00.467 1119 1119 D CompatConfig: Adding: com.android.server.compat.config.Change@c81191
01-01 08:27:00.468 1119 1215 I SystemConfig: Reading permissions from /vendor/etc/permissions/android.software.ipsec_tunnels.xml
01-01 08:27:00.468 1119 1215 I SystemConfig: Reading permissions from /vendor/etc/permissions/android.hardware.location.gps.xml
01-01 08:27:00.469 1119 1119 D CompatConfig: No directory /apex/com.android.media.swcodec/etc/compatconfig, skipping
01-01 08:27:00.469 1119 1119 D CompatConfig: No directory /apex/com.android.media/etc/compatconfig, skipping
01-01 08:27:00.469 1119 1119 D CompatConfig: No directory /apex/com.android.ipsec/etc/compatconfig, skipping
01-01 08:27:00.470 1119 1215 I SystemConfig: Reading permissions from /vendor/etc/permissions/android.hardware.sensor.relative_humidity.xml
01-01 08:27:00.470 1119 1119 D CompatConfig: No directory /apex/com.android.i18n/etc/compatconfig, skipping
01-01 08:27:00.470 1119 1119 D CompatConfig: No directory /apex/com.android.extservices/etc/compatconfig, skipping
01-01 08:27:00.471 1119 1119 D CompatConfig: No directory /apex/com.android.conscrypt/etc/compatconfig, skipping
01-01 08:27:00.471 1119 1215 I SystemConfig: Reading permissions from /vendor/etc/permissions/android.hardware.usb.accessory.xml
01-01 08:27:00.472 1119 1119 D CompatConfig: Found a config file: /apex/com.android.art/etc/compatconfig/libcore-platform-compat-config.xml
01-01 08:27:00.472 1119 1215 I SystemConfig: Reading permissions from /vendor/etc/permissions/android.hardware.vulkan.level-1.xml
01-01 08:27:00.472 1119 1119 D CompatConfig: Adding: com.android.server.compat.config.Change@e4c7993
01-01 08:27:00.473 1119 1119 D CompatConfig: Adding: com.android.server.compat.config.Change@e4cbdd0
01-01 08:27:00.474 1119 1215 I SystemConfig: Reading permissions from /vendor/etc/permissions/android.hardware.vulkan.version-1_1.xml
01-01 08:27:00.474 1119 1119 D CompatConfig: Adding: com.android.server.compat.config.Change@92510ce
01-01 08:27:00.471 1224 1224 I auditd : type=1400 audit(0.0:32): avc: denied { write } for comm="ln" name="hs" dev="configfs" ino=46315 scontext=u:r:vendor_qti_init_shell:s0 tcontext=u:object_r:configfs:s0 tclass=dir permissive=0
01-01 08:27:00.475 1119 1119 D CompatConfig: Adding: com.android.server.compat.config.Change@d3b1bef
01-01 08:27:00.476 1119 1119 D CompatConfig: Adding: com.android.server.compat.config.Change@e87e6fc
01-01 08:27:00.476 1119 1215 I SystemConfig: Reading permissions from /vendor/etc/permissions/android.hardware.sensor.gyroscope.xml
01-01 08:27:00.477 1119 1215 I SystemConfig: Reading permissions from /vendor/etc/permissions/android.hardware.fingerprint.xml
01-01 08:27:00.477 1119 1119 D CompatConfig: No directory /apex/com.android.appsearch/etc/compatconfig, skipping
01-01 08:27:00.477 1119 1119 D CompatConfig: No directory /apex/com.android.adbd/etc/compatconfig, skipping
01-01 08:27:00.479 1119 1215 I SystemConfig: Reading permissions from /vendor/etc/permissions/android.hardware.bluetooth_le.xml
01-01 08:27:00.480 1119 1119 D SystemServerTiming: PlatformCompat took to complete: 169ms
01-01 08:27:00.480 1119 1119 I SystemServerTiming: StartFileIntegrityService
01-01 08:27:00.480 1119 1119 I SystemServiceManager: Starting com.android.server.security.FileIntegrityService
01-01 08:27:00.482 1119 1215 I SystemConfig: Reading permissions from /product/etc/sysconfig/preinstalled-packages-platform-overlays.xml
01-01 08:27:00.484 1119 1215 I SystemConfig: Reading permissions from /product/etc/sysconfig/preinstalled-packages-platform-handheld-product.xml
01-01 08:27:00.487 1119 1215 I SystemConfig: Reading permissions from /product/etc/permissions/com.android.settings.intelligence.xml
01-01 08:27:00.488 1119 1215 I SystemConfig: Reading permissions from /product/etc/permissions/privapp-permissions-soundrecorder.xml
01-01 08:27:00.489 1119 1215 I SystemConfig: Reading permissions from /product/etc/permissions/vendor.qti.hardware.data.connection-V1.1-java.xml
01-01 08:27:00.490 1119 1119 D SystemServerTiming: StartFileIntegrityService took to complete: 10ms
01-01 08:27:00.490 1119 1119 I SystemServerTiming: StartInstaller
01-01 08:27:00.490 1119 1119 I SystemServiceManager: Starting com.android.server.pm.Installer
01-01 08:27:00.490 1119 1215 I SystemConfig: Reading permissions from /product/etc/permissions/ims_ext_common.xml
01-01 08:27:00.491 1119 1119 W Installer: installd not found; trying again
01-01 08:27:00.491 1119 1215 I SystemConfig: Reading permissions from /product/etc/permissions/UimService.xml
01-01 08:27:00.492 1119 1215 I SystemConfig: Reading permissions from /product/etc/permissions/telephony_product_privapp-permissions-qti.xml
01-01 08:27:00.493 1119 1215 I SystemConfig: Reading permissions from /product/etc/permissions/vendor.qti.hardware.data.connection-V1.0-java.xml
01-01 08:27:00.495 1119 1119 D SystemServerTiming: StartInstaller took to complete: 5ms
01-01 08:27:00.495 1119 1119 I SystemServerTiming: DeviceIdentifiersPolicyService
01-01 08:27:00.495 1119 1119 I SystemServiceManager: Starting com.android.server.os.DeviceIdentifiersPolicyService
01-01 08:27:00.497 1119 1215 I SystemConfig: Reading permissions from /product/etc/permissions/com.qti.snapdragon.sdk.display.xml
01-01 08:27:00.498 1119 1119 D SystemServerTiming: DeviceIdentifiersPolicyService took to complete: 3ms
01-01 08:27:00.498 1119 1119 I SystemServerTiming: UriGrantsManagerService
01-01 08:27:00.498 1119 1119 I SystemServiceManager: Starting com.android.server.uri.UriGrantsManagerService$Lifecycle
01-01 08:27:00.502 1119 1119 D SystemServerTiming: UriGrantsManagerService took to complete: 4ms
01-01 08:27:00.502 1119 1119 I SystemServerTiming: StartPowerStatsService
01-01 08:27:00.502 1119 1119 I SystemServiceManager: Starting com.android.server.powerstats.PowerStatsService
01-01 08:27:00.507 1119 1215 I SystemConfig: Reading permissions from /system_ext/etc/sysconfig/qti_telephony_system_packages_config.xml
01-01 08:27:00.508 1119 1215 I SystemConfig: Reading permissions from /system_ext/etc/sysconfig/qti_whitelist_system_ext.xml
01-01 08:27:00.510 1119 1119 D SystemServerTiming: StartPowerStatsService took to complete: 8ms
01-01 08:27:00.510 1119 1119 I SystemServerTiming: StartIStatsService
01-01 08:27:00.513 1119 1215 I SystemConfig: Reading permissions from /system_ext/etc/permissions/qti_permissions.xml
01-01 08:27:00.514 1119 1119 D SystemServerTiming: StartIStatsService took to complete: 4ms
01-01 08:27:00.514 1119 1119 I SystemServerTiming: MemtrackProxyService
01-01 08:27:00.515 1119 1215 I SystemConfig: Reading permissions from /system_ext/etc/permissions/embms.xml
01-01 08:27:00.516 1119 1215 I SystemConfig: Reading permissions from /system_ext/etc/permissions/com.android.launcher3.xml
01-01 08:27:00.511 1225 1225 I auditd : type=1400 audit(0.0:33): avc: denied { write } for comm="ln" name="ss" dev="configfs" ino=46316 scontext=u:r:vendor_qti_init_shell:s0 tcontext=u:object_r:configfs:s0 tclass=dir permissive=0
01-01 08:27:00.519 1119 1215 I SystemConfig: Reading permissions from /system_ext/etc/permissions/com.qualcomm.qti.imscmservice-V2.1-java.xml
01-01 08:27:00.520 1119 1119 D SystemServerTiming: MemtrackProxyService took to complete: 6ms
01-01 08:27:00.520 1119 1119 I SystemServerTiming: StartActivityManager
01-01 08:27:00.520 1119 1119 I SystemServiceManager: Starting com.android.server.wm.ActivityTaskManagerService$Lifecycle
01-01 08:27:00.522 1119 1215 I SystemConfig: Reading permissions from /system_ext/etc/permissions/com.qualcomm.location.xml
01-01 08:27:00.523 1119 1215 I SystemConfig: Reading permissions from /system_ext/etc/permissions/com.android.settings.xml
01-01 08:27:00.525 1119 1215 I SystemConfig: Reading permissions from /system_ext/etc/permissions/com.thundercomm.microsettings.xml
01-01 08:27:00.526 1119 1215 I SystemConfig: Reading permissions from /system_ext/etc/permissions/com.android.systemui.xml
01-01 08:27:00.528 1119 1215 I SystemConfig: Reading permissions from /system_ext/etc/permissions/qti_libpermissions.xml
