09-22 19:45:47.132 1119 1119 E WiredAccessoryManager: file /sys/devices/platform/soc/soc:qcom,msm-ext-disp/extcon/extcon3/name not found
09-22 19:45:47.132 1119 1119 W WiredAccessoryManager: Conn soc:qcom,msm-ext-disp/3/0 does not have DP audio support
09-22 19:45:47.132 1119 1119 E WiredAccessoryManager: file /sys/devices/platform/soc/soc:qcom,msm-ext-disp/extcon/extcon2/name not found
09-22 19:45:47.132 1119 1119 W WiredAccessoryManager: Conn soc:qcom,msm-ext-disp/2/0 does not have DP audio support
09-22 19:45:47.134 1119 1119 E WiredAccessoryManager: set dev_index 1
09-22 19:45:47.134 1119 1119 W WiredAccessoryManager: checkCableIndex set cable 0
09-22 19:45:47.135 1119 1119 E WiredAccessoryManager: set dev_index 0
09-22 19:45:47.139 1119 1119 W WiredAccessoryManager: checkCableIndex set cable 0
09-22 19:45:47.140 1119 1119 D SystemServerTiming: StartWiredAccessoryManager took to complete: 9ms
09-22 19:45:47.140 1119 1119 I SystemServerTiming: StartMidiManager
09-22 19:45:47.140 1119 1119 I SystemServiceManager: Starting com.android.server.midi.MidiService$Lifecycle
09-22 19:45:47.143 1119 1119 D SystemServerTiming: StartMidiManager took to complete: 4ms
09-22 19:45:47.144 1119 1119 I SystemServerTiming: StartAdbService
09-22 19:45:47.144 1119 1119 I SystemServiceManager: Starting com.android.server.adb.AdbService$Lifecycle
09-22 19:45:47.145 1119 1119 D SystemServerTiming: StartAdbService took to complete: 2ms
09-22 19:45:47.145 1119 1119 I SystemServerTiming: StartUsbService
09-22 19:45:47.146 1119 1119 I SystemServiceManager: Starting com.android.server.usb.UsbService$Lifecycle
09-22 19:45:47.146 1119 1119 D SystemServerTiming: StartUsbService took to complete: 0ms
09-22 19:45:47.146 1119 1215 I SystemServerTimingAsync: InitThreadPoolExec:UsbService$Lifecycle#onStart
09-22 19:45:47.146 1119 1215 D SystemServerInitThreadPool: Started executing UsbService$Lifecycle#onStart
09-22 19:45:47.146 1119 1119 I SystemServerTiming: StartSerialService
09-22 19:45:47.147 1119 1119 D SystemServerTiming: StartSerialService took to complete: 0ms
09-22 19:45:47.147 1119 1119 I SystemServerTiming: StartHardwarePropertiesManagerService
09-22 19:45:47.147 1119 1215 E UsbDeviceManager: failed to write to /sys/class/android_usb/android0/f_rndis/ethaddr
09-22 19:45:47.148 1119 1215 I UsbDeviceManager: USB GADGET HAL not present in the device
09-22 19:45:47.148 1119 1215 I UsbDeviceManager: java.util.NoSuchElementException
09-22 19:45:47.148 1119 1215 I UsbDeviceManager: at android.os.HwBinder.getService(Native Method)
09-22 19:45:47.148 1119 1215 I UsbDeviceManager: at android.hardware.usb.gadget.V1_0.IUsbGadget.getService(IUsbGadget.java:57)
09-22 19:45:47.148 1119 1215 I UsbDeviceManager: at android.hardware.usb.gadget.V1_0.IUsbGadget.getService(IUsbGadget.java:64)
09-22 19:45:47.148 1119 1215 I UsbDeviceManager: at com.android.server.usb.UsbDeviceManager.(UsbDeviceManager.java:293)
09-22 19:45:47.148 1119 1215 I UsbDeviceManager: at com.android.server.usb.UsbService.(UsbService.java:178)
09-22 19:45:47.148 1119 1215 I UsbDeviceManager: at com.android.server.usb.UsbService$Lifecycle.lambda$onStart$0$UsbService$Lifecycle(UsbService.java:92)
09-22 19:45:47.148 1119 1215 I UsbDeviceManager: at com.android.server.usb.UsbService$Lifecycle$$ExternalSyntheticLambda1.run(Unknown Source:2)
09-22 19:45:47.148 1119 1215 I UsbDeviceManager: at com.android.server.SystemServerInitThreadPool.lambda$submitTask$0$SystemServerInitThreadPool(SystemServerInitThreadPool.java:105)
09-22 19:45:47.148 1119 1215 I UsbDeviceManager: at com.android.server.SystemServerInitThreadPool$$ExternalSyntheticLambda0.run(Unknown Source:6)
09-22 19:45:47.148 1119 1215 I UsbDeviceManager: at java.util.concurrent.Executors$RunnableAdapter.call(Executors.java:462)
09-22 19:45:47.148 1119 1215 I UsbDeviceManager: at java.util.concurrent.FutureTask.run(FutureTask.java:266)
09-22 19:45:47.148 1119 1215 I UsbDeviceManager: at java.util.concurrent.ThreadPoolExecutor.runWorker(ThreadPoolExecutor.java:1167)
09-22 19:45:47.148 1119 1215 I UsbDeviceManager: at java.util.concurrent.ThreadPoolExecutor$Worker.run(ThreadPoolExecutor.java:641)
09-22 19:45:47.148 1119 1215 I UsbDeviceManager: at com.android.internal.util.ConcurrentUtils$1$1.run(ConcurrentUtils.java:65)
09-22 19:45:47.148 1119 1215 E UsbDeviceManager: Failed to open control for mtp
09-22 19:45:47.149 1119 1215 E UsbDeviceManager: Failed to open control for ptp
09-22 19:45:47.150 1119 1119 D SystemServerTiming: StartHardwarePropertiesManagerService took to complete: 3ms
09-22 19:45:47.151 1119 1119 I SystemServerTiming: StartTwilightService
09-22 19:45:47.151 1119 1119 I SystemServiceManager: Starting com.android.server.twilight.TwilightService
09-22 19:45:47.151 1119 1119 D SystemServerTiming: StartTwilightService took to complete: 0ms
09-22 19:45:47.151 1119 1119 I SystemServerTiming: StartColorDisplay
09-22 19:45:47.151 1119 1119 I SystemServiceManager: Starting com.android.server.display.color.ColorDisplayService
09-22 19:45:47.152 1119 1119 D SystemServerTiming: StartColorDisplay took to complete: 2ms
09-22 19:45:47.152 1119 1119 I SystemServerTiming: StartJobScheduler
09-22 19:45:47.152 1119 1119 I SystemServiceManager: Starting com.android.server.job.JobSchedulerService
09-22 19:45:47.156 1119 1215 W StorageManagerService: No primary storage defined yet; hacking together a stub
01-01 08:27:07.861 0 0 I : acc_open
01-01 08:27:07.861 0 0 I : acc_release
09-22 19:45:47.162 1119 1119 D JobStore: Start tag: job-info
09-22 19:45:47.163 1119 1119 W JobStore: Periodic job for uid='10098' persisted run-time is too big [360:01:19, 720:01:19]. Clamping to [360:00:44,720:00:44]
09-22 19:45:47.164 1119 1702 I UsbPortManager: Usb hal service started android.hardware.usb@1.0::IUsb default
09-22 19:45:47.165 1119 1119 W JobStore: Periodic job for uid='1000' persisted run-time is too big [24:00:54, 48:00:54]. Clamping to [24:00:44,48:00:44]
09-22 19:45:47.165 1119 1119 I JobStore: Read 5 jobs
09-22 19:45:47.171 1119 1215 I UsbPortManager: USB HAL version: 12
09-22 19:45:47.173 1119 1215 D SystemServerInitThreadPool: Finished executing UsbService$Lifecycle#onStart
09-22 19:45:47.173 1119 1215 D SystemServerTimingAsync: InitThreadPoolExec:UsbService$Lifecycle#onStart took to complete: 28ms
09-22 19:45:47.177 1119 1119 V HistoricalRegistry: Interaction before persistence initialized
09-22 19:45:47.177 1119 1119 V HistoricalRegistry: Interaction before persistence initialized
09-22 19:45:47.177 1119 1119 W JobScheduler: !!! RTC not yet good; tracking time updates for job scheduling
09-22 19:45:47.178 1119 1119 D SystemServerTiming: StartJobScheduler took to complete: 26ms
09-22 19:45:47.178 1119 1119 I SystemServerTiming: StartSoundTrigger
09-22 19:45:47.179 1119 1119 I SystemServiceManager: Starting com.android.server.soundtrigger.SoundTriggerService
09-22 19:45:47.179 1119 1119 D SystemServerTiming: StartSoundTrigger took to complete: 1ms
09-22 19:45:47.179 1119 1119 I SystemServerTiming: StartTrustManager
09-22 19:45:47.180 1119 1119 I SystemServiceManager: Starting com.android.server.trust.TrustManagerService
09-22 19:45:47.186 1119 1119 D SystemServerTiming: StartTrustManager took to complete: 7ms
09-22 19:45:47.186 1119 1119 I SystemServerTiming: StartBackupManager
09-22 19:45:47.186 1119 1119 I SystemServiceManager: Starting com.android.server.backup.BackupManagerService$Lifecycle
09-22 19:45:47.189 1119 1119 D SystemServerTiming: StartBackupManager took to complete: 3ms
09-22 19:45:47.189 1119 1119 I SystemServerTiming: StartAppWidgetService
09-22 19:45:47.189 1119 1119 I SystemServiceManager: Starting com.android.server.appwidget.AppWidgetService
09-22 19:45:47.192 1119 1119 D SystemServerTiming: StartAppWidgetService took to complete: 3ms
09-22 19:45:47.192 1119 1119 I SystemServerTiming: StartVoiceRecognitionManager
09-22 19:45:47.192 1119 1119 I SystemServiceManager: Starting com.android.server.voiceinteraction.VoiceInteractionManagerService
09-22 19:45:47.199 1119 1119 D SystemServerTiming: StartVoiceRecognitionManager took to complete: 6ms
09-22 19:45:47.199 1119 1119 I SystemServerTiming: StartAppHibernationService
09-22 19:45:47.199 1119 1119 I SystemServiceManager: Starting com.android.server.apphibernation.AppHibernationService
09-22 19:45:47.201 1119 1119 D SystemServerTiming: StartAppHibernationService took to complete: 1ms
09-22 19:45:47.201 1119 1119 I SystemServerTiming: StartGestureLauncher
09-22 19:45:47.201 1119 1119 I SystemServiceManager: Starting com.android.server.GestureLauncherService
09-22 19:45:47.201 1119 1119 D SystemServerTiming: StartGestureLauncher took to complete: 0ms
09-22 19:45:47.201 1119 1119 I SystemServerTiming: StartSensorNotification
09-22 19:45:47.201 1119 1119 I SystemServiceManager: Starting com.android.server.SensorNotificationService
09-22 19:45:47.201 1119 1119 D SystemServerTiming: StartSensorNotification took to complete: 1ms
09-22 19:45:47.201 1119 1119 I SystemServerTiming: StartDiskStatsService
09-22 19:45:47.203 1119 1119 D SystemServerTiming: StartDiskStatsService took to complete: 1ms
09-22 19:45:47.203 1119 1119 I SystemServerTiming: RuntimeService
09-22 19:45:47.199 1119 1119 I auditd : type=1400 audit(0.0:87): avc: denied { read } for comm="system_server" name="u:object_r:vendor_default_prop:s0" dev="tmpfs" ino=31530 scontext=u:r:system_server:s0 tcontext=u:object_r:vendor_default_prop:s0 tclass=file permissive=0
09-22 19:45:47.203 1119 1119 D SystemServerTiming: RuntimeService took to complete: 1ms
09-22 19:45:47.203 1119 1119 I SystemServerTiming: StartNetworkTimeUpdateService
09-22 19:45:47.206 1119 1119 D SystemServerTiming: StartNetworkTimeUpdateService took to complete: 2ms
09-22 19:45:47.206 1119 1119 I SystemServerTiming: CertBlacklister
09-22 19:45:47.206 1119 1119 D SystemServerTiming: CertBlacklister took to complete: 0ms
09-22 19:45:47.206 1119 1119 I SystemServerTiming: StartEmergencyAffordanceService
09-22 19:45:47.206 1119 1119 I SystemServiceManager: Starting com.android.server.emergency.EmergencyAffordanceService
09-22 19:45:47.207 1119 1119 D SystemServerTiming: StartEmergencyAffordanceService took to complete: 1ms
09-22 19:45:47.207 1119 1119 I SystemServerTiming: startBlobStoreManagerService
09-22 19:45:47.207 1119 1119 I SystemServiceManager: Starting com.android.server.blob.BlobStoreManagerService
09-22 19:45:47.209 1119 1119 D SystemServerTiming: startBlobStoreManagerService took to complete: 2ms
09-22 19:45:47.209 1119 1119 I SystemServerTiming: StartDreamManager
09-22 19:45:47.209 1119 1119 I SystemServiceManager: Starting com.android.server.dreams.DreamManagerService
09-22 19:45:47.210 1119 1119 D SystemServerTiming: StartDreamManager took to complete: 1ms
09-22 19:45:47.210 1119 1119 I SystemServerTiming: AddGraphicsStatsService
09-22 19:45:47.216 1119 1119 D SystemServerTiming: AddGraphicsStatsService took to complete: 6ms
09-22 19:45:47.217 1119 1119 I SystemServerTiming: StartCompanionDeviceManager
09-22 19:45:47.217 1119 1119 I SystemServiceManager: Starting com.android.server.companion.CompanionDeviceManagerService
09-22 19:45:47.220 1119 1119 D SystemServerTiming: StartCompanionDeviceManager took to complete: 4ms
09-22 19:45:47.220 1119 1119 I SystemServerTiming: StartRestrictionManager
09-22 19:45:47.220 1119 1119 I SystemServiceManager: Starting com.android.server.restrictions.RestrictionsManagerService
09-22 19:45:47.222 1119 1119 D SystemServerTiming: StartRestrictionManager took to complete: 2ms
09-22 19:45:47.222 1119 1119 I SystemServerTiming: StartMediaSessionService
09-22 19:45:47.222 1119 1119 I SystemServiceManager: Starting com.android.server.media.MediaSessionService
09-22 19:45:47.225 1119 1119 D SystemServerTiming: StartMediaSessionService took to complete: 3ms
09-22 19:45:47.225 1119 1119 I SystemServerTiming: StartMediaResourceMonitor
09-22 19:45:47.225 1119 1119 I SystemServiceManager: Starting com.android.server.media.MediaResourceMonitorService
09-22 19:45:47.226 1119 1119 D SystemServerTiming: StartMediaResourceMonitor took to complete: 1ms
09-22 19:45:47.226 1119 1119 I SystemServerTiming: StartMediaRouterService
09-22 19:45:47.227 1119 1119 V HistoricalRegistry: Interaction before persistence initialized
09-22 19:45:47.228 1119 1119 D SystemServerTiming: StartMediaRouterService took to complete: 2ms
09-22 19:45:47.228 1119 1119 I SystemServerTiming: StartFingerprintSensor
09-22 19:45:47.229 1119 1119 I SystemServiceManager: Starting com.android.server.biometrics.sensors.fingerprint.FingerprintService
09-22 19:45:47.229 1119 1119 D SystemServerTiming: StartFingerprintSensor took to complete: 1ms
09-22 19:45:47.229 1119 1119 I SystemServerTiming: StartBiometricService
09-22 19:45:47.229 1119 1119 I SystemServiceManager: Starting com.android.server.biometrics.BiometricService
09-22 19:45:47.232 1119 1119 D SystemServerTiming: StartBiometricService took to complete: 3ms
09-22 19:45:47.232 1119 1119 I SystemServerTiming: StartAuthService
09-22 19:45:47.232 1119 1119 I SystemServiceManager: Starting com.android.server.biometrics.AuthService
09-22 19:45:47.233 1119 1119 D AuthService: Registering HIDL ID: 0 Modality: 2 Strength: 15
09-22 19:45:47.233 1119 1119 D AuthService: Registering HIDL ID: 1 Modality: 8 Strength: 15
09-22 19:45:47.241 1119 1119 E AuthService: HIDL face configuration exists, but FaceService is null.
09-22 19:45:47.242 1119 1119 D SystemServerTiming: StartAuthService took to complete: 10ms
09-22 19:45:47.242 1119 1119 I SystemServerTiming: StartBackgroundDexOptService
09-22 19:45:47.243 1119 1119 W BackgroundDexOptService: SysProp pm.dexopt.downgrade_after_inactive_days not set
09-22 19:45:47.243 1119 1119 D SystemServerTiming: StartBackgroundDexOptService took to complete: 1ms
09-22 19:45:47.243 1119 1119 I SystemServerTiming: StartDynamicCodeLoggingService
09-22 19:45:47.244 1119 1119 D SystemServerTiming: StartDynamicCodeLoggingService took to complete: 0ms
09-22 19:45:47.244 1119 1119 I SystemServerTiming: StartPruneInstantAppsJobService
09-22 19:45:47.244 1119 1119 D SystemServerTiming: StartPruneInstantAppsJobService took to complete: 0ms
09-22 19:45:47.244 1119 1119 I SystemServerTiming: StartShortcutServiceLifecycle
09-22 19:45:47.244 1119 1119 I SystemServiceManager: Starting com.android.server.pm.ShortcutService$Lifecycle
09-22 19:45:47.245 1119 1119 V HistoricalRegistry: Interaction before persistence initialized
09-22 19:45:47.246 1119 1119 D SystemServerTiming: StartShortcutServiceLifecycle took to complete: 2ms
09-22 19:45:47.246 1119 1119 I SystemServerTiming: StartLauncherAppsService
09-22 19:45:47.246 1119 1119 I SystemServiceManager: Starting com.android.server.pm.LauncherAppsService
09-22 19:45:47.247 1119 1119 D SystemServerTiming: StartLauncherAppsService took to complete: 1ms
09-22 19:45:47.247 1119 1119 I SystemServerTiming: StartCrossProfileAppsService
09-22 19:45:47.247 1119 1119 I SystemServiceManager: Starting com.android.server.pm.CrossProfileAppsService
09-22 19:45:47.248 1119 1119 D SystemServerTiming: StartCrossProfileAppsService took to complete: 1ms
09-22 19:45:47.248 1119 1119 I SystemServerTiming: StartPeopleService
09-22 19:45:47.248 1119 1119 I SystemServiceManager: Starting com.android.server.people.PeopleService
09-22 19:45:47.249 1119 1119 D SystemServerTiming: StartPeopleService took to complete: 0ms
09-22 19:45:47.249 1119 1119 I SystemServerTiming: StartMediaMetricsManager
09-22 19:45:47.249 1119 1119 I SystemServiceManager: Starting com.android.server.media.metrics.MediaMetricsManagerService
09-22 19:45:47.250 1119 1119 D SystemServerTiming: StartMediaMetricsManager took to complete: 1ms
09-22 19:45:47.250 1119 1119 I SystemServerTiming: StartMediaProjectionManager
09-22 19:45:47.250 1119 1119 I SystemServiceManager: Starting com.android.server.media.projection.MediaProjectionManagerService
09-22 19:45:47.251 1119 1854 D BiometricService: Registering ID: 0 Modality: 2 Strength: 15
09-22 19:45:47.251 1119 1854 D BiometricStrengthController: updateStrengths: revert sensorId=0 to oemStrength=15
09-22 19:45:47.252 1119 1854 D BiometricService/Sensor: updateStrength: Before(ID(0), oemStrength: 15, updatedStrength: 15, modality 2, state: 0, cookie: 0, props: ID: 0, Strength: 2, Type: 1) After(ID(0), oemStrength: 15, updatedStrength: 15, modality 2, state: 0, cookie: 0, props: ID: 0, Strength: 2, Type: 1)
09-22 19:45:47.253 1119 1119 D SystemServerTiming: StartMediaProjectionManager took to complete: 2ms
09-22 19:45:47.253 1119 1119 I SystemServerTiming: StartSliceManagerService
09-22 19:45:47.253 1119 1119 I SystemServiceManager: Starting com.android.server.slice.SliceManagerService$Lifecycle
09-22 19:45:47.257 1119 1119 D SystemServerTiming: StartSliceManagerService took to complete: 4ms
09-22 19:45:47.257 1119 1119 I SystemServerTiming: StartStatsCompanion
09-22 19:45:47.263 1119 1119 I SystemServiceManager: Starting com.android.server.stats.StatsCompanion$Lifecycle
09-22 19:45:47.266 1119 1119 D SystemServerTiming: StartStatsCompanion took to complete: 9ms
09-22 19:45:47.266 1119 1119 I SystemServerTiming: StartRebootReadinessManagerService
09-22 19:45:47.276 1119 1119 I SystemServiceManager: Starting com.android.server.scheduling.RebootReadinessManagerService$Lifecycle
09-22 19:45:47.279 1119 1119 D SystemServerTiming: StartRebootReadinessManagerService took to complete: 12ms
09-22 19:45:47.279 1119 1119 I SystemServerTiming: StartStatsPullAtomService
09-22 19:45:47.279 1119 1119 I SystemServiceManager: Starting com.android.server.stats.pull.StatsPullAtomService
09-22 19:45:47.279 1119 1119 D SystemServerTiming: StartStatsPullAtomService took to complete: 0ms
09-22 19:45:47.279 1119 1119 I SystemServerTiming: StartIncidentCompanionService
09-22 19:45:47.279 1119 1119 I SystemServiceManager: Starting com.android.server.incident.IncidentCompanionService
09-22 19:45:47.284 1119 1119 D SystemServerTiming: StartIncidentCompanionService took to complete: 4ms
09-22 19:45:47.284 1119 1119 I SystemServerTiming: StartMmsService
09-22 19:45:47.284 1119 1119 I SystemServiceManager: Starting com.android.server.MmsServiceBroker
09-22 19:45:47.291 1119 1119 D SystemServerTiming: StartMmsService took to complete: 8ms
09-22 19:45:47.291 1119 1119 I SystemServerTiming: StartAutoFillService
09-22 19:45:47.291 1119 1119 I SystemServiceManager: Starting com.android.server.autofill.AutofillManagerService
09-22 19:45:47.292 1119 1119 D AutofillManagerService: setLogLevelFromSettings(): level=2, debug=true, verbose=false
09-22 19:45:47.292 1119 1119 D AutofillManagerService: setMaxPartitionsFromSettings(): 10
09-22 19:45:47.293 1119 1119 D AutofillManagerService: setMaxVisibleDatasetsFromSettings(): 0
09-22 19:45:47.293 1119 1209 D AutofillUI: destroySaveUiUiThread(): already destroyed
09-22 19:45:47.293 1119 1119 D AutofillManagerServiceImpl: Reset component for user 0:
09-22 19:45:47.295 1119 1119 D SystemServerTiming: StartAutoFillService took to complete: 3ms
09-22 19:45:47.295 1119 1119 D SystemServer: TranslationService not defined by OEM
09-22 19:45:47.295 1119 1119 I SystemServerTiming: StartClipboardService
09-22 19:45:47.295 1119 1119 I SystemServiceManager: Starting com.android.server.clipboard.ClipboardService
09-22 19:45:47.297 1119 1119 D SystemServerTiming: StartClipboardService took to complete: 2ms
09-22 19:45:47.297 1119 1119 I SystemServerTiming: AppServiceManager
09-22 19:45:47.297 1119 1119 I SystemServiceManager: Starting com.android.server.appbinding.AppBindingService$Lifecycle
09-22 19:45:47.297 1119 1119 D SystemServerTiming: AppServiceManager took to complete: 0ms
09-22 19:45:47.298 1119 1119 I SystemServerTiming: startTracingServiceProxy
09-22 19:45:47.298 1119 1119 I SystemServiceManager: Starting com.android.server.tracing.TracingServiceProxy
09-22 19:45:47.298 1119 1119 D SystemServerTiming: startTracingServiceProxy took to complete: 1ms
09-22 19:45:47.298 1119 1119 I SystemServerTiming: MakeLockSettingsServiceReady
09-22 19:45:47.306 1119 1119 I SyntheticPasswordManager: Device does not support weaver
09-22 19:45:47.306 1119 1119 I LockSettingsService: Device doesn't implement AuthSecret HAL
09-22 19:45:47.307 1119 1119 D SystemServerTiming: MakeLockSettingsServiceReady took to complete: 9ms
09-22 19:45:47.307 1119 1119 I SystemServerTiming: StartBootPhaseLockSettingsReady
09-22 19:45:47.307 1119 1119 I SystemServiceManager: Starting phase 480
09-22 19:45:47.307 1119 1119 I SystemServerTiming: OnBootPhase_480
09-22 19:45:47.308 1119 1119 I SystemServerTiming: OnBootPhase_480_com.android.server.security.FileIntegrityService
09-22 19:45:47.308 1119 1119 D SystemServerTiming: OnBootPhase_480_com.android.server.security.FileIntegrityService took to complete: 0ms
09-22 19:45:47.308 1119 1119 I SystemServerTiming: OnBootPhase_480_com.android.server.pm.Installer
09-22 19:45:47.308 1119 1119 D SystemServerTiming: OnBootPhase_480_com.android.server.pm.Installer took to complete: 0ms
09-22 19:45:47.308 1119 1119 I SystemServerTiming: OnBootPhase_480_com.android.server.os.DeviceIdentifiersPolicyService
09-22 19:45:47.308 1119 1119 D SystemServerTiming: OnBootPhase_480_com.android.server.os.DeviceIdentifiersPolicyService took to complete: 0ms
09-22 19:45:47.308 1119 1119 I SystemServerTiming: OnBootPhase_480_com.android.server.uri.UriGrantsManagerService$Lifecycle
09-22 19:45:47.308 1119 1119 D SystemServerTiming: OnBootPhase_480_com.android.server.uri.UriGrantsManagerService$Lifecycle took to complete: 0ms
09-22 19:45:47.308 1119 1119 I SystemServerTiming: OnBootPhase_480_com.android.server.powerstats.PowerStatsService
09-22 19:45:47.308 1119 1119 D SystemServerTiming: OnBootPhase_480_com.android.server.powerstats.PowerStatsService took to complete: 0ms
09-22 19:45:47.308 1119 1119 I SystemServerTiming: OnBootPhase_480_com.android.server.wm.ActivityTaskManagerService$Lifecycle
09-22 19:45:47.308 1119 1119 D SystemServerTiming: OnBootPhase_480_com.android.server.wm.ActivityTaskManagerService$Lifecycle took to complete: 0ms
09-22 19:45:47.308 1119 1119 I SystemServerTiming: OnBootPhase_480_com.android.server.am.ActivityManagerService$Lifecycle
09-22 19:45:47.308 1119 1119 D SystemServerTiming: OnBootPhase_480_com.android.server.am.ActivityManagerService$Lifecycle took to complete: 0ms
09-22 19:45:47.308 1119 1119 I SystemServerTiming: OnBootPhase_480_com.android.server.pm.DataLoaderManagerService
09-22 19:45:47.308 1119 1119 D SystemServerTiming: OnBootPhase_480_com.android.server.pm.DataLoaderManagerService took to complete: 0ms
09-22 19:45:47.308 1119 1119 I SystemServerTiming: OnBootPhase_480_com.android.server.power.PowerManagerService
09-22 19:45:47.308 1119 1119 D SystemServerTiming: OnBootPhase_480_com.android.server.power.PowerManagerService took to complete: 0ms
09-22 19:45:47.308 1119 1119 I SystemServerTiming: OnBootPhase_480_com.android.server.power.ThermalManagerService
09-22 19:45:47.308 1119 1119 D SystemServerTiming: OnBootPhase_480_com.android.server.power.ThermalManagerService took to complete: 0ms
09-22 19:45:47.308 1119 1119 I SystemServerTiming: OnBootPhase_480_com.android.server.power.hint.HintManagerService
09-22 19:45:47.308 1119 1119 D SystemServerTiming: OnBootPhase_480_com.android.server.power.hint.HintManagerService took to complete: 0ms
09-22 19:45:47.308 1119 1119 I SystemServerTiming: OnBootPhase_480_com.android.server.recoverysystem.RecoverySystemService$Lifecycle
09-22 19:45:47.308 1119 1119 D SystemServerTiming: OnBootPhase_480_com.android.server.recoverysystem.RecoverySystemService$Lifecycle took to complete: 0ms
09-22 19:45:47.308 1119 1119 I SystemServerTiming: OnBootPhase_480_com.android.server.lights.LightsService
09-22 19:45:47.309 1119 1119 D SystemServerTiming: OnBootPhase_480_com.android.server.lights.LightsService took to complete: 0ms
09-22 19:45:47.309 1119 1119 I SystemServerTiming: OnBootPhase_480_com.android.server.display.DisplayManagerService
09-22 19:45:47.309 1119 1119 D SystemServerTiming: OnBootPhase_480_com.android.server.display.DisplayManagerService took to complete: 0ms
09-22 19:45:47.309 1119 1119 I SystemServerTiming: OnBootPhase_480_com.android.server.pm.verify.domain.DomainVerificationService
09-22 19:45:47.309 1119 1119 D SystemServerTiming: OnBootPhase_480_com.android.server.pm.verify.domain.DomainVerificationService took to complete: 0ms
09-22 19:45:47.309 1119 1119 I SystemServerTiming: OnBootPhase_480_com.android.server.pm.PackageInstallerService$Lifecycle
09-22 19:45:47.309 1119 1119 D SystemServerTiming: OnBootPhase_480_com.android.server.pm.PackageInstallerService$Lifecycle took to complete: 0ms
09-22 19:45:47.309 1119 1119 I SystemServerTiming: OnBootPhase_480_com.android.server.pm.UserManagerService$LifeCycle
09-22 19:45:47.309 1119 1119 D SystemServerTiming: OnBootPhase_480_com.android.server.pm.UserManagerService$LifeCycle took to complete: 0ms
09-22 19:45:47.309 1119 1119 I SystemServerTiming: OnBootPhase_480_com.android.server.om.OverlayManagerService
09-22 19:45:47.309 1119 1119 D SystemServerTiming: OnBootPhase_480_com.android.server.om.OverlayManagerService took to complete: 0ms
09-22 19:45:47.309 1119 1119 I SystemServerTiming: OnBootPhase_480_com.android.server.SensorPrivacyService
09-22 19:45:47.309 1119 1119 D SystemServerTiming: OnBootPhase_480_com.android.server.SensorPrivacyService took to complete: 0ms
09-22 19:45:47.309 1119 1119 I SystemServerTiming: OnBootPhase_480_com.android.server.sensors.SensorService
09-22 19:45:47.309 1119 1119 D SystemServerTiming: OnBootPhase_480_com.android.server.sensors.SensorService took to complete: 0ms
09-22 19:45:47.309 1119 1119 I SystemServerTiming: OnBootPhase_480_com.android.server.SystemConfigService
09-22 19:45:47.309 1119 1119 D SystemServerTiming: OnBootPhase_480_com.android.server.SystemConfigService took to complete: 0ms
09-22 19:45:47.309 1119 1119 I SystemServerTiming: OnBootPhase_480_com.android.server.BatteryService
09-22 19:45:47.309 1119 1119 D SystemServerTiming: OnBootPhase_480_com.android.server.BatteryService took to complete: 0ms
09-22 19:45:47.309 1119 1119 I SystemServerTiming: OnBootPhase_480_com.android.server.usage.UsageStatsService
09-22 19:45:47.309 1119 1119 D SystemServerTiming: OnBootPhase_480_com.android.server.usage.UsageStatsService took to complete: 0ms
09-22 19:45:47.309 1119 1119 I SystemServerTiming: OnBootPhase_480_com.android.server.webkit.WebViewUpdateService
09-22 19:45:47.309 1119 1119 D SystemServerTiming: OnBootPhase_480_com.android.server.webkit.WebViewUpdateService took to complete: 0ms
09-22 19:45:47.309 1119 1119 I SystemServerTiming: OnBootPhase_480_com.android.server.CachedDeviceStateService
09-22 19:45:47.309 1119 1119 D SystemServerTiming: OnBootPhase_480_com.android.server.CachedDeviceStateService took to complete: 0ms
09-22 19:45:47.309 1119 1119 I SystemServerTiming: OnBootPhase_480_com.android.server.BinderCallsStatsService$LifeCycle
09-22 19:45:47.310 1119 1119 D SystemServerTiming: OnBootPhase_480_com.android.server.BinderCallsStatsService$LifeCycle took to complete: 0ms
09-22 19:45:47.310 1119 1119 I SystemServerTiming: OnBootPhase_480_com.android.server.LooperStatsService$Lifecycle
09-22 19:45:47.310 1119 1119 D SystemServerTiming: OnBootPhase_480_com.android.server.LooperStatsService$Lifecycle took to complete: 0ms
09-22 19:45:47.310 1119 1119 I SystemServerTiming: OnBootPhase_480_com.android.server.rollback.RollbackManagerService
09-22 19:45:47.310 1119 1119 D SystemServerTiming: OnBootPhase_480_com.android.server.rollback.RollbackManagerService took to complete: 0ms
09-22 19:45:47.310 1119 1119 I SystemServerTiming: OnBootPhase_480_com.android.server.os.NativeTombstoneManagerService
09-22 19:45:47.310 1119 1119 D SystemServerTiming: OnBootPhase_480_com.android.server.os.NativeTombstoneManagerService took to complete: 0ms
09-22 19:45:47.310 1119 1119 I SystemServerTiming: OnBootPhase_480_com.android.server.os.BugreportManagerService
09-22 19:45:47.310 1119 1119 D SystemServerTiming: OnBootPhase_480_com.android.server.os.BugreportManagerService took to complete: 0ms
09-22 19:45:47.310 1119 1119 I SystemServerTiming: OnBootPhase_480_com.android.server.gpu.GpuService
09-22 19:45:47.310 1119 1119 D SystemServerTiming: OnBootPhase_480_com.android.server.gpu.GpuService took to complete: 0ms
09-22 19:45:47.310 1119 1119 I SystemServerTiming: OnBootPhase_480_com.android.server.security.KeyChainSystemService
09-22 19:45:47.310 1119 1119 D SystemServerTiming: OnBootPhase_480_com.android.server.security.KeyChainSystemService took to complete: 0ms
09-22 19:45:47.310 1119 1119 I SystemServerTiming: OnBootPhase_480_com.android.server.telecom.TelecomLoaderService
09-22 19:45:47.310 1119 1119 D SystemServerTiming: OnBootPhase_480_com.android.server.telecom.TelecomLoaderService took to complete: 0ms
09-22 19:45:47.310 1119 1119 I SystemServerTiming: OnBootPhase_480_com.android.server.accounts.AccountManagerService$Lifecycle
09-22 19:45:47.310 1119 1119 D SystemServerTiming: OnBootPhase_480_com.android.server.accounts.AccountManagerService$Lifecycle took to complete: 0ms
09-22 19:45:47.310 1119 1119 I SystemServerTiming: OnBootPhase_480_com.android.server.content.ContentService$Lifecycle
09-22 19:45:47.310 1119 1119 D SystemServerTiming: OnBootPhase_480_com.android.server.content.ContentService$Lifecycle took to complete: 0ms
09-22 19:45:47.310 1119 1119 I SystemServerTiming: OnBootPhase_480_com.android.server.DropBoxManagerService
09-22 19:45:47.310 1119 1119 D SystemServerTiming: OnBootPhase_480_com.android.server.DropBoxManagerService took to complete: 0ms
09-22 19:45:47.310 1119 1119 I SystemServerTiming: OnBootPhase_480_com.android.role.RoleService
09-22 19:45:47.310 1119 1119 D SystemServerTiming: OnBootPhase_480_com.android.role.RoleService took to complete: 0ms
09-22 19:45:47.310 1119 1119 I SystemServerTiming: OnBootPhase_480_com.android.server.vibrator.VibratorManagerService$Lifecycle
09-22 19:45:47.310 1119 1119 D SystemServerTiming: OnBootPhase_480_com.android.server.vibrator.VibratorManagerService$Lifecycle took to complete: 0ms
09-22 19:45:47.310 1119 1119 I SystemServerTiming: OnBootPhase_480_com.android.server.alarm.AlarmManagerService
09-22 19:45:47.310 1119 1119 D SystemServerTiming: OnBootPhase_480_com.android.server.alarm.AlarmManagerService took to complete: 0ms
09-22 19:45:47.311 1119 1119 I SystemServerTiming: OnBootPhase_480_com.android.server.devicestate.DeviceStateManagerService
09-22 19:45:47.311 1119 1119 D SystemServerTiming: OnBootPhase_480_com.android.server.devicestate.DeviceStateManagerService took to complete: 0ms
09-22 19:45:47.311 1119 1119 I SystemServerTiming: OnBootPhase_480_com.android.server.camera.CameraServiceProxy
09-22 19:45:47.311 1119 1119 D SystemServerTiming: OnBootPhase_480_com.android.server.camera.CameraServiceProxy took to complete: 0ms
09-22 19:45:47.311 1119 1119 I SystemServerTiming: OnBootPhase_480_com.android.server.BluetoothService
09-22 19:45:47.311 1119 1119 D SystemServerTiming: OnBootPhase_480_com.android.server.BluetoothService took to complete: 0ms
09-22 19:45:47.311 1119 1119 I SystemServerTiming: OnBootPhase_480_com.android.server.connectivity.IpConnectivityMetrics
09-22 19:45:47.311 1119 1119 D SystemServerTiming: OnBootPhase_480_com.android.server.connectivity.IpConnectivityMetrics took to complete: 0ms
09-22 19:45:47.311 1119 1119 I SystemServerTiming: OnBootPhase_480_com.android.server.net.watchlist.NetworkWatchlistService$Lifecycle
09-22 19:45:47.311 1119 1119 D SystemServerTiming: OnBootPhase_480_com.android.server.net.watchlist.NetworkWatchlistService$Lifecycle took to complete: 0ms
09-22 19:45:47.311 1119 1119 I SystemServerTiming: OnBootPhase_480_com.android.server.PinnerService
09-22 19:45:47.311 1119 1119 D SystemServerTiming: OnBootPhase_480_com.android.server.PinnerService took to complete: 0ms
09-22 19:45:47.311 1119 1119 I SystemServerTiming: OnBootPhase_480_com.google.android.startop.iorap.IorapForwardingService
09-22 19:45:47.311 1119 1119 D SystemServerTiming: OnBootPhase_480_com.google.android.startop.iorap.IorapForwardingService took to complete: 0ms
09-22 19:45:47.311 1119 1119 I SystemServerTiming: OnBootPhase_480_com.android.server.ActivityTriggerService
09-22 19:45:47.311 1119 1119 D SystemServerTiming: OnBootPhase_480_com.android.server.ActivityTriggerService took to complete: 0ms
09-22 19:45:47.311 1119 1119 I SystemServerTiming: OnBootPhase_480_com.android.server.integrity.AppIntegrityManagerService
09-22 19:45:47.311 1119 1119 D SystemServerTiming: OnBootPhase_480_com.android.server.integrity.AppIntegrityManagerService took to complete: 0ms
09-22 19:45:47.311 1119 1119 I SystemServerTiming: OnBootPhase_480_com.android.server.inputmethod.InputMethodManagerService$Lifecycle
09-22 19:45:47.312 1119 1119 D SystemServerTiming: OnBootPhase_480_com.android.server.inputmethod.InputMethodManagerService$Lifecycle took to complete: 0ms
09-22 19:45:47.312 1119 1119 I SystemServerTiming: OnBootPhase_480_com.android.server.accessibility.AccessibilityManagerService$Lifecycle
09-22 19:45:47.312 1119 1119 D SystemServerTiming: OnBootPhase_480_com.android.server.accessibility.AccessibilityManagerService$Lifecycle took to complete: 0ms
09-22 19:45:47.312 1119 1119 I SystemServerTiming: OnBootPhase_480_com.android.server.StorageManagerService$Lifecycle
09-22 19:45:47.312 1119 1119 D SystemServerTiming: OnBootPhase_480_com.android.server.StorageManagerService$Lifecycle took to complete: 0ms
09-22 19:45:47.312 1119 1119 I SystemServerTiming: OnBootPhase_480_com.android.server.usage.StorageStatsService$Lifecycle
09-22 19:45:47.312 1119 1119 D SystemServerTiming: OnBootPhase_480_com.android.server.usage.StorageStatsService$Lifecycle took to complete: 0ms
09-22 19:45:47.312 1119 1119 I SystemServerTiming: OnBootPhase_480_com.android.server.UiModeManagerService
09-22 19:45:47.312 1119 1119 D SystemServerTiming: OnBootPhase_480_com.android.server.UiModeManagerService took to complete: 0ms
09-22 19:45:47.312 1119 1119 I SystemServerTiming: OnBootPhase_480_com.android.server.locksettings.LockSettingsService$Lifecycle
09-22 19:45:47.312 1119 1119 D SystemServerTiming: OnBootPhase_480_com.android.server.locksettings.LockSettingsService$Lifecycle took to complete: 0ms
09-22 19:45:47.312 1119 1119 I SystemServerTiming: OnBootPhase_480_com.android.server.PersistentDataBlockService
09-22 19:45:47.312 1119 1119 D SystemServerTiming: OnBootPhase_480_com.android.server.PersistentDataBlockService took to complete: 0ms
09-22 19:45:47.312 1119 1119 I SystemServerTiming: OnBootPhase_480_com.android.server.testharness.TestHarnessModeService
09-22 19:45:47.312 1119 1119 D SystemServerTiming: OnBootPhase_480_com.android.server.testharness.TestHarnessModeService took to complete: 0ms
09-22 19:45:47.312 1119 1119 I SystemServerTiming: OnBootPhase_480_com.android.server.oemlock.OemLockService
09-22 19:45:47.312 1119 1119 D SystemServerTiming: OnBootPhase_480_com.android.server.oemlock.OemLockService took to complete: 0ms
09-22 19:45:47.312 1119 1119 I SystemServerTiming: OnBootPhase_480_com.android.server.DeviceIdleController
09-22 19:45:47.312 1119 1119 D SystemServerTiming: OnBootPhase_480_com.android.server.DeviceIdleController took to complete: 0ms
09-22 19:45:47.312 1119 1119 I SystemServerTiming: OnBootPhase_480_com.android.server.devicepolicy.DevicePolicyManagerService$Lifecycle
09-22 19:45:47.315 1119 1119 I DevicePolicyManager: Current version 2, latest version 2, not upgrading.
09-22 19:45:47.323 1119 1119 D SystemServerTiming: OnBootPhase_480_com.android.server.devicepolicy.DevicePolicyManagerService$Lifecycle took to complete: 11ms
09-22 19:45:47.323 1119 1119 I SystemServerTiming: OnBootPhase_480_com.android.server.texttospeech.TextToSpeechManagerService
09-22 19:45:47.323 1119 1119 D SystemServerTiming: OnBootPhase_480_com.android.server.texttospeech.TextToSpeechManagerService took to complete: 0ms
09-22 19:45:47.323 1119 1119 I SystemServerTiming: OnBootPhase_480_com.android.server.speech.SpeechRecognitionManagerService
09-22 19:45:47.323 1119 1119 D SystemServerTiming: OnBootPhase_480_com.android.server.speech.SpeechRecognitionManagerService took to complete: 0ms
09-22 19:45:47.323 1119 1119 I SystemServerTiming: OnBootPhase_480_com.android.server.searchui.SearchUiManagerService
09-22 19:45:47.323 1119 1119 D SystemServerTiming: OnBootPhase_480_com.android.server.searchui.SearchUiManagerService took to complete: 0ms
09-22 19:45:47.324 1119 1119 I SystemServerTiming: OnBootPhase_480_com.android.server.smartspace.SmartspaceManagerService
09-22 19:45:47.324 1119 1119 D SystemServerTiming: OnBootPhase_480_com.android.server.smartspace.SmartspaceManagerService took to complete: 0ms
09-22 19:45:47.324 1119 1119 I SystemServerTiming: OnBootPhase_480_com.android.server.graphics.fonts.FontManagerService$Lifecycle
09-22 19:45:47.324 1119 1119 D SystemServerTiming: OnBootPhase_480_com.android.server.graphics.fonts.FontManagerService$Lifecycle took to complete: 0ms
09-22 19:45:47.324 1119 1119 I SystemServerTiming: OnBootPhase_480_com.android.server.textservices.TextServicesManagerService$Lifecycle
09-22 19:45:47.324 1119 1119 D SystemServerTiming: OnBootPhase_480_com.android.server.textservices.TextServicesManagerService$Lifecycle took to complete: 0ms
09-22 19:45:47.324 1119 1119 I SystemServerTiming: OnBootPhase_480_com.android.server.textclassifier.TextClassificationManagerService$Lifecycle
09-22 19:45:47.324 1119 1119 D SystemServerTiming: OnBootPhase_480_com.android.server.textclassifier.TextClassificationManagerService$Lifecycle took to complete: 0ms
09-22 19:45:47.324 1119 1119 I SystemServerTiming: OnBootPhase_480_com.android.server.NetworkScoreService$Lifecycle
09-22 19:45:47.324 1119 1119 D SystemServerTiming: OnBootPhase_480_com.android.server.NetworkScoreService$Lifecycle took to complete: 0ms
09-22 19:45:47.324 1119 1119 I SystemServerTiming: OnBootPhase_480_com.android.server.wifi.WifiService
09-22 19:45:47.324 1119 1119 D SystemServerTiming: OnBootPhase_480_com.android.server.wifi.WifiService took to complete: 0ms
09-22 19:45:47.324 1119 1119 I SystemServerTiming: OnBootPhase_480_com.android.server.wifi.scanner.WifiScanningService
09-22 19:45:47.324 1119 1119 D SystemServerTiming: OnBootPhase_480_com.android.server.wifi.scanner.WifiScanningService took to complete: 0ms
09-22 19:45:47.324 1119 1119 I SystemServerTiming: OnBootPhase_480_com.android.server.wifi.rtt.RttService
09-22 19:45:47.324 1119 1119 D SystemServerTiming: OnBootPhase_480_com.android.server.wifi.rtt.RttService took to complete: 0ms
09-22 19:45:47.324 1119 1663 I SystemServerTimingAsync: InitThreadPoolExec:DevicePolicyManager
09-22 19:45:47.324 1119 1663 D SystemServerInitThreadPool: Started executing DevicePolicyManager
09-22 19:45:47.324 1119 1663 D SystemServerInitThreadPool: Finished executing DevicePolicyManager
09-22 19:45:47.325 1119 1663 D SystemServerTimingAsync: InitThreadPoolExec:DevicePolicyManager took to complete: 0ms
09-22 19:45:47.325 1119 1119 I SystemServerTiming: OnBootPhase_480_com.android.server.wifi.aware.WifiAwareService
09-22 19:45:47.325 1119 1119 D SystemServerTiming: OnBootPhase_480_com.android.server.wifi.aware.WifiAwareService took to complete: 0ms
09-22 19:45:47.325 1119 1119 I SystemServerTiming: OnBootPhase_480_com.android.server.wifi.p2p.WifiP2pService
09-22 19:45:47.325 1119 1119 D SystemServerTiming: OnBootPhase_480_com.android.server.wifi.p2p.WifiP2pService took to complete: 0ms
09-22 19:45:47.325 1119 1119 I SystemServerTiming: OnBootPhase_480_com.android.server.ethernet.EthernetService
09-22 19:45:47.325 1119 1119 D SystemServerTiming: OnBootPhase_480_com.android.server.ethernet.EthernetService took to complete: 0ms
09-22 19:45:47.325 1119 1119 I SystemServerTiming: OnBootPhase_480_com.android.server.ConnectivityServiceInitializer
09-22 19:45:47.325 1119 1119 D SystemServerTiming: OnBootPhase_480_com.android.server.ConnectivityServiceInitializer took to complete: 0ms
09-22 19:45:47.325 1119 1119 I SystemServerTiming: OnBootPhase_480_com.android.server.notification.NotificationManagerService
09-22 19:45:47.325 1119 1119 D SystemServerTiming: OnBootPhase_480_com.android.server.notification.NotificationManagerService took to complete: 0ms
09-22 19:45:47.325 1119 1119 I SystemServerTiming: OnBootPhase_480_com.android.server.storage.DeviceStorageMonitorService
09-22 19:45:47.325 1119 1119 D SystemServerTiming: OnBootPhase_480_com.android.server.storage.DeviceStorageMonitorService took to complete: 0ms
09-22 19:45:47.325 1119 1119 I SystemServerTiming: OnBootPhase_480_com.android.server.location.LocationManagerService$Lifecycle
09-22 19:45:47.325 1119 1119 D SystemServerTiming: OnBootPhase_480_com.android.server.location.LocationManagerService$Lifecycle took to complete: 0ms
09-22 19:45:47.325 1119 1119 I SystemServerTiming: OnBootPhase_480_com.android.server.timedetector.TimeDetectorService$Lifecycle
09-22 19:45:47.325 1119 1119 D SystemServerTiming: OnBootPhase_480_com.android.server.timedetector.TimeDetectorService$Lifecycle took to complete: 0ms
09-22 19:45:47.325 1119 1119 I SystemServerTiming: OnBootPhase_480_com.android.server.timezonedetector.TimeZoneDetectorService$Lifecycle
09-22 19:45:47.325 1119 1119 D SystemServerTiming: OnBootPhase_480_com.android.server.timezonedetector.TimeZoneDetectorService$Lifecycle took to complete: 0ms
09-22 19:45:47.325 1119 1119 I SystemServerTiming: OnBootPhase_480_com.android.server.timezonedetector.location.LocationTimeZoneManagerService$Lifecycle
09-22 19:45:47.325 1119 1119 D SystemServerTiming: OnBootPhase_480_com.android.server.timezonedetector.location.LocationTimeZoneManagerService$Lifecycle took to complete: 0ms
09-22 19:45:47.325 1119 1119 I SystemServerTiming: OnBootPhase_480_com.android.server.search.SearchManagerService$Lifecycle
09-22 19:45:47.325 1119 1119 D SystemServerTiming: OnBootPhase_480_com.android.server.search.SearchManagerService$Lifecycle took to complete: 0ms
09-22 19:45:47.326 1119 1119 I SystemServerTiming: OnBootPhase_480_com.android.server.wallpaper.WallpaperManagerService$Lifecycle
09-22 19:45:47.326 1119 1119 D SystemServerTiming: OnBootPhase_480_com.android.server.wallpaper.WallpaperManagerService$Lifecycle took to complete: 0ms
09-22 19:45:47.326 1119 1119 I SystemServerTiming: OnBootPhase_480_com.android.server.audio.AudioService$Lifecycle
09-22 19:45:47.326 1119 1119 D SystemServerTiming: OnBootPhase_480_com.android.server.audio.AudioService$Lifecycle took to complete: 0ms
09-22 19:45:47.326 1119 1119 I SystemServerTiming: OnBootPhase_480_com.android.server.soundtrigger_middleware.SoundTriggerMiddlewareService$Lifecycle
09-22 19:45:47.326 1119 1119 D SystemServerTiming: OnBootPhase_480_com.android.server.soundtrigger_middleware.SoundTriggerMiddlewareService$Lifecycle took to complete: 0ms
09-22 19:45:47.326 1119 1119 I SystemServerTiming: OnBootPhase_480_com.android.server.DockObserver
09-22 19:45:47.326 1119 1119 D SystemServerTiming: OnBootPhase_480_com.android.server.DockObserver took to complete: 0ms
09-22 19:45:47.326 1119 1119 I SystemServerTiming: OnBootPhase_480_com.android.server.midi.MidiService$Lifecycle
09-22 19:45:47.326 1119 1119 D SystemServerTiming: OnBootPhase_480_com.android.server.midi.MidiService$Lifecycle took to complete: 0ms
09-22 19:45:47.326 1119 1119 I SystemServerTiming: OnBootPhase_480_com.android.server.adb.AdbService$Lifecycle
09-22 19:45:47.326 1119 1119 D SystemServerTiming: OnBootPhase_480_com.android.server.adb.AdbService$Lifecycle took to complete: 0ms
09-22 19:45:47.326 1119 1119 I SystemServerTiming: OnBootPhase_480_com.android.server.usb.UsbService$Lifecycle
09-22 19:45:47.326 1119 1119 D SystemServerTiming: OnBootPhase_480_com.android.server.usb.UsbService$Lifecycle took to complete: 0ms
09-22 19:45:47.326 1119 1119 I SystemServerTiming: OnBootPhase_480_com.android.server.twilight.TwilightService
09-22 19:45:47.326 1119 1119 D SystemServerTiming: OnBootPhase_480_com.android.server.twilight.TwilightService took to complete: 0ms
09-22 19:45:47.326 1119 1119 I SystemServerTiming: OnBootPhase_480_com.android.server.display.color.ColorDisplayService
09-22 19:45:47.326 1119 1119 D SystemServerTiming: OnBootPhase_480_com.android.server.display.color.ColorDisplayService took to complete: 0ms
09-22 19:45:47.326 1119 1119 I SystemServerTiming: OnBootPhase_480_com.android.server.job.JobSchedulerService
09-22 19:45:47.326 1119 1119 D SystemServerTiming: OnBootPhase_480_com.android.server.job.JobSchedulerService took to complete: 0ms
09-22 19:45:47.326 1119 1119 I SystemServerTiming: OnBootPhase_480_com.android.server.soundtrigger.SoundTriggerService
09-22 19:45:47.326 1119 1119 D SoundTriggerService: onBootPhase: 480 : false
09-22 19:45:47.326 1119 1119 D SystemServerTiming: OnBootPhase_480_com.android.server.soundtrigger.SoundTriggerService took to complete: 0ms
09-22 19:45:47.326 1119 1119 I SystemServerTiming: OnBootPhase_480_com.android.server.trust.TrustManagerService
09-22 19:45:47.326 1119 1119 D SystemServerTiming: OnBootPhase_480_com.android.server.trust.TrustManagerService took to complete: 0ms
09-22 19:45:47.326 1119 1119 I SystemServerTiming: OnBootPhase_480_com.android.server.backup.BackupManagerService$Lifecycle
09-22 19:45:47.327 1119 1119 D SystemServerTiming: OnBootPhase_480_com.android.server.backup.BackupManagerService$Lifecycle took to complete: 0ms
09-22 19:45:47.327 1119 1119 I SystemServerTiming: OnBootPhase_480_com.android.server.appwidget.AppWidgetService
09-22 19:45:47.327 1119 1119 D SystemServerTiming: OnBootPhase_480_com.android.server.appwidget.AppWidgetService took to complete: 0ms
09-22 19:45:47.327 1119 1119 I SystemServerTiming: OnBootPhase_480_com.android.server.voiceinteraction.VoiceInteractionManagerService
09-22 19:45:47.327 1119 1119 D SystemServerTiming: OnBootPhase_480_com.android.server.voiceinteraction.VoiceInteractionManagerService took to complete: 0ms
09-22 19:45:47.327 1119 1119 I SystemServerTiming: OnBootPhase_480_com.android.server.apphibernation.AppHibernationService
09-22 19:45:47.327 1119 1119 D SystemServerTiming: OnBootPhase_480_com.android.server.apphibernation.AppHibernationService took to complete: 0ms
09-22 19:45:47.327 1119 1119 I SystemServerTiming: OnBootPhase_480_com.android.server.GestureLauncherService
09-22 19:45:47.327 1119 1119 D SystemServerTiming: OnBootPhase_480_com.android.server.GestureLauncherService took to complete: 0ms
09-22 19:45:47.327 1119 1119 I SystemServerTiming: OnBootPhase_480_com.android.server.SensorNotificationService
09-22 19:45:47.327 1119 1119 D SystemServerTiming: OnBootPhase_480_com.android.server.SensorNotificationService took to complete: 0ms
09-22 19:45:47.327 1119 1119 I SystemServerTiming: OnBootPhase_480_com.android.server.emergency.EmergencyAffordanceService
09-22 19:45:47.327 1119 1119 D SystemServerTiming: OnBootPhase_480_com.android.server.emergency.EmergencyAffordanceService took to complete: 0ms
09-22 19:45:47.327 1119 1119 I SystemServerTiming: OnBootPhase_480_com.android.server.blob.BlobStoreManagerService
09-22 19:45:47.327 1119 1119 D SystemServerTiming: OnBootPhase_480_com.android.server.blob.BlobStoreManagerService took to complete: 0ms
09-22 19:45:47.327 1119 1119 I SystemServerTiming: OnBootPhase_480_com.android.server.dreams.DreamManagerService
09-22 19:45:47.327 1119 1119 D SystemServerTiming: OnBootPhase_480_com.android.server.dreams.DreamManagerService took to complete: 0ms
09-22 19:45:47.327 1119 1119 I SystemServerTiming: OnBootPhase_480_com.android.server.companion.CompanionDeviceManagerService
09-22 19:45:47.327 1119 1119 D SystemServerTiming: OnBootPhase_480_com.android.server.companion.CompanionDeviceManagerService took to complete: 0ms
09-22 19:45:47.327 1119 1119 I SystemServerTiming: OnBootPhase_480_com.android.server.restrictions.RestrictionsManagerService
09-22 19:45:47.327 1119 1119 D SystemServerTiming: OnBootPhase_480_com.android.server.restrictions.RestrictionsManagerService took to complete: 0ms
09-22 19:45:47.327 1119 1119 I SystemServerTiming: OnBootPhase_480_com.android.server.media.MediaSessionService
09-22 19:45:47.328 1119 1119 D SystemServerTiming: OnBootPhase_480_com.android.server.media.MediaSessionService took to complete: 0ms
09-22 19:45:47.328 1119 1119 I SystemServerTiming: OnBootPhase_480_com.android.server.media.MediaResourceMonitorService
09-22 19:45:47.328 1119 1119 D SystemServerTiming: OnBootPhase_480_com.android.server.media.MediaResourceMonitorService took to complete: 0ms
09-22 19:45:47.328 1119 1119 I SystemServerTiming: OnBootPhase_480_com.android.server.biometrics.sensors.fingerprint.FingerprintService
09-22 19:45:47.328 1119 1119 D SystemServerTiming: OnBootPhase_480_com.android.server.biometrics.sensors.fingerprint.FingerprintService took to complete: 0ms
09-22 19:45:47.328 1119 1119 I SystemServerTiming: OnBootPhase_480_com.android.server.biometrics.BiometricService
09-22 19:45:47.328 1119 1119 D SystemServerTiming: OnBootPhase_480_com.android.server.biometrics.BiometricService took to complete: 0ms
09-22 19:45:47.328 1119 1119 I SystemServerTiming: OnBootPhase_480_com.android.server.biometrics.AuthService
09-22 19:45:47.328 1119 1119 D SystemServerTiming: OnBootPhase_480_com.android.server.biometrics.AuthService took to complete: 0ms
09-22 19:45:47.328 1119 1119 I SystemServerTiming: OnBootPhase_480_com.android.server.pm.ShortcutService$Lifecycle
09-22 19:45:47.330 1119 1119 W ShortcutService: Clock rewound
09-22 19:45:47.330 1119 1119 D SystemServerTiming: OnBootPhase_480_com.android.server.pm.ShortcutService$Lifecycle took to complete: 3ms
09-22 19:45:47.330 1119 1119 I SystemServerTiming: OnBootPhase_480_com.android.server.pm.LauncherAppsService
09-22 19:45:47.330 1119 1119 D SystemServerTiming: OnBootPhase_480_com.android.server.pm.LauncherAppsService took to complete: 0ms
09-22 19:45:47.330 1119 1119 I SystemServerTiming: OnBootPhase_480_com.android.server.pm.CrossProfileAppsService
