01-01 08:27:01.132 1119 1119 W android.permission.PermissionManager: Missing ActivityManager; assuming 1000 holds android.permission.SET_PREFERRED_APPLICATIONS
01-01 08:27:01.132 1119 1119 W android.permission.PermissionManager: Missing ActivityManager; assuming 1000 holds android.permission.SET_PREFERRED_APPLICATIONS
01-01 08:27:01.133 1119 1119 W android.permission.PermissionManager: Missing ActivityManager; assuming 1000 holds android.permission.SET_PREFERRED_APPLICATIONS
01-01 08:27:01.133 1119 1119 W android.permission.PermissionManager: Missing ActivityManager; assuming 1000 holds android.permission.SET_PREFERRED_APPLICATIONS
01-01 08:27:01.134 1119 1119 W android.permission.PermissionManager: Missing ActivityManager; assuming 1000 holds android.permission.SET_PREFERRED_APPLICATIONS
01-01 08:27:01.134 1119 1119 W android.permission.PermissionManager: Missing ActivityManager; assuming 1000 holds android.permission.SET_PREFERRED_APPLICATIONS
01-01 08:27:01.134 1119 1119 W android.permission.PermissionManager: Missing ActivityManager; assuming 1000 holds android.permission.SET_PREFERRED_APPLICATIONS
01-01 08:27:01.135 1119 1119 W android.permission.PermissionManager: Missing ActivityManager; assuming 1000 holds android.permission.SET_PREFERRED_APPLICATIONS
01-01 08:27:01.135 1119 1119 W android.permission.PermissionManager: Missing ActivityManager; assuming 1000 holds android.permission.SET_PREFERRED_APPLICATIONS
01-01 08:27:01.136 1119 1119 W android.permission.PermissionManager: Missing ActivityManager; assuming 1000 holds android.permission.SET_PREFERRED_APPLICATIONS
01-01 08:27:01.136 1119 1119 W android.permission.PermissionManager: Missing ActivityManager; assuming 1000 holds android.permission.SET_PREFERRED_APPLICATIONS
01-01 08:27:01.136 1119 1119 W android.permission.PermissionManager: Missing ActivityManager; assuming 1000 holds android.permission.SET_PREFERRED_APPLICATIONS
01-01 08:27:01.137 1119 1119 W android.permission.PermissionManager: Missing ActivityManager; assuming 1000 holds android.permission.SET_PREFERRED_APPLICATIONS
01-01 08:27:01.137 1119 1119 W android.permission.PermissionManager: Missing ActivityManager; assuming 1000 holds android.permission.SET_PREFERRED_APPLICATIONS
01-01 08:27:01.149 1119 1119 W PackageSettings: Missing permission state for package: android.frameworkres.overlay
01-01 08:27:01.149 1119 1119 W PackageSettings: Missing permission state for package: com.android.cts.priv.ctsshim
01-01 08:27:01.149 1119 1119 W PackageSettings: Missing permission state for package: com.android.internal.systemui.navbar.gestural_wide_back
01-01 08:27:01.149 1119 1119 W PackageSettings: Missing permission state for package: com.qualcomm.qti.gpudrivers.kona.api30
01-01 08:27:01.149 1119 1119 W PackageSettings: Missing permission state for package: com.android.htmlviewer
01-01 08:27:01.149 1119 1119 W PackageSettings: Missing permission state for package: com.android.internal.systemui.onehanded.gestural
01-01 08:27:01.149 1119 1119 W PackageSettings: Missing permission state for package: com.qualcomm.qti.optinoverlay
01-01 08:27:01.150 1119 1119 W PackageSettings: Missing permission state for package: android.qvaoverlay.common
01-01 08:27:01.150 1119 1119 W PackageSettings: Missing permission state for package: android.overlay.common
01-01 08:27:01.150 1119 1119 W PackageSettings: Missing permission state for package: com.android.connectivity.resources
01-01 08:27:01.150 1119 1119 W PackageSettings: Missing permission state for package: com.android.modulemetadata
01-01 08:27:01.150 1119 1119 W PackageSettings: Missing permission state for package: com.android.internal.systemui.navbar.threebutton
01-01 08:27:01.150 1119 1119 W PackageSettings: Missing permission state for package: android.overlay.target
01-01 08:27:01.150 1119 1119 W PackageSettings: Missing permission state for package: com.android.internal.systemui.navbar.gestural_extra_wide_back
01-01 08:27:01.150 1119 1119 W PackageSettings: Missing permission state for package: com.android.wifi.resources.overlay.common
01-01 08:27:01.150 1119 1119 W PackageSettings: Missing permission state for package: com.android.dreams.basic
01-01 08:27:01.150 1119 1119 W PackageSettings: Missing permission state for package: com.android.settings.overlay.common
01-01 08:27:01.150 1119 1119 W PackageSettings: Missing permission state for package: android.ext.shared
01-01 08:27:01.150 1119 1119 W PackageSettings: Missing permission state for package: com.android.wifi.resources.overlay.target
01-01 08:27:01.150 1119 1119 W PackageSettings: Missing permission state for package: com.android.wifi.resources
01-01 08:27:01.150 1119 1119 W PackageSettings: Missing permission state for package: com.android.systemui.overlay.common
01-01 08:27:01.150 1119 1119 W PackageSettings: Missing permission state for package: com.android.cameraextensions
01-01 08:27:01.150 1119 1119 W PackageSettings: Missing permission state for package: com.android.theme.font.notoserifsource
01-01 08:27:01.151 1119 1119 W PackageSettings: Missing permission state for package: com.android.internal.display.cutout.emulation.waterfall
01-01 08:27:01.151 1119 1119 W PackageSettings: Missing permission state for package: com.android.providers.settings.overlay
01-01 08:27:01.151 1119 1119 W PackageSettings: Missing permission state for package: com.android.bookmarkprovider
01-01 08:27:01.151 1119 1119 W PackageSettings: Missing permission state for package: com.android.cts.ctsshim
01-01 08:27:01.151 1119 1119 W PackageSettings: Missing permission state for package: com.qualcomm.qti.xrcb
01-01 08:27:01.151 1119 1119 W PackageSettings: Missing permission state for package: com.android.internal.systemui.navbar.gestural
01-01 08:27:01.151 1119 1119 W PackageSettings: Missing permission state for package: com.android.internal.systemui.navbar.gestural_narrow_back
01-01 08:27:01.151 1119 1119 W PackageSettings: Missing permission state for package: com.android.cellbroadcastreceiver.overlay.common
01-01 08:27:01.151 1119 1119 W PackageSettings: Missing permission state for shared user: android.uid.log
01-01 08:27:01.152 1119 1119 W PackageSettings: Missing permission state for shared user: android.uid.uwb
01-01 08:27:01.203 1119 1119 D PackageManagerTiming: read user settings took to complete: 184ms
01-01 08:27:01.211 1119 1119 I boot_progress_pms_system_scan_start: 38041
01-01 08:27:01.213 1119 1119 D PackageManager: Keeping known cache 61896f6af5a7c343eff5e6d3f3ab808ced0232d2
01-01 08:27:01.221 1274 1274 I iorapd : iorapd (the prefetchening) firing up
01-01 08:27:01.224 1119 1119 W android.permission.PermissionManager: Missing ActivityManager; assuming 1000 holds android.permission.WATCH_APPOPS
01-01 08:27:01.225 1119 1119 W android.permission.PermissionManager: Missing ActivityManager; assuming 1000 holds android.permission.WATCH_APPOPS
01-01 08:27:01.227 1274 1274 I iorapd : Opened existing database at '/data/misc/iorapd/sqlite.db'
01-01 08:27:01.228 1274 1274 W iorapd : Reconnect to package manager service: 1 times
01-01 08:27:01.243 1119 1119 D CompatibilityChangeReporter: Compat change id reported: 143539591; UID -1; state: ENABLED
01-01 08:27:01.315 1119 1119 D CompatibilityChangeReporter: Compat change id reported: 143539591; UID -1; state: DISABLED
01-01 08:27:01.315 1119 1119 D CompatibilityChangeReporter: Compat change id reported: 168782947; UID -1; state: ENABLED
01-01 08:27:01.337 1119 1119 W PackageManager: Failed to parse /system/framework/arm64: Missing base APK in /system/framework/arm64
01-01 08:27:01.338 1119 1119 W PackageManager: Failed to parse /system/framework/arm: Missing base APK in /system/framework/arm
01-01 08:27:01.338 1119 1119 W PackageManager: Failed to parse /system/framework/oat: Missing base APK in /system/framework/oat
01-01 08:27:01.499 1119 1226 W Installer: installd not found; trying again
01-01 08:27:01.578 1119 1119 D CompatibilityChangeReporter: Compat change id reported: 168782947; UID -1; state: DISABLED
01-01 08:27:01.599 1119 1281 I PackageParsing: Parse times for '/system/priv-app/Traceur': parse=102ms, update_cache=1 ms
01-01 08:27:01.654 1119 1283 I PackageParsing: Parse times for '/system/priv-app/ManagedProvisioning': parse=116ms, update_cache=1 ms
01-01 08:27:01.686 1308 1308 I installd: installd firing up
01-01 08:27:01.698 1119 1282 I PackageParsing: Parse times for '/system/priv-app/DocumentsUI': parse=106ms, update_cache=1 ms
01-01 08:27:01.705 1119 1281 D CompatibilityChangeReporter: Compat change id reported: 150232615; UID -1; state: DISABLED
01-01 08:27:01.943 1119 1282 W PackageParsing: No actions in intent-filter at /system/app/Bluetooth/Bluetooth.apk Binary XML file line #284
01-01 08:27:02.074 1119 1119 W PackageManager: Failed to parse /vendor/app/CneApp: Missing base APK in /vendor/app/CneApp/lib/arm64
01-01 08:27:02.143 1339 1339 I wificond: wificond is starting up...
01-01 08:27:02.175 1339 1339 I HidlServiceManagement: Registered android.system.wifi.keystore@1.0::IKeystore/default
01-01 08:27:02.183 1119 1282 W PackageParsing: No actions in intent-filter at /product/app/SnapdragonMusic/SnapdragonMusic.apk Binary XML file line #80
01-01 08:27:02.185 1119 1282 W PackageParsing: No actions in intent-filter at /product/app/SnapdragonMusic/SnapdragonMusic.apk Binary XML file line #216
01-01 08:27:02.275 1119 1280 I PackageParsing: Parse times for '/product/app/Gallery2': parse=101ms, update_cache=23 ms
01-01 08:27:02.349 1330 1330 W storaged: health: invalid battery status --------- beginning of kernel
01-01 08:27:02.428 0 0 W : ---[ end trace 53dd95c7a2115345 ]---
01-01 08:27:02.428 0 0 W : ------------[ cut here ]------------
01-01 08:27:02.428 0 0 I : cam_cc_mclk0_clk already unprepared
01-01 08:27:02.428 0 0 W : WARNING: CPU: 1 PID: 834 at drivers/clk/clk.c:981 clk_core_unprepare+0x384/0x400
01-01 08:27:02.428 0 0 I : Modules linked in: wlan(O+) tsnv(O) machine_dlkm(O) wcd938x_slave_dlkm(O) wcd938x_dlkm(O) wcd9xxx_dlkm(O) mbhc_dlkm(O) tx_macro_dlkm(O) rx_macro_dlkm(O) va_macro_dlkm(O) wsa_macro_dlkm(O) swr_ctrl_dlkm(O) bolero_cdc_dlkm(O) wsa881x_dlkm(O) wcd_core_dlkm(O) stub_dlkm(O) hdmi_dlkm(O) swr_dlkm(O) pinctrl_lpi_dlkm(O) pinctrl_wcd_dlkm(O) usf_dlkm(O) native_dlkm(O) platform_dlkm(O) q6_dlkm(O) adsp_loader_dlkm(O) apr_dlkm(O) snd_event_dlkm(O) q6_notifier_dlkm(O) q6_pdr_dlkm(O) msm_11ad_proxy
01-01 08:27:02.428 0 0 I : CPU: 1 PID: 834 Comm: android.hardwar Tainted: G S W O 4.19.157+ #1
01-01 08:27:02.428 0 0 I Hardware name: Qualcomm Technologies, Inc. kona MTP-RmPM8150b. VC1(FSE) EVT1 (DT)
01-01 08:27:02.428 0 0 I pstate : 60400005 (nZCv daif +PAN -UAO)
01-01 08:27:02.428 0 0 I pc : clk_core_unprepare+0x384/0x400
01-01 08:27:02.428 0 0 I lr : clk_core_unprepare+0x384/0x400
01-01 08:27:02.429 0 0 I sp : ffffff8014383960
01-01 08:27:02.429 0 0 I : x29: ffffff8014383960 x28: ffffffdcb8af0080
01-01 08:27:02.429 0 0 I : x27: 0000000000000000 x26: 0000000000000068
01-01 08:27:02.429 0 0 I : x25: ffffffa58b734d10 x24: ffffffa58cd3e81e
01-01 08:27:02.429 0 0 I : x23: ffffffa58cd3e7a6 x22: ffffffdd04e00580
01-01 08:27:02.429 0 0 I : x21: ffffffa58ef79000 x20: ffffffa58ef79000
01-01 08:27:02.429 0 0 I : x19: ffffffdd0c5bf080 x18: 0000000000000034
01-01 08:27:02.429 0 0 I : x17: ffffffa58e6f5000 x16: 00000000fffac590
01-01 08:27:02.429 0 0 I : x15: 00000000000ac590 x14: 00000000000000c2
01-01 08:27:02.429 0 0 I : x13: 0000000000000004 x12: 000000002cd811f5
01-01 08:27:02.429 0 0 I : x11: 0000000000000015 x10: 000000000682aaab
01-01 08:27:02.429 0 0 I : x9 : 33d25c4339c86800 x8 : 33d25c4339c86800
01-01 08:27:02.429 0 0 I : x7 : ffffffa58ab82700 x6 : 0000000000000000
01-01 08:27:02.429 0 0 I : x5 : 0000000000000080 x4 : 0000000000000001
01-01 08:27:02.429 0 0 I : x3 : ffffff8014383588 x2 : 0000000000000007
01-01 08:27:02.429 0 0 I : x1 : ffffffa58ab82874 x0 : 0000000000000023
01-01 08:27:02.429 0 0 I Call trace:
01-01 08:27:02.429 0 0 I : clk_core_unprepare+0x384/0x400
01-01 08:27:02.429 0 0 I : clk_unprepare+0x88/0x108
01-01 08:27:02.429 0 0 I : cam_soc_util_clk_disable+0x54/0x68
01-01 08:27:02.429 0 0 I : cam_sensor_util_power_down+0x258/0x4b8
01-01 08:27:02.429 0 0 I : cam_sensor_power_down+0x34/0x130
01-01 08:27:02.429 0 0 I : cam_sensor_driver_cmd+0x35c/0x12e0
01-01 08:27:02.429 0 0 I : cam_sensor_subdev_ioctl+0x3c/0x80
01-01 08:27:02.429 0 0 I : subdev_do_ioctl_lock+0x764/0xbc8
01-01 08:27:02.429 0 0 I : video_usercopy+0x38c/0x850
01-01 08:27:02.429 0 0 I : subdev_ioctl+0x38/0x48
01-01 08:27:02.429 0 0 I : v4l2_ioctl+0x6c/0x80
01-01 08:27:02.429 0 0 I : do_vfs_ioctl+0x748/0x1210
01-01 08:27:02.429 0 0 I : __arm64_sys_ioctl+0x78/0xa0
01-01 08:27:02.429 0 0 I : el0_svc_common+0xa4/0x190
01-01 08:27:02.429 0 0 I : el0_svc_handler+0x6c/0x88
01-01 08:27:02.429 0 0 I : el0_svc+0x8/0xc
01-01 08:27:02.429 0 0 I : irq event stamp: 351388
01-01 08:27:02.429 0 0 I : hardirqs last enabled at (351387): [] console_unlock+0x4bc/0x568
01-01 08:27:02.429 0 0 I : hardirqs last disabled at (351388): [] do_debug_exception+0x84/0x150
01-01 08:27:02.429 0 0 I : softirqs last enabled at (351062): [] __do_softirq+0x50c/0x554
01-01 08:27:02.429 0 0 I : softirqs last disabled at (351049): [] irq_exit+0xfc/0x120
01-01 08:27:02.429 0 0 W : ---[ end trace 53dd95c7a2115346 ]---
01-01 08:27:02.429 0 0 I qcom,camera ac4f000.qcom,cci: qcom,cam-sensor4: Dropping the link to regulator.77
01-01 08:27:02.430 0 0 I lan743x 0001: 01:00.0 eth0: successfully registered ptp clock
01-01 08:27:02.426 1119 1281 I PackageParsing: Parse times for '/product/app/webview': parse=159ms, update_cache=2 ms
01-01 08:27:02.429 1119 1283 I PackageParsing: Parse times for '/product/app/LatinIME': parse=159ms, update_cache=2 ms
01-01 08:27:02.434 0 0 I CAM_ERR : CAM-UTIL: cam_soc_util_regulator_disable: 1415 Invalid NULL parameter
01-01 08:27:02.434 0 0 I CAM_ERR : CAM-SENSOR: cam_sensor_util_power_down: 2290 Reg: cam_vio disable failed
01-01 08:27:02.434 0 0 I CAM_ERR : CAM-UTIL: cam_soc_util_regulator_disable: 1415 Invalid NULL parameter
01-01 08:27:02.434 0 0 I CAM_ERR : CAM-SENSOR: cam_sensor_util_power_down: 2290 Reg: cam_vana disable failed
01-01 08:27:02.435 0 0 W : ------------[ cut here ]------------
01-01 08:27:02.435 0 0 I : unbalanced disables for titan_top_gdsc
01-01 08:27:02.435 0 0 W : WARNING: CPU: 1 PID: 834 at drivers/regulator/core.c:2401 _regulator_disable+0x1a0/0x1b0
01-01 08:27:02.435 0 0 I : Modules linked in: wlan(O+) tsnv(O) machine_dlkm(O) wcd938x_slave_dlkm(O) wcd938x_dlkm(O) wcd9xxx_dlkm(O) mbhc_dlkm(O) tx_macro_dlkm(O) rx_macro_dlkm(O) va_macro_dlkm(O) wsa_macro_dlkm(O) swr_ctrl_dlkm(O) bolero_cdc_dlkm(O) wsa881x_dlkm(O) wcd_core_dlkm(O) stub_dlkm(O) hdmi_dlkm(O) swr_dlkm(O) pinctrl_lpi_dlkm(O) pinctrl_wcd_dlkm(O) usf_dlkm(O) native_dlkm(O) platform_dlkm(O) q6_dlkm(O) adsp_loader_dlkm(O) apr_dlkm(O) snd_event_dlkm(O) q6_notifier_dlkm(O) q6_pdr_dlkm(O) msm_11ad_proxy
01-01 08:27:02.435 0 0 I : CPU: 1 PID: 834 Comm: android.hardwar Tainted: G S W O 4.19.157+ #1
01-01 08:27:02.435 0 0 I Hardware name: Qualcomm Technologies, Inc. kona MTP-RmPM8150b. VC1(FSE) EVT1 (DT)
01-01 08:27:02.435 0 0 I pstate : 60400005 (nZCv daif +PAN -UAO)
01-01 08:27:02.435 0 0 I pc : _regulator_disable+0x1a0/0x1b0
01-01 08:27:02.435 0 0 I lr : _regulator_disable+0x19c/0x1b0
01-01 08:27:02.435 0 0 I sp : ffffff80143833d0
01-01 08:27:02.435 0 0 I : x29: ffffff80143833d0 x28: 0000000000000000
01-01 08:27:02.435 0 0 I : x27: 0000007ff0251780 x26: ffffffdd056e8000
01-01 08:27:02.435 0 0 I : x25: ffffffa58b734d10 x24: ffffffdcd51b0b80
01-01 08:27:02.435 0 0 I : x23: ffffffdd056ead18 x22: ffffffdd055137f0
01-01 08:27:02.435 0 0 I : x21: ffffffdd0c5013a8 x20: 00000000fffffffb
01-01 08:27:02.435 0 0 I : x19: ffffffdd0c501280 x18: 0000000000000038
01-01 08:27:02.435 0 0 I : x17: ffffffa58e6f5000 x16: 00000000fffab630
01-01 08:27:02.435 0 0 I : x15: 00000000000ab630 x14: 00000000000000c2
01-01 08:27:02.435 0 0 I : x13: 0000000000000004 x12: 000000002cd9f68b
01-01 08:27:02.435 0 0 I : x11: 0000000000000015 x10: 000000000682aaab
01-01 08:27:02.435 0 0 I : x9 : 33d25c4339c86800 x8 : 33d25c4339c86800
01-01 08:27:02.435 0 0 I : x7 : ffffffa58ab82700 x6 : 0000000000000000
01-01 08:27:02.435 0 0 I : x5 : 0000000000000080 x4 : 0000000000000001
01-01 08:27:02.435 0 0 I : x3 : ffffff8014382ff8 x2 : 0000000000000007
01-01 08:27:02.435 0 0 I : x1 : ffffffa58ab82874 x0 : 0000000000000026
01-01 08:27:02.435 0 0 I Call trace:
01-01 08:27:02.435 0 0 I : _regulator_disable+0x1a0/0x1b0
01-01 08:27:02.435 0 0 I : regulator_disable+0x3c/0x88
01-01 08:27:02.435 0 0 I : cam_soc_util_disable_platform_resource+0xb0/0x100
01-01 08:27:02.435 0 0 I : cam_cpas_soc_disable_resources+0x30/0x78
01-01 08:27:02.435 0 0 I : cam_cpas_hw_stop+0x2a0/0x4e0
01-01 08:27:02.435 0 0 I : cam_cpas_stop+0x58/0x110
01-01 08:27:02.435 0 0 I : cam_cci_soc_release+0x110/0x1a0
01-01 08:27:02.435 0 0 I : cam_cci_core_cfg+0x14c/0x15e8
01-01 08:27:02.435 0 0 I : cam_cci_subdev_ioctl+0x50/0xc0
01-01 08:27:02.435 0 0 I : cam_sensor_cci_i2c_util+0x60/0xd0
01-01 08:27:02.435 0 0 I : camera_io_release+0x38/0x88
01-01 08:27:02.435 0 0 I : cam_sensor_power_down+0x64/0x130
01-01 08:27:02.436 0 0 I : cam_sensor_driver_cmd+0x35c/0x12e0
01-01 08:27:02.436 0 0 I : cam_sensor_subdev_ioctl+0x3c/0x80
01-01 08:27:02.436 0 0 I : subdev_do_ioctl_lock+0x764/0xbc8
01-01 08:27:02.436 0 0 I : video_usercopy+0x38c/0x850
01-01 08:27:02.436 0 0 I : subdev_ioctl+0x38/0x48
01-01 08:27:02.436 0 0 I : v4l2_ioctl+0x6c/0x80
01-01 08:27:02.436 0 0 I : do_vfs_ioctl+0x748/0x1210
01-01 08:27:02.436 0 0 I : __arm64_sys_ioctl+0x78/0xa0
01-01 08:27:02.436 0 0 I : el0_svc_common+0xa4/0x190
01-01 08:27:02.436 0 0 I : el0_svc_handler+0x6c/0x88
01-01 08:27:02.436 0 0 I : el0_svc+0x8/0xc
01-01 08:27:02.436 0 0 I : irq event stamp: 351662
01-01 08:27:02.436 0 0 I : hardirqs last enabled at (351661): [] console_unlock+0x4bc/0x568
01-01 08:27:02.436 0 0 I : hardirqs last disabled at (351662): [] do_debug_exception+0x84/0x150
01-01 08:27:02.436 0 0 I : softirqs last enabled at (351062): [] __do_softirq+0x50c/0x554
01-01 08:27:02.436 0 0 I : softirqs last disabled at (351049): [] irq_exit+0xfc/0x120
01-01 08:27:02.436 0 0 W : ---[ end trace 53dd95c7a2115347 ]---
01-01 08:27:02.441 0 0 I ueventd : firmware: loading 'a650_zap.b02' for '/devices/platform/soc/soc:qcom,kgsl-hyp/firmware/a650_zap.b02'
01-01 08:27:02.473 0 0 I qcom,camera ac4f000.qcom,cci: qcom,cam-sensor4: Linked as a consumer to regulator.55
01-01 08:27:02.479 0 0 I ueventd : loading /devices/platform/soc/soc:qcom,kgsl-hyp/firmware/a650_zap.b02 took 42ms
01-01 08:27:02.482 0 0 I subsys-pil-tz soc: qcom,kgsl-hyp: a650_zap: Brought out of reset
01-01 08:27:02.485 0 0 I qcom,camera ac4f000.qcom,cci: qcom,cam-sensor4: Linked as a consumer to regulator.57
01-01 08:27:02.488 0 0 I qcom,camera ac4f000.qcom,cci: qcom,cam-sensor4: Linked as a consumer to regulator.77
01-01 08:27:02.488 0 0 I CAM_ERR : CAM-UTIL: cam_soc_util_regulator_enable: 1459 cam_clk set voltage failed
01-01 08:27:02.488 0 0 I CAM_ERR : CAM-SENSOR: cam_sensor_core_power_up: 1928 Reg enable failed
01-01 08:27:02.488 0 0 I CAM_ERR : CAM-SENSOR: cam_sensor_core_power_up: 2062 failed
01-01 08:27:02.489 0 0 I qcom,camera ac4f000.qcom,cci: qcom,cam-sensor4: Dropping the link to regulator.57
01-01 08:27:02.489 0 0 I CAM_ERR : CAM-SENSOR: cam_sensor_core_power_up: 2131 seq_val:100 > num_vreg: 4
01-01 08:27:02.484 1378 1378 I imsrcsd : Uce Service HAL is starting up...
01-01 08:27:02.496 0 0 I qcom,camera ac4f000.qcom,cci: qcom,cam-sensor4: Dropping the link to regulator.55
01-01 08:27:02.527 0 0 I CAM_ERR : CAM-CCI: cam_cci_irq: 238 Base:ffffff801a0d5000, M0_Q1 NACK ERROR: 0x10000000
01-01 08:27:02.527 0 0 I CAM_ERR : CAM-CCI: cam_cci_read: 1306 ERROR with Slave 0xc0:
01-01 08:27:02.527 0 0 I CAM_ERR : CAM-CCI: cam_cci_read_bytes: 1561 failed to read rc:-22
01-01 08:27:02.527 0 0 I CAM_ERR : CAM-SENSOR: cam_cci_i2c_read: 35 rc = -22
01-01 08:27:02.527 0 0 I CAM_WARN: CAM-SENSOR: cam_sensor_match_id: 769 read id: 0x0 expected id 0x6710:
01-01 08:27:02.527 0 0 W : ------------[ cut here ]------------
01-01 08:27:02.527 0 0 I : cam_cc_mclk0_clk already disabled
01-01 08:27:02.527 0 0 I IPv6 : ADDRCONF(NETDEV_UP): eth0: link is not ready
01-01 08:27:02.527 0 0 W : WARNING: CPU: 1 PID: 834 at drivers/clk/clk.c:1144 clk_core_disable+0x230/0x270
01-01 08:27:02.527 0 0 I : Modules linked in: wlan(O+) tsnv(O) machine_dlkm(O) wcd938x_slave_dlkm(O) wcd938x_dlkm(O) wcd9xxx_dlkm(O) mbhc_dlkm(O) tx_macro_dlkm(O) rx_macro_dlkm(O) va_macro_dlkm(O) wsa_macro_dlkm(O) swr_ctrl_dlkm(O) bolero_cdc_dlkm(O) wsa881x_dlkm(O) wcd_core_dlkm(O) stub_dlkm(O) hdmi_dlkm(O) swr_dlkm(O) pinctrl_lpi_dlkm(O) pinctrl_wcd_dlkm(O) usf_dlkm(O) native_dlkm(O) platform_dlkm(O) q6_dlkm(O) adsp_loader_dlkm(O) apr_dlkm(O) snd_event_dlkm(O) q6_notifier_dlkm(O) q6_pdr_dlkm(O) msm_11ad_proxy
01-01 08:27:02.528 0 0 I : CPU: 1 PID: 834 Comm: android.hardwar Tainted: G S W O 4.19.157+ #1
01-01 08:27:02.528 0 0 I Hardware name: Qualcomm Technologies, Inc. kona MTP-RmPM8150b. VC1(FSE) EVT1 (DT)
01-01 08:27:02.528 0 0 I pstate : 60400085 (nZCv daIf +PAN -UAO)
01-01 08:27:02.528 0 0 I pc : clk_core_disable+0x230/0x270
01-01 08:27:02.528 0 0 I lr : clk_core_disable+0x230/0x270
01-01 08:27:02.528 0 0 I sp : ffffff8014383970
01-01 08:27:02.528 0 0 I : x29: ffffff8014383970 x28: ffffffdcb8af1480
01-01 08:27:02.528 0 0 I : x27: 0000000000000000 x26: 0000000000000068
01-01 08:27:02.528 0 0 I : x25: ffffffa58b734d10 x24: ffffffa58cd3e81e
01-01 08:27:02.528 0 0 I : x23: ffffffa58cd3e7a6 x22: ffffffdd04e00580
01-01 08:27:02.528 0 0 I : x21: 0000000000000000 x20: ffffffdd0c5bf080
01-01 08:27:02.528 0 0 I : x19: ffffffdd0c5bf080 x18: 0000000000000034
01-01 08:27:02.528 0 0 I : x17: ffffffa58e6f5000 x16: 00000000fffaa044
01-01 08:27:02.528 0 0 I : x15: 00000000000aa044 x14: 00000000000000c2
01-01 08:27:02.528 0 0 I : x13: 0000000000000000 x12: 00000000000000e0
01-01 08:27:02.528 0 0 I : x11: 0000000000000000 x10: 0000000000000001
01-01 08:27:02.528 0 0 I : x9 : 33d25c4339c86800 x8 : 33d25c4339c86800
01-01 08:27:02.528 0 0 I : x7 : ffffffa58ab82700 x6 : 0000000000000000
01-01 08:27:02.528 0 0 I : x5 : 0000000000000080 x4 : 0000000000000001
01-01 08:27:02.528 0 0 I : x3 : 0000000000000000 x2 : 0000000000000007
01-01 08:27:02.528 0 0 I : x1 : 0000000000000007 x0 : 0000000000000021
01-01 08:27:02.528 0 0 I Call trace:
01-01 08:27:02.528 0 0 I : clk_core_disable+0x230/0x270
01-01 08:27:02.528 0 0 I : clk_disable+0x34/0x98
01-01 08:27:02.528 0 0 I : cam_soc_util_clk_disable+0x4c/0x68
01-01 08:27:02.528 0 0 I : cam_sensor_util_power_down+0x258/0x4b8
01-01 08:27:02.528 0 0 I : cam_sensor_power_down+0x34/0x130
01-01 08:27:02.528 0 0 I : cam_sensor_driver_cmd+0x35c/0x12e0
01-01 08:27:02.528 0 0 I : cam_sensor_subdev_ioctl+0x3c/0x80
01-01 08:27:02.528 0 0 I : subdev_do_ioctl_lock+0x764/0xbc8
01-01 08:27:02.528 0 0 I : video_usercopy+0x38c/0x850
01-01 08:27:02.528 0 0 I : subdev_ioctl+0x38/0x48
01-01 08:27:02.528 0 0 I : v4l2_ioctl+0x6c/0x80
01-01 08:27:02.528 0 0 I : do_vfs_ioctl+0x748/0x1210
01-01 08:27:02.528 0 0 I : __arm64_sys_ioctl+0x78/0xa0
01-01 08:27:02.528 0 0 I : el0_svc_common+0xa4/0x190
01-01 08:27:02.528 0 0 I : el0_svc_handler+0x6c/0x88
01-01 08:27:02.528 0 0 I : el0_svc+0x8/0xc
01-01 08:27:02.528 0 0 I : irq event stamp: 355678
01-01 08:27:02.528 0 0 I : hardirqs last enabled at (355677): [] console_unlock+0x4bc/0x568
01-01 08:27:02.528 0 0 I : hardirqs last disabled at (355678): [] clk_enable_lock+0x20/0xc8
01-01 08:27:02.528 0 0 I : softirqs last enabled at (354146): [] __do_softirq+0x50c/0x554
01-01 08:27:02.528 0 0 I : softirqs last disabled at (354125): [] irq_exit+0xfc/0x120
01-01 08:27:02.528 0 0 W : ---[ end trace 53dd95c7a2115348 ]---
01-01 08:27:02.528 0 0 W : ------------[ cut here ]------------
01-01 08:27:02.528 0 0 I : cam_cc_mclk0_clk already unprepared
01-01 08:27:02.528 0 0 W : WARNING: CPU: 1 PID: 834 at drivers/clk/clk.c:981 clk_core_unprepare+0x384/0x400
01-01 08:27:02.528 0 0 I : Modules linked in: wlan(O+) tsnv(O) machine_dlkm(O) wcd938x_slave_dlkm(O) wcd938x_dlkm(O) wcd9xxx_dlkm(O) mbhc_dlkm(O) tx_macro_dlkm(O) rx_macro_dlkm(O) va_macro_dlkm(O) wsa_macro_dlkm(O) swr_ctrl_dlkm(O) bolero_cdc_dlkm(O) wsa881x_dlkm(O) wcd_core_dlkm(O) stub_dlkm(O) hdmi_dlkm(O) swr_dlkm(O) pinctrl_lpi_dlkm(O) pinctrl_wcd_dlkm(O) usf_dlkm(O) native_dlkm(O) platform_dlkm(O) q6_dlkm(O) adsp_loader_dlkm(O) apr_dlkm(O) snd_event_dlkm(O) q6_notifier_dlkm(O) q6_pdr_dlkm(O) msm_11ad_proxy
01-01 08:27:02.528 0 0 I : CPU: 1 PID: 834 Comm: android.hardwar Tainted: G S W O 4.19.157+ #1
01-01 08:27:02.528 0 0 I Hardware name: Qualcomm Technologies, Inc. kona MTP-RmPM8150b. VC1(FSE) EVT1 (DT)
01-01 08:27:02.528 0 0 I pstate : 60400005 (nZCv daif +PAN -UAO)
01-01 08:27:02.528 0 0 I pc : clk_core_unprepare+0x384/0x400
01-01 08:27:02.528 0 0 I lr : clk_core_unprepare+0x384/0x400
01-01 08:27:02.528 0 0 I sp : ffffff8014383960
01-01 08:27:02.528 0 0 I : x29: ffffff8014383960 x28: ffffffdcb8af1480
01-01 08:27:02.528 0 0 I : x27: 0000000000000000 x26: 0000000000000068
01-01 08:27:02.528 0 0 I : x25: ffffffa58b734d10 x24: ffffffa58cd3e81e
01-01 08:27:02.528 0 0 I : x23: ffffffa58cd3e7a6 x22: ffffffdd04e00580
01-01 08:27:02.528 0 0 I : x21: ffffffa58ef79000 x20: ffffffa58ef79000
01-01 08:27:02.528 0 0 I : x19: ffffffdd0c5bf080 x18: 0000000000000034
01-01 08:27:02.528 0 0 I : x17: ffffffa58e6f5000 x16: 00000000fffa934c
01-01 08:27:02.528 0 0 I : x15: 00000000000a934c x14: 00000000000000c2
01-01 08:27:02.528 0 0 I : x13: 0000000000000004 x12: 000000002cf54515
01-01 08:27:02.528 0 0 I : x11: 0000000000000015 x10: 000000000682aaab
01-01 08:27:02.528 0 0 I : x9 : 33d25c4339c86800 x8 : 33d25c4339c86800
01-01 08:27:02.528 0 0 I : x7 : ffffffa58ab82700 x6 : 0000000000000000
01-01 08:27:02.528 0 0 I : x5 : 0000000000000080 x4 : 0000000000000001
01-01 08:27:02.528 0 0 I : x3 : ffffff8014383588 x2 : 0000000000000007
01-01 08:27:02.528 0 0 I : x1 : ffffffa58ab82874 x0 : 0000000000000023
01-01 08:27:02.528 0 0 I Call trace:
01-01 08:27:02.529 0 0 I : clk_core_unprepare+0x384/0x400
01-01 08:27:02.529 0 0 I : clk_unprepare+0x88/0x108
01-01 08:27:02.529 0 0 I : cam_soc_util_clk_disable+0x54/0x68
01-01 08:27:02.529 0 0 I : cam_sensor_util_power_down+0x258/0x4b8
01-01 08:27:02.529 0 0 I : cam_sensor_power_down+0x34/0x130
01-01 08:27:02.529 0 0 I : cam_sensor_driver_cmd+0x35c/0x12e0
01-01 08:27:02.529 0 0 I : cam_sensor_subdev_ioctl+0x3c/0x80
01-01 08:27:02.529 0 0 I : subdev_do_ioctl_lock+0x764/0xbc8
01-01 08:27:02.529 0 0 I : video_usercopy+0x38c/0x850
01-01 08:27:02.529 0 0 I : subdev_ioctl+0x38/0x48
01-01 08:27:02.529 0 0 I : v4l2_ioctl+0x6c/0x80
01-01 08:27:02.529 0 0 I : do_vfs_ioctl+0x748/0x1210
01-01 08:27:02.529 0 0 I : __arm64_sys_ioctl+0x78/0xa0
01-01 08:27:02.529 0 0 I : el0_svc_common+0xa4/0x190
01-01 08:27:02.529 0 0 I : el0_svc_handler+0x6c/0x88
01-01 08:27:02.529 0 0 I : el0_svc+0x8/0xc
01-01 08:27:02.529 0 0 I : irq event stamp: 355692
01-01 08:27:02.529 0 0 I : hardirqs last enabled at (355691): [] console_unlock+0x4bc/0x568
01-01 08:27:02.529 0 0 I : hardirqs last disabled at (355692): [] do_debug_exception+0x84/0x150
01-01 08:27:02.529 0 0 I : softirqs last enabled at (354146): [] __do_softirq+0x50c/0x554
01-01 08:27:02.513 1119 1226 I service_manager_slow: [13,installd]
01-01 08:27:02.529 0 0 I : softirqs last disabled at (354125): [] irq_exit+0xfc/0x120
01-01 08:27:02.529 0 0 W : ---[ end trace 53dd95c7a2115349 ]---
01-01 08:27:02.529 0 0 I qcom,camera ac4f000.qcom,cci: qcom,cam-sensor4: Dropping the link to regulator.77
01-01 08:27:02.534 0 0 I CAM_ERR : CAM-UTIL: cam_soc_util_regulator_disable: 1415 Invalid NULL parameter
01-01 08:27:02.534 0 0 I CAM_ERR : CAM-SENSOR: cam_sensor_util_power_down: 2290 Reg: cam_vio disable failed
01-01 08:27:02.534 0 0 I CAM_ERR : CAM-UTIL: cam_soc_util_regulator_disable: 1415 Invalid NULL parameter
01-01 08:27:02.534 0 0 I CAM_ERR : CAM-SENSOR: cam_sensor_util_power_down: 2290 Reg: cam_vana disable failed
01-01 08:27:02.535 0 0 W : ------------[ cut here ]------------
01-01 08:27:02.535 0 0 I : unbalanced disables for titan_top_gdsc
01-01 08:27:02.535 0 0 W : WARNING: CPU: 1 PID: 834 at drivers/regulator/core.c:2401 _regulator_disable+0x1a0/0x1b0
01-01 08:27:02.535 0 0 I : Modules linked in: wlan(O+) tsnv(O) machine_dlkm(O) wcd938x_slave_dlkm(O) wcd938x_dlkm(O) wcd9xxx_dlkm(O) mbhc_dlkm(O) tx_macro_dlkm(O) rx_macro_dlkm(O) va_macro_dlkm(O) wsa_macro_dlkm(O) swr_ctrl_dlkm(O) bolero_cdc_dlkm(O) wsa881x_dlkm(O) wcd_core_dlkm(O) stub_dlkm(O) hdmi_dlkm(O) swr_dlkm(O) pinctrl_lpi_dlkm(O) pinctrl_wcd_dlkm(O) usf_dlkm(O) native_dlkm(O) platform_dlkm(O) q6_dlkm(O) adsp_loader_dlkm(O) apr_dlkm(O) snd_event_dlkm(O) q6_notifier_dlkm(O) q6_pdr_dlkm(O) msm_11ad_proxy
01-01 08:27:02.535 0 0 I : CPU: 1 PID: 834 Comm: android.hardwar Tainted: G S W O 4.19.157+ #1
01-01 08:27:02.535 0 0 I Hardware name: Qualcomm Technologies, Inc. kona MTP-RmPM8150b. VC1(FSE) EVT1 (DT)
01-01 08:27:02.535 0 0 I pstate : 60400005 (nZCv daif +PAN -UAO)
01-01 08:27:02.535 0 0 I pc : _regulator_disable+0x1a0/0x1b0
01-01 08:27:02.535 0 0 I lr : _regulator_disable+0x19c/0x1b0
01-01 08:27:02.535 0 0 I sp : ffffff80143833d0
01-01 08:27:02.535 0 0 I : x29: ffffff80143833d0 x28: 0000000000000000
01-01 08:27:02.535 0 0 I : x27: 0000007ff0251780 x26: ffffffdd056e8000
01-01 08:27:02.535 0 0 I : x25: ffffffa58b734d10 x24: ffffffdcd51b0b80
01-01 08:27:02.535 0 0 I : x23: ffffffdd056ead18 x22: ffffffdd055137f0
01-01 08:27:02.535 0 0 I : x21: ffffffdd0c5013a8 x20: 00000000fffffffb
01-01 08:27:02.535 0 0 I : x19: ffffffdd0c501280 x18: 0000000000000038
01-01 08:27:02.535 0 0 I : x17: ffffffa58e6f5000 x16: 00000000fffa8460
01-01 08:27:02.535 0 0 I : x15: 00000000000a8460 x14: 00000000000000c2
01-01 08:27:02.535 0 0 I : x13: 0000000000000004 x12: 000000002cf74832
01-01 08:27:02.535 0 0 I : x11: 0000000000000015 x10: 000000000682aaab
01-01 08:27:02.535 0 0 I : x9 : 33d25c4339c86800 x8 : 33d25c4339c86800
01-01 08:27:02.535 0 0 I : x7 : ffffffa58ab82700 x6 : 0000000000000000
01-01 08:27:02.535 0 0 I : x5 : 0000000000000080 x4 : 0000000000000001
01-01 08:27:02.535 0 0 I : x3 : ffffff8014382ff8 x2 : ffffffa58aa97b48
01-01 08:27:02.535 0 0 I : x1 : ffffffa58ab82874 x0 : 0000000000000026
01-01 08:27:02.535 0 0 I Call trace:
01-01 08:27:02.535 0 0 I : _regulator_disable+0x1a0/0x1b0
01-01 08:27:02.535 0 0 I : regulator_disable+0x3c/0x88
01-01 08:27:02.535 0 0 I : cam_soc_util_disable_platform_resource+0xb0/0x100
01-01 08:27:02.535 0 0 I : cam_cpas_soc_disable_resources+0x30/0x78
01-01 08:27:02.535 0 0 I : cam_cpas_hw_stop+0x2a0/0x4e0
01-01 08:27:02.535 0 0 I : cam_cpas_stop+0x58/0x110
01-01 08:27:02.535 0 0 I : cam_cci_soc_release+0x110/0x1a0
01-01 08:27:02.535 0 0 I : cam_cci_core_cfg+0x14c/0x15e8
01-01 08:27:02.536 0 0 I : cam_cci_subdev_ioctl+0x50/0xc0
01-01 08:27:02.536 0 0 I : cam_sensor_cci_i2c_util+0x60/0xd0
01-01 08:27:02.536 0 0 I : camera_io_release+0x38/0x88
01-01 08:27:02.536 0 0 I : cam_sensor_power_down+0x64/0x130
01-01 08:27:02.536 0 0 I : cam_sensor_driver_cmd+0x35c/0x12e0
01-01 08:27:02.536 0 0 I : cam_sensor_subdev_ioctl+0x3c/0x80
01-01 08:27:02.536 0 0 I : subdev_do_ioctl_lock+0x764/0xbc8
01-01 08:27:02.536 0 0 I : video_usercopy+0x38c/0x850
01-01 08:27:02.536 0 0 I : subdev_ioctl+0x38/0x48
01-01 08:27:02.536 0 0 I : v4l2_ioctl+0x6c/0x80
01-01 08:27:02.536 0 0 I : do_vfs_ioctl+0x748/0x1210
01-01 08:27:02.536 0 0 I : __arm64_sys_ioctl+0x78/0xa0
01-01 08:27:02.536 0 0 I : el0_svc_common+0xa4/0x190
01-01 08:27:02.536 0 0 I : el0_svc_handler+0x6c/0x88
01-01 08:27:02.536 0 0 I : el0_svc+0x8/0xc
01-01 08:27:02.536 0 0 I : irq event stamp: 355982
01-01 08:27:02.536 0 0 I : hardirqs last enabled at (355981): [] console_unlock+0x4bc/0x568
01-01 08:27:02.536 0 0 I : hardirqs last disabled at (355982): [] do_debug_exception+0x84/0x150
01-01 08:27:02.536 0 0 I : softirqs last enabled at (355832): [] __do_softirq+0x50c/0x554
01-01 08:27:02.536 0 0 I : softirqs last disabled at (355819): [] irq_exit+0xfc/0x120
01-01 08:27:02.536 0 0 W : ---[ end trace 53dd95c7a211534a ]---
01-01 08:27:02.548 0 0 I binder : 1140:1163 ioctl 40046210 723a51f144 returned -22
01-01 08:27:02.550 1119 1280 I PackageParsing: Parse times for '/system_ext/priv-app/EmergencyInfo': parse=103ms, update_cache=12 ms
01-01 08:27:02.551 1378 1378 I imsrcsd : Uce Service HAL loading imsrcsbaseimpl
01-01 08:27:02.576 0 0 I qcom,camera ac50000.qcom,cci: qcom,cam-sensor3: Linked as a consumer to regulator.57
01-01 08:27:02.588 0 0 I qcom,camera ac50000.qcom,cci: qcom,cam-sensor3: Linked as a consumer to regulator.86
01-01 08:27:02.603 0 0 I qcom,camera ac50000.qcom,cci: qcom,cam-sensor3: Linked as a consumer to regulator.77
01-01 08:27:02.650 1140 1163 D BootAnimation: BootAnimationShownTiming start time: 39481ms
01-01 08:27:02.681 0 0 I : ip (1394) used greatest stack depth: 9208 bytes left
01-01 08:27:02.688 1119 1281 I PackageParsing: Parse times for '/system_ext/priv-app/StorageManager': parse=144ms, update_cache=1 ms
01-01 08:27:02.713 0 0 I CAM_ERR : CAM-CCI: cam_cci_irq: 264 Base:ffffff801a0dd000, M1_Q1 NACK ERROR: 0x40000000
01-01 08:27:02.713 0 0 I CAM_ERR : CAM-CCI: cam_cci_read: 1306 ERROR with Slave 0x7a:
01-01 08:27:02.713 0 0 I CAM_ERR : CAM-CCI: cam_cci_read_bytes: 1561 failed to read rc:-22
01-01 08:27:02.713 0 0 I CAM_ERR : CAM-SENSOR: cam_cci_i2c_read: 35 rc = -22
01-01 08:27:02.713 0 0 I CAM_WARN: CAM-SENSOR: cam_sensor_match_id: 769 read id: 0x0 expected id 0x30:
01-01 08:27:02.716 0 0 I qcom,camera ac50000.qcom,cci: qcom,cam-sensor3: Dropping the link to regulator.77
01-01 08:27:02.727 0 0 I qcom,camera ac50000.qcom,cci: qcom,cam-sensor3: Dropping the link to regulator.86
01-01 08:27:02.729 0 0 I qcom,camera ac50000.qcom,cci: qcom,cam-sensor3: Dropping the link to regulator.57
01-01 08:27:02.771 0 0 I qcom,camera ac50000.qcom,cci: qcom,cam-sensor2: Linked as a consumer to regulator.56
01-01 08:27:02.776 0 0 I qcom,camera ac50000.qcom,cci: qcom,cam-sensor2: Linked as a consumer to regulator.54
01-01 08:27:02.780 0 0 I qcom,camera ac50000.qcom,cci: qcom,cam-sensor2: Linked as a consumer to regulator.57
01-01 08:27:02.782 0 0 I qcom,camera ac50000.qcom,cci: qcom,cam-sensor2: Linked as a consumer to regulator.77
01-01 08:27:02.816 0 0 I CAM_ERR : CAM-CCI: cam_cci_irq: 238 Base:ffffff801a0dd000, M0_Q1 NACK ERROR: 0x10000000
01-01 08:27:02.818 0 0 I CAM_ERR : CAM-CCI: cam_cci_read: 1306 ERROR with Slave 0x34:
01-01 08:27:02.818 0 0 I CAM_ERR : CAM-CCI: cam_cci_read_bytes: 1561 failed to read rc:-22
01-01 08:27:02.818 0 0 I CAM_ERR : CAM-SENSOR: cam_cci_i2c_read: 35 rc = -22
01-01 08:27:02.818 0 0 I CAM_WARN: CAM-SENSOR: cam_sensor_match_id: 769 read id: 0x0 expected id 0x476:
01-01 08:27:02.819 0 0 I qcom,camera ac50000.qcom,cci: qcom,cam-sensor2: Dropping the link to regulator.77
01-01 08:27:02.826 0 0 I qcom,camera ac50000.qcom,cci: qcom,cam-sensor2: Dropping the link to regulator.57
01-01 08:27:02.827 0 0 I qcom,camera ac50000.qcom,cci: qcom,cam-sensor2: Dropping the link to regulator.54
01-01 08:27:02.827 0 0 I qcom,camera ac50000.qcom,cci: qcom,cam-sensor2: Dropping the link to regulator.56
01-01 08:27:02.901 0 0 I binder : 1300:1300 ioctl 40046210 7fc29d9de4 returned -22
01-01 08:27:02.903 0 0 I binder : 1300:1300 ioctl 40046210 7fc29d9e04 returned -22
01-01 08:27:02.905 0 0 I qcom,camera ac50000.qcom,cci: qcom,cam-sensor3: Linked as a consumer to regulator.57
01-01 08:27:02.910 0 0 I qcom,camera ac50000.qcom,cci: qcom,cam-sensor3: Linked as a consumer to regulator.86
01-01 08:27:02.919 0 0 I binder : 1323:1323 ioctl 40046210 ffe4ffd8 returned -22
01-01 08:27:02.904 1119 1160 W android.permission.PermissionManager: Missing ActivityManager; assuming 1047 does not hold android.permission.UPDATE_DEVICE_STATS
01-01 08:27:02.938 0 0 I binder : 1323:1323 ioctl 40046210 ffe4ffc0 returned -22
01-01 08:27:02.925 1119 1160 W android.permission.PermissionManager: Missing ActivityManager; assuming 1047 does not hold android.permission.UPDATE_DEVICE_STATS
01-01 08:27:02.926 1119 1160 W android.permission.PermissionManager: Missing ActivityManager; assuming 1013 does not hold android.permission.UPDATE_DEVICE_STATS
01-01 08:27:02.928 1119 1160 W android.permission.PermissionManager: Missing ActivityManager; assuming 1013 does not hold android.permission.UPDATE_DEVICE_STATS
01-01 08:27:02.941 1378 1378 I imsrcsd : Starting Service for First Time imsbaseimpl
01-01 08:27:02.947 1378 1378 I imsrcsd : Interface com.qualcomm.qti.uceservice@2.3::IUceService com.qualcomm.qti.uceservice is found in manifest
01-01 08:27:02.952 0 0 I qcom,camera ac50000.qcom,cci: qcom,cam-sensor3: Linked as a consumer to regulator.77
01-01 08:27:02.975 1378 1378 I HidlServiceManagement: Registered com.qualcomm.qti.uceservice@2.3::IUceService/com.qualcomm.qti.uceservice (start delay of 675ms)
01-01 08:27:02.985 0 0 I CAM_ERR : CAM-CCI: cam_cci_irq: 264 Base:ffffff801a0dd000, M1_Q1 NACK ERROR: 0x40000000
01-01 08:27:02.987 0 0 I CAM_ERR : CAM-CCI: cam_cci_read: 1306 ERROR with Slave 0x20:
01-01 08:27:02.987 0 0 I CAM_ERR : CAM-CCI: cam_cci_read_bytes: 1561 failed to read rc:-22
01-01 08:27:02.987 0 0 I CAM_ERR : CAM-SENSOR: cam_cci_i2c_read: 35 rc = -22
01-01 08:27:02.987 0 0 I CAM_WARN: CAM-SENSOR: cam_sensor_match_id: 769 read id: 0x0 expected id 0x3841:
01-01 08:27:02.988 0 0 I qcom,camera ac50000.qcom,cci: qcom,cam-sensor3: Dropping the link to regulator.77
01-01 08:27:02.996 0 0 I qcom,camera ac50000.qcom,cci: qcom,cam-sensor3: Dropping the link to regulator.86
01-01 08:27:02.996 0 0 I qcom,camera ac50000.qcom,cci: qcom,cam-sensor3: Dropping the link to regulator.57
01-01 08:27:03.009 1378 1378 I imsrcsd : Interface com.qualcomm.qti.imscmservice@2.2::IImsCmService qti.ims.connectionmanagerservice is found in manifest
01-01 08:27:03.021 1378 1378 I HidlServiceManagement: Registered com.qualcomm.qti.imscmservice@2.2::IImsCmService/qti.ims.connectionmanagerservice (start delay of 721ms)
01-01 08:27:03.035 1378 1378 I imsrcsd : Interface vendor.qti.ims.factory@1.1::IImsFactory default is not found in manifest
01-01 08:27:03.036 1378 1378 I imsrcsd : Interface vendor.qti.ims.factory@1.0::IImsFactory default is found in manifest
01-01 08:27:03.038 1378 1378 I HidlServiceManagement: Registered vendor.qti.ims.factory@1.0::IImsFactory/default (start delay of 738ms)
01-01 08:27:03.058 0 0 I qcom,camera ac50000.qcom,cci: qcom,cam-sensor2: Linked as a consumer to regulator.56
01-01 08:27:03.071 0 0 I qcom,camera ac50000.qcom,cci: qcom,cam-sensor2: Linked as a consumer to regulator.57
01-01 08:27:03.073 0 0 I qcom,camera ac50000.qcom,cci: qcom,cam-sensor2: Linked as a consumer to regulator.54
01-01 08:27:03.048 1378 1378 I imsrcsd : Interface vendor.qti.ims.callinfo@1.0::IService default is found in manifest
01-01 08:27:03.058 1378 1378 I HidlServiceManagement: Registered vendor.qti.ims.callinfo@1.0::IService/default (start delay of 758ms)
01-01 08:27:03.059 1378 1378 I imsrcsd : ImsRcsBaseImpl ImsCallInfo After Registering Service
01-01 08:27:03.089 1119 1280 W PackageParsing: Ignoring duplicate uses-permissions/uses-permissions-sdk-m: android.permission.CONFIGURE_WIFI_DISPLAY in package: com.android.systemui at: Binary XML file line #160
01-01 08:27:03.133 0 0 I qcom,camera ac50000.qcom,cci: qcom,cam-sensor2: Linked as a consumer to regulator.77
01-01 08:27:03.125 1119 1280 I PackageParsing: Parse times for '/system_ext/priv-app/SystemUI': parse=571ms, update_cache=2 ms
01-01 08:27:03.174 0 0 I CAM_ERR : CAM-CCI: cam_cci_irq: 238 Base:ffffff801a0dd000, M0_Q1 NACK ERROR: 0x10000000
01-01 08:27:03.175 0 0 I CAM_ERR : CAM-CCI: cam_cci_read: 1306 ERROR with Slave 0x20:
01-01 08:27:03.175 0 0 I CAM_ERR : CAM-CCI: cam_cci_read_bytes: 1561 failed to read rc:-22
01-01 08:27:03.175 0 0 I CAM_ERR : CAM-SENSOR: cam_cci_i2c_read: 35 rc = -22
01-01 08:27:03.175 0 0 I CAM_WARN: CAM-SENSOR: cam_sensor_match_id: 769 read id: 0x0 expected id 0x3841:
01-01 08:27:03.177 0 0 I qcom,camera ac50000.qcom,cci: qcom,cam-sensor2: Dropping the link to regulator.77
01-01 08:27:03.191 0 0 I qcom,camera ac50000.qcom,cci: qcom,cam-sensor2: Dropping the link to regulator.54
01-01 08:27:03.193 0 0 I qcom,camera ac50000.qcom,cci: qcom,cam-sensor2: Dropping the link to regulator.57
01-01 08:27:03.198 0 0 I qcom,camera ac50000.qcom,cci: qcom,cam-sensor2: Dropping the link to regulator.56
01-01 08:27:03.277 0 0 I qcom,camera ac4f000.qcom,cci: qcom,cam-sensor5: Linked as a consumer to regulator.56
01-01 08:27:03.288 0 0 I qcom,camera ac4f000.qcom,cci: qcom,cam-sensor5: Linked as a consumer to regulator.53
01-01 08:27:03.293 0 0 I qcom,camera ac4f000.qcom,cci: qcom,cam-sensor5: Linked as a consumer to regulator.57
01-01 08:27:03.297 0 0 I qcom,camera ac4f000.qcom,cci: qcom,cam-sensor5: Linked as a consumer to regulator.77
01-01 08:27:03.337 0 0 I CAM_ERR : CAM-CCI: cam_cci_irq: 264 Base:ffffff801a0d5000, M1_Q1 NACK ERROR: 0x40000000
01-01 08:27:03.337 0 0 I CAM_ERR : CAM-CCI: cam_cci_read: 1306 ERROR with Slave 0xc0:
01-01 08:27:03.337 0 0 I CAM_ERR : CAM-CCI: cam_cci_read_bytes: 1561 failed to read rc:-22
01-01 08:27:03.337 0 0 I CAM_ERR : CAM-SENSOR: cam_cci_i2c_read: 35 rc = -22
01-01 08:27:03.337 0 0 I CAM_WARN: CAM-SENSOR: cam_sensor_match_id: 769 read id: 0x0 expected id 0x6710:
01-01 08:27:03.338 0 0 I qcom,camera ac4f000.qcom,cci: qcom,cam-sensor5: Dropping the link to regulator.77
01-01 08:27:03.343 0 0 I qcom,camera ac4f000.qcom,cci: qcom,cam-sensor5: Dropping the link to regulator.57
01-01 08:27:03.344 0 0 I qcom,camera ac4f000.qcom,cci: qcom,cam-sensor5: Dropping the link to regulator.53
01-01 08:27:03.344 0 0 I qcom,camera ac4f000.qcom,cci: qcom,cam-sensor5: Dropping the link to regulator.56
01-01 08:27:03.386 0 0 I qcom,camera ac4f000.qcom,cci: qcom,cam-sensor1: Linked as a consumer to regulator.56
01-01 08:27:03.397 0 0 I qcom,camera ac4f000.qcom,cci: qcom,cam-sensor1: Linked as a consumer to regulator.53
01-01 08:27:03.402 0 0 I qcom,camera ac4f000.qcom,cci: qcom,cam-sensor1: Linked as a consumer to regulator.57
01-01 08:27:03.403 0 0 I qcom,camera ac4f000.qcom,cci: qcom,cam-sensor1: Linked as a consumer to regulator.77
01-01 08:27:03.485 0 0 I CAM_ERR : CAM-CCI: cam_cci_irq: 264 Base:ffffff801a0d5000, M1_Q1 NACK ERROR: 0x40000000
01-01 08:27:03.486 0 0 I CAM_ERR : CAM-CCI: cam_cci_read: 1306 ERROR with Slave 0xc0:
01-01 08:27:03.486 0 0 I CAM_ERR : CAM-CCI: cam_cci_read_bytes: 1561 failed to read rc:-22
01-01 08:27:03.486 0 0 I CAM_ERR : CAM-SENSOR: cam_cci_i2c_read: 35 rc = -22
01-01 08:27:03.486 0 0 I CAM_WARN: CAM-SENSOR: cam_sensor_match_id: 769 read id: 0x0 expected id 0x6710:
01-01 08:27:03.491 0 0 I qcom,camera ac4f000.qcom,cci: qcom,cam-sensor1: Dropping the link to regulator.77
01-01 08:27:03.496 0 0 I qcom,camera ac4f000.qcom,cci: qcom,cam-sensor1: Dropping the link to regulator.57
01-01 08:27:03.500 0 0 I qcom,camera ac4f000.qcom,cci: qcom,cam-sensor1: Dropping the link to regulator.53
01-01 08:27:03.501 0 0 I qcom,camera ac4f000.qcom,cci: qcom,cam-sensor1: Dropping the link to regulator.56
01-01 08:27:03.561 0 0 I qcom,camera ac4f000.qcom,cci: qcom,cam-sensor0: Linked as a consumer to regulator.55
01-01 08:27:03.570 0 0 I qcom,camera ac4f000.qcom,cci: qcom,cam-sensor0: Linked as a consumer to regulator.57
01-01 08:27:03.572 0 0 I qcom,camera ac4f000.qcom,cci: qcom,cam-sensor0: Linked as a consumer to regulator.77
01-01 08:27:03.572 0 0 I CAM_ERR : CAM-UTIL: cam_soc_util_regulator_enable: 1459 cam_clk set voltage failed
01-01 08:27:03.572 0 0 I CAM_ERR : CAM-SENSOR: cam_sensor_core_power_up: 1928 Reg enable failed
01-01 08:27:03.572 0 0 I CAM_ERR : CAM-SENSOR: cam_sensor_core_power_up: 2062 failed
01-01 08:27:03.573 0 0 I qcom,camera ac4f000.qcom,cci: qcom,cam-sensor0: Dropping the link to regulator.57
01-01 08:27:03.573 0 0 I CAM_ERR : CAM-SENSOR: cam_sensor_core_power_up: 2131 seq_val:100 > num_vreg: 4
01-01 08:27:03.576 0 0 I qcom,camera ac4f000.qcom,cci: qcom,cam-sensor0: Dropping the link to regulator.55
01-01 08:27:03.596 0 0 I init : starting service 'loc_launcher'...
01-01 08:27:03.615 0 0 I CAM_ERR : CAM-CCI: cam_cci_irq: 238 Base:ffffff801a0d5000, M0_Q1 NACK ERROR: 0x10000000
01-01 08:27:03.615 0 0 I CAM_ERR : CAM-CCI: cam_cci_read: 1306 ERROR with Slave 0xc0:
01-01 08:27:03.616 0 0 I CAM_ERR : CAM-CCI: cam_cci_read_bytes: 1561 failed to read rc:-22
01-01 08:27:03.616 0 0 I CAM_ERR : CAM-SENSOR: cam_cci_i2c_read: 35 rc = -22
01-01 08:27:03.616 0 0 I CAM_WARN: CAM-SENSOR: cam_sensor_match_id: 769 read id: 0x0 expected id 0x6710:
01-01 08:27:03.616 0 0 W : ------------[ cut here ]------------
01-01 08:27:03.616 0 0 I : cam_cc_mclk0_clk already disabled
01-01 08:27:03.616 0 0 W : WARNING: CPU: 1 PID: 834 at drivers/clk/clk.c:1144 clk_core_disable+0x230/0x270
01-01 08:27:03.616 0 0 I : Modules linked in: wlan(O+) tsnv(O) machine_dlkm(O) wcd938x_slave_dlkm(O) wcd938x_dlkm(O) wcd9xxx_dlkm(O) mbhc_dlkm(O) tx_macro_dlkm(O) rx_macro_dlkm(O) va_macro_dlkm(O) wsa_macro_dlkm(O) swr_ctrl_dlkm(O) bolero_cdc_dlkm(O) wsa881x_dlkm(O) wcd_core_dlkm(O) stub_dlkm(O) hdmi_dlkm(O) swr_dlkm(O) pinctrl_lpi_dlkm(O) pinctrl_wcd_dlkm(O) usf_dlkm(O) native_dlkm(O) platform_dlkm(O) q6_dlkm(O) adsp_loader_dlkm(O) apr_dlkm(O) snd_event_dlkm(O) q6_notifier_dlkm(O) q6_pdr_dlkm(O) msm_11ad_proxy
01-01 08:27:03.616 0 0 I : CPU: 1 PID: 834 Comm: android.hardwar Tainted: G S W O 4.19.157+ #1
01-01 08:27:03.616 0 0 I Hardware name: Qualcomm Technologies, Inc. kona MTP-RmPM8150b. VC1(FSE) EVT1 (DT)
01-01 08:27:03.616 0 0 I pstate : 60400085 (nZCv daIf +PAN -UAO)
01-01 08:27:03.616 0 0 I pc : clk_core_disable+0x230/0x270
01-01 08:27:03.616 0 0 I lr : clk_core_disable+0x230/0x270
01-01 08:27:03.616 0 0 I sp : ffffff8014383970
01-01 08:27:03.616 0 0 I : x29: ffffff8014383970 x28: ffffffdcb19a2880
01-01 08:27:03.616 0 0 I : x27: 0000000000000000 x26: 0000000000000068
01-01 08:27:03.616 0 0 I : x25: ffffffa58b734d10 x24: ffffffa58cd3e81e
01-01 08:27:03.616 0 0 I : x23: ffffffa58cd3e7a6 x22: ffffffdd04dffa00
01-01 08:27:03.616 0 0 I : x21: 0000000000000000 x20: ffffffdd0c5bf080
01-01 08:27:03.616 0 0 I : x19: ffffffdd0c5bf080 x18: 0000000000000034
01-01 08:27:03.616 0 0 I : x17: ffffffa58e6f5000 x16: 00000000fffa472c
01-01 08:27:03.616 0 0 I : x15: 00000000000a472c x14: 00000000000000c2
01-01 08:27:03.616 0 0 I : x13: 0000000000000000 x12: 00000000000000e0
01-01 08:27:03.616 0 0 I : x11: 0000000000000000 x10: 0000000000000001
01-01 08:27:03.616 0 0 I : x9 : 33d25c4339c86800 x8 : 33d25c4339c86800
01-01 08:27:03.616 0 0 I : x7 : ffffffa58ab82700 x6 : 0000000000000000
01-01 08:27:03.616 0 0 I : x5 : 0000000000000080 x4 : 0000000000000001
01-01 08:27:03.616 0 0 I : x3 : 0000000000000000 x2 : 0000000000000007
01-01 08:27:03.616 0 0 I : x1 : 0000000000000007 x0 : 0000000000000021
01-01 08:27:03.616 0 0 I Call trace:
01-01 08:27:03.616 0 0 I : clk_core_disable+0x230/0x270
01-01 08:27:03.616 0 0 I : clk_disable+0x34/0x98
01-01 08:27:03.616 0 0 I : cam_soc_util_clk_disable+0x4c/0x68
01-01 08:27:03.616 0 0 I : cam_sensor_util_power_down+0x258/0x4b8
01-01 08:27:03.616 0 0 I : cam_sensor_power_down+0x34/0x130
01-01 08:27:03.616 0 0 I : cam_sensor_driver_cmd+0x35c/0x12e0
01-01 08:27:03.616 0 0 I : cam_sensor_subdev_ioctl+0x3c/0x80
01-01 08:27:03.616 0 0 I : subdev_do_ioctl_lock+0x764/0xbc8
01-01 08:27:03.616 0 0 I : video_usercopy+0x38c/0x850
01-01 08:27:03.616 0 0 I : subdev_ioctl+0x38/0x48
01-01 08:27:03.616 0 0 I : v4l2_ioctl+0x6c/0x80
01-01 08:27:03.616 0 0 I : do_vfs_ioctl+0x748/0x1210
01-01 08:27:03.616 0 0 I : __arm64_sys_ioctl+0x78/0xa0
01-01 08:27:03.616 0 0 I : el0_svc_common+0xa4/0x190
01-01 08:27:03.616 0 0 I : el0_svc_handler+0x6c/0x88
01-01 08:27:03.616 0 0 I : el0_svc+0x8/0xc
01-01 08:27:03.616 0 0 I : irq event stamp: 389282
01-01 08:27:03.616 0 0 I : hardirqs last enabled at (389281): [] console_unlock+0x4bc/0x568
01-01 08:27:03.616 0 0 I : hardirqs last disabled at (389282): [] clk_enable_lock+0x20/0xc8
01-01 08:27:03.616 0 0 I : softirqs last enabled at (389156): [] __do_softirq+0x50c/0x554
01-01 08:27:03.616 0 0 I : softirqs last disabled at (389137): [] irq_exit+0xfc/0x120
01-01 08:27:03.616 0 0 W : ---[ end trace 53dd95c7a211534b ]---
01-01 08:27:03.617 0 0 W : ------------[ cut here ]------------
01-01 08:27:03.617 0 0 I : cam_cc_mclk0_clk already unprepared
01-01 08:27:03.617 0 0 W : WARNING: CPU: 1 PID: 834 at drivers/clk/clk.c:981 clk_core_unprepare+0x384/0x400
01-01 08:27:03.617 0 0 I : Modules linked in: wlan(O+) tsnv(O) machine_dlkm(O) wcd938x_slave_dlkm(O) wcd938x_dlkm(O) wcd9xxx_dlkm(O) mbhc_dlkm(O) tx_macro_dlkm(O) rx_macro_dlkm(O) va_macro_dlkm(O) wsa_macro_dlkm(O) swr_ctrl_dlkm(O) bolero_cdc_dlkm(O) wsa881x_dlkm(O) wcd_core_dlkm(O) stub_dlkm(O) hdmi_dlkm(O) swr_dlkm(O) pinctrl_lpi_dlkm(O) pinctrl_wcd_dlkm(O) usf_dlkm(O) native_dlkm(O) platform_dlkm(O) q6_dlkm(O) adsp_loader_dlkm(O) apr_dlkm(O) snd_event_dlkm(O) q6_notifier_dlkm(O) q6_pdr_dlkm(O) msm_11ad_proxy
01-01 08:27:03.617 0 0 I : CPU: 1 PID: 834 Comm: android.hardwar Tainted: G S W O 4.19.157+ #1
01-01 08:27:03.617 0 0 I Hardware name: Qualcomm Technologies, Inc. kona MTP-RmPM8150b. VC1(FSE) EVT1 (DT)
01-01 08:27:03.617 0 0 I pstate : 60400005 (nZCv daif +PAN -UAO)
01-01 08:27:03.617 0 0 I pc : clk_core_unprepare+0x384/0x400
01-01 08:27:03.617 0 0 I lr : clk_core_unprepare+0x384/0x400
01-01 08:27:03.617 0 0 I sp : ffffff8014383960
01-01 08:27:03.617 0 0 I : x29: ffffff8014383960 x28: ffffffdcb19a2880
01-01 08:27:03.617 0 0 I : x27: 0000000000000000 x26: 0000000000000068
01-01 08:27:03.617 0 0 I : x25: ffffffa58b734d10 x24: ffffffa58cd3e81e
01-01 08:27:03.617 0 0 I : x23: ffffffa58cd3e7a6 x22: ffffffdd04dffa00
01-01 08:27:03.617 0 0 I : x21: ffffffa58ef79000 x20: ffffffa58ef79000
01-01 08:27:03.617 0 0 I init : starting service 'qcom-sh'...
01-01 08:27:03.617 0 0 I : x19: ffffffdd0c5bf080 x18: 0000000000000034
01-01 08:27:03.617 0 0 I : x17: ffffffa58e6f5000 x16: 00000000fffa3a78
