09-22 19:45:47.900 1119 1119 I SystemServerTiming: OnBootPhase_600_com.android.server.ActivityTriggerService
09-22 19:45:47.900 1119 1119 D SystemServerTiming: OnBootPhase_600_com.android.server.ActivityTriggerService took to complete: 0ms
09-22 19:45:47.900 1119 1119 I SystemServerTiming: OnBootPhase_600_com.android.server.integrity.AppIntegrityManagerService
09-22 19:45:47.900 1119 1119 D SystemServerTiming: OnBootPhase_600_com.android.server.integrity.AppIntegrityManagerService took to complete: 0ms
09-22 19:45:47.900 1119 1119 I SystemServerTiming: OnBootPhase_600_com.android.server.inputmethod.InputMethodManagerService$Lifecycle
09-22 19:45:47.900 1119 1119 D SystemServerTiming: OnBootPhase_600_com.android.server.inputmethod.InputMethodManagerService$Lifecycle took to complete: 0ms
09-22 19:45:47.900 1119 1119 I SystemServerTiming: OnBootPhase_600_com.android.server.accessibility.AccessibilityManagerService$Lifecycle
09-22 19:45:47.900 1119 1119 D SystemServerTiming: OnBootPhase_600_com.android.server.accessibility.AccessibilityManagerService$Lifecycle took to complete: 0ms
09-22 19:45:47.900 1119 1119 I SystemServerTiming: OnBootPhase_600_com.android.server.StorageManagerService$Lifecycle
09-22 19:45:47.900 1119 1119 D SystemServerTiming: OnBootPhase_600_com.android.server.StorageManagerService$Lifecycle took to complete: 0ms
09-22 19:45:47.901 1119 1119 I SystemServerTiming: OnBootPhase_600_com.android.server.usage.StorageStatsService$Lifecycle
09-22 19:45:47.901 1119 1119 D SystemServerTiming: OnBootPhase_600_com.android.server.usage.StorageStatsService$Lifecycle took to complete: 0ms
09-22 19:45:47.901 1119 1119 I SystemServerTiming: OnBootPhase_600_com.android.server.UiModeManagerService
09-22 19:45:47.901 1119 1119 D SystemServerTiming: OnBootPhase_600_com.android.server.UiModeManagerService took to complete: 0ms
09-22 19:45:47.901 1119 1119 I SystemServerTiming: OnBootPhase_600_com.android.server.locksettings.LockSettingsService$Lifecycle
09-22 19:45:47.901 1119 1119 D SystemServerTiming: OnBootPhase_600_com.android.server.locksettings.LockSettingsService$Lifecycle took to complete: 0ms
09-22 19:45:47.901 1119 1119 I SystemServerTiming: OnBootPhase_600_com.android.server.PersistentDataBlockService
09-22 19:45:47.901 1119 1119 D SystemServerTiming: OnBootPhase_600_com.android.server.PersistentDataBlockService took to complete: 0ms
09-22 19:45:47.901 1119 1119 I SystemServerTiming: OnBootPhase_600_com.android.server.testharness.TestHarnessModeService
09-22 19:45:47.901 1119 1119 D SystemServerTiming: OnBootPhase_600_com.android.server.testharness.TestHarnessModeService took to complete: 0ms
09-22 19:45:47.901 1119 1119 I SystemServerTiming: OnBootPhase_600_com.android.server.oemlock.OemLockService
09-22 19:45:47.901 1119 1119 D SystemServerTiming: OnBootPhase_600_com.android.server.oemlock.OemLockService took to complete: 0ms
09-22 19:45:47.901 1119 1119 I SystemServerTiming: OnBootPhase_600_com.android.server.DeviceIdleController
09-22 19:45:47.902 1119 1119 D SystemServerTiming: OnBootPhase_600_com.android.server.DeviceIdleController took to complete: 0ms
09-22 19:45:47.902 1119 1119 I SystemServerTiming: OnBootPhase_600_com.android.server.devicepolicy.DevicePolicyManagerService$Lifecycle
09-22 19:45:47.902 1119 1119 D SystemServerTiming: OnBootPhase_600_com.android.server.devicepolicy.DevicePolicyManagerService$Lifecycle took to complete: 0ms
09-22 19:45:47.902 1119 1119 I SystemServerTiming: OnBootPhase_600_com.android.server.texttospeech.TextToSpeechManagerService
09-22 19:45:47.902 1119 1119 D SystemServerTiming: OnBootPhase_600_com.android.server.texttospeech.TextToSpeechManagerService took to complete: 0ms
09-22 19:45:47.902 1119 1119 I SystemServerTiming: OnBootPhase_600_com.android.server.speech.SpeechRecognitionManagerService
09-22 19:45:47.903 1119 1119 D SystemServerTiming: OnBootPhase_600_com.android.server.speech.SpeechRecognitionManagerService took to complete: 0ms
09-22 19:45:47.903 1119 1119 I SystemServerTiming: OnBootPhase_600_com.android.server.searchui.SearchUiManagerService
09-22 19:45:47.903 1119 1119 D SystemServerTiming: OnBootPhase_600_com.android.server.searchui.SearchUiManagerService took to complete: 1ms
09-22 19:45:47.903 1119 1119 I SystemServerTiming: OnBootPhase_600_com.android.server.smartspace.SmartspaceManagerService
09-22 19:45:47.904 1119 1119 D SystemServerTiming: OnBootPhase_600_com.android.server.smartspace.SmartspaceManagerService took to complete: 0ms
09-22 19:45:47.904 1119 1119 I SystemServerTiming: OnBootPhase_600_com.android.server.graphics.fonts.FontManagerService$Lifecycle
09-22 19:45:47.904 1119 1119 D SystemServerTiming: OnBootPhase_600_com.android.server.graphics.fonts.FontManagerService$Lifecycle took to complete: 0ms
09-22 19:45:47.904 1119 1119 I SystemServerTiming: OnBootPhase_600_com.android.server.textservices.TextServicesManagerService$Lifecycle
09-22 19:45:47.904 1119 1119 D SystemServerTiming: OnBootPhase_600_com.android.server.textservices.TextServicesManagerService$Lifecycle took to complete: 0ms
09-22 19:45:47.904 1119 1119 I SystemServerTiming: OnBootPhase_600_com.android.server.textclassifier.TextClassificationManagerService$Lifecycle
09-22 19:45:47.904 1119 1119 D SystemServerTiming: OnBootPhase_600_com.android.server.textclassifier.TextClassificationManagerService$Lifecycle took to complete: 0ms
09-22 19:45:47.904 1119 1119 I SystemServerTiming: OnBootPhase_600_com.android.server.NetworkScoreService$Lifecycle
09-22 19:45:47.905 1119 1119 D SystemServerTiming: OnBootPhase_600_com.android.server.NetworkScoreService$Lifecycle took to complete: 0ms
09-22 19:45:47.905 1119 1119 I SystemServerTiming: OnBootPhase_600_com.android.server.wifi.WifiService
09-22 19:45:47.905 1119 1119 D SystemServerTiming: OnBootPhase_600_com.android.server.wifi.WifiService took to complete: 0ms
09-22 19:45:47.905 1119 1119 I SystemServerTiming: OnBootPhase_600_com.android.server.wifi.scanner.WifiScanningService
09-22 19:45:47.905 1119 1119 D SystemServerTiming: OnBootPhase_600_com.android.server.wifi.scanner.WifiScanningService took to complete: 0ms
09-22 19:45:47.905 1119 1119 I SystemServerTiming: OnBootPhase_600_com.android.server.wifi.rtt.RttService
09-22 19:45:47.905 1119 1119 D SystemServerTiming: OnBootPhase_600_com.android.server.wifi.rtt.RttService took to complete: 0ms
09-22 19:45:47.905 1119 1119 I SystemServerTiming: OnBootPhase_600_com.android.server.wifi.aware.WifiAwareService
09-22 19:45:47.905 1119 1119 D SystemServerTiming: OnBootPhase_600_com.android.server.wifi.aware.WifiAwareService took to complete: 0ms
09-22 19:45:47.905 1119 1119 I SystemServerTiming: OnBootPhase_600_com.android.server.wifi.p2p.WifiP2pService
09-22 19:45:47.905 1119 1119 D SystemServerTiming: OnBootPhase_600_com.android.server.wifi.p2p.WifiP2pService took to complete: 0ms
09-22 19:45:47.905 1119 1119 I SystemServerTiming: OnBootPhase_600_com.android.server.ethernet.EthernetService
09-22 19:45:47.905 1119 1119 D SystemServerTiming: OnBootPhase_600_com.android.server.ethernet.EthernetService took to complete: 0ms
09-22 19:45:47.905 1119 1119 I SystemServerTiming: OnBootPhase_600_com.android.server.ConnectivityServiceInitializer
09-22 19:45:47.905 1119 1119 D SystemServerTiming: OnBootPhase_600_com.android.server.ConnectivityServiceInitializer took to complete: 0ms
09-22 19:45:47.906 1119 1119 I SystemServerTiming: OnBootPhase_600_com.android.server.notification.NotificationManagerService
09-22 19:45:47.916 1119 1119 D SystemServerTiming: OnBootPhase_600_com.android.server.notification.NotificationManagerService took to complete: 10ms
09-22 19:45:47.916 1119 1119 I SystemServerTiming: OnBootPhase_600_com.android.server.storage.DeviceStorageMonitorService
09-22 19:45:47.916 1119 1119 D SystemServerTiming: OnBootPhase_600_com.android.server.storage.DeviceStorageMonitorService took to complete: 1ms
09-22 19:45:47.916 1119 1119 I SystemServerTiming: OnBootPhase_600_com.android.server.location.LocationManagerService$Lifecycle
01-01 08:27:08.618 0 0 D cnss : Processing driver event: REGISTER_DRIVER-sync(7), state: 0x0
01-01 08:27:08.618 0 0 D cnss : Regulator vdd-wlan-io is being enabled
01-01 08:27:08.618 0 0 D cnss : Regulator wlan-ant-switch is being enabled
01-01 08:27:08.623 0 0 D cnss : Regulator vdd-wlan-aon is being enabled
01-01 08:27:08.624 0 0 D cnss : Regulator vdd-wlan-dig is being enabled
01-01 08:27:08.625 0 0 D cnss : Regulator vdd-wlan-rfa1 is being enabled
01-01 08:27:08.630 0 0 D cnss : Regulator vdd-wlan-rfa2 is being enabled
01-01 08:27:08.635 0 0 D cnss : BT_EN_GPIO State: Off. Delay WLAN_GPIO enable
01-01 08:27:08.636 0 0 I binder : 1898:1898 ioctl 40046210 7fcf144d74 returned -22
09-22 19:45:47.957 1119 1119 D TelephonyRegistry: listen oscl: mHasNotifySubscriptionInfoChangedOccurred==false no callback
09-22 19:45:47.959 1119 1712 I am_proc_bound: [0,1898,com.android.systemui]
09-22 19:45:47.960 1119 1712 D CompatibilityChangeReporter: Compat change id reported: 168419799; UID 10087; state: DISABLED
09-22 19:45:47.964 1119 1712 I am_uid_active: 10087
09-22 19:45:47.993 1119 1119 W SystemServiceManager: Service com.android.server.location.LocationManagerService$Lifecycle took 76 ms in onBootPhase
09-22 19:45:47.993 1119 1119 D SystemServerTiming: OnBootPhase_600_com.android.server.location.LocationManagerService$Lifecycle took to complete: 77ms
09-22 19:45:47.993 1119 1119 I SystemServerTiming: OnBootPhase_600_com.android.server.timedetector.TimeDetectorService$Lifecycle
09-22 19:45:47.993 1119 1119 D SystemServerTiming: OnBootPhase_600_com.android.server.timedetector.TimeDetectorService$Lifecycle took to complete: 0ms
09-22 19:45:47.993 1119 1119 I SystemServerTiming: OnBootPhase_600_com.android.server.timezonedetector.TimeZoneDetectorService$Lifecycle
09-22 19:45:47.993 1119 1119 D SystemServerTiming: OnBootPhase_600_com.android.server.timezonedetector.TimeZoneDetectorService$Lifecycle took to complete: 0ms
09-22 19:45:47.993 1119 1119 I SystemServerTiming: OnBootPhase_600_com.android.server.timezonedetector.location.LocationTimeZoneManagerService$Lifecycle
09-22 19:45:47.993 1119 1119 D SystemServerTiming: OnBootPhase_600_com.android.server.timezonedetector.location.LocationTimeZoneManagerService$Lifecycle took to complete: 0ms
09-22 19:45:47.993 1119 1119 I SystemServerTiming: OnBootPhase_600_com.android.server.search.SearchManagerService$Lifecycle
09-22 19:45:47.993 1119 1119 D SystemServerTiming: OnBootPhase_600_com.android.server.search.SearchManagerService$Lifecycle took to complete: 0ms
09-22 19:45:47.993 1119 1119 I SystemServerTiming: OnBootPhase_600_com.android.server.wallpaper.WallpaperManagerService$Lifecycle
09-22 19:45:47.993 1119 1119 I WallpaperManagerService: switch-user-0
09-22 19:45:47.994 1119 1119 V WallpaperManagerService: bindWallpaperComponentLocked: componentName=ComponentInfo{com.android.systemui/com.android.systemui.ImageWallpaper}
09-22 19:45:47.995 1119 1207 W CarrierConfigManager: Error getting config for subId -1 ICarrierConfigLoader is null
09-22 19:45:48.002 1119 1229 W ActivityManager: Slow operation: 177ms so far, now at startProcess: returned from zygote!
09-22 19:45:48.020 1119 1119 I dvm_lock_sample: [system_server,1,main,26,PackageManagerService.java,5263,android.content.pm.ServiceInfo com.android.server.pm.PackageManagerService$ComputerLocked.getServiceInfoBody(android.content.ComponentName, int, int, int),Settings.java,5648,void com.android.server.pm.Settings$RuntimePermissionPersistence$MyHandler.handleMessage(android.os.Message),5]
09-22 19:45:48.020 1119 1229 W ActivityManager: Slow operation: 196ms so far, now at startProcess: done updating battery stats
09-22 19:45:48.021 1119 1229 I am_proc_start: [0,1947,1037,WebViewLoader-armeabi-v7a,NULL,]
09-22 19:45:48.021 1119 1229 W ActivityManager: Slow operation: 196ms so far, now at startProcess: building log message
09-22 19:45:48.021 1119 1229 I ActivityManager: Start proc 1947:WebViewLoader-armeabi-v7a/1037 [android.webkit.WebViewLibraryLoader$RelroFileCreator] for null
09-22 19:45:48.021 1119 1229 W ActivityManager: Slow operation: 196ms so far, now at startProcess: starting to update pids map
09-22 19:45:48.023 1119 1229 W ActivityManager: Slow operation: 198ms so far, now at startProcess: done updating pids map
09-22 19:45:48.023 1119 1229 W ActivityManager: Slow operation: 198ms so far, now at startProcess: asking zygote to start proc
09-22 19:45:48.025 1119 1207 D CompatibilityChangeReporter: Compat change id reported: 168936375; UID 1000; state: ENABLED
09-22 19:45:48.026 1119 1207 D CompatibilityChangeReporter: Compat change id reported: 168936375; UID 1000; state: DISABLED
09-22 19:45:48.029 1119 1119 D WallpaperManagerService: switch-user-0 took to complete: 36ms
09-22 19:45:48.029 1119 1119 D SystemServerTiming: OnBootPhase_600_com.android.server.wallpaper.WallpaperManagerService$Lifecycle took to complete: 36ms
09-22 19:45:48.029 1119 1119 I SystemServerTiming: OnBootPhase_600_com.android.server.audio.AudioService$Lifecycle
09-22 19:45:48.029 1119 1119 D SystemServerTiming: OnBootPhase_600_com.android.server.audio.AudioService$Lifecycle took to complete: 0ms
09-22 19:45:48.029 1119 1119 I SystemServerTiming: OnBootPhase_600_com.android.server.soundtrigger_middleware.SoundTriggerMiddlewareService$Lifecycle
09-22 19:45:48.029 1119 1119 D SystemServerTiming: OnBootPhase_600_com.android.server.soundtrigger_middleware.SoundTriggerMiddlewareService$Lifecycle took to complete: 0ms
09-22 19:45:48.029 1119 1119 I SystemServerTiming: OnBootPhase_600_com.android.server.DockObserver
09-22 19:45:48.030 1119 1119 D SystemServerTiming: OnBootPhase_600_com.android.server.DockObserver took to complete: 0ms
09-22 19:45:48.030 1119 1119 I SystemServerTiming: OnBootPhase_600_com.android.server.midi.MidiService$Lifecycle
09-22 19:45:48.030 1119 1119 D SystemServerTiming: OnBootPhase_600_com.android.server.midi.MidiService$Lifecycle took to complete: 0ms
09-22 19:45:48.030 1119 1119 I SystemServerTiming: OnBootPhase_600_com.android.server.adb.AdbService$Lifecycle
09-22 19:45:48.030 1119 1119 D SystemServerTiming: OnBootPhase_600_com.android.server.adb.AdbService$Lifecycle took to complete: 0ms
09-22 19:45:48.030 1119 1119 I SystemServerTiming: OnBootPhase_600_com.android.server.usb.UsbService$Lifecycle
09-22 19:45:48.030 1119 1119 D SystemServerTiming: OnBootPhase_600_com.android.server.usb.UsbService$Lifecycle took to complete: 0ms
09-22 19:45:48.030 1119 1119 I SystemServerTiming: OnBootPhase_600_com.android.server.twilight.TwilightService
09-22 19:45:48.030 1119 1119 D SystemServerTiming: OnBootPhase_600_com.android.server.twilight.TwilightService took to complete: 0ms
09-22 19:45:48.030 1119 1119 I SystemServerTiming: OnBootPhase_600_com.android.server.display.color.ColorDisplayService
09-22 19:45:48.030 1119 1119 D SystemServerTiming: OnBootPhase_600_com.android.server.display.color.ColorDisplayService took to complete: 0ms
09-22 19:45:48.030 1119 1119 I SystemServerTiming: OnBootPhase_600_com.android.server.job.JobSchedulerService
09-22 19:45:48.032 1119 1119 D SystemServerTiming: OnBootPhase_600_com.android.server.job.JobSchedulerService took to complete: 2ms
09-22 19:45:48.033 1119 1119 I SystemServerTiming: OnBootPhase_600_com.android.server.soundtrigger.SoundTriggerService
09-22 19:45:48.033 1119 1119 D SoundTriggerService: onBootPhase: 600 : false
01-01 08:27:08.739 0 0 D cnss : Assert WLAN_EN GPIO successfully
01-01 08:27:08.739 0 0 D cnss : Resuming PCI link
01-01 08:27:08.739 0 0 I msm_pcie_enable: PCIe: Assert the reset of endpoint of RC0.
09-22 19:45:48.033 1119 1119 D SystemServerTiming: OnBootPhase_600_com.android.server.soundtrigger.SoundTriggerService took to complete: 0ms
09-22 19:45:48.033 1119 1119 I SystemServerTiming: OnBootPhase_600_com.android.server.trust.TrustManagerService
09-22 19:45:48.034 1119 1119 D BiometricService: Sensor ID(0), oemStrength: 15, updatedStrength: 15, modality 2, state: 0, cookie: 0, props: ID: 0, Strength: 2, Type: 1, sensorId 0, hasEnrollments: false cannot participate in Keystore operations
01-01 08:27:08.743 0 0 I msm_pcie_enable: PCIe: RC0: PCIE20_PARF_INT_ALL_MASK: 0x7f80d202
09-22 19:45:48.045 1119 1119 D SystemServerTiming: OnBootPhase_600_com.android.server.trust.TrustManagerService took to complete: 12ms
09-22 19:45:48.046 1119 1119 I SystemServerTiming: OnBootPhase_600_com.android.server.backup.BackupManagerService$Lifecycle
09-22 19:45:48.046 1119 1119 D SystemServerTiming: OnBootPhase_600_com.android.server.backup.BackupManagerService$Lifecycle took to complete: 0ms
01-01 08:27:08.746 0 0 I pcie_phy_init: PCIe RC0 PHY is ready!
09-22 19:45:48.046 1119 1119 I SystemServerTiming: OnBootPhase_600_com.android.server.appwidget.AppWidgetService
09-22 19:45:48.046 1119 1119 D SystemServerTiming: OnBootPhase_600_com.android.server.appwidget.AppWidgetService took to complete: 0ms
09-22 19:45:48.046 1119 1119 I SystemServerTiming: OnBootPhase_600_com.android.server.voiceinteraction.VoiceInteractionManagerService
09-22 19:45:48.047 1119 1119 D SystemServerTiming: OnBootPhase_600_com.android.server.voiceinteraction.VoiceInteractionManagerService took to complete: 1ms
09-22 19:45:48.047 1119 1119 I SystemServerTiming: OnBootPhase_600_com.android.server.apphibernation.AppHibernationService
09-22 19:45:48.047 1119 1119 D SystemServerTiming: OnBootPhase_600_com.android.server.apphibernation.AppHibernationService took to complete: 0ms
09-22 19:45:48.047 1119 1119 I SystemServerTiming: OnBootPhase_600_com.android.server.GestureLauncherService
09-22 19:45:48.049 1119 1119 D SystemServerTiming: OnBootPhase_600_com.android.server.GestureLauncherService took to complete: 1ms
09-22 19:45:48.049 1119 1119 I SystemServerTiming: OnBootPhase_600_com.android.server.SensorNotificationService
01-01 08:27:08.756 0 0 I msm_pcie_enable: PCIe: Release the reset of endpoint of RC0.
09-22 19:45:48.056 1119 1119 D SystemServerTiming: OnBootPhase_600_com.android.server.SensorNotificationService took to complete: 7ms
09-22 19:45:48.056 1119 1119 I SystemServerTiming: OnBootPhase_600_com.android.server.emergency.EmergencyAffordanceService
09-22 19:45:48.056 1119 1119 D SystemServerTiming: OnBootPhase_600_com.android.server.emergency.EmergencyAffordanceService took to complete: 0ms
09-22 19:45:48.056 1119 1119 I SystemServerTiming: OnBootPhase_600_com.android.server.blob.BlobStoreManagerService
09-22 19:45:48.061 1119 1119 D SystemServerTiming: OnBootPhase_600_com.android.server.blob.BlobStoreManagerService took to complete: 4ms
09-22 19:45:48.061 1119 1119 I SystemServerTiming: OnBootPhase_600_com.android.server.dreams.DreamManagerService
09-22 19:45:48.061 1119 1119 D SystemServerTiming: OnBootPhase_600_com.android.server.dreams.DreamManagerService took to complete: 1ms
09-22 19:45:48.061 1119 1119 I SystemServerTiming: OnBootPhase_600_com.android.server.companion.CompanionDeviceManagerService
09-22 19:45:48.061 1119 1119 D SystemServerTiming: OnBootPhase_600_com.android.server.companion.CompanionDeviceManagerService took to complete: 0ms
09-22 19:45:48.061 1119 1119 I SystemServerTiming: OnBootPhase_600_com.android.server.restrictions.RestrictionsManagerService
09-22 19:45:48.061 1119 1119 D SystemServerTiming: OnBootPhase_600_com.android.server.restrictions.RestrictionsManagerService took to complete: 0ms
09-22 19:45:48.061 1119 1119 I SystemServerTiming: OnBootPhase_600_com.android.server.media.MediaSessionService
09-22 19:45:48.061 1119 1119 D SystemServerTiming: OnBootPhase_600_com.android.server.media.MediaSessionService took to complete: 0ms
09-22 19:45:48.061 1119 1119 I SystemServerTiming: OnBootPhase_600_com.android.server.media.MediaResourceMonitorService
09-22 19:45:48.061 1119 1119 D SystemServerTiming: OnBootPhase_600_com.android.server.media.MediaResourceMonitorService took to complete: 0ms
09-22 19:45:48.062 1119 1119 I SystemServerTiming: OnBootPhase_600_com.android.server.biometrics.sensors.fingerprint.FingerprintService
09-22 19:45:48.062 1119 1119 D SystemServerTiming: OnBootPhase_600_com.android.server.biometrics.sensors.fingerprint.FingerprintService took to complete: 0ms
09-22 19:45:48.062 1119 1119 I SystemServerTiming: OnBootPhase_600_com.android.server.biometrics.BiometricService
09-22 19:45:48.062 1119 1119 D SystemServerTiming: OnBootPhase_600_com.android.server.biometrics.BiometricService took to complete: 0ms
09-22 19:45:48.062 1119 1119 I SystemServerTiming: OnBootPhase_600_com.android.server.biometrics.AuthService
09-22 19:45:48.062 1119 1119 D SystemServerTiming: OnBootPhase_600_com.android.server.biometrics.AuthService took to complete: 0ms
09-22 19:45:48.062 1119 1119 I SystemServerTiming: OnBootPhase_600_com.android.server.pm.ShortcutService$Lifecycle
09-22 19:45:48.062 1119 1119 D SystemServerTiming: OnBootPhase_600_com.android.server.pm.ShortcutService$Lifecycle took to complete: 0ms
09-22 19:45:48.062 1119 1119 I SystemServerTiming: OnBootPhase_600_com.android.server.pm.LauncherAppsService
09-22 19:45:48.062 1119 1119 D SystemServerTiming: OnBootPhase_600_com.android.server.pm.LauncherAppsService took to complete: 0ms
09-22 19:45:48.062 1119 1119 I SystemServerTiming: OnBootPhase_600_com.android.server.pm.CrossProfileAppsService
09-22 19:45:48.062 1119 1119 D SystemServerTiming: OnBootPhase_600_com.android.server.pm.CrossProfileAppsService took to complete: 0ms
09-22 19:45:48.062 1119 1119 I SystemServerTiming: OnBootPhase_600_com.android.server.people.PeopleService
09-22 19:45:48.062 1119 1119 D SystemServerTiming: OnBootPhase_600_com.android.server.people.PeopleService took to complete: 0ms
09-22 19:45:48.062 1119 1119 I SystemServerTiming: OnBootPhase_600_com.android.server.media.metrics.MediaMetricsManagerService
09-22 19:45:48.062 1119 1119 D SystemServerTiming: OnBootPhase_600_com.android.server.media.metrics.MediaMetricsManagerService took to complete: 0ms
09-22 19:45:48.062 1119 1119 I SystemServerTiming: OnBootPhase_600_com.android.server.media.projection.MediaProjectionManagerService
09-22 19:45:48.062 1119 1119 D SystemServerTiming: OnBootPhase_600_com.android.server.media.projection.MediaProjectionManagerService took to complete: 0ms
09-22 19:45:48.062 1119 1119 I SystemServerTiming: OnBootPhase_600_com.android.server.slice.SliceManagerService$Lifecycle
09-22 19:45:48.062 1119 1119 D SystemServerTiming: OnBootPhase_600_com.android.server.slice.SliceManagerService$Lifecycle took to complete: 0ms
09-22 19:45:48.062 1119 1119 I SystemServerTiming: OnBootPhase_600_com.android.server.stats.StatsCompanion$Lifecycle
01-01 08:27:08.774 0 0 I msm_pcie_link_train: PCIe RC0 link initialized
01-01 08:27:08.779 0 0 D : mv2112_read_status
01-01 08:27:08.779 0 0 D mv2112_update_link: 3.0x901(1G): 0x80
01-01 08:27:08.780 0 0 D mv2112_update_link: 3.0x8109(100M): 0x0
01-01 08:27:08.780 0 0 D mv2112_update_link: link 0x0
01-01 08:27:08.780 0 0 D mv2112_read_status: autoneg is disabled
09-22 19:45:48.086 1119 1119 D SystemServerTiming: OnBootPhase_600_com.android.server.stats.StatsCompanion$Lifecycle took to complete: 24ms
09-22 19:45:48.086 1119 1119 I SystemServerTiming: OnBootPhase_600_com.android.server.scheduling.RebootReadinessManagerService$Lifecycle
09-22 19:45:48.086 1119 1119 D SystemServerTiming: OnBootPhase_600_com.android.server.scheduling.RebootReadinessManagerService$Lifecycle took to complete: 0ms
09-22 19:45:48.086 1119 1119 I SystemServerTiming: OnBootPhase_600_com.android.server.stats.pull.StatsPullAtomService
09-22 19:45:48.086 1119 1119 D SystemServerTiming: OnBootPhase_600_com.android.server.stats.pull.StatsPullAtomService took to complete: 0ms
09-22 19:45:48.086 1119 1119 I SystemServerTiming: OnBootPhase_600_com.android.server.incident.IncidentCompanionService
09-22 19:45:48.086 1119 1119 D SystemServerTiming: OnBootPhase_600_com.android.server.incident.IncidentCompanionService took to complete: 0ms
09-22 19:45:48.087 1119 1119 I SystemServerTiming: OnBootPhase_600_com.android.server.MmsServiceBroker
09-22 19:45:48.087 1119 1226 D StatsPullAtomService: Registering NetworkStats pullers with statsd
09-22 19:45:48.087 1119 1119 D SystemServerTiming: OnBootPhase_600_com.android.server.MmsServiceBroker took to complete: 0ms
09-22 19:45:48.087 1119 1119 I SystemServerTiming: OnBootPhase_600_com.android.server.autofill.AutofillManagerService
01-01 08:27:08.790 0 0 I cnss_pci 0000: 01:00.0: enabling device (0000 -> 0002)
01-01 08:27:08.791 0 0 D cnss : Config PCIe remap window register to 0x4000003f
01-01 08:27:08.791 0 0 D cnss : Read register offset 0x1f8031c, val = 0x6
01-01 08:27:08.792 0 0 D cnss : Write val 0x2 to register offset 0x1f8031c
01-01 08:27:08.792 0 0 D cnss : Setting MHI state: INIT(0)
01-01 08:27:08.792 0 0 D cnss : Setting MHI state: POWER_ON(2)
09-22 19:45:48.088 1119 1119 D SystemServerTiming: OnBootPhase_600_com.android.server.autofill.AutofillManagerService took to complete: 0ms
01-01 08:27:08.795 0 0 W cnss_pci 0000: 01:00.0: Falling back to syfs fallback for: qca6390/amss20.bin
09-22 19:45:48.088 1119 1119 I SystemServerTiming: OnBootPhase_600_com.android.server.clipboard.ClipboardService
09-22 19:45:48.088 1119 1119 D SystemServerTiming: OnBootPhase_600_com.android.server.clipboard.ClipboardService took to complete: 0ms
09-22 19:45:48.088 1119 1119 I SystemServerTiming: OnBootPhase_600_com.android.server.appbinding.AppBindingService$Lifecycle
09-22 19:45:48.088 1119 1119 D SystemServerTiming: OnBootPhase_600_com.android.server.appbinding.AppBindingService$Lifecycle took to complete: 0ms
09-22 19:45:48.088 1119 1119 I SystemServerTiming: OnBootPhase_600_com.android.server.tracing.TracingServiceProxy
09-22 19:45:48.088 1119 1119 D SystemServerTiming: OnBootPhase_600_com.android.server.tracing.TracingServiceProxy took to complete: 0ms
09-22 19:45:48.088 1119 1119 I SystemServerTiming: OnBootPhase_600_com.android.server.policy.PermissionPolicyService
09-22 19:45:48.088 1119 1119 D SystemServerTiming: OnBootPhase_600_com.android.server.policy.PermissionPolicyService took to complete: 0ms
09-22 19:45:48.088 1119 1119 I SystemServerTiming: OnBootPhase_600_com.android.server.pm.StagingManager$Lifecycle
09-22 19:45:48.088 1119 1119 D SystemServerTiming: OnBootPhase_600_com.android.server.pm.StagingManager$Lifecycle took to complete: 0ms
09-22 19:45:48.088 1119 1119 I SystemServerTiming: OnBootPhase_600_com.android.server.app.GameManagerService$Lifecycle
09-22 19:45:48.088 1119 1119 D SystemServerTiming: OnBootPhase_600_com.android.server.app.GameManagerService$Lifecycle took to complete: 0ms
09-22 19:45:48.089 1119 1119 I SystemServerTiming: OnBootPhase_600_com.android.server.appsearch.AppSearchManagerService
09-22 19:45:48.089 1119 1119 D SystemServerTiming: OnBootPhase_600_com.android.server.appsearch.AppSearchManagerService took to complete: 0ms
09-22 19:45:48.089 1119 1119 I SystemServerTiming: OnBootPhase_600_com.android.server.media.MediaCommunicationService
09-22 19:45:48.089 1119 1119 D SystemServerTiming: OnBootPhase_600_com.android.server.media.MediaCommunicationService took to complete: 0ms
09-22 19:45:48.089 1119 1119 D SystemServerTiming: OnBootPhase_600 took to complete: 202ms
09-22 19:45:48.089 1119 1119 D SystemServerTiming: PhaseThirdPartyAppsCanStart took to complete: 202ms
09-22 19:45:48.089 1119 1119 I SystemServerTiming: StartNetworkStack
09-22 19:45:48.089 1119 1119 D ConnectivityModuleConnector: Starting networking module android.net.INetworkStackConnector
09-22 19:45:48.089 1119 1119 D ConnectivityModuleConnector: Starting networking module in network_stack process
09-22 19:45:48.092 1119 1119 I am_uid_running: 1073
09-22 19:45:48.093 1119 1119 D CompatibilityChangeReporter: Compat change id reported: 135634846; UID 1073; state: DISABLED
09-22 19:45:48.093 1119 1119 D CompatibilityChangeReporter: Compat change id reported: 177438394; UID 1073; state: DISABLED
09-22 19:45:48.093 1119 1119 D CompatibilityChangeReporter: Compat change id reported: 135772972; UID 1073; state: DISABLED
09-22 19:45:48.093 1119 1119 D CompatibilityChangeReporter: Compat change id reported: 135754954; UID 1073; state: ENABLED
09-22 19:45:48.093 1119 1119 D ConnectivityModuleConnector: Networking module service start requested
09-22 19:45:48.093 1119 1119 D SystemServerTiming: StartNetworkStack took to complete: 5ms
09-22 19:45:48.093 1119 1119 I SystemServerTiming: StartTethering
09-22 19:45:48.093 1119 1119 D ConnectivityModuleConnector: Starting networking module android.net.ITetheringConnector
09-22 19:45:48.094 1119 1119 D ConnectivityModuleConnector: Starting networking module in network_stack process
09-22 19:45:48.094 1119 1119 D ConnectivityModuleConnector: Networking module service start requested
09-22 19:45:48.094 1119 1119 D SystemServerTiming: StartTethering took to complete: 1ms
09-22 19:45:48.094 1119 1119 I SystemServerTiming: MakeCountryDetectionServiceReady
09-22 19:45:48.094 1119 1119 D SystemServerTiming: MakeCountryDetectionServiceReady took to complete: 0ms
09-22 19:45:48.094 1119 1119 I SystemServerTiming: MakeNetworkTimeUpdateReady
01-01 08:27:08.824 0 0 I binder : 1947:1947 ioctl 40046210 ff8f1a48 returned -22
09-22 19:45:48.103 1119 1229 W ActivityManager: Slow operation: 278ms so far, now at startProcess: returned from zygote!
09-22 19:45:48.103 1119 1229 W ActivityManager: Slow operation: 279ms so far, now at startProcess: done updating battery stats
09-22 19:45:48.103 1119 1229 I am_proc_start: [0,1968,1037,WebViewLoader-arm64-v8a,NULL,]
09-22 19:45:48.103 1119 1229 W ActivityManager: Slow operation: 279ms so far, now at startProcess: building log message
09-22 19:45:48.103 1119 1229 I ActivityManager: Start proc 1968:WebViewLoader-arm64-v8a/1037 [android.webkit.WebViewLibraryLoader$RelroFileCreator] for null
09-22 19:45:48.103 1119 1229 W ActivityManager: Slow operation: 279ms so far, now at startProcess: starting to update pids map
09-22 19:45:48.104 1119 1119 D SystemServerTiming: MakeNetworkTimeUpdateReady took to complete: 9ms
09-22 19:45:48.104 1119 1229 W ActivityManager: Slow operation: 279ms so far, now at startProcess: done updating pids map
09-22 19:45:48.104 1119 1119 I SystemServerTiming: MakeInputManagerServiceReady
09-22 19:45:48.105 1119 1119 I configuration_changed: 16384
09-22 19:45:48.105 1119 1119 I ActivityTaskManager: Config changes=4000 {1.0 ?mcc?mnc [zh_CN] ldltr sw720dp w1706dp h648dp 240dpi lrg long hdr land finger -keyb/v/h -nav/h winConfig={ mBounds=Rect(0, 0 - 2560, 1080) mAppBounds=Rect(0, 0 - 2560, 1008) mMaxBounds=Rect(0, 0 - 2560, 1080) mWindowingMode=fullscreen mDisplayWindowingMode=fullscreen mActivityType=undefined mAlwaysOnTop=undefined mRotation=ROTATION_0} s.10 fontWeightAdjustment=0}
09-22 19:45:48.109 1119 1119 I WindowManager: Override config changes=4000 {1.0 ?mcc?mnc [zh_CN] ldltr sw720dp w1706dp h648dp 240dpi lrg long hdr land finger -keyb/v/h -nav/h winConfig={ mBounds=Rect(0, 0 - 2560, 1080) mAppBounds=Rect(0, 0 - 2560, 1008) mMaxBounds=Rect(0, 0 - 2560, 1080) mWindowingMode=fullscreen mDisplayWindowingMode=fullscreen mActivityType=undefined mAlwaysOnTop=undefined mRotation=ROTATION_0} s.10 fontWeightAdjustment=0} for displayId=0
09-22 19:45:48.117 1119 1119 D SystemServerTiming: MakeInputManagerServiceReady took to complete: 13ms
09-22 19:45:48.117 1119 1119 I SystemServerTiming: MakeTelephonyRegistryReady
09-22 19:45:48.117 1119 1119 D TelephonyRegistry: systemRunning register for intents
09-22 19:45:48.118 1119 1119 D SystemServerTiming: MakeTelephonyRegistryReady took to complete: 0ms
09-22 19:45:48.118 1119 1119 I SystemServerTiming: MakeMediaRouterServiceReady
09-22 19:45:48.118 1119 1119 D SystemServerTiming: MakeMediaRouterServiceReady took to complete: 0ms
09-22 19:45:48.118 1119 1119 I SystemServerTiming: MakeMmsServiceReady
09-22 19:45:48.118 1119 1119 I MmsServiceBroker: Delay connecting to MmsService until an API is called
09-22 19:45:48.118 1119 1119 D SystemServerTiming: MakeMmsServiceReady took to complete: 0ms
09-22 19:45:48.118 1119 1119 I SystemServerTiming: IncidentDaemonReady
09-22 19:45:48.121 1119 1119 D SystemServerTiming: IncidentDaemonReady took to complete: 3ms
01-01 08:27:08.844 0 0 I ueventd : firmware: loading 'qca6390/amss20.bin' for '/devices/platform/soc/1c00000.qcom,pcie/pci0000:00/0000:00:00.0/0000:01:00.0/firmware/qca6390!amss20.bin'
01-01 08:27:08.872 0 0 I ueventd : loading /devices/platform/soc/1c00000.qcom,pcie/pci0000:00/0000:00:00.0/0000:01:00.0/firmware/qca6390!amss20.bin took 28ms
01-01 08:27:08.933 0 0 E init : Control message: Could not find 'vendor.qti.hardware.iop@2.0::IIop/default' for ctl.interface_start from pid: 518 (/system/bin/hwservicemanager)
01-01 08:27:08.945 0 0 I msm_vidc: high: 00000001: ....e: Opening video instance: ffffffdca3320000, 0
09-22 19:45:48.121 1119 1119 I SystemServerTiming: MakeIncrementalServiceReady
09-22 19:45:48.121 1119 1119 D SystemServerTiming: MakeIncrementalServiceReady took to complete: 0ms
09-22 19:45:48.121 1119 1119 I SystemServerTiming: getCurrentUser
09-22 19:45:48.121 1119 1119 I ActivityManager: Current user:0
09-22 19:45:48.123 1119 1119 D SystemServerTiming: getCurrentUser took to complete: 1ms
09-22 19:45:48.123 1119 1119 I SystemServerTiming: ActivityManagerStartApps
09-22 19:45:48.124 1119 1119 I ssm_user_starting: 0
09-22 19:45:48.126 1119 1712 I am_proc_bound: [0,1947,WebViewLoader-armeabi-v7a]
09-22 19:45:48.127 1119 1119 I SystemServerTiming: ssm.StartUser-0
09-22 19:45:48.127 1119 1119 I SystemServiceManager: Calling onStartUser 0
09-22 19:45:48.127 1119 1119 I SystemServerTiming: ssm.onStartUser-0_com.android.server.security.FileIntegrityService
09-22 19:45:48.127 1119 1119 D SystemServerTiming: ssm.onStartUser-0_com.android.server.security.FileIntegrityService took to complete: 0ms
09-22 19:45:48.127 1119 1119 I SystemServerTiming: ssm.onStartUser-0_com.android.server.pm.Installer
09-22 19:45:48.127 1119 1119 D SystemServerTiming: ssm.onStartUser-0_com.android.server.pm.Installer took to complete: 0ms
09-22 19:45:48.127 1119 1119 I SystemServerTiming: ssm.onStartUser-0_com.android.server.os.DeviceIdentifiersPolicyService
09-22 19:45:48.127 1119 1119 D SystemServerTiming: ssm.onStartUser-0_com.android.server.os.DeviceIdentifiersPolicyService took to complete: 0ms
09-22 19:45:48.128 1119 1119 I SystemServerTiming: ssm.onStartUser-0_com.android.server.uri.UriGrantsManagerService$Lifecycle
09-22 19:45:48.128 1119 1119 D SystemServerTiming: ssm.onStartUser-0_com.android.server.uri.UriGrantsManagerService$Lifecycle took to complete: 0ms
09-22 19:45:48.128 1119 1119 I SystemServerTiming: ssm.onStartUser-0_com.android.server.powerstats.PowerStatsService
09-22 19:45:48.128 1119 1119 D SystemServerTiming: ssm.onStartUser-0_com.android.server.powerstats.PowerStatsService took to complete: 0ms
09-22 19:45:48.128 1119 1119 I SystemServerTiming: ssm.onStartUser-0_com.android.server.wm.ActivityTaskManagerService$Lifecycle
09-22 19:45:48.128 1119 1119 D SystemServerTiming: ssm.onStartUser-0_com.android.server.wm.ActivityTaskManagerService$Lifecycle took to complete: 0ms
09-22 19:45:48.128 1119 1119 I SystemServerTiming: ssm.onStartUser-0_com.android.server.am.ActivityManagerService$Lifecycle
09-22 19:45:48.129 1119 1119 D SystemServerTiming: ssm.onStartUser-0_com.android.server.am.ActivityManagerService$Lifecycle took to complete: 0ms
09-22 19:45:48.129 1119 1119 I SystemServerTiming: ssm.onStartUser-0_com.android.server.pm.DataLoaderManagerService
09-22 19:45:48.129 1119 1119 D SystemServerTiming: ssm.onStartUser-0_com.android.server.pm.DataLoaderManagerService took to complete: 0ms
09-22 19:45:48.129 1119 1119 I SystemServerTiming: ssm.onStartUser-0_com.android.server.power.PowerManagerService
09-22 19:45:48.129 1119 1119 D SystemServerTiming: ssm.onStartUser-0_com.android.server.power.PowerManagerService took to complete: 0ms
09-22 19:45:48.129 1119 1119 I SystemServerTiming: ssm.onStartUser-0_com.android.server.power.ThermalManagerService
09-22 19:45:48.129 1119 1119 D SystemServerTiming: ssm.onStartUser-0_com.android.server.power.ThermalManagerService took to complete: 0ms
09-22 19:45:48.129 1119 1119 I SystemServerTiming: ssm.onStartUser-0_com.android.server.power.hint.HintManagerService
09-22 19:45:48.129 1119 1119 D SystemServerTiming: ssm.onStartUser-0_com.android.server.power.hint.HintManagerService took to complete: 0ms
09-22 19:45:48.129 1119 1119 I SystemServerTiming: ssm.onStartUser-0_com.android.server.recoverysystem.RecoverySystemService$Lifecycle
09-22 19:45:48.129 1119 1119 D SystemServerTiming: ssm.onStartUser-0_com.android.server.recoverysystem.RecoverySystemService$Lifecycle took to complete: 0ms
09-22 19:45:48.129 1119 1119 I SystemServerTiming: ssm.onStartUser-0_com.android.server.lights.LightsService
09-22 19:45:48.129 1119 1119 D SystemServerTiming: ssm.onStartUser-0_com.android.server.lights.LightsService took to complete: 0ms
09-22 19:45:48.129 1119 1119 I SystemServerTiming: ssm.onStartUser-0_com.android.server.display.DisplayManagerService
09-22 19:45:48.129 1119 1119 D SystemServerTiming: ssm.onStartUser-0_com.android.server.display.DisplayManagerService took to complete: 0ms
09-22 19:45:48.129 1119 1119 I SystemServerTiming: ssm.onStartUser-0_com.android.server.pm.verify.domain.DomainVerificationService
09-22 19:45:48.129 1119 1119 D SystemServerTiming: ssm.onStartUser-0_com.android.server.pm.verify.domain.DomainVerificationService took to complete: 0ms
09-22 19:45:48.129 1119 1119 I SystemServerTiming: ssm.onStartUser-0_com.android.server.pm.PackageInstallerService$Lifecycle
09-22 19:45:48.129 1119 1119 D SystemServerTiming: ssm.onStartUser-0_com.android.server.pm.PackageInstallerService$Lifecycle took to complete: 0ms
09-22 19:45:48.129 1119 1119 I SystemServerTiming: ssm.onStartUser-0_com.android.server.pm.UserManagerService$LifeCycle
09-22 19:45:48.129 1119 1119 D SystemServerTiming: ssm.onStartUser-0_com.android.server.pm.UserManagerService$LifeCycle took to complete: 0ms
09-22 19:45:48.130 1119 1119 I SystemServerTiming: ssm.onStartUser-0_com.android.server.om.OverlayManagerService
09-22 19:45:48.130 1119 1119 D SystemServerTiming: ssm.onStartUser-0_com.android.server.om.OverlayManagerService took to complete: 0ms
09-22 19:45:48.130 1119 1119 I SystemServerTiming: ssm.onStartUser-0_com.android.server.SensorPrivacyService
09-22 19:45:48.130 1119 1680 I commit_sys_config_file: [settings-0-0,39]
09-22 19:45:48.130 1119 1226 I service_manager_slow: [35,netstats]
09-22 19:45:48.130 1119 1712 I am_uid_active: 1037
09-22 19:45:48.134 1119 1119 D SystemServerTiming: ssm.onStartUser-0_com.android.server.SensorPrivacyService took to complete: 5ms
09-22 19:45:48.134 1119 1119 I SystemServerTiming: ssm.onStartUser-0_com.android.server.sensors.SensorService
09-22 19:45:48.134 1119 1119 D SystemServerTiming: ssm.onStartUser-0_com.android.server.sensors.SensorService took to complete: 0ms
09-22 19:45:48.134 1119 1119 I SystemServerTiming: ssm.onStartUser-0_com.android.server.SystemConfigService
09-22 19:45:48.134 1119 1119 D SystemServerTiming: ssm.onStartUser-0_com.android.server.SystemConfigService took to complete: 0ms
09-22 19:45:48.134 1119 1119 I SystemServerTiming: ssm.onStartUser-0_com.android.server.BatteryService
09-22 19:45:48.134 1119 1119 D SystemServerTiming: ssm.onStartUser-0_com.android.server.BatteryService took to complete: 0ms
09-22 19:45:48.134 1119 1119 I SystemServerTiming: ssm.onStartUser-0_com.android.server.usage.UsageStatsService
09-22 19:45:48.134 1119 1119 D SystemServerTiming: ssm.onStartUser-0_com.android.server.usage.UsageStatsService took to complete: 0ms
09-22 19:45:48.134 1119 1119 I SystemServerTiming: ssm.onStartUser-0_com.android.server.webkit.WebViewUpdateService
09-22 19:45:48.134 1119 1119 D SystemServerTiming: ssm.onStartUser-0_com.android.server.webkit.WebViewUpdateService took to complete: 0ms
09-22 19:45:48.135 1119 1119 I SystemServerTiming: ssm.onStartUser-0_com.android.server.CachedDeviceStateService
09-22 19:45:48.135 1119 1119 D SystemServerTiming: ssm.onStartUser-0_com.android.server.CachedDeviceStateService took to complete: 0ms
09-22 19:45:48.135 1119 1119 I SystemServerTiming: ssm.onStartUser-0_com.android.server.BinderCallsStatsService$LifeCycle
09-22 19:45:48.135 1119 1119 D SystemServerTiming: ssm.onStartUser-0_com.android.server.BinderCallsStatsService$LifeCycle took to complete: 0ms
09-22 19:45:48.135 1119 1119 I SystemServerTiming: ssm.onStartUser-0_com.android.server.LooperStatsService$Lifecycle
09-22 19:45:48.135 1119 1119 D SystemServerTiming: ssm.onStartUser-0_com.android.server.LooperStatsService$Lifecycle took to complete: 0ms
09-22 19:45:48.135 1119 1119 I SystemServerTiming: ssm.onStartUser-0_com.android.server.rollback.RollbackManagerService
09-22 19:45:48.135 1119 1119 D SystemServerTiming: ssm.onStartUser-0_com.android.server.rollback.RollbackManagerService took to complete: 0ms
09-22 19:45:48.135 1119 1119 I SystemServerTiming: ssm.onStartUser-0_com.android.server.os.NativeTombstoneManagerService
09-22 19:45:48.135 1119 1119 D SystemServerTiming: ssm.onStartUser-0_com.android.server.os.NativeTombstoneManagerService took to complete: 0ms
09-22 19:45:48.135 1119 1119 I SystemServerTiming: ssm.onStartUser-0_com.android.server.os.BugreportManagerService
09-22 19:45:48.135 1119 1119 D SystemServerTiming: ssm.onStartUser-0_com.android.server.os.BugreportManagerService took to complete: 0ms
09-22 19:45:48.135 1119 1119 I SystemServerTiming: ssm.onStartUser-0_com.android.server.gpu.GpuService
09-22 19:45:48.135 1119 1119 D SystemServerTiming: ssm.onStartUser-0_com.android.server.gpu.GpuService took to complete: 0ms
09-22 19:45:48.135 1119 1119 I SystemServerTiming: ssm.onStartUser-0_com.android.server.security.KeyChainSystemService
09-22 19:45:48.136 1119 1119 D SystemServerTiming: ssm.onStartUser-0_com.android.server.security.KeyChainSystemService took to complete: 0ms
09-22 19:45:48.136 1119 1119 I SystemServerTiming: ssm.onStartUser-0_com.android.server.telecom.TelecomLoaderService
09-22 19:45:48.136 1119 1119 D SystemServerTiming: ssm.onStartUser-0_com.android.server.telecom.TelecomLoaderService took to complete: 0ms
09-22 19:45:48.136 1119 1119 I SystemServerTiming: ssm.onStartUser-0_com.android.server.accounts.AccountManagerService$Lifecycle
09-22 19:45:48.136 1119 1119 D SystemServerTiming: ssm.onStartUser-0_com.android.server.accounts.AccountManagerService$Lifecycle took to complete: 0ms
09-22 19:45:48.136 1119 1119 I SystemServerTiming: ssm.onStartUser-0_com.android.server.content.ContentService$Lifecycle
09-22 19:45:48.136 1119 1119 D SystemServerTiming: ssm.onStartUser-0_com.android.server.content.ContentService$Lifecycle took to complete: 0ms
09-22 19:45:48.136 1119 1119 I SystemServerTiming: ssm.onStartUser-0_com.android.server.DropBoxManagerService
09-22 19:45:48.136 1119 1119 D SystemServerTiming: ssm.onStartUser-0_com.android.server.DropBoxManagerService took to complete: 0ms
09-22 19:45:48.136 1119 1119 I SystemServerTiming: ssm.onStartUser-0_com.android.role.RoleService
09-22 19:45:48.140 1119 1119 D SystemServerTiming: ssm.onStartUser-0_com.android.role.RoleService took to complete: 3ms
09-22 19:45:48.141 1119 1119 I SystemServerTiming: ssm.onStartUser-0_com.android.server.vibrator.VibratorManagerService$Lifecycle
09-22 19:45:48.142 1119 1119 D SystemServerTiming: ssm.onStartUser-0_com.android.server.vibrator.VibratorManagerService$Lifecycle took to complete: 0ms
09-22 19:45:48.142 1119 1119 I SystemServerTiming: ssm.onStartUser-0_com.android.server.alarm.AlarmManagerService
09-22 19:45:48.142 1119 1119 D SystemServerTiming: ssm.onStartUser-0_com.android.server.alarm.AlarmManagerService took to complete: 1ms
09-22 19:45:48.142 1119 1119 I SystemServerTiming: ssm.onStartUser-0_com.android.server.devicestate.DeviceStateManagerService
09-22 19:45:48.143 1119 1119 D SystemServerTiming: ssm.onStartUser-0_com.android.server.devicestate.DeviceStateManagerService took to complete: 0ms
09-22 19:45:48.143 1119 1119 I SystemServerTiming: ssm.onStartUser-0_com.android.server.camera.CameraServiceProxy
09-22 19:45:48.151 1119 1119 D SystemServerTiming: ssm.onStartUser-0_com.android.server.camera.CameraServiceProxy took to complete: 8ms
09-22 19:45:48.151 1119 1119 I SystemServerTiming: ssm.onStartUser-0_com.android.server.BluetoothService
09-22 19:45:48.151 1119 1119 D SystemServerTiming: ssm.onStartUser-0_com.android.server.BluetoothService took to complete: 0ms
09-22 19:45:48.152 1119 1119 I SystemServerTiming: ssm.onStartUser-0_com.android.server.connectivity.IpConnectivityMetrics
09-22 19:45:48.152 1119 1119 D SystemServerTiming: ssm.onStartUser-0_com.android.server.connectivity.IpConnectivityMetrics took to complete: 0ms
09-22 19:45:48.152 1119 1119 I SystemServerTiming: ssm.onStartUser-0_com.android.server.net.watchlist.NetworkWatchlistService$Lifecycle
09-22 19:45:48.152 1119 1119 D SystemServerTiming: ssm.onStartUser-0_com.android.server.net.watchlist.NetworkWatchlistService$Lifecycle took to complete: 0ms
09-22 19:45:48.152 1119 1119 I SystemServerTiming: ssm.onStartUser-0_com.android.server.PinnerService
09-22 19:45:48.152 1119 1119 D SystemServerTiming: ssm.onStartUser-0_com.android.server.PinnerService took to complete: 1ms
09-22 19:45:48.152 1119 1119 I SystemServerTiming: ssm.onStartUser-0_com.google.android.startop.iorap.IorapForwardingService
09-22 19:45:48.152 1119 1119 D SystemServerTiming: ssm.onStartUser-0_com.google.android.startop.iorap.IorapForwardingService took to complete: 0ms
09-22 19:45:48.152 1119 1119 I SystemServerTiming: ssm.onStartUser-0_com.android.server.ActivityTriggerService
09-22 19:45:48.153 1119 1119 D SystemServerTiming: ssm.onStartUser-0_com.android.server.ActivityTriggerService took to complete: 0ms
09-22 19:45:48.153 1119 1119 I SystemServerTiming: ssm.onStartUser-0_com.android.server.integrity.AppIntegrityManagerService
09-22 19:45:48.153 1119 1119 D SystemServerTiming: ssm.onStartUser-0_com.android.server.integrity.AppIntegrityManagerService took to complete: 0ms
09-22 19:45:48.153 1119 1119 I SystemServerTiming: ssm.onStartUser-0_com.android.server.inputmethod.InputMethodManagerService$Lifecycle
09-22 19:45:48.153 1119 1119 D SystemServerTiming: ssm.onStartUser-0_com.android.server.inputmethod.InputMethodManagerService$Lifecycle took to complete: 0ms
09-22 19:45:48.153 1119 1119 I SystemServerTiming: ssm.onStartUser-0_com.android.server.accessibility.AccessibilityManagerService$Lifecycle
09-22 19:45:48.153 1119 1119 D SystemServerTiming: ssm.onStartUser-0_com.android.server.accessibility.AccessibilityManagerService$Lifecycle took to complete: 0ms
09-22 19:45:48.153 1119 1119 I SystemServerTiming: ssm.onStartUser-0_com.android.server.StorageManagerService$Lifecycle
09-22 19:45:48.157 1119 1119 V StorageManagerService: Package com.sohu.inputmethod.sogou.car has legacy storage
09-22 19:45:48.157 1119 1119 V StorageManagerService: Package android.frameworkres.overlay does not have legacy storage
09-22 19:45:48.157 1119 1119 V StorageManagerService: Package com.android.cts.priv.ctsshim does not have legacy storage
09-22 19:45:48.157 1119 1119 V StorageManagerService: Package com.thundercomm.microservice does not have legacy storage
09-22 19:45:48.159 1119 1119 V StorageManagerService: Package com.android.dynsystem does not have legacy storage
09-22 19:45:48.159 1119 1119 V StorageManagerService: Package com.android.providers.calendar does not have legacy storage
09-22 19:45:48.159 1119 1119 V StorageManagerService: Package com.android.providers.media does not have legacy storage
09-22 19:45:48.159 1119 1119 V StorageManagerService: Package com.android.internal.systemui.navbar.gestural_wide_back does not have legacy storage
09-22 19:45:48.159 1119 1119 V StorageManagerService: Package com.android.wallpapercropper does not have legacy storage
09-22 19:45:48.159 1119 1119 V StorageManagerService: Package com.thundercomm.microsettings does not have legacy storage
09-22 19:45:48.159 1119 1119 V StorageManagerService: Package com.qualcomm.qti.gpudrivers.kona.api30 does not have legacy storage
09-22 19:45:48.159 1119 1119 V StorageManagerService: Package com.android.documentsui does not have legacy storage
09-22 19:45:48.160 1119 1119 V StorageManagerService: Package com.android.externalstorage does not have legacy storage
09-22 19:45:48.160 1119 1119 V StorageManagerService: Package com.qualcomm.uimremoteclient does not have legacy storage
09-22 19:45:48.160 1119 1119 V StorageManagerService: Package com.android.htmlviewer does not have legacy storage
09-22 19:45:48.160 1119 1119 V StorageManagerService: Package com.qualcomm.qti.uceShimService does not have legacy storage
09-22 19:45:48.160 1119 1119 V StorageManagerService: Package com.android.companiondevicemanager does not have legacy storage
09-22 19:45:48.160 1119 1119 V StorageManagerService: Package com.android.quicksearchbox does not have legacy storage
09-22 19:45:48.160 1119 1119 V StorageManagerService: Package com.qualcomm.qti.qms.service.connectionsecurity does not have legacy storage
09-22 19:45:48.160 1119 1119 V StorageManagerService: Package com.android.providers.downloads does not have legacy storage
09-22 19:45:48.160 1119 1119 V StorageManagerService: Package com.android.internal.systemui.onehanded.gestural does not have legacy storage
09-22 19:45:48.160 1119 1119 V StorageManagerService: Package vendor.qti.hardware.cacert.server does not have legacy storage
09-22 19:45:48.160 1119 1119 V StorageManagerService: Package vendor.qti.iwlan does not have legacy storage
09-22 19:45:48.161 1119 1119 V StorageManagerService: Package com.qualcomm.qti.optinoverlay does not have legacy storage
09-22 19:45:48.161 1119 1119 V StorageManagerService: Package com.android.soundrecorder does not have legacy storage
09-22 19:45:48.161 1119 1119 V StorageManagerService: Package com.qualcomm.uimremoteserver does not have legacy storage
09-22 19:45:48.161 1119 1119 V StorageManagerService: Package com.tc.logclient does not have legacy storage
