01-01 08:27:10.077 0 0 I : ion_system_secure_heap_prefetch_work+0x94/0x2c0
01-01 08:27:10.077 0 0 I : process_one_work+0x38c/0x660
01-01 08:27:10.077 0 0 I : worker_thread+0x268/0x4b8
01-01 08:27:10.077 0 0 I : kthread+0x140/0x150
01-01 08:27:10.077 0 0 I : ret_from_fork+0x10/0x1c
09-22 19:45:49.386 1119 1119 W Looper : Slow dispatch took 528ms main h=android.app.ActivityThread$H c=android.app.LoadedApk$ReceiverDispatcher$Args$$ExternalSyntheticLambda0@91174cf m=0
09-22 19:45:49.388 1119 1119 D ConditionProviders.SCP: onSubscribe condition://android/schedule?days=1.2.3.4.5.6.7&start=22.0&end=7.0&exitAtAlarm=true
09-22 19:45:49.388 1119 1119 D ConditionProviders.SCP: setRegistered true
01-01 08:27:10.080 0 0 I cnss-daemon: pm_release_vote: pm_handle is NULL
01-01 08:27:10.080 0 0 I cnss-daemon: pm_release_vote: pm_handle is NULL
01-01 08:27:10.080 0 0 I cnss-daemon: wlfw_build_cal_table: not read /data/vendor/wifi/wlfw_cal_00.bin
01-01 08:27:10.083 0 0 I cnss-daemon: wlfw_build_cal_table: not read /data/vendor/wifi/wlfw_cal_02.bin
01-01 08:27:10.089 0 0 D cnss : Received QMI WLFW request memory indication
09-22 19:45:49.389 1119 1207 D UsbDeviceManager: push notification:正在通过 USB 为此设备充电
01-01 08:27:10.089 0 0 D cnss : FW requests for memory, size: 0x5e0000, type: 1
01-01 08:27:10.089 0 0 D cnss : FW requests for memory, size: 0xd8000, type: 4
01-01 08:27:10.089 0 0 D cnss : Posting event: REQUEST_MEM(2), state: 0x11 flags: 0x0
09-22 19:45:49.392 1119 1229 W ActivityManager: Slow operation: 1197ms so far, now at startProcess: returned from zygote!
09-22 19:45:49.393 1119 1229 W ActivityManager: Slow operation: 1197ms so far, now at startProcess: done updating battery stats
09-22 19:45:49.393 1119 1229 I am_proc_start: [0,2247,1068,com.android.se,added application,com.android.se]
09-22 19:45:49.393 1119 1229 W ActivityManager: Slow operation: 1198ms so far, now at startProcess: building log message
09-22 19:45:49.393 1119 1229 I ActivityManager: Start proc 2247:com.android.se/1068 for added application com.android.se
01-01 08:27:10.089 0 0 D cnss : PM stay awake, state: 0x11, count: 1
01-01 08:27:10.089 0 0 D cnss : PM relax, state: 0x11, count: 0
01-01 08:27:10.089 0 0 D cnss : PM stay awake, state: 0x11, count: 1
01-01 08:27:10.089 0 0 D cnss : Processing driver event: REQUEST_MEM(2), state: 0x11
01-01 08:27:10.089 0 0 D cnss : Sending respond memory message, state: 0x11
01-01 08:27:10.089 0 0 D cnss : Memory for FW, va: 0xffffff80263e5000, pa: 0x00000000a1000000, size: 0x5e0000, type: 1
01-01 08:27:10.089 0 0 D cnss : Memory for FW, va: 0xffffff8020a63000, pa: 0x00000000a1600000, size: 0xd8000, type: 4
01-01 08:27:10.092 0 0 E : INFO: trying to register non-static key.
01-01 08:27:10.093 0 0 I binder : 2218:2218 ioctl 40046210 7fcf144d74 returned -22
01-01 08:27:10.097 0 0 E : the code is fine but needs lockdep annotation.
01-01 08:27:10.097 0 0 I : CPU: 5 PID: 81 Comm: kworker/u16:1 Tainted: G S W O 4.19.157+ #1
01-01 08:27:10.097 0 0 I Hardware name: Qualcomm Technologies, Inc. kona MTP-RmPM8150b. VC1(FSE) EVT1 (DT)
01-01 08:27:10.097 0 0 I Workqueue: events_unbound ion_system_secure_heap_prefetch_work
01-01 08:27:10.097 0 0 I Call trace:
01-01 08:27:10.097 0 0 I : dump_backtrace+0x0/0x258
01-01 08:27:10.097 0 0 I : show_stack+0x20/0x30
01-01 08:27:10.097 0 0 I : dump_stack+0xd8/0x12c
01-01 08:27:10.097 0 0 I : register_lock_class+0x4d0/0x5c8
01-01 08:27:10.097 0 0 I : __lock_acquire+0xbc/0x1e58
01-01 08:27:10.097 0 0 I : lock_acquire+0x1cc/0x218
01-01 08:27:10.097 0 0 I : _raw_spin_lock_irqsave+0x54/0x98
01-01 08:27:10.097 0 0 I : ion_system_secure_heap_prefetch_work+0x94/0x2c0
01-01 08:27:10.097 0 0 I : process_one_work+0x38c/0x660
01-01 08:27:10.097 0 0 I : worker_thread+0x268/0x4b8
01-01 08:27:10.097 0 0 I : kthread+0x140/0x150
01-01 08:27:10.097 0 0 I : ret_from_fork+0x10/0x1c
01-01 08:27:10.097 0 0 D cnss : PM relax, state: 0x11, count: 0
01-01 08:27:10.102 0 0 E : INFO: trying to register non-static key.
01-01 08:27:10.102 0 0 E : the code is fine but needs lockdep annotation.
01-01 08:27:10.102 0 0 I : CPU: 5 PID: 81 Comm: kworker/u16:1 Tainted: G S W O 4.19.157+ #1
01-01 08:27:10.102 0 0 I Hardware name: Qualcomm Technologies, Inc. kona MTP-RmPM8150b. VC1(FSE) EVT1 (DT)
01-01 08:27:10.102 0 0 I Workqueue: events_unbound ion_system_secure_heap_prefetch_work
01-01 08:27:10.102 0 0 I Call trace:
01-01 08:27:10.102 0 0 I : dump_backtrace+0x0/0x258
01-01 08:27:10.102 0 0 I : show_stack+0x20/0x30
01-01 08:27:10.102 0 0 I : dump_stack+0xd8/0x12c
01-01 08:27:10.102 0 0 I : register_lock_class+0x4d0/0x5c8
01-01 08:27:10.102 0 0 I : __lock_acquire+0xbc/0x1e58
01-01 08:27:10.102 0 0 I : lock_acquire+0x1cc/0x218
01-01 08:27:10.102 0 0 I : _raw_spin_lock_irqsave+0x54/0x98
01-01 08:27:10.102 0 0 I : ion_system_secure_heap_prefetch_work+0x94/0x2c0
01-01 08:27:10.102 0 0 I : process_one_work+0x38c/0x660
01-01 08:27:10.102 0 0 I : worker_thread+0x268/0x4b8
01-01 08:27:10.102 0 0 I : kthread+0x140/0x150
01-01 08:27:10.102 0 0 I : ret_from_fork+0x10/0x1c
01-01 08:27:10.103 0 0 D cnss : Received QMI WLFW FW memory ready indication
01-01 08:27:10.105 0 0 E : INFO: trying to register non-static key.
01-01 08:27:10.105 0 0 E : the code is fine but needs lockdep annotation.
01-01 08:27:10.105 0 0 I : CPU: 5 PID: 81 Comm: kworker/u16:1 Tainted: G S W O 4.19.157+ #1
01-01 08:27:10.105 0 0 I Hardware name: Qualcomm Technologies, Inc. kona MTP-RmPM8150b. VC1(FSE) EVT1 (DT)
01-01 08:27:10.105 0 0 I Workqueue: events_unbound ion_system_secure_heap_prefetch_work
01-01 08:27:10.105 0 0 I Call trace:
01-01 08:27:10.105 0 0 I : dump_backtrace+0x0/0x258
01-01 08:27:10.105 0 0 I : show_stack+0x20/0x30
01-01 08:27:10.105 0 0 I : dump_stack+0xd8/0x12c
01-01 08:27:10.105 0 0 I : register_lock_class+0x4d0/0x5c8
01-01 08:27:10.105 0 0 I : __lock_acquire+0xbc/0x1e58
01-01 08:27:10.105 0 0 I : lock_acquire+0x1cc/0x218
01-01 08:27:10.105 0 0 I : _raw_spin_lock_irqsave+0x54/0x98
01-01 08:27:10.105 0 0 I : ion_system_secure_heap_prefetch_work+0x94/0x2c0
01-01 08:27:10.105 0 0 I : process_one_work+0x38c/0x660
01-01 08:27:10.105 0 0 I : worker_thread+0x268/0x4b8
01-01 08:27:10.105 0 0 I : kthread+0x140/0x150
01-01 08:27:10.105 0 0 I : ret_from_fork+0x10/0x1c
01-01 08:27:10.115 0 0 E : INFO: trying to register non-static key.
01-01 08:27:10.121 0 0 D cnss : Posting event: FW_MEM_READY(3), state: 0x11 flags: 0x0
01-01 08:27:10.125 0 0 E : the code is fine but needs lockdep annotation.
01-01 08:27:10.125 0 0 I : CPU: 5 PID: 81 Comm: kworker/u16:1 Tainted: G S W O 4.19.157+ #1
01-01 08:27:10.125 0 0 I Hardware name: Qualcomm Technologies, Inc. kona MTP-RmPM8150b. VC1(FSE) EVT1 (DT)
01-01 08:27:10.125 0 0 I Workqueue: events_unbound ion_system_secure_heap_prefetch_work
01-01 08:27:10.125 0 0 I Call trace:
01-01 08:27:10.125 0 0 I : dump_backtrace+0x0/0x258
01-01 08:27:10.125 0 0 I : show_stack+0x20/0x30
01-01 08:27:10.125 0 0 I : dump_stack+0xd8/0x12c
01-01 08:27:10.125 0 0 I : register_lock_class+0x4d0/0x5c8
01-01 08:27:10.125 0 0 I : __lock_acquire+0xbc/0x1e58
01-01 08:27:10.125 0 0 I : lock_acquire+0x1cc/0x218
01-01 08:27:10.125 0 0 I : _raw_spin_lock_irqsave+0x54/0x98
01-01 08:27:10.125 0 0 I : ion_system_secure_heap_prefetch_work+0x94/0x2c0
01-01 08:27:10.125 0 0 I : process_one_work+0x38c/0x660
01-01 08:27:10.125 0 0 I : worker_thread+0x268/0x4b8
01-01 08:27:10.125 0 0 I : kthread+0x140/0x150
01-01 08:27:10.125 0 0 I : ret_from_fork+0x10/0x1c
01-01 08:27:10.133 0 0 E : INFO: trying to register non-static key.
01-01 08:27:10.138 0 0 D cnss : PM stay awake, state: 0x11, count: 1
01-01 08:27:10.141 0 0 E : the code is fine but needs lockdep annotation.
01-01 08:27:10.141 0 0 I : CPU: 5 PID: 81 Comm: kworker/u16:1 Tainted: G S W O 4.19.157+ #1
01-01 08:27:10.141 0 0 I Hardware name: Qualcomm Technologies, Inc. kona MTP-RmPM8150b. VC1(FSE) EVT1 (DT)
01-01 08:27:10.141 0 0 I Workqueue: events_unbound ion_system_secure_heap_prefetch_work
01-01 08:27:10.141 0 0 I Call trace:
01-01 08:27:10.141 0 0 I : dump_backtrace+0x0/0x258
01-01 08:27:10.141 0 0 I : show_stack+0x20/0x30
01-01 08:27:10.141 0 0 I : dump_stack+0xd8/0x12c
01-01 08:27:10.141 0 0 I : register_lock_class+0x4d0/0x5c8
01-01 08:27:10.141 0 0 I : __lock_acquire+0xbc/0x1e58
01-01 08:27:10.141 0 0 I : lock_acquire+0x1cc/0x218
01-01 08:27:10.141 0 0 I : _raw_spin_lock_irqsave+0x54/0x98
01-01 08:27:10.141 0 0 I : ion_system_secure_heap_prefetch_work+0x94/0x2c0
01-01 08:27:10.141 0 0 I : process_one_work+0x38c/0x660
01-01 08:27:10.141 0 0 I : worker_thread+0x268/0x4b8
01-01 08:27:10.141 0 0 I : kthread+0x140/0x150
09-22 19:45:49.393 1119 1229 W ActivityManager: Slow operation: 1198ms so far, now at startProcess: starting to update pids map
09-22 19:45:49.394 1119 1229 W ActivityManager: Slow operation: 1198ms so far, now at startProcess: done updating pids map
09-22 19:45:49.394 1119 1229 W ActivityManager: Slow operation: 1197ms so far, now at startProcess: asking zygote to start proc
09-22 19:45:49.398 1119 1119 D ConditionProviders.SCP: evaluateSubscriptionLocked cal=ScheduleCalendar[mDays={1, 2, 3, 4, 5, 6, 7}, mSchedule=ScheduleInfo{days=[1, 2, 3, 4, 5, 6, 7], startHour=22, startMinute=0, endHour=7, endMinute=0, exitAtAlarm=true, nextAlarm=Thu Jan 01 08:00:00 GMT+08:00 1970 (0)}], now=Thu Sep 22 19:45:49 GMT+08:00 2022 (1663847149388), nextUserAlarmTime=Thu Jan 01 08:00:00 GMT+08:00 1970 (0)
09-22 19:45:49.398 1119 1119 D ConditionProviders.SCP: notifyCondition condition://android/schedule?days=1.2.3.4.5.6.7&start=22.0&end=7.0&exitAtAlarm=true STATE_FALSE reason=!meetsSchedule
09-22 19:45:49.401 1119 1119 D ConditionProviders.SCP: Scheduling evaluate for Thu Sep 22 22:00:00 GMT+08:00 2022 (1663855200000), in +2h14m10s612ms, now=Thu Sep 22 19:45:49 GMT+08:00 2022 (1663847149388)
09-22 19:45:49.404 1119 1119 I ConnectivityModuleConnector: Networking module service connected
09-22 19:45:49.416 2092 2092 I MicroServiceManager: addTimeSyncRequestListener add listener
09-22 19:45:49.416 2092 2092 I MicroServiceManager: already addTimeSyncRequestListener add listener1
09-22 19:45:49.416 2092 2092 I MicroServiceManager: ITCMicroSettingCallback add listener
09-22 19:45:49.416 2092 2092 I MicroServiceManager: addConnectChangedListener add listener
09-22 19:45:49.416 2092 2092 I MicroServiceManager: addMultimediaCallbackListener add listener
09-22 19:45:49.416 2092 2092 D MicroServiceManager: bindMicroService: 20210906 add onMusicChanged interface
09-22 19:45:49.418 2092 2092 D MicroServiceManager: add linkToDeath
09-22 19:45:49.418 2092 2092 D MicroServiceManager: bindMicroService: called already get service
09-22 19:45:49.419 2092 2092 D MicroServiceManager: onBindStatus: mBindState : 1
01-01 08:27:10.141 0 0 I : ret_from_fork+0x10/0x1c
01-01 08:27:10.149 0 0 E : INFO: trying to register non-static key.
01-01 08:27:10.149 0 0 D cnss : Processing driver event: FW_MEM_READY(3), state: 0x11
01-01 08:27:10.152 0 0 I msm_vidc: high: 00000001: ....d: Opening video instance: ffffffdca3430000, 1
01-01 08:27:10.154 0 0 E : the code is fine but needs lockdep annotation.
01-01 08:27:10.154 0 0 I : CPU: 5 PID: 81 Comm: kworker/u16:1 Tainted: G S W O 4.19.157+ #1
01-01 08:27:10.154 0 0 I Hardware name: Qualcomm Technologies, Inc. kona MTP-RmPM8150b. VC1(FSE) EVT1 (DT)
01-01 08:27:10.154 0 0 I Workqueue: events_unbound ion_system_secure_heap_prefetch_work
01-01 08:27:10.154 0 0 I Call trace:
01-01 08:27:10.154 0 0 I : dump_backtrace+0x0/0x258
01-01 08:27:10.154 0 0 I : show_stack+0x20/0x30
01-01 08:27:10.154 0 0 I : dump_stack+0xd8/0x12c
01-01 08:27:10.154 0 0 I : register_lock_class+0x4d0/0x5c8
01-01 08:27:10.154 0 0 I : __lock_acquire+0xbc/0x1e58
01-01 08:27:10.154 0 0 I : lock_acquire+0x1cc/0x218
01-01 08:27:10.154 0 0 I : _raw_spin_lock_irqsave+0x54/0x98
01-01 08:27:10.154 0 0 I : ion_system_secure_heap_prefetch_work+0x94/0x2c0
01-01 08:27:10.154 0 0 I : process_one_work+0x38c/0x660
01-01 08:27:10.154 0 0 I : worker_thread+0x268/0x4b8
01-01 08:27:10.159 0 0 I : kthread+0x140/0x150
01-01 08:27:10.159 0 0 I : ret_from_fork+0x10/0x1c
01-01 08:27:10.162 0 0 E : INFO: trying to register non-static key.
01-01 08:27:10.166 0 0 D cnss : Sending target capability message, state: 0x13
01-01 08:27:10.168 0 0 E : the code is fine but needs lockdep annotation.
01-01 08:27:10.168 0 0 I : CPU: 5 PID: 81 Comm: kworker/u16:1 Tainted: G S W O 4.19.157+ #1
01-01 08:27:10.168 0 0 I Hardware name: Qualcomm Technologies, Inc. kona MTP-RmPM8150b. VC1(FSE) EVT1 (DT)
01-01 08:27:10.168 0 0 I Workqueue: events_unbound ion_system_secure_heap_prefetch_work
01-01 08:27:10.168 0 0 I Call trace:
01-01 08:27:10.168 0 0 I : dump_backtrace+0x0/0x258
01-01 08:27:10.168 0 0 I : show_stack+0x20/0x30
01-01 08:27:10.168 0 0 I : dump_stack+0xd8/0x12c
01-01 08:27:10.168 0 0 I : register_lock_class+0x4d0/0x5c8
01-01 08:27:10.168 0 0 I : __lock_acquire+0xbc/0x1e58
01-01 08:27:10.168 0 0 I : lock_acquire+0x1cc/0x218
01-01 08:27:10.168 0 0 I : _raw_spin_lock_irqsave+0x54/0x98
01-01 08:27:10.168 0 0 I : ion_system_secure_heap_prefetch_work+0x94/0x2c0
01-01 08:27:10.168 0 0 I : process_one_work+0x38c/0x660
01-01 08:27:10.168 0 0 I : worker_thread+0x268/0x4b8
01-01 08:27:10.168 0 0 I : kthread+0x140/0x150
01-01 08:27:10.168 0 0 I : ret_from_fork+0x10/0x1c
01-01 08:27:10.174 0 0 E : INFO: trying to register non-static key.
01-01 08:27:10.179 0 0 E : the code is fine but needs lockdep annotation.
01-01 08:27:10.185 0 0 I : CPU: 5 PID: 81 Comm: kworker/u16:1 Tainted: G S W O 4.19.157+ #1
01-01 08:27:10.185 0 0 I Hardware name: Qualcomm Technologies, Inc. kona MTP-RmPM8150b. VC1(FSE) EVT1 (DT)
01-01 08:27:10.185 0 0 I Workqueue: events_unbound ion_system_secure_heap_prefetch_work
01-01 08:27:10.185 0 0 I Call trace:
01-01 08:27:10.185 0 0 I : dump_backtrace+0x0/0x258
01-01 08:27:10.185 0 0 I : show_stack+0x20/0x30
01-01 08:27:10.185 0 0 I : dump_stack+0xd8/0x12c
01-01 08:27:10.185 0 0 I : register_lock_class+0x4d0/0x5c8
01-01 08:27:10.185 0 0 I : __lock_acquire+0xbc/0x1e58
01-01 08:27:10.185 0 0 I : lock_acquire+0x1cc/0x218
01-01 08:27:10.185 0 0 I : _raw_spin_lock_irqsave+0x54/0x98
01-01 08:27:10.185 0 0 I : ion_system_secure_heap_prefetch_work+0x94/0x2c0
01-01 08:27:10.185 0 0 I : process_one_work+0x38c/0x660
01-01 08:27:10.185 0 0 I : worker_thread+0x268/0x4b8
01-01 08:27:10.185 0 0 I : kthread+0x140/0x150
01-01 08:27:10.185 0 0 I : ret_from_fork+0x10/0x1c
01-01 08:27:10.194 0 0 E : INFO: trying to register non-static key.
01-01 08:27:10.199 0 0 E : the code is fine but needs lockdep annotation.
01-01 08:27:10.205 0 0 I : CPU: 5 PID: 81 Comm: kworker/u16:1 Tainted: G S W O 4.19.157+ #1
01-01 08:27:10.205 0 0 I Hardware name: Qualcomm Technologies, Inc. kona MTP-RmPM8150b. VC1(FSE) EVT1 (DT)
01-01 08:27:10.205 0 0 I Workqueue: events_unbound ion_system_secure_heap_prefetch_work
01-01 08:27:10.205 0 0 I Call trace:
01-01 08:27:10.205 0 0 I : dump_backtrace+0x0/0x258
01-01 08:27:10.205 0 0 I : show_stack+0x20/0x30
01-01 08:27:10.205 0 0 I : dump_stack+0xd8/0x12c
01-01 08:27:10.205 0 0 I : register_lock_class+0x4d0/0x5c8
01-01 08:27:10.205 0 0 I : __lock_acquire+0xbc/0x1e58
01-01 08:27:10.205 0 0 I : lock_acquire+0x1cc/0x218
01-01 08:27:10.205 0 0 I : _raw_spin_lock_irqsave+0x54/0x98
01-01 08:27:10.205 0 0 I : ion_system_secure_heap_prefetch_work+0x94/0x2c0
01-01 08:27:10.205 0 0 I : process_one_work+0x38c/0x660
01-01 08:27:10.205 0 0 I : worker_thread+0x268/0x4b8
01-01 08:27:10.205 0 0 I : kthread+0x140/0x150
01-01 08:27:10.205 0 0 I : ret_from_fork+0x10/0x1c
01-01 08:27:10.207 0 0 I msm_vidc: high: 00000001: mpg2d: Closed video instance: ffffffdca3430000
01-01 08:27:10.210 0 0 E : INFO: trying to register non-static key.
01-01 08:27:10.211 0 0 D cnss : Voltage for CPR: 948mV
01-01 08:27:10.216 0 0 E : the code is fine but needs lockdep annotation.
01-01 08:27:10.216 0 0 I : CPU: 5 PID: 81 Comm: kworker/u16:1 Tainted: G S W O 4.19.157+ #1
01-01 08:27:10.216 0 0 I Hardware name: Qualcomm Technologies, Inc. kona MTP-RmPM8150b. VC1(FSE) EVT1 (DT)
01-01 08:27:10.216 0 0 I Workqueue: events_unbound ion_system_secure_heap_prefetch_work
01-01 08:27:10.216 0 0 I Call trace:
01-01 08:27:10.216 0 0 I : dump_backtrace+0x0/0x258
01-01 08:27:10.216 0 0 I : show_stack+0x20/0x30
01-01 08:27:10.216 0 0 I : dump_stack+0xd8/0x12c
01-01 08:27:10.216 0 0 I : register_lock_class+0x4d0/0x5c8
01-01 08:27:10.216 0 0 I : __lock_acquire+0xbc/0x1e58
01-01 08:27:10.216 0 0 I : lock_acquire+0x1cc/0x218
01-01 08:27:10.216 0 0 I : _raw_spin_lock_irqsave+0x54/0x98
01-01 08:27:10.216 0 0 I : ion_system_secure_heap_prefetch_work+0x94/0x2c0
01-01 08:27:10.216 0 0 I : process_one_work+0x38c/0x660
01-01 08:27:10.216 0 0 I : worker_thread+0x268/0x4b8
01-01 08:27:10.216 0 0 I : kthread+0x140/0x150
01-01 08:27:10.216 0 0 I : ret_from_fork+0x10/0x1c
01-01 08:27:10.222 0 0 E : INFO: trying to register non-static key.
01-01 08:27:10.224 0 0 D cnss : Update TCS CMD data address 0x000000000b2e5844 with voltage 950mV
01-01 08:27:10.227 0 0 E : the code is fine but needs lockdep annotation.
01-01 08:27:10.227 0 0 I : CPU: 5 PID: 81 Comm: kworker/u16:1 Tainted: G S W O 4.19.157+ #1
01-01 08:27:10.227 0 0 I Hardware name: Qualcomm Technologies, Inc. kona MTP-RmPM8150b. VC1(FSE) EVT1 (DT)
01-01 08:27:10.227 0 0 I Workqueue: events_unbound ion_system_secure_heap_prefetch_work
01-01 08:27:10.227 0 0 I Call trace:
01-01 08:27:10.227 0 0 I : dump_backtrace+0x0/0x258
01-01 08:27:10.227 0 0 I : show_stack+0x20/0x30
01-01 08:27:10.227 0 0 I : dump_stack+0xd8/0x12c
01-01 08:27:10.227 0 0 I : register_lock_class+0x4d0/0x5c8
01-01 08:27:10.227 0 0 I : __lock_acquire+0xbc/0x1e58
01-01 08:27:10.227 0 0 I : lock_acquire+0x1cc/0x218
01-01 08:27:10.227 0 0 I : _raw_spin_lock_irqsave+0x54/0x98
01-01 08:27:10.227 0 0 I : ion_system_secure_heap_prefetch_work+0x94/0x2c0
01-01 08:27:10.227 0 0 I : process_one_work+0x38c/0x660
01-01 08:27:10.227 0 0 I : worker_thread+0x268/0x4b8
01-01 08:27:10.227 0 0 I : kthread+0x140/0x150
01-01 08:27:10.227 0 0 I : ret_from_fork+0x10/0x1c
01-01 08:27:10.234 0 0 I binder : 2247:2247 ioctl 40046210 7fcf144d74 returned -22
09-22 19:45:49.451 2092 2092 W ContextImpl: Calling a method in the system process without a qualified user: android.app.ContextImpl.sendBroadcast:1173 android.content.ContextWrapper.sendBroadcast:479 com.thundercomm.microsettings.service.SettingsService.sendSystemUI:59 com.thundercomm.microsettings.service.SettingsService.onCreate:50 android.app.ActivityThread.handleCreateService:4488
09-22 19:45:49.452 2092 2092 W ContextImpl: Calling a method in the system process without a qualified user: android.app.ContextImpl.bindService:1895 android.content.ContextWrapper.bindService:810 com.thundercomm.microsettings.manager.SoundManager.bindService:206 com.thundercomm.microsettings.manager.SoundManager.connect:197 com.thundercomm.microsettings.service.SettingsService.onStartCommand:80
09-22 19:45:49.454 2092 2092 W ContextImpl: Calling a method in the system process without a qualified user: android.app.ContextImpl.bindService:1895 android.content.ContextWrapper.bindService:810 com.thundercomm.microsettings.manager.DisplayManager.bindService:188 com.thundercomm.microsettings.manager.DisplayManager.connect:179 com.thundercomm.microsettings.service.SettingsService.onStartCommand:81
09-22 19:45:49.464 1119 1119 W BluetoothManagerService: bindBluetoothProfileService:Trying to bind to profile: 1, while Bluetooth is disabled
09-22 19:45:49.470 1119 1643 I am_proc_bound: [0,2218,com.qti.qualcomm.mstatssystemservice]
09-22 19:45:49.470 1119 2257 I Telecom : BluetoothRouteManager: getBluetoothAudioConnectedDevice: no service available.
01-01 08:27:10.235 0 0 E : INFO: trying to register non-static key.
01-01 08:27:10.238 0 0 D cnss : Device frequency is 24000000 HZ
01-01 08:27:10.240 0 0 E : the code is fine but needs lockdep annotation.
01-01 08:27:10.240 0 0 I : CPU: 5 PID: 81 Comm: kworker/u16:1 Tainted: G S W O 4.19.157+ #1
01-01 08:27:10.246 0 0 I Hardware name: Qualcomm Technologies, Inc. kona MTP-RmPM8150b. VC1(FSE) EVT1 (DT)
01-01 08:27:10.246 0 0 I Workqueue: events_unbound ion_system_secure_heap_prefetch_work
01-01 08:27:10.246 0 0 I Call trace:
01-01 08:27:10.246 0 0 I : dump_backtrace+0x0/0x258
01-01 08:27:10.246 0 0 I : show_stack+0x20/0x30
01-01 08:27:10.246 0 0 I : dump_stack+0xd8/0x12c
01-01 08:27:10.246 0 0 I : register_lock_class+0x4d0/0x5c8
01-01 08:27:10.246 0 0 I : __lock_acquire+0xbc/0x1e58
01-01 08:27:10.246 0 0 I : lock_acquire+0x1cc/0x218
01-01 08:27:10.246 0 0 I : _raw_spin_lock_irqsave+0x54/0x98
01-01 08:27:10.246 0 0 I : ion_system_secure_heap_prefetch_work+0x94/0x2c0
01-01 08:27:10.246 0 0 I : process_one_work+0x38c/0x660
01-01 08:27:10.246 0 0 I : worker_thread+0x268/0x4b8
01-01 08:27:10.246 0 0 I : kthread+0x140/0x150
01-01 08:27:10.246 0 0 I : ret_from_fork+0x10/0x1c
01-01 08:27:10.247 0 0 D cnss : Target capability: chip_id: 0x0, chip_family: 0xb, board_id: 0xff, soc_id: 0xffffffff, fw_version: 0x101a0521, fw_build_timestamp: 2021-12-20 07:54, fw_build_id: QC_IMAGE_VERSION_STRING=WLAN.HST.1.0.1.r1-01313-QCAHSTSWPL_SILICONZ-1, otp_version: 0x0
01-01 08:27:10.247 0 0 D cnss : Sending BDF download message, state: 0x13, type: 4
01-01 08:27:10.247 0 0 D cnss : FW name added with prefix: qca6390/regdb.bin
01-01 08:27:10.247 0 0 W cnss2 b0000000.qcom,cnss-qca6390: Falling back to syfs fallback for: qca6390/regdb.bin
01-01 08:27:10.258 0 0 E : INFO: trying to register non-static key.
01-01 08:27:10.261 0 0 I ueventd : firmware: loading 'qca6390/regdb.bin' for '/devices/platform/soc/b0000000.qcom,cnss-qca6390/firmware/qca6390!regdb.bin'
01-01 08:27:10.263 0 0 E : the code is fine but needs lockdep annotation.
01-01 08:27:10.263 0 0 I : CPU: 5 PID: 81 Comm: kworker/u16:1 Tainted: G S W O 4.19.157+ #1
01-01 08:27:10.263 0 0 I Hardware name: Qualcomm Technologies, Inc. kona MTP-RmPM8150b. VC1(FSE) EVT1 (DT)
01-01 08:27:10.263 0 0 I Workqueue: events_unbound ion_system_secure_heap_prefetch_work
01-01 08:27:10.263 0 0 I Call trace:
01-01 08:27:10.263 0 0 I : dump_backtrace+0x0/0x258
01-01 08:27:10.263 0 0 I : show_stack+0x20/0x30
01-01 08:27:10.263 0 0 I : dump_stack+0xd8/0x12c
01-01 08:27:10.263 0 0 I : register_lock_class+0x4d0/0x5c8
01-01 08:27:10.263 0 0 I : __lock_acquire+0xbc/0x1e58
01-01 08:27:10.263 0 0 I : lock_acquire+0x1cc/0x218
01-01 08:27:10.263 0 0 I : _raw_spin_lock_irqsave+0x54/0x98
01-01 08:27:10.263 0 0 I : ion_system_secure_heap_prefetch_work+0x94/0x2c0
01-01 08:27:10.263 0 0 I : process_one_work+0x38c/0x660
01-01 08:27:10.269 0 0 I : worker_thread+0x268/0x4b8
01-01 08:27:10.269 0 0 I : kthread+0x140/0x150
01-01 08:27:10.269 0 0 I : ret_from_fork+0x10/0x1c
01-01 08:27:10.271 0 0 E ueventd : firmware: could not find firmware for qca6390/regdb.bin
01-01 08:27:10.278 0 0 E ueventd : firmware: attempted /etc/firmware/qca6390/regdb.bin, open failed: No such file or directory
01-01 08:27:10.286 0 0 E : INFO: trying to register non-static key.
01-01 08:27:10.291 0 0 E ueventd : firmware: attempted /odm/firmware/qca6390/regdb.bin, open failed: No such file or directory
01-01 08:27:10.292 0 0 I binder : 2271:2271 ioctl 40046210 7fcf144d74 returned -22
09-22 19:45:49.471 1119 1643 D CompatibilityChangeReporter: Compat change id reported: 168419799; UID 10092; state: DISABLED
09-22 19:45:49.473 1119 1643 I am_uid_active: 10092
09-22 19:45:49.476 1119 1119 I Telecom : SystemStateHelper: Registering broadcast receiver: android.content.IntentFilter@9bd9176: TS.init@AAA
09-22 19:45:49.476 1119 1119 I Telecom : SystemStateHelper: Registering broadcast receiver: android.content.IntentFilter@f4d1377: TS.init@AAA
09-22 19:45:49.485 1119 1757 W ActivityThread: Failed to find provider info for com.android.calendar (user not unlocked)
09-22 19:45:49.488 1119 2260 I Telecom : Logging.Events: Non-call EVENT: AUDIO_ROUTE, Entering state QuiescentEarpieceRoute
01-01 08:27:10.294 0 0 E : the code is fine but needs lockdep annotation.
09-22 19:45:49.488 1119 2260 I Telecom : BluetoothRouteManager: getBluetoothAudioConnectedDevice: no service available.
09-22 19:45:49.493 1119 1757 W ActivityThread: Failed to find provider info for com.android.calendar (user not unlocked)
09-22 19:45:49.500 1119 2261 I Telecom : CallAudioModeStateMachine: Message received: null.: TS.init->CAMSM.pM_1@AAA
09-22 19:45:49.509 1119 1119 I Telecom : MissedCallNotifierImpl: reloadFromDatabase: Boot not yet complete -- call log db may not be available. Deferring loading until boot complete for user 0: TS.init@AAA
09-22 19:45:49.514 1119 1229 W ActivityManager: Slow operation: 1318ms so far, now at startProcess: returned from zygote!
09-22 19:45:49.514 1119 1229 W ActivityManager: Slow operation: 1318ms so far, now at startProcess: done updating battery stats
09-22 19:45:49.515 1119 1229 I am_proc_start: [0,2271,1000,com.thundercomm.remotecontrolservice,added application,com.thundercomm.remotecontrolservice]
09-22 19:45:49.515 1119 1229 W ActivityManager: Slow operation: 1318ms so far, now at startProcess: building log message
09-22 19:45:49.515 1119 1229 I ActivityManager: Start proc 2271:com.thundercomm.remotecontrolservice/1000 for added application com.thundercomm.remotecontrolservice
09-22 19:45:49.515 1119 1229 W ActivityManager: Slow operation: 1318ms so far, now at startProcess: starting to update pids map
09-22 19:45:49.515 1119 1229 W ActivityManager: Slow operation: 1319ms so far, now at startProcess: done updating pids map
09-22 19:45:49.515 1119 1229 W ActivityManager: Slow operation: 1319ms so far, now at startProcess: asking zygote to start proc
09-22 19:45:49.516 1119 1229 D CompatibilityChangeReporter: Compat change id reported: 143937733; UID 10066; state: ENABLED
09-22 19:45:49.517 1119 1119 D TelephonyRegistry: listen oscl: mHasNotifySubscriptionInfoChangedOccurred==false no callback
09-22 19:45:49.518 1119 1119 I Telecom : MissedCallNotifierImpl: reloadFromDatabase: Boot not yet complete -- call log db may not be available. Deferring loading until boot complete for user 0: TS.init@AAA
09-22 19:45:49.520 1119 1119 I Telecom : Class: TelecomSystem.INSTANCE being set
09-22 19:45:49.520 1119 1119 W Looper : Slow dispatch took 102ms main h=android.app.ActivityThread$H c=android.app.LoadedApk$ServiceDispatcher$RunConnection@a017046 m=0
01-01 08:27:10.294 0 0 I : CPU: 5 PID: 81 Comm: kworker/u16:1 Tainted: G S W O 4.19.157+ #1
01-01 08:27:10.294 0 0 I Hardware name: Qualcomm Technologies, Inc. kona MTP-RmPM8150b. VC1(FSE) EVT1 (DT)
01-01 08:27:10.294 0 0 I Workqueue: events_unbound ion_system_secure_heap_prefetch_work
01-01 08:27:10.294 0 0 I Call trace:
01-01 08:27:10.294 0 0 I : dump_backtrace+0x0/0x258
01-01 08:27:10.294 0 0 I : show_stack+0x20/0x30
01-01 08:27:10.294 0 0 I : dump_stack+0xd8/0x12c
01-01 08:27:10.294 0 0 I : register_lock_class+0x4d0/0x5c8
09-22 19:45:49.521 1119 1119 D BluetoothManagerService: Bluetooth Adapter name changed to QCOM-BTD by android
09-22 19:45:49.521 1119 1119 D BluetoothManagerService: Stored Bluetooth name: QCOM-BTD
09-22 19:45:49.523 1119 1119 D AutofillManagerService: Restriction did not change for user 0
09-22 19:45:49.525 1119 1119 D BluetoothManagerService: BluetoothServiceConnection: com.android.bluetooth.btservice.AdapterService
09-22 19:45:49.525 1119 1210 D BluetoothManagerService: MESSAGE_BLUETOOTH_SERVICE_CONNECTED: 1
09-22 19:45:49.525 1119 1119 I ConnectivityModuleConnector: Networking module service connected
01-01 08:27:10.294 0 0 I : __lock_acquire+0xbc/0x1e58
01-01 08:27:10.294 0 0 I : lock_acquire+0x1cc/0x218
01-01 08:27:10.294 0 0 I : _raw_spin_lock_irqsave+0x54/0x98
01-01 08:27:10.294 0 0 I : ion_system_secure_heap_prefetch_work+0x94/0x2c0
01-01 08:27:10.294 0 0 I : process_one_work+0x38c/0x660
01-01 08:27:10.294 0 0 I : worker_thread+0x268/0x4b8
01-01 08:27:10.294 0 0 I : kthread+0x140/0x150
01-01 08:27:10.310 0 0 E ueventd : firmware: attempted /vendor/firmware/qca6390/regdb.bin, open failed: No such file or directory
01-01 08:27:10.310 0 0 I : ret_from_fork+0x10/0x1c
01-01 08:27:10.323 0 0 E ueventd : firmware: attempted /firmware/image/qca6390/regdb.bin, open failed: No such file or directory
01-01 08:27:10.329 0 0 E : INFO: trying to register non-static key.
01-01 08:27:10.331 0 0 I msm_vidc: high: 00000001: ....d: Opening video instance: ffffffdd1a3e8000, 1
01-01 08:27:10.334 0 0 E ueventd : firmware: attempted /vendor/firmware_mnt/image/qca6390/regdb.bin, open failed: No such file or directory
01-01 08:27:10.339 0 0 E : the code is fine but needs lockdep annotation.
01-01 08:27:10.339 0 0 I : CPU: 5 PID: 81 Comm: kworker/u16:1 Tainted: G S W O 4.19.157+ #1
01-01 08:27:10.339 0 0 I Hardware name: Qualcomm Technologies, Inc. kona MTP-RmPM8150b. VC1(FSE) EVT1 (DT)
01-01 08:27:10.339 0 0 I Workqueue: events_unbound ion_system_secure_heap_prefetch_work
01-01 08:27:10.339 0 0 I Call trace:
01-01 08:27:10.339 0 0 I : dump_backtrace+0x0/0x258
01-01 08:27:10.339 0 0 I : show_stack+0x20/0x30
01-01 08:27:10.339 0 0 I : dump_stack+0xd8/0x12c
01-01 08:27:10.339 0 0 I : register_lock_class+0x4d0/0x5c8
01-01 08:27:10.339 0 0 I : __lock_acquire+0xbc/0x1e58
01-01 08:27:10.339 0 0 I : lock_acquire+0x1cc/0x218
01-01 08:27:10.339 0 0 I : _raw_spin_lock_irqsave+0x54/0x98
01-01 08:27:10.339 0 0 I : ion_system_secure_heap_prefetch_work+0x94/0x2c0
01-01 08:27:10.339 0 0 I : process_one_work+0x38c/0x660
01-01 08:27:10.339 0 0 I : worker_thread+0x268/0x4b8
01-01 08:27:10.339 0 0 I : kthread+0x140/0x150
01-01 08:27:10.356 0 0 E cnss : Failed to load BDF: qca6390/regdb.bin
01-01 08:27:10.356 0 0 I : ret_from_fork+0x10/0x1c
01-01 08:27:10.363 0 0 I ueventd : loading /devices/platform/soc/b0000000.qcom,cnss-qca6390/firmware/qca6390!regdb.bin took 101ms
01-01 08:27:10.366 0 0 D cnss : Sending BDF download message, state: 0x13, type: 1
01-01 08:27:10.366 0 0 D cnss : FW name added with prefix: qca6390/bdwlan.elf
01-01 08:27:10.366 0 0 W cnss2 b0000000.qcom,cnss-qca6390: Falling back to syfs fallback for: qca6390/bdwlan.elf
01-01 08:27:10.376 0 0 E : INFO: trying to register non-static key.
01-01 08:27:10.381 0 0 E : the code is fine but needs lockdep annotation.
01-01 08:27:10.387 0 0 I : CPU: 5 PID: 81 Comm: kworker/u16:1 Tainted: G S W O 4.19.157+ #1
01-01 08:27:10.387 0 0 I Hardware name: Qualcomm Technologies, Inc. kona MTP-RmPM8150b. VC1(FSE) EVT1 (DT)
01-01 08:27:10.387 0 0 I Workqueue: events_unbound ion_system_secure_heap_prefetch_work
01-01 08:27:10.387 0 0 I Call trace:
01-01 08:27:10.387 0 0 I : dump_backtrace+0x0/0x258
01-01 08:27:10.387 0 0 I : show_stack+0x20/0x30
01-01 08:27:10.387 0 0 I : dump_stack+0xd8/0x12c
01-01 08:27:10.387 0 0 I : register_lock_class+0x4d0/0x5c8
01-01 08:27:10.387 0 0 I : __lock_acquire+0xbc/0x1e58
01-01 08:27:10.387 0 0 I : lock_acquire+0x1cc/0x218
01-01 08:27:10.387 0 0 I : _raw_spin_lock_irqsave+0x54/0x98
01-01 08:27:10.387 0 0 I : ion_system_secure_heap_prefetch_work+0x94/0x2c0
01-01 08:27:10.387 0 0 I : process_one_work+0x38c/0x660
01-01 08:27:10.387 0 0 I : worker_thread+0x268/0x4b8
01-01 08:27:10.387 0 0 I : kthread+0x140/0x150
01-01 08:27:10.387 0 0 I : ret_from_fork+0x10/0x1c
01-01 08:27:10.405 0 0 E : INFO: trying to register non-static key.
01-01 08:27:10.406 0 0 E : INFO: trying to register non-static key.
01-01 08:27:10.410 0 0 E : the code is fine but needs lockdep annotation.
01-01 08:27:10.410 0 0 I : CPU: 5 PID: 81 Comm: kworker/u16:1 Tainted: G S W O 4.19.157+ #1
01-01 08:27:10.415 0 0 E : the code is fine but needs lockdep annotation.
01-01 08:27:10.421 0 0 I Hardware name: Qualcomm Technologies, Inc. kona MTP-RmPM8150b. VC1(FSE) EVT1 (DT)
01-01 08:27:10.421 0 0 I binder : 2301:2301 ioctl 40046210 7fcf144d74 returned -22
01-01 08:27:10.426 0 0 I Workqueue: events_unbound ion_system_secure_heap_prefetch_work
01-01 08:27:10.426 0 0 I Call trace:
01-01 08:27:10.426 0 0 I : dump_backtrace+0x0/0x258
01-01 08:27:10.426 0 0 I : show_stack+0x20/0x30
01-01 08:27:10.426 0 0 I : dump_stack+0xd8/0x12c
01-01 08:27:10.426 0 0 I : register_lock_class+0x4d0/0x5c8
01-01 08:27:10.426 0 0 I : __lock_acquire+0xbc/0x1e58
01-01 08:27:10.426 0 0 I : lock_acquire+0x1cc/0x218
01-01 08:27:10.426 0 0 I : _raw_spin_lock_irqsave+0x54/0x98
01-01 08:27:10.426 0 0 I : ion_system_secure_heap_prefetch_work+0x94/0x2c0
01-01 08:27:10.426 0 0 I : process_one_work+0x38c/0x660
01-01 08:27:10.426 0 0 I : worker_thread+0x268/0x4b8
01-01 08:27:10.426 0 0 I : kthread+0x140/0x150
01-01 08:27:10.426 0 0 I : ret_from_fork+0x10/0x1c
01-01 08:27:10.426 0 0 I : CPU: 7 PID: 2317 Comm: VideoDecMsgThre Tainted: G S W O 4.19.157+ #1
01-01 08:27:10.426 0 0 I Hardware name: Qualcomm Technologies, Inc. kona MTP-RmPM8150b. VC1(FSE) EVT1 (DT)
01-01 08:27:10.426 0 0 I Call trace:
01-01 08:27:10.426 0 0 I : dump_backtrace+0x0/0x258
01-01 08:27:10.426 0 0 I : show_stack+0x20/0x30
01-01 08:27:10.426 0 0 I : dump_stack+0xd8/0x12c
01-01 08:27:10.426 0 0 I : register_lock_class+0x4d0/0x5c8
01-01 08:27:10.426 0 0 I : __lock_acquire+0xbc/0x1e58
01-01 08:27:10.426 0 0 I : lock_acquire+0x1cc/0x218
01-01 08:27:10.426 0 0 I : _raw_spin_lock_irqsave+0x54/0x98
01-01 08:27:10.426 0 0 I : __ion_system_secure_heap_resize+0x768/0x8c0
01-01 08:27:10.426 0 0 I : ion_system_secure_heap_prefetch+0x28/0x38
01-01 08:27:10.426 0 0 I : ion_walk_heaps+0x88/0xb8
01-01 08:27:10.426 0 0 I : ion_ioctl+0x1b0/0x2a8
01-01 08:27:10.426 0 0 I : __arm64_compat_sys_ioctl+0xf4/0x240
01-01 08:27:10.426 0 0 I : el0_svc_common+0xa4/0x190
01-01 08:27:10.426 0 0 I : el0_svc_compat_handler+0x28/0x38
01-01 08:27:10.426 0 0 I : el0_svc_compat+0x8/0x34
01-01 08:27:10.442 0 0 E : INFO: trying to register non-static key.
01-01 08:27:10.442 0 0 E : INFO: trying to register non-static key.
01-01 08:27:10.447 0 0 E : the code is fine but needs lockdep annotation.
09-22 19:45:49.536 1119 1210 D BluetoothManagerService: MESSAGE_INFORM_ADAPTER_SERVICE_UP
09-22 19:45:49.536 1119 1210 D BluetoothManagerService: Broadcasting onBluetoothServiceUp() to 3 receivers.
09-22 19:45:49.541 1119 1210 D BluetoothManagerService: MESSAGE_BLUETOOTH_STATE_CHANGE: OFF > BLE_TURNING_ON
09-22 19:45:49.542 1119 1210 D BluetoothManagerService: Sending BLE State Change: OFF > BLE_TURNING_ON
09-22 19:45:49.543 1119 1119 I notification_enqueue: [10087,1898,com.android.systemui,1,empty_media,0,Notification(channel=empty_media_style_id shortcut=null contentView=null vibrate=null sound=null defaults=0x0 flags=0x20 color=0x00000000 category=transport actions=3 vis=PRIVATE),0]
09-22 19:45:49.570 1119 1119 I notification_cancel_all: [1000,1119,com.android.systemui,0,0,0,20,NULL]
09-22 19:45:49.570 2247 2247 I service_manager_slow: [17,activity]
09-22 19:45:49.571 1119 1119 D TelephonyRegistry: notifyCellLocationForSubscriber: subId=2147483647 cellIdentity=null
09-22 19:45:49.572 1119 1119 I notification_enqueue: [1000,1119,android,32,NULL,-1,Notification(channel=USB shortcut=null contentView=null vibrate=null sound=null tick defaults=0x0 flags=0x2 color=0x00000000 vis=PUBLIC),0]
09-22 19:45:49.572 1119 1119 I Telecom : WiredHeadsetManager: ACTION_HEADSET_PLUG event, plugged in: false, : WHC.oADA@AAE
09-22 19:45:49.573 1119 1643 I am_proc_bound: [0,2247,com.android.se]
09-22 19:45:49.575 1119 1119 I sysui_multi_action: [757,1501,758,1,793,321,794,0,795,321,796,1,797,empty_media,806,com.android.systemui,857,empty_media_style_id,858,4,947,0,1500,0,1641,transport,1745,1043716538]
09-22 19:45:49.576 1119 1643 D CompatibilityChangeReporter: Compat change id reported: 168419799; UID 1068; state: DISABLED
09-22 19:45:49.576 1119 1119 I sysui_multi_action: [757,804,799,note_interruptive,801,0,802,1]
09-22 19:45:49.578 1119 1643 I am_uid_active: 1068
09-22 19:45:49.592 1119 1119 W NotificationHistory: Attempted to add notif for locked/gone/disabled user 0
09-22 19:45:49.592 1119 1119 D CompanionDeviceManagerService: Received BT state transition broadcast: OFF -> BLE_TURNING_ON
09-22 19:45:49.593 1119 1119 I sysui_multi_action: [757,1501,758,1,793,204,794,0,795,204,796,32,806,android,857,USB,858,1,947,0,1500,0]
09-22 19:45:49.593 1119 1119 I sysui_multi_action: [757,804,799,note_interruptive,801,0,802,1]
09-22 19:45:49.595 1119 1643 D CompatibilityChangeReporter: Compat change id reported: 168419799; UID 1002; state: DISABLED
09-22 19:45:49.595 1119 1119 W NotificationHistory: Attempted to add notif for locked/gone/disabled user 0
09-22 19:45:49.596 1119 1119 W Looper : Drained
09-22 19:45:49.613 1898 1898 D SystemUIBootTiming: StartServicescom.android.systemui.keyguard.KeyguardViewMediator took to complete: 279ms
01-01 08:27:10.447 0 0 I : CPU: 7 PID: 2317 Comm: VideoDecMsgThre Tainted: G S W O 4.19.157+ #1
09-22 19:45:49.626 1119 1229 W ActivityManager: Slow operation: 1430ms so far, now at startProcess: returned from zygote!
09-22 19:45:49.628 1119 1229 W ActivityManager: Slow operation: 1431ms so far, now at startProcess: done updating battery stats
09-22 19:45:49.628 1119 1229 I am_proc_start: [0,2301,10066,com.qualcomm.qti.devicestatisticsservice,added application,com.qualcomm.qti.devicestatisticsservice]
09-22 19:45:49.628 1119 1229 W ActivityManager: Slow operation: 1431ms so far, now at startProcess: building log message
09-22 19:45:49.628 1119 1229 I ActivityManager: Start proc 2301:com.qualcomm.qti.devicestatisticsservice/u0a66 for added application com.qualcomm.qti.devicestatisticsservice
09-22 19:45:49.628 1119 1229 W ActivityManager: Slow operation: 1431ms so far, now at startProcess: starting to update pids map
01-01 08:27:10.452 0 0 E : the code is fine but needs lockdep annotation.
01-01 08:27:10.458 0 0 I Hardware name: Qualcomm Technologies, Inc. kona MTP-RmPM8150b. VC1(FSE) EVT1 (DT)
01-01 08:27:10.463 0 0 I Call trace:
01-01 08:27:10.463 0 0 I : dump_backtrace+0x0/0x258
01-01 08:27:10.463 0 0 I : show_stack+0x20/0x30
01-01 08:27:10.463 0 0 I : dump_stack+0xd8/0x12c
01-01 08:27:10.463 0 0 I : register_lock_class+0x4d0/0x5c8
09-22 19:45:49.631 1119 1229 W ActivityManager: Slow operation: 1435ms so far, now at startProcess: done updating pids map
09-22 19:45:49.632 1119 1229 W ActivityManager: Slow operation: 1434ms so far, now at startProcess: asking zygote to start proc
09-22 19:45:49.636 1119 2027 I am_uid_running: 10077
09-22 19:45:49.639 2271 2271 I service_manager_slow: [33,activity]
09-22 19:45:49.647 1119 2027 D CompatibilityChangeReporter: Compat change id reported: 135634846; UID 10077; state: DISABLED
09-22 19:45:49.652 1119 2027 D CompatibilityChangeReporter: Compat change id reported: 177438394; UID 10077; state: DISABLED
09-22 19:45:49.654 1119 2027 D CompatibilityChangeReporter: Compat change id reported: 135772972; UID 10077; state: DISABLED
09-22 19:45:49.656 1119 2027 D CompatibilityChangeReporter: Compat change id reported: 135754954; UID 10077; state: ENABLED
09-22 19:45:49.659 1119 1643 I am_proc_bound: [0,2271,com.thundercomm.remotecontrolservice]
09-22 19:45:49.659 1898 1898 D SystemUIBootTiming: StartServicescom.android.systemui.recents.Recents took to complete: 46ms
09-22 19:45:49.659 1119 1643 D CompatibilityChangeReporter: Compat change id reported: 168419799; UID 1000; state: DISABLED
01-01 08:27:10.463 0 0 I : __lock_acquire+0xbc/0x1e58
01-01 08:27:10.463 0 0 I : lock_acquire+0x1cc/0x218
01-01 08:27:10.463 0 0 I : _raw_spin_lock_irqsave+0x54/0x98
01-01 08:27:10.463 0 0 I : __ion_system_secure_heap_resize+0x768/0x8c0
01-01 08:27:10.463 0 0 I : ion_system_secure_heap_prefetch+0x28/0x38
01-01 08:27:10.463 0 0 I : ion_walk_heaps+0x88/0xb8
01-01 08:27:10.463 0 0 I : ion_ioctl+0x1b0/0x2a8
01-01 08:27:10.463 0 0 I : __arm64_compat_sys_ioctl+0xf4/0x240
09-22 19:45:49.685 1879 1879 I service_manager_slow: [11,location]
09-22 19:45:49.739 1119 2027 I am_proc_bound: [0,2301,com.qualcomm.qti.devicestatisticsservice]
09-22 19:45:49.744 1119 1210 I DropBoxManagerService: add tag=system_app_strictmode isTagEnabled=true flags=0x2
09-22 19:45:49.745 1119 1210 I DropBoxManagerService: add tag=system_app_strictmode isTagEnabled=true flags=0x2
09-22 19:45:49.745 1119 2027 D CompatibilityChangeReporter: Compat change id reported: 168419799; UID 10066; state: DISABLED
09-22 19:45:49.746 1119 1210 I DropBoxManagerService: add tag=system_app_strictmode isTagEnabled=true flags=0x2
01-01 08:27:10.463 0 0 I : el0_svc_common+0xa4/0x190
09-22 19:45:49.764 1119 1229 W ActivityManager: Slow operation: 1567ms so far, now at startProcess: returned from zygote!
09-22 19:45:49.766 1119 2027 I am_uid_active: 10066
09-22 19:45:49.774 1119 1229 W ActivityManager: Slow operation: 1576ms so far, now at startProcess: done updating battery stats
09-22 19:45:49.774 1119 1229 I am_proc_start: [0,2336,1000,com.qualcomm.qti.qdma,added application,com.qualcomm.qti.qdma]
09-22 19:45:49.774 1119 1229 W ActivityManager: Slow operation: 1576ms so far, now at startProcess: building log message
09-22 19:45:49.774 1119 1229 I ActivityManager: Start proc 2336:com.qualcomm.qti.qdma/1000 for added application com.qualcomm.qti.qdma
09-22 19:45:49.774 1119 1229 W ActivityManager: Slow operation: 1576ms so far, now at startProcess: starting to update pids map
09-22 19:45:49.774 1119 1229 W ActivityManager: Slow operation: 1577ms so far, now at startProcess: done updating pids map
09-22 19:45:49.775 1119 1229 W ActivityManager: Slow operation: 1377ms so far, now at startProcess: asking zygote to start proc
09-22 19:45:49.793 1119 1210 I DropBoxManagerService: add tag=system_app_strictmode isTagEnabled=true flags=0x2
01-01 08:27:10.463 0 0 I : el0_svc_compat_handler+0x28/0x38
01-01 08:27:10.463 0 0 I : el0_svc_compat+0x8/0x34
01-01 08:27:10.463 0 0 I : CPU: 5 PID: 81 Comm: kworker/u16:1 Tainted: G S W O 4.19.157+ #1
01-01 08:27:10.463 0 0 I Hardware name: Qualcomm Technologies, Inc. kona MTP-RmPM8150b. VC1(FSE) EVT1 (DT)
01-01 08:27:10.463 0 0 I Workqueue: events_unbound ion_system_secure_heap_prefetch_work
01-01 08:27:10.463 0 0 I Call trace:
01-01 08:27:10.463 0 0 I : dump_backtrace+0x0/0x258
01-01 08:27:10.463 0 0 I : show_stack+0x20/0x30
01-01 08:27:10.463 0 0 I : dump_stack+0xd8/0x12c
01-01 08:27:10.463 0 0 I : register_lock_class+0x4d0/0x5c8
01-01 08:27:10.463 0 0 I : __lock_acquire+0xbc/0x1e58
01-01 08:27:10.463 0 0 I : lock_acquire+0x1cc/0x218
01-01 08:27:10.463 0 0 I : _raw_spin_lock_irqsave+0x54/0x98
01-01 08:27:10.463 0 0 I : ion_system_secure_heap_prefetch_work+0x94/0x2c0
01-01 08:27:10.463 0 0 I : process_one_work+0x38c/0x660
01-01 08:27:10.463 0 0 I : worker_thread+0x268/0x4b8
01-01 08:27:10.463 0 0 I : kthread+0x140/0x150
01-01 08:27:10.463 0 0 I : ret_from_fork+0x10/0x1c
01-01 08:27:10.474 0 0 E : INFO: trying to register non-static key.
01-01 08:27:10.479 0 0 E : the code is fine but needs lockdep annotation.
01-01 08:27:10.485 0 0 I : CPU: 5 PID: 81 Comm: kworker/u16:1 Tainted: G S W O 4.19.157+ #1
01-01 08:27:10.485 0 0 I Hardware name: Qualcomm Technologies, Inc. kona MTP-RmPM8150b. VC1(FSE) EVT1 (DT)
01-01 08:27:10.485 0 0 I Workqueue: events_unbound ion_system_secure_heap_prefetch_work
01-01 08:27:10.485 0 0 I Call trace:
01-01 08:27:10.485 0 0 I : dump_backtrace+0x0/0x258
01-01 08:27:10.485 0 0 I : show_stack+0x20/0x30
01-01 08:27:10.485 0 0 I : dump_stack+0xd8/0x12c
01-01 08:27:10.485 0 0 I : register_lock_class+0x4d0/0x5c8
01-01 08:27:10.485 0 0 I : __lock_acquire+0xbc/0x1e58
01-01 08:27:10.485 0 0 I : lock_acquire+0x1cc/0x218
01-01 08:27:10.485 0 0 I : _raw_spin_lock_irqsave+0x54/0x98
01-01 08:27:10.485 0 0 I : ion_system_secure_heap_prefetch_work+0x94/0x2c0
01-01 08:27:10.485 0 0 I : process_one_work+0x38c/0x660
01-01 08:27:10.485 0 0 I : worker_thread+0x268/0x4b8
01-01 08:27:10.485 0 0 I : kthread+0x140/0x150
01-01 08:27:10.485 0 0 I : ret_from_fork+0x10/0x1c
01-01 08:27:10.489 0 0 D cnss : Downloading BDF: qca6390/bdwlan.elf, size: 57908
01-01 08:27:10.495 0 0 E : INFO: trying to register non-static key.
01-01 08:27:10.500 0 0 E : the code is fine but needs lockdep annotation.
01-01 08:27:10.505 0 0 I : CPU: 5 PID: 81 Comm: kworker/u16:1 Tainted: G S W O 4.19.157+ #1
01-01 08:27:10.505 0 0 I Hardware name: Qualcomm Technologies, Inc. kona MTP-RmPM8150b. VC1(FSE) EVT1 (DT)
01-01 08:27:10.505 0 0 I Workqueue: events_unbound ion_system_secure_heap_prefetch_work
01-01 08:27:10.505 0 0 I Call trace:
01-01 08:27:10.505 0 0 I : dump_backtrace+0x0/0x258
01-01 08:27:10.505 0 0 I : show_stack+0x20/0x30
01-01 08:27:10.505 0 0 I : dump_stack+0xd8/0x12c
01-01 08:27:10.505 0 0 I : register_lock_class+0x4d0/0x5c8
01-01 08:27:10.505 0 0 I : __lock_acquire+0xbc/0x1e58
01-01 08:27:10.505 0 0 I : lock_acquire+0x1cc/0x218
01-01 08:27:10.505 0 0 I : _raw_spin_lock_irqsave+0x54/0x98
01-01 08:27:10.505 0 0 I : ion_system_secure_heap_prefetch_work+0x94/0x2c0
01-01 08:27:10.505 0 0 I : process_one_work+0x38c/0x660
01-01 08:27:10.505 0 0 I : worker_thread+0x268/0x4b8
01-01 08:27:10.505 0 0 I : kthread+0x140/0x150
01-01 08:27:10.505 0 0 I : ret_from_fork+0x10/0x1c
01-01 08:27:10.515 0 0 E : INFO: trying to register non-static key.
01-01 08:27:10.520 0 0 E : the code is fine but needs lockdep annotation.
01-01 08:27:10.526 0 0 I : CPU: 5 PID: 81 Comm: kworker/u16:1 Tainted: G S W O 4.19.157+ #1
01-01 08:27:10.526 0 0 I Hardware name: Qualcomm Technologies, Inc. kona MTP-RmPM8150b. VC1(FSE) EVT1 (DT)
01-01 08:27:10.526 0 0 I Workqueue: events_unbound ion_system_secure_heap_prefetch_work
01-01 08:27:10.526 0 0 I Call trace:
01-01 08:27:10.526 0 0 I : dump_backtrace+0x0/0x258
01-01 08:27:10.526 0 0 I : show_stack+0x20/0x30
01-01 08:27:10.526 0 0 I : dump_stack+0xd8/0x12c
01-01 08:27:10.526 0 0 I : register_lock_class+0x4d0/0x5c8
01-01 08:27:10.526 0 0 I : __lock_acquire+0xbc/0x1e58
01-01 08:27:10.526 0 0 I : lock_acquire+0x1cc/0x218
01-01 08:27:10.526 0 0 I : _raw_spin_lock_irqsave+0x54/0x98
01-01 08:27:10.526 0 0 I : ion_system_secure_heap_prefetch_work+0x94/0x2c0
01-01 08:27:10.526 0 0 I : process_one_work+0x38c/0x660
01-01 08:27:10.526 0 0 I : worker_thread+0x268/0x4b8
01-01 08:27:10.526 0 0 I : kthread+0x140/0x150
01-01 08:27:10.526 0 0 I : ret_from_fork+0x10/0x1c
01-01 08:27:10.530 0 0 I binder : 2336:2336 ioctl 40046210 7fcf144d74 returned -22
01-01 08:27:10.533 0 0 I binder : 2247:2247 ioctl 40046210 7fcf143d24 returned -22
01-01 08:27:10.536 0 0 E : INFO: trying to register non-static key.
01-01 08:27:10.541 0 0 E : the code is fine but needs lockdep annotation.
01-01 08:27:10.547 0 0 E bt_ioctl: BT_CMD_PWR_CTRL pwr_cntrl:0
01-01 08:27:10.547 0 0 I : CPU: 5 PID: 81 Comm: kworker/u16:1 Tainted: G S W O 4.19.157+ #1
01-01 08:27:10.547 0 0 I Hardware name: Qualcomm Technologies, Inc. kona MTP-RmPM8150b. VC1(FSE) EVT1 (DT)
01-01 08:27:10.552 0 0 I Workqueue: events_unbound ion_system_secure_heap_prefetch_work
01-01 08:27:10.552 0 0 I Call trace:
01-01 08:27:10.552 0 0 I : dump_backtrace+0x0/0x258
01-01 08:27:10.552 0 0 I : show_stack+0x20/0x30
01-01 08:27:10.552 0 0 I : dump_stack+0xd8/0x12c
01-01 08:27:10.552 0 0 I : register_lock_class+0x4d0/0x5c8
01-01 08:27:10.552 0 0 I : __lock_acquire+0xbc/0x1e58
01-01 08:27:10.552 0 0 I : lock_acquire+0x1cc/0x218
01-01 08:27:10.552 0 0 I : _raw_spin_lock_irqsave+0x54/0x98
01-01 08:27:10.552 0 0 I : ion_system_secure_heap_prefetch_work+0x94/0x2c0
01-01 08:27:10.552 0 0 I : process_one_work+0x38c/0x660
01-01 08:27:10.552 0 0 I : worker_thread+0x268/0x4b8
01-01 08:27:10.552 0 0 I : kthread+0x140/0x150
01-01 08:27:10.552 0 0 I : ret_from_fork+0x10/0x1c
01-01 08:27:10.553 0 0 D cnss : Sending M3 information message, state: 0x13
01-01 08:27:10.553 0 0 D cnss : M3 memory, va: 0xffffff8022100000, pa: 0x00000000a1800000, size: 0x411bc
01-01 08:27:10.557 0 0 E bt_ioctl: BT state already:0 no change done
01-01 08:27:10.559 0 0 D cnss : Received QMI WLFW FW initialization done indication
01-01 08:27:10.562 0 0 D cnss : PM relax, state: 0x13, count: 0
01-01 08:27:10.565 0 0 E bt_ioctl: BT_CMD_PWR_CTRL pwr_cntrl:1
01-01 08:27:10.567 0 0 E : INFO: trying to register non-static key.
01-01 08:27:10.574 0 0 E : the code is fine but needs lockdep annotation.
01-01 08:27:10.575 0 0 I bt_power vendor: bt_qca6390: Linked as a consumer to regulator.9
01-01 08:27:10.580 0 0 I : CPU: 5 PID: 81 Comm: kworker/u16:1 Tainted: G S W O 4.19.157+ #1
01-01 08:27:10.580 0 0 I Hardware name: Qualcomm Technologies, Inc. kona MTP-RmPM8150b. VC1(FSE) EVT1 (DT)
01-01 08:27:10.580 0 0 I Workqueue: events_unbound ion_system_secure_heap_prefetch_work
01-01 08:27:10.580 0 0 I Call trace:
01-01 08:27:10.580 0 0 I : dump_backtrace+0x0/0x258
01-01 08:27:10.580 0 0 I : show_stack+0x20/0x30
01-01 08:27:10.580 0 0 I : dump_stack+0xd8/0x12c
01-01 08:27:10.580 0 0 I : register_lock_class+0x4d0/0x5c8
01-01 08:27:10.580 0 0 I : __lock_acquire+0xbc/0x1e58
01-01 08:27:10.580 0 0 I : lock_acquire+0x1cc/0x218
01-01 08:27:10.580 0 0 I : _raw_spin_lock_irqsave+0x54/0x98
01-01 08:27:10.580 0 0 I : ion_system_secure_heap_prefetch_work+0x94/0x2c0
01-01 08:27:10.580 0 0 I : process_one_work+0x38c/0x660
01-01 08:27:10.580 0 0 I : worker_thread+0x268/0x4b8
01-01 08:27:10.580 0 0 I : kthread+0x140/0x150
01-01 08:27:10.580 0 0 I : ret_from_fork+0x10/0x1c
01-01 08:27:10.582 0 0 E bt_vreg_enable: vreg_en successful for : qca,bt-vdd-aon
01-01 08:27:10.582 0 0 D cnss : Posting event: FW_READY(4), state: 0x13 flags: 0x0
01-01 08:27:10.584 0 0 E : INFO: trying to register non-static key.
01-01 08:27:10.584 0 0 E : the code is fine but needs lockdep annotation.
01-01 08:27:10.584 0 0 I : CPU: 0 PID: 1344 Comm: omx@1.0-service Tainted: G S W O 4.19.157+ #1
01-01 08:27:10.584 0 0 I Hardware name: Qualcomm Technologies, Inc. kona MTP-RmPM8150b. VC1(FSE) EVT1 (DT)
01-01 08:27:10.584 0 0 I Call trace:
01-01 08:27:10.584 0 0 I : dump_backtrace+0x0/0x258
01-01 08:27:10.584 0 0 I : show_stack+0x20/0x30
01-01 08:27:10.584 0 0 I : dump_stack+0xd8/0x12c
01-01 08:27:10.584 0 0 I : register_lock_class+0x4d0/0x5c8
01-01 08:27:10.584 0 0 I : __lock_acquire+0xbc/0x1e58
01-01 08:27:10.584 0 0 I : lock_acquire+0x1cc/0x218
01-01 08:27:10.584 0 0 I : _raw_spin_lock_irqsave+0x54/0x98
01-01 08:27:10.584 0 0 I : __ion_system_secure_heap_resize+0x768/0x8c0
01-01 08:27:10.584 0 0 I : ion_system_secure_heap_drain+0x28/0x38
