09-22 19:45:47.663 1119 1119 D SystemServerTiming: OnBootPhase_550_com.android.server.telecom.TelecomLoaderService took to complete: 6ms
09-22 19:45:47.663 1119 1119 I SystemServerTiming: OnBootPhase_550_com.android.server.accounts.AccountManagerService$Lifecycle
09-22 19:45:47.663 1119 1119 D SystemServerTiming: OnBootPhase_550_com.android.server.accounts.AccountManagerService$Lifecycle took to complete: 0ms
09-22 19:45:47.663 1119 1119 I SystemServerTiming: OnBootPhase_550_com.android.server.content.ContentService$Lifecycle
09-22 19:45:47.666 1119 1119 I SyncManager: No initial accounts
09-22 19:45:47.669 1119 1119 D SystemServerTiming: OnBootPhase_550_com.android.server.content.ContentService$Lifecycle took to complete: 5ms
09-22 19:45:47.669 1119 1119 I SystemServerTiming: OnBootPhase_550_com.android.server.DropBoxManagerService
09-22 19:45:47.669 1119 1119 D SystemServerTiming: OnBootPhase_550_com.android.server.DropBoxManagerService took to complete: 0ms
09-22 19:45:47.669 1119 1119 I SystemServerTiming: OnBootPhase_550_com.android.role.RoleService
09-22 19:45:47.669 1119 1119 D SystemServerTiming: OnBootPhase_550_com.android.role.RoleService took to complete: 0ms
09-22 19:45:47.669 1119 1119 I SystemServerTiming: OnBootPhase_550_com.android.server.vibrator.VibratorManagerService$Lifecycle
09-22 19:45:47.669 1119 1119 D SystemServerTiming: OnBootPhase_550_com.android.server.vibrator.VibratorManagerService$Lifecycle took to complete: 0ms
09-22 19:45:47.669 1119 1119 I SystemServerTiming: OnBootPhase_550_com.android.server.alarm.AlarmManagerService
09-22 19:45:47.669 1119 1119 D SystemServerTiming: OnBootPhase_550_com.android.server.alarm.AlarmManagerService took to complete: 0ms
09-22 19:45:47.669 1119 1119 I SystemServerTiming: OnBootPhase_550_com.android.server.devicestate.DeviceStateManagerService
09-22 19:45:47.669 1119 1119 D SystemServerTiming: OnBootPhase_550_com.android.server.devicestate.DeviceStateManagerService took to complete: 0ms
09-22 19:45:47.669 1119 1119 I SystemServerTiming: OnBootPhase_550_com.android.server.camera.CameraServiceProxy
09-22 19:45:47.669 1119 1119 D SystemServerTiming: OnBootPhase_550_com.android.server.camera.CameraServiceProxy took to complete: 0ms
09-22 19:45:47.669 1119 1119 I SystemServerTiming: OnBootPhase_550_com.android.server.BluetoothService
09-22 19:45:47.669 1119 1119 D BluetoothManagerService: Bluetooth boot completed
09-22 19:45:47.669 1119 1119 D BluetoothManagerService: Auto-enabling Bluetooth.
09-22 19:45:47.672 1119 1210 D BluetoothManagerService: MESSAGE_ENABLE(0): mBluetooth = null
09-22 19:45:47.672 1119 1210 D BluetoothManagerService: MESSAGE_ENABLE: handleEnable
09-22 19:45:47.673 1119 1210 D BluetoothManagerService: binding Bluetooth service
09-22 19:45:47.673 1119 1119 D SystemServerTiming: OnBootPhase_550_com.android.server.BluetoothService took to complete: 4ms
09-22 19:45:47.673 1119 1119 I SystemServerTiming: OnBootPhase_550_com.android.server.connectivity.IpConnectivityMetrics
09-22 19:45:47.673 1119 1119 D SystemServerTiming: OnBootPhase_550_com.android.server.connectivity.IpConnectivityMetrics took to complete: 0ms
09-22 19:45:47.673 1119 1119 I SystemServerTiming: OnBootPhase_550_com.android.server.net.watchlist.NetworkWatchlistService$Lifecycle
09-22 19:45:47.673 1119 1210 I am_uid_running: 1002
09-22 19:45:47.674 1119 1210 D CompatibilityChangeReporter: Compat change id reported: 135634846; UID 1002; state: DISABLED
09-22 19:45:47.674 1119 1210 D CompatibilityChangeReporter: Compat change id reported: 177438394; UID 1002; state: DISABLED
09-22 19:45:47.675 1119 1210 D CompatibilityChangeReporter: Compat change id reported: 135772972; UID 1002; state: DISABLED
09-22 19:45:47.675 1119 1119 D SystemServerTiming: OnBootPhase_550_com.android.server.net.watchlist.NetworkWatchlistService$Lifecycle took to complete: 1ms
09-22 19:45:47.675 1119 1119 I SystemServerTiming: OnBootPhase_550_com.android.server.PinnerService
09-22 19:45:47.675 1119 1119 D SystemServerTiming: OnBootPhase_550_com.android.server.PinnerService took to complete: 0ms
09-22 19:45:47.675 1119 1119 I SystemServerTiming: OnBootPhase_550_com.google.android.startop.iorap.IorapForwardingService
09-22 19:45:47.675 1119 1119 D SystemServerTiming: OnBootPhase_550_com.google.android.startop.iorap.IorapForwardingService took to complete: 0ms
09-22 19:45:47.675 1119 1210 D CompatibilityChangeReporter: Compat change id reported: 135754954; UID 1002; state: ENABLED
09-22 19:45:47.675 1119 1119 I SystemServerTiming: OnBootPhase_550_com.android.server.ActivityTriggerService
09-22 19:45:47.675 1119 1119 D SystemServerTiming: OnBootPhase_550_com.android.server.ActivityTriggerService took to complete: 0ms
09-22 19:45:47.675 1119 1119 I SystemServerTiming: OnBootPhase_550_com.android.server.integrity.AppIntegrityManagerService
09-22 19:45:47.675 1119 1119 D SystemServerTiming: OnBootPhase_550_com.android.server.integrity.AppIntegrityManagerService took to complete: 0ms
09-22 19:45:47.675 1119 1119 I SystemServerTiming: OnBootPhase_550_com.android.server.inputmethod.InputMethodManagerService$Lifecycle
09-22 19:45:47.675 1119 1210 D BluetoothManagerService: Binding BT service. Current user: 0
09-22 19:45:47.682 1119 1119 W InputMethodManagerService: Default IME is uninstalled. Choose new default IME.
09-22 19:45:47.708 1119 1119 D SystemServerTiming: OnBootPhase_550_com.android.server.inputmethod.InputMethodManagerService$Lifecycle took to complete: 32ms
09-22 19:45:47.708 1119 1119 I SystemServerTiming: OnBootPhase_550_com.android.server.accessibility.AccessibilityManagerService$Lifecycle
09-22 19:45:47.708 1119 1119 D SystemServerTiming: OnBootPhase_550_com.android.server.accessibility.AccessibilityManagerService$Lifecycle took to complete: 0ms
09-22 19:45:47.708 1119 1119 I SystemServerTiming: OnBootPhase_550_com.android.server.StorageManagerService$Lifecycle
09-22 19:45:47.708 1119 1119 D SystemServerTiming: OnBootPhase_550_com.android.server.StorageManagerService$Lifecycle took to complete: 0ms
09-22 19:45:47.708 1119 1119 I SystemServerTiming: OnBootPhase_550_com.android.server.usage.StorageStatsService$Lifecycle
09-22 19:45:47.708 1119 1119 D SystemServerTiming: OnBootPhase_550_com.android.server.usage.StorageStatsService$Lifecycle took to complete: 0ms
09-22 19:45:47.708 1119 1119 I SystemServerTiming: OnBootPhase_550_com.android.server.UiModeManagerService
09-22 19:45:47.708 1119 1119 D SystemServerTiming: OnBootPhase_550_com.android.server.UiModeManagerService took to complete: 0ms
09-22 19:45:47.708 1119 1119 I SystemServerTiming: OnBootPhase_550_com.android.server.locksettings.LockSettingsService$Lifecycle
09-22 19:45:47.709 1119 1119 I RebootEscrowManager: No reboot escrow data found for users, skipping loading escrow data
09-22 19:45:47.712 1119 1119 D SystemServerTiming: OnBootPhase_550_com.android.server.locksettings.LockSettingsService$Lifecycle took to complete: 3ms
09-22 19:45:47.712 1119 1119 I SystemServerTiming: OnBootPhase_550_com.android.server.PersistentDataBlockService
09-22 19:45:47.712 1119 1119 D SystemServerTiming: OnBootPhase_550_com.android.server.PersistentDataBlockService took to complete: 0ms
09-22 19:45:47.712 1119 1119 I SystemServerTiming: OnBootPhase_550_com.android.server.testharness.TestHarnessModeService
09-22 19:45:47.712 1119 1119 D SystemServerTiming: OnBootPhase_550_com.android.server.testharness.TestHarnessModeService took to complete: 0ms
09-22 19:45:47.712 1119 1119 I SystemServerTiming: OnBootPhase_550_com.android.server.oemlock.OemLockService
09-22 19:45:47.712 1119 1119 D SystemServerTiming: OnBootPhase_550_com.android.server.oemlock.OemLockService took to complete: 0ms
09-22 19:45:47.712 1119 1119 I SystemServerTiming: OnBootPhase_550_com.android.server.DeviceIdleController
09-22 19:45:47.712 1119 1119 D SystemServerTiming: OnBootPhase_550_com.android.server.DeviceIdleController took to complete: 0ms
09-22 19:45:47.712 1119 1119 I SystemServerTiming: OnBootPhase_550_com.android.server.devicepolicy.DevicePolicyManagerService$Lifecycle
09-22 19:45:47.712 1119 1119 D SystemServerTiming: OnBootPhase_550_com.android.server.devicepolicy.DevicePolicyManagerService$Lifecycle took to complete: 0ms
09-22 19:45:47.712 1119 1119 I SystemServerTiming: OnBootPhase_550_com.android.server.texttospeech.TextToSpeechManagerService
09-22 19:45:47.712 1119 1119 D SystemServerTiming: OnBootPhase_550_com.android.server.texttospeech.TextToSpeechManagerService took to complete: 0ms
09-22 19:45:47.712 1119 1119 I SystemServerTiming: OnBootPhase_550_com.android.server.speech.SpeechRecognitionManagerService
09-22 19:45:47.712 1119 1119 D SystemServerTiming: OnBootPhase_550_com.android.server.speech.SpeechRecognitionManagerService took to complete: 0ms
09-22 19:45:47.712 1119 1119 I SystemServerTiming: OnBootPhase_550_com.android.server.searchui.SearchUiManagerService
09-22 19:45:47.712 1119 1119 D SystemServerTiming: OnBootPhase_550_com.android.server.searchui.SearchUiManagerService took to complete: 0ms
09-22 19:45:47.712 1119 1119 I SystemServerTiming: OnBootPhase_550_com.android.server.smartspace.SmartspaceManagerService
09-22 19:45:47.712 1119 1119 D SystemServerTiming: OnBootPhase_550_com.android.server.smartspace.SmartspaceManagerService took to complete: 0ms
09-22 19:45:47.712 1119 1119 I SystemServerTiming: OnBootPhase_550_com.android.server.graphics.fonts.FontManagerService$Lifecycle
09-22 19:45:47.713 1119 1119 D SystemServerTiming: OnBootPhase_550_com.android.server.graphics.fonts.FontManagerService$Lifecycle took to complete: 0ms
09-22 19:45:47.713 1119 1119 I SystemServerTiming: OnBootPhase_550_com.android.server.textservices.TextServicesManagerService$Lifecycle
09-22 19:45:47.713 1119 1119 D SystemServerTiming: OnBootPhase_550_com.android.server.textservices.TextServicesManagerService$Lifecycle took to complete: 0ms
09-22 19:45:47.713 1119 1119 I SystemServerTiming: OnBootPhase_550_com.android.server.textclassifier.TextClassificationManagerService$Lifecycle
09-22 19:45:47.713 1119 1119 D SystemServerTiming: OnBootPhase_550_com.android.server.textclassifier.TextClassificationManagerService$Lifecycle took to complete: 0ms
09-22 19:45:47.713 1119 1119 I SystemServerTiming: OnBootPhase_550_com.android.server.NetworkScoreService$Lifecycle
09-22 19:45:47.713 1119 1119 D SystemServerTiming: OnBootPhase_550_com.android.server.NetworkScoreService$Lifecycle took to complete: 0ms
09-22 19:45:47.713 1119 1119 I SystemServerTiming: OnBootPhase_550_com.android.server.wifi.WifiService
09-22 19:45:47.713 1119 1119 D SystemServerTiming: OnBootPhase_550_com.android.server.wifi.WifiService took to complete: 0ms
09-22 19:45:47.713 1119 1119 I SystemServerTiming: OnBootPhase_550_com.android.server.wifi.scanner.WifiScanningService
09-22 19:45:47.713 1119 1119 D SystemServerTiming: OnBootPhase_550_com.android.server.wifi.scanner.WifiScanningService took to complete: 0ms
09-22 19:45:47.713 1119 1119 I SystemServerTiming: OnBootPhase_550_com.android.server.wifi.rtt.RttService
09-22 19:45:47.713 1119 1119 D SystemServerTiming: OnBootPhase_550_com.android.server.wifi.rtt.RttService took to complete: 0ms
09-22 19:45:47.713 1119 1119 I SystemServerTiming: OnBootPhase_550_com.android.server.wifi.aware.WifiAwareService
09-22 19:45:47.713 1119 1119 D SystemServerTiming: OnBootPhase_550_com.android.server.wifi.aware.WifiAwareService took to complete: 0ms
09-22 19:45:47.713 1119 1119 I SystemServerTiming: OnBootPhase_550_com.android.server.wifi.p2p.WifiP2pService
09-22 19:45:47.713 1119 1119 D SystemServerTiming: OnBootPhase_550_com.android.server.wifi.p2p.WifiP2pService took to complete: 0ms
09-22 19:45:47.713 1119 1119 I SystemServerTiming: OnBootPhase_550_com.android.server.ethernet.EthernetService
09-22 19:45:47.713 1119 1119 D SystemServerTiming: OnBootPhase_550_com.android.server.ethernet.EthernetService took to complete: 0ms
09-22 19:45:47.713 1119 1119 I SystemServerTiming: OnBootPhase_550_com.android.server.ConnectivityServiceInitializer
09-22 19:45:47.713 1119 1119 D SystemServerTiming: OnBootPhase_550_com.android.server.ConnectivityServiceInitializer took to complete: 0ms
09-22 19:45:47.714 1119 1119 I SystemServerTiming: OnBootPhase_550_com.android.server.notification.NotificationManagerService
09-22 19:45:47.714 1119 1119 D SystemServerTiming: OnBootPhase_550_com.android.server.notification.NotificationManagerService took to complete: 0ms
09-22 19:45:47.714 1119 1119 I SystemServerTiming: OnBootPhase_550_com.android.server.storage.DeviceStorageMonitorService
09-22 19:45:47.714 1119 1119 D SystemServerTiming: OnBootPhase_550_com.android.server.storage.DeviceStorageMonitorService took to complete: 0ms
09-22 19:45:47.714 1119 1119 I SystemServerTiming: OnBootPhase_550_com.android.server.location.LocationManagerService$Lifecycle
09-22 19:45:47.714 1119 1119 D SystemServerTiming: OnBootPhase_550_com.android.server.location.LocationManagerService$Lifecycle took to complete: 0ms
09-22 19:45:47.714 1119 1119 I SystemServerTiming: OnBootPhase_550_com.android.server.timedetector.TimeDetectorService$Lifecycle
09-22 19:45:47.714 1119 1119 D SystemServerTiming: OnBootPhase_550_com.android.server.timedetector.TimeDetectorService$Lifecycle took to complete: 0ms
09-22 19:45:47.714 1119 1119 I SystemServerTiming: OnBootPhase_550_com.android.server.timezonedetector.TimeZoneDetectorService$Lifecycle
09-22 19:45:47.714 1119 1119 D SystemServerTiming: OnBootPhase_550_com.android.server.timezonedetector.TimeZoneDetectorService$Lifecycle took to complete: 0ms
09-22 19:45:47.714 1119 1119 I SystemServerTiming: OnBootPhase_550_com.android.server.timezonedetector.location.LocationTimeZoneManagerService$Lifecycle
09-22 19:45:47.714 1119 1119 D SystemServerTiming: OnBootPhase_550_com.android.server.timezonedetector.location.LocationTimeZoneManagerService$Lifecycle took to complete: 0ms
09-22 19:45:47.714 1119 1119 I SystemServerTiming: OnBootPhase_550_com.android.server.search.SearchManagerService$Lifecycle
09-22 19:45:47.714 1119 1119 D SystemServerTiming: OnBootPhase_550_com.android.server.search.SearchManagerService$Lifecycle took to complete: 0ms
09-22 19:45:47.714 1119 1119 I SystemServerTiming: OnBootPhase_550_com.android.server.wallpaper.WallpaperManagerService$Lifecycle
09-22 19:45:47.715 1119 1229 I am_proc_start: [0,1879,1002,com.android.bluetooth,service,{com.android.bluetooth/com.android.bluetooth.btservice.AdapterService}]
09-22 19:45:47.715 1119 1229 I ActivityManager: Start proc 1879:com.android.bluetooth/1002 for service {com.android.bluetooth/com.android.bluetooth.btservice.AdapterService}
09-22 19:45:47.718 1119 1119 I WallpaperManagerService: No static wallpaper imagery; defaults will be shown
09-22 19:45:47.718 1119 1119 V WallpaperManagerService: bindWallpaperComponentLocked: componentName=ComponentInfo{com.android.systemui/com.android.systemui.ImageWallpaper}
09-22 19:45:47.720 1119 1119 I am_uid_running: 10087
09-22 19:45:47.721 1119 1119 D CompatibilityChangeReporter: Compat change id reported: 135634846; UID 10087; state: DISABLED
09-22 19:45:47.721 1119 1119 D CompatibilityChangeReporter: Compat change id reported: 177438394; UID 10087; state: DISABLED
09-22 19:45:47.721 1119 1119 D CompatibilityChangeReporter: Compat change id reported: 135772972; UID 10087; state: DISABLED
09-22 19:45:47.721 1119 1119 D CompatibilityChangeReporter: Compat change id reported: 135754954; UID 10087; state: ENABLED
09-22 19:45:47.722 1119 1229 D CompatibilityChangeReporter: Compat change id reported: 143937733; UID 10087; state: ENABLED
09-22 19:45:47.725 1119 1119 W WallpaperManagerService: Invalid wallpaper data
09-22 19:45:47.725 1119 1119 E WallpaperManagerService: Unable to apply new wallpaper
09-22 19:45:47.725 1119 1119 D SystemServerTiming: OnBootPhase_550_com.android.server.wallpaper.WallpaperManagerService$Lifecycle took to complete: 11ms
09-22 19:45:47.725 1119 1119 I SystemServerTiming: OnBootPhase_550_com.android.server.audio.AudioService$Lifecycle
09-22 19:45:47.725 1119 1119 D SystemServerTiming: OnBootPhase_550_com.android.server.audio.AudioService$Lifecycle took to complete: 0ms
09-22 19:45:47.726 1119 1119 I SystemServerTiming: OnBootPhase_550_com.android.server.soundtrigger_middleware.SoundTriggerMiddlewareService$Lifecycle
09-22 19:45:47.726 1119 1119 D SystemServerTiming: OnBootPhase_550_com.android.server.soundtrigger_middleware.SoundTriggerMiddlewareService$Lifecycle took to complete: 0ms
09-22 19:45:47.726 1119 1119 I SystemServerTiming: OnBootPhase_550_com.android.server.DockObserver
09-22 19:45:47.726 1119 1119 D SystemServerTiming: OnBootPhase_550_com.android.server.DockObserver took to complete: 0ms
09-22 19:45:47.726 1119 1119 I SystemServerTiming: OnBootPhase_550_com.android.server.midi.MidiService$Lifecycle
09-22 19:45:47.726 1119 1119 D SystemServerTiming: OnBootPhase_550_com.android.server.midi.MidiService$Lifecycle took to complete: 0ms
09-22 19:45:47.726 1119 1119 I SystemServerTiming: OnBootPhase_550_com.android.server.adb.AdbService$Lifecycle
09-22 19:45:47.726 1119 1119 D SystemServerTiming: OnBootPhase_550_com.android.server.adb.AdbService$Lifecycle took to complete: 0ms
09-22 19:45:47.726 1119 1119 I SystemServerTiming: OnBootPhase_550_com.android.server.usb.UsbService$Lifecycle
09-22 19:45:47.726 1119 1831 W BluetoothManagerService: bindBluetoothProfileService:Trying to bind to profile: 1, while Bluetooth is disabled
09-22 19:45:47.726 1119 1119 D SystemServerTiming: OnBootPhase_550_com.android.server.usb.UsbService$Lifecycle took to complete: 0ms
09-22 19:45:47.726 1119 1119 I SystemServerTiming: OnBootPhase_550_com.android.server.twilight.TwilightService
09-22 19:45:47.727 1119 1119 D SystemServerTiming: OnBootPhase_550_com.android.server.twilight.TwilightService took to complete: 0ms
09-22 19:45:47.727 1119 1119 I SystemServerTiming: OnBootPhase_550_com.android.server.display.color.ColorDisplayService
09-22 19:45:47.727 1119 1119 D SystemServerTiming: OnBootPhase_550_com.android.server.display.color.ColorDisplayService took to complete: 0ms
09-22 19:45:47.727 1119 1119 I SystemServerTiming: OnBootPhase_550_com.android.server.job.JobSchedulerService
09-22 19:45:47.727 1119 1119 D SystemServerTiming: OnBootPhase_550_com.android.server.job.JobSchedulerService took to complete: 0ms
09-22 19:45:47.727 1119 1119 I SystemServerTiming: OnBootPhase_550_com.android.server.soundtrigger.SoundTriggerService
09-22 19:45:47.727 1119 1119 D SoundTriggerService: onBootPhase: 550 : false
09-22 19:45:47.727 1119 1119 D SystemServerTiming: OnBootPhase_550_com.android.server.soundtrigger.SoundTriggerService took to complete: 1ms
09-22 19:45:47.727 1119 1119 I SystemServerTiming: OnBootPhase_550_com.android.server.trust.TrustManagerService
09-22 19:45:47.727 1119 1119 D SystemServerTiming: OnBootPhase_550_com.android.server.trust.TrustManagerService took to complete: 0ms
09-22 19:45:47.727 1119 1119 I SystemServerTiming: OnBootPhase_550_com.android.server.backup.BackupManagerService$Lifecycle
09-22 19:45:47.727 1119 1119 D SystemServerTiming: OnBootPhase_550_com.android.server.backup.BackupManagerService$Lifecycle took to complete: 0ms
09-22 19:45:47.727 1119 1663 I SystemServerTimingAsync: InitThreadPoolExec:UsbService$Lifecycle#onBootPhase
09-22 19:45:47.727 1119 1663 D SystemServerInitThreadPool: Started executing UsbService$Lifecycle#onBootPhase
09-22 19:45:47.727 1119 1119 I SystemServerTiming: OnBootPhase_550_com.android.server.appwidget.AppWidgetService
09-22 19:45:47.728 1119 1119 D SystemServerTiming: OnBootPhase_550_com.android.server.appwidget.AppWidgetService took to complete: 0ms
09-22 19:45:47.728 1119 1119 I SystemServerTiming: OnBootPhase_550_com.android.server.voiceinteraction.VoiceInteractionManagerService
09-22 19:45:47.728 1119 1119 D SystemServerTiming: OnBootPhase_550_com.android.server.voiceinteraction.VoiceInteractionManagerService took to complete: 0ms
09-22 19:45:47.728 1119 1119 I SystemServerTiming: OnBootPhase_550_com.android.server.apphibernation.AppHibernationService
09-22 19:45:47.728 1119 1119 D SystemServerTiming: OnBootPhase_550_com.android.server.apphibernation.AppHibernationService took to complete: 0ms
09-22 19:45:47.728 1119 1119 I SystemServerTiming: OnBootPhase_550_com.android.server.GestureLauncherService
09-22 19:45:47.728 1119 1119 D SystemServerTiming: OnBootPhase_550_com.android.server.GestureLauncherService took to complete: 0ms
09-22 19:45:47.728 1119 1119 I SystemServerTiming: OnBootPhase_550_com.android.server.SensorNotificationService
09-22 19:45:47.728 1119 1119 D SystemServerTiming: OnBootPhase_550_com.android.server.SensorNotificationService took to complete: 0ms
09-22 19:45:47.728 1119 1119 I SystemServerTiming: OnBootPhase_550_com.android.server.emergency.EmergencyAffordanceService
09-22 19:45:47.728 1119 1119 D SystemServerTiming: OnBootPhase_550_com.android.server.emergency.EmergencyAffordanceService took to complete: 0ms
09-22 19:45:47.728 1119 1119 I SystemServerTiming: OnBootPhase_550_com.android.server.blob.BlobStoreManagerService
09-22 19:45:47.728 1119 1663 D SystemServerInitThreadPool: Finished executing UsbService$Lifecycle#onBootPhase
09-22 19:45:47.728 1119 1663 D SystemServerTimingAsync: InitThreadPoolExec:UsbService$Lifecycle#onBootPhase took to complete: 1ms
09-22 19:45:47.730 1119 1844 I UsbPortManager: ClientCallback V1_2:
09-22 19:45:47.730 1119 1207 I UsbPortManager: USB port added: port=UsbPort{id=, supportedModes=nonesupportedContaminantProtectionModes=0supportsEnableContaminantPresenceProtection=falsesupportsEnableContaminantPresenceDetection=false, status=UsbPortStatus{connected=false, currentMode=none, currentPowerRole=no-power, currentDataRole=no-data, supportedRoleCombinations=[no-power:no-data], contaminantDetectionStatus=0, contaminantProtectionStatus=0}, canChangeMode=false, canChangePowerRole=false, canChangeDataRole=false, connectedAtMillis=0, lastConnectDurationMillis=0
09-22 19:45:47.736 1119 1119 D SystemServerTiming: OnBootPhase_550_com.android.server.blob.BlobStoreManagerService took to complete: 8ms
09-22 19:45:47.737 1119 1119 I SystemServerTiming: OnBootPhase_550_com.android.server.dreams.DreamManagerService
09-22 19:45:47.737 1119 1119 D SystemServerTiming: OnBootPhase_550_com.android.server.dreams.DreamManagerService took to complete: 0ms
09-22 19:45:47.737 1119 1119 I SystemServerTiming: OnBootPhase_550_com.android.server.companion.CompanionDeviceManagerService
09-22 19:45:47.737 1119 1119 D SystemServerTiming: OnBootPhase_550_com.android.server.companion.CompanionDeviceManagerService took to complete: 0ms
09-22 19:45:47.737 1119 1119 I SystemServerTiming: OnBootPhase_550_com.android.server.restrictions.RestrictionsManagerService
09-22 19:45:47.737 1119 1119 D SystemServerTiming: OnBootPhase_550_com.android.server.restrictions.RestrictionsManagerService took to complete: 0ms
09-22 19:45:47.737 1119 1119 I SystemServerTiming: OnBootPhase_550_com.android.server.media.MediaSessionService
09-22 19:45:47.737 1119 1119 D SystemServerTiming: OnBootPhase_550_com.android.server.media.MediaSessionService took to complete: 0ms
09-22 19:45:47.737 1119 1119 I SystemServerTiming: OnBootPhase_550_com.android.server.media.MediaResourceMonitorService
09-22 19:45:47.737 1119 1119 D SystemServerTiming: OnBootPhase_550_com.android.server.media.MediaResourceMonitorService took to complete: 0ms
09-22 19:45:47.737 1119 1119 I SystemServerTiming: OnBootPhase_550_com.android.server.biometrics.sensors.fingerprint.FingerprintService
09-22 19:45:47.737 1119 1119 D SystemServerTiming: OnBootPhase_550_com.android.server.biometrics.sensors.fingerprint.FingerprintService took to complete: 0ms
09-22 19:45:47.737 1119 1119 I SystemServerTiming: OnBootPhase_550_com.android.server.biometrics.BiometricService
09-22 19:45:47.738 1119 1119 D SystemServerTiming: OnBootPhase_550_com.android.server.biometrics.BiometricService took to complete: 0ms
09-22 19:45:47.738 1119 1119 I SystemServerTiming: OnBootPhase_550_com.android.server.biometrics.AuthService
09-22 19:45:47.738 1119 1119 D SystemServerTiming: OnBootPhase_550_com.android.server.biometrics.AuthService took to complete: 0ms
09-22 19:45:47.738 1119 1119 I SystemServerTiming: OnBootPhase_550_com.android.server.pm.ShortcutService$Lifecycle
09-22 19:45:47.738 1119 1119 D SystemServerTiming: OnBootPhase_550_com.android.server.pm.ShortcutService$Lifecycle took to complete: 0ms
09-22 19:45:47.738 1119 1119 I SystemServerTiming: OnBootPhase_550_com.android.server.pm.LauncherAppsService
09-22 19:45:47.738 1119 1119 D SystemServerTiming: OnBootPhase_550_com.android.server.pm.LauncherAppsService took to complete: 0ms
09-22 19:45:47.738 1119 1119 I SystemServerTiming: OnBootPhase_550_com.android.server.pm.CrossProfileAppsService
09-22 19:45:47.738 1119 1119 D SystemServerTiming: OnBootPhase_550_com.android.server.pm.CrossProfileAppsService took to complete: 0ms
09-22 19:45:47.738 1119 1119 I SystemServerTiming: OnBootPhase_550_com.android.server.people.PeopleService
09-22 19:45:47.738 1119 1119 D SystemServerTiming: OnBootPhase_550_com.android.server.people.PeopleService took to complete: 0ms
09-22 19:45:47.738 1119 1119 I SystemServerTiming: OnBootPhase_550_com.android.server.media.metrics.MediaMetricsManagerService
09-22 19:45:47.738 1119 1119 D SystemServerTiming: OnBootPhase_550_com.android.server.media.metrics.MediaMetricsManagerService took to complete: 0ms
09-22 19:45:47.739 1119 1119 I SystemServerTiming: OnBootPhase_550_com.android.server.media.projection.MediaProjectionManagerService
09-22 19:45:47.739 1119 1119 D SystemServerTiming: OnBootPhase_550_com.android.server.media.projection.MediaProjectionManagerService took to complete: 0ms
09-22 19:45:47.739 1119 1119 I SystemServerTiming: OnBootPhase_550_com.android.server.slice.SliceManagerService$Lifecycle
09-22 19:45:47.739 1119 1119 D SystemServerTiming: OnBootPhase_550_com.android.server.slice.SliceManagerService$Lifecycle took to complete: 0ms
09-22 19:45:47.739 1119 1119 I SystemServerTiming: OnBootPhase_550_com.android.server.stats.StatsCompanion$Lifecycle
09-22 19:45:47.739 1119 1119 D SystemServerTiming: OnBootPhase_550_com.android.server.stats.StatsCompanion$Lifecycle took to complete: 0ms
09-22 19:45:47.739 1119 1119 I SystemServerTiming: OnBootPhase_550_com.android.server.scheduling.RebootReadinessManagerService$Lifecycle
09-22 19:45:47.739 1119 1119 D SystemServerTiming: OnBootPhase_550_com.android.server.scheduling.RebootReadinessManagerService$Lifecycle took to complete: 0ms
09-22 19:45:47.739 1119 1119 I SystemServerTiming: OnBootPhase_550_com.android.server.stats.pull.StatsPullAtomService
09-22 19:45:47.739 1119 1119 D SystemServerTiming: OnBootPhase_550_com.android.server.stats.pull.StatsPullAtomService took to complete: 0ms
09-22 19:45:47.739 1119 1119 I SystemServerTiming: OnBootPhase_550_com.android.server.incident.IncidentCompanionService
09-22 19:45:47.739 1119 1119 D SystemServerTiming: OnBootPhase_550_com.android.server.incident.IncidentCompanionService took to complete: 0ms
09-22 19:45:47.739 1119 1119 I SystemServerTiming: OnBootPhase_550_com.android.server.MmsServiceBroker
09-22 19:45:47.739 1119 1119 D SystemServerTiming: OnBootPhase_550_com.android.server.MmsServiceBroker took to complete: 0ms
09-22 19:45:47.739 1119 1119 I SystemServerTiming: OnBootPhase_550_com.android.server.autofill.AutofillManagerService
09-22 19:45:47.739 1119 1119 D SystemServerTiming: OnBootPhase_550_com.android.server.autofill.AutofillManagerService took to complete: 0ms
09-22 19:45:47.739 1119 1119 I SystemServerTiming: OnBootPhase_550_com.android.server.clipboard.ClipboardService
09-22 19:45:47.739 1119 1119 D SystemServerTiming: OnBootPhase_550_com.android.server.clipboard.ClipboardService took to complete: 0ms
09-22 19:45:47.739 1119 1119 I SystemServerTiming: OnBootPhase_550_com.android.server.appbinding.AppBindingService$Lifecycle
09-22 19:45:47.740 1119 1119 I AppBindingService: Updating constants with: null
09-22 19:45:47.740 1119 1119 D SystemServerTiming: OnBootPhase_550_com.android.server.appbinding.AppBindingService$Lifecycle took to complete: 1ms
09-22 19:45:47.740 1119 1119 I SystemServerTiming: OnBootPhase_550_com.android.server.tracing.TracingServiceProxy
09-22 19:45:47.740 1119 1119 D SystemServerTiming: OnBootPhase_550_com.android.server.tracing.TracingServiceProxy took to complete: 0ms
09-22 19:45:47.740 1119 1119 I SystemServerTiming: OnBootPhase_550_com.android.server.policy.PermissionPolicyService
01-01 08:27:08.465 0 0 I binder : 1879:1879 ioctl 40046210 7fcf144d74 returned -22
01-01 08:27:08.479 0 0 D cnss : Received QMI WLFW pin connect result indication
01-01 08:27:08.479 0 0 D cnss : Pin connect Result: pwr_pin: 0x0 phy_io_pin: 0x0 rf_io_pin: 0x2b
01-01 08:27:08.480 0 0 D cnss : Received QMI WLFW calibration done indication
01-01 08:27:08.480 0 0 D cnss : Posting event: COLD_BOOT_CAL_DONE(6), state: 0xf flags: 0x0
01-01 08:27:08.480 0 0 D cnss : PM stay awake, state: 0xf, count: 1
01-01 08:27:08.480 0 0 D cnss : Processing driver event: COLD_BOOT_CAL_DONE(6), state: 0xf
01-01 08:27:08.480 0 0 D cnss : Calibration completed successfully
01-01 08:27:08.480 0 0 D cnss : Received QMI WLFW FW ready indication
01-01 08:27:08.480 0 0 D cnss : Posting event: COLD_BOOT_CAL_DONE(6), state: 0xf flags: 0x0
01-01 08:27:08.480 0 0 D cnss : Sending mode message, mode: OFF(4), state: 0xf
09-22 19:45:47.768 1119 1119 I PackageManager: Permission ownership changed. Updating all permissions.
09-22 19:45:47.786 1879 1879 I service_manager_slow: [10,activity]
01-01 08:27:08.486 0 0 D cnss : WLFW server exiting
09-22 19:45:47.787 1119 1712 I am_proc_bound: [0,1879,com.android.bluetooth]
09-22 19:45:47.788 1119 1229 W ActivityManager: Slow operation: 68ms so far, now at startProcess: returned from zygote!
09-22 19:45:47.794 1119 1119 W SystemServiceManager: Service com.android.server.policy.PermissionPolicyService took 54 ms in onBootPhase
09-22 19:45:47.794 1119 1119 D SystemServerTiming: OnBootPhase_550_com.android.server.policy.PermissionPolicyService took to complete: 54ms
09-22 19:45:47.794 1119 1119 I SystemServerTiming: OnBootPhase_550_com.android.server.pm.StagingManager$Lifecycle
09-22 19:45:47.794 1119 1119 D SystemServerTiming: OnBootPhase_550_com.android.server.pm.StagingManager$Lifecycle took to complete: 0ms
09-22 19:45:47.794 1119 1119 I SystemServerTiming: OnBootPhase_550_com.android.server.app.GameManagerService$Lifecycle
09-22 19:45:47.794 1119 1119 D SystemServerTiming: OnBootPhase_550_com.android.server.app.GameManagerService$Lifecycle took to complete: 0ms
09-22 19:45:47.794 1119 1119 I SystemServerTiming: OnBootPhase_550_com.android.server.appsearch.AppSearchManagerService
09-22 19:45:47.795 1119 1119 D SystemServerTiming: OnBootPhase_550_com.android.server.appsearch.AppSearchManagerService took to complete: 0ms
09-22 19:45:47.795 1119 1119 I SystemServerTiming: OnBootPhase_550_com.android.server.media.MediaCommunicationService
09-22 19:45:47.795 1119 1119 D SystemServerTiming: OnBootPhase_550_com.android.server.media.MediaCommunicationService took to complete: 0ms
09-22 19:45:47.795 1119 1119 D SystemServerTiming: OnBootPhase_550 took to complete: 144ms
09-22 19:45:47.795 1119 1119 D SystemServerTiming: StartActivityManagerReadyPhase took to complete: 145ms
09-22 19:45:47.795 1119 1119 I SystemServerTiming: StartObservingNativeCrashes
09-22 19:45:47.796 1119 1119 D SystemServerTiming: StartObservingNativeCrashes took to complete: 1ms
09-22 19:45:47.796 1119 1119 I SystemServerTiming: RegisterAppOpsPolicy
09-22 19:45:47.796 1119 1712 D CompatibilityChangeReporter: Compat change id reported: 168419799; UID 1002; state: DISABLED
01-01 08:27:08.486 0 0 D cnss : Posting event: SERVER_EXIT(1), state: 0x2000f flags: 0x0
01-01 08:27:08.486 0 0 D cnss : Skip driver remove
01-01 08:27:08.487 0 0 D cnss : Read register offset 0x1f8031c, val = 0x2
01-01 08:27:08.487 0 0 D cnss : Write val 0x3 to register offset 0x1f8031c
01-01 08:27:08.489 0 0 D cnss : Setting MHI state: POWER_OFF(4)
09-22 19:45:47.810 1119 1712 I am_uid_active: 1002
09-22 19:45:47.819 1119 1229 I dvm_lock_sample: [system_server,1,ActivityManager:procStart,30,ProcessList.java,2160,void com.android.server.am.ProcessList.handleProcessStart(com.android.server.am.ProcessRecord, java.lang.String, int[], int, int, int, java.lang.String, java.lang.String, java.lang.String, long),ActivityManagerService.java,4737,void com.android.server.am.ActivityManagerService.attachApplication(android.app.IApplicationThread, long),6]
09-22 19:45:47.819 1119 1229 W ActivityManager: Slow operation: 98ms so far, now at startProcess: done updating battery stats
09-22 19:45:47.819 1119 1229 I am_proc_start: [0,1898,10087,com.android.systemui,service,{com.android.systemui/com.android.systemui.ImageWallpaper}]
09-22 19:45:47.819 1119 1229 W ActivityManager: Slow operation: 99ms so far, now at startProcess: building log message
09-22 19:45:47.819 1119 1229 I ActivityManager: Start proc 1898:com.android.systemui/u0a87 for service {com.android.systemui/com.android.systemui.ImageWallpaper}
09-22 19:45:47.819 1119 1229 W ActivityManager: Slow operation: 99ms so far, now at startProcess: starting to update pids map
09-22 19:45:47.820 1119 1229 W ActivityManager: Slow operation: 99ms so far, now at startProcess: done updating pids map
09-22 19:45:47.822 1119 1119 D SystemServerTiming: RegisterAppOpsPolicy took to complete: 26ms
09-22 19:45:47.822 1119 1630 I SystemServerTimingAsync: InitThreadPoolExec:WebViewFactoryPreparation
09-22 19:45:47.823 1119 1630 D SystemServerInitThreadPool: Started executing WebViewFactoryPreparation
09-22 19:45:47.823 1119 1630 I SystemServer: WebViewFactoryPreparation
09-22 19:45:47.823 1119 1630 I SystemServerTimingAsync: WebViewFactoryPreparation
09-22 19:45:47.823 1119 1119 I SystemServerTiming: MakeNetworkManagementServiceReady
09-22 19:45:47.824 1119 1630 I am_uid_running: 1037
09-22 19:45:47.824 1119 1630 D CompatibilityChangeReporter: Compat change id reported: 135634846; UID 1000; state: DISABLED
09-22 19:45:47.824 1119 1630 D CompatibilityChangeReporter: Compat change id reported: 177438394; UID 1000; state: DISABLED
09-22 19:45:47.824 1119 1630 D CompatibilityChangeReporter: Compat change id reported: 135772972; UID 1000; state: DISABLED
09-22 19:45:47.824 1119 1630 D CompatibilityChangeReporter: Compat change id reported: 178038272; UID 1000; state: DISABLED
09-22 19:45:47.825 1119 1630 D SystemServerTimingAsync: WebViewFactoryPreparation took to complete: 3ms
09-22 19:45:47.825 1119 1630 D SystemServerInitThreadPool: Finished executing WebViewFactoryPreparation
09-22 19:45:47.825 1119 1630 D SystemServerTimingAsync: InitThreadPoolExec:WebViewFactoryPreparation took to complete: 3ms
09-22 19:45:47.829 1119 1119 D SystemServerTiming: MakeNetworkManagementServiceReady took to complete: 5ms
09-22 19:45:47.829 1119 1119 I SystemServerTiming: MakeIpSecServiceReady
01-01 08:27:08.539 0 0 D cnss : Suspending PCI link
01-01 08:27:08.539 0 0 I msm_pcie_disable: PCIe: Assert the reset of endpoint of RC0.
09-22 19:45:47.831 1119 1119 D IpSecService: IpSecService is ready
09-22 19:45:47.831 1119 1119 D SystemServerTiming: MakeIpSecServiceReady took to complete: 1ms
09-22 19:45:47.831 1119 1119 I SystemServerTiming: MakeNetworkStatsServiceReady
09-22 19:45:47.836 1119 1238 W BatteryExternalStatsWorker: error reading modem stats:ERROR_PHONE_NOT_AVAILABLE
01-01 08:27:08.542 0 0 D cnss : Setting MHI state: DEINIT(1)
01-01 08:27:08.543 0 0 D cnss : De-assert WLAN_EN GPIO successfully
01-01 08:27:08.543 0 0 D cnss : Regulator vdd-wlan-rfa2 is being disabled
01-01 08:27:08.543 0 0 D cnss : Regulator vdd-wlan-rfa1 is being disabled
01-01 08:27:08.543 0 0 D cnss : Regulator vdd-wlan-dig is being disabled
01-01 08:27:08.543 0 0 D cnss : Regulator vdd-wlan-aon is being disabled
01-01 08:27:08.543 0 0 D cnss : Regulator wlan-ant-switch is being disabled
01-01 08:27:08.543 0 0 D cnss : Regulator vdd-wlan-io is being disabled
09-22 19:45:47.845 1119 1730 D TelephonyRegistry: listen oscl: mHasNotifySubscriptionInfoChangedOccurred==false no callback
09-22 19:45:47.850 1119 1119 D SystemServerTiming: MakeNetworkStatsServiceReady took to complete: 18ms
09-22 19:45:47.850 1119 1119 I SystemServerTiming: MakeConnectivityServiceReady
09-22 19:45:47.861 1119 1731 I commit_sys_config_file: [net-policy,5]
09-22 19:45:47.861 1119 1731 W NetworkPolicy: setRestrictBackgroundUL: already false
09-22 19:45:47.864 1119 1119 D SystemServerTiming: MakeConnectivityServiceReady took to complete: 15ms
09-22 19:45:47.864 1119 1119 I SystemServerTiming: MakeVpnManagerServiceReady
09-22 19:45:47.875 1119 1119 D SystemServerTiming: MakeVpnManagerServiceReady took to complete: 10ms
09-22 19:45:47.875 1119 1119 I SystemServerTiming: MakeVcnManagementServiceReady
09-22 19:45:47.876 1119 1119 D TelephonyRegistry: listen oscl: mHasNotifySubscriptionInfoChangedOccurred==false no callback
09-22 19:45:47.880 1119 1731 D TelephonyRegistry: listen oscl: mHasNotifySubscriptionInfoChangedOccurred==false no callback
09-22 19:45:47.884 1119 1119 D SystemServerTiming: MakeVcnManagementServiceReady took to complete: 9ms
09-22 19:45:47.884 1119 1119 I SystemServerTiming: MakeNetworkPolicyServiceReady
09-22 19:45:47.886 1119 1119 D SystemServerTiming: MakeNetworkPolicyServiceReady took to complete: 2ms
09-22 19:45:47.886 1119 1119 I SystemServerTiming: PhaseThirdPartyAppsCanStart
09-22 19:45:47.886 1119 1119 I SystemServiceManager: Starting phase 600
09-22 19:45:47.887 1119 1119 I SystemServerTiming: OnBootPhase_600
09-22 19:45:47.887 1119 1119 I SystemServerTiming: OnBootPhase_600_com.android.server.security.FileIntegrityService
09-22 19:45:47.887 1119 1119 D SystemServerTiming: OnBootPhase_600_com.android.server.security.FileIntegrityService took to complete: 0ms
09-22 19:45:47.887 1119 1119 I SystemServerTiming: OnBootPhase_600_com.android.server.pm.Installer
09-22 19:45:47.887 1119 1119 D SystemServerTiming: OnBootPhase_600_com.android.server.pm.Installer took to complete: 0ms
09-22 19:45:47.887 1119 1119 I SystemServerTiming: OnBootPhase_600_com.android.server.os.DeviceIdentifiersPolicyService
09-22 19:45:47.887 1119 1119 D SystemServerTiming: OnBootPhase_600_com.android.server.os.DeviceIdentifiersPolicyService took to complete: 0ms
09-22 19:45:47.887 1119 1119 I SystemServerTiming: OnBootPhase_600_com.android.server.uri.UriGrantsManagerService$Lifecycle
09-22 19:45:47.888 1119 1119 D SystemServerTiming: OnBootPhase_600_com.android.server.uri.UriGrantsManagerService$Lifecycle took to complete: 0ms
09-22 19:45:47.888 1119 1119 I SystemServerTiming: OnBootPhase_600_com.android.server.powerstats.PowerStatsService
09-22 19:45:47.888 1119 1119 D SystemServerTiming: OnBootPhase_600_com.android.server.powerstats.PowerStatsService took to complete: 0ms
09-22 19:45:47.888 1119 1119 I SystemServerTiming: OnBootPhase_600_com.android.server.wm.ActivityTaskManagerService$Lifecycle
09-22 19:45:47.888 1119 1119 D SystemServerTiming: OnBootPhase_600_com.android.server.wm.ActivityTaskManagerService$Lifecycle took to complete: 0ms
09-22 19:45:47.888 1119 1119 I SystemServerTiming: OnBootPhase_600_com.android.server.am.ActivityManagerService$Lifecycle
09-22 19:45:47.889 1119 1119 I ExplicitHealthCheckController: Explicit health checks enabled.
09-22 19:45:47.889 1119 1119 I PackageWatchdog: Syncing state, reason: health check state enabled
09-22 19:45:47.889 1119 1119 I PackageWatchdog: Not pruning observers, elapsed time: 0ms
09-22 19:45:47.890 1119 1119 I PackageWatchdog: Cancelling state sync, nothing to sync
09-22 19:45:47.890 1119 1226 I PackageWatchdog: Saving observer state to file
09-22 19:45:47.890 1119 1119 D SystemServerTiming: OnBootPhase_600_com.android.server.am.ActivityManagerService$Lifecycle took to complete: 1ms
09-22 19:45:47.890 1119 1119 I SystemServerTiming: OnBootPhase_600_com.android.server.pm.DataLoaderManagerService
09-22 19:45:47.890 1119 1119 D SystemServerTiming: OnBootPhase_600_com.android.server.pm.DataLoaderManagerService took to complete: 0ms
09-22 19:45:47.890 1119 1119 I SystemServerTiming: OnBootPhase_600_com.android.server.power.PowerManagerService
09-22 19:45:47.891 1119 1119 D SystemServerTiming: OnBootPhase_600_com.android.server.power.PowerManagerService took to complete: 1ms
09-22 19:45:47.892 1119 1119 I SystemServerTiming: OnBootPhase_600_com.android.server.power.ThermalManagerService
09-22 19:45:47.892 1119 1119 D SystemServerTiming: OnBootPhase_600_com.android.server.power.ThermalManagerService took to complete: 0ms
09-22 19:45:47.892 1119 1119 I SystemServerTiming: OnBootPhase_600_com.android.server.power.hint.HintManagerService
09-22 19:45:47.892 1119 1119 D SystemServerTiming: OnBootPhase_600_com.android.server.power.hint.HintManagerService took to complete: 0ms
09-22 19:45:47.892 1119 1119 I SystemServerTiming: OnBootPhase_600_com.android.server.recoverysystem.RecoverySystemService$Lifecycle
09-22 19:45:47.892 1119 1119 D SystemServerTiming: OnBootPhase_600_com.android.server.recoverysystem.RecoverySystemService$Lifecycle took to complete: 0ms
09-22 19:45:47.892 1119 1119 I SystemServerTiming: OnBootPhase_600_com.android.server.lights.LightsService
09-22 19:45:47.892 1119 1119 D SystemServerTiming: OnBootPhase_600_com.android.server.lights.LightsService took to complete: 0ms
09-22 19:45:47.893 1119 1119 I SystemServerTiming: OnBootPhase_600_com.android.server.display.DisplayManagerService
09-22 19:45:47.893 1119 1119 D SystemServerTiming: OnBootPhase_600_com.android.server.display.DisplayManagerService took to complete: 0ms
09-22 19:45:47.893 1119 1119 I SystemServerTiming: OnBootPhase_600_com.android.server.pm.verify.domain.DomainVerificationService
09-22 19:45:47.893 1119 1119 D SystemServerTiming: OnBootPhase_600_com.android.server.pm.verify.domain.DomainVerificationService took to complete: 0ms
09-22 19:45:47.893 1119 1119 I SystemServerTiming: OnBootPhase_600_com.android.server.pm.PackageInstallerService$Lifecycle
09-22 19:45:47.893 1119 1119 D SystemServerTiming: OnBootPhase_600_com.android.server.pm.PackageInstallerService$Lifecycle took to complete: 0ms
09-22 19:45:47.894 1119 1119 I SystemServerTiming: OnBootPhase_600_com.android.server.pm.UserManagerService$LifeCycle
09-22 19:45:47.894 1119 1119 D SystemServerTiming: OnBootPhase_600_com.android.server.pm.UserManagerService$LifeCycle took to complete: 0ms
09-22 19:45:47.894 1119 1119 I SystemServerTiming: OnBootPhase_600_com.android.server.om.OverlayManagerService
09-22 19:45:47.894 1119 1119 D SystemServerTiming: OnBootPhase_600_com.android.server.om.OverlayManagerService took to complete: 0ms
09-22 19:45:47.894 1119 1119 I SystemServerTiming: OnBootPhase_600_com.android.server.SensorPrivacyService
09-22 19:45:47.894 1119 1119 D SystemServerTiming: OnBootPhase_600_com.android.server.SensorPrivacyService took to complete: 0ms
09-22 19:45:47.894 1119 1119 I SystemServerTiming: OnBootPhase_600_com.android.server.sensors.SensorService
09-22 19:45:47.894 1119 1119 D SystemServerTiming: OnBootPhase_600_com.android.server.sensors.SensorService took to complete: 0ms
09-22 19:45:47.894 1119 1119 I SystemServerTiming: OnBootPhase_600_com.android.server.SystemConfigService
09-22 19:45:47.895 1119 1119 D SystemServerTiming: OnBootPhase_600_com.android.server.SystemConfigService took to complete: 0ms
09-22 19:45:47.895 1119 1119 I SystemServerTiming: OnBootPhase_600_com.android.server.BatteryService
09-22 19:45:47.895 1119 1119 D SystemServerTiming: OnBootPhase_600_com.android.server.BatteryService took to complete: 0ms
09-22 19:45:47.895 1119 1119 I SystemServerTiming: OnBootPhase_600_com.android.server.usage.UsageStatsService
09-22 19:45:47.895 1119 1119 D SystemServerTiming: OnBootPhase_600_com.android.server.usage.UsageStatsService took to complete: 0ms
09-22 19:45:47.895 1119 1119 I SystemServerTiming: OnBootPhase_600_com.android.server.webkit.WebViewUpdateService
09-22 19:45:47.895 1119 1119 D SystemServerTiming: OnBootPhase_600_com.android.server.webkit.WebViewUpdateService took to complete: 0ms
09-22 19:45:47.895 1119 1119 I SystemServerTiming: OnBootPhase_600_com.android.server.CachedDeviceStateService
09-22 19:45:47.896 1119 1119 D SystemServerTiming: OnBootPhase_600_com.android.server.CachedDeviceStateService took to complete: 0ms
09-22 19:45:47.896 1119 1119 I SystemServerTiming: OnBootPhase_600_com.android.server.BinderCallsStatsService$LifeCycle
09-22 19:45:47.896 1119 1119 D SystemServerTiming: OnBootPhase_600_com.android.server.BinderCallsStatsService$LifeCycle took to complete: 0ms
09-22 19:45:47.896 1119 1119 I SystemServerTiming: OnBootPhase_600_com.android.server.LooperStatsService$Lifecycle
09-22 19:45:47.896 1119 1119 D SystemServerTiming: OnBootPhase_600_com.android.server.LooperStatsService$Lifecycle took to complete: 0ms
09-22 19:45:47.896 1119 1119 I SystemServerTiming: OnBootPhase_600_com.android.server.rollback.RollbackManagerService
09-22 19:45:47.896 1119 1119 D SystemServerTiming: OnBootPhase_600_com.android.server.rollback.RollbackManagerService took to complete: 0ms
09-22 19:45:47.896 1119 1119 I SystemServerTiming: OnBootPhase_600_com.android.server.os.NativeTombstoneManagerService
09-22 19:45:47.896 1119 1119 D SystemServerTiming: OnBootPhase_600_com.android.server.os.NativeTombstoneManagerService took to complete: 0ms
09-22 19:45:47.896 1119 1119 I SystemServerTiming: OnBootPhase_600_com.android.server.os.BugreportManagerService
09-22 19:45:47.896 1119 1119 D SystemServerTiming: OnBootPhase_600_com.android.server.os.BugreportManagerService took to complete: 0ms
09-22 19:45:47.896 1119 1119 I SystemServerTiming: OnBootPhase_600_com.android.server.gpu.GpuService
09-22 19:45:47.896 1119 1119 D SystemServerTiming: OnBootPhase_600_com.android.server.gpu.GpuService took to complete: 0ms
09-22 19:45:47.896 1119 1119 I SystemServerTiming: OnBootPhase_600_com.android.server.security.KeyChainSystemService
09-22 19:45:47.896 1119 1119 D SystemServerTiming: OnBootPhase_600_com.android.server.security.KeyChainSystemService took to complete: 0ms
09-22 19:45:47.897 1119 1119 I SystemServerTiming: OnBootPhase_600_com.android.server.telecom.TelecomLoaderService
09-22 19:45:47.897 1119 1119 D SystemServerTiming: OnBootPhase_600_com.android.server.telecom.TelecomLoaderService took to complete: 0ms
09-22 19:45:47.897 1119 1119 I SystemServerTiming: OnBootPhase_600_com.android.server.accounts.AccountManagerService$Lifecycle
09-22 19:45:47.897 1119 1119 D SystemServerTiming: OnBootPhase_600_com.android.server.accounts.AccountManagerService$Lifecycle took to complete: 0ms
09-22 19:45:47.897 1119 1119 I SystemServerTiming: OnBootPhase_600_com.android.server.content.ContentService$Lifecycle
09-22 19:45:47.897 1119 1119 D SystemServerTiming: OnBootPhase_600_com.android.server.content.ContentService$Lifecycle took to complete: 0ms
09-22 19:45:47.897 1119 1119 I SystemServerTiming: OnBootPhase_600_com.android.server.DropBoxManagerService
09-22 19:45:47.897 1119 1119 D SystemServerTiming: OnBootPhase_600_com.android.server.DropBoxManagerService took to complete: 0ms
09-22 19:45:47.897 1119 1119 I SystemServerTiming: OnBootPhase_600_com.android.role.RoleService
09-22 19:45:47.897 1119 1119 D SystemServerTiming: OnBootPhase_600_com.android.role.RoleService took to complete: 0ms
09-22 19:45:47.897 1119 1119 I SystemServerTiming: OnBootPhase_600_com.android.server.vibrator.VibratorManagerService$Lifecycle
01-01 08:27:08.602 0 0 D cnss : Posting event: REGISTER_DRIVER(7)-sync, state: 0x20001 flags: 0x5
01-01 08:27:08.602 0 0 D cnss : Processing driver event: COLD_BOOT_CAL_DONE(6), state: 0x20001
01-01 08:27:08.602 0 0 D cnss : Processing driver event: SERVER_EXIT(1), state: 0x20001
01-01 08:27:08.602 0 0 I cnss : QMI WLFW service disconnected, state: 0x20000
09-22 19:45:47.897 1119 1119 D SystemServerTiming: OnBootPhase_600_com.android.server.vibrator.VibratorManagerService$Lifecycle took to complete: 0ms
09-22 19:45:47.898 1119 1119 I SystemServerTiming: OnBootPhase_600_com.android.server.alarm.AlarmManagerService
09-22 19:45:47.898 1119 1119 D SystemServerTiming: OnBootPhase_600_com.android.server.alarm.AlarmManagerService took to complete: 0ms
09-22 19:45:47.898 1119 1119 I SystemServerTiming: OnBootPhase_600_com.android.server.devicestate.DeviceStateManagerService
09-22 19:45:47.898 1119 1119 D SystemServerTiming: OnBootPhase_600_com.android.server.devicestate.DeviceStateManagerService took to complete: 0ms
09-22 19:45:47.898 1119 1119 I SystemServerTiming: OnBootPhase_600_com.android.server.camera.CameraServiceProxy
09-22 19:45:47.899 1119 1119 D SystemServerTiming: OnBootPhase_600_com.android.server.camera.CameraServiceProxy took to complete: 0ms
09-22 19:45:47.899 1119 1119 I SystemServerTiming: OnBootPhase_600_com.android.server.BluetoothService
09-22 19:45:47.899 1119 1119 D SystemServerTiming: OnBootPhase_600_com.android.server.BluetoothService took to complete: 0ms
09-22 19:45:47.899 1119 1119 I SystemServerTiming: OnBootPhase_600_com.android.server.connectivity.IpConnectivityMetrics
09-22 19:45:47.899 1119 1119 D SystemServerTiming: OnBootPhase_600_com.android.server.connectivity.IpConnectivityMetrics took to complete: 0ms
09-22 19:45:47.899 1119 1119 I SystemServerTiming: OnBootPhase_600_com.android.server.net.watchlist.NetworkWatchlistService$Lifecycle
09-22 19:45:47.899 1119 1119 D SystemServerTiming: OnBootPhase_600_com.android.server.net.watchlist.NetworkWatchlistService$Lifecycle took to complete: 0ms
09-22 19:45:47.899 1119 1119 I SystemServerTiming: OnBootPhase_600_com.android.server.PinnerService
09-22 19:45:47.899 1119 1119 D SystemServerTiming: OnBootPhase_600_com.android.server.PinnerService took to complete: 0ms
09-22 19:45:47.900 1119 1119 I SystemServerTiming: OnBootPhase_600_com.google.android.startop.iorap.IorapForwardingService
09-22 19:45:47.900 1119 1119 D SystemServerTiming: OnBootPhase_600_com.google.android.startop.iorap.IorapForwardingService took to complete: 0ms
