01-01 08:37:57.999 0 0 D mv2112_update_link: 3.0x8109(100M): 0x0
01-01 08:37:57.999 0 0 D mv2112_update_link: link 0x0
01-01 08:37:57.999 0 0 D mv2112_read_status: autoneg is disabled
09-22 19:56:37.945 663 674 I mpu_uart: [MSG-P:RECV]:No message received in 1000 ms
01-01 08:37:59.019 0 0 D : mv2112_read_status
01-01 08:37:59.020 0 0 D mv2112_update_link: 3.0x901(1G): 0x80
01-01 08:37:59.022 0 0 D mv2112_update_link: 3.0x8109(100M): 0x0
01-01 08:37:59.023 0 0 D mv2112_update_link: link 0x0
01-01 08:37:59.023 0 0 D mv2112_read_status: autoneg is disabled
09-22 19:56:38.946 663 674 I mpu_uart: [MSG-P:RECV]:No message received in 1000 ms
09-22 19:56:39.278 518 518 I hwservicemanager: getTransport: Cannot find entry android.hardware.light@2.0::ILight/default in either framework or device VINTF manifest.
09-22 19:56:39.284 4257 4257 E light : light_open lights keyboard failed: -22
09-22 19:56:39.284 4257 4257 E light : Light passthrough failed to load legacy HAL.
09-22 19:56:39.285 4257 4257 E light : light_open lights buttons failed: -22
09-22 19:56:39.285 4257 4257 E light : Light passthrough failed to load legacy HAL.
09-22 19:56:39.288 4257 4257 E light : light_open lights bluetooth failed: -22
09-22 19:56:39.288 4257 4257 E light : Light passthrough failed to load legacy HAL.
09-22 19:56:39.288 4257 4257 E light : light_open lights wifi failed: -22
09-22 19:56:39.288 4257 4257 E light : Light passthrough failed to load legacy HAL.
09-22 19:56:39.291 518 518 I hwservicemanager: getTransport: Cannot find entry android.hardware.light@2.0::ILight/default in either framework or device VINTF manifest.
09-22 19:56:39.293 4257 4257 E HidlServiceManagement: Service android.hardware.light@2.0::ILight/default must be in VINTF manifest in order to register/get.
09-22 19:56:39.293 4257 4257 E LegacySupport: Could not register service android.hardware.light@2.0::ILight/default (-2147483648).
01-01 08:38:00.042 0 0 D : mv2112_read_status
01-01 08:38:00.043 0 0 D mv2112_update_link: 3.0x901(1G): 0x80
01-01 08:38:00.045 0 0 D mv2112_update_link: 3.0x8109(100M): 0x0
01-01 08:38:00.045 0 0 D mv2112_update_link: link 0x0
01-01 08:38:00.045 0 0 D mv2112_read_status: autoneg is disabled
09-22 19:56:39.947 663 674 I mpu_uart: [MSG-P:RECV]:No message received in 1000 ms
01-01 08:38:00.749 0 0 I init : starting service 'qvrd_vndr'...
01-01 08:38:00.759 0 0 I init : Created socket '/dev/socket/qvrservice_vndr', mode 660, user 1000, group 1000
01-01 08:38:00.765 0 0 I init : Created socket '/dev/socket/qvrservice_vndr_camera', mode 660, user 1000, group 1000
01-01 08:38:00.825 0 0 I init : starting service 'sxrd'...
09-22 19:56:40.143 663 673 I mpu_uart: [MSG-P:R]:recv sync frame timeout
09-22 19:56:40.155 4258 4258 F linker : CANNOT LINK EXECUTABLE "/vendor/bin/hw/qvrservice": library "vendor.qti.hardware.qxr-V1-ndk_platform.so" not found: needed by /vendor/lib64/libqvrservice.so in namespace (default)
01-01 08:38:00.859 0 0 I init : Service 'qvrd_vndr' (pid 4258) exited with status 1
01-01 08:38:00.859 0 0 I init : Sending signal 9 to service 'qvrd_vndr' (pid 4258) process group...
01-01 08:38:00.860 0 0 I libprocessgroup: Successfully killed process cgroup uid 1000 pid 4258 in 0ms
09-22 19:56:40.202 4259 4259 F linker : CANNOT LINK EXECUTABLE "/vendor/bin/hw/sxrservice": library "vendor.qti.hardware.qxr-V1-ndk_platform.so" not found: needed by main executable
01-01 08:38:00.906 0 0 I init : Service 'sxrd' (pid 4259) exited with status 1
01-01 08:38:00.906 0 0 I init : Sending signal 9 to service 'sxrd' (pid 4259) process group...
01-01 08:38:00.907 0 0 I libprocessgroup: Successfully killed process cgroup uid 1000 pid 4259 in 0ms
01-01 08:38:01.066 0 0 D : mv2112_read_status
01-01 08:38:01.067 0 0 D mv2112_update_link: 3.0x901(1G): 0x80
01-01 08:38:01.068 0 0 D mv2112_update_link: 3.0x8109(100M): 0x0
01-01 08:38:01.068 0 0 D mv2112_update_link: link 0x0
01-01 08:38:01.068 0 0 D mv2112_read_status: autoneg is disabled
09-22 19:56:40.947 663 674 I mpu_uart: [MSG-P:RECV]:No message received in 1000 ms
01-01 08:38:02.090 0 0 D : mv2112_read_status
01-01 08:38:02.091 0 0 D mv2112_update_link: 3.0x901(1G): 0x80
01-01 08:38:02.093 0 0 D mv2112_update_link: 3.0x8109(100M): 0x0
01-01 08:38:02.093 0 0 D mv2112_update_link: link 0x0
01-01 08:38:02.093 0 0 D mv2112_read_status: autoneg is disabled
09-22 19:56:41.948 663 674 I mpu_uart: [MSG-P:RECV]:No message received in 1000 ms
01-01 08:38:03.120 0 0 D : mv2112_read_status
01-01 08:38:03.121 0 0 D mv2112_update_link: 3.0x901(1G): 0x80
01-01 08:38:03.123 0 0 D mv2112_update_link: 3.0x8109(100M): 0x0
01-01 08:38:03.123 0 0 D mv2112_update_link: link 0x0
01-01 08:38:03.123 0 0 D mv2112_read_status: autoneg is disabled
09-22 19:56:42.949 663 674 I mpu_uart: [MSG-P:RECV]:No message received in 1000 ms
09-22 19:56:43.147 663 673 I mpu_uart: [MSG-P:R]:recv sync frame timeout
01-01 08:38:04.139 0 0 D : mv2112_read_status
01-01 08:38:04.140 0 0 D mv2112_update_link: 3.0x901(1G): 0x80
01-01 08:38:04.142 0 0 D mv2112_update_link: 3.0x8109(100M): 0x0
01-01 08:38:04.142 0 0 D mv2112_update_link: link 0x0
01-01 08:38:04.144 0 0 D mv2112_read_status: autoneg is disabled
09-22 19:56:43.949 663 674 I mpu_uart: [MSG-P:RECV]:No message received in 1000 ms
09-22 19:56:44.319 518 518 I hwservicemanager: getTransport: Cannot find entry android.hardware.light@2.0::ILight/default in either framework or device VINTF manifest.
09-22 19:56:44.325 4260 4260 E light : light_open lights keyboard failed: -22
09-22 19:56:44.325 4260 4260 E light : Light passthrough failed to load legacy HAL.
09-22 19:56:44.326 4260 4260 E light : light_open lights buttons failed: -22
09-22 19:56:44.326 4260 4260 E light : Light passthrough failed to load legacy HAL.
09-22 19:56:44.332 4260 4260 E light : light_open lights bluetooth failed: -22
09-22 19:56:44.332 4260 4260 E light : Light passthrough failed to load legacy HAL.
09-22 19:56:44.333 4260 4260 E light : light_open lights wifi failed: -22
09-22 19:56:44.333 4260 4260 E light : Light passthrough failed to load legacy HAL.
09-22 19:56:44.336 518 518 I hwservicemanager: getTransport: Cannot find entry android.hardware.light@2.0::ILight/default in either framework or device VINTF manifest.
09-22 19:56:44.337 4260 4260 E HidlServiceManagement: Service android.hardware.light@2.0::ILight/default must be in VINTF manifest in order to register/get.
09-22 19:56:44.338 4260 4260 E LegacySupport: Could not register service android.hardware.light@2.0::ILight/default (-2147483648).
01-01 08:38:05.162 0 0 D : mv2112_read_status
01-01 08:38:05.164 0 0 D mv2112_update_link: 3.0x901(1G): 0x80
01-01 08:38:05.166 0 0 D mv2112_update_link: 3.0x8109(100M): 0x0
01-01 08:38:05.166 0 0 D mv2112_update_link: link 0x0
01-01 08:38:05.166 0 0 D mv2112_read_status: autoneg is disabled
09-22 19:56:44.950 663 674 I mpu_uart: [MSG-P:RECV]:No message received in 1000 ms
01-01 08:38:05.813 0 0 I init : starting service 'qvrd_vndr'...
01-01 08:38:05.825 0 0 I init : Created socket '/dev/socket/qvrservice_vndr', mode 660, user 1000, group 1000
01-01 08:38:05.835 0 0 I init : Created socket '/dev/socket/qvrservice_vndr_camera', mode 660, user 1000, group 1000
01-01 08:38:05.905 0 0 I init : starting service 'sxrd'...
09-22 19:56:45.236 4261 4261 F linker : CANNOT LINK EXECUTABLE "/vendor/bin/hw/qvrservice": library "vendor.qti.hardware.qxr-V1-ndk_platform.so" not found: needed by /vendor/lib64/libqvrservice.so in namespace (default)
01-01 08:38:05.940 0 0 I init : Service 'qvrd_vndr' (pid 4261) exited with status 1
01-01 08:38:05.940 0 0 I init : Sending signal 9 to service 'qvrd_vndr' (pid 4261) process group...
01-01 08:38:05.941 0 0 I libprocessgroup: Successfully killed process cgroup uid 1000 pid 4261 in 1ms
09-22 19:56:45.245 4262 4262 F linker : CANNOT LINK EXECUTABLE "/vendor/bin/hw/sxrservice": library "vendor.qti.hardware.qxr-V1-ndk_platform.so" not found: needed by main executable
01-01 08:38:05.949 0 0 I init : Service 'sxrd' (pid 4262) exited with status 1
01-01 08:38:05.949 0 0 I init : Sending signal 9 to service 'sxrd' (pid 4262) process group...
01-01 08:38:05.950 0 0 I libprocessgroup: Successfully killed process cgroup uid 1000 pid 4262 in 0ms
01-01 08:38:06.186 0 0 D : mv2112_read_status
01-01 08:38:06.188 0 0 D mv2112_update_link: 3.0x901(1G): 0x80
01-01 08:38:06.191 0 0 D mv2112_update_link: 3.0x8109(100M): 0x0
01-01 08:38:06.191 0 0 D mv2112_update_link: link 0x0
01-01 08:38:06.191 0 0 D mv2112_read_status: autoneg is disabled
09-22 19:56:45.951 663 674 I mpu_uart: [MSG-P:RECV]:No message received in 1000 ms
09-22 19:56:46.151 663 673 I mpu_uart: [MSG-P:R]:recv sync frame timeout
01-01 08:38:07.210 0 0 D : mv2112_read_status
01-01 08:38:07.211 0 0 D mv2112_update_link: 3.0x901(1G): 0x80
01-01 08:38:07.212 0 0 D mv2112_update_link: 3.0x8109(100M): 0x0
01-01 08:38:07.212 0 0 D mv2112_update_link: link 0x0
01-01 08:38:07.212 0 0 D mv2112_read_status: autoneg is disabled
09-22 19:56:46.951 663 674 I mpu_uart: [MSG-P:RECV]:No message received in 1000 ms
01-01 08:38:08.234 0 0 D : mv2112_read_status
01-01 08:38:08.237 0 0 D mv2112_update_link: 3.0x901(1G): 0x80
01-01 08:38:08.239 0 0 D mv2112_update_link: 3.0x8109(100M): 0x0
01-01 08:38:08.239 0 0 D mv2112_update_link: link 0x0
01-01 08:38:08.239 0 0 D mv2112_read_status: autoneg is disabled
09-22 19:56:47.952 663 674 I mpu_uart: [MSG-P:RECV]:No message received in 1000 ms
09-22 19:56:47.993 1119 1668 W DeviceIdleController: motion timeout went off and device isn't stationary
09-22 19:56:48.005 1119 1119 D CompatibilityInfo: mCompatibilityFlags - 4
09-22 19:56:48.005 1119 1119 D CompatibilityInfo: applicationDensity - 240
09-22 19:56:48.006 1119 1119 D CompatibilityInfo: applicationScale - 1.0
09-22 19:56:48.027 1119 1226 I am_pss : [3131,10076,com.qualcomm.location.XT,7498752,4628480,0,93650944,0,6,13]
09-22 19:56:48.433 1119 4263 W system_server: ClassLoaderContext shared library size mismatch. Expected=2, found=0 (PCL[]{PCL[/product/framework/uimremoteclientlibrary.jar*1354679061]#PCL[/product/framework/qti-telephony-hidl-wrapper-prd.jar*2334420719]} | PCL[])
09-22 19:56:48.505 1119 4263 W system_server: ClassLoaderContext shared library size mismatch. Expected=2, found=0 (PCL[]{PCL[/product/framework/uimremoteserverlibrary.jar*2470150210]#PCL[/product/framework/qti-telephony-hidl-wrapper-prd.jar*2334420719]} | PCL[])
01-01 08:38:09.258 0 0 D : mv2112_read_status
01-01 08:38:09.260 0 0 D mv2112_update_link: 3.0x901(1G): 0x80
01-01 08:38:09.261 0 0 D mv2112_update_link: 3.0x8109(100M): 0x0
01-01 08:38:09.261 0 0 D mv2112_update_link: link 0x0
01-01 08:38:09.262 0 0 D mv2112_read_status: autoneg is disabled
09-22 19:56:48.586 1308 1714 V installd: DexInv: --- BEGIN '/apex/com.android.tethering/javalib/service-connectivity.jar' ---
09-22 19:56:48.587 1308 1714 V installd: Running /apex/com.android.art/bin/dex2oat64 in=service-connectivity.jar out=/data/dalvik-cache/arm64/apex@com.android.tethering@javalib@service-connectivity.jar@classes.dex
09-22 19:56:48.768 4264 4264 W dex2oat64: Mismatch between dex2oat instruction set features to use (ISA: Arm64 Feature string: a53,crc,-lse,-fp16,-dotprod,-sve) and those from CPP defines (ISA: Arm64 Feature string: -a53,-crc,-lse,-fp16,-dotprod,-sve) for the command line:
09-22 19:56:48.768 4264 4264 W dex2oat64: /apex/com.android.art/bin/dex2oat64 --zip-fd=7 --zip-location=service-connectivity.jar --oat-fd=8 --oat-location=/data/dalvik-cache/arm64/apex@com.android.tethering@javalib@service-connectivity.jar@classes.dex --input-vdex-fd=-1 --output-vdex-fd=9 --swap-fd=10 --classpath-dir=/apex/com.android.tethering/javalib --class-loader-context=PCL[];PCL[/system/framework/com.android.location.provider.jar:/system/framework/services.jar:/system/framework/ethernet-service.jar:/apex/com.android.appsearch/javalib/service-appsearch.jar:/apex/com.android.media/javalib/service-media-s.jar:/apex/com.android.permission/javalib/service-permission.jar] --compact-dex-level=none --instruction-set=arm64 --instruction-set-features=default --instruction-set-variant=generic --compiler-filter=verify --compilation-reason=post-boot --max-image-block-size=524288 --resolve-startup-const-strings=true --generate-mini-debug-info --runtime-arg -Xdeny-art-apex-data-files --runtime-arg -Xms64m --runtime-arg -Xmx512m
09-22 19:56:48.769 4264 4264 I dex2oat64: /apex/com.android.art/bin/dex2oat64 --input-vdex-fd=-1 --output-vdex-fd=9 --classpath-dir=/apex/com.android.tethering/javalib --class-loader-context=PCL[];PCL[/system/framework/com.android.location.provider.jar:/system/framework/services.jar:/system/framework/ethernet-service.jar:/apex/com.android.appsearch/javalib/service-appsearch.jar:/apex/com.android.media/javalib/service-media-s.jar:/apex/com.android.permission/javalib/service-permission.jar] --compact-dex-level=none --compiler-filter=verify --compilation-reason=post-boot --max-image-block-size=524288 --resolve-startup-const-strings=true --generate-mini-debug-info
09-22 19:56:48.785 4264 4264 W dex2oat64: ART APEX data files are untrusted.
09-22 19:56:48.953 663 674 I mpu_uart: [MSG-P:RECV]:No message received in 1000 ms
09-22 19:56:48.994 4264 4264 I dex2oat64: dex2oat took 227.908ms (334.109ms cpu) (threads: 8) arena alloc=0B (0B) java alloc=537KB (550464B) native alloc=1846KB (1891104B) free=2726KB (2792032B)
09-22 19:56:49.028 1308 1714 V installd: DexInv: --- END '/apex/com.android.tethering/javalib/service-connectivity.jar' (success) ---
09-22 19:56:49.042 1308 1714 V installd: DexInv: --- BEGIN '/system_ext/framework/ActivityExt.jar' ---
09-22 19:56:49.042 1308 1714 V installd: Running /apex/com.android.art/bin/dex2oat64 in=ActivityExt.jar out=/data/dalvik-cache/arm64/system_ext@framework@ActivityExt.jar@classes.dex
09-22 19:56:49.139 4275 4275 W dex2oat64: Mismatch between dex2oat instruction set features to use (ISA: Arm64 Feature string: a53,crc,-lse,-fp16,-dotprod,-sve) and those from CPP defines (ISA: Arm64 Feature string: -a53,-crc,-lse,-fp16,-dotprod,-sve) for the command line:
09-22 19:56:49.139 4275 4275 W dex2oat64: /apex/com.android.art/bin/dex2oat64 --zip-fd=7 --zip-location=ActivityExt.jar --oat-fd=8 --oat-location=/data/dalvik-cache/arm64/system_ext@framework@ActivityExt.jar@classes.dex --input-vdex-fd=-1 --output-vdex-fd=9 --swap-fd=10 --classpath-dir=/system_ext/framework --class-loader-context=PCL[];PCL[] --compact-dex-level=none --instruction-set=arm64 --instruction-set-features=default --instruction-set-variant=generic --compiler-filter=verify --compilation-reason=post-boot --max-image-block-size=524288 --resolve-startup-const-strings=true --generate-mini-debug-info --runtime-arg -Xdeny-art-apex-data-files --runtime-arg -Xms64m --runtime-arg -Xmx512m
09-22 19:56:49.139 4275 4275 I dex2oat64: /apex/com.android.art/bin/dex2oat64 --input-vdex-fd=-1 --output-vdex-fd=9 --classpath-dir=/system_ext/framework --class-loader-context=PCL[];PCL[] --compact-dex-level=none --compiler-filter=verify --compilation-reason=post-boot --max-image-block-size=524288 --resolve-startup-const-strings=true --generate-mini-debug-info
09-22 19:56:49.154 4275 4275 W dex2oat64: ART APEX data files are untrusted.
09-22 19:56:49.155 663 673 I mpu_uart: [MSG-P:R]:recv sync frame timeout
09-22 19:56:49.325 4275 4275 I dex2oat64: dex2oat took 187.877ms (184.047ms cpu) (threads: 8) arena alloc=0B (0B) java alloc=80KB (82032B) native alloc=1628KB (1667424B) free=2740KB (2806432B)
09-22 19:56:49.358 1308 1714 V installd: DexInv: --- END '/system_ext/framework/ActivityExt.jar' (success) ---
09-22 19:56:49.361 518 518 I hwservicemanager: getTransport: Cannot find entry android.hardware.light@2.0::ILight/default in either framework or device VINTF manifest.
09-22 19:56:49.363 1308 1714 V installd: DexInv: --- BEGIN '/apex/com.android.scheduling/javalib/service-scheduling.jar' ---
09-22 19:56:49.363 1308 1714 V installd: Running /apex/com.android.art/bin/dex2oat64 in=service-scheduling.jar out=/data/dalvik-cache/arm64/apex@com.android.scheduling@javalib@service-scheduling.jar@classes.dex
09-22 19:56:49.366 4284 4284 E light : light_open lights keyboard failed: -22
09-22 19:56:49.366 4284 4284 E light : Light passthrough failed to load legacy HAL.
09-22 19:56:49.367 4284 4284 E light : light_open lights buttons failed: -22
09-22 19:56:49.367 4284 4284 E light : Light passthrough failed to load legacy HAL.
09-22 19:56:49.370 4284 4284 E light : light_open lights bluetooth failed: -22
09-22 19:56:49.370 4284 4284 E light : Light passthrough failed to load legacy HAL.
09-22 19:56:49.371 4284 4284 E light : light_open lights wifi failed: -22
09-22 19:56:49.371 4284 4284 E light : Light passthrough failed to load legacy HAL.
09-22 19:56:49.374 518 518 I hwservicemanager: getTransport: Cannot find entry android.hardware.light@2.0::ILight/default in either framework or device VINTF manifest.
09-22 19:56:49.374 4284 4284 E HidlServiceManagement: Service android.hardware.light@2.0::ILight/default must be in VINTF manifest in order to register/get.
09-22 19:56:49.374 4284 4284 E LegacySupport: Could not register service android.hardware.light@2.0::ILight/default (-2147483648).
09-22 19:56:49.455 4286 4286 W dex2oat64: Mismatch between dex2oat instruction set features to use (ISA: Arm64 Feature string: a53,crc,-lse,-fp16,-dotprod,-sve) and those from CPP defines (ISA: Arm64 Feature string: -a53,-crc,-lse,-fp16,-dotprod,-sve) for the command line:
09-22 19:56:49.455 4286 4286 W dex2oat64: /apex/com.android.art/bin/dex2oat64 --zip-fd=7 --zip-location=service-scheduling.jar --oat-fd=8 --oat-location=/data/dalvik-cache/arm64/apex@com.android.scheduling@javalib@service-scheduling.jar@classes.dex --input-vdex-fd=-1 --output-vdex-fd=9 --swap-fd=10 --classpath-dir=/apex/com.android.scheduling/javalib --class-loader-context=PCL[];PCL[/system/framework/com.android.location.provider.jar:/system/framework/services.jar:/system/framework/ethernet-service.jar:/apex/com.android.appsearch/javalib/service-appsearch.jar:/apex/com.android.media/javalib/service-media-s.jar:/apex/com.android.permission/javalib/service-permission.jar] --compact-dex-level=none --instruction-set=arm64 --instruction-set-features=default --instruction-set-variant=generic --compiler-filter=verify --compilation-reason=post-boot --max-image-block-size=524288 --resolve-startup-const-strings=true --generate-mini-debug-info --runtime-arg -Xdeny-art-apex-data-files --runtime-arg -Xms64m --runtime-arg -Xmx512m
09-22 19:56:49.455 4286 4286 I dex2oat64: /apex/com.android.art/bin/dex2oat64 --input-vdex-fd=-1 --output-vdex-fd=9 --classpath-dir=/apex/com.android.scheduling/javalib --class-loader-context=PCL[];PCL[/system/framework/com.android.location.provider.jar:/system/framework/services.jar:/system/framework/ethernet-service.jar:/apex/com.android.appsearch/javalib/service-appsearch.jar:/apex/com.android.media/javalib/service-media-s.jar:/apex/com.android.permission/javalib/service-permission.jar] --compact-dex-level=none --compiler-filter=verify --compilation-reason=post-boot --max-image-block-size=524288 --resolve-startup-const-strings=true --generate-mini-debug-info
09-22 19:56:49.465 4286 4286 W dex2oat64: ART APEX data files are untrusted.
01-01 08:38:10.282 0 0 D : mv2112_read_status
01-01 08:38:10.285 0 0 D mv2112_update_link: 3.0x901(1G): 0x80
01-01 08:38:10.287 0 0 D mv2112_update_link: 3.0x8109(100M): 0x0
01-01 08:38:10.287 0 0 D mv2112_update_link: link 0x0
01-01 08:38:10.288 0 0 D mv2112_read_status: autoneg is disabled
09-22 19:56:49.629 4286 4286 I dex2oat64: dex2oat took 176.449ms (181.558ms cpu) (threads: 8) arena alloc=0B (0B) java alloc=146KB (150320B) native alloc=1788KB (1830976B) free=2584KB (2646976B)
09-22 19:56:49.672 1308 1714 V installd: DexInv: --- END '/apex/com.android.scheduling/javalib/service-scheduling.jar' (success) ---
09-22 19:56:49.693 1308 1714 V installd: DexInv: --- BEGIN '/apex/com.android.wifi/javalib/service-wifi.jar' ---
09-22 19:56:49.694 1308 1714 V installd: Running /apex/com.android.art/bin/dex2oat64 in=service-wifi.jar out=/data/dalvik-cache/arm64/apex@com.android.wifi@javalib@service-wifi.jar@classes.dex
09-22 19:56:49.796 4297 4297 W dex2oat64: Mismatch between dex2oat instruction set features to use (ISA: Arm64 Feature string: a53,crc,-lse,-fp16,-dotprod,-sve) and those from CPP defines (ISA: Arm64 Feature string: -a53,-crc,-lse,-fp16,-dotprod,-sve) for the command line:
09-22 19:56:49.796 4297 4297 W dex2oat64: /apex/com.android.art/bin/dex2oat64 --zip-fd=7 --zip-location=service-wifi.jar --oat-fd=8 --oat-location=/data/dalvik-cache/arm64/apex@com.android.wifi@javalib@service-wifi.jar@classes.dex --input-vdex-fd=-1 --output-vdex-fd=9 --swap-fd=10 --classpath-dir=/apex/com.android.wifi/javalib --class-loader-context=PCL[];PCL[/system/framework/com.android.location.provider.jar:/system/framework/services.jar:/system/framework/ethernet-service.jar:/apex/com.android.appsearch/javalib/service-appsearch.jar:/apex/com.android.media/javalib/service-media-s.jar:/apex/com.android.permission/javalib/service-permission.jar] --compact-dex-level=none --instruction-set=arm64 --instruction-set-features=default --instruction-set-variant=generic --compiler-filter=verify --compilation-reason=post-boot --max-image-block-size=524288 --resolve-startup-const-strings=true --generate-mini-debug-info --runtime-arg -Xdeny-art-apex-data-files --runtime-arg -Xms64m --runtime-arg -Xmx512m
09-22 19:56:49.796 4297 4297 I dex2oat64: /apex/com.android.art/bin/dex2oat64 --input-vdex-fd=-1 --output-vdex-fd=9 --classpath-dir=/apex/com.android.wifi/javalib --class-loader-context=PCL[];PCL[/system/framework/com.android.location.provider.jar:/system/framework/services.jar:/system/framework/ethernet-service.jar:/apex/com.android.appsearch/javalib/service-appsearch.jar:/apex/com.android.media/javalib/service-media-s.jar:/apex/com.android.permission/javalib/service-permission.jar] --compact-dex-level=none --compiler-filter=verify --compilation-reason=post-boot --max-image-block-size=524288 --resolve-startup-const-strings=true --generate-mini-debug-info
09-22 19:56:49.839 4297 4297 W dex2oat64: ART APEX data files are untrusted.
09-22 19:56:49.953 663 674 I mpu_uart: [MSG-P:RECV]:No message received in 1000 ms
01-01 08:38:10.889 0 0 I init : starting service 'qvrd_vndr'...
01-01 08:38:10.893 0 0 I init : Created socket '/dev/socket/qvrservice_vndr', mode 660, user 1000, group 1000
01-01 08:38:10.897 0 0 I init : Created socket '/dev/socket/qvrservice_vndr_camera', mode 660, user 1000, group 1000
01-01 08:38:10.919 0 0 I init : starting service 'sxrd'...
09-22 19:56:50.238 4306 4306 F linker : CANNOT LINK EXECUTABLE "/vendor/bin/hw/qvrservice": library "vendor.qti.hardware.qxr-V1-ndk_platform.so" not found: needed by /vendor/lib64/libqvrservice.so in namespace (default)
01-01 08:38:10.945 0 0 I init : Service 'qvrd_vndr' (pid 4306) exited with status 1
01-01 08:38:10.945 0 0 I init : Sending signal 9 to service 'qvrd_vndr' (pid 4306) process group...
01-01 08:38:10.945 0 0 I libprocessgroup: Successfully killed process cgroup uid 1000 pid 4306 in 0ms
09-22 19:56:50.264 4307 4307 F linker : CANNOT LINK EXECUTABLE "/vendor/bin/hw/sxrservice": library "vendor.qti.hardware.qxr-V1-ndk_platform.so" not found: needed by main executable
01-01 08:38:10.968 0 0 I init : Service 'sxrd' (pid 4307) exited with status 1
01-01 08:38:10.968 0 0 I init : Sending signal 9 to service 'sxrd' (pid 4307) process group...
01-01 08:38:10.968 0 0 I libprocessgroup: Successfully killed process cgroup uid 1000 pid 4307 in 0ms
09-22 19:56:50.380 4297 4297 I dex2oat64: dex2oat took 585.573ms (2.154s cpu) (threads: 8) arena alloc=0B (0B) java alloc=1276KB (1306976B) native alloc=2012KB (2060464B) free=6210KB (6359040B)
09-22 19:56:50.424 1308 1714 V installd: DexInv: --- END '/apex/com.android.wifi/javalib/service-wifi.jar' (success) ---
09-22 19:56:50.440 1308 4287 V installd: DexInv: --- BEGIN '/apex/com.android.os.statsd/javalib/service-statsd.jar' ---
09-22 19:56:50.440 1308 4287 V installd: Running /apex/com.android.art/bin/dex2oat64 in=service-statsd.jar out=/data/dalvik-cache/arm64/apex@com.android.os.statsd@javalib@service-statsd.jar@classes.dex
09-22 19:56:50.532 4309 4309 W dex2oat64: Mismatch between dex2oat instruction set features to use (ISA: Arm64 Feature string: a53,crc,-lse,-fp16,-dotprod,-sve) and those from CPP defines (ISA: Arm64 Feature string: -a53,-crc,-lse,-fp16,-dotprod,-sve) for the command line:
09-22 19:56:50.532 4309 4309 W dex2oat64: /apex/com.android.art/bin/dex2oat64 --zip-fd=7 --zip-location=service-statsd.jar --oat-fd=8 --oat-location=/data/dalvik-cache/arm64/apex@com.android.os.statsd@javalib@service-statsd.jar@classes.dex --input-vdex-fd=-1 --output-vdex-fd=9 --swap-fd=10 --classpath-dir=/apex/com.android.os.statsd/javalib --class-loader-context=PCL[];PCL[/system/framework/com.android.location.provider.jar:/system/framework/services.jar:/system/framework/ethernet-service.jar:/apex/com.android.appsearch/javalib/service-appsearch.jar:/apex/com.android.media/javalib/service-media-s.jar:/apex/com.android.permission/javalib/service-permission.jar] --compact-dex-level=none --instruction-set=arm64 --instruction-set-features=default --instruction-set-variant=generic --compiler-filter=verify --compilation-reason=post-boot --max-image-block-size=524288 --resolve-startup-const-strings=true --generate-mini-debug-info --runtime-arg -Xdeny-art-apex-data-files --runtime-arg -Xms64m --runtime-arg -Xmx512m
09-22 19:56:50.533 4309 4309 I dex2oat64: /apex/com.android.art/bin/dex2oat64 --input-vdex-fd=-1 --output-vdex-fd=9 --classpath-dir=/apex/com.android.os.statsd/javalib --class-loader-context=PCL[];PCL[/system/framework/com.android.location.provider.jar:/system/framework/services.jar:/system/framework/ethernet-service.jar:/apex/com.android.appsearch/javalib/service-appsearch.jar:/apex/com.android.media/javalib/service-media-s.jar:/apex/com.android.permission/javalib/service-permission.jar] --compact-dex-level=none --compiler-filter=verify --compilation-reason=post-boot --max-image-block-size=524288 --resolve-startup-const-strings=true --generate-mini-debug-info
09-22 19:56:50.553 4309 4309 W dex2oat64: ART APEX data files are untrusted.
01-01 08:38:11.306 0 0 D : mv2112_read_status
01-01 08:38:11.307 0 0 D mv2112_update_link: 3.0x901(1G): 0x80
01-01 08:38:11.307 0 0 D mv2112_update_link: 3.0x8109(100M): 0x0
01-01 08:38:11.307 0 0 D mv2112_update_link: link 0x0
01-01 08:38:11.308 0 0 D mv2112_read_status: autoneg is disabled
09-22 19:56:50.704 4309 4309 I dex2oat64: dex2oat took 173.335ms (167.611ms cpu) (threads: 8) arena alloc=0B (0B) java alloc=146KB (150208B) native alloc=1790KB (1833088B) free=2586KB (2648192B)
09-22 19:56:50.742 1308 4287 V installd: DexInv: --- END '/apex/com.android.os.statsd/javalib/service-statsd.jar' (success) ---
09-22 19:56:50.851 1119 4263 W system_server: ClassLoaderContext classpath element mismatch. expected=/system_ext/framework/com.nxp.nfc.nq.jar, found=/system/system_ext/framework/com.nxp.nfc.nq.jar (PCL[]{PCL[/system_ext/framework/com.nxp.nfc.nq.jar*475593520]} | PCL[]{PCL[]})
09-22 19:56:50.954 663 674 I mpu_uart: [MSG-P:RECV]:No message received in 1000 ms
09-22 19:56:51.329 1119 4263 W system_server: ClassLoaderContext shared library size mismatch. Expected=0, found=2 (PCL[] | PCL[]{PCL[]#PCL[]})
01-01 08:38:12.330 0 0 D : mv2112_read_status
01-01 08:38:12.331 0 0 D mv2112_update_link: 3.0x901(1G): 0x80
01-01 08:38:12.332 0 0 D mv2112_update_link: 3.0x8109(100M): 0x0
01-01 08:38:12.332 0 0 D mv2112_update_link: link 0x0
01-01 08:38:12.332 0 0 D mv2112_read_status: autoneg is disabled
09-22 19:56:51.939 1119 4263 W system_server: ClassLoaderContext shared library size mismatch. Expected=1, found=0 (PCL[]{PCL[/vendor/framework/androidx.camera.extensions.impl.jar*2178592659]} | PCL[])
09-22 19:56:51.954 663 674 I mpu_uart: [MSG-P:RECV]:No message received in 1000 ms
09-22 19:56:52.158 663 673 I mpu_uart: [MSG-P:R]:recv sync frame timeout
09-22 19:56:52.354 1119 4263 W system_server: ClassLoaderContext shared library size mismatch. Expected=2, found=0 (PCL[]{PCL[/system/framework/org.apache.http.legacy.jar*2058259660]#PCL[/system_ext/framework/extphonelib.jar*2894378777]} | PCL[])
09-22 19:56:52.530 1119 4263 W system_server: ClassLoaderContext shared library size mismatch. Expected=0, found=3 (PCL[] | PCL[]{PCL[]#PCL[]#PCL[]})
09-22 19:56:52.580 1119 4263 W system_server: ClassLoaderContext shared library size mismatch. Expected=0, found=1 (PCL[] | PCL[]{PCL[]})
01-01 08:38:13.354 0 0 D : mv2112_read_status
01-01 08:38:13.355 0 0 D mv2112_update_link: 3.0x901(1G): 0x80
01-01 08:38:13.356 0 0 D mv2112_update_link: 3.0x8109(100M): 0x0
01-01 08:38:13.357 0 0 D mv2112_update_link: link 0x0
01-01 08:38:13.357 0 0 D mv2112_read_status: autoneg is disabled
09-22 19:56:52.716 1119 4263 W system_server: ClassLoaderContext shared library size mismatch. Expected=0, found=1 (PCL[] | PCL[]{PCL[]})
09-22 19:56:52.798 1119 4263 W system_server: ClassLoaderContext shared library size mismatch. Expected=1, found=0 (PCL[]{PCL[/system_ext/framework/extphonelib.jar*2894378777]} | PCL[])
09-22 19:56:52.956 663 674 I mpu_uart: [MSG-P:RECV]:No message received in 1000 ms
09-22 19:56:53.149 1119 4263 I BackgroundDexOptService: Pinning optimized code {android}
09-22 19:56:53.149 1119 4263 D IorapForwardingService: onPackagesUpdated: android
01-01 08:38:14.379 0 0 D : mv2112_read_status
01-01 08:38:14.381 0 0 D mv2112_update_link: 3.0x901(1G): 0x80
01-01 08:38:14.383 0 0 D mv2112_update_link: 3.0x8109(100M): 0x0
01-01 08:38:14.383 0 0 D mv2112_update_link: link 0x0
01-01 08:38:14.383 0 0 D mv2112_read_status: autoneg is disabled
09-22 19:56:53.956 663 674 I mpu_uart: [MSG-P:RECV]:No message received in 1000 ms
09-22 19:56:54.398 518 518 I hwservicemanager: getTransport: Cannot find entry android.hardware.light@2.0::ILight/default in either framework or device VINTF manifest.
09-22 19:56:54.404 4319 4319 E light : light_open lights keyboard failed: -22
09-22 19:56:54.404 4319 4319 E light : Light passthrough failed to load legacy HAL.
09-22 19:56:54.405 4319 4319 E light : light_open lights buttons failed: -22
09-22 19:56:54.405 4319 4319 E light : Light passthrough failed to load legacy HAL.
09-22 19:56:54.408 4319 4319 E light : light_open lights bluetooth failed: -22
09-22 19:56:54.408 4319 4319 E light : Light passthrough failed to load legacy HAL.
09-22 19:56:54.409 4319 4319 E light : light_open lights wifi failed: -22
09-22 19:56:54.409 4319 4319 E light : Light passthrough failed to load legacy HAL.
09-22 19:56:54.412 518 518 I hwservicemanager: getTransport: Cannot find entry android.hardware.light@2.0::ILight/default in either framework or device VINTF manifest.
09-22 19:56:54.414 4319 4319 E HidlServiceManagement: Service android.hardware.light@2.0::ILight/default must be in VINTF manifest in order to register/get.
09-22 19:56:54.414 4319 4319 E LegacySupport: Could not register service android.hardware.light@2.0::ILight/default (-2147483648).
01-01 08:38:15.403 0 0 D : mv2112_read_status
01-01 08:38:15.404 0 0 D mv2112_update_link: 3.0x901(1G): 0x80
01-01 08:38:15.407 0 0 D mv2112_update_link: 3.0x8109(100M): 0x0
01-01 08:38:15.407 0 0 D mv2112_update_link: link 0x0
01-01 08:38:15.407 0 0 D mv2112_read_status: autoneg is disabled
09-22 19:56:54.957 663 674 I mpu_uart: [MSG-P:RECV]:No message received in 1000 ms
09-22 19:56:55.162 663 673 I mpu_uart: [MSG-P:R]:recv sync frame timeout
01-01 08:38:15.910 0 0 I init : starting service 'qvrd_vndr'...
01-01 08:38:15.917 0 0 I init : Created socket '/dev/socket/qvrservice_vndr', mode 660, user 1000, group 1000
01-01 08:38:15.925 0 0 I init : Created socket '/dev/socket/qvrservice_vndr_camera', mode 660, user 1000, group 1000
01-01 08:38:15.991 0 0 I init : starting service 'sxrd'...
09-22 19:56:55.313 4320 4320 F linker : CANNOT LINK EXECUTABLE "/vendor/bin/hw/qvrservice": library "vendor.qti.hardware.qxr-V1-ndk_platform.so" not found: needed by /vendor/lib64/libqvrservice.so in namespace (default)
01-01 08:38:16.016 0 0 I init : Service 'qvrd_vndr' (pid 4320) exited with status 1
01-01 08:38:16.016 0 0 I init : Sending signal 9 to service 'qvrd_vndr' (pid 4320) process group...
01-01 08:38:16.017 0 0 I libprocessgroup: Successfully killed process cgroup uid 1000 pid 4320 in 0ms
09-22 19:56:55.359 4321 4321 F linker : CANNOT LINK EXECUTABLE "/vendor/bin/hw/sxrservice": library "vendor.qti.hardware.qxr-V1-ndk_platform.so" not found: needed by main executable
01-01 08:38:16.063 0 0 I init : Service 'sxrd' (pid 4321) exited with status 1
01-01 08:38:16.063 0 0 I init : Sending signal 9 to service 'sxrd' (pid 4321) process group...
01-01 08:38:16.064 0 0 I libprocessgroup: Successfully killed process cgroup uid 1000 pid 4321 in 0ms
01-01 08:38:16.426 0 0 D : mv2112_read_status
01-01 08:38:16.428 0 0 D mv2112_update_link: 3.0x901(1G): 0x80
01-01 08:38:16.431 0 0 D mv2112_update_link: 3.0x8109(100M): 0x0
01-01 08:38:16.431 0 0 D mv2112_update_link: link 0x0
01-01 08:38:16.431 0 0 D mv2112_read_status: autoneg is disabled
09-22 19:56:55.958 663 674 I mpu_uart: [MSG-P:RECV]:No message received in 1000 ms
01-01 08:38:17.451 0 0 D : mv2112_read_status
01-01 08:38:17.452 0 0 D mv2112_update_link: 3.0x901(1G): 0x80
01-01 08:38:17.455 0 0 D mv2112_update_link: 3.0x8109(100M): 0x0
01-01 08:38:17.455 0 0 D mv2112_update_link: link 0x0
01-01 08:38:17.455 0 0 D mv2112_read_status: autoneg is disabled
09-22 19:56:56.958 663 674 I mpu_uart: [MSG-P:RECV]:No message received in 1000 ms
09-22 19:56:57.053 2715 2715 I Periodic: Executing periodic callback for MINUTE because the period ended
09-22 19:56:57.123 2715 2736 I OpenGLRenderer: Davey! duration=9223371322245ms; Flags=0, FrameTimelineVsyncId=9399, IntendedVsync=714608764045, Vsync=714608764045, InputEventId=0, HandleInputStart=714609848007, AnimationStart=714609849257, PerformTraversalsStart=714611169622, DrawStart=714611554778, FrameDeadline=714642097377, FrameInterval=714609845143, FrameStartTime=16666666, SyncQueued=714611591757, SyncStart=714611798268, IssueDrawCommandsStart=714612127122, SwapBuffers=714613379882, FrameCompleted=9223372036854775807, DequeueBufferDuration=57605, QueueBufferDuration=3041250, GpuCompleted=9223372036854775807, SwapBuffersCompleted=714618540768, DisplayPresentTime=0,
01-01 08:38:18.474 0 0 D : mv2112_read_status
01-01 08:38:18.475 0 0 D mv2112_update_link: 3.0x901(1G): 0x80
01-01 08:38:18.476 0 0 D mv2112_update_link: 3.0x8109(100M): 0x0
01-01 08:38:18.476 0 0 D mv2112_update_link: link 0x0
01-01 08:38:18.476 0 0 D mv2112_read_status: autoneg is disabled
09-22 19:56:57.803 1119 1684 D ActivityManager: freezing 3570 com.android.permissioncontroller
09-22 19:56:57.803 1119 1684 E ActivityManager: Unable to freeze binder for 3570 com.android.permissioncontroller
09-22 19:56:57.807 1119 1684 D ActivityManager: froze 3570 com.android.permissioncontroller
09-22 19:56:57.807 1119 1684 I am_freeze: [3570,com.android.permissioncontroller]
09-22 19:56:57.807 1119 1684 E ActivityManager: Unable to freeze binder for 3570 com.android.permissioncontroller
01-01 08:38:18.506 0 0 I binder : 1119:1684 ioctl 400c620e 739bdf95d8 returned -22
01-01 08:38:18.510 0 0 I binder : 1119:1684 ioctl c00c620f 739bdf95b8 returned -22
09-22 19:56:57.809 1119 1684 I ActivityManager: Killing 3570:com.android.permissioncontroller/u0a98 (adj 905): Unable to freeze binder interface
09-22 19:56:57.810 1119 1684 I am_kill : [0,3570,com.android.permissioncontroller,905,Unable to freeze binder interface]
09-22 19:56:57.959 663 674 I mpu_uart: [MSG-P:RECV]:No message received in 1000 ms
09-22 19:56:58.073 1119 1230 E libprocessgroup: Failed to kill process cgroup uid 10098 pid 3570 in 247ms, 1 processes remain
09-22 19:56:58.094 688 688 I Zygote : Process 3570 exited due to signal 9 (Killed)
09-22 19:56:58.099 1119 4234 I am_proc_died: [0,3570,com.android.permissioncontroller,905,19]
09-22 19:56:58.102 1119 4234 I am_uid_stopped: 10098
09-22 19:56:58.133 1119 1226 I am_pss : [3630,2000,com.android.shell,6965248,4202496,0,90009600,0,19,14]
09-22 19:56:58.154 1119 1226 I am_pss : [3552,10035,com.android.packageinstaller,8273920,5562368,0,90648576,0,19,14]
09-22 19:56:58.164 663 673 I mpu_uart: [MSG-P:R]:recv sync frame timeout
09-22 19:56:58.179 1119 1226 I am_pss : [3498,10030,com.android.managedprovisioning,10075136,7233536,0,94330880,0,19,14]
01-01 08:38:19.498 0 0 D : mv2112_read_status
01-01 08:38:19.499 0 0 D mv2112_update_link: 3.0x901(1G): 0x80
01-01 08:38:19.500 0 0 D mv2112_update_link: 3.0x8109(100M): 0x0
01-01 08:38:19.500 0 0 D mv2112_update_link: link 0x0
01-01 08:38:19.500 0 0 D mv2112_read_status: autoneg is disabled
09-22 19:56:58.960 663 674 I mpu_uart: [MSG-P:RECV]:No message received in 1000 ms
09-22 19:56:59.449 518 518 I hwservicemanager: getTransport: Cannot find entry android.hardware.light@2.0::ILight/default in either framework or device VINTF manifest.
09-22 19:56:59.454 4322 4322 E light : light_open lights keyboard failed: -22
09-22 19:56:59.454 4322 4322 E light : Light passthrough failed to load legacy HAL.
09-22 19:56:59.455 4322 4322 E light : light_open lights buttons failed: -22
09-22 19:56:59.455 4322 4322 E light : Light passthrough failed to load legacy HAL.
09-22 19:56:59.457 4322 4322 E light : light_open lights bluetooth failed: -22
09-22 19:56:59.457 4322 4322 E light : Light passthrough failed to load legacy HAL.
09-22 19:56:59.458 4322 4322 E light : light_open lights wifi failed: -22
09-22 19:56:59.458 4322 4322 E light : Light passthrough failed to load legacy HAL.
09-22 19:56:59.459 518 518 I hwservicemanager: getTransport: Cannot find entry android.hardware.light@2.0::ILight/default in either framework or device VINTF manifest.
09-22 19:56:59.461 4322 4322 E HidlServiceManagement: Service android.hardware.light@2.0::ILight/default must be in VINTF manifest in order to register/get.
09-22 19:56:59.461 4322 4322 E LegacySupport: Could not register service android.hardware.light@2.0::ILight/default (-2147483648).
01-01 08:38:20.522 0 0 D : mv2112_read_status
01-01 08:38:20.524 0 0 D mv2112_update_link: 3.0x901(1G): 0x80
01-01 08:38:20.525 0 0 D mv2112_update_link: 3.0x8109(100M): 0x0
01-01 08:38:20.525 0 0 D mv2112_update_link: link 0x0
01-01 08:38:20.525 0 0 D mv2112_read_status: autoneg is disabled
09-22 19:56:59.960 663 674 I mpu_uart: [MSG-P:RECV]:No message received in 1000 ms
09-22 19:57:00.010 1898 1898 D KeyguardUpdateMonitor: received broadcast android.intent.action.TIME_TICK
09-22 19:57:00.010 1898 1898 D KeyguardUpdateMonitor: handleTimeUpdate
01-01 08:38:20.976 0 0 I init : starting service 'qvrd_vndr'...
01-01 08:38:20.979 0 0 I init : Created socket '/dev/socket/qvrservice_vndr', mode 660, user 1000, group 1000
01-01 08:38:20.982 0 0 I init : Created socket '/dev/socket/qvrservice_vndr_camera', mode 660, user 1000, group 1000
01-01 08:38:21.024 0 0 I init : starting service 'sxrd'...
09-22 19:57:00.347 4324 4324 F linker : CANNOT LINK EXECUTABLE "/vendor/bin/hw/sxrservice": library "vendor.qti.hardware.qxr-V1-ndk_platform.so" not found: needed by main executable
01-01 08:38:21.051 0 0 I init : Service 'sxrd' (pid 4324) exited with status 1
01-01 08:38:21.051 0 0 I init : Sending signal 9 to service 'sxrd' (pid 4324) process group...
01-01 08:38:21.051 0 0 I libprocessgroup: Successfully killed process cgroup uid 1000 pid 4324 in 0ms
09-22 19:57:00.351 4323 4323 F linker : CANNOT LINK EXECUTABLE "/vendor/bin/hw/qvrservice": library "vendor.qti.hardware.qxr-V1-ndk_platform.so" not found: needed by /vendor/lib64/libqvrservice.so in namespace (default)
01-01 08:38:21.054 0 0 I init : Service 'qvrd_vndr' (pid 4323) exited with status 1
01-01 08:38:21.054 0 0 I init : Sending signal 9 to service 'qvrd_vndr' (pid 4323) process group...
01-01 08:38:21.054 0 0 I libprocessgroup: Successfully killed process cgroup uid 1000 pid 4323 in 0ms
01-01 08:38:21.546 0 0 D : mv2112_read_status
01-01 08:38:21.549 0 0 D mv2112_update_link: 3.0x901(1G): 0x80
01-01 08:38:21.550 0 0 D mv2112_update_link: 3.0x8109(100M): 0x0
01-01 08:38:21.550 0 0 D mv2112_update_link: link 0x0
01-01 08:38:21.550 0 0 D mv2112_read_status: autoneg is disabled
09-22 19:57:00.963 663 674 I mpu_uart: [MSG-P:RECV]:No message received in 1000 ms
09-22 19:57:01.167 663 673 I mpu_uart: [MSG-P:R]:recv sync frame timeout
01-01 08:38:22.570 0 0 D : mv2112_read_status
01-01 08:38:22.571 0 0 D mv2112_update_link: 3.0x901(1G): 0x80
01-01 08:38:22.572 0 0 D mv2112_update_link: 3.0x8109(100M): 0x0
01-01 08:38:22.572 0 0 D mv2112_update_link: link 0x0
01-01 08:38:22.572 0 0 D mv2112_read_status: autoneg is disabled
09-22 19:57:01.963 663 674 I mpu_uart: [MSG-P:RECV]:No message received in 1000 ms
01-01 08:38:23.594 0 0 D : mv2112_read_status
01-01 08:38:23.599 0 0 D mv2112_update_link: 3.0x901(1G): 0x80
01-01 08:38:23.601 0 0 D mv2112_update_link: 3.0x8109(100M): 0x0
01-01 08:38:23.601 0 0 D mv2112_update_link: link 0x0
01-01 08:38:23.601 0 0 D mv2112_read_status: autoneg is disabled
09-22 19:57:02.964 663 674 I mpu_uart: [MSG-P:RECV]:No message received in 1000 ms
01-01 08:38:24.622 0 0 D : mv2112_read_status
01-01 08:38:24.624 0 0 D mv2112_update_link: 3.0x901(1G): 0x80
01-01 08:38:24.625 0 0 D mv2112_update_link: 3.0x8109(100M): 0x0
01-01 08:38:24.625 0 0 D mv2112_update_link: link 0x0
01-01 08:38:24.625 0 0 D mv2112_read_status: autoneg is disabled
09-22 19:57:03.965 663 674 I mpu_uart: [MSG-P:RECV]:No message received in 1000 ms
09-22 19:57:04.169 663 673 I mpu_uart: [MSG-P:R]:recv sync frame timeout
09-22 19:57:04.477 518 518 I hwservicemanager: getTransport: Cannot find entry android.hardware.light@2.0::ILight/default in either framework or device VINTF manifest.
09-22 19:57:04.482 4325 4325 E light : light_open lights keyboard failed: -22
09-22 19:57:04.482 4325 4325 E light : Light passthrough failed to load legacy HAL.
09-22 19:57:04.483 4325 4325 E light : light_open lights buttons failed: -22
09-22 19:57:04.483 4325 4325 E light : Light passthrough failed to load legacy HAL.
09-22 19:57:04.489 4325 4325 E light : light_open lights bluetooth failed: -22
09-22 19:57:04.489 4325 4325 E light : Light passthrough failed to load legacy HAL.
09-22 19:57:04.490 4325 4325 E light : light_open lights wifi failed: -22
09-22 19:57:04.490 4325 4325 E light : Light passthrough failed to load legacy HAL.
09-22 19:57:04.493 518 518 I hwservicemanager: getTransport: Cannot find entry android.hardware.light@2.0::ILight/default in either framework or device VINTF manifest.
09-22 19:57:04.493 4325 4325 E HidlServiceManagement: Service android.hardware.light@2.0::ILight/default must be in VINTF manifest in order to register/get.
09-22 19:57:04.493 4325 4325 E LegacySupport: Could not register service android.hardware.light@2.0::ILight/default (-2147483648).
01-01 08:38:25.643 0 0 D : mv2112_read_status
01-01 08:38:25.644 0 0 D mv2112_update_link: 3.0x901(1G): 0x80
01-01 08:38:25.647 0 0 D mv2112_update_link: 3.0x8109(100M): 0x0
01-01 08:38:25.647 0 0 D mv2112_update_link: link 0x0
01-01 08:38:25.647 0 0 D mv2112_read_status: autoneg is disabled
09-22 19:57:04.966 663 674 I mpu_uart: [MSG-P:RECV]:No message received in 1000 ms
01-01 08:38:26.019 0 0 I init : starting service 'qvrd_vndr'...
01-01 08:38:26.026 0 0 I init : Created socket '/dev/socket/qvrservice_vndr', mode 660, user 1000, group 1000
01-01 08:38:26.029 0 0 I init : Created socket '/dev/socket/qvrservice_vndr_camera', mode 660, user 1000, group 1000
01-01 08:38:26.070 0 0 I init : starting service 'sxrd'...
09-22 19:57:05.413 4326 4326 F linker : CANNOT LINK EXECUTABLE "/vendor/bin/hw/qvrservice": library "vendor.qti.hardware.qxr-V1-ndk_platform.so" not found: needed by /vendor/lib64/libqvrservice.so in namespace (default)
01-01 08:38:26.117 0 0 I init : Service 'qvrd_vndr' (pid 4326) exited with status 1
01-01 08:38:26.118 0 0 I init : Sending signal 9 to service 'qvrd_vndr' (pid 4326) process group...
01-01 08:38:26.119 0 0 I libprocessgroup: Successfully killed process cgroup uid 1000 pid 4326 in 1ms
01-01 08:38:26.127 0 0 I init : Service 'sxrd' (pid 4327) exited with status 1
01-01 08:38:26.127 0 0 I init : Sending signal 9 to service 'sxrd' (pid 4327) process group...
01-01 08:38:26.128 0 0 I libprocessgroup: Successfully killed process cgroup uid 1000 pid 4327 in 0ms
09-22 19:57:05.421 4327 4327 F linker : CANNOT LINK EXECUTABLE "/vendor/bin/hw/sxrservice": library "vendor.qti.hardware.qxr-V1-ndk_platform.so" not found: needed by main executable
01-01 08:38:26.666 0 0 D : mv2112_read_status
09-22 19:57:05.967 663 674 I mpu_uart: [MSG-P:RECV]:No message received in 1000 ms
01-01 08:38:26.669 0 0 D mv2112_update_link: 3.0x901(1G): 0x80
01-01 08:38:26.670 0 0 D mv2112_update_link: 3.0x8109(100M): 0x0
01-01 08:38:26.671 0 0 D mv2112_update_link: link 0x0
01-01 08:38:26.671 0 0 D mv2112_read_status: autoneg is disabled
09-22 19:57:06.968 663 674 I mpu_uart: [MSG-P:RECV]:No message received in 1000 ms
01-01 08:38:27.690 0 0 D : mv2112_read_status
01-01 08:38:27.692 0 0 D mv2112_update_link: 3.0x901(1G): 0x80
01-01 08:38:27.694 0 0 D mv2112_update_link: 3.0x8109(100M): 0x0
01-01 08:38:27.694 0 0 D mv2112_update_link: link 0x0
01-01 08:38:27.694 0 0 D mv2112_read_status: autoneg is disabled
09-22 19:57:07.172 663 673 I mpu_uart: [MSG-P:R]:recv sync frame timeout
09-22 19:57:07.969 663 674 I mpu_uart: [MSG-P:RECV]:No message received in 1000 ms
01-01 08:38:28.714 0 0 D : mv2112_read_status
01-01 08:38:28.715 0 0 D mv2112_update_link: 3.0x901(1G): 0x80
01-01 08:38:28.716 0 0 D mv2112_update_link: 3.0x8109(100M): 0x0
01-01 08:38:28.716 0 0 D mv2112_update_link: link 0x0
01-01 08:38:28.716 0 0 D mv2112_read_status: autoneg is disabled
09-22 19:57:08.970 663 674 I mpu_uart: [MSG-P:RECV]:No message received in 1000 ms
01-01 08:38:29.739 0 0 D : mv2112_read_status
01-01 08:38:29.740 0 0 D mv2112_update_link: 3.0x901(1G): 0x80
01-01 08:38:29.742 0 0 D mv2112_update_link: 3.0x8109(100M): 0x0
01-01 08:38:29.743 0 0 D mv2112_update_link: link 0x0
01-01 08:38:29.743 0 0 D mv2112_read_status: autoneg is disabled
09-22 19:57:09.519 518 518 I hwservicemanager: getTransport: Cannot find entry android.hardware.light@2.0::ILight/default in either framework or device VINTF manifest.
09-22 19:57:09.524 4328 4328 E light : light_open lights keyboard failed: -22
09-22 19:57:09.524 4328 4328 E light : Light passthrough failed to load legacy HAL.
09-22 19:57:09.525 4328 4328 E light : light_open lights buttons failed: -22
09-22 19:57:09.525 4328 4328 E light : Light passthrough failed to load legacy HAL.
09-22 19:57:09.528 4328 4328 E light : light_open lights bluetooth failed: -22
09-22 19:57:09.528 4328 4328 E light : Light passthrough failed to load legacy HAL.
09-22 19:57:09.529 4328 4328 E light : light_open lights wifi failed: -22
09-22 19:57:09.529 4328 4328 E light : Light passthrough failed to load legacy HAL.
09-22 19:57:09.531 518 518 I hwservicemanager: getTransport: Cannot find entry android.hardware.light@2.0::ILight/default in either framework or device VINTF manifest.
09-22 19:57:09.532 4328 4328 E HidlServiceManagement: Service android.hardware.light@2.0::ILight/default must be in VINTF manifest in order to register/get.
09-22 19:57:09.532 4328 4328 E LegacySupport: Could not register service android.hardware.light@2.0::ILight/default (-2147483648).
09-22 19:57:09.970 663 674 I mpu_uart: [MSG-P:RECV]:No message received in 1000 ms
01-01 08:38:30.763 0 0 D : mv2112_read_status
01-01 08:38:30.765 0 0 D mv2112_update_link: 3.0x901(1G): 0x80
01-01 08:38:30.767 0 0 D mv2112_update_link: 3.0x8109(100M): 0x0
01-01 08:38:30.767 0 0 D mv2112_update_link: link 0x0
01-01 08:38:30.767 0 0 D mv2112_read_status: autoneg is disabled
09-22 19:57:10.176 663 673 I mpu_uart: [MSG-P:R]:recv sync frame timeout
01-01 08:38:31.066 0 0 I init : starting service 'qvrd_vndr'...
01-01 08:38:31.073 0 0 I init : Created socket '/dev/socket/qvrservice_vndr', mode 660, user 1000, group 1000
01-01 08:38:31.077 0 0 I init : Created socket '/dev/socket/qvrservice_vndr_camera', mode 660, user 1000, group 1000
01-01 08:38:31.143 0 0 I init : starting service 'sxrd'...
09-22 19:57:10.479 4329 4329 F linker : CANNOT LINK EXECUTABLE "/vendor/bin/hw/qvrservice": library "vendor.qti.hardware.qxr-V1-ndk_platform.so" not found: needed by /vendor/lib64/libqvrservice.so in namespace (default)
01-01 08:38:31.183 0 0 I init : Service 'qvrd_vndr' (pid 4329) exited with status 1
01-01 08:38:31.183 0 0 I init : Sending signal 9 to service 'qvrd_vndr' (pid 4329) process group...
01-01 08:38:31.184 0 0 I libprocessgroup: Successfully killed process cgroup uid 1000 pid 4329 in 0ms
09-22 19:57:10.517 4330 4330 F linker : CANNOT LINK EXECUTABLE "/vendor/bin/hw/sxrservice": library "vendor.qti.hardware.qxr-V1-ndk_platform.so" not found: needed by main executable
01-01 08:38:31.221 0 0 I init : Service 'sxrd' (pid 4330) exited with status 1
01-01 08:38:31.221 0 0 I init : Sending signal 9 to service 'sxrd' (pid 4330) process group...
01-01 08:38:31.224 0 0 I libprocessgroup: Successfully killed process cgroup uid 1000 pid 4330 in 2ms
09-22 19:57:10.971 663 674 I mpu_uart: [MSG-P:RECV]:No message received in 1000 ms
01-01 08:38:31.786 0 0 D : mv2112_read_status
01-01 08:38:31.788 0 0 D mv2112_update_link: 3.0x901(1G): 0x80
01-01 08:38:31.790 0 0 D mv2112_update_link: 3.0x8109(100M): 0x0
01-01 08:38:31.791 0 0 D mv2112_update_link: link 0x0
01-01 08:38:31.791 0 0 D mv2112_read_status: autoneg is disabled
09-22 19:57:11.972 663 674 I mpu_uart: [MSG-P:RECV]:No message received in 1000 ms
01-01 08:38:32.810 0 0 D : mv2112_read_status
01-01 08:38:32.812 0 0 D mv2112_update_link: 3.0x901(1G): 0x80
01-01 08:38:32.815 0 0 D mv2112_update_link: 3.0x8109(100M): 0x0
01-01 08:38:32.815 0 0 D mv2112_update_link: link 0x0
01-01 08:38:32.815 0 0 D mv2112_read_status: autoneg is disabled
09-22 19:57:12.973 663 674 I mpu_uart: [MSG-P:RECV]:No message received in 1000 ms
