09-24 03:02:26.827 I/sysui_multi_action( 1846): [757,126,758,1,759,126,927,0,928,1,1593,0]
09-24 03:02:26.827 I/sysui_multi_action( 1846): [757,113,758,1,759,113,927,1,928,1,1593,0]
09-24 03:02:26.827 I/sysui_multi_action( 1846): [757,0,758,1,759,0,927,2,928,0,1593,0]
09-24 03:02:26.827 I/sysui_multi_action( 1846): [757,0,758,1,759,0,927,3,928,0,1593,0]
09-24 03:02:26.827 I/sysui_multi_action( 1846): [757,1706,758,1,759,1706,927,4,928,0,1593,0]
09-24 03:02:26.827 I/sysui_multi_action( 1846): [757,491,758,1,759,491,927,5,928,0,1311,-1,1593,0]
09-24 03:02:26.827 I/sysui_multi_action( 1846): [757,0,758,1,759,0,927,6,928,0,1593,0]
09-24 03:02:26.827 I/sysui_multi_action( 1846): [757,114,758,1,759,114,927,7,928,0,1593,0]
09-24 03:02:26.827 I/sysui_multi_action( 1846): [757,268,758,1,759,268,806,com.netease.cloudmusic,871,com.netease.cloudmusic.titleservice.PlayFavoriteMusicTitleService,927,8,1593,0]
09-24 03:02:26.827 I/sysui_multi_action( 1846): [757,268,758,1,759,268,806,com.netease.cloudmusic,871,com.netease.cloudmusic.titleservice.PrivateFmTitleService,927,9,1593,0]
09-24 03:02:26.827 I/sysui_multi_action( 1846): [757,268,758,1,759,268,806,com.netease.cloudmusic,871,com.netease.cloudmusic.music.biz.voice.tileservice.PopularPodCastService,927,10,1593,0]
09-24 03:02:26.827 I/sysui_multi_action( 1846): [757,268,758,1,759,268,806,com.netease.cloudmusic,871,com.netease.cloudmusic.music.biz.voice.tileservice.ListenBookService,927,11,1593,0]
09-24 03:02:26.828 I/sysui_multi_action( 1846): [757,268,758,1,759,268,806,com.netease.cloudmusic,871,com.netease.cloudmusic.titleservice.DailyRecommandTitleService,927,12,1593,0]
09-24 03:02:26.828 I/sysui_multi_action( 1846): [757,268,758,1,759,268,806,com.netease.cloudmusic,871,com.netease.cloudmusic.music.biz.voice.tileservice.SleepAidDecompressionService,927,13,1593,0]
09-24 03:02:26.828 I/sysui_multi_action( 1846): [757,268,758,1,759,268,806,com.netease.cloudmusic,871,com.netease.cloudmusic.titleservice.PrivateRadarTitleService,927,14,1593,0]
09-24 03:02:26.828 I/sysui_multi_action( 1846): [757,268,758,1,759,268,806,com.netease.cloudmusic,871,com.netease.cloudmusic.music.biz.voice.tileservice.BroadCastService,927,15,1593,0]
09-24 03:02:26.828 I/sysui_multi_action( 1846): [757,268,758,1,759,268,806,com.qiyi.video.pad,871,org.qiyi.android.tile.SearchTileService,927,16,1593,0]
09-24 03:02:26.828 I/sysui_multi_action( 1846): [757,268,758,1,759,268,806,com.qiyi.video.pad,871,org.qiyi.android.tile.ContinueTileService,927,17,1593,0]
09-24 03:02:26.828 I/sysui_multi_action( 1846): [757,268,758,1,759,268,806,com.qiyi.video.pad,871,org.qiyi.android.tile.CaptureTileService,927,18,1593,0]
09-24 03:02:26.828 I/sysui_multi_action( 1846): [757,268,758,1,759,268,806,com.qiyi.video.pad,871,org.qiyi.android.tile.TopVideoTileService,927,19,1593,0]
09-24 03:02:26.828 I/sysui_multi_action( 1846): [757,268,758,1,759,268,806,com.qiyi.video.pad,871,org.qiyi.android.tile.EntranceTileService,927,20,1593,0]
09-24 03:02:26.828 I/sysui_multi_action( 1846): [757,268,758,1,759,268,806,com.smile.gifmaker,871,com.kwai.gifshow.post.api.feature.record.RecordQuickSettingService,927,21,1593,0]
09-24 03:02:26.828 I/sysui_multi_action( 1846): [757,268,758,1,759,268,806,com.qiyi.video.pad,871,org.qiyi.android.tile.HistoryTileService,927,22,1593,0]
09-24 03:02:26.828 I/sysui_multi_action( 1846): [757,268,758,1,759,268,806,com.qiyi.video.pad,871,org.qiyi.android.tile.SportTileService,927,23,1593,0]
09-24 03:02:26.828 I/sysui_multi_action( 1846): [757,268,758,1,759,268,806,com.tencent.news,871,com.tencent.news.tile.Tile24Hours,927,24,1593,0]
09-24 03:02:26.828 I/sysui_multi_action( 1846): [757,268,758,1,759,268,806,com.ss.android.article.news,871,com.android.bytedance.search.tile.SearchTileService,927,25,1593,0]
09-24 03:02:26.828 I/sysui_multi_action( 1846): [757,268,758,1,759,268,806,com.ss.android.ugc.aweme,871,com.ss.android.ugc.aweme.tile.PublishTileService,927,26,1593,0]
09-24 03:02:26.828 I/sysui_multi_action( 1846): [757,268,758,1,759,268,806,com.tencent.news,871,com.tencent.news.tile.TileNewsVideo,927,27,1593,0]
09-24 03:02:26.829 I/sysui_multi_action( 1846): [757,111,758,1]
09-24 03:02:26.829 I/sysui_multi_action( 1846): [757,126,758,1,759,126,927,0,928,1,1593,0]
09-24 03:02:26.829 I/sysui_multi_action( 1846): [757,113,758,1,759,113,927,1,928,1,1593,0]
09-24 03:02:26.829 I/sysui_multi_action( 1846): [757,0,758,1,759,0,927,2,928,0,1593,0]
09-24 03:02:26.829 I/sysui_multi_action( 1846): [757,0,758,1,759,0,927,3,928,0,1593,0]
09-24 03:02:26.838 I/sysui_multi_action( 1846): [757,111,758,2]
09-24 03:02:26.839 I/sysui_multi_action( 1846): [757,111,758,2]
09-24 03:02:26.839 I/notification_enqueue( 1472): [10081,1846,com.android.systemui,2048,NULL,0,Notification(channel=updateNotification shortcut=null contentView=null vibrate=null sound=null defaults=0x0 flags=0x0 color=0x00000000 vis=PRIVATE),1]
09-24 03:02:26.841 I/sysui_multi_action( 1846): [757,111,758,1]
09-24 03:02:26.841 I/sysui_multi_action( 1846): [757,126,758,1,759,126,927,0,928,1,1593,0]
09-24 03:02:26.841 I/sysui_multi_action( 1846): [757,113,758,1,759,113,927,1,928,1,1593,0]
09-24 03:02:26.841 I/sysui_multi_action( 1846): [757,0,758,1,759,0,927,2,928,0,1593,0]
09-24 03:02:26.841 I/sysui_multi_action( 1846): [757,0,758,1,759,0,927,3,928,0,1593,0]
09-24 03:02:26.841 I/sysui_multi_action( 1846): [757,1706,758,1,759,1706,927,4,928,0,1593,0]
09-24 03:02:26.842 I/sysui_multi_action( 1846): [757,491,758,1,759,491,927,5,928,0,1311,-1,1593,0]
09-24 03:02:26.842 I/sysui_multi_action( 1846): [757,0,758,1,759,0,927,6,928,0,1593,0]
09-24 03:02:26.842 I/sysui_multi_action( 1846): [757,114,758,1,759,114,927,7,928,0,1593,0]
09-24 03:02:26.842 I/sysui_multi_action( 1846): [757,268,758,1,759,268,806,com.netease.cloudmusic,871,com.netease.cloudmusic.titleservice.PlayFavoriteMusicTitleService,927,8,1593,0]
09-24 03:02:26.842 I/sysui_multi_action( 1846): [757,268,758,1,759,268,806,com.netease.cloudmusic,871,com.netease.cloudmusic.titleservice.PrivateFmTitleService,927,9,1593,0]
09-24 03:02:26.842 I/sysui_multi_action( 1846): [757,268,758,1,759,268,806,com.netease.cloudmusic,871,com.netease.cloudmusic.music.biz.voice.tileservice.PopularPodCastService,927,10,1593,0]
09-24 03:02:26.842 I/sysui_multi_action( 1846): [757,268,758,1,759,268,806,com.netease.cloudmusic,871,com.netease.cloudmusic.music.biz.voice.tileservice.ListenBookService,927,11,1593,0]
09-24 03:02:26.842 I/sysui_multi_action( 1846): [757,268,758,1,759,268,806,com.netease.cloudmusic,871,com.netease.cloudmusic.titleservice.DailyRecommandTitleService,927,12,1593,0]
09-24 03:02:26.842 I/sysui_multi_action( 1846): [757,268,758,1,759,268,806,com.netease.cloudmusic,871,com.netease.cloudmusic.music.biz.voice.tileservice.SleepAidDecompressionService,927,13,1593,0]
09-24 03:02:26.842 I/sysui_multi_action( 1846): [757,268,758,1,759,268,806,com.netease.cloudmusic,871,com.netease.cloudmusic.titleservice.PrivateRadarTitleService,927,14,1593,0]
09-24 03:02:26.842 I/sysui_multi_action( 1846): [757,268,758,1,759,268,806,com.netease.cloudmusic,871,com.netease.cloudmusic.music.biz.voice.tileservice.BroadCastService,927,15,1593,0]
09-24 03:02:26.842 I/sysui_multi_action( 1846): [757,268,758,1,759,268,806,com.qiyi.video.pad,871,org.qiyi.android.tile.SearchTileService,927,16,1593,0]
09-24 03:02:26.842 I/sysui_multi_action( 1846): [757,268,758,1,759,268,806,com.qiyi.video.pad,871,org.qiyi.android.tile.ContinueTileService,927,17,1593,0]
09-24 03:02:26.842 I/sysui_multi_action( 1846): [757,268,758,1,759,268,806,com.qiyi.video.pad,871,org.qiyi.android.tile.CaptureTileService,927,18,1593,0]
09-24 03:02:26.842 I/sysui_multi_action( 1846): [757,268,758,1,759,268,806,com.qiyi.video.pad,871,org.qiyi.android.tile.TopVideoTileService,927,19,1593,0]
09-24 03:02:26.842 I/sysui_multi_action( 1846): [757,268,758,1,759,268,806,com.qiyi.video.pad,871,org.qiyi.android.tile.EntranceTileService,927,20,1593,0]
09-24 03:02:26.842 I/sysui_multi_action( 1846): [757,268,758,1,759,268,806,com.smile.gifmaker,871,com.kwai.gifshow.post.api.feature.record.RecordQuickSettingService,927,21,1593,0]
09-24 03:02:26.843 I/sysui_multi_action( 1846): [757,268,758,1,759,268,806,com.qiyi.video.pad,871,org.qiyi.android.tile.HistoryTileService,927,22,1593,0]
09-24 03:02:26.843 I/sysui_multi_action( 1846): [757,268,758,1,759,268,806,com.qiyi.video.pad,871,org.qiyi.android.tile.SportTileService,927,23,1593,0]
09-24 03:02:26.843 I/sysui_multi_action( 1846): [757,268,758,1,759,268,806,com.tencent.news,871,com.tencent.news.tile.Tile24Hours,927,24,1593,0]
09-24 03:02:26.843 I/sysui_multi_action( 1846): [757,268,758,1,759,268,806,com.ss.android.article.news,871,com.android.bytedance.search.tile.SearchTileService,927,25,1593,0]
09-24 03:02:26.843 I/sysui_multi_action( 1846): [757,268,758,1,759,268,806,com.ss.android.ugc.aweme,871,com.ss.android.ugc.aweme.tile.PublishTileService,927,26,1593,0]
09-24 03:02:26.843 I/sysui_multi_action( 1846): [757,268,758,1,759,268,806,com.tencent.news,871,com.tencent.news.tile.TileNewsVideo,927,27,1593,0]
09-24 03:02:26.843 I/sysui_multi_action( 1846): [757,111,758,1]
09-24 03:02:26.843 I/sysui_multi_action( 1846): [757,126,758,1,759,126,927,0,928,1,1593,0]
09-24 03:02:26.843 I/sysui_multi_action( 1846): [757,113,758,1,759,113,927,1,928,1,1593,0]
09-24 03:02:26.843 I/sysui_multi_action( 1846): [757,0,758,1,759,0,927,2,928,0,1593,0]
09-24 03:02:26.843 I/sysui_multi_action( 1846): [757,0,758,1,759,0,927,3,928,0,1593,0]
09-24 03:02:26.856 I/sysui_multi_action( 1846): [757,111,758,2]
09-24 03:02:26.856 I/sysui_multi_action( 1846): [757,111,758,2]
09-24 03:02:26.856 I/notification_enqueue( 1472): [10081,1846,com.android.systemui,2048,NULL,0,Notification(channel=updateNotification shortcut=null contentView=null vibrate=null sound=null defaults=0x0 flags=0x0 color=0x00000000 vis=PRIVATE),1]
09-24 03:02:26.858 I/sysui_multi_action( 1846): [757,111,758,1]
09-24 03:02:26.858 I/sysui_multi_action( 1846): [757,126,758,1,759,126,927,0,928,1,1593,0]
09-24 03:02:26.858 I/sysui_multi_action( 1846): [757,113,758,1,759,113,927,1,928,1,1593,0]
09-24 03:02:26.858 I/sysui_multi_action( 1846): [757,0,758,1,759,0,927,2,928,0,1593,0]
09-24 03:02:26.858 I/sysui_multi_action( 1846): [757,0,758,1,759,0,927,3,928,0,1593,0]
09-24 03:02:26.858 I/sysui_multi_action( 1846): [757,1706,758,1,759,1706,927,4,928,0,1593,0]
09-24 03:02:26.859 I/sysui_multi_action( 1846): [757,491,758,1,759,491,927,5,928,0,1311,-1,1593,0]
09-24 03:02:26.859 I/sysui_multi_action( 1846): [757,0,758,1,759,0,927,6,928,0,1593,0]
09-24 03:02:26.859 I/sysui_multi_action( 1846): [757,114,758,1,759,114,927,7,928,0,1593,0]
09-24 03:02:26.859 I/sysui_multi_action( 1846): [757,268,758,1,759,268,806,com.netease.cloudmusic,871,com.netease.cloudmusic.titleservice.PlayFavoriteMusicTitleService,927,8,1593,0]
09-24 03:02:26.859 I/sysui_multi_action( 1846): [757,268,758,1,759,268,806,com.netease.cloudmusic,871,com.netease.cloudmusic.titleservice.PrivateFmTitleService,927,9,1593,0]
09-24 03:02:26.859 I/sysui_multi_action( 1846): [757,268,758,1,759,268,806,com.netease.cloudmusic,871,com.netease.cloudmusic.music.biz.voice.tileservice.PopularPodCastService,927,10,1593,0]
09-24 03:02:26.859 I/sysui_multi_action( 1846): [757,268,758,1,759,268,806,com.netease.cloudmusic,871,com.netease.cloudmusic.music.biz.voice.tileservice.ListenBookService,927,11,1593,0]
09-24 03:02:26.859 I/sysui_multi_action( 1846): [757,268,758,1,759,268,806,com.netease.cloudmusic,871,com.netease.cloudmusic.titleservice.DailyRecommandTitleService,927,12,1593,0]
09-24 03:02:26.859 I/sysui_multi_action( 1846): [757,268,758,1,759,268,806,com.netease.cloudmusic,871,com.netease.cloudmusic.music.biz.voice.tileservice.SleepAidDecompressionService,927,13,1593,0]
09-24 03:02:26.859 I/sysui_multi_action( 1846): [757,268,758,1,759,268,806,com.netease.cloudmusic,871,com.netease.cloudmusic.titleservice.PrivateRadarTitleService,927,14,1593,0]
09-24 03:02:26.859 I/sysui_multi_action( 1846): [757,268,758,1,759,268,806,com.netease.cloudmusic,871,com.netease.cloudmusic.music.biz.voice.tileservice.BroadCastService,927,15,1593,0]
09-24 03:02:26.859 I/sysui_multi_action( 1846): [757,268,758,1,759,268,806,com.qiyi.video.pad,871,org.qiyi.android.tile.SearchTileService,927,16,1593,0]
09-24 03:02:26.859 I/sysui_multi_action( 1846): [757,268,758,1,759,268,806,com.qiyi.video.pad,871,org.qiyi.android.tile.ContinueTileService,927,17,1593,0]
09-24 03:02:26.859 I/sysui_multi_action( 1846): [757,268,758,1,759,268,806,com.qiyi.video.pad,871,org.qiyi.android.tile.CaptureTileService,927,18,1593,0]
09-24 03:02:26.859 I/sysui_multi_action( 1846): [757,268,758,1,759,268,806,com.qiyi.video.pad,871,org.qiyi.android.tile.TopVideoTileService,927,19,1593,0]
09-24 03:02:26.859 I/sysui_multi_action( 1846): [757,268,758,1,759,268,806,com.qiyi.video.pad,871,org.qiyi.android.tile.EntranceTileService,927,20,1593,0]
09-24 03:02:26.860 I/sysui_multi_action( 1846): [757,268,758,1,759,268,806,com.smile.gifmaker,871,com.kwai.gifshow.post.api.feature.record.RecordQuickSettingService,927,21,1593,0]
09-24 03:02:26.860 I/sysui_multi_action( 1846): [757,268,758,1,759,268,806,com.qiyi.video.pad,871,org.qiyi.android.tile.HistoryTileService,927,22,1593,0]
09-24 03:02:26.860 I/sysui_multi_action( 1846): [757,268,758,1,759,268,806,com.qiyi.video.pad,871,org.qiyi.android.tile.SportTileService,927,23,1593,0]
09-24 03:02:26.860 I/sysui_multi_action( 1846): [757,268,758,1,759,268,806,com.tencent.news,871,com.tencent.news.tile.Tile24Hours,927,24,1593,0]
09-24 03:02:26.860 I/sysui_multi_action( 1846): [757,268,758,1,759,268,806,com.ss.android.article.news,871,com.android.bytedance.search.tile.SearchTileService,927,25,1593,0]
09-24 03:02:26.860 I/sysui_multi_action( 1846): [757,268,758,1,759,268,806,com.ss.android.ugc.aweme,871,com.ss.android.ugc.aweme.tile.PublishTileService,927,26,1593,0]
09-24 03:02:26.860 I/sysui_multi_action( 1846): [757,268,758,1,759,268,806,com.tencent.news,871,com.tencent.news.tile.TileNewsVideo,927,27,1593,0]
09-24 03:02:26.860 I/sysui_multi_action( 1846): [757,111,758,1]
09-24 03:02:26.860 I/sysui_multi_action( 1846): [757,126,758,1,759,126,927,0,928,1,1593,0]
09-24 03:02:26.860 I/sysui_multi_action( 1846): [757,113,758,1,759,113,927,1,928,1,1593,0]
09-24 03:02:26.860 I/sysui_multi_action( 1846): [757,0,758,1,759,0,927,2,928,0,1593,0]
09-24 03:02:26.860 I/sysui_multi_action( 1846): [757,0,758,1,759,0,927,3,928,0,1593,0]
09-24 03:02:26.873 I/sysui_multi_action( 1846): [757,111,758,2]
09-24 03:02:26.873 I/sysui_multi_action( 1846): [757,111,758,2]
09-24 03:02:26.873 I/notification_enqueue( 1472): [10081,1846,com.android.systemui,2048,NULL,0,Notification(channel=updateNotification shortcut=null contentView=null vibrate=null sound=null defaults=0x0 flags=0x0 color=0x00000000 vis=PRIVATE),1]
09-24 03:02:26.875 E/NotificationService( 1472): Muting recently noisy 0|com.android.systemui|2048|null|10081
09-24 03:02:26.885 I/input_focus( 1472): [Focus request 258de5e com.android.launcher3/com.android.launcher3.uioverrides.QuickstepLauncher,reason=UpdateInputWindows]
09-24 03:02:26.886 I/sysui_multi_action( 1846): [757,111,758,1]
09-24 03:02:26.886 I/sysui_multi_action( 1846): [757,126,758,1,759,126,927,0,928,1,1593,0]
09-24 03:02:26.887 I/sysui_multi_action( 1846): [757,113,758,1,759,113,927,1,928,1,1593,0]
09-24 03:02:26.887 I/sysui_multi_action( 1846): [757,0,758,1,759,0,927,2,928,0,1593,0]
09-24 03:02:26.887 I/sysui_multi_action( 1846): [757,0,758,1,759,0,927,3,928,0,1593,0]
09-24 03:02:26.887 I/sysui_multi_action( 1846): [757,1706,758,1,759,1706,927,4,928,0,1593,0]
09-24 03:02:26.887 I/sysui_multi_action( 1846): [757,491,758,1,759,491,927,5,928,0,1311,-1,1593,0]
09-24 03:02:26.887 I/sysui_multi_action( 1846): [757,0,758,1,759,0,927,6,928,0,1593,0]
09-24 03:02:26.887 I/sysui_multi_action( 1846): [757,114,758,1,759,114,927,7,928,0,1593,0]
09-24 03:02:26.887 I/sysui_multi_action( 1846): [757,268,758,1,759,268,806,com.netease.cloudmusic,871,com.netease.cloudmusic.titleservice.PlayFavoriteMusicTitleService,927,8,1593,0]
09-24 03:02:26.888 I/sysui_multi_action( 1846): [757,268,758,1,759,268,806,com.netease.cloudmusic,871,com.netease.cloudmusic.titleservice.PrivateFmTitleService,927,9,1593,0]
09-24 03:02:26.888 I/sysui_multi_action( 1846): [757,268,758,1,759,268,806,com.netease.cloudmusic,871,com.netease.cloudmusic.music.biz.voice.tileservice.PopularPodCastService,927,10,1593,0]
09-24 03:02:26.888 I/sysui_multi_action( 1846): [757,268,758,1,759,268,806,com.netease.cloudmusic,871,com.netease.cloudmusic.music.biz.voice.tileservice.ListenBookService,927,11,1593,0]
09-24 03:02:26.888 I/sysui_multi_action( 1846): [757,268,758,1,759,268,806,com.netease.cloudmusic,871,com.netease.cloudmusic.titleservice.DailyRecommandTitleService,927,12,1593,0]
09-24 03:02:26.888 I/sysui_multi_action( 1846): [757,268,758,1,759,268,806,com.netease.cloudmusic,871,com.netease.cloudmusic.music.biz.voice.tileservice.SleepAidDecompressionService,927,13,1593,0]
09-24 03:02:26.888 I/sysui_multi_action( 1846): [757,268,758,1,759,268,806,com.netease.cloudmusic,871,com.netease.cloudmusic.titleservice.PrivateRadarTitleService,927,14,1593,0]
09-24 03:02:26.888 I/sysui_multi_action( 1846): [757,268,758,1,759,268,806,com.netease.cloudmusic,871,com.netease.cloudmusic.music.biz.voice.tileservice.BroadCastService,927,15,1593,0]
09-24 03:02:26.888 I/sysui_multi_action( 1846): [757,268,758,1,759,268,806,com.qiyi.video.pad,871,org.qiyi.android.tile.SearchTileService,927,16,1593,0]
09-24 03:02:26.888 I/sysui_multi_action( 1846): [757,268,758,1,759,268,806,com.qiyi.video.pad,871,org.qiyi.android.tile.ContinueTileService,927,17,1593,0]
09-24 03:02:26.888 I/sysui_multi_action( 1846): [757,268,758,1,759,268,806,com.qiyi.video.pad,871,org.qiyi.android.tile.CaptureTileService,927,18,1593,0]
09-24 03:02:26.889 I/sysui_multi_action( 1846): [757,268,758,1,759,268,806,com.qiyi.video.pad,871,org.qiyi.android.tile.TopVideoTileService,927,19,1593,0]
09-24 03:02:26.889 I/sysui_multi_action( 1846): [757,268,758,1,759,268,806,com.qiyi.video.pad,871,org.qiyi.android.tile.EntranceTileService,927,20,1593,0]
09-24 03:02:26.889 I/sysui_multi_action( 1846): [757,268,758,1,759,268,806,com.smile.gifmaker,871,com.kwai.gifshow.post.api.feature.record.RecordQuickSettingService,927,21,1593,0]
09-24 03:02:26.889 I/sysui_multi_action( 1846): [757,268,758,1,759,268,806,com.qiyi.video.pad,871,org.qiyi.android.tile.HistoryTileService,927,22,1593,0]
09-24 03:02:26.889 I/sysui_multi_action( 1846): [757,268,758,1,759,268,806,com.qiyi.video.pad,871,org.qiyi.android.tile.SportTileService,927,23,1593,0]
09-24 03:02:26.889 I/sysui_multi_action( 1846): [757,268,758,1,759,268,806,com.tencent.news,871,com.tencent.news.tile.Tile24Hours,927,24,1593,0]
09-24 03:02:26.889 I/sysui_multi_action( 1846): [757,268,758,1,759,268,806,com.ss.android.article.news,871,com.android.bytedance.search.tile.SearchTileService,927,25,1593,0]
09-24 03:02:26.889 I/sysui_multi_action( 1846): [757,268,758,1,759,268,806,com.ss.android.ugc.aweme,871,com.ss.android.ugc.aweme.tile.PublishTileService,927,26,1593,0]
09-24 03:02:26.890 I/sysui_multi_action( 1846): [757,268,758,1,759,268,806,com.tencent.news,871,com.tencent.news.tile.TileNewsVideo,927,27,1593,0]
09-24 03:02:26.890 I/sysui_multi_action( 1846): [757,111,758,1]
09-24 03:02:26.890 I/sysui_multi_action( 1846): [757,126,758,1,759,126,927,0,928,1,1593,0]
09-24 03:02:26.890 I/sysui_multi_action( 1846): [757,113,758,1,759,113,927,1,928,1,1593,0]
09-24 03:02:26.890 I/sysui_multi_action( 1846): [757,0,758,1,759,0,927,2,928,0,1593,0]
09-24 03:02:26.890 I/sysui_multi_action( 1846): [757,0,758,1,759,0,927,3,928,0,1593,0]
09-24 03:02:26.896 I/sysui_multi_action( 1846): [757,111,758,2]
09-24 03:02:26.896 I/sysui_multi_action( 1846): [757,111,758,2]
09-24 03:02:26.897 I/notification_enqueue( 1472): [10081,1846,com.android.systemui,2048,NULL,0,Notification(channel=updateNotification shortcut=null contentView=null vibrate=null sound=null defaults=0x0 flags=0x0 color=0x00000000 vis=PRIVATE),1]
09-24 03:02:26.897 I/sysui_multi_action( 1472): [757,127,758,2]
09-24 03:02:26.897 I/notification_panel_hidden( 1472):
09-24 03:02:26.898 D/StatusBar( 1846): disable disable2
09-24 03:02:26.905 E/NotificationService( 1472): Muting recently noisy 0|com.android.systemui|2048|null|10081
09-24 03:02:26.905 I/input_focus( 1472): [Focus leaving 818159c NotificationShade (server),reason=NO_WINDOW]
09-24 03:02:26.906 I/input_focus( 1472): [Focus entering 258de5e com.android.launcher3/com.android.launcher3.uioverrides.QuickstepLauncher (server),reason=setFocusedWindow]
09-24 03:02:26.911 I/sysui_multi_action( 1846): [757,111,758,1]
09-24 03:02:26.911 I/sysui_multi_action( 1846): [757,126,758,1,759,126,927,0,928,1,1593,0]
09-24 03:02:26.911 I/sysui_multi_action( 1846): [757,113,758,1,759,113,927,1,928,1,1593,0]
09-24 03:02:26.911 I/sysui_multi_action( 1846): [757,0,758,1,759,0,927,2,928,0,1593,0]
09-24 03:02:26.911 I/sysui_multi_action( 1846): [757,0,758,1,759,0,927,3,928,0,1593,0]
09-24 03:02:26.911 D/Sogou ( 3689): onFinishInput:
09-24 03:02:26.911 I/sysui_multi_action( 1846): [757,1706,758,1,759,1706,927,4,928,0,1593,0]
09-24 03:02:26.911 I/sysui_multi_action( 1846): [757,491,758,1,759,491,927,5,928,0,1311,-1,1593,0]
09-24 03:02:26.911 I/sysui_multi_action( 1846): [757,0,758,1,759,0,927,6,928,0,1593,0]
09-24 03:02:26.911 I/sysui_multi_action( 1846): [757,114,758,1,759,114,927,7,928,0,1593,0]
09-24 03:02:26.912 I/sysui_multi_action( 1846): [757,268,758,1,759,268,806,com.netease.cloudmusic,871,com.netease.cloudmusic.titleservice.PlayFavoriteMusicTitleService,927,8,1593,0]
09-24 03:02:26.912 I/sysui_multi_action( 1846): [757,268,758,1,759,268,806,com.netease.cloudmusic,871,com.netease.cloudmusic.titleservice.PrivateFmTitleService,927,9,1593,0]
09-24 03:02:26.912 I/sysui_multi_action( 1846): [757,268,758,1,759,268,806,com.netease.cloudmusic,871,com.netease.cloudmusic.music.biz.voice.tileservice.PopularPodCastService,927,10,1593,0]
09-24 03:02:26.912 I/sysui_multi_action( 1846): [757,268,758,1,759,268,806,com.netease.cloudmusic,871,com.netease.cloudmusic.music.biz.voice.tileservice.ListenBookService,927,11,1593,0]
09-24 03:02:26.912 I/sysui_multi_action( 1846): [757,268,758,1,759,268,806,com.netease.cloudmusic,871,com.netease.cloudmusic.titleservice.DailyRecommandTitleService,927,12,1593,0]
09-24 03:02:26.912 I/sysui_multi_action( 1846): [757,268,758,1,759,268,806,com.netease.cloudmusic,871,com.netease.cloudmusic.music.biz.voice.tileservice.SleepAidDecompressionService,927,13,1593,0]
09-24 03:02:26.912 I/sysui_multi_action( 1846): [757,268,758,1,759,268,806,com.netease.cloudmusic,871,com.netease.cloudmusic.titleservice.PrivateRadarTitleService,927,14,1593,0]
09-24 03:02:26.912 I/sysui_multi_action( 1846): [757,268,758,1,759,268,806,com.netease.cloudmusic,871,com.netease.cloudmusic.music.biz.voice.tileservice.BroadCastService,927,15,1593,0]
09-24 03:02:26.912 I/sysui_multi_action( 1846): [757,268,758,1,759,268,806,com.qiyi.video.pad,871,org.qiyi.android.tile.SearchTileService,927,16,1593,0]
09-24 03:02:26.913 I/sysui_multi_action( 1846): [757,268,758,1,759,268,806,com.qiyi.video.pad,871,org.qiyi.android.tile.ContinueTileService,927,17,1593,0]
09-24 03:02:26.913 I/sysui_multi_action( 1846): [757,268,758,1,759,268,806,com.qiyi.video.pad,871,org.qiyi.android.tile.CaptureTileService,927,18,1593,0]
09-24 03:02:26.913 I/sysui_multi_action( 1846): [757,268,758,1,759,268,806,com.qiyi.video.pad,871,org.qiyi.android.tile.TopVideoTileService,927,19,1593,0]
09-24 03:02:26.913 I/sysui_multi_action( 1846): [757,268,758,1,759,268,806,com.qiyi.video.pad,871,org.qiyi.android.tile.EntranceTileService,927,20,1593,0]
09-24 03:02:26.913 I/sysui_multi_action( 1846): [757,268,758,1,759,268,806,com.smile.gifmaker,871,com.kwai.gifshow.post.api.feature.record.RecordQuickSettingService,927,21,1593,0]
09-24 03:02:26.913 I/sysui_multi_action( 1846): [757,268,758,1,759,268,806,com.qiyi.video.pad,871,org.qiyi.android.tile.HistoryTileService,927,22,1593,0]
09-24 03:02:26.913 I/sysui_multi_action( 1846): [757,268,758,1,759,268,806,com.qiyi.video.pad,871,org.qiyi.android.tile.SportTileService,927,23,1593,0]
09-24 03:02:26.913 I/sysui_multi_action( 1846): [757,268,758,1,759,268,806,com.tencent.news,871,com.tencent.news.tile.Tile24Hours,927,24,1593,0]
09-24 03:02:26.913 I/sysui_multi_action( 1846): [757,268,758,1,759,268,806,com.ss.android.article.news,871,com.android.bytedance.search.tile.SearchTileService,927,25,1593,0]
09-24 03:02:26.913 I/sysui_multi_action( 1846): [757,268,758,1,759,268,806,com.ss.android.ugc.aweme,871,com.ss.android.ugc.aweme.tile.PublishTileService,927,26,1593,0]
09-24 03:02:26.914 I/sysui_multi_action( 1846): [757,268,758,1,759,268,806,com.tencent.news,871,com.tencent.news.tile.TileNewsVideo,927,27,1593,0]
09-24 03:02:26.914 I/sysui_multi_action( 1846): [757,111,758,1]
09-24 03:02:26.914 I/sysui_multi_action( 1846): [757,126,758,1,759,126,927,0,928,1,1593,0]
09-24 03:02:26.914 I/sysui_multi_action( 1846): [757,113,758,1,759,113,927,1,928,1,1593,0]
09-24 03:02:26.914 I/sysui_multi_action( 1846): [757,0,758,1,759,0,927,2,928,0,1593,0]
09-24 03:02:26.914 I/sysui_multi_action( 1846): [757,0,758,1,759,0,927,3,928,0,1593,0]
09-24 03:02:26.920 D/InterruptionStateProvider( 1846): No bubble up: not allowed to bubble: 0|com.android.systemui|2048|null|10081
09-24 03:02:26.920 D/InterruptionStateProvider( 1846): No heads up: unimportant notification: 0|com.android.systemui|2048|null|10081
09-24 03:02:26.923 E/NotificationService( 1472): Muting recently noisy 0|com.android.systemui|2048|null|10081
09-24 03:02:26.923 I/GenericSource( 1217): start
09-24 03:02:26.923 D/PeopleSpaceWidgetMgr( 1846): Sbn doesn't contain valid PeopleTileKey: null/0/com.android.systemui
09-24 03:02:26.925 D/Avrcp_ext( 1843): AudioManager Player: AudioPlaybackConfiguration piid:71 deviceId:0 type:android.media.SoundPool u/pid:1000/1472 state:idle attr:AudioAttributes: usage=USAGE_ASSISTANCE_SONIFICATION content=CONTENT_TYPE_SONIFICATION flags=0x800 tags= bundle=null sessionId:0
09-24 03:02:26.925 D/Avrcp_ext( 1843): AudioManager Player: AudioPlaybackConfiguration piid:79 deviceId:0 type:android.media.SoundPool u/pid:10081/1846 state:idle attr:AudioAttributes: usage=USAGE_ASSISTANCE_SONIFICATION content=CONTENT_TYPE_SONIFICATION flags=0x800 tags= bundle=null sessionId:0
09-24 03:02:26.925 D/Avrcp_ext( 1843): AudioManager Player: AudioPlaybackConfiguration piid:495 deviceId:0 type:android.media.MediaPlayer u/pid:10081/1846 state:started attr:AudioAttributes: usage=USAGE_NOTIFICATION content=CONTENT_TYPE_SONIFICATION flags=0x800 tags= bundle=null sessionId:0
09-24 03:02:26.926 W/Utils ( 1217): track of type 'audio/vorbis' does not publish channel mask, channel count 1
09-24 03:02:26.929 D/Avrcp_ext( 1843): AudioManager Player in started state: com.android.systemui
09-24 03:02:26.929 D/Avrcp_ext( 1843): AudioManager Active Player: com.android.systemui
09-24 03:02:26.929 D/Avrcp_ext( 1843): AudioManager isPlaying: true, mAudioPlaybackIsActive = false
09-24 03:02:26.929 V/Avrcp_ext( 1843): updateCurrentMediaState: mMediaController: MediaController (com.android.systemui@b96ab9e) null
09-24 03:02:26.930 W/Avrcp_ext( 1843): isMusicActive: false getBluetoothPlayState: 2 A2dp State: 11 mAudioPlaybackIsActive: true
09-24 03:02:26.930 D/Avrcp_ext( 1843): isMusicActive = false mAudioPlaybackIsActive = true player state = null
09-24 03:02:26.930 I/Avrcp_ext( 1843): Skipping update due to invalid playback state
09-24 03:02:26.930 V/Avrcp_ext( 1843): updatePlaybackState, state: null device: null
09-24 03:02:26.930 V/Avrcp_ext( 1843): Device: no name:
09-24 03:02:26.930 V/Avrcp_ext( 1843): Device: no name:
09-24 03:02:26.930 V/Avrcp_ext( 1843): Device: no name:
09-24 03:02:26.930 V/Avrcp_ext( 1843): Device: no name:
09-24 03:02:26.930 V/Avrcp_ext( 1843): Device: no name:
09-24 03:02:26.930 V/Avrcp_ext( 1843): updatePlayerStateAndPosition, old=PlaybackState {state=2, position=-1, buffered position=0, speed=0.0, updated=16811, actions=0, custom actions=[], active item id=-1, error=null}, state=null
09-24 03:02:26.930 I/Avrcp_ext( 1843): updatePlayerStateAndPosition: device: state = null
09-24 03:02:26.931 W/Utils ( 1217): track of type 'audio/vorbis' does not publish channel mask, channel count 1
09-24 03:02:26.931 V/KeyguardUpdateMonitor( 1846): *** unregister callback for com.android.keyguard.CarrierTextManager$2@4de7dd3
09-24 03:02:26.932 D/MediaRouter( 1846): onRestoreRoute() : route=RouteInfo{ name=平板电脑, description=null, status=null, category=RouteCategory{ name=系统 types=ROUTE_TYPE_LIVE_AUDIO ROUTE_TYPE_LIVE_VIDEO groupable=false }, supportedTypes=ROUTE_TYPE_LIVE_AUDIO ROUTE_TYPE_LIVE_VIDEO , presentationDisplay=null }
09-24 03:02:26.932 V/MediaRouter( 1846): Selecting route: RouteInfo{ name=平板电脑, description=null, status=null, category=RouteCategory{ name=系统 types=ROUTE_TYPE_LIVE_AUDIO ROUTE_TYPE_LIVE_VIDEO groupable=false }, supportedTypes=ROUTE_TYPE_LIVE_AUDIO ROUTE_TYPE_LIVE_VIDEO , presentationDisplay=null }
09-24 03:02:26.932 D/audio_hw_primary( 807): adev_get_parameters:is_hw_dec_session_available
09-24 03:02:26.932 D/audio_hw_spkr_prot( 807): fbsp_get_parameters: Speaker protection disabled
09-24 03:02:26.932 D/soundtrigger( 807): audio_extn_sound_trigger_get_parameters input string
09-24 03:02:26.932 D/soundtrigger( 807): extract_sm_handle input string param string
09-24 03:02:26.932 D/audio_hw_extn( 807): audio_extn_fm_get_parameters: Enter
09-24 03:02:26.932 D/audio_hw_extn( 807): audio_extn_get_parameters: returns
09-24 03:02:26.932 D/audio_hw_primary( 807): adev_get_parameters: exit: returns -
09-24 03:02:26.932 I/hash_map_utils( 911): system/bt/osi/src/hash_map_utils.cc:81 hash_map_utils_dump_string_keys_string_values: key: 'is_hw_dec_session_available' value: 'audio/vorbis'
09-24 03:02:26.933 D/InterruptionStateProvider( 1846): No bubble up: not allowed to bubble: 0|com.android.systemui|2048|null|10081
09-24 03:02:26.933 D/InterruptionStateProvider( 1846): No heads up: unimportant notification: 0|com.android.systemui|2048|null|10081
09-24 03:02:26.934 D/CCodec ( 1217): allocate(c2.android.vorbis.decoder)
09-24 03:02:26.935 D/PeopleSpaceWidgetMgr( 1846): Sbn doesn't contain valid PeopleTileKey: null/0/com.android.systemui
09-24 03:02:26.936 I/CCodec ( 1217): setting up 'default' as default (vendor) store
09-24 03:02:26.936 V/C2Store ( 1258): in init
09-24 03:02:26.936 V/C2Store ( 1258): loading dll
09-24 03:02:26.937 E/NotificationService( 1472): Muting recently noisy 0|com.android.systemui|2048|null|10081
09-24 03:02:26.939 I/CCodec ( 1217): Created component [c2.android.vorbis.decoder]
09-24 03:02:26.939 D/CCodecConfig( 1217): read media type: audio/vorbis
09-24 03:02:26.941 D/ReflectedParamUpdater( 1217): extent() != 1 for single value type: algo.buffers.max-count.values
09-24 03:02:26.942 D/ReflectedParamUpdater( 1217): extent() != 1 for single value type: output.subscribed-indices.values
09-24 03:02:26.942 D/ReflectedParamUpdater( 1217): extent() != 1 for single value type: input.buffers.allocator-ids.values
09-24 03:02:26.942 D/ReflectedParamUpdater( 1217): extent() != 1 for single value type: output.buffers.allocator-ids.values
09-24 03:02:26.942 D/ReflectedParamUpdater( 1217): extent() != 1 for single value type: algo.buffers.allocator-ids.values
09-24 03:02:26.942 D/ReflectedParamUpdater( 1217): extent() != 1 for single value type: output.buffers.pool-ids.values
09-24 03:02:26.942 D/ReflectedParamUpdater( 1217): extent() != 1 for single value type: algo.buffers.pool-ids.values
09-24 03:02:26.944 I/CCodecConfig( 1217): query failed after returning 7 values (BAD_INDEX)
09-24 03:02:26.944 D/CCodecConfig( 1217): c2 config diff is Dict {
09-24 03:02:26.944 D/CCodecConfig( 1217): c2::u32 coded.bitrate.value = 64000
09-24 03:02:26.944 D/CCodecConfig( 1217): c2::u32 input.buffers.max-size.value = 32768
09-24 03:02:26.944 D/CCodecConfig( 1217): c2::u32 input.delay.value = 0
09-24 03:02:26.944 D/CCodecConfig( 1217): string input.media-type.value = "audio/vorbis"
09-24 03:02:26.944 D/CCodecConfig( 1217): string output.media-type.value = "audio/raw"
09-24 03:02:26.944 D/CCodecConfig( 1217): c2::u32 raw.channel-count.value = 1
09-24 03:02:26.944 D/CCodecConfig( 1217): c2::u32 raw.sample-rate.value = 48000
09-24 03:02:26.944 D/CCodecConfig( 1217): }
09-24 03:02:26.944 D/InterruptionStateProvider( 1846): No bubble up: not allowed to bubble: 0|com.android.systemui|2048|null|10081
09-24 03:02:26.945 D/InterruptionStateProvider( 1846): No heads up: unimportant notification: 0|com.android.systemui|2048|null|10081
09-24 03:02:26.945 D/CCodec ( 1217): [c2.android.vorbis.decoder] buffers are bound to CCodec for this session
09-24 03:02:26.945 D/CCodecConfig( 1217): no c2 equivalents for durationUs
09-24 03:02:26.945 D/CCodecConfig( 1217): no c2 equivalents for csd-1
09-24 03:02:26.945 D/CCodecConfig( 1217): no c2 equivalents for language
09-24 03:02:26.945 D/CCodecConfig( 1217): no c2 equivalents for file-format
09-24 03:02:26.945 D/CCodecConfig( 1217): no c2 equivalents for flags
09-24 03:02:26.946 D/CCodecConfig( 1217): config failed => CORRUPTED
09-24 03:02:26.946 D/CCodecConfig( 1217): c2 config diff is c2::u32 coded.bitrate.value = 70000
09-24 03:02:26.947 W/Codec2Client( 1217): query -- param skipped: index = 1107298332.
09-24 03:02:26.947 D/CCodec ( 1217): setup formats input: AMessage(what = 0x00000000) = {
09-24 03:02:26.947 D/CCodec ( 1217): int32_t bitrate = 70000
09-24 03:02:26.947 D/CCodec ( 1217): int32_t channel-count = 1
09-24 03:02:26.947 D/CCodec ( 1217): int32_t max-input-size = 65307
09-24 03:02:26.947 D/CCodec ( 1217): string mime = "audio/vorbis"
09-24 03:02:26.947 D/CCodec ( 1217): int32_t sample-rate = 48000
09-24 03:02:26.947 D/CCodec ( 1217): }
09-24 03:02:26.947 D/CCodec ( 1217): setup formats output: AMessage(what = 0x00000000) = {
09-24 03:02:26.947 D/CCodec ( 1217): int32_t channel-count = 1
09-24 03:02:26.947 D/CCodec ( 1217): string mime = "audio/raw"
09-24 03:02:26.947 D/CCodec ( 1217): int32_t sample-rate = 48000
09-24 03:02:26.947 D/CCodec ( 1217): int32_t android._config-pcm-encoding = 2
09-24 03:02:26.947 D/CCodec ( 1217): }
09-24 03:02:26.947 D/PeopleSpaceWidgetMgr( 1846): Sbn doesn't contain valid PeopleTileKey: null/0/com.android.systemui
09-24 03:02:26.947 I/CCodecConfig( 1217): query failed after returning 7 values (BAD_INDEX)
09-24 03:02:26.947 I/MediaCodec( 1217): MediaCodec will operate in async mode
09-24 03:02:26.947 D/MediaCodec( 1217): keep callback message for reclaim
09-24 03:02:26.948 W/Codec2Client( 1217): query -- param skipped: index = 1342179345.
09-24 03:02:26.948 W/Codec2Client( 1217): query -- param skipped: index = 2415921170.
09-24 03:02:26.949 D/CCodecBufferChannel( 1217): [c2.android.vorbis.decoder#254] Created input block pool with allocatorID 16 => poolID 68 - OK (0)
09-24 03:02:26.949 D/BufferPoolAccessor2.0( 1258): bufferpool2 0xb4000070c3152e18 : 0(0 size) total buffers - 0(0 size) used buffers - 93/97 (recycle/alloc) - 4/96 (fetch/transfer)
09-24 03:02:26.949 D/BufferPoolAccessor2.0( 1258): Destruction - bufferpool2 0xb4000070c3152e18 cached: 0/0M, 0/0% in use; allocs: 97, 96% recycled; transfers: 96, 96% unfetched
09-24 03:02:26.950 D/BufferPoolAccessor2.0( 1217): bufferpool2 0xe80c17c8 : 0(0 size) total buffers - 0(0 size) used buffers - 95/103 (recycle/alloc) - 8/198 (fetch/transfer)
09-24 03:02:26.950 D/BufferPoolAccessor2.0( 1217): Destruction - bufferpool2 0xe80c17c8 cached: 0/0M, 0/0% in use; allocs: 103, 92% recycled; transfers: 198, 96% unfetched
09-24 03:02:26.950 I/CCodecBufferChannel( 1217): [c2.android.vorbis.decoder#254] Created output block pool with allocatorID 16 => poolID 77 - OK
09-24 03:02:26.950 D/CCodecBufferChannel( 1217): [c2.android.vorbis.decoder#254] Configured output block pool ids 77 => OK
09-24 03:02:26.950 D/CCodecBufferChannel( 1217): [c2.android.vorbis.decoder#254] start: updating output delay 0
09-24 03:02:26.951 I/CCodecBufferChannel( 1217): pipelineRoom(3) is <= numClientBuffers(3). Not signalling any more buffers to client
09-24 03:02:26.952 D/SimpleC2Component( 1258): Using output block pool with poolID 77 => got 77 - 0
09-24 03:02:26.953 I/CCodecBufferChannel( 1217): pipelineRoom(2) is <= numClientBuffers(2). Not signalling any more buffers to client
09-24 03:02:26.953 I/CCodecBufferChannel( 1217): pipelineRoom(1) is <= numClientBuffers(1). Not signalling any more buffers to client
09-24 03:02:26.960 E/NotificationService( 1472): Muting recently noisy 0|com.android.systemui|2048|null|10081
09-24 03:02:26.961 D/InterruptionStateProvider( 1846): No bubble up: not allowed to bubble: 0|com.android.systemui|2048|null|10081
09-24 03:02:26.961 D/InterruptionStateProvider( 1846): No heads up: unimportant notification: 0|com.android.systemui|2048|null|10081
09-24 03:02:26.964 D/PeopleSpaceWidgetMgr( 1846): Sbn doesn't contain valid PeopleTileKey: null/0/com.android.systemui
09-24 03:02:26.966 I/ExtendedNuUtils( 1217): Both src and dst missing for bit-width
09-24 03:02:26.966 I/ExtendedNuUtils( 1217): Overriding durationUs: with 64 bit src value 1728000
09-24 03:02:26.966 I/ExtendedNuUtils( 1217): Both src and dst missing for channel-mask
09-24 03:02:26.967 E/NotificationService( 1472): Muting recently noisy 0|com.android.systemui|2048|null|10081
09-24 03:02:26.969 D/audio_hw_primary( 807): adev_get_parameters:vr_audio_mode_on
09-24 03:02:26.969 I/audio_hw_primary( 807): getting vr mode to 0
09-24 03:02:26.969 D/audio_hw_primary( 807): adev_get_parameters: exit: returns - vr_audio_mode_on=false
09-24 03:02:26.970 I/hash_map_utils( 911): system/bt/osi/src/hash_map_utils.cc:81 hash_map_utils_dump_string_keys_string_values: key: 'vr_audio_mode_on' value: ''
09-24 03:02:26.971 D/AudioFlinger( 911): Client defaulted notificationFrames to 12000 for frameCount 24000
09-24 03:02:26.975 D/AF::TrackHandle( 911): OpPlayAudio: track:107 usage:5 not muted
09-24 03:02:26.976 D/InterruptionStateProvider( 1846): No bubble up: not allowed to bubble: 0|com.android.systemui|2048|null|10081
09-24 03:02:26.976 D/InterruptionStateProvider( 1846): No heads up: unimportant notification: 0|com.android.systemui|2048|null|10081
09-24 03:02:26.979 E/NotificationService( 1472): Muting recently noisy 0|com.android.systemui|2048|null|10081
09-24 03:02:26.982 D/PeopleSpaceWidgetMgr( 1846): Sbn doesn't contain valid PeopleTileKey: null/0/com.android.systemui
09-24 03:02:26.982 I/EffectsFactory( 807): EffectCreate() create_effect
09-24 03:02:26.985 E/volume_listener( 807): check_and_set_gain_dep_cal: Failed to set gain dep cal level
09-24 03:02:26.985 D/audio_hw_primary( 807): start_output_stream: enter: stream(0xe7d04330)usecase(1: low-latency-playback) devices(0x2) is_haptic_usecase(0)
09-24 03:02:26.985 E/ANDR-PERF-TARGET( 875): Error: Invalid logical cluster id 0
09-24 03:02:26.985 E/ANDR-PERF-REQUEST( 875): invalid request
09-24 03:02:26.985 E/ANDR-PERF-MPCTL( 875): invalid request, no optimizations performed
09-24 03:02:26.985 E/audio_hw_extn( 807): audio_extn_perf_lock_acquire: Failed to acquire perf lock, err: -1
09-24 03:02:26.985 D/audio_hw_primary( 807): select_devices for use case (low-latency-playback)
09-24 03:02:26.985 I/msm8974_platform( 807): platform_check_and_set_codec_backend_cfg:becf: afe: bitwidth 16, samplerate 48000 channels 2, backend_idx 0 usecase = 1 device (speaker)
09-24 03:02:26.985 D/msm8974_platform( 807): platform_split_snd_device: snd_device(2) num devices(1) new_snd_devices(0)
09-24 03:02:26.985 I/msm8974_platform( 807): platform_check_and_set_codec_backend_cfg: new_snd_devices[0] is 2
09-24 03:02:26.985 I/msm8974_platform( 807): platform_check_codec_backend_cfg:becf: afe: bitwidth 16, samplerate 48000 channels 2, backend_idx 0 usecase = 1 device (speaker)
09-24 03:02:26.987 D/audio_hw_extn( 807): audio_extn_enable_hifi_filter: mixer_value set 0
09-24 03:02:26.987 D/msm8974_platform( 807): platform_check_codec_backend_cfg:becf: updated afe: bitwidth 16, samplerate 48000 channels 2,backend_idx 0 usecase = 1 device (speaker)
09-24 03:02:26.987 D/msm8974_platform( 807): platform_check_codec_backend_cfg:becf: afe: playback on codec device not supporting native playback set default Sample Rate(48k)
09-24 03:02:26.987 I/msm8974_platform( 807): platform_check_codec_backend_cfg:becf: afe: Codec selected backend: 0 updated bit width: 16 and sample rate: 48000
09-24 03:02:26.987 D/audio_hw_primary( 807): check_usecases_codec_backend:becf: force routing 0
09-24 03:02:26.987 E/msm8974_platform( 807): platform_check_backends_match: Invalid snd_device =
09-24 03:02:26.987 D/audio_hw_primary( 807): check_usecases_codec_backend:becf: (78) check_usecases curr device: speaker, usecase device: backends match 0
09-24 03:02:26.987 D/audio_hw_primary( 807): check_usecases_codec_backend:becf: check_usecases num.of Usecases to switch 0
09-24 03:02:26.987 D/hardware_info( 807): hw_info_append_hw_type : device_name = speaker
09-24 03:02:26.987 D/msm8974_platform( 807): platform_split_snd_device: snd_device(2) num devices(0) new_snd_devices(0)
09-24 03:02:26.987 D/audio_hw_primary( 807): enable_snd_device: snd_device(2: speaker)
09-24 03:02:26.987 D/msm8974_platform( 807): platform_get_island_cfg_on_device:island cfg status on snd_device = (speaker 0)
09-24 03:02:26.987 I/soundtrigger( 807): audio_extn_sound_trigger_update_device_status: device 0x2 of type 0 for Event 1, with Raise=0
09-24 03:02:26.987 D/audio_route( 807): Apply path: speaker
09-24 03:02:26.987 I/audio_hw_utils( 807): audio_extn_utils_update_stream_output_app_type_cfg Allowing 24 and above bits playback on speaker ONLY at default sampling rate
09-24 03:02:26.987 E/soundtrigger( 807): audio_extn_sound_trigger_update_stream_status: invalid input device 0x0, for event 3
09-24 03:02:26.987 D/soundtrigger( 807): audio_extn_sound_trigger_update_stream_status: uc_info->id 1 of type 0 for Event 3, with Raise=0
09-24 03:02:26.987 D/audio_hw_utils( 807): audio_extn_utils_send_app_type_cfg: usecase->out_snd_device speaker
09-24 03:02:26.987 D/msm8974_platform( 807): platform_split_snd_device: snd_device(2) num devices(0) new_snd_devices(0)
09-24 03:02:26.987 D/audio_hw_utils( 807): audio_extn_btsco_get_sample_rate:Not a BT SCO device, need not update sampling rate
09-24 03:02:26.987 I/audio_hw_utils( 807): send_app_type_cfg_for_device PLAYBACK app_type 69937, acdb_dev_id 15, sample_rate 48000, snd_device_be_idx 179
09-24 03:02:26.987 D/msm8974_platform( 807): platform_split_snd_device: snd_device(2) num devices(1) new_snd_devices(0)
09-24 03:02:26.987 D/audio_hw_utils( 807): audio_extn_btsco_get_sample_rate:Not a BT SCO device, need not update sampling rate
09-24 03:02:26.987 D/ACDB-LOADER( 807): ACDB -> send_audio_cal, acdb_id = 15, path = 0, app id = 0x11131, sample rate = 48000, afe_sample_rate = 48000
09-24 03:02:26.987 D/ACDB-LOADER( 807): ACDB -> send_asm_topology
09-24 03:02:26.987 D/ACDB-LOADER( 807): ACDB -> ACDB_CMD_GET_AUDPROC_STREAM_TOPOLOGY_ID
09-24 03:02:26.987 D/ACDB-LOADER( 807): ACDB -> send_adm_topology
09-24 03:02:26.987 D/ACDB-LOADER( 807): ACDB -> ACDB_CMD_GET_AUDPROC_COMMON_TOPOLOGY_ID
09-24 03:02:26.988 D/ACDB-LOADER( 807): ACDB -> send_audtable
09-24 03:02:26.988 D/ACDB-LOADER( 807): ACDB -> ACDB_CMD_GET_AUDPROC_INSTANCE_COMMON_TABLE_SIZE
09-24 03:02:26.988 D/ACDB-LOADER( 807): ACDB -> ACDB_CMD_GET_AUDPROC_INSTANCE_COMMON_TABLE
09-24 03:02:26.988 D/ACDB-LOADER( 807): ACDB -> AUDIO_SET_AUDPROC_CAL cal_type[11] acdb_id[15] app_type[69937]
09-24 03:02:26.988 D/ACDB-LOADER( 807): ACDB -> send_audvoltable
09-24 03:02:26.988 D/ACDB-LOADER( 807): ACDB -> ACDB_CMD_GET_AUDPROC_INSTANCE_GAIN_DEP_STEP_TABLE_SIZE
09-24 03:02:26.988 D/ACDB-LOADER( 807): ACDB -> ACDB_CMD_GET_AUDPROC_INSTANCE_GAIN_DEP_STEP_TABLE, vol index 0
09-24 03:02:26.988 D/ACDB-LOADER( 807): ACDB -> AUDIO_SET_VOL_CAL cal type = 12
09-24 03:02:26.988 D/ACDB-LOADER( 807): ACDB -> ACDB_CMD_GET_AUDPROC_INSTANCE_STREAM_TABLE_SIZE
09-24 03:02:26.988 D/ACDB-LOADER( 807): ACDB -> send_audstrmtable
09-24 03:02:26.988 D/ACDB-LOADER( 807): ACDB -> ACDB_CMD_GET_AUDPROC_INSTANCE_STREAM_TABLE
09-24 03:02:26.988 D/ACDB-LOADER( 807): ACDB -> audstrm_cal->cal_type.cal_data.cal_size = 20
09-24 03:02:26.988 D/ACDB-LOADER( 807): ACDB -> send_afe_topology
09-24 03:02:26.988 D/ACDB-LOADER( 807): ACDB -> ACDB_CMD_GET_AFE_TOPOLOGY_ID
09-24 03:02:26.988 D/ACDB-LOADER( 807): ACDB -> GET_AFE_TOPOLOGY_ID for adcd_id 15, Topology Id 112fc
09-24 03:02:26.988 D/ACDB-LOADER( 807): ACDB -> send_afe_cal
09-24 03:02:26.988 D/ACDB-LOADER( 807): ACDB -> ACDB_CMD_GET_AFE_INSTANCE_COMMON_TABLE_SIZE
09-24 03:02:26.988 D/android.hardware.audio.service( 807): Failed to fetch the lookup information of the device 0000000F
09-24 03:02:26.988 D/ACDB-LOADER( 807): Error: ACDB_CMD_GET_AFE_INSTANCE_COMMON_TABLE_SIZE Returned = -19
09-24 03:02:26.988 D/ACDB-LOADER( 807): ACDB -> ACDB_CMD_GET_AFE_INSTANCE_COMMON_TABLE
09-24 03:02:26.988 D/android.hardware.audio.service( 807): Failed to fetch the lookup information of the device 0000000F
09-24 03:02:26.988 D/ACDB-LOADER( 807): Error: ACDB AFE returned = -19
09-24 03:02:26.988 D/ACDB-LOADER( 807): ACDB -> AUDIO_SET_AFE_CAL cal_type[16] acdb_id[15]
09-24 03:02:26.988 D/ACDB-LOADER( 807): ACDB -> send_hw_delay : acdb_id = 15 path = 0
09-24 03:02:26.988 D/ACDB-LOADER( 807): ACDB -> ACDB_AVSYNC_INFO: ACDB_CMD_GET_DEVICE_PROPERTY
09-24 03:02:26.988 D/msm8974_platform( 807): platform_split_snd_device: snd_device(2) num devices(0) new_snd_devices(0)
09-24 03:02:26.988 I/msm8974_platform( 807): platform_get_custom_mtmx_params: no matching param with id 0 ip_ch 2 op_ch 2 uc_id 1 snd_dev 2
09-24 03:02:26.988 D/audio_hw_primary( 807): enable_audio_route: apply mixer and update path: low-latency-playback
09-24 03:02:26.988 D/audio_route( 807): Apply path: low-latency-playback
09-24 03:02:26.989 D/audio_hw_primary( 807): select_devices: done
09-24 03:02:26.993 D/Avrcp_ext( 1843): AudioManager Player: AudioPlaybackConfiguration piid:71 deviceId:0 type:android.media.SoundPool u/pid:1000/1472 state:idle attr:AudioAttributes: usage=USAGE_ASSISTANCE_SONIFICATION content=CONTENT_TYPE_SONIFICATION flags=0x800 tags= bundle=null sessionId:0
09-24 03:02:26.993 D/Avrcp_ext( 1843): AudioManager Player: AudioPlaybackConfiguration piid:79 deviceId:0 type:android.media.SoundPool u/pid:10081/1846 state:idle attr:AudioAttributes: usage=USAGE_ASSISTANCE_SONIFICATION content=CONTENT_TYPE_SONIFICATION flags=0x800 tags= bundle=null sessionId:0
09-24 03:02:26.993 D/Avrcp_ext( 1843): AudioManager Player: AudioPlaybackConfiguration piid:495 deviceId:3 type:android.media.MediaPlayer u/pid:10081/1846 state:started attr:AudioAttributes: usage=USAGE_NOTIFICATION content=CONTENT_TYPE_SONIFICATION flags=0x800 tags= bundle=null sessionId:0
09-24 03:02:26.994 D/Avrcp_ext( 1843): AudioManager Player in started state: com.android.systemui
09-24 03:02:26.994 D/Avrcp_ext( 1843): AudioManager Active Player: com.android.systemui
09-24 03:02:26.994 D/Avrcp_ext( 1843): AudioManager isPlaying: true, mAudioPlaybackIsActive = true
09-24 03:02:26.995 E/NotificationService( 1472): Muting recently noisy 0|com.android.systemui|2048|null|10081
09-24 03:02:26.997 D/InterruptionStateProvider( 1846): No bubble up: not allowed to bubble: 0|com.android.systemui|2048|null|10081
09-24 03:02:26.998 D/InterruptionStateProvider( 1846): No heads up: unimportant notification: 0|com.android.systemui|2048|null|10081
09-24 03:02:27.000 D/PeopleSpaceWidgetMgr( 1846): Sbn doesn't contain valid PeopleTileKey: null/0/com.android.systemui
09-24 03:02:27.001 D/InterruptionStateProvider( 1846): No bubble up: not allowed to bubble: 0|com.android.systemui|2048|null|10081
09-24 03:02:27.001 D/InterruptionStateProvider( 1846): No heads up: unimportant notification: 0|com.android.systemui|2048|null|10081
09-24 03:02:27.003 D/PeopleSpaceWidgetMgr( 1846): Sbn doesn't contain valid PeopleTileKey: null/0/com.android.systemui
09-24 03:02:27.008 I/mpu_uart( 654): [MSG-P:RECV]:No message received in 1000 ms
09-24 03:02:27.010 D/InterruptionStateProvider( 1846): No bubble up: not allowed to bubble: 0|com.android.systemui|2048|null|10081
09-24 03:02:27.010 D/InterruptionStateProvider( 1846): No heads up: unimportant notification: 0|com.android.systemui|2048|null|10081
09-24 03:02:27.012 E/NotificationService( 1472): Muting recently noisy 0|com.android.systemui|2048|null|10081
09-24 03:02:27.012 D/PeopleSpaceWidgetMgr( 1846): Sbn doesn't contain valid PeopleTileKey: null/0/com.android.systemui
09-24 03:02:27.013 D/msm8974_platform( 807): platform_set_channel_map mixer_ctl_name:Playback Channel Map9
09-24 03:02:27.013 D/msm8974_platform( 807): platform_set_channel_map: set mapping(1 2 0 0 0 0 0 0) for channel:2
09-24 03:02:27.014 E/audio_hw_extn( 807): audio_extn_perf_lock_release: Perf lock release error
09-24 03:02:27.014 D/audio_hw_primary( 807): start_output_stream: exit
09-24 03:02:27.014 D/audio_hw_primary( 807): out_write: retry previous failed cal level set
09-24 03:02:27.014 D/msm8974_platform( 807): platform_split_snd_device: snd_device(2) num devices(1) new_snd_devices(0)
09-24 03:02:27.014 D/ACDB-LOADER( 807): ACDB -> send_audvoltable
09-24 03:02:27.014 D/ACDB-LOADER( 807): ACDB -> ACDB_CMD_GET_AUDPROC_INSTANCE_GAIN_DEP_STEP_TABLE_SIZE
09-24 03:02:27.014 D/ACDB-LOADER( 807): ACDB -> ACDB_CMD_GET_AUDPROC_INSTANCE_GAIN_DEP_STEP_TABLE, vol index 5
09-24 03:02:27.015 D/ACDB-LOADER( 807): ACDB -> AUDIO_SET_VOL_CAL cal type = 40
09-24 03:02:27.026 D/msm8974_platform( 807): platform_split_snd_device: snd_device(2) num devices(1) new_snd_devices(0)
09-24 03:02:27.026 D/ACDB-LOADER( 807): ACDB -> send_audvoltable
09-24 03:02:27.026 D/ACDB-LOADER( 807): ACDB -> ACDB_CMD_GET_AUDPROC_INSTANCE_GAIN_DEP_STEP_TABLE_SIZE
09-24 03:02:27.026 D/ACDB-LOADER( 807): ACDB -> ACDB_CMD_GET_AUDPROC_INSTANCE_GAIN_DEP_STEP_TABLE, vol index 2
09-24 03:02:27.026 D/ACDB-LOADER( 807): ACDB -> AUDIO_SET_VOL_CAL cal type = 40
