09-24 03:02:14.881 E/DatabaseUtils( 1472): at com.android.providers.settings.SettingsProvider.call(SettingsProvider.java:461)
09-24 03:02:14.881 E/DatabaseUtils( 1472): at android.content.ContentProvider.call(ContentProvider.java:2464)
09-24 03:02:14.881 E/DatabaseUtils( 1472): at android.content.ContentProvider$Transport.call(ContentProvider.java:512)
09-24 03:02:14.881 E/DatabaseUtils( 1472): at android.content.ContentProviderNative.onTransact(ContentProviderNative.java:295)
09-24 03:02:14.881 E/DatabaseUtils( 1472): at android.os.Binder.execTransactInternal(Binder.java:1179)
09-24 03:02:14.881 E/DatabaseUtils( 1472): at android.os.Binder.execTransact(Binder.java:1143)
09-24 03:02:14.882 D/ProcessState(27316): Binder ioctl to enable oneway spam detection failed: Invalid argument
09-24 03:02:14.885 D/Zygote ( 675): Forked child process 27331
09-24 03:02:14.885 I/am_proc_start( 1472): [0,27331,10062,com.android.music,NULL,]
09-24 03:02:14.885 I/ActivityManager( 1472): Start proc 27331:com.android.music/u0a62 for null
09-24 03:02:14.886 E/EditModeHelper( 2335): setHotseatVisibility: com.android.launcher3 was not granted this permission: android.permission.WRITE_SETTINGS.
09-24 03:02:14.886 W/System.err( 2335): java.lang.SecurityException: com.android.launcher3 was not granted this permission: android.permission.WRITE_SETTINGS.
09-24 03:02:14.888 I/am_proc_bound( 1472): [0,27316,com.android.documentsui]
09-24 03:02:14.889 W/System.err( 2335): at android.os.Parcel.createExceptionOrNull(Parcel.java:2425)
09-24 03:02:14.889 W/System.err( 2335): at android.os.Parcel.createException(Parcel.java:2409)
09-24 03:02:14.889 W/System.err( 2335): at android.os.Parcel.readException(Parcel.java:2392)
09-24 03:02:14.889 W/System.err( 2335): at android.database.DatabaseUtils.readExceptionFromParcel(DatabaseUtils.java:190)
09-24 03:02:14.889 W/System.err( 2335): at android.database.DatabaseUtils.readExceptionFromParcel(DatabaseUtils.java:142)
09-24 03:02:14.889 W/System.err( 2335): at android.content.ContentProviderProxy.call(ContentProviderNative.java:732)
09-24 03:02:14.889 W/System.err( 2335): at android.provider.Settings$NameValueCache.putStringForUser(Settings.java:2835)
09-24 03:02:14.889 W/System.err( 2335): at android.provider.Settings$System.putStringForUser(Settings.java:3542)
09-24 03:02:14.889 W/System.err( 2335): at android.provider.Settings$System.putStringForUser(Settings.java:3525)
09-24 03:02:14.889 W/System.err( 2335): at android.provider.Settings$System.putIntForUser(Settings.java:3651)
09-24 03:02:14.889 W/System.err( 2335): at android.provider.Settings$System.putInt(Settings.java:3644)
09-24 03:02:14.889 W/System.err( 2335): at com.android.launcher3.edit.EditModeHelper.setHotseatVisibility(EditModeHelper.java:51)
09-24 03:02:14.890 W/System.err( 2335): at com.android.launcher3.WorkspaceStateTransitionAnimation.setWorkspaceProperty(WorkspaceStateTransitionAnimation.java:173)
09-24 03:02:14.890 W/System.err( 2335): at com.android.launcher3.WorkspaceStateTransitionAnimation.setStateWithAnimation(WorkspaceStateTransitionAnimation.java:88)
09-24 03:02:14.890 W/System.err( 2335): at com.android.launcher3.Workspace.setStateWithAnimation(Workspace.java:1451)
09-24 03:02:14.890 W/System.err( 2335): at com.android.launcher3.Workspace.setStateWithAnimation(Workspace.java:135)
09-24 03:02:14.890 W/System.err( 2335): at com.android.launcher3.statemanager.StateManager.createAtomicAnimation(StateManager.java:280)
09-24 03:02:14.890 W/System.err( 2335): at com.android.quickstep.util.WorkspaceRevealAnim.prepareToAnimate(WorkspaceRevealAnim.java:120)
09-24 03:02:14.890 W/System.err( 2335): at com.android.quickstep.util.WorkspaceRevealAnim.(WorkspaceRevealAnim.java:57)
09-24 03:02:14.890 W/System.err( 2335): at com.android.launcher3.QuickstepTransitionManager$WallpaperOpenLauncherAnimationRunner.onCreateAnimation(QuickstepTransitionManager.java:1337)
09-24 03:02:14.890 W/System.err( 2335): at com.android.launcher3.LauncherAnimationRunner.lambda$onAnimationStart$2$LauncherAnimationRunner(LauncherAnimationRunner.java:92)
09-24 03:02:14.890 W/System.err( 2335): at com.android.launcher3.LauncherAnimationRunner$$ExternalSyntheticLambda3.run(Unknown Source:12)
09-24 03:02:14.890 W/System.err( 2335): at android.os.Handler.handleCallback(Handler.java:938)
09-24 03:02:14.890 W/System.err( 2335): at android.os.Handler.dispatchMessage(Handler.java:99)
09-24 03:02:14.890 W/System.err( 2335): at android.os.Looper.loopOnce(Looper.java:201)
09-24 03:02:14.890 W/System.err( 2335): at android.os.Looper.loop(Looper.java:288)
09-24 03:02:14.890 W/System.err( 2335): at android.app.ActivityThread.main(ActivityThread.java:7880)
09-24 03:02:14.890 W/System.err( 2335): at java.lang.reflect.Method.invoke(Native Method)
09-24 03:02:14.890 W/System.err( 2335): at com.android.internal.os.RuntimeInit$MethodAndArgsCaller.run(RuntimeInit.java:548)
09-24 03:02:14.890 W/System.err( 2335): at com.android.internal.os.ZygoteInit.main(ZygoteInit.java:1009)
09-24 03:02:14.890 W/System.err( 2335): Caused by: android.os.RemoteException: Remote stack trace:
09-24 03:02:14.890 W/System.err( 2335): at android.provider.Settings.isCallingPackageAllowedToPerformAppOpsProtectedOperation(Settings.java:17087)
09-24 03:02:14.890 W/System.err( 2335): at android.provider.Settings.checkAndNoteWriteSettingsOperation(Settings.java:16975)
09-24 03:02:14.890 W/System.err( 2335): at com.android.providers.settings.SettingsProvider.mutateSystemSetting(SettingsProvider.java:1854)
09-24 03:02:14.890 W/System.err( 2335): at com.android.providers.settings.SettingsProvider.insertSystemSetting(SettingsProvider.java:1820)
09-24 03:02:14.890 W/System.err( 2335): at com.android.providers.settings.SettingsProvider.call(SettingsProvider.java:461)
09-24 03:02:14.891 D/Zygote ( 675): Forked child process 27339
09-24 03:02:14.891 D/CompatibilityChangeReporter( 1472): Compat change id reported: 168419799; UID 10031; state: DISABLED
09-24 03:02:14.891 D/CompatibilityInfo( 1472): mCompatibilityFlags - 4
09-24 03:02:14.891 D/CompatibilityInfo( 1472): applicationDensity - 240
09-24 03:02:14.891 D/CompatibilityInfo( 1472): applicationScale - 1.0
09-24 03:02:14.892 E/droid.gallery3(27317): Not starting debugger since process cannot load the jdwp agent.
09-24 03:02:14.893 D/ProcessState(27317): Binder ioctl to enable oneway spam detection failed: Invalid argument
09-24 03:02:14.894 I/input_focus( 1472): [Focus entering 258de5e com.android.launcher3/com.android.launcher3.uioverrides.QuickstepLauncher (server),reason=Window became focusable. Previous reason: NOT_VISIBLE]
09-24 03:02:14.895 E/m.android.musi(27331): Not starting debugger since process cannot load the jdwp agent.
09-24 03:02:14.896 I/am_proc_start( 1472): [0,27339,1000,com.thundercomm.mcuupgrade,NULL,]
09-24 03:02:14.896 I/ActivityManager( 1472): Start proc 27339:com.thundercomm.mcuupgrade/1000 for null
09-24 03:02:14.896 D/ProcessState(27331): Binder ioctl to enable oneway spam detection failed: Invalid argument
09-24 03:02:14.900 D/Sogou ( 3689): onUnbindInput finish
09-24 03:02:14.900 I/am_proc_bound( 1472): [0,27331,com.android.music]
09-24 03:02:14.900 D/CompatibilityChangeReporter(27316): Compat change id reported: 171979766; UID 10031; state: DISABLED
09-24 03:02:14.903 D/Sogou ( 3689): onFinishInput:
09-24 03:02:14.903 D/CompatibilityChangeReporter( 1472): Compat change id reported: 168419799; UID 10062; state: DISABLED
09-24 03:02:14.903 D/CompatibilityInfo( 1472): mCompatibilityFlags - 4
09-24 03:02:14.903 D/CompatibilityInfo( 1472): applicationDensity - 240
09-24 03:02:14.903 D/CompatibilityInfo( 1472): applicationScale - 1.0
09-24 03:02:14.911 I/am_proc_bound( 1472): [0,27317,com.android.gallery3d]
09-24 03:02:14.913 D/CompatibilityChangeReporter(27331): Compat change id reported: 171979766; UID 10062; state: ENABLED
09-24 03:02:14.914 E/comm.mcuupgrad(27339): Not starting debugger since process cannot load the jdwp agent.
09-24 03:02:14.915 D/ProcessState(27339): Binder ioctl to enable oneway spam detection failed: Invalid argument
09-24 03:02:14.916 D/CompatibilityChangeReporter( 1472): Compat change id reported: 168419799; UID 10069; state: DISABLED
09-24 03:02:14.916 D/CompatibilityInfo( 1472): mCompatibilityFlags - 4
09-24 03:02:14.916 D/CompatibilityInfo( 1472): applicationDensity - 240
09-24 03:02:14.916 D/CompatibilityInfo( 1472): applicationScale - 1.0
09-24 03:02:14.919 I/am_proc_bound( 1472): [0,27339,com.thundercomm.mcuupgrade]
09-24 03:02:14.920 D/CompatibilityChangeReporter(27317): Compat change id reported: 171979766; UID 10069; state: DISABLED
09-24 03:02:14.921 D/CompatibilityChangeReporter( 1472): Compat change id reported: 168419799; UID 1000; state: DISABLED
09-24 03:02:14.921 D/CompatibilityInfo( 1472): mCompatibilityFlags - 4
09-24 03:02:14.921 D/CompatibilityInfo( 1472): applicationDensity - 240
09-24 03:02:14.921 D/CompatibilityInfo( 1472): applicationScale - 1.0
09-24 03:02:14.922 D/nativeloader(27331): classloader namespace configured for unbundled product apk. library_path=/product/app/SnapdragonMusic/lib/arm64:/product/lib64:/system/product/lib64
09-24 03:02:14.923 D/CompatibilityChangeReporter(27339): Compat change id reported: 171979766; UID 1000; state: ENABLED
09-24 03:02:14.925 D/ApplicationLoaders(27317): Returning zygote-cached class loader: /system/framework/android.test.base.jar
09-24 03:02:14.941 I/Perf (27316): Connecting to perf service.
09-24 03:02:14.947 I/Perf (27331): Connecting to perf service.
09-24 03:02:14.949 W/System ( 1846): A resource failed to call close.
09-24 03:02:14.949 W/System ( 1846): A resource failed to call close.
09-24 03:02:14.950 W/System ( 1846): A resource failed to call release.
09-24 03:02:14.951 D/nativeloader(27317): classloader namespace configured for unbundled product apk. library_path=/product/app/Gallery2/lib/arm64:/product/app/Gallery2/Gallery2.apk!/lib/arm64-v8a:/product/lib64:/system/product/lib64
09-24 03:02:14.952 W/System ( 1846): A resource failed to call release.
09-24 03:02:14.955 V/GraphicsEnvironment(27331): ANGLE Developer option for 'com.android.music' set to: 'default'
09-24 03:02:14.955 V/GraphicsEnvironment(27331): ANGLE GameManagerService for com.android.music: false
09-24 03:02:14.956 D/NetworkSecurityConfig(27331): No Network Security Config specified, using platform default
09-24 03:02:14.956 D/NetworkSecurityConfig(27331): No Network Security Config specified, using platform default
09-24 03:02:14.957 V/GraphicsEnvironment(27316): ANGLE Developer option for 'com.android.documentsui' set to: 'default'
09-24 03:02:14.958 I/Perf (27339): Connecting to perf service.
09-24 03:02:14.960 V/GraphicsEnvironment(27316): ANGLE GameManagerService for com.android.documentsui: false
09-24 03:02:14.963 I/Perf (27317): Connecting to perf service.
09-24 03:02:14.964 D/NetworkSecurityConfig(27316): No Network Security Config specified, using platform default
09-24 03:02:14.964 D/NetworkSecurityConfig(27316): No Network Security Config specified, using platform default
09-24 03:02:14.966 V/GraphicsEnvironment(27339): ANGLE Developer option for 'com.thundercomm.mcuupgrade' set to: 'default'
09-24 03:02:14.966 V/GraphicsEnvironment(27339): ANGLE GameManagerService for com.thundercomm.mcuupgrade: false
09-24 03:02:14.967 D/NetworkSecurityConfig(27339): No Network Security Config specified, using platform default
09-24 03:02:14.967 D/NetworkSecurityConfig(27339): No Network Security Config specified, using platform default
09-24 03:02:14.969 V/GraphicsEnvironment(27317): ANGLE Developer option for 'com.android.gallery3d' set to: 'default'
09-24 03:02:14.970 V/GraphicsEnvironment(27317): ANGLE GameManagerService for com.android.gallery3d: false
09-24 03:02:14.971 D/NetworkSecurityConfig(27317): No Network Security Config specified, using platform default
09-24 03:02:14.971 D/NetworkSecurityConfig(27317): No Network Security Config specified, using platform default
09-24 03:02:14.995 D/DocumentsApplication(27316): OverlayManager.setEnabled() result: true
09-24 03:02:15.004 I/mpu_uart( 654): [MSG-P:RECV]:No message received in 1000 ms
09-24 03:02:15.235 I/wm_stop_activity( 1472): [0,256617940,com.android.settings/.Settings]
09-24 03:02:15.261 I/wm_on_stop_called( 4383): [256617940,com.android.settings.Settings,STOP_ACTIVITY_ITEM]
09-24 03:02:15.981 I/mpu_uart( 654): [MSG-P:R]:recv sync frame timeout
09-24 03:02:16.004 I/mpu_uart( 654): [MSG-P:RECV]:No message received in 1000 ms
09-24 03:02:16.553 D/NetworkMonitor/101( 1960): isDataStall: result=1, tcp packets received=0, latest tcp fail rate=0, consecutive dns timeout count=2554
09-24 03:02:16.553 D/NetworkMonitor/101( 1960): Suspecting data stall, reevaluate
09-24 03:02:16.555 D/ConnectivityService( 1472): Data stall detected with methods: 1
09-24 03:02:16.555 D/NetworkMonitor/101( 1960): Validation disabled.
09-24 03:02:16.560 D/ConnectivityService( 1472): [101 WIFI] validation passed
09-24 03:02:16.664 D/NetworkMonitor/101( 1960): isDataStall: result=1, tcp packets received=0, latest tcp fail rate=0, consecutive dns timeout count=2555
09-24 03:02:16.664 D/NetworkMonitor/101( 1960): Suspecting data stall, reevaluate
09-24 03:02:16.665 D/NetworkMonitor/101( 1960): Validation disabled.
09-24 03:02:16.666 D/ConnectivityService( 1472): Data stall detected with methods: 1
09-24 03:02:16.670 D/ConnectivityService( 1472): [101 WIFI] validation passed
09-24 03:02:17.004 I/mpu_uart( 654): [MSG-P:RECV]:No message received in 1000 ms
09-24 03:02:18.005 I/mpu_uart( 654): [MSG-P:RECV]:No message received in 1000 ms
09-24 03:02:18.563 D/NetworkMonitor/101( 1960): isDataStall: result=1, tcp packets received=0, latest tcp fail rate=0, consecutive dns timeout count=2557
09-24 03:02:18.563 D/NetworkMonitor/101( 1960): Suspecting data stall, reevaluate
09-24 03:02:18.565 D/ConnectivityService( 1472): Data stall detected with methods: 1
09-24 03:02:18.565 D/NetworkMonitor/101( 1960): Validation disabled.
09-24 03:02:18.570 D/ConnectivityService( 1472): [101 WIFI] validation passed
09-24 03:02:18.576 I/KEVA.NATIVE( 8501): byte array do not exist
09-24 03:02:18.576 I/KEVA.NATIVE( 8501): byte array do not exist
09-24 03:02:18.984 I/mpu_uart( 654): [MSG-P:R]:recv sync frame timeout
09-24 03:02:19.005 I/mpu_uart( 654): [MSG-P:RECV]:No message received in 1000 ms
09-24 03:02:19.026 F/linker (27401): CANNOT LINK EXECUTABLE "/vendor/bin/hw/qvrservice": library "vendor.qti.hardware.qxr-V1-ndk_platform.so" not found: needed by /vendor/lib64/libqvrservice.so in namespace (default)
09-24 03:02:19.027 F/linker (27402): CANNOT LINK EXECUTABLE "/vendor/bin/hw/sxrservice": library "vendor.qti.hardware.qxr-V1-ndk_platform.so" not found: needed by main executable
09-24 03:02:19.033 I/hwservicemanager( 513): getTransport: Cannot find entry android.hardware.light@2.0::ILight/default in either framework or device VINTF manifest.
09-24 03:02:19.036 E/light (27400): light_open lights keyboard failed: -22
09-24 03:02:19.036 E/light (27400): Light passthrough failed to load legacy HAL.
09-24 03:02:19.037 E/light (27400): light_open lights buttons failed: -22
09-24 03:02:19.037 E/light (27400): Light passthrough failed to load legacy HAL.
09-24 03:02:19.038 E/light (27400): light_open lights bluetooth failed: -22
09-24 03:02:19.038 E/light (27400): Light passthrough failed to load legacy HAL.
09-24 03:02:19.038 E/light (27400): light_open lights wifi failed: -22
09-24 03:02:19.038 E/light (27400): Light passthrough failed to load legacy HAL.
09-24 03:02:19.039 I/hwservicemanager( 513): getTransport: Cannot find entry android.hardware.light@2.0::ILight/default in either framework or device VINTF manifest.
09-24 03:02:19.039 E/HidlServiceManagement(27400): Service android.hardware.light@2.0::ILight/default must be in VINTF manifest in order to register/get.
09-24 03:02:19.039 E/LegacySupport(27400): Could not register service android.hardware.light@2.0::ILight/default (-2147483648).
09-24 03:02:20.005 I/mpu_uart( 654): [MSG-P:RECV]:No message received in 1000 ms
09-24 03:02:21.006 I/mpu_uart( 654): [MSG-P:RECV]:No message received in 1000 ms
09-24 03:02:21.987 I/mpu_uart( 654): [MSG-P:R]:recv sync frame timeout
09-24 03:02:22.006 I/mpu_uart( 654): [MSG-P:RECV]:No message received in 1000 ms
09-24 03:02:23.007 I/mpu_uart( 654): [MSG-P:RECV]:No message received in 1000 ms
09-24 03:02:24.007 I/mpu_uart( 654): [MSG-P:RECV]:No message received in 1000 ms
09-24 03:02:24.034 F/linker (27405): CANNOT LINK EXECUTABLE "/vendor/bin/hw/sxrservice": library "vendor.qti.hardware.qxr-V1-ndk_platform.so" not found: needed by main executable
09-24 03:02:24.035 F/linker (27404): CANNOT LINK EXECUTABLE "/vendor/bin/hw/qvrservice": library "vendor.qti.hardware.qxr-V1-ndk_platform.so" not found: needed by /vendor/lib64/libqvrservice.so in namespace (default)
09-24 03:02:24.041 I/hwservicemanager( 513): getTransport: Cannot find entry android.hardware.light@2.0::ILight/default in either framework or device VINTF manifest.
09-24 03:02:24.043 E/light (27403): light_open lights keyboard failed: -22
09-24 03:02:24.043 E/light (27403): Light passthrough failed to load legacy HAL.
09-24 03:02:24.043 E/light (27403): light_open lights buttons failed: -22
09-24 03:02:24.043 E/light (27403): Light passthrough failed to load legacy HAL.
09-24 03:02:24.044 E/light (27403): light_open lights bluetooth failed: -22
09-24 03:02:24.044 E/light (27403): Light passthrough failed to load legacy HAL.
09-24 03:02:24.045 E/light (27403): light_open lights wifi failed: -22
09-24 03:02:24.045 E/light (27403): Light passthrough failed to load legacy HAL.
09-24 03:02:24.045 I/hwservicemanager( 513): getTransport: Cannot find entry android.hardware.light@2.0::ILight/default in either framework or device VINTF manifest.
09-24 03:02:24.045 E/HidlServiceManagement(27403): Service android.hardware.light@2.0::ILight/default must be in VINTF manifest in order to register/get.
09-24 03:02:24.045 E/LegacySupport(27403): Could not register service android.hardware.light@2.0::ILight/default (-2147483648).
09-24 03:02:24.126 I/unknown ( 7881): khook pthread_attr_init_callback set thread stack from 1008 to 256 KB
09-24 03:02:24.127 I/unknown ( 7881): khook setstacksize __addr 0xb863d9b8, from 1040 KB to 256 KB
09-24 03:02:24.157 I/unknown ( 7881): khook pthread_attr_init_callback set thread stack from 1008 to 256 KB
09-24 03:02:24.157 I/unknown ( 7881): khook setstacksize __addr 0xbe6dcb68, from 1040 KB to 256 KB
09-24 03:02:24.659 D/NetworkMonitor/101( 1960): isDataStall: result=1, tcp packets received=0, latest tcp fail rate=0, consecutive dns timeout count=2558
09-24 03:02:24.659 D/NetworkMonitor/101( 1960): Suspecting data stall, reevaluate
09-24 03:02:24.662 D/NetworkMonitor/101( 1960): Validation disabled.
09-24 03:02:24.662 D/ConnectivityService( 1472): Data stall detected with methods: 1
09-24 03:02:24.667 D/ConnectivityService( 1472): [101 WIFI] validation passed
09-24 03:02:24.991 I/mpu_uart( 654): [MSG-P:R]:recv sync frame timeout
09-24 03:02:25.008 I/mpu_uart( 654): [MSG-P:RECV]:No message received in 1000 ms
09-24 03:02:26.008 I/mpu_uart( 654): [MSG-P:RECV]:No message received in 1000 ms
09-24 03:02:26.130 I/input_interaction( 1472): Interaction with: 6f42546 StatusBar (server), edge-swipe (server), swipe-up (server), PointerEventDispatcher0 (server),
09-24 03:02:26.133 I/sysui_multi_action( 1846): [757,803,799,panel_open,802,1]
09-24 03:02:26.134 I/sysui_multi_action( 1846): [757,1328,758,4,1326,41,1327,2,1329,0]
09-24 03:02:26.191 D/StatusBar( 1846): disable disable2
09-24 03:02:26.192 I/sysui_multi_action( 1472): [757,127,758,1]
09-24 03:02:26.192 I/sysui_multi_action( 1472): [757,804,799,note_load,801,2,802,1]
09-24 03:02:26.192 I/notification_panel_revealed( 1472): 2
09-24 03:02:26.195 I/sysui_multi_action( 1846): [757,111,758,2]
09-24 03:02:26.195 I/notification_enqueue( 1472): [10081,1846,com.android.systemui,2048,NULL,0,Notification(channel=updateNotification shortcut=null contentView=null vibrate=null sound=null defaults=0x0 flags=0x0 color=0x00000000 vis=PRIVATE),1]
09-24 03:02:26.195 I/sysui_multi_action( 1846): [757,111,758,2]
09-24 03:02:26.202 W/RingtonePlayer( 1846): STOP command without a player
09-24 03:02:26.211 I/input_focus( 1472): [Focus request 818159c NotificationShade,reason=UpdateInputWindows]
09-24 03:02:26.217 I/sysui_multi_action( 1846): [757,111,758,1]
09-24 03:02:26.217 I/sysui_multi_action( 1846): [757,126,758,1,759,126,927,0,928,1,1593,0]
09-24 03:02:26.217 I/sysui_multi_action( 1846): [757,113,758,1,759,113,927,1,928,1,1593,0]
09-24 03:02:26.217 I/sysui_multi_action( 1846): [757,0,758,1,759,0,927,2,928,0,1593,0]
09-24 03:02:26.217 I/sysui_multi_action( 1846): [757,0,758,1,759,0,927,3,928,0,1593,0]
09-24 03:02:26.218 I/sysui_multi_action( 1846): [757,1706,758,1,759,1706,927,4,928,0,1593,0]
09-24 03:02:26.218 I/sysui_multi_action( 1846): [757,491,758,1,759,491,927,5,928,0,1311,-1,1593,0]
09-24 03:02:26.218 I/sysui_multi_action( 1846): [757,0,758,1,759,0,927,6,928,0,1593,0]
09-24 03:02:26.218 I/sysui_multi_action( 1846): [757,114,758,1,759,114,927,7,928,0,1593,0]
09-24 03:02:26.218 I/sysui_multi_action( 1846): [757,268,758,1,759,268,806,com.netease.cloudmusic,871,com.netease.cloudmusic.titleservice.PlayFavoriteMusicTitleService,927,8,1593,0]
09-24 03:02:26.219 I/sysui_multi_action( 1846): [757,268,758,1,759,268,806,com.netease.cloudmusic,871,com.netease.cloudmusic.titleservice.PrivateFmTitleService,927,9,1593,0]
09-24 03:02:26.219 I/sysui_multi_action( 1846): [757,268,758,1,759,268,806,com.netease.cloudmusic,871,com.netease.cloudmusic.music.biz.voice.tileservice.PopularPodCastService,927,10,1593,0]
09-24 03:02:26.219 I/sysui_multi_action( 1846): [757,268,758,1,759,268,806,com.netease.cloudmusic,871,com.netease.cloudmusic.music.biz.voice.tileservice.ListenBookService,927,11,1593,0]
09-24 03:02:26.219 I/sysui_multi_action( 1846): [757,268,758,1,759,268,806,com.netease.cloudmusic,871,com.netease.cloudmusic.titleservice.DailyRecommandTitleService,927,12,1593,0]
09-24 03:02:26.219 I/sysui_multi_action( 1846): [757,268,758,1,759,268,806,com.netease.cloudmusic,871,com.netease.cloudmusic.music.biz.voice.tileservice.SleepAidDecompressionService,927,13,1593,0]
09-24 03:02:26.219 I/sysui_multi_action( 1846): [757,268,758,1,759,268,806,com.netease.cloudmusic,871,com.netease.cloudmusic.titleservice.PrivateRadarTitleService,927,14,1593,0]
09-24 03:02:26.219 I/sysui_multi_action( 1846): [757,268,758,1,759,268,806,com.netease.cloudmusic,871,com.netease.cloudmusic.music.biz.voice.tileservice.BroadCastService,927,15,1593,0]
09-24 03:02:26.219 I/sysui_multi_action( 1846): [757,268,758,1,759,268,806,com.qiyi.video.pad,871,org.qiyi.android.tile.SearchTileService,927,16,1593,0]
09-24 03:02:26.220 I/sysui_multi_action( 1846): [757,268,758,1,759,268,806,com.qiyi.video.pad,871,org.qiyi.android.tile.ContinueTileService,927,17,1593,0]
09-24 03:02:26.220 I/sysui_multi_action( 1846): [757,268,758,1,759,268,806,com.qiyi.video.pad,871,org.qiyi.android.tile.CaptureTileService,927,18,1593,0]
09-24 03:02:26.220 I/sysui_multi_action( 1846): [757,268,758,1,759,268,806,com.qiyi.video.pad,871,org.qiyi.android.tile.TopVideoTileService,927,19,1593,0]
09-24 03:02:26.220 I/sysui_multi_action( 1846): [757,268,758,1,759,268,806,com.qiyi.video.pad,871,org.qiyi.android.tile.EntranceTileService,927,20,1593,0]
09-24 03:02:26.220 I/sysui_multi_action( 1846): [757,268,758,1,759,268,806,com.smile.gifmaker,871,com.kwai.gifshow.post.api.feature.record.RecordQuickSettingService,927,21,1593,0]
09-24 03:02:26.220 I/sysui_multi_action( 1846): [757,268,758,1,759,268,806,com.qiyi.video.pad,871,org.qiyi.android.tile.HistoryTileService,927,22,1593,0]
09-24 03:02:26.221 I/sysui_multi_action( 1846): [757,268,758,1,759,268,806,com.qiyi.video.pad,871,org.qiyi.android.tile.SportTileService,927,23,1593,0]
09-24 03:02:26.221 I/sysui_multi_action( 1846): [757,268,758,1,759,268,806,com.tencent.news,871,com.tencent.news.tile.Tile24Hours,927,24,1593,0]
09-24 03:02:26.221 I/sysui_multi_action( 1846): [757,268,758,1,759,268,806,com.ss.android.article.news,871,com.android.bytedance.search.tile.SearchTileService,927,25,1593,0]
09-24 03:02:26.221 I/sysui_multi_action( 1846): [757,268,758,1,759,268,806,com.ss.android.ugc.aweme,871,com.ss.android.ugc.aweme.tile.PublishTileService,927,26,1593,0]
09-24 03:02:26.222 I/sysui_multi_action( 1846): [757,268,758,1,759,268,806,com.tencent.news,871,com.tencent.news.tile.TileNewsVideo,927,27,1593,0]
09-24 03:02:26.222 I/sysui_multi_action( 1846): [757,111,758,1]
09-24 03:02:26.222 I/sysui_multi_action( 1846): [757,126,758,1,759,126,927,0,928,1,1593,0]
09-24 03:02:26.222 I/sysui_multi_action( 1846): [757,113,758,1,759,113,927,1,928,1,1593,0]
09-24 03:02:26.222 I/sysui_multi_action( 1846): [757,0,758,1,759,0,927,2,928,0,1593,0]
09-24 03:02:26.222 I/sysui_multi_action( 1846): [757,0,758,1,759,0,927,3,928,0,1593,0]
09-24 03:02:26.234 I/sysui_multi_action( 1846): [757,111,758,2]
09-24 03:02:26.234 I/sysui_multi_action( 1846): [757,111,758,2]
09-24 03:02:26.234 I/notification_enqueue( 1472): [10081,1846,com.android.systemui,2048,NULL,0,Notification(channel=updateNotification shortcut=null contentView=null vibrate=null sound=null defaults=0x0 flags=0x0 color=0x00000000 vis=PRIVATE),1]
09-24 03:02:26.238 I/sysui_multi_action( 1846): [757,111,758,1]
09-24 03:02:26.238 I/sysui_multi_action( 1846): [757,126,758,1,759,126,927,0,928,1,1593,0]
09-24 03:02:26.238 I/sysui_multi_action( 1846): [757,113,758,1,759,113,927,1,928,1,1593,0]
09-24 03:02:26.238 I/input_focus( 1472): [Focus leaving 258de5e com.android.launcher3/com.android.launcher3.uioverrides.QuickstepLauncher (server),reason=setFocusedWindow]
09-24 03:02:26.238 I/sysui_multi_action( 1846): [757,0,758,1,759,0,927,2,928,0,1593,0]
09-24 03:02:26.238 I/sysui_multi_action( 1846): [757,0,758,1,759,0,927,3,928,0,1593,0]
09-24 03:02:26.238 I/input_focus( 1472): [Focus entering 818159c NotificationShade (server),reason=setFocusedWindow]
09-24 03:02:26.238 I/sysui_multi_action( 1846): [757,1706,758,1,759,1706,927,4,928,0,1593,0]
09-24 03:02:26.239 I/sysui_multi_action( 1846): [757,491,758,1,759,491,927,5,928,0,1311,-1,1593,0]
09-24 03:02:26.239 I/sysui_multi_action( 1846): [757,0,758,1,759,0,927,6,928,0,1593,0]
09-24 03:02:26.239 I/sysui_multi_action( 1846): [757,114,758,1,759,114,927,7,928,0,1593,0]
09-24 03:02:26.239 I/sysui_multi_action( 1846): [757,268,758,1,759,268,806,com.netease.cloudmusic,871,com.netease.cloudmusic.titleservice.PlayFavoriteMusicTitleService,927,8,1593,0]
09-24 03:02:26.239 I/sysui_multi_action( 1846): [757,268,758,1,759,268,806,com.netease.cloudmusic,871,com.netease.cloudmusic.titleservice.PrivateFmTitleService,927,9,1593,0]
09-24 03:02:26.239 I/sysui_multi_action( 1846): [757,268,758,1,759,268,806,com.netease.cloudmusic,871,com.netease.cloudmusic.music.biz.voice.tileservice.PopularPodCastService,927,10,1593,0]
09-24 03:02:26.239 I/sysui_multi_action( 1846): [757,268,758,1,759,268,806,com.netease.cloudmusic,871,com.netease.cloudmusic.music.biz.voice.tileservice.ListenBookService,927,11,1593,0]
09-24 03:02:26.239 I/sysui_multi_action( 1846): [757,268,758,1,759,268,806,com.netease.cloudmusic,871,com.netease.cloudmusic.titleservice.DailyRecommandTitleService,927,12,1593,0]
09-24 03:02:26.239 I/sysui_multi_action( 1846): [757,268,758,1,759,268,806,com.netease.cloudmusic,871,com.netease.cloudmusic.music.biz.voice.tileservice.SleepAidDecompressionService,927,13,1593,0]
09-24 03:02:26.239 I/sysui_multi_action( 1846): [757,268,758,1,759,268,806,com.netease.cloudmusic,871,com.netease.cloudmusic.titleservice.PrivateRadarTitleService,927,14,1593,0]
09-24 03:02:26.239 I/sysui_multi_action( 1846): [757,268,758,1,759,268,806,com.netease.cloudmusic,871,com.netease.cloudmusic.music.biz.voice.tileservice.BroadCastService,927,15,1593,0]
09-24 03:02:26.239 I/sysui_multi_action( 1846): [757,268,758,1,759,268,806,com.qiyi.video.pad,871,org.qiyi.android.tile.SearchTileService,927,16,1593,0]
09-24 03:02:26.240 I/sysui_multi_action( 1846): [757,268,758,1,759,268,806,com.qiyi.video.pad,871,org.qiyi.android.tile.ContinueTileService,927,17,1593,0]
09-24 03:02:26.240 I/sysui_multi_action( 1846): [757,268,758,1,759,268,806,com.qiyi.video.pad,871,org.qiyi.android.tile.CaptureTileService,927,18,1593,0]
09-24 03:02:26.240 I/sysui_multi_action( 1846): [757,268,758,1,759,268,806,com.qiyi.video.pad,871,org.qiyi.android.tile.TopVideoTileService,927,19,1593,0]
09-24 03:02:26.240 I/sysui_multi_action( 1846): [757,268,758,1,759,268,806,com.qiyi.video.pad,871,org.qiyi.android.tile.EntranceTileService,927,20,1593,0]
09-24 03:02:26.240 I/sysui_multi_action( 1846): [757,268,758,1,759,268,806,com.smile.gifmaker,871,com.kwai.gifshow.post.api.feature.record.RecordQuickSettingService,927,21,1593,0]
09-24 03:02:26.240 I/sysui_multi_action( 1846): [757,268,758,1,759,268,806,com.qiyi.video.pad,871,org.qiyi.android.tile.HistoryTileService,927,22,1593,0]
09-24 03:02:26.240 I/sysui_multi_action( 1846): [757,268,758,1,759,268,806,com.qiyi.video.pad,871,org.qiyi.android.tile.SportTileService,927,23,1593,0]
09-24 03:02:26.240 I/sysui_multi_action( 1846): [757,268,758,1,759,268,806,com.tencent.news,871,com.tencent.news.tile.Tile24Hours,927,24,1593,0]
09-24 03:02:26.240 I/sysui_multi_action( 1846): [757,268,758,1,759,268,806,com.ss.android.article.news,871,com.android.bytedance.search.tile.SearchTileService,927,25,1593,0]
09-24 03:02:26.240 I/sysui_multi_action( 1846): [757,268,758,1,759,268,806,com.ss.android.ugc.aweme,871,com.ss.android.ugc.aweme.tile.PublishTileService,927,26,1593,0]
09-24 03:02:26.240 I/sysui_multi_action( 1846): [757,268,758,1,759,268,806,com.tencent.news,871,com.tencent.news.tile.TileNewsVideo,927,27,1593,0]
09-24 03:02:26.240 I/sysui_multi_action( 1846): [757,111,758,1]
09-24 03:02:26.241 I/sysui_multi_action( 1846): [757,126,758,1,759,126,927,0,928,1,1593,0]
09-24 03:02:26.241 I/sysui_multi_action( 1846): [757,113,758,1,759,113,927,1,928,1,1593,0]
09-24 03:02:26.241 I/sysui_multi_action( 1846): [757,0,758,1,759,0,927,2,928,0,1593,0]
09-24 03:02:26.241 I/sysui_multi_action( 1846): [757,0,758,1,759,0,927,3,928,0,1593,0]
09-24 03:02:26.253 I/sysui_multi_action( 1846): [757,111,758,2]
09-24 03:02:26.254 I/sysui_multi_action( 1846): [757,111,758,2]
09-24 03:02:26.254 I/notification_enqueue( 1472): [10081,1846,com.android.systemui,2048,NULL,0,Notification(channel=updateNotification shortcut=null contentView=null vibrate=null sound=null defaults=0x0 flags=0x0 color=0x00000000 vis=PRIVATE),1]
09-24 03:02:26.259 I/sysui_multi_action( 1846): [757,111,758,1]
09-24 03:02:26.259 I/sysui_multi_action( 1846): [757,126,758,1,759,126,927,0,928,1,1593,0]
09-24 03:02:26.259 I/sysui_multi_action( 1846): [757,113,758,1,759,113,927,1,928,1,1593,0]
09-24 03:02:26.259 I/sysui_multi_action( 1846): [757,0,758,1,759,0,927,2,928,0,1593,0]
09-24 03:02:26.259 I/sysui_multi_action( 1846): [757,0,758,1,759,0,927,3,928,0,1593,0]
09-24 03:02:26.259 I/sysui_multi_action( 1846): [757,1706,758,1,759,1706,927,4,928,0,1593,0]
09-24 03:02:26.259 I/sysui_multi_action( 1846): [757,491,758,1,759,491,927,5,928,0,1311,-1,1593,0]
09-24 03:02:26.259 I/sysui_multi_action( 1846): [757,0,758,1,759,0,927,6,928,0,1593,0]
09-24 03:02:26.259 I/sysui_multi_action( 1846): [757,114,758,1,759,114,927,7,928,0,1593,0]
09-24 03:02:26.260 I/sysui_multi_action( 1846): [757,268,758,1,759,268,806,com.netease.cloudmusic,871,com.netease.cloudmusic.titleservice.PlayFavoriteMusicTitleService,927,8,1593,0]
09-24 03:02:26.260 I/sysui_multi_action( 1846): [757,268,758,1,759,268,806,com.netease.cloudmusic,871,com.netease.cloudmusic.titleservice.PrivateFmTitleService,927,9,1593,0]
09-24 03:02:26.260 I/sysui_multi_action( 1846): [757,268,758,1,759,268,806,com.netease.cloudmusic,871,com.netease.cloudmusic.music.biz.voice.tileservice.PopularPodCastService,927,10,1593,0]
09-24 03:02:26.260 I/sysui_multi_action( 1846): [757,268,758,1,759,268,806,com.netease.cloudmusic,871,com.netease.cloudmusic.music.biz.voice.tileservice.ListenBookService,927,11,1593,0]
09-24 03:02:26.260 I/sysui_multi_action( 1846): [757,268,758,1,759,268,806,com.netease.cloudmusic,871,com.netease.cloudmusic.titleservice.DailyRecommandTitleService,927,12,1593,0]
09-24 03:02:26.260 I/sysui_multi_action( 1846): [757,268,758,1,759,268,806,com.netease.cloudmusic,871,com.netease.cloudmusic.music.biz.voice.tileservice.SleepAidDecompressionService,927,13,1593,0]
09-24 03:02:26.260 I/sysui_multi_action( 1846): [757,268,758,1,759,268,806,com.netease.cloudmusic,871,com.netease.cloudmusic.titleservice.PrivateRadarTitleService,927,14,1593,0]
09-24 03:02:26.260 I/sysui_multi_action( 1846): [757,268,758,1,759,268,806,com.netease.cloudmusic,871,com.netease.cloudmusic.music.biz.voice.tileservice.BroadCastService,927,15,1593,0]
09-24 03:02:26.260 I/sysui_multi_action( 1846): [757,268,758,1,759,268,806,com.qiyi.video.pad,871,org.qiyi.android.tile.SearchTileService,927,16,1593,0]
09-24 03:02:26.260 I/sysui_multi_action( 1846): [757,268,758,1,759,268,806,com.qiyi.video.pad,871,org.qiyi.android.tile.ContinueTileService,927,17,1593,0]
09-24 03:02:26.260 I/sysui_multi_action( 1846): [757,268,758,1,759,268,806,com.qiyi.video.pad,871,org.qiyi.android.tile.CaptureTileService,927,18,1593,0]
09-24 03:02:26.260 I/sysui_multi_action( 1846): [757,268,758,1,759,268,806,com.qiyi.video.pad,871,org.qiyi.android.tile.TopVideoTileService,927,19,1593,0]
09-24 03:02:26.260 I/sysui_multi_action( 1846): [757,268,758,1,759,268,806,com.qiyi.video.pad,871,org.qiyi.android.tile.EntranceTileService,927,20,1593,0]
09-24 03:02:26.260 I/sysui_multi_action( 1846): [757,268,758,1,759,268,806,com.smile.gifmaker,871,com.kwai.gifshow.post.api.feature.record.RecordQuickSettingService,927,21,1593,0]
09-24 03:02:26.261 I/sysui_multi_action( 1846): [757,268,758,1,759,268,806,com.qiyi.video.pad,871,org.qiyi.android.tile.HistoryTileService,927,22,1593,0]
09-24 03:02:26.261 I/sysui_multi_action( 1846): [757,268,758,1,759,268,806,com.qiyi.video.pad,871,org.qiyi.android.tile.SportTileService,927,23,1593,0]
09-24 03:02:26.261 I/sysui_multi_action( 1846): [757,268,758,1,759,268,806,com.tencent.news,871,com.tencent.news.tile.Tile24Hours,927,24,1593,0]
09-24 03:02:26.261 I/sysui_multi_action( 1846): [757,268,758,1,759,268,806,com.ss.android.article.news,871,com.android.bytedance.search.tile.SearchTileService,927,25,1593,0]
09-24 03:02:26.261 I/sysui_multi_action( 1846): [757,268,758,1,759,268,806,com.ss.android.ugc.aweme,871,com.ss.android.ugc.aweme.tile.PublishTileService,927,26,1593,0]
09-24 03:02:26.261 I/sysui_multi_action( 1846): [757,268,758,1,759,268,806,com.tencent.news,871,com.tencent.news.tile.TileNewsVideo,927,27,1593,0]
09-24 03:02:26.261 I/sysui_multi_action( 1846): [757,111,758,1]
09-24 03:02:26.261 I/sysui_multi_action( 1846): [757,126,758,1,759,126,927,0,928,1,1593,0]
09-24 03:02:26.261 I/sysui_multi_action( 1846): [757,113,758,1,759,113,927,1,928,1,1593,0]
09-24 03:02:26.261 I/sysui_multi_action( 1846): [757,0,758,1,759,0,927,2,928,0,1593,0]
09-24 03:02:26.261 I/sysui_multi_action( 1846): [757,0,758,1,759,0,927,3,928,0,1593,0]
09-24 03:02:26.276 I/sysui_multi_action( 1846): [757,111,758,2]
09-24 03:02:26.276 I/sysui_multi_action( 1846): [757,111,758,2]
09-24 03:02:26.276 I/notification_enqueue( 1472): [10081,1846,com.android.systemui,2048,NULL,0,Notification(channel=updateNotification shortcut=null contentView=null vibrate=null sound=null defaults=0x0 flags=0x0 color=0x00000000 vis=PRIVATE),1]
09-24 03:02:26.279 I/sysui_multi_action( 1846): [757,111,758,1]
09-24 03:02:26.279 I/sysui_multi_action( 1846): [757,126,758,1,759,126,927,0,928,1,1593,0]
09-24 03:02:26.279 I/sysui_multi_action( 1846): [757,113,758,1,759,113,927,1,928,1,1593,0]
09-24 03:02:26.280 I/sysui_multi_action( 1846): [757,0,758,1,759,0,927,2,928,0,1593,0]
09-24 03:02:26.280 I/sysui_multi_action( 1846): [757,0,758,1,759,0,927,3,928,0,1593,0]
09-24 03:02:26.280 I/sysui_multi_action( 1846): [757,1706,758,1,759,1706,927,4,928,0,1593,0]
09-24 03:02:26.280 I/sysui_multi_action( 1846): [757,491,758,1,759,491,927,5,928,0,1311,-1,1593,0]
09-24 03:02:26.280 I/sysui_multi_action( 1846): [757,0,758,1,759,0,927,6,928,0,1593,0]
09-24 03:02:26.280 I/sysui_multi_action( 1846): [757,114,758,1,759,114,927,7,928,0,1593,0]
09-24 03:02:26.280 I/sysui_multi_action( 1846): [757,268,758,1,759,268,806,com.netease.cloudmusic,871,com.netease.cloudmusic.titleservice.PlayFavoriteMusicTitleService,927,8,1593,0]
09-24 03:02:26.280 I/sysui_multi_action( 1846): [757,268,758,1,759,268,806,com.netease.cloudmusic,871,com.netease.cloudmusic.titleservice.PrivateFmTitleService,927,9,1593,0]
09-24 03:02:26.280 I/sysui_multi_action( 1846): [757,268,758,1,759,268,806,com.netease.cloudmusic,871,com.netease.cloudmusic.music.biz.voice.tileservice.PopularPodCastService,927,10,1593,0]
09-24 03:02:26.280 I/sysui_multi_action( 1846): [757,268,758,1,759,268,806,com.netease.cloudmusic,871,com.netease.cloudmusic.music.biz.voice.tileservice.ListenBookService,927,11,1593,0]
09-24 03:02:26.280 I/sysui_multi_action( 1846): [757,268,758,1,759,268,806,com.netease.cloudmusic,871,com.netease.cloudmusic.titleservice.DailyRecommandTitleService,927,12,1593,0]
09-24 03:02:26.280 I/sysui_multi_action( 1846): [757,268,758,1,759,268,806,com.netease.cloudmusic,871,com.netease.cloudmusic.music.biz.voice.tileservice.SleepAidDecompressionService,927,13,1593,0]
09-24 03:02:26.281 I/sysui_multi_action( 1846): [757,268,758,1,759,268,806,com.netease.cloudmusic,871,com.netease.cloudmusic.titleservice.PrivateRadarTitleService,927,14,1593,0]
09-24 03:02:26.281 I/sysui_multi_action( 1846): [757,268,758,1,759,268,806,com.netease.cloudmusic,871,com.netease.cloudmusic.music.biz.voice.tileservice.BroadCastService,927,15,1593,0]
09-24 03:02:26.281 I/sysui_multi_action( 1846): [757,268,758,1,759,268,806,com.qiyi.video.pad,871,org.qiyi.android.tile.SearchTileService,927,16,1593,0]
09-24 03:02:26.281 I/sysui_multi_action( 1846): [757,268,758,1,759,268,806,com.qiyi.video.pad,871,org.qiyi.android.tile.ContinueTileService,927,17,1593,0]
09-24 03:02:26.281 I/sysui_multi_action( 1846): [757,268,758,1,759,268,806,com.qiyi.video.pad,871,org.qiyi.android.tile.CaptureTileService,927,18,1593,0]
09-24 03:02:26.281 I/sysui_multi_action( 1846): [757,268,758,1,759,268,806,com.qiyi.video.pad,871,org.qiyi.android.tile.TopVideoTileService,927,19,1593,0]
09-24 03:02:26.281 I/sysui_multi_action( 1846): [757,268,758,1,759,268,806,com.qiyi.video.pad,871,org.qiyi.android.tile.EntranceTileService,927,20,1593,0]
09-24 03:02:26.281 I/sysui_multi_action( 1846): [757,268,758,1,759,268,806,com.smile.gifmaker,871,com.kwai.gifshow.post.api.feature.record.RecordQuickSettingService,927,21,1593,0]
09-24 03:02:26.281 I/sysui_multi_action( 1846): [757,268,758,1,759,268,806,com.qiyi.video.pad,871,org.qiyi.android.tile.HistoryTileService,927,22,1593,0]
09-24 03:02:26.281 I/sysui_multi_action( 1846): [757,268,758,1,759,268,806,com.qiyi.video.pad,871,org.qiyi.android.tile.SportTileService,927,23,1593,0]
09-24 03:02:26.281 I/sysui_multi_action( 1846): [757,268,758,1,759,268,806,com.tencent.news,871,com.tencent.news.tile.Tile24Hours,927,24,1593,0]
09-24 03:02:26.281 I/sysui_multi_action( 1846): [757,268,758,1,759,268,806,com.ss.android.article.news,871,com.android.bytedance.search.tile.SearchTileService,927,25,1593,0]
09-24 03:02:26.281 I/sysui_multi_action( 1846): [757,268,758,1,759,268,806,com.ss.android.ugc.aweme,871,com.ss.android.ugc.aweme.tile.PublishTileService,927,26,1593,0]
09-24 03:02:26.281 I/sysui_multi_action( 1846): [757,268,758,1,759,268,806,com.tencent.news,871,com.tencent.news.tile.TileNewsVideo,927,27,1593,0]
09-24 03:02:26.281 I/sysui_multi_action( 1846): [757,111,758,1]
09-24 03:02:26.281 I/sysui_multi_action( 1846): [757,126,758,1,759,126,927,0,928,1,1593,0]
09-24 03:02:26.282 I/sysui_multi_action( 1846): [757,113,758,1,759,113,927,1,928,1,1593,0]
09-24 03:02:26.282 I/sysui_multi_action( 1846): [757,0,758,1,759,0,927,2,928,0,1593,0]
09-24 03:02:26.282 I/sysui_multi_action( 1846): [757,0,758,1,759,0,927,3,928,0,1593,0]
09-24 03:02:26.291 I/notification_enqueue( 1472): [10081,1846,com.android.systemui,2048,NULL,0,Notification(channel=updateNotification shortcut=null contentView=null vibrate=null sound=null defaults=0x0 flags=0x0 color=0x00000000 vis=PRIVATE),1]
09-24 03:02:26.291 I/sysui_multi_action( 1846): [757,111,758,2]
09-24 03:02:26.291 I/sysui_multi_action( 1846): [757,111,758,2]
09-24 03:02:26.294 I/sysui_multi_action( 1846): [757,111,758,1]
09-24 03:02:26.294 I/sysui_multi_action( 1846): [757,126,758,1,759,126,927,0,928,1,1593,0]
09-24 03:02:26.295 I/sysui_multi_action( 1846): [757,113,758,1,759,113,927,1,928,1,1593,0]
09-24 03:02:26.295 I/sysui_multi_action( 1846): [757,0,758,1,759,0,927,2,928,0,1593,0]
09-24 03:02:26.295 I/sysui_multi_action( 1846): [757,0,758,1,759,0,927,3,928,0,1593,0]
09-24 03:02:26.295 I/sysui_multi_action( 1846): [757,1706,758,1,759,1706,927,4,928,0,1593,0]
09-24 03:02:26.295 I/sysui_multi_action( 1846): [757,491,758,1,759,491,927,5,928,0,1311,-1,1593,0]
09-24 03:02:26.295 I/sysui_multi_action( 1846): [757,0,758,1,759,0,927,6,928,0,1593,0]
09-24 03:02:26.295 I/sysui_multi_action( 1846): [757,114,758,1,759,114,927,7,928,0,1593,0]
09-24 03:02:26.295 I/sysui_multi_action( 1846): [757,268,758,1,759,268,806,com.netease.cloudmusic,871,com.netease.cloudmusic.titleservice.PlayFavoriteMusicTitleService,927,8,1593,0]
09-24 03:02:26.295 I/sysui_multi_action( 1846): [757,268,758,1,759,268,806,com.netease.cloudmusic,871,com.netease.cloudmusic.titleservice.PrivateFmTitleService,927,9,1593,0]
09-24 03:02:26.295 I/sysui_multi_action( 1846): [757,268,758,1,759,268,806,com.netease.cloudmusic,871,com.netease.cloudmusic.music.biz.voice.tileservice.PopularPodCastService,927,10,1593,0]
09-24 03:02:26.296 I/sysui_multi_action( 1846): [757,268,758,1,759,268,806,com.netease.cloudmusic,871,com.netease.cloudmusic.music.biz.voice.tileservice.ListenBookService,927,11,1593,0]
09-24 03:02:26.296 I/sysui_multi_action( 1846): [757,268,758,1,759,268,806,com.netease.cloudmusic,871,com.netease.cloudmusic.titleservice.DailyRecommandTitleService,927,12,1593,0]
09-24 03:02:26.296 I/sysui_multi_action( 1846): [757,268,758,1,759,268,806,com.netease.cloudmusic,871,com.netease.cloudmusic.music.biz.voice.tileservice.SleepAidDecompressionService,927,13,1593,0]
09-24 03:02:26.296 I/sysui_multi_action( 1846): [757,268,758,1,759,268,806,com.netease.cloudmusic,871,com.netease.cloudmusic.titleservice.PrivateRadarTitleService,927,14,1593,0]
09-24 03:02:26.296 I/sysui_multi_action( 1846): [757,268,758,1,759,268,806,com.netease.cloudmusic,871,com.netease.cloudmusic.music.biz.voice.tileservice.BroadCastService,927,15,1593,0]
09-24 03:02:26.296 I/sysui_multi_action( 1846): [757,268,758,1,759,268,806,com.qiyi.video.pad,871,org.qiyi.android.tile.SearchTileService,927,16,1593,0]
09-24 03:02:26.296 I/sysui_multi_action( 1846): [757,268,758,1,759,268,806,com.qiyi.video.pad,871,org.qiyi.android.tile.ContinueTileService,927,17,1593,0]
09-24 03:02:26.296 I/sysui_multi_action( 1846): [757,268,758,1,759,268,806,com.qiyi.video.pad,871,org.qiyi.android.tile.CaptureTileService,927,18,1593,0]
09-24 03:02:26.296 I/sysui_multi_action( 1846): [757,268,758,1,759,268,806,com.qiyi.video.pad,871,org.qiyi.android.tile.TopVideoTileService,927,19,1593,0]
09-24 03:02:26.296 I/sysui_multi_action( 1846): [757,268,758,1,759,268,806,com.qiyi.video.pad,871,org.qiyi.android.tile.EntranceTileService,927,20,1593,0]
09-24 03:02:26.296 I/sysui_multi_action( 1846): [757,268,758,1,759,268,806,com.smile.gifmaker,871,com.kwai.gifshow.post.api.feature.record.RecordQuickSettingService,927,21,1593,0]
09-24 03:02:26.296 I/sysui_multi_action( 1846): [757,268,758,1,759,268,806,com.qiyi.video.pad,871,org.qiyi.android.tile.HistoryTileService,927,22,1593,0]
09-24 03:02:26.296 I/sysui_multi_action( 1846): [757,268,758,1,759,268,806,com.qiyi.video.pad,871,org.qiyi.android.tile.SportTileService,927,23,1593,0]
09-24 03:02:26.297 I/sysui_multi_action( 1846): [757,268,758,1,759,268,806,com.tencent.news,871,com.tencent.news.tile.Tile24Hours,927,24,1593,0]
09-24 03:02:26.297 I/sysui_multi_action( 1846): [757,268,758,1,759,268,806,com.ss.android.article.news,871,com.android.bytedance.search.tile.SearchTileService,927,25,1593,0]
09-24 03:02:26.297 I/sysui_multi_action( 1846): [757,268,758,1,759,268,806,com.ss.android.ugc.aweme,871,com.ss.android.ugc.aweme.tile.PublishTileService,927,26,1593,0]
09-24 03:02:26.297 I/sysui_multi_action( 1846): [757,268,758,1,759,268,806,com.tencent.news,871,com.tencent.news.tile.TileNewsVideo,927,27,1593,0]
09-24 03:02:26.297 I/sysui_multi_action( 1846): [757,111,758,1]
09-24 03:02:26.297 I/sysui_multi_action( 1846): [757,126,758,1,759,126,927,0,928,1,1593,0]
09-24 03:02:26.297 I/sysui_multi_action( 1846): [757,113,758,1,759,113,927,1,928,1,1593,0]
09-24 03:02:26.297 I/sysui_multi_action( 1846): [757,0,758,1,759,0,927,2,928,0,1593,0]
09-24 03:02:26.297 I/sysui_multi_action( 1846): [757,0,758,1,759,0,927,3,928,0,1593,0]
09-24 03:02:26.307 I/sysui_multi_action( 1846): [757,111,758,2]
09-24 03:02:26.307 I/sysui_multi_action( 1846): [757,111,758,2]
09-24 03:02:26.307 I/notification_enqueue( 1472): [10081,1846,com.android.systemui,2048,NULL,0,Notification(channel=updateNotification shortcut=null contentView=null vibrate=null sound=null defaults=0x0 flags=0x0 color=0x00000000 vis=PRIVATE),1]
09-24 03:02:26.311 I/sysui_multi_action( 1846): [757,111,758,1]
09-24 03:02:26.311 I/sysui_multi_action( 1846): [757,126,758,1,759,126,927,0,928,1,1593,0]
09-24 03:02:26.311 I/sysui_multi_action( 1846): [757,113,758,1,759,113,927,1,928,1,1593,0]
09-24 03:02:26.311 I/sysui_multi_action( 1846): [757,0,758,1,759,0,927,2,928,0,1593,0]
09-24 03:02:26.311 I/sysui_multi_action( 1846): [757,0,758,1,759,0,927,3,928,0,1593,0]
09-24 03:02:26.311 I/sysui_multi_action( 1846): [757,1706,758,1,759,1706,927,4,928,0,1593,0]
09-24 03:02:26.311 I/sysui_multi_action( 1846): [757,491,758,1,759,491,927,5,928,0,1311,-1,1593,0]
09-24 03:02:26.311 I/sysui_multi_action( 1846): [757,0,758,1,759,0,927,6,928,0,1593,0]
09-24 03:02:26.311 I/sysui_multi_action( 1846): [757,114,758,1,759,114,927,7,928,0,1593,0]
09-24 03:02:26.312 I/sysui_multi_action( 1846): [757,268,758,1,759,268,806,com.netease.cloudmusic,871,com.netease.cloudmusic.titleservice.PlayFavoriteMusicTitleService,927,8,1593,0]
09-24 03:02:26.312 I/sysui_multi_action( 1846): [757,268,758,1,759,268,806,com.netease.cloudmusic,871,com.netease.cloudmusic.titleservice.PrivateFmTitleService,927,9,1593,0]
09-24 03:02:26.312 I/sysui_multi_action( 1846): [757,268,758,1,759,268,806,com.netease.cloudmusic,871,com.netease.cloudmusic.music.biz.voice.tileservice.PopularPodCastService,927,10,1593,0]
09-24 03:02:26.312 I/sysui_multi_action( 1846): [757,268,758,1,759,268,806,com.netease.cloudmusic,871,com.netease.cloudmusic.music.biz.voice.tileservice.ListenBookService,927,11,1593,0]
09-24 03:02:26.312 I/sysui_multi_action( 1846): [757,268,758,1,759,268,806,com.netease.cloudmusic,871,com.netease.cloudmusic.titleservice.DailyRecommandTitleService,927,12,1593,0]
09-24 03:02:26.312 I/sysui_multi_action( 1846): [757,268,758,1,759,268,806,com.netease.cloudmusic,871,com.netease.cloudmusic.music.biz.voice.tileservice.SleepAidDecompressionService,927,13,1593,0]
09-24 03:02:26.312 I/sysui_multi_action( 1846): [757,268,758,1,759,268,806,com.netease.cloudmusic,871,com.netease.cloudmusic.titleservice.PrivateRadarTitleService,927,14,1593,0]
09-24 03:02:26.312 I/sysui_multi_action( 1846): [757,268,758,1,759,268,806,com.netease.cloudmusic,871,com.netease.cloudmusic.music.biz.voice.tileservice.BroadCastService,927,15,1593,0]
09-24 03:02:26.312 I/sysui_multi_action( 1846): [757,268,758,1,759,268,806,com.qiyi.video.pad,871,org.qiyi.android.tile.SearchTileService,927,16,1593,0]
09-24 03:02:26.312 I/sysui_multi_action( 1846): [757,268,758,1,759,268,806,com.qiyi.video.pad,871,org.qiyi.android.tile.ContinueTileService,927,17,1593,0]
09-24 03:02:26.312 I/sysui_multi_action( 1846): [757,268,758,1,759,268,806,com.qiyi.video.pad,871,org.qiyi.android.tile.CaptureTileService,927,18,1593,0]
09-24 03:02:26.312 I/sysui_multi_action( 1846): [757,268,758,1,759,268,806,com.qiyi.video.pad,871,org.qiyi.android.tile.TopVideoTileService,927,19,1593,0]
09-24 03:02:26.312 I/sysui_multi_action( 1846): [757,268,758,1,759,268,806,com.qiyi.video.pad,871,org.qiyi.android.tile.EntranceTileService,927,20,1593,0]
09-24 03:02:26.312 I/sysui_multi_action( 1846): [757,268,758,1,759,268,806,com.smile.gifmaker,871,com.kwai.gifshow.post.api.feature.record.RecordQuickSettingService,927,21,1593,0]
09-24 03:02:26.312 I/sysui_multi_action( 1846): [757,268,758,1,759,268,806,com.qiyi.video.pad,871,org.qiyi.android.tile.HistoryTileService,927,22,1593,0]
09-24 03:02:26.313 I/sysui_multi_action( 1846): [757,268,758,1,759,268,806,com.qiyi.video.pad,871,org.qiyi.android.tile.SportTileService,927,23,1593,0]
09-24 03:02:26.313 I/sysui_multi_action( 1846): [757,268,758,1,759,268,806,com.tencent.news,871,com.tencent.news.tile.Tile24Hours,927,24,1593,0]
09-24 03:02:26.313 I/sysui_multi_action( 1846): [757,268,758,1,759,268,806,com.ss.android.article.news,871,com.android.bytedance.search.tile.SearchTileService,927,25,1593,0]
09-24 03:02:26.313 I/sysui_multi_action( 1846): [757,268,758,1,759,268,806,com.ss.android.ugc.aweme,871,com.ss.android.ugc.aweme.tile.PublishTileService,927,26,1593,0]
09-24 03:02:26.313 I/sysui_multi_action( 1846): [757,268,758,1,759,268,806,com.tencent.news,871,com.tencent.news.tile.TileNewsVideo,927,27,1593,0]
09-24 03:02:26.313 I/sysui_multi_action( 1846): [757,111,758,1]
09-24 03:02:26.313 I/sysui_multi_action( 1846): [757,126,758,1,759,126,927,0,928,1,1593,0]
09-24 03:02:26.313 I/sysui_multi_action( 1846): [757,113,758,1,759,113,927,1,928,1,1593,0]
09-24 03:02:26.313 I/sysui_multi_action( 1846): [757,0,758,1,759,0,927,2,928,0,1593,0]
09-24 03:02:26.313 I/sysui_multi_action( 1846): [757,0,758,1,759,0,927,3,928,0,1593,0]
09-24 03:02:26.322 I/sysui_multi_action( 1846): [757,111,758,2]
