09-24 01:09:39.519 I/auditd ( 7881): type=1400 audit(0.0:1355): avc: denied { read } for comm=5468726561642D32202D2031333735 name="tcp" dev="proc" ino=4026532283 scontext=u:r:untrusted_app_29:s0:c106,c256,c512,c768 tcontext=u:object_r:proc_net_tcp_udp:s0 tclass=file permissive=0 app=com.smile.gifmaker
09-24 01:09:40.495 I/auditd ( 8065): type=1400 audit(0.0:1356): avc: denied { read } for comm="pool-2-thread-6" name="tcp" dev="proc" ino=4026532283 scontext=u:r:untrusted_app_29:s0:c106,c256,c512,c768 tcontext=u:object_r:proc_net_tcp_udp:s0 tclass=file permissive=0 app=com.smile.gifmaker
09-24 01:09:50.148 I/am_pss ( 1472): [2531,10067,com.android.deskclock,56122368,43233280,7897088,129683456,0,2,13]
09-24 01:10:30.715 I/auditd ( 5049): type=1400 audit(0.0:1357): avc: granted { nlmsg_readpriv } for comm="pool-8-thread-1" scontext=u:r:untrusted_app_29:s0:c96,c256,c512,c768 tcontext=u:r:untrusted_app_29:s0:c96,c256,c512,c768 tclass=netlink_route_socket app=com.netease.cloudmusic
09-24 01:10:39.547 I/auditd ( 7881): type=1400 audit(0.0:1358): avc: denied { read } for comm=5468726561642D32202D2031333735 name="tcp" dev="proc" ino=4026532283 scontext=u:r:untrusted_app_29:s0:c106,c256,c512,c768 tcontext=u:object_r:proc_net_tcp_udp:s0 tclass=file permissive=0 app=com.smile.gifmaker
09-24 01:10:40.535 I/auditd ( 8065): type=1400 audit(0.0:1359): avc: denied { read } for comm="pool-2-thread-6" name="tcp" dev="proc" ino=4026532283 scontext=u:r:untrusted_app_29:s0:c106,c256,c512,c768 tcontext=u:object_r:proc_net_tcp_udp:s0 tclass=file permissive=0 app=com.smile.gifmaker
09-24 01:10:40.747 I/auditd ( 5049): type=1400 audit(0.0:1360): avc: granted { nlmsg_readpriv } for comm="pool-8-thread-1" scontext=u:r:untrusted_app_29:s0:c96,c256,c512,c768 tcontext=u:r:untrusted_app_29:s0:c96,c256,c512,c768 tclass=netlink_route_socket app=com.netease.cloudmusic
09-24 01:10:49.947 I/auditd ( 0): type=1400 audit(0.0:1361): avc: denied { kill } for comm="swapper/2" capability=5 scontext=u:r:kernel:s0 tcontext=u:r:kernel:s0 tclass=capability permissive=0
09-24 01:10:59.979 I/auditd ( 5049): type=1400 audit(0.0:1362): avc: granted { nlmsg_readpriv } for comm="pool-8-thread-1" scontext=u:r:untrusted_app_29:s0:c96,c256,c512,c768 tcontext=u:r:untrusted_app_29:s0:c96,c256,c512,c768 tclass=netlink_route_socket app=com.netease.cloudmusic
09-24 01:11:20.055 I/auditd ( 5049): type=1400 audit(0.0:1363): avc: granted { nlmsg_readpriv } for comm="pool-8-thread-1" scontext=u:r:untrusted_app_29:s0:c96,c256,c512,c768 tcontext=u:r:untrusted_app_29:s0:c96,c256,c512,c768 tclass=netlink_route_socket app=com.netease.cloudmusic
09-24 01:11:39.591 I/auditd ( 7881): type=1400 audit(0.0:1364): avc: denied { read } for comm=5468726561642D32202D2031333735 name="tcp" dev="proc" ino=4026532283 scontext=u:r:untrusted_app_29:s0:c106,c256,c512,c768 tcontext=u:object_r:proc_net_tcp_udp:s0 tclass=file permissive=0 app=com.smile.gifmaker
09-24 01:11:40.555 I/auditd ( 8065): type=1400 audit(0.0:1365): avc: denied { read } for comm="pool-2-thread-6" name="tcp" dev="proc" ino=4026532283 scontext=u:r:untrusted_app_29:s0:c106,c256,c512,c768 tcontext=u:object_r:proc_net_tcp_udp:s0 tclass=file permissive=0 app=com.smile.gifmaker
09-24 01:12:33.315 I/auditd ( 5049): type=1400 audit(0.0:1366): avc: granted { nlmsg_readpriv } for comm="pool-8-thread-1" scontext=u:r:untrusted_app_29:s0:c96,c256,c512,c768 tcontext=u:r:untrusted_app_29:s0:c96,c256,c512,c768 tclass=netlink_route_socket app=com.netease.cloudmusic
09-24 01:12:39.631 I/auditd ( 7881): type=1400 audit(0.0:1367): avc: denied { read } for comm=5468726561642D32202D2031333735 name="tcp" dev="proc" ino=4026532283 scontext=u:r:untrusted_app_29:s0:c106,c256,c512,c768 tcontext=u:object_r:proc_net_tcp_udp:s0 tclass=file permissive=0 app=com.smile.gifmaker
09-24 01:12:40.559 I/auditd ( 8065): type=1400 audit(0.0:1368): avc: denied { read } for comm="pool-2-thread-6" name="tcp" dev="proc" ino=4026532283 scontext=u:r:untrusted_app_29:s0:c106,c256,c512,c768 tcontext=u:object_r:proc_net_tcp_udp:s0 tclass=file permissive=0 app=com.smile.gifmaker
09-24 01:13:39.663 I/auditd ( 7881): type=1400 audit(0.0:1369): avc: denied { read } for comm=5468726561642D32202D2031333735 name="tcp" dev="proc" ino=4026532283 scontext=u:r:untrusted_app_29:s0:c106,c256,c512,c768 tcontext=u:object_r:proc_net_tcp_udp:s0 tclass=file permissive=0 app=com.smile.gifmaker
09-24 01:13:40.599 I/auditd ( 8065): type=1400 audit(0.0:1370): avc: denied { read } for comm="pool-2-thread-6" name="tcp" dev="proc" ino=4026532283 scontext=u:r:untrusted_app_29:s0:c106,c256,c512,c768 tcontext=u:object_r:proc_net_tcp_udp:s0 tclass=file permissive=0 app=com.smile.gifmaker
09-24 01:13:41.643 I/auditd ( 8193): type=1400 audit(0.0:1371): avc: granted { nlmsg_readpriv } for comm="ChromiumNet0" scontext=u:r:untrusted_app_29:s0:c104,c256,c512,c768 tcontext=u:r:untrusted_app_29:s0:c104,c256,c512,c768 tclass=netlink_route_socket app=com.ss.android.article.news
09-24 01:13:47.099 I/auditd ( 8501): type=1400 audit(0.0:1372): avc: granted { nlmsg_readpriv } for comm="ChromiumNet0" scontext=u:r:untrusted_app_29:s0:c103,c256,c512,c768 tcontext=u:r:untrusted_app_29:s0:c103,c256,c512,c768 tclass=netlink_route_socket app=com.ss.android.ugc.aweme
09-24 01:14:39.675 I/auditd ( 7881): type=1400 audit(0.0:1373): avc: denied { read } for comm=5468726561642D32202D2031333735 name="tcp" dev="proc" ino=4026532283 scontext=u:r:untrusted_app_29:s0:c106,c256,c512,c768 tcontext=u:object_r:proc_net_tcp_udp:s0 tclass=file permissive=0 app=com.smile.gifmaker
09-24 01:14:40.639 I/auditd ( 8065): type=1400 audit(0.0:1374): avc: denied { read } for comm="pool-2-thread-6" name="tcp" dev="proc" ino=4026532283 scontext=u:r:untrusted_app_29:s0:c106,c256,c512,c768 tcontext=u:object_r:proc_net_tcp_udp:s0 tclass=file permissive=0 app=com.smile.gifmaker
09-24 01:15:39.687 I/auditd ( 7881): type=1400 audit(0.0:1375): avc: denied { read } for comm=5468726561642D32202D2031333735 name="tcp" dev="proc" ino=4026532283 scontext=u:r:untrusted_app_29:s0:c106,c256,c512,c768 tcontext=u:object_r:proc_net_tcp_udp:s0 tclass=file permissive=0 app=com.smile.gifmaker
09-24 01:15:40.675 I/auditd ( 8065): type=1400 audit(0.0:1376): avc: denied { read } for comm="pool-2-thread-6" name="tcp" dev="proc" ino=4026532283 scontext=u:r:untrusted_app_29:s0:c106,c256,c512,c768 tcontext=u:object_r:proc_net_tcp_udp:s0 tclass=file permissive=0 app=com.smile.gifmaker
09-24 01:15:44.551 I/auditd ( 5049): type=1400 audit(0.0:1377): avc: granted { nlmsg_readpriv } for comm="pool-8-thread-1" scontext=u:r:untrusted_app_29:s0:c96,c256,c512,c768 tcontext=u:r:untrusted_app_29:s0:c96,c256,c512,c768 tclass=netlink_route_socket app=com.netease.cloudmusic
09-24 01:15:50.179 I/am_pss ( 1472): [5366,10096,com.netease.cloudmusic:play,64096256,35917824,14138368,153989120,0,19,14]
09-24 01:16:39.699 I/auditd ( 7881): type=1400 audit(0.0:1378): avc: denied { read } for comm=5468726561642D32202D2031333735 name="tcp" dev="proc" ino=4026532283 scontext=u:r:untrusted_app_29:s0:c106,c256,c512,c768 tcontext=u:object_r:proc_net_tcp_udp:s0 tclass=file permissive=0 app=com.smile.gifmaker
09-24 01:16:40.679 I/auditd ( 8065): type=1400 audit(0.0:1379): avc: denied { read } for comm="pool-2-thread-6" name="tcp" dev="proc" ino=4026532283 scontext=u:r:untrusted_app_29:s0:c106,c256,c512,c768 tcontext=u:object_r:proc_net_tcp_udp:s0 tclass=file permissive=0 app=com.smile.gifmaker
09-24 01:17:39.743 I/auditd ( 7881): type=1400 audit(0.0:1380): avc: denied { read } for comm=5468726561642D32202D2031333735 name="tcp" dev="proc" ino=4026532283 scontext=u:r:untrusted_app_29:s0:c106,c256,c512,c768 tcontext=u:object_r:proc_net_tcp_udp:s0 tclass=file permissive=0 app=com.smile.gifmaker
09-24 01:17:40.719 I/auditd ( 8065): type=1400 audit(0.0:1381): avc: denied { read } for comm="pool-2-thread-6" name="tcp" dev="proc" ino=4026532283 scontext=u:r:untrusted_app_29:s0:c106,c256,c512,c768 tcontext=u:object_r:proc_net_tcp_udp:s0 tclass=file permissive=0 app=com.smile.gifmaker
09-24 01:18:39.767 I/auditd ( 7881): type=1400 audit(0.0:1382): avc: denied { read } for comm=5468726561642D32202D2031333735 name="tcp" dev="proc" ino=4026532283 scontext=u:r:untrusted_app_29:s0:c106,c256,c512,c768 tcontext=u:object_r:proc_net_tcp_udp:s0 tclass=file permissive=0 app=com.smile.gifmaker
09-24 01:18:40.763 I/auditd ( 8065): type=1400 audit(0.0:1383): avc: denied { read } for comm="pool-2-thread-6" name="tcp" dev="proc" ino=4026532283 scontext=u:r:untrusted_app_29:s0:c106,c256,c512,c768 tcontext=u:object_r:proc_net_tcp_udp:s0 tclass=file permissive=0 app=com.smile.gifmaker
09-24 01:19:39.811 I/auditd ( 7881): type=1400 audit(0.0:1384): avc: denied { read } for comm=5468726561642D32202D2031333735 name="tcp" dev="proc" ino=4026532283 scontext=u:r:untrusted_app_29:s0:c106,c256,c512,c768 tcontext=u:object_r:proc_net_tcp_udp:s0 tclass=file permissive=0 app=com.smile.gifmaker
09-24 01:19:40.783 I/auditd ( 8065): type=1400 audit(0.0:1385): avc: denied { read } for comm="pool-2-thread-6" name="tcp" dev="proc" ino=4026532283 scontext=u:r:untrusted_app_29:s0:c106,c256,c512,c768 tcontext=u:object_r:proc_net_tcp_udp:s0 tclass=file permissive=0 app=com.smile.gifmaker
09-24 01:20:39.823 I/auditd ( 7881): type=1400 audit(0.0:1386): avc: denied { read } for comm=5468726561642D32202D2031333735 name="tcp" dev="proc" ino=4026532283 scontext=u:r:untrusted_app_29:s0:c106,c256,c512,c768 tcontext=u:object_r:proc_net_tcp_udp:s0 tclass=file permissive=0 app=com.smile.gifmaker
09-24 01:20:40.823 I/auditd ( 8065): type=1400 audit(0.0:1387): avc: denied { read } for comm="pool-2-thread-6" name="tcp" dev="proc" ino=4026532283 scontext=u:r:untrusted_app_29:s0:c106,c256,c512,c768 tcontext=u:object_r:proc_net_tcp_udp:s0 tclass=file permissive=0 app=com.smile.gifmaker
09-24 01:21:12.323 I/auditd ( 5049): type=1400 audit(0.0:1388): avc: granted { nlmsg_readpriv } for comm="pool-8-thread-1" scontext=u:r:untrusted_app_29:s0:c96,c256,c512,c768 tcontext=u:r:untrusted_app_29:s0:c96,c256,c512,c768 tclass=netlink_route_socket app=com.netease.cloudmusic
09-24 01:21:31.547 I/auditd ( 0): type=1400 audit(0.0:1389): avc: denied { kill } for comm="swapper/2" capability=5 scontext=u:r:kernel:s0 tcontext=u:r:kernel:s0 tclass=capability permissive=0
09-24 01:21:39.867 I/auditd ( 7881): type=1400 audit(0.0:1390): avc: denied { read } for comm=5468726561642D32202D2031333735 name="tcp" dev="proc" ino=4026532283 scontext=u:r:untrusted_app_29:s0:c106,c256,c512,c768 tcontext=u:object_r:proc_net_tcp_udp:s0 tclass=file permissive=0 app=com.smile.gifmaker
09-24 01:21:40.867 I/auditd ( 8065): type=1400 audit(0.0:1391): avc: denied { read } for comm="pool-2-thread-6" name="tcp" dev="proc" ino=4026532283 scontext=u:r:untrusted_app_29:s0:c106,c256,c512,c768 tcontext=u:object_r:proc_net_tcp_udp:s0 tclass=file permissive=0 app=com.smile.gifmaker
09-24 01:21:41.583 I/auditd ( 5049): type=1400 audit(0.0:1392): avc: granted { nlmsg_readpriv } for comm="pool-8-thread-1" scontext=u:r:untrusted_app_29:s0:c96,c256,c512,c768 tcontext=u:r:untrusted_app_29:s0:c96,c256,c512,c768 tclass=netlink_route_socket app=com.netease.cloudmusic
09-24 01:21:50.168 I/am_pss ( 1472): [2531,10067,com.android.deskclock,56156160,43261952,7903232,129712128,0,2,13]
09-24 01:22:01.647 I/auditd ( 5049): type=1400 audit(0.0:1393): avc: granted { nlmsg_readpriv } for comm="pool-8-thread-1" scontext=u:r:untrusted_app_29:s0:c96,c256,c512,c768 tcontext=u:r:untrusted_app_29:s0:c96,c256,c512,c768 tclass=netlink_route_socket app=com.netease.cloudmusic
09-24 01:22:39.875 I/auditd ( 7881): type=1400 audit(0.0:1394): avc: denied { read } for comm=5468726561642D32202D2031333735 name="tcp" dev="proc" ino=4026532283 scontext=u:r:untrusted_app_29:s0:c106,c256,c512,c768 tcontext=u:object_r:proc_net_tcp_udp:s0 tclass=file permissive=0 app=com.smile.gifmaker
09-24 01:22:40.907 I/auditd ( 8065): type=1400 audit(0.0:1395): avc: denied { read } for comm="pool-2-thread-6" name="tcp" dev="proc" ino=4026532283 scontext=u:r:untrusted_app_29:s0:c106,c256,c512,c768 tcontext=u:object_r:proc_net_tcp_udp:s0 tclass=file permissive=0 app=com.smile.gifmaker
09-24 01:23:16.709 I/am_pss ( 1472): [5336,10096,com.netease.cloudmusic:videoplay,52241408,26943488,12529664,136040448,0,19,11]
09-24 01:23:39.919 I/auditd ( 7881): type=1400 audit(0.0:1396): avc: denied { read } for comm=5468726561642D32202D2031333735 name="tcp" dev="proc" ino=4026532283 scontext=u:r:untrusted_app_29:s0:c106,c256,c512,c768 tcontext=u:object_r:proc_net_tcp_udp:s0 tclass=file permissive=0 app=com.smile.gifmaker
09-24 01:23:40.911 I/auditd ( 8065): type=1400 audit(0.0:1397): avc: denied { read } for comm="pool-2-thread-6" name="tcp" dev="proc" ino=4026532283 scontext=u:r:untrusted_app_29:s0:c106,c256,c512,c768 tcontext=u:object_r:proc_net_tcp_udp:s0 tclass=file permissive=0 app=com.smile.gifmaker
09-24 01:23:41.743 I/auditd ( 8193): type=1400 audit(0.0:1398): avc: granted { nlmsg_readpriv } for comm="ChromiumNet0" scontext=u:r:untrusted_app_29:s0:c104,c256,c512,c768 tcontext=u:r:untrusted_app_29:s0:c104,c256,c512,c768 tclass=netlink_route_socket app=com.ss.android.article.news
09-24 01:23:47.139 I/auditd ( 8501): type=1400 audit(0.0:1399): avc: granted { nlmsg_readpriv } for comm="ChromiumNet0" scontext=u:r:untrusted_app_29:s0:c103,c256,c512,c768 tcontext=u:r:untrusted_app_29:s0:c103,c256,c512,c768 tclass=netlink_route_socket app=com.ss.android.ugc.aweme
09-24 01:24:39.923 I/auditd ( 7881): type=1400 audit(0.0:1400): avc: denied { read } for comm=5468726561642D32202D2031333735 name="tcp" dev="proc" ino=4026532283 scontext=u:r:untrusted_app_29:s0:c106,c256,c512,c768 tcontext=u:object_r:proc_net_tcp_udp:s0 tclass=file permissive=0 app=com.smile.gifmaker
09-24 01:24:40.955 I/auditd ( 8065): type=1400 audit(0.0:1401): avc: denied { read } for comm="pool-2-thread-6" name="tcp" dev="proc" ino=4026532283 scontext=u:r:untrusted_app_29:s0:c106,c256,c512,c768 tcontext=u:object_r:proc_net_tcp_udp:s0 tclass=file permissive=0 app=com.smile.gifmaker
09-24 01:25:39.935 I/auditd ( 7881): type=1400 audit(0.0:1402): avc: denied { read } for comm=5468726561642D32202D2031333735 name="tcp" dev="proc" ino=4026532283 scontext=u:r:untrusted_app_29:s0:c106,c256,c512,c768 tcontext=u:object_r:proc_net_tcp_udp:s0 tclass=file permissive=0 app=com.smile.gifmaker
09-24 01:25:40.995 I/auditd ( 8065): type=1400 audit(0.0:1403): avc: denied { read } for comm="pool-2-thread-6" name="tcp" dev="proc" ino=4026532283 scontext=u:r:untrusted_app_29:s0:c106,c256,c512,c768 tcontext=u:object_r:proc_net_tcp_udp:s0 tclass=file permissive=0 app=com.smile.gifmaker
09-24 01:26:39.943 I/auditd ( 7881): type=1400 audit(0.0:1404): avc: denied { read } for comm=5468726561642D32202D2031333735 name="tcp" dev="proc" ino=4026532283 scontext=u:r:untrusted_app_29:s0:c106,c256,c512,c768 tcontext=u:object_r:proc_net_tcp_udp:s0 tclass=file permissive=0 app=com.smile.gifmaker
09-24 01:26:41.031 I/auditd ( 8065): type=1400 audit(0.0:1405): avc: denied { read } for comm="pool-2-thread-6" name="tcp" dev="proc" ino=4026532283 scontext=u:r:untrusted_app_29:s0:c106,c256,c512,c768 tcontext=u:object_r:proc_net_tcp_udp:s0 tclass=file permissive=0 app=com.smile.gifmaker
09-24 01:26:53.267 I/auditd ( 5049): type=1400 audit(0.0:1406): avc: granted { nlmsg_readpriv } for comm="pool-8-thread-1" scontext=u:r:untrusted_app_29:s0:c96,c256,c512,c768 tcontext=u:r:untrusted_app_29:s0:c96,c256,c512,c768 tclass=netlink_route_socket app=com.netease.cloudmusic
09-24 01:27:39.959 I/auditd ( 7881): type=1400 audit(0.0:1407): avc: denied { read } for comm=5468726561642D32202D2031333735 name="tcp" dev="proc" ino=4026532283 scontext=u:r:untrusted_app_29:s0:c106,c256,c512,c768 tcontext=u:object_r:proc_net_tcp_udp:s0 tclass=file permissive=0 app=com.smile.gifmaker
09-24 01:27:41.043 I/auditd ( 8065): type=1400 audit(0.0:1408): avc: denied { read } for comm="pool-2-thread-6" name="tcp" dev="proc" ino=4026532283 scontext=u:r:untrusted_app_29:s0:c106,c256,c512,c768 tcontext=u:object_r:proc_net_tcp_udp:s0 tclass=file permissive=0 app=com.smile.gifmaker
09-24 01:27:50.184 I/am_pss ( 1472): [2335,10077,com.android.launcher3,72036352,63119360,69632,190902272,0,6,19]
09-24 01:27:50.208 I/am_pss ( 1472): [1846,10081,com.android.systemui,147345408,128507904,68608,296361984,0,0,21]
09-24 01:28:12.702 I/am_uid_running( 1472): 10025
09-24 01:28:12.725 I/am_proc_start( 1472): [0,17932,10025,android.process.media,service,{com.android.providers.downloads/com.android.providers.downloads.DownloadIdleService}]
09-24 01:28:12.753 I/am_proc_bound( 1472): [0,17932,android.process.media]
09-24 01:28:13.171 I/commit_sys_config_file( 1472): [blobs_index,3]
09-24 01:28:13.176 I/snet_event_log( 1472): [dcl,10103,B956F200297287A2F870414656C4F79D46434546D127A5CF3098D1CC51AD4569 BBCA8C829ABFCC618F1C452994149E2E4D973233FAA4EF4FE1BBA305BE92D27A]
09-24 01:28:13.176 I/commit_sys_config_file( 1472): [session_index,6]
09-24 01:28:13.185 I/snet_event_log( 1472): [dcl,10104,B956F200297287A2F870414656C4F79D46434546D127A5CF3098D1CC51AD4569 C9C4DB189FF3715890BF332CA1C48A744DDDD456D793A917B29BB89C5BA90584]
09-24 01:28:15.187 I/auditd (18002): type=1400 audit(0.0:1409): avc: denied { read } for comm="iorap.inode2fil" name="tlog" dev="dm-5" ino=1811 scontext=u:r:iorap_inode2filename:s0 tcontext=u:object_r:tlog_config_file:s0 tclass=dir permissive=0
09-24 01:28:15.231 I/auditd (18002): type=1400 audit(0.0:1410): avc: denied { read } for comm="iorap.inode2fil" name="nativetest" dev="dm-10" ino=7 scontext=u:r:iorap_inode2filename:s0 tcontext=u:object_r:nativetest_data_file:s0 tclass=dir permissive=0
09-24 01:28:15.231 I/auditd (18002): type=1400 audit(0.0:1411): avc: denied { read } for comm="iorap.inode2fil" name="nativetest64" dev="dm-10" ino=8 scontext=u:r:iorap_inode2filename:s0 tcontext=u:object_r:nativetest_data_file:s0 tclass=dir permissive=0
09-24 01:28:15.235 I/auditd (18002): type=1400 audit(0.0:1412): avc: denied { read } for comm="iorap.inode2fil" name="vendor" dev="dm-10" ino=30 scontext=u:r:iorap_inode2filename:s0 tcontext=u:object_r:vendor_data_file:s0 tclass=dir permissive=0
09-24 01:28:15.235 I/auditd (18002): type=1400 audit(0.0:1413): avc: denied { read } for comm="iorap.inode2fil" name="vendor_ce" dev="dm-10" ino=31 scontext=u:r:iorap_inode2filename:s0 tcontext=u:object_r:vendor_data_file:s0 tclass=dir permissive=0
09-24 01:28:15.235 I/auditd (18002): type=1400 audit(0.0:1414): avc: denied { read } for comm="iorap.inode2fil" name="vendor_de" dev="dm-10" ino=32 scontext=u:r:iorap_inode2filename:s0 tcontext=u:object_r:vendor_data_file:s0 tclass=dir permissive=0
09-24 01:28:15.235 I/auditd (18002): type=1400 audit(0.0:1415): avc: denied { read } for comm="iorap.inode2fil" name="anr" dev="dm-10" ino=34 scontext=u:r:iorap_inode2filename:s0 tcontext=u:object_r:anr_data_file:s0 tclass=dir permissive=0
09-24 01:28:15.235 I/auditd (18002): type=1400 audit(0.0:1416): avc: denied { read } for comm="iorap.inode2fil" name="tombstones" dev="dm-10" ino=35 scontext=u:r:iorap_inode2filename:s0 tcontext=u:object_r:tombstone_data_file:s0 tclass=dir permissive=0
09-24 01:28:15.235 I/auditd (18002): type=1400 audit(0.0:1417): avc: denied { read } for comm="iorap.inode2fil" name="keystore" dev="dm-10" ino=39 scontext=u:r:iorap_inode2filename:s0 tcontext=u:object_r:keystore_data_file:s0 tclass=dir permissive=0
09-24 01:28:34.323 I/auditd ( 5049): type=1400 audit(0.0:1514): avc: granted { nlmsg_readpriv } for comm="pool-8-thread-1" scontext=u:r:untrusted_app_29:s0:c96,c256,c512,c768 tcontext=u:r:untrusted_app_29:s0:c96,c256,c512,c768 tclass=netlink_route_socket app=com.netease.cloudmusic
09-24 01:28:39.963 I/auditd ( 7881): type=1400 audit(0.0:1515): avc: denied { read } for comm=5468726561642D32202D2031333735 name="tcp" dev="proc" ino=4026532283 scontext=u:r:untrusted_app_29:s0:c106,c256,c512,c768 tcontext=u:object_r:proc_net_tcp_udp:s0 tclass=file permissive=0 app=com.smile.gifmaker
09-24 01:28:41.083 I/auditd ( 8065): type=1400 audit(0.0:1516): avc: denied { read } for comm="pool-2-thread-6" name="tcp" dev="proc" ino=4026532283 scontext=u:r:untrusted_app_29:s0:c106,c256,c512,c768 tcontext=u:object_r:proc_net_tcp_udp:s0 tclass=file permissive=0 app=com.smile.gifmaker
09-24 01:29:05.403 I/storage_state( 1472): [41217664-9172-527a-b3d5-edabb50a7d69,0,0,40860729344,48316284928]
09-24 01:29:33.908 I/killinfo( 511): [3359,10033,975,606,28288,-1,7885004,1605800,4171152,57732,4748,9140,107264,4194300,4079920,987736,166028,2096604,1963980,69180,198928,42016,70388,0,0,292888,0,8,0,0,46268,0]
09-24 01:29:33.948 I/am_proc_died( 1472): [0,3359,com.android.packageinstaller,975,19]
09-24 01:29:33.948 I/am_uid_stopped( 1472): 10033
09-24 01:29:33.950 I/am_mem_factor( 1472): [3,0]
09-24 01:29:33.965 I/am_pss ( 1472): [17932,10025,android.process.media,10784768,7827456,70656,94470144,0,19,6]
09-24 01:29:33.976 I/am_pss ( 1472): [2531,10067,com.android.deskclock,58446848,43982848,9676800,130052096,1,2,7]
09-24 01:29:33.986 I/am_pss ( 1472): [4383,1000,com.android.settings,69818368,52387840,9448448,154791936,1,15,9]
09-24 01:29:33.995 I/am_pss ( 1472): [1843,1002,com.android.bluetooth,49599488,43515904,78848,151334912,1,0,8]
09-24 01:29:34.006 I/am_pss ( 1472): [2335,10077,com.android.launcher3,70071296,61616128,69632,187092992,1,6,9]
09-24 01:29:34.014 I/am_pss ( 1472): [3001,10093,com.android.providers.media.module,26570752,22855680,70656,119234560,1,0,7]
09-24 01:29:34.019 I/am_pss ( 1472): [15130,1000,com.qti.diagservices,6921216,4030464,70656,87957504,1,10,5]
09-24 01:29:34.030 I/am_pss ( 1472): [7697,10100,com.qiyi.video.pad,109051904,96505856,188416,184119296,1,19,10]
09-24 01:29:34.053 I/am_pss ( 1472): [8501,10103,com.ss.android.ugc.aweme,346657792,327806976,186368,438353920,1,19,23]
09-24 01:29:34.065 I/am_pss ( 1472): [8193,10104,com.ss.android.article.news,126176256,114311168,295936,231739392,1,19,11]
09-24 01:29:34.077 I/am_pss ( 1472): [5049,10096,com.netease.cloudmusic,61748224,43499520,5066752,158466048,1,19,11]
09-24 01:29:34.085 I/am_pss ( 1472): [5287,10096,com.netease.cloudmusic:pushservice,42731520,25755648,7624704,124243968,1,19,8]
09-24 01:29:34.095 I/am_pss ( 1472): [5366,10096,com.netease.cloudmusic:play,60658688,33984512,14214144,144687104,1,19,9]
09-24 01:29:34.103 I/am_pss ( 1472): [5336,10096,com.netease.cloudmusic:videoplay,52004864,26943488,13720576,130301952,1,19,8]
09-24 01:29:34.110 I/am_pss ( 1472): [2238,10094,android.ext.services,16879616,13275136,70656,105721856,1,5,6]
09-24 01:29:34.116 I/am_pss ( 1472): [3689,10023,com.sohu.inputmethod.sogou.car,15531008,6402048,190464,81948672,1,7,5]
09-24 01:29:34.121 I/am_pss ( 1472): [3053,10074,com.qualcomm.location.XT,6806528,4116480,70656,89120768,1,6,5]
09-24 01:29:34.127 I/am_pss ( 1472): [2988,10085,com.qualcomm.qti.workloadclassifier,16180224,13234176,70656,101580800,1,0,6]
09-24 01:29:34.132 I/am_pss ( 1472): [2986,10083,com.qualcomm.qti.qccnetstat,6568960,3977216,71680,86966272,1,0,4]
09-24 01:29:34.137 I/am_pss ( 1472): [2965,10075,com.qualcomm.qti.services.systemhelper:systemhelper_service,6615040,4038656,70656,87314432,1,0,5]
09-24 01:29:34.142 I/am_pss ( 1472): [2934,10054,.pasr,6133760,3604480,71680,85262336,1,0,4]
09-24 01:29:34.147 I/am_pss ( 1472): [2929,10056,ts.car.uart,6234112,3706880,70656,85590016,1,0,4]
09-24 01:29:34.152 I/am_pss ( 1472): [2610,10071,com.qualcomm.location,8807424,5484544,70656,96903168,1,0,5]
09-24 01:29:34.157 I/am_pss ( 1472): [2119,1000,com.qualcomm.qti.qdma,8620032,5296128,70656,98230272,1,0,5]
09-24 01:29:34.162 I/am_pss ( 1472): [2094,1000,com.thundercomm.remotecontrolservice,7491584,4771840,71680,89219072,1,0,4]
09-24 01:29:34.167 I/am_pss ( 1472): [3195,10063,com.qualcomm.qti.devicestatisticsservice,6067200,3543040,71680,84951040,1,0,4]
09-24 01:29:34.171 I/am_pss ( 1472): [2078,1068,com.android.se,6471680,3891200,70656,87236608,1,0,4]
09-24 01:29:34.176 I/am_pss ( 1472): [2059,10087,com.qti.qualcomm.mstatssystemservice,6254592,3710976,71680,85667840,1,0,4]
09-24 01:29:34.180 I/am_pss ( 1472): [1991,10050,.qtidataservices,6454272,3899392,70656,86896640,1,0,4]
09-24 01:29:34.185 I/am_pss ( 1472): [2004,1000,vendor.qti.qesdk.sysservice,6328320,3731456,71680,86691840,1,0,5]
09-24 01:29:34.191 I/am_pss ( 1472): [1968,1000,com.thundercomm.microsettings,21129216,12095488,71680,114958336,1,0,5]
09-24 01:29:34.196 I/am_pss ( 1472): [1971,1001,.dataservices,8390656,5713920,70656,90198016,1,0,5]
09-24 01:29:34.201 I/am_pss ( 1472): [1965,1000,com.thundercomm.microservice,7333888,4743168,71680,88072192,1,0,4]
09-24 01:29:34.206 I/am_pss ( 1472): [1960,1073,com.android.networkstack.process,12834816,9527296,70656,102457344,1,0,5]
09-24 01:29:34.220 I/am_pss ( 1472): [1846,10081,com.android.systemui,142943232,127832064,68608,276344832,1,0,13]
09-24 01:29:34.239 I/am_pss ( 1472): [1472,1000,system,179911680,101584896,66560,459182080,1,0,18]
09-24 01:29:34.442 I/am_meminfo( 1472): [3438419968,1618112512,17063936,369356800,475407360]
09-24 01:29:35.457 I/am_mem_factor( 1472): [1,3]
09-24 01:29:40.007 I/auditd ( 7881): type=1400 audit(0.0:1517): avc: denied { read } for comm=5468726561642D32202D2031333735 name="tcp" dev="proc" ino=4026532283 scontext=u:r:untrusted_app_29:s0:c106,c256,c512,c768 tcontext=u:object_r:proc_net_tcp_udp:s0 tclass=file permissive=0 app=com.smile.gifmaker
09-24 01:29:41.099 I/auditd ( 8065): type=1400 audit(0.0:1518): avc: denied { read } for comm="pool-2-thread-6" name="tcp" dev="proc" ino=4026532283 scontext=u:r:untrusted_app_29:s0:c106,c256,c512,c768 tcontext=u:object_r:proc_net_tcp_udp:s0 tclass=file permissive=0 app=com.smile.gifmaker
09-24 01:30:05.440 I/storage_state( 1472): [41217664-9172-527a-b3d5-edabb50a7d69,0,0,40681279488,48316284928]
09-24 01:30:40.047 I/auditd ( 7881): type=1400 audit(0.0:1519): avc: denied { read } for comm=5468726561642D32202D2031333735 name="tcp" dev="proc" ino=4026532283 scontext=u:r:untrusted_app_29:s0:c106,c256,c512,c768 tcontext=u:object_r:proc_net_tcp_udp:s0 tclass=file permissive=0 app=com.smile.gifmaker
09-24 01:30:41.115 I/auditd ( 8065): type=1400 audit(0.0:1520): avc: denied { read } for comm="pool-2-thread-6" name="tcp" dev="proc" ino=4026532283 scontext=u:r:untrusted_app_29:s0:c106,c256,c512,c768 tcontext=u:object_r:proc_net_tcp_udp:s0 tclass=file permissive=0 app=com.smile.gifmaker
09-24 01:31:40.051 I/auditd ( 7881): type=1400 audit(0.0:1521): avc: denied { read } for comm=5468726561642D32202D2031333735 name="tcp" dev="proc" ino=4026532283 scontext=u:r:untrusted_app_29:s0:c106,c256,c512,c768 tcontext=u:object_r:proc_net_tcp_udp:s0 tclass=file permissive=0 app=com.smile.gifmaker
09-24 01:31:41.155 I/auditd ( 8065): type=1400 audit(0.0:1522): avc: denied { read } for comm="pool-2-thread-6" name="tcp" dev="proc" ino=4026532283 scontext=u:r:untrusted_app_29:s0:c106,c256,c512,c768 tcontext=u:object_r:proc_net_tcp_udp:s0 tclass=file permissive=0 app=com.smile.gifmaker
09-24 01:32:40.083 I/auditd ( 7881): type=1400 audit(0.0:1523): avc: denied { read } for comm=5468726561642D32202D2031333735 name="tcp" dev="proc" ino=4026532283 scontext=u:r:untrusted_app_29:s0:c106,c256,c512,c768 tcontext=u:object_r:proc_net_tcp_udp:s0 tclass=file permissive=0 app=com.smile.gifmaker
09-24 01:32:41.167 I/auditd ( 8065): type=1400 audit(0.0:1524): avc: denied { read } for comm="pool-2-thread-6" name="tcp" dev="proc" ino=4026532283 scontext=u:r:untrusted_app_29:s0:c106,c256,c512,c768 tcontext=u:object_r:proc_net_tcp_udp:s0 tclass=file permissive=0 app=com.smile.gifmaker
09-24 01:32:44.167 I/auditd ( 5049): type=1400 audit(0.0:1525): avc: granted { nlmsg_readpriv } for comm="pool-8-thread-1" scontext=u:r:untrusted_app_29:s0:c96,c256,c512,c768 tcontext=u:r:untrusted_app_29:s0:c96,c256,c512,c768 tclass=netlink_route_socket app=com.netease.cloudmusic
09-24 01:33:03.387 I/auditd ( 0): type=1400 audit(0.0:1526): avc: denied { kill } for comm="swapper/0" capability=5 scontext=u:r:kernel:s0 tcontext=u:r:kernel:s0 tclass=capability permissive=0
09-24 01:33:13.419 I/auditd ( 5049): type=1400 audit(0.0:1527): avc: granted { nlmsg_readpriv } for comm="pool-8-thread-1" scontext=u:r:untrusted_app_29:s0:c96,c256,c512,c768 tcontext=u:r:untrusted_app_29:s0:c96,c256,c512,c768 tclass=netlink_route_socket app=com.netease.cloudmusic
09-24 01:33:33.495 I/auditd ( 5049): type=1400 audit(0.0:1528): avc: granted { nlmsg_readpriv } for comm="pool-8-thread-1" scontext=u:r:untrusted_app_29:s0:c96,c256,c512,c768 tcontext=u:r:untrusted_app_29:s0:c96,c256,c512,c768 tclass=netlink_route_socket app=com.netease.cloudmusic
09-24 01:33:40.099 I/auditd ( 7881): type=1400 audit(0.0:1529): avc: denied { read } for comm=5468726561642D32202D2031333735 name="tcp" dev="proc" ino=4026532283 scontext=u:r:untrusted_app_29:s0:c106,c256,c512,c768 tcontext=u:object_r:proc_net_tcp_udp:s0 tclass=file permissive=0 app=com.smile.gifmaker
09-24 01:33:41.175 I/auditd ( 8065): type=1400 audit(0.0:1530): avc: denied { read } for comm="pool-2-thread-6" name="tcp" dev="proc" ino=4026532283 scontext=u:r:untrusted_app_29:s0:c106,c256,c512,c768 tcontext=u:object_r:proc_net_tcp_udp:s0 tclass=file permissive=0 app=com.smile.gifmaker
09-24 01:33:41.843 I/auditd ( 8193): type=1400 audit(0.0:1531): avc: granted { nlmsg_readpriv } for comm="ChromiumNet0" scontext=u:r:untrusted_app_29:s0:c104,c256,c512,c768 tcontext=u:r:untrusted_app_29:s0:c104,c256,c512,c768 tclass=netlink_route_socket app=com.ss.android.article.news
09-24 01:33:47.175 I/auditd ( 8501): type=1400 audit(0.0:1532): avc: granted { nlmsg_readpriv } for comm="ChromiumNet0" scontext=u:r:untrusted_app_29:s0:c103,c256,c512,c768 tcontext=u:r:untrusted_app_29:s0:c103,c256,c512,c768 tclass=netlink_route_socket app=com.ss.android.ugc.aweme
09-24 01:33:50.171 I/am_mem_factor( 1472): [0,1]
09-24 01:34:40.107 I/auditd ( 7881): type=1400 audit(0.0:1533): avc: denied { read } for comm=5468726561642D32202D2031333735 name="tcp" dev="proc" ino=4026532283 scontext=u:r:untrusted_app_29:s0:c106,c256,c512,c768 tcontext=u:object_r:proc_net_tcp_udp:s0 tclass=file permissive=0 app=com.smile.gifmaker
09-24 01:34:41.195 I/auditd ( 8065): type=1400 audit(0.0:1534): avc: denied { read } for comm="pool-2-thread-6" name="tcp" dev="proc" ino=4026532283 scontext=u:r:untrusted_app_29:s0:c106,c256,c512,c768 tcontext=u:object_r:proc_net_tcp_udp:s0 tclass=file permissive=0 app=com.smile.gifmaker
09-24 01:35:40.115 I/auditd ( 7881): type=1400 audit(0.0:1535): avc: denied { read } for comm=5468726561642D32202D2031333735 name="tcp" dev="proc" ino=4026532283 scontext=u:r:untrusted_app_29:s0:c106,c256,c512,c768 tcontext=u:object_r:proc_net_tcp_udp:s0 tclass=file permissive=0 app=com.smile.gifmaker
09-24 01:35:41.207 I/auditd ( 8065): type=1400 audit(0.0:1536): avc: denied { read } for comm="pool-2-thread-6" name="tcp" dev="proc" ino=4026532283 scontext=u:r:untrusted_app_29:s0:c106,c256,c512,c768 tcontext=u:object_r:proc_net_tcp_udp:s0 tclass=file permissive=0 app=com.smile.gifmaker
09-24 01:36:40.155 I/auditd ( 7881): type=1400 audit(0.0:1537): avc: denied { read } for comm=5468726561642D32202D2031333735 name="tcp" dev="proc" ino=4026532283 scontext=u:r:untrusted_app_29:s0:c106,c256,c512,c768 tcontext=u:object_r:proc_net_tcp_udp:s0 tclass=file permissive=0 app=com.smile.gifmaker
09-24 01:36:41.215 I/auditd ( 8065): type=1400 audit(0.0:1538): avc: denied { read } for comm="pool-2-thread-6" name="tcp" dev="proc" ino=4026532283 scontext=u:r:untrusted_app_29:s0:c106,c256,c512,c768 tcontext=u:object_r:proc_net_tcp_udp:s0 tclass=file permissive=0 app=com.smile.gifmaker
09-24 01:37:40.155 I/auditd ( 7881): type=1400 audit(0.0:1539): avc: denied { read } for comm=5468726561642D32202D2031333735 name="tcp" dev="proc" ino=4026532283 scontext=u:r:untrusted_app_29:s0:c106,c256,c512,c768 tcontext=u:object_r:proc_net_tcp_udp:s0 tclass=file permissive=0 app=com.smile.gifmaker
09-24 01:37:41.227 I/auditd ( 8065): type=1400 audit(0.0:1540): avc: denied { read } for comm="pool-2-thread-6" name="tcp" dev="proc" ino=4026532283 scontext=u:r:untrusted_app_29:s0:c106,c256,c512,c768 tcontext=u:object_r:proc_net_tcp_udp:s0 tclass=file permissive=0 app=com.smile.gifmaker
09-24 01:37:46.612 I/service_manager_stats( 1472): [100,48,2441101]
09-24 01:37:46.651 I/auditd ( 577): type=1400 audit(0.0:1541): avc: denied { read } for comm="Binder:577_2" name="wakeup58" dev="sysfs" ino=83548 scontext=u:r:system_suspend:s0 tcontext=u:object_r:sysfs:s0 tclass=dir permissive=0
09-24 01:37:46.655 I/auditd ( 577): type=1400 audit(0.0:1542): avc: denied { read } for comm="Binder:577_2" name="wakeup4" dev="sysfs" ino=52895 scontext=u:r:system_suspend:s0 tcontext=u:object_r:sysfs:s0 tclass=dir permissive=0
09-24 01:37:46.655 I/auditd ( 577): type=1400 audit(0.0:1543): avc: denied { read } for comm="Binder:577_2" name="wakeup38" dev="sysfs" ino=68553 scontext=u:r:system_suspend:s0 tcontext=u:object_r:sysfs:s0 tclass=dir permissive=0
09-24 01:37:46.659 I/auditd ( 577): type=1400 audit(0.0:1544): avc: denied { read } for comm="Binder:577_2" name="wakeup28" dev="sysfs" ino=59251 scontext=u:r:system_suspend:s0 tcontext=u:object_r:sysfs:s0 tclass=dir permissive=0
09-24 01:37:46.659 I/auditd ( 577): type=1400 audit(0.0:1545): avc: denied { read } for comm="Binder:577_2" name="wakeup56" dev="sysfs" ino=83476 scontext=u:r:system_suspend:s0 tcontext=u:object_r:sysfs:s0 tclass=dir permissive=0
09-24 01:37:46.659 I/auditd ( 577): type=1400 audit(0.0:1546): avc: denied { read } for comm="Binder:577_2" name="wakeup18" dev="sysfs" ino=58638 scontext=u:r:system_suspend:s0 tcontext=u:object_r:sysfs:s0 tclass=dir permissive=0
09-24 01:37:46.663 I/auditd ( 577): type=1400 audit(0.0:1547): avc: denied { read } for comm="Binder:577_2" name="wakeup46" dev="sysfs" ino=77409 scontext=u:r:system_suspend:s0 tcontext=u:object_r:sysfs:s0 tclass=dir permissive=0
09-24 01:37:46.663 I/auditd ( 577): type=1400 audit(0.0:1548): avc: denied { read } for comm="Binder:577_2" name="wakeup2" dev="sysfs" ino=52419 scontext=u:r:system_suspend:s0 tcontext=u:object_r:sysfs:s0 tclass=dir permissive=0
09-24 01:37:46.731 I/commit_sys_config_file( 1472): [batterystats,8]
09-24 01:37:46.734 I/commit_sys_config_file( 1472): [batterystats,2]
09-24 01:38:07.745 I/netstats_mobile_sample( 1472): [0,0,0,0,0,0,0,0,0,0,0,0,1663954687744]
09-24 01:38:07.745 I/netstats_wifi_sample( 1472): [1182563,8189,380001,5656,1182563,8189,380001,5656,1385508,19456,360990,5517,1663954687744]
09-24 01:38:12.844 I/am_freeze( 1472): [17932,android.process.media]
09-24 01:38:12.847 I/am_kill ( 1472): [0,17932,android.process.media,905,Unable to freeze binder interface]
09-24 01:38:12.881 I/am_proc_died( 1472): [0,17932,android.process.media,905,19]
09-24 01:38:12.883 I/am_uid_stopped( 1472): 10025
09-24 01:38:12.896 I/am_pss ( 1472): [15130,1000,com.qti.diagservices,7119872,4210688,72704,87949312,0,10,9]
09-24 01:38:40.175 I/auditd ( 7881): type=1400 audit(0.0:1592): avc: denied { read } for comm=5468726561642D32202D2031333735 name="tcp" dev="proc" ino=4026532283 scontext=u:r:untrusted_app_29:s0:c106,c256,c512,c768 tcontext=u:object_r:proc_net_tcp_udp:s0 tclass=file permissive=0 app=com.smile.gifmaker
09-24 01:38:41.235 I/auditd ( 8065): type=1400 audit(0.0:1593): avc: denied { read } for comm="pool-2-thread-6" name="tcp" dev="proc" ino=4026532283 scontext=u:r:untrusted_app_29:s0:c106,c256,c512,c768 tcontext=u:object_r:proc_net_tcp_udp:s0 tclass=file permissive=0 app=com.smile.gifmaker
09-24 01:38:54.815 I/auditd ( 5049): type=1400 audit(0.0:1594): avc: granted { nlmsg_readpriv } for comm="pool-8-thread-1" scontext=u:r:untrusted_app_29:s0:c96,c256,c512,c768 tcontext=u:r:untrusted_app_29:s0:c96,c256,c512,c768 tclass=netlink_route_socket app=com.netease.cloudmusic
09-24 01:39:34.036 I/am_freeze( 1472): [15130,com.qti.diagservices]
09-24 01:39:34.042 I/am_kill ( 1472): [0,15130,com.qti.diagservices,905,Unable to freeze binder interface]
09-24 01:39:34.073 I/am_proc_died( 1472): [0,15130,com.qti.diagservices,905,10]
09-24 01:39:34.074 I/am_schedule_service_restart( 1472): [0,com.qti.diagservices/.QTIDiagServices,1000]
09-24 01:39:34.085 I/commit_sys_config_file( 1472): [procstats,8]
09-24 01:39:35.104 I/am_proc_start( 1472): [0,19229,1000,com.qti.diagservices,service,{com.qti.diagservices/com.qti.diagservices.QTIDiagServices}]
09-24 01:39:35.156 I/am_proc_bound( 1472): [0,19229,com.qti.diagservices]
09-24 01:39:35.191 I/auditd (19229): type=1400 audit(0.0:1595): avc: denied { read write } for comm="ti.diagservices" name="diag" dev="tmpfs" ino=11596 scontext=u:r:system_app:s0 tcontext=u:object_r:vendor_diag_device:s0 tclass=chr_file permissive=0
09-24 01:39:40.195 I/auditd ( 7881): type=1400 audit(0.0:1596): avc: denied { read } for comm=5468726561642D32202D2031333735 name="tcp" dev="proc" ino=4026532283 scontext=u:r:untrusted_app_29:s0:c106,c256,c512,c768 tcontext=u:object_r:proc_net_tcp_udp:s0 tclass=file permissive=0 app=com.smile.gifmaker
09-24 01:39:41.279 I/auditd ( 8065): type=1400 audit(0.0:1597): avc: denied { read } for comm="pool-2-thread-6" name="tcp" dev="proc" ino=4026532283 scontext=u:r:untrusted_app_29:s0:c106,c256,c512,c768 tcontext=u:object_r:proc_net_tcp_udp:s0 tclass=file permissive=0 app=com.smile.gifmaker
09-24 01:40:40.239 I/auditd ( 7881): type=1400 audit(0.0:1598): avc: denied { read } for comm=5468726561642D32202D2031333735 name="tcp" dev="proc" ino=4026532283 scontext=u:r:untrusted_app_29:s0:c106,c256,c512,c768 tcontext=u:object_r:proc_net_tcp_udp:s0 tclass=file permissive=0 app=com.smile.gifmaker
09-24 01:40:41.291 I/auditd ( 8065): type=1400 audit(0.0:1599): avc: denied { read } for comm="pool-2-thread-6" name="tcp" dev="proc" ino=4026532283 scontext=u:r:untrusted_app_29:s0:c106,c256,c512,c768 tcontext=u:object_r:proc_net_tcp_udp:s0 tclass=file permissive=0 app=com.smile.gifmaker
09-24 01:41:40.279 I/auditd ( 7881): type=1400 audit(0.0:1600): avc: denied { read } for comm=5468726561642D32202D2031333735 name="tcp" dev="proc" ino=4026532283 scontext=u:r:untrusted_app_29:s0:c106,c256,c512,c768 tcontext=u:object_r:proc_net_tcp_udp:s0 tclass=file permissive=0 app=com.smile.gifmaker
09-24 01:41:41.315 I/auditd ( 8065): type=1400 audit(0.0:1601): avc: denied { read } for comm="pool-2-thread-6" name="tcp" dev="proc" ino=4026532283 scontext=u:r:untrusted_app_29:s0:c106,c256,c512,c768 tcontext=u:object_r:proc_net_tcp_udp:s0 tclass=file permissive=0 app=com.smile.gifmaker
09-24 01:42:40.295 I/auditd ( 7881): type=1400 audit(0.0:1602): avc: denied { read } for comm=5468726561642D32202D2031333735 name="tcp" dev="proc" ino=4026532283 scontext=u:r:untrusted_app_29:s0:c106,c256,c512,c768 tcontext=u:object_r:proc_net_tcp_udp:s0 tclass=file permissive=0 app=com.smile.gifmaker
09-24 01:42:41.351 I/auditd ( 8065): type=1400 audit(0.0:1603): avc: denied { read } for comm="pool-2-thread-6" name="tcp" dev="proc" ino=4026532283 scontext=u:r:untrusted_app_29:s0:c106,c256,c512,c768 tcontext=u:object_r:proc_net_tcp_udp:s0 tclass=file permissive=0 app=com.smile.gifmaker
09-24 01:43:40.307 I/auditd ( 7881): type=1400 audit(0.0:1604): avc: denied { read } for comm=5468726561642D32202D2031333735 name="tcp" dev="proc" ino=4026532283 scontext=u:r:untrusted_app_29:s0:c106,c256,c512,c768 tcontext=u:object_r:proc_net_tcp_udp:s0 tclass=file permissive=0 app=com.smile.gifmaker
09-24 01:43:41.367 I/auditd ( 8065): type=1400 audit(0.0:1605): avc: denied { read } for comm="pool-2-thread-6" name="tcp" dev="proc" ino=4026532283 scontext=u:r:untrusted_app_29:s0:c106,c256,c512,c768 tcontext=u:object_r:proc_net_tcp_udp:s0 tclass=file permissive=0 app=com.smile.gifmaker
09-24 01:43:41.879 I/auditd ( 8193): type=1400 audit(0.0:1606): avc: granted { nlmsg_readpriv } for comm="ChromiumNet0" scontext=u:r:untrusted_app_29:s0:c104,c256,c512,c768 tcontext=u:r:untrusted_app_29:s0:c104,c256,c512,c768 tclass=netlink_route_socket app=com.ss.android.article.news
09-24 01:43:47.219 I/auditd ( 8501): type=1400 audit(0.0:1607): avc: granted { nlmsg_readpriv } for comm="ChromiumNet0" scontext=u:r:untrusted_app_29:s0:c103,c256,c512,c768 tcontext=u:r:untrusted_app_29:s0:c103,c256,c512,c768 tclass=netlink_route_socket app=com.ss.android.ugc.aweme
09-24 01:44:40.323 I/auditd ( 7881): type=1400 audit(0.0:1608): avc: denied { read } for comm=5468726561642D32202D2031333735 name="tcp" dev="proc" ino=4026532283 scontext=u:r:untrusted_app_29:s0:c106,c256,c512,c768 tcontext=u:object_r:proc_net_tcp_udp:s0 tclass=file permissive=0 app=com.smile.gifmaker
09-24 01:44:41.395 I/auditd ( 8065): type=1400 audit(0.0:1609): avc: denied { read } for comm="pool-2-thread-6" name="tcp" dev="proc" ino=4026532283 scontext=u:r:untrusted_app_29:s0:c106,c256,c512,c768 tcontext=u:object_r:proc_net_tcp_udp:s0 tclass=file permissive=0 app=com.smile.gifmaker
09-24 01:45:15.635 I/auditd ( 5049): type=1400 audit(0.0:1610): avc: granted { nlmsg_readpriv } for comm="pool-8-thread-1" scontext=u:r:untrusted_app_29:s0:c96,c256,c512,c768 tcontext=u:r:untrusted_app_29:s0:c96,c256,c512,c768 tclass=netlink_route_socket app=com.netease.cloudmusic
09-24 01:45:25.663 I/auditd ( 5049): type=1400 audit(0.0:1611): avc: granted { nlmsg_readpriv } for comm="pool-8-thread-1" scontext=u:r:untrusted_app_29:s0:c96,c256,c512,c768 tcontext=u:r:untrusted_app_29:s0:c96,c256,c512,c768 tclass=netlink_route_socket app=com.netease.cloudmusic
09-24 01:45:34.879 I/auditd ( 0): type=1400 audit(0.0:1612): avc: denied { kill } for comm="swapper/2" capability=5 scontext=u:r:kernel:s0 tcontext=u:r:kernel:s0 tclass=capability permissive=0
09-24 01:45:40.363 I/auditd ( 7881): type=1400 audit(0.0:1613): avc: denied { read } for comm=5468726561642D32202D2031333735 name="tcp" dev="proc" ino=4026532283 scontext=u:r:untrusted_app_29:s0:c106,c256,c512,c768 tcontext=u:object_r:proc_net_tcp_udp:s0 tclass=file permissive=0 app=com.smile.gifmaker
09-24 01:45:41.403 I/auditd ( 8065): type=1400 audit(0.0:1614): avc: denied { read } for comm="pool-2-thread-6" name="tcp" dev="proc" ino=4026532283 scontext=u:r:untrusted_app_29:s0:c106,c256,c512,c768 tcontext=u:object_r:proc_net_tcp_udp:s0 tclass=file permissive=0 app=com.smile.gifmaker
09-24 01:45:44.911 I/auditd ( 5049): type=1400 audit(0.0:1615): avc: granted { nlmsg_readpriv } for comm="pool-8-thread-1" scontext=u:r:untrusted_app_29:s0:c96,c256,c512,c768 tcontext=u:r:untrusted_app_29:s0:c96,c256,c512,c768 tclass=netlink_route_socket app=com.netease.cloudmusic
09-24 01:46:04.975 I/auditd ( 5049): type=1400 audit(0.0:1616): avc: granted { nlmsg_readpriv } for comm="pool-8-thread-1" scontext=u:r:untrusted_app_29:s0:c96,c256,c512,c768 tcontext=u:r:untrusted_app_29:s0:c96,c256,c512,c768 tclass=netlink_route_socket app=com.netease.cloudmusic
09-24 01:46:35.259 I/auditd ( 5049): type=1400 audit(0.0:1617): avc: granted { nlmsg_readpriv } for comm="pool-8-thread-1" scontext=u:r:untrusted_app_29:s0:c96,c256,c512,c768 tcontext=u:r:untrusted_app_29:s0:c96,c256,c512,c768 tclass=netlink_route_socket app=com.netease.cloudmusic
09-24 01:46:40.383 I/auditd ( 7881): type=1400 audit(0.0:1618): avc: denied { read } for comm=5468726561642D32202D2031333735 name="tcp" dev="proc" ino=4026532283 scontext=u:r:untrusted_app_29:s0:c106,c256,c512,c768 tcontext=u:object_r:proc_net_tcp_udp:s0 tclass=file permissive=0 app=com.smile.gifmaker
09-24 01:46:41.403 I/auditd ( 8065): type=1400 audit(0.0:1619): avc: denied { read } for comm="pool-2-thread-6" name="tcp" dev="proc" ino=4026532283 scontext=u:r:untrusted_app_29:s0:c106,c256,c512,c768 tcontext=u:object_r:proc_net_tcp_udp:s0 tclass=file permissive=0 app=com.smile.gifmaker
09-24 01:47:40.415 I/auditd ( 7881): type=1400 audit(0.0:1620): avc: denied { read } for comm=5468726561642D32202D2031333735 name="tcp" dev="proc" ino=4026532283 scontext=u:r:untrusted_app_29:s0:c106,c256,c512,c768 tcontext=u:object_r:proc_net_tcp_udp:s0 tclass=file permissive=0 app=com.smile.gifmaker
09-24 01:47:41.415 I/auditd ( 8065): type=1400 audit(0.0:1621): avc: denied { read } for comm="pool-2-thread-6" name="tcp" dev="proc" ino=4026532283 scontext=u:r:untrusted_app_29:s0:c106,c256,c512,c768 tcontext=u:object_r:proc_net_tcp_udp:s0 tclass=file permissive=0 app=com.smile.gifmaker
09-24 01:48:40.423 I/auditd ( 7881): type=1400 audit(0.0:1622): avc: denied { read } for comm=5468726561642D32202D2031333735 name="tcp" dev="proc" ino=4026532283 scontext=u:r:untrusted_app_29:s0:c106,c256,c512,c768 tcontext=u:object_r:proc_net_tcp_udp:s0 tclass=file permissive=0 app=com.smile.gifmaker
09-24 01:48:41.443 I/auditd ( 8065): type=1400 audit(0.0:1623): avc: denied { read } for comm="pool-2-thread-6" name="tcp" dev="proc" ino=4026532283 scontext=u:r:untrusted_app_29:s0:c106,c256,c512,c768 tcontext=u:object_r:proc_net_tcp_udp:s0 tclass=file permissive=0 app=com.smile.gifmaker
09-24 01:49:40.431 I/auditd ( 7881): type=1400 audit(0.0:1624): avc: denied { read } for comm=5468726561642D32202D2031333735 name="tcp" dev="proc" ino=4026532283 scontext=u:r:untrusted_app_29:s0:c106,c256,c512,c768 tcontext=u:object_r:proc_net_tcp_udp:s0 tclass=file permissive=0 app=com.smile.gifmaker
09-24 01:49:41.471 I/auditd ( 8065): type=1400 audit(0.0:1625): avc: denied { read } for comm="pool-2-thread-6" name="tcp" dev="proc" ino=4026532283 scontext=u:r:untrusted_app_29:s0:c106,c256,c512,c768 tcontext=u:object_r:proc_net_tcp_udp:s0 tclass=file permissive=0 app=com.smile.gifmaker
09-24 01:50:40.435 I/auditd ( 7881): type=1400 audit(0.0:1626): avc: denied { read } for comm=5468726561642D32202D2031333735 name="tcp" dev="proc" ino=4026532283 scontext=u:r:untrusted_app_29:s0:c106,c256,c512,c768 tcontext=u:object_r:proc_net_tcp_udp:s0 tclass=file permissive=0 app=com.smile.gifmaker
09-24 01:50:41.483 I/auditd ( 8065): type=1400 audit(0.0:1627): avc: denied { read } for comm="pool-2-thread-6" name="tcp" dev="proc" ino=4026532283 scontext=u:r:untrusted_app_29:s0:c106,c256,c512,c768 tcontext=u:object_r:proc_net_tcp_udp:s0 tclass=file permissive=0 app=com.smile.gifmaker
09-24 01:51:40.447 I/auditd ( 7881): type=1400 audit(0.0:1628): avc: denied { read } for comm=5468726561642D32202D2031333735 name="tcp" dev="proc" ino=4026532283 scontext=u:r:untrusted_app_29:s0:c106,c256,c512,c768 tcontext=u:object_r:proc_net_tcp_udp:s0 tclass=file permissive=0 app=com.smile.gifmaker
09-24 01:51:41.491 I/auditd ( 8065): type=1400 audit(0.0:1629): avc: denied { read } for comm="pool-2-thread-6" name="tcp" dev="proc" ino=4026532283 scontext=u:r:untrusted_app_29:s0:c106,c256,c512,c768 tcontext=u:object_r:proc_net_tcp_udp:s0 tclass=file permissive=0 app=com.smile.gifmaker
09-24 01:51:46.587 I/auditd ( 5049): type=1400 audit(0.0:1630): avc: granted { nlmsg_readpriv } for comm="pool-8-thread-1" scontext=u:r:untrusted_app_29:s0:c96,c256,c512,c768 tcontext=u:r:untrusted_app_29:s0:c96,c256,c512,c768 tclass=netlink_route_socket app=com.netease.cloudmusic
09-24 01:52:40.463 I/auditd ( 7881): type=1400 audit(0.0:1631): avc: denied { read } for comm=5468726561642D32202D2031333735 name="tcp" dev="proc" ino=4026532283 scontext=u:r:untrusted_app_29:s0:c106,c256,c512,c768 tcontext=u:object_r:proc_net_tcp_udp:s0 tclass=file permissive=0 app=com.smile.gifmaker
09-24 01:52:41.511 I/auditd ( 8065): type=1400 audit(0.0:1632): avc: denied { read } for comm="pool-2-thread-6" name="tcp" dev="proc" ino=4026532283 scontext=u:r:untrusted_app_29:s0:c106,c256,c512,c768 tcontext=u:object_r:proc_net_tcp_udp:s0 tclass=file permissive=0 app=com.smile.gifmaker
09-24 01:53:40.487 I/auditd ( 7881): type=1400 audit(0.0:1633): avc: denied { read } for comm=5468726561642D32202D2031333735 name="tcp" dev="proc" ino=4026532283 scontext=u:r:untrusted_app_29:s0:c106,c256,c512,c768 tcontext=u:object_r:proc_net_tcp_udp:s0 tclass=file permissive=0 app=com.smile.gifmaker
09-24 01:53:41.519 I/auditd ( 8065): type=1400 audit(0.0:1634): avc: denied { read } for comm="pool-2-thread-6" name="tcp" dev="proc" ino=4026532283 scontext=u:r:untrusted_app_29:s0:c106,c256,c512,c768 tcontext=u:object_r:proc_net_tcp_udp:s0 tclass=file permissive=0 app=com.smile.gifmaker
09-24 01:53:41.911 I/auditd ( 8193): type=1400 audit(0.0:1635): avc: granted { nlmsg_readpriv } for comm="ChromiumNet0" scontext=u:r:untrusted_app_29:s0:c104,c256,c512,c768 tcontext=u:r:untrusted_app_29:s0:c104,c256,c512,c768 tclass=netlink_route_socket app=com.ss.android.article.news
09-24 01:53:47.235 I/auditd ( 8501): type=1400 audit(0.0:1636): avc: granted { nlmsg_readpriv } for comm="ChromiumNet0" scontext=u:r:untrusted_app_29:s0:c103,c256,c512,c768 tcontext=u:r:untrusted_app_29:s0:c103,c256,c512,c768 tclass=netlink_route_socket app=com.ss.android.ugc.aweme
09-24 01:54:40.491 I/auditd ( 7881): type=1400 audit(0.0:1637): avc: denied { read } for comm=5468726561642D32202D2031333735 name="tcp" dev="proc" ino=4026532283 scontext=u:r:untrusted_app_29:s0:c106,c256,c512,c768 tcontext=u:object_r:proc_net_tcp_udp:s0 tclass=file permissive=0 app=com.smile.gifmaker
09-24 01:54:41.559 I/auditd ( 8065): type=1400 audit(0.0:1638): avc: denied { read } for comm="pool-2-thread-6" name="tcp" dev="proc" ino=4026532283 scontext=u:r:untrusted_app_29:s0:c106,c256,c512,c768 tcontext=u:object_r:proc_net_tcp_udp:s0 tclass=file permissive=0 app=com.smile.gifmaker
09-24 01:55:40.531 I/auditd ( 7881): type=1400 audit(0.0:1639): avc: denied { read } for comm=5468726561642D32202D2031333735 name="tcp" dev="proc" ino=4026532283 scontext=u:r:untrusted_app_29:s0:c106,c256,c512,c768 tcontext=u:object_r:proc_net_tcp_udp:s0 tclass=file permissive=0 app=com.smile.gifmaker
09-24 01:55:41.575 I/auditd ( 8065): type=1400 audit(0.0:1640): avc: denied { read } for comm="pool-2-thread-6" name="tcp" dev="proc" ino=4026532283 scontext=u:r:untrusted_app_29:s0:c106,c256,c512,c768 tcontext=u:object_r:proc_net_tcp_udp:s0 tclass=file permissive=0 app=com.smile.gifmaker
