09-24 03:02:06.650 D/NetworkMonitor/101( 1960): isDataStall: result=1, tcp packets received=0, latest tcp fail rate=0, consecutive dns timeout count=2552
09-24 03:02:06.650 D/ConnectivityService( 1472): Data stall detected with methods: 1
09-24 03:02:06.650 D/NetworkMonitor/101( 1960): Suspecting data stall, reevaluate
09-24 03:02:06.652 D/NetworkMonitor/101( 1960): Validation disabled.
09-24 03:02:06.657 D/ConnectivityService( 1472): [101 WIFI] validation passed
09-24 03:02:06.974 I/mpu_uart( 654): [MSG-P:R]:recv sync frame timeout
09-24 03:02:07.001 I/mpu_uart( 654): [MSG-P:RECV]:No message received in 1000 ms
09-24 03:02:07.442 D/BufferPoolAccessor2.0( 1217): evictor expired: 1, evicted: 0
09-24 03:02:08.002 I/mpu_uart( 654): [MSG-P:RECV]:No message received in 1000 ms
09-24 03:02:08.443 D/BufferPoolAccessor2.0( 1217): bufferpool2 0xe80c17c8 : 0(0 size) total buffers - 0(0 size) used buffers - 95/103 (recycle/alloc) - 8/198 (fetch/transfer)
09-24 03:02:08.443 D/BufferPoolAccessor2.0( 1217): evictor expired: 1, evicted: 1
09-24 03:02:08.443 D/BufferPoolAccessor2.0( 1258): bufferpool2 0xb4000070c3152e18 : 0(0 size) total buffers - 0(0 size) used buffers - 93/97 (recycle/alloc) - 4/96 (fetch/transfer)
09-24 03:02:08.443 D/BufferPoolAccessor2.0( 1258): evictor expired: 1, evicted: 1
09-24 03:02:09.002 I/mpu_uart( 654): [MSG-P:RECV]:No message received in 1000 ms
09-24 03:02:09.012 F/linker (27295): CANNOT LINK EXECUTABLE "/vendor/bin/hw/sxrservice": library "vendor.qti.hardware.qxr-V1-ndk_platform.so" not found: needed by main executable
09-24 03:02:09.012 F/linker (27294): CANNOT LINK EXECUTABLE "/vendor/bin/hw/qvrservice": library "vendor.qti.hardware.qxr-V1-ndk_platform.so" not found: needed by /vendor/lib64/libqvrservice.so in namespace (default)
09-24 03:02:09.019 I/hwservicemanager( 513): getTransport: Cannot find entry android.hardware.light@2.0::ILight/default in either framework or device VINTF manifest.
09-24 03:02:09.021 E/light (27293): light_open lights keyboard failed: -22
09-24 03:02:09.021 E/light (27293): Light passthrough failed to load legacy HAL.
09-24 03:02:09.021 E/light (27293): light_open lights buttons failed: -22
09-24 03:02:09.021 E/light (27293): Light passthrough failed to load legacy HAL.
09-24 03:02:09.022 E/light (27293): light_open lights bluetooth failed: -22
09-24 03:02:09.022 E/light (27293): Light passthrough failed to load legacy HAL.
09-24 03:02:09.023 E/light (27293): light_open lights wifi failed: -22
09-24 03:02:09.023 E/light (27293): Light passthrough failed to load legacy HAL.
09-24 03:02:09.023 I/hwservicemanager( 513): getTransport: Cannot find entry android.hardware.light@2.0::ILight/default in either framework or device VINTF manifest.
09-24 03:02:09.023 E/HidlServiceManagement(27293): Service android.hardware.light@2.0::ILight/default must be in VINTF manifest in order to register/get.
09-24 03:02:09.023 E/LegacySupport(27293): Could not register service android.hardware.light@2.0::ILight/default (-2147483648).
09-24 03:02:09.974 I/mpu_uart( 654): [MSG-P:R]:recv sync frame timeout
09-24 03:02:10.002 I/mpu_uart( 654): [MSG-P:RECV]:No message received in 1000 ms
09-24 03:02:10.886 D/InterruptionStateProvider( 1846): No bubble up: not allowed to bubble: -1|android|26|null|1000
09-24 03:02:10.886 D/InterruptionStateProvider( 1846): No alerting: filtered notification: 0|com.android.systemui|1|empty_media|10081
09-24 03:02:10.886 D/InterruptionStateProvider( 1846): No bubble up: not allowed to bubble: 0|com.android.systemui|2048|null|10081
09-24 03:02:10.887 D/InterruptionStateProvider( 1846): No bubble up: not allowed to bubble: -1|android|32|null|1000
09-24 03:02:11.003 I/mpu_uart( 654): [MSG-P:RECV]:No message received in 1000 ms
09-24 03:02:11.706 I/input_interaction( 1472): Interaction with: ac20f19 com.android.deskclock/android.service.dreams.DreamActivity (server), edge-swipe (server), swipe-up (server), PointerEventDispatcher0 (server),
09-24 03:02:11.710 I/wm_finish_activity( 1472): [0,208839905,156,com.android.deskclock/android.service.dreams.DreamActivity,finish-activity]
09-24 03:02:11.711 I/wm_task_moved( 1472): [151,1,7]
09-24 03:02:11.711 I/wm_task_to_front( 1472): [0,151]
09-24 03:02:11.712 I/wm_focused_root_task( 1472): [0,0,151,156,finish-top adjustFocusToNextFocusableTask]
09-24 03:02:11.712 D/ActivityTrigger( 1472): ActivityTrigger activityPauseTrigger
09-24 03:02:11.713 I/wm_pause_activity( 1472): [0,208839905,com.android.deskclock/android.service.dreams.DreamActivity,userLeaving=false,finish]
09-24 03:02:11.718 I/sysui_multi_action( 1472): [757,803,799,window_time_0,802,11]
09-24 03:02:11.719 I/DreamManagerService( 1472): Gently waking up from dream.
09-24 03:02:11.719 I/DreamManagerService( 1472): Performing gentle wake from dream.
09-24 03:02:11.720 I/wm_on_top_resumed_lost_called( 2531): [208839905,android.service.dreams.DreamActivity,topStateChangedWhenResumed]
09-24 03:02:11.720 I/wm_on_paused_called( 2531): [208839905,android.service.dreams.DreamActivity,performPause]
09-24 03:02:11.720 I/wm_add_to_stopping( 1472): [0,208839905,com.android.deskclock/android.service.dreams.DreamActivity,completeFinishing]
09-24 03:02:11.721 I/ActivityTaskManager( 1472): FOREGROUND_APPLICATION_CHANGED to com.android.systemui.settings.brightness.BrightnessDialog
09-24 03:02:11.723 I/wm_set_resumed_activity( 1472): [0,com.android.systemui/.settings.brightness.BrightnessDialog,resumeTopActivityInnerLocked]
09-24 03:02:11.723 D/KeyguardViewMediator( 1846): setOccluded false
09-24 03:02:11.725 I/wm_resume_activity( 1472): [0,124160873,151,com.android.systemui/.settings.brightness.BrightnessDialog]
09-24 03:02:11.729 D/StatusBar( 1846): disable disable2
09-24 03:02:11.730 D/KeyguardViewMediator( 1846): adjustStatusBarLocked: mShowing=false mOccluded=false isSecure=false force=false --> flags=0x0
09-24 03:02:11.732 I/input_focus( 1472): [Focus leaving ac20f19 com.android.deskclock/android.service.dreams.DreamActivity (server),reason=NO_WINDOW]
09-24 03:02:11.734 I/view_enqueue_input_event( 2531): [Motion - Cancel,com.android.deskclock/android.service.dreams.DreamActivity]
09-24 03:02:11.736 I/wm_on_restart_called( 1846): [124160873,com.android.systemui.settings.brightness.BrightnessDialog,performRestartActivity]
09-24 03:02:11.736 I/sysui_multi_action( 1846): [757,220,758,1]
09-24 03:02:11.736 I/wm_on_start_called( 1846): [124160873,com.android.systemui.settings.brightness.BrightnessDialog,handleStartActivity]
09-24 03:02:11.736 I/wm_on_resume_called( 1846): [124160873,com.android.systemui.settings.brightness.BrightnessDialog,RESUME_ACTIVITY]
09-24 03:02:11.736 I/wm_on_top_resumed_gained_called( 1846): [124160873,com.android.systemui.settings.brightness.BrightnessDialog,topWhenResuming]
09-24 03:02:11.738 I/sysui_multi_action( 1472): [757,803,799,window_time_0,802,0]
09-24 03:02:11.743 I/input_interaction( 1472): Interaction with: edge-swipe (server), swipe-up (server), PointerEventDispatcher0 (server),
09-24 03:02:11.744 I/wm_on_restart_called( 4383): [256617940,com.android.settings.Settings,performRestartActivity]
09-24 03:02:11.746 W/BatteryBroadcastRcvr( 4383): Problem reading the battery meter.
09-24 03:02:11.750 I/BpBinder( 979): onLastStrongRef automatically unlinking death recipients:
09-24 03:02:11.751 I/wm_on_start_called( 4383): [256617940,com.android.settings.Settings,handleStartActivity]
09-24 03:02:11.752 I/snet_event_log( 4383): [120484087,-1,]
09-24 03:02:11.757 W/BatteryExternalStatsWorker( 1472): error reading modem stats:ERROR_PHONE_NOT_AVAILABLE
09-24 03:02:11.758 D/vendor.qti.bluetooth@1.0-ibs_handler( 814): SerialClockVote: vote for UART CLK ON
09-24 03:02:11.759 D/vendor.qti.bluetooth@1.0-wake_lock( 814): Acquire wakelock is acquired
09-24 03:02:11.759 I/vendor.qti.bluetooth@1.0-ibs_handler( 814): DeviceWakeUp: Writing IBS_WAKE_IND
09-24 03:02:11.760 I/input_focus( 1472): [Focus request 77964ab com.android.systemui/com.android.systemui.settings.brightness.BrightnessDialog,reason=UpdateInputWindows]
09-24 03:02:11.764 I/vendor.qti.bluetooth@1.0-ibs_handler( 814): ProcessIbsCmd: Received IBS_WAKE_ACK: 0xFC
09-24 03:02:11.765 I/vendor.qti.bluetooth@1.0-ibs_handler( 814): ProcessIbsCmd: Signal wack_cond_
09-24 03:02:11.765 D/vendor.qti.bluetooth@1.0-ibs_handler( 814): DeviceWakeUp: Unblocked from waiting for FC, pthread_cond_timedwait ret = 0
09-24 03:02:11.765 I/vendor.qti.bluetooth@1.0-ibs_handler( 814): ProcessIbsCmd: Received IBS_WAKE_IND: 0xFD
09-24 03:02:11.765 I/vendor.qti.bluetooth@1.0-ibs_handler( 814): ProcessIbsCmd: Writing IBS_WAKE_ACK
09-24 03:02:11.780 E/KernelCpuSpeedReader( 1472): Failed to read cpu-freq: /sys/devices/system/cpu/cpu4/cpufreq/stats/time_in_state: open failed: ENOENT (No such file or directory)
09-24 03:02:11.780 E/KernelCpuSpeedReader( 1472): Failed to read cpu-freq: /sys/devices/system/cpu/cpu0/cpufreq/stats/time_in_state: open failed: ENOENT (No such file or directory)
09-24 03:02:11.783 E/android.system.suspend@1.0-service( 577): Error opening kernel wakelock stats for: wakeup58: Permission denied
09-24 03:02:11.779 I/auditd ( 577): type=1400 audit(0.0:2121): avc: denied { read } for comm="Binder:577_2" name="wakeup58" dev="sysfs" ino=83548 scontext=u:r:system_suspend:s0 tcontext=u:object_r:sysfs:s0 tclass=dir permissive=0
09-24 03:02:11.779 W/Binder:577_2( 577): type=1400 audit(0.0:2121): avc: denied { read } for name="wakeup58" dev="sysfs" ino=83548 scontext=u:r:system_suspend:s0 tcontext=u:object_r:sysfs:s0 tclass=dir permissive=0
09-24 03:02:11.779 I/auditd ( 577): type=1400 audit(0.0:2122): avc: denied { read } for comm="Binder:577_2" name="wakeup4" dev="sysfs" ino=52895 scontext=u:r:system_suspend:s0 tcontext=u:object_r:sysfs:s0 tclass=dir permissive=0
09-24 03:02:11.779 W/Binder:577_2( 577): type=1400 audit(0.0:2122): avc: denied { read } for name="wakeup4" dev="sysfs" ino=52895 scontext=u:r:system_suspend:s0 tcontext=u:object_r:sysfs:s0 tclass=dir permissive=0
09-24 03:02:11.783 I/auditd ( 577): type=1400 audit(0.0:2123): avc: denied { read } for comm="Binder:577_2" name="wakeup38" dev="sysfs" ino=68553 scontext=u:r:system_suspend:s0 tcontext=u:object_r:sysfs:s0 tclass=dir permissive=0
09-24 03:02:11.783 W/Binder:577_2( 577): type=1400 audit(0.0:2123): avc: denied { read } for name="wakeup38" dev="sysfs" ino=68553 scontext=u:r:system_suspend:s0 tcontext=u:object_r:sysfs:s0 tclass=dir permissive=0
09-24 03:02:11.783 I/auditd ( 577): type=1400 audit(0.0:2124): avc: denied { read } for comm="Binder:577_2" name="wakeup28" dev="sysfs" ino=59251 scontext=u:r:system_suspend:s0 tcontext=u:object_r:sysfs:s0 tclass=dir permissive=0
09-24 03:02:11.783 W/Binder:577_2( 577): type=1400 audit(0.0:2124): avc: denied { read } for name="wakeup28" dev="sysfs" ino=59251 scontext=u:r:system_suspend:s0 tcontext=u:object_r:sysfs:s0 tclass=dir permissive=0
09-24 03:02:11.783 I/auditd ( 577): type=1400 audit(0.0:2125): avc: denied { read } for comm="Binder:577_2" name="wakeup56" dev="sysfs" ino=83476 scontext=u:r:system_suspend:s0 tcontext=u:object_r:sysfs:s0 tclass=dir permissive=0
09-24 03:02:11.783 W/Binder:577_2( 577): type=1400 audit(0.0:2125): avc: denied { read } for name="wakeup56" dev="sysfs" ino=83476 scontext=u:r:system_suspend:s0 tcontext=u:object_r:sysfs:s0 tclass=dir permissive=0
09-24 03:02:11.783 I/auditd ( 577): type=1400 audit(0.0:2126): avc: denied { read } for comm="Binder:577_2" name="wakeup18" dev="sysfs" ino=58638 scontext=u:r:system_suspend:s0 tcontext=u:object_r:sysfs:s0 tclass=dir permissive=0
09-24 03:02:11.783 W/Binder:577_2( 577): type=1400 audit(0.0:2126): avc: denied { read } for name="wakeup18" dev="sysfs" ino=58638 scontext=u:r:system_suspend:s0 tcontext=u:object_r:sysfs:s0 tclass=dir permissive=0
09-24 03:02:11.786 E/android.system.suspend@1.0-service( 577): Error opening kernel wakelock stats for: wakeup4: Permission denied
09-24 03:02:11.787 E/android.system.suspend@1.0-service( 577): Error opening kernel wakelock stats for: wakeup38: Permission denied
09-24 03:02:11.788 E/android.system.suspend@1.0-service( 577): Error opening kernel wakelock stats for: wakeup28: Permission denied
09-24 03:02:11.789 I/OpenGLRenderer( 1846): Davey! duration=71772ms; Flags=1, FrameTimelineVsyncId=175415, IntendedVsync=12193483847085, Vsync=12193483847085, InputEventId=0, HandleInputStart=12193484212066, AnimationStart=12193484213681, PerformTraversalsStart=12193484215139, DrawStart=12193505657222, FrameDeadline=12193517180417, FrameInterval=12193484207587, FrameStartTime=16666666, SyncQueued=12193505788681, SyncStart=12193506001441, IssueDrawCommandsStart=12193506054514, SwapBuffers=12193506920035, FrameCompleted=12265256954226, DequeueBufferDuration=204479, QueueBufferDuration=520990, GpuCompleted=12265256954226, SwapBuffersCompleted=12193507722847, DisplayPresentTime=14073955001958450,
09-24 03:02:11.789 E/android.system.suspend@1.0-service( 577): Error opening kernel wakelock stats for: wakeup56: Permission denied
09-24 03:02:11.790 E/android.system.suspend@1.0-service( 577): Error opening kernel wakelock stats for: wakeup18: Permission denied
09-24 03:02:11.791 E/android.system.suspend@1.0-service( 577): Error opening kernel wakelock stats for: wakeup46: Permission denied
09-24 03:02:11.791 E/android.system.suspend@1.0-service( 577): Error opening kernel wakelock stats for: wakeup2: Permission denied
09-24 03:02:11.792 E/android.system.suspend@1.0-service( 577): Error opening kernel wakelock stats for: wakeup64: Permission denied
09-24 03:02:11.793 E/android.system.suspend@1.0-service( 577): Error opening kernel wakelock stats for: wakeup26: Permission denied
09-24 03:02:11.794 E/android.system.suspend@1.0-service( 577): Error opening kernel wakelock stats for: wakeup54: Permission denied
09-24 03:02:11.794 E/android.system.suspend@1.0-service( 577): Error opening kernel wakelock stats for: wakeup16: Permission denied
09-24 03:02:11.795 W/BatteryBroadcastRcvr( 4383): Problem reading the battery meter.
09-24 03:02:11.795 E/android.system.suspend@1.0-service( 577): Error opening kernel wakelock stats for: wakeup0: Permission denied
09-24 03:02:11.796 E/android.system.suspend@1.0-service( 577): Error opening kernel wakelock stats for: wakeup34: Permission denied
09-24 03:02:11.797 E/android.system.suspend@1.0-service( 577): Error opening kernel wakelock stats for: wakeup62: Permission denied
09-24 03:02:11.797 E/android.system.suspend@1.0-service( 577): Error opening kernel wakelock stats for: wakeup24: Permission denied
09-24 03:02:11.798 E/android.system.suspend@1.0-service( 577): Error opening kernel wakelock stats for: wakeup52: Permission denied
09-24 03:02:11.798 E/android.system.suspend@1.0-service( 577): Error opening kernel wakelock stats for: wakeup9: Permission denied
09-24 03:02:11.799 E/android.system.suspend@1.0-service( 577): Error opening kernel wakelock stats for: wakeup14: Permission denied
09-24 03:02:11.800 E/android.system.suspend@1.0-service( 577): Error opening kernel wakelock stats for: wakeup42: Permission denied
09-24 03:02:11.801 E/android.system.suspend@1.0-service( 577): Error opening kernel wakelock stats for: wakeup32: Permission denied
09-24 03:02:11.802 E/android.system.suspend@1.0-service( 577): Error opening kernel wakelock stats for: wakeup60: Permission denied
09-24 03:02:11.803 E/android.system.suspend@1.0-service( 577): Error opening kernel wakelock stats for: wakeup22: Permission denied
09-24 03:02:11.804 E/android.system.suspend@1.0-service( 577): Error opening kernel wakelock stats for: wakeup50: Permission denied
09-24 03:02:11.804 E/android.system.suspend@1.0-service( 577): Error opening kernel wakelock stats for: wakeup7: Permission denied
09-24 03:02:11.804 E/android.system.suspend@1.0-service( 577): Error opening kernel wakelock stats for: wakeup79: Permission denied
09-24 03:02:11.804 E/android.system.suspend@1.0-service( 577): Error opening kernel wakelock stats for: wakeup12: Permission denied
09-24 03:02:11.805 E/android.system.suspend@1.0-service( 577): Error opening kernel wakelock stats for: wakeup40: Permission denied
09-24 03:02:11.806 E/android.system.suspend@1.0-service( 577): Error opening kernel wakelock stats for: wakeup30: Permission denied
09-24 03:02:11.807 E/android.system.suspend@1.0-service( 577): Error opening kernel wakelock stats for: wakeup59: Permission denied
09-24 03:02:11.808 E/android.system.suspend@1.0-service( 577): Error opening kernel wakelock stats for: wakeup20: Permission denied
09-24 03:02:11.809 E/android.system.suspend@1.0-service( 577): Error opening kernel wakelock stats for: wakeup5: Permission denied
09-24 03:02:11.809 E/android.system.suspend@1.0-service( 577): Error opening kernel wakelock stats for: wakeup77: Permission denied
09-24 03:02:11.809 E/android.system.suspend@1.0-service( 577): Error opening kernel wakelock stats for: wakeup10: Permission denied
09-24 03:02:11.811 E/android.system.suspend@1.0-service( 577): Error opening kernel wakelock stats for: wakeup29: Permission denied
09-24 03:02:11.811 E/android.system.suspend@1.0-service( 577): Error opening kernel wakelock stats for: wakeup57: Permission denied
09-24 03:02:11.812 E/android.system.suspend@1.0-service( 577): Error opening kernel wakelock stats for: wakeup37: Permission denied
09-24 03:02:11.812 E/android.system.suspend@1.0-service( 577): Error opening kernel wakelock stats for: wakeup65: Permission denied
09-24 03:02:11.812 E/android.system.suspend@1.0-service( 577): Error opening kernel wakelock stats for: wakeup55: Permission denied
09-24 03:02:11.813 I/PowerManagerService( 1472): Powering on display group fromDreaming (groupId=0, uid=1000, reason=WAKE_REASON_UNKNOWN, details=android.server.power:DREAM_FINISHED)...
09-24 03:02:11.813 I/PowerManagerService( 1472): Waking up from Dreaming (uid=1000, reason=WAKE_REASON_UNKNOWN, details=android.server.power:DREAM_FINISHED)...
09-24 03:02:11.813 E/android.system.suspend@1.0-service( 577): Error opening kernel wakelock stats for: wakeup45: Permission denied
09-24 03:02:11.813 E/android.system.suspend@1.0-service( 577): Error opening kernel wakelock stats for: wakeup1: Permission denied
09-24 03:02:11.814 E/android.system.suspend@1.0-service( 577): Error opening kernel wakelock stats for: wakeup63: Permission denied
09-24 03:02:11.814 E/android.system.suspend@1.0-service( 577): Error opening kernel wakelock stats for: wakeup53: Permission denied
09-24 03:02:11.814 E/android.system.suspend@1.0-service( 577): Error opening kernel wakelock stats for: wakeup43: Permission denied
09-24 03:02:11.815 E/android.system.suspend@1.0-service( 577): Error opening kernel wakelock stats for: wakeup33: Permission denied
09-24 03:02:11.815 E/android.system.suspend@1.0-service( 577): Error opening kernel wakelock stats for: wakeup61: Permission denied
09-24 03:02:11.815 E/android.system.suspend@1.0-service( 577): Error opening kernel wakelock stats for: wakeup8: Permission denied
09-24 03:02:11.816 E/android.system.suspend@1.0-service( 577): Error opening kernel wakelock stats for: wakeup41: Permission denied
09-24 03:02:11.816 E/android.system.suspend@1.0-service( 577): Error opening kernel wakelock stats for: wakeup31: Permission denied
09-24 03:02:11.816 E/android.system.suspend@1.0-service( 577): Error opening kernel wakelock stats for: wakeup6: Permission denied
09-24 03:02:11.816 E/android.system.suspend@1.0-service( 577): Error opening kernel wakelock stats for: wakeup78: Permission denied
09-24 03:02:11.819 I/input_focus( 1472): [Focus entering 77964ab com.android.systemui/com.android.systemui.settings.brightness.BrightnessDialog (server),reason=Window became focusable. Previous reason: NOT_VISIBLE]
09-24 03:02:11.833 W/BatteryExternalStatsWorker( 1472): error reading modem stats:ERROR_PHONE_NOT_AVAILABLE
09-24 03:02:11.841 D/Sogou ( 3689): onUnbindInput finish
09-24 03:02:11.841 D/BatteryTipLoader( 4383): BatteryInfoLoader post query: 0ms
09-24 03:02:11.841 D/Sogou ( 3689): onFinishInput:
09-24 03:02:11.842 E/KernelCpuSpeedReader( 1472): Failed to read cpu-freq: /sys/devices/system/cpu/cpu4/cpufreq/stats/time_in_state: open failed: ENOENT (No such file or directory)
09-24 03:02:11.842 E/KernelCpuSpeedReader( 1472): Failed to read cpu-freq: /sys/devices/system/cpu/cpu0/cpufreq/stats/time_in_state: open failed: ENOENT (No such file or directory)
09-24 03:02:11.842 D/BatteryInfo( 4383): time for getBatteryInfo: 1ms
09-24 03:02:11.842 D/BatteryTipLoader( 4383): BatteryInfoLoader.loadInBackground: 1ms
09-24 03:02:11.843 E/android.system.suspend@1.0-service( 577): Error opening kernel wakelock stats for: wakeup58: Permission denied
09-24 03:02:11.844 E/android.system.suspend@1.0-service( 577): Error opening kernel wakelock stats for: wakeup4: Permission denied
09-24 03:02:11.845 E/android.system.suspend@1.0-service( 577): Error opening kernel wakelock stats for: wakeup38: Permission denied
09-24 03:02:11.846 E/android.system.suspend@1.0-service( 577): Error opening kernel wakelock stats for: wakeup28: Permission denied
09-24 03:02:11.846 E/android.system.suspend@1.0-service( 577): Error opening kernel wakelock stats for: wakeup56: Permission denied
09-24 03:02:11.846 E/android.system.suspend@1.0-service( 577): Error opening kernel wakelock stats for: wakeup18: Permission denied
09-24 03:02:11.847 E/android.system.suspend@1.0-service( 577): Error opening kernel wakelock stats for: wakeup46: Permission denied
09-24 03:02:11.847 E/android.system.suspend@1.0-service( 577): Error opening kernel wakelock stats for: wakeup2: Permission denied
09-24 03:02:11.848 E/android.system.suspend@1.0-service( 577): Error opening kernel wakelock stats for: wakeup64: Permission denied
09-24 03:02:11.848 E/android.system.suspend@1.0-service( 577): Error opening kernel wakelock stats for: wakeup26: Permission denied
09-24 03:02:11.849 E/android.system.suspend@1.0-service( 577): Error opening kernel wakelock stats for: wakeup54: Permission denied
09-24 03:02:11.849 E/android.system.suspend@1.0-service( 577): Error opening kernel wakelock stats for: wakeup16: Permission denied
09-24 03:02:11.849 E/android.system.suspend@1.0-service( 577): Error opening kernel wakelock stats for: wakeup0: Permission denied
09-24 03:02:11.850 E/android.system.suspend@1.0-service( 577): Error opening kernel wakelock stats for: wakeup34: Permission denied
09-24 03:02:11.851 E/android.system.suspend@1.0-service( 577): Error opening kernel wakelock stats for: wakeup62: Permission denied
09-24 03:02:11.851 E/android.system.suspend@1.0-service( 577): Error opening kernel wakelock stats for: wakeup24: Permission denied
09-24 03:02:11.852 E/android.system.suspend@1.0-service( 577): Error opening kernel wakelock stats for: wakeup52: Permission denied
09-24 03:02:11.852 E/android.system.suspend@1.0-service( 577): Error opening kernel wakelock stats for: wakeup9: Permission denied
09-24 03:02:11.852 E/android.system.suspend@1.0-service( 577): Error opening kernel wakelock stats for: wakeup14: Permission denied
09-24 03:02:11.853 E/android.system.suspend@1.0-service( 577): Error opening kernel wakelock stats for: wakeup42: Permission denied
09-24 03:02:11.854 E/android.system.suspend@1.0-service( 577): Error opening kernel wakelock stats for: wakeup32: Permission denied
09-24 03:02:11.854 E/android.system.suspend@1.0-service( 577): Error opening kernel wakelock stats for: wakeup60: Permission denied
09-24 03:02:11.854 E/android.system.suspend@1.0-service( 577): Error opening kernel wakelock stats for: wakeup22: Permission denied
09-24 03:02:11.855 E/android.system.suspend@1.0-service( 577): Error opening kernel wakelock stats for: wakeup50: Permission denied
09-24 03:02:11.855 E/android.system.suspend@1.0-service( 577): Error opening kernel wakelock stats for: wakeup7: Permission denied
09-24 03:02:11.855 E/android.system.suspend@1.0-service( 577): Error opening kernel wakelock stats for: wakeup79: Permission denied
09-24 03:02:11.855 E/android.system.suspend@1.0-service( 577): Error opening kernel wakelock stats for: wakeup12: Permission denied
09-24 03:02:11.855 E/android.system.suspend@1.0-service( 577): Error opening kernel wakelock stats for: wakeup40: Permission denied
09-24 03:02:11.856 E/android.system.suspend@1.0-service( 577): Error opening kernel wakelock stats for: wakeup30: Permission denied
09-24 03:02:11.856 E/android.system.suspend@1.0-service( 577): Error opening kernel wakelock stats for: wakeup59: Permission denied
09-24 03:02:11.857 E/android.system.suspend@1.0-service( 577): Error opening kernel wakelock stats for: wakeup20: Permission denied
09-24 03:02:11.857 E/android.system.suspend@1.0-service( 577): Error opening kernel wakelock stats for: wakeup5: Permission denied
09-24 03:02:11.857 E/android.system.suspend@1.0-service( 577): Error opening kernel wakelock stats for: wakeup77: Permission denied
09-24 03:02:11.858 E/android.system.suspend@1.0-service( 577): Error opening kernel wakelock stats for: wakeup10: Permission denied
09-24 03:02:11.859 E/android.system.suspend@1.0-service( 577): Error opening kernel wakelock stats for: wakeup29: Permission denied
09-24 03:02:11.859 E/android.system.suspend@1.0-service( 577): Error opening kernel wakelock stats for: wakeup57: Permission denied
09-24 03:02:11.861 E/android.system.suspend@1.0-service( 577): Error opening kernel wakelock stats for: wakeup37: Permission denied
09-24 03:02:11.861 E/android.system.suspend@1.0-service( 577): Error opening kernel wakelock stats for: wakeup65: Permission denied
09-24 03:02:11.861 E/android.system.suspend@1.0-service( 577): Error opening kernel wakelock stats for: wakeup55: Permission denied
09-24 03:02:11.862 E/android.system.suspend@1.0-service( 577): Error opening kernel wakelock stats for: wakeup45: Permission denied
09-24 03:02:11.862 E/android.system.suspend@1.0-service( 577): Error opening kernel wakelock stats for: wakeup1: Permission denied
09-24 03:02:11.863 E/android.system.suspend@1.0-service( 577): Error opening kernel wakelock stats for: wakeup63: Permission denied
09-24 03:02:11.864 E/android.system.suspend@1.0-service( 577): Error opening kernel wakelock stats for: wakeup53: Permission denied
09-24 03:02:11.864 E/android.system.suspend@1.0-service( 577): Error opening kernel wakelock stats for: wakeup43: Permission denied
09-24 03:02:11.865 E/android.system.suspend@1.0-service( 577): Error opening kernel wakelock stats for: wakeup33: Permission denied
09-24 03:02:11.865 E/android.system.suspend@1.0-service( 577): Error opening kernel wakelock stats for: wakeup61: Permission denied
09-24 03:02:11.866 E/android.system.suspend@1.0-service( 577): Error opening kernel wakelock stats for: wakeup8: Permission denied
09-24 03:02:11.866 E/android.system.suspend@1.0-service( 577): Error opening kernel wakelock stats for: wakeup41: Permission denied
09-24 03:02:11.867 E/android.system.suspend@1.0-service( 577): Error opening kernel wakelock stats for: wakeup31: Permission denied
09-24 03:02:11.868 E/android.system.suspend@1.0-service( 577): Error opening kernel wakelock stats for: wakeup6: Permission denied
09-24 03:02:11.868 E/android.system.suspend@1.0-service( 577): Error opening kernel wakelock stats for: wakeup78: Permission denied
09-24 03:02:11.873 I/OpenGLRenderer( 1846): Davey! duration=71753ms; Flags=0, FrameTimelineVsyncId=175433, IntendedVsync=12193584091730, Vsync=12193584091730, InputEventId=0, HandleInputStart=12193584825503, AnimationStart=12193584827170, PerformTraversalsStart=12193585515608, DrawStart=12193585857326, FrameDeadline=12193617425062, FrameInterval=12193584823264, FrameStartTime=16666666, SyncQueued=12193585906285, SyncStart=12193595391493, IssueDrawCommandsStart=12193595444774, SwapBuffers=12193595958576, FrameCompleted=12265346870841, DequeueBufferDuration=14479, QueueBufferDuration=577083, GpuCompleted=12265346870841, SwapBuffersCompleted=12193596851753, DisplayPresentTime=14918392814895154,
09-24 03:02:11.879 D/BatteryInfo( 4383): time for getStats: 0ms
09-24 03:02:11.880 D/BatteryInfo( 4383): time for regular BatteryInfo: 1ms
09-24 03:02:11.880 D/BatteryInfo( 4383): time for getBatteryInfo: 0ms
09-24 03:02:11.881 D/BatteryInfo( 4383): time for callback: 1ms
09-24 03:02:11.885 D/BatteryInfo( 4383): time for getStats: 0ms
09-24 03:02:11.885 D/BatteryInfo( 4383): time for regular BatteryInfo: 0ms
09-24 03:02:11.891 D/BatteryInfo( 4383): time for getBatteryInfo: 6ms
09-24 03:02:11.891 D/BatteryTipLoader( 4383): BatteryInfoLoader post query: 1ms
09-24 03:02:11.892 D/BatteryInfo( 4383): time for callback: 0ms
09-24 03:02:11.892 D/BatteryInfo( 4383): time for getBatteryInfo: 1ms
09-24 03:02:11.892 D/BatteryTipLoader( 4383): BatteryInfoLoader.loadInBackground: 2ms
09-24 03:02:11.914 I/vendor.qti.bluetooth@1.0-ibs_handler( 814): ProcessIbsCmd: Received IBS_SLEEP_IND: 0xFE
09-24 03:02:12.003 I/mpu_uart( 654): [MSG-P:RECV]:No message received in 1000 ms
09-24 03:02:12.326 I/wm_destroy_activity( 1472): [0,208839905,156,com.android.deskclock/android.service.dreams.DreamActivity,finish-imm:idle]
09-24 03:02:12.343 I/wm_on_stop_called( 2531): [208839905,android.service.dreams.DreamActivity,LIFECYCLER_STOP_ACTIVITY]
09-24 03:02:12.344 I/wm_on_destroy_called( 2531): [208839905,android.service.dreams.DreamActivity,performDestroy]
09-24 03:02:12.347 I/DreamManagerService( 1472): Leaving dreamland.
09-24 03:02:12.347 I/DreamManagerService( 1472): Performing gentle wake from dream.
09-24 03:02:12.347 I/DreamController( 1472): Stopping dream: name=ComponentInfo{com.android.deskclock/com.android.deskclock.Screensaver}, isTest=false, canDoze=false, userId=0, reason='finished self'(from 'finished self')
09-24 03:02:12.347 I/sysui_multi_action( 1472): [757,222,758,2]
09-24 03:02:12.347 I/sysui_multi_action( 1472): [757,804,799,dreaming_minutes,801,0,802,1]
09-24 03:02:12.352 W/InputManager-JNI( 1472): Input channel object 'ac20f19 com.android.deskclock/android.service.dreams.DreamActivity (client)' was disposed without first being removed with the input manager!
09-24 03:02:12.362 I/wm_task_removed( 1472): [156,removeChild:removeChild last r=ActivityRecord{c72a4e1 u0 com.android.deskclock/android.service.dreams.DreamActivity t-1 f}} in t=Task{5b1588e #156 type=dream A=10067:android:com.android.deskclock/dream U=0 visible=false mode=fullscreen translucent=true sz=0}]
09-24 03:02:12.362 I/wm_task_removed( 1472): [156,removeChild]
09-24 03:02:12.365 W/ActivityTaskManager( 1472): Can't find TaskDisplayArea to determine support for multi window. Task id=156 attached=false
09-24 03:02:12.833 I/vendor.qti.bluetooth@1.0-ibs_handler( 814): DeviceSleep: TX Awake, Sending SLEEP_IND
09-24 03:02:12.834 D/vendor.qti.bluetooth@1.0-ibs_handler( 814): SerialClockVote: vote for UART CLK OFF
09-24 03:02:12.978 I/mpu_uart( 654): [MSG-P:R]:recv sync frame timeout
09-24 03:02:12.984 D/vendor.qti.bluetooth@1.0-wake_lock( 814): Release wakelock is released
09-24 03:02:13.003 I/mpu_uart( 654): [MSG-P:RECV]:No message received in 1000 ms
09-24 03:02:13.581 I/input_interaction( 1472): Interaction with: 77964ab com.android.systemui/com.android.systemui.settings.brightness.BrightnessDialog (server), edge-swipe (server), swipe-up (server), PointerEventDispatcher0 (server),
09-24 03:02:13.596 I/BpBinder( 979): onLastStrongRef automatically unlinking death recipients:
09-24 03:02:13.599 I/BpBinder( 979): onLastStrongRef automatically unlinking death recipients:
09-24 03:02:13.608 I/InputDispatcher( 1472): Monitor edge-swipe (server) is stealing touch from [77964ab com.android.systemui/com.android.systemui.settings.brightness.BrightnessDialog (server), ]
09-24 03:02:13.610 I/BpBinder( 979): onLastStrongRef automatically unlinking death recipients:
09-24 03:02:13.611 I/view_enqueue_input_event( 1846): [Motion - Cancel,com.android.systemui/com.android.systemui.settings.brightness.BrightnessDialog]
09-24 03:02:13.613 I/OpenGLRenderer( 1846): Davey! duration=7815078ms; Flags=1, FrameTimelineVsyncId=-1, IntendedVsync=4452009314238, Vsync=4452009315592, InputEventId=0, HandleInputStart=4452009321894, AnimationStart=4452009323769, PerformTraversalsStart=4452009325384, DrawStart=4452017070852, FrameDeadline=-9223372036838109143, FrameInterval=4452009315592, FrameStartTime=16666666, SyncQueued=4452017195436, SyncStart=4452017305436, IssueDrawCommandsStart=4452017395905, SwapBuffers=4452018114082, FrameCompleted=12267087579955, DequeueBufferDuration=22344, QueueBufferDuration=540781, GpuCompleted=12267087579955, SwapBuffersCompleted=4452019127311, DisplayPresentTime=0,
09-24 03:02:13.620 I/input_interaction( 1472): Interaction with: edge-swipe (server), swipe-up (server), PointerEventDispatcher0 (server),
09-24 03:02:13.639 I/BpBinder( 979): onLastStrongRef automatically unlinking death recipients:
09-24 03:02:13.644 D/vendor.qti.vibrator( 885): Vibrator perform effect 2
09-24 03:02:13.645 D/vendor.qti.vibrator( 885): QTI Vibrator off
09-24 03:02:13.656 I/BpBinder( 979): onLastStrongRef automatically unlinking death recipients:
09-24 03:02:13.672 I/BpBinder( 979): onLastStrongRef automatically unlinking death recipients:
09-24 03:02:13.689 I/BpBinder( 979): onLastStrongRef automatically unlinking death recipients:
09-24 03:02:13.706 I/BpBinder( 979): onLastStrongRef automatically unlinking death recipients:
09-24 03:02:13.723 I/BpBinder( 979): onLastStrongRef automatically unlinking death recipients:
09-24 03:02:13.773 I/sysui_multi_action( 1472): [757,803,799,key_back_press,802,1]
09-24 03:02:13.775 I/BpBinder( 979): onLastStrongRef automatically unlinking death recipients:
09-24 03:02:13.778 D/vendor.qti.vibrator( 885): Vibrator perform effect 0
09-24 03:02:13.779 D/vendor.qti.vibrator( 885): QTI Vibrator off
09-24 03:02:13.780 I/input_interaction( 1472): Interaction with: 77964ab com.android.systemui/com.android.systemui.settings.brightness.BrightnessDialog (server), PointerEventDispatcher0 (server),
09-24 03:02:13.783 I/wm_finish_activity( 1472): [0,124160873,151,com.android.systemui/.settings.brightness.BrightnessDialog,app-request]
09-24 03:02:13.783 I/wm_task_moved( 1472): [121,1,7]
09-24 03:02:13.783 I/wm_task_to_front( 1472): [0,121]
09-24 03:02:13.786 I/wm_focused_root_task( 1472): [0,0,121,151,finish-top adjustFocusToNextFocusableTask]
09-24 03:02:13.792 D/ActivityTrigger( 1472): ActivityTrigger activityPauseTrigger
09-24 03:02:13.792 I/wm_pause_activity( 1472): [0,124160873,com.android.systemui/.settings.brightness.BrightnessDialog,userLeaving=false,finish]
09-24 03:02:13.796 I/input_focus( 1472): [Focus request f2c54b8 com.android.settings/com.android.settings.Settings,reason=UpdateInputWindows]
09-24 03:02:13.796 I/wm_on_top_resumed_lost_called( 1846): [124160873,com.android.systemui.settings.brightness.BrightnessDialog,topStateChangedWhenResumed]
09-24 03:02:13.799 I/wm_on_paused_called( 1846): [124160873,com.android.systemui.settings.brightness.BrightnessDialog,performPause]
09-24 03:02:13.800 I/ActivityTaskManager( 1472): FOREGROUND_APPLICATION_CHANGED to com.android.settings.homepage.SettingsHomepageActivity
09-24 03:02:13.801 I/wm_set_resumed_activity( 1472): [0,com.android.settings/.Settings,resumeTopActivityInnerLocked]
09-24 03:02:13.802 I/wm_resume_activity( 1472): [0,256617940,121,com.android.settings/.Settings]
09-24 03:02:13.803 I/wm_on_resume_called( 4383): [256617940,com.android.settings.Settings,RESUME_ACTIVITY]
09-24 03:02:13.803 I/sysui_multi_action( 4383): [757,35,758,1,833,0,1089,0]
09-24 03:02:13.806 I/sysui_multi_action( 4383): [757,46,758,1,833,0,1089,0]
09-24 03:02:13.808 I/input_focus( 1472): [Focus leaving 77964ab com.android.systemui/com.android.systemui.settings.brightness.BrightnessDialog (server),reason=NO_WINDOW]
09-24 03:02:13.808 I/input_focus( 1472): [Focus entering f2c54b8 com.android.settings/com.android.settings.Settings (server),reason=setFocusedWindow]
09-24 03:02:13.811 I/sysui_multi_action( 1472): [757,803,799,window_time_0,802,2]
09-24 03:02:13.816 I/wm_on_top_resumed_gained_called( 4383): [256617940,com.android.settings.Settings,topWhenResuming]
09-24 03:02:13.817 D/UsageGraph( 4383): No enabled state changed, skipping updateCategory call
09-24 03:02:13.822 I/BpBinder( 979): onLastStrongRef automatically unlinking death recipients:
09-24 03:02:13.827 D/Sogou ( 3689): onUnbindInput finish
09-24 03:02:13.827 D/Sogou ( 3689): onFinishInput:
09-24 03:02:13.845 I/OpenGLRenderer( 1846): Davey! duration=13165ms; Flags=0, FrameTimelineVsyncId=175773, IntendedVsync=12254146375266, Vsync=12254146375266, InputEventId=0, HandleInputStart=12254147059126, AnimationStart=12254147061782, PerformTraversalsStart=12254147225272, DrawStart=12254147308918, FrameDeadline=12254179708598, FrameInterval=12254147052355, FrameStartTime=16666666, SyncQueued=12254147482512, SyncStart=12254148703762, IssueDrawCommandsStart=12254148821366, SwapBuffers=12254150469335, FrameCompleted=12267313056517, DequeueBufferDuration=46302, QueueBufferDuration=952292, GpuCompleted=12267313056517, SwapBuffersCompleted=12254152106574, DisplayPresentTime=21955537814814789,
09-24 03:02:13.880 I/wm_destroy_activity( 1472): [0,124160873,151,com.android.systemui/.settings.brightness.BrightnessDialog,finish-idle]
09-24 03:02:13.881 I/sysui_multi_action( 1846): [757,220,758,2]
09-24 03:02:13.881 I/wm_on_stop_called( 1846): [124160873,com.android.systemui.settings.brightness.BrightnessDialog,LIFECYCLER_STOP_ACTIVITY]
09-24 03:02:13.881 I/wm_on_destroy_called( 1846): [124160873,com.android.systemui.settings.brightness.BrightnessDialog,performDestroy]
09-24 03:02:13.883 W/InputManager-JNI( 1472): Input channel object '77964ab com.android.systemui/com.android.systemui.settings.brightness.BrightnessDialog (client)' was disposed without first being removed with the input manager!
09-24 03:02:14.003 I/mpu_uart( 654): [MSG-P:RECV]:No message received in 1000 ms
09-24 03:02:14.012 F/linker (27305): CANNOT LINK EXECUTABLE "/vendor/bin/hw/qvrservice": library "vendor.qti.hardware.qxr-V1-ndk_platform.so" not found: needed by /vendor/lib64/libqvrservice.so in namespace (default)
09-24 03:02:14.012 F/linker (27306): CANNOT LINK EXECUTABLE "/vendor/bin/hw/sxrservice": library "vendor.qti.hardware.qxr-V1-ndk_platform.so" not found: needed by main executable
09-24 03:02:14.017 I/hwservicemanager( 513): getTransport: Cannot find entry android.hardware.light@2.0::ILight/default in either framework or device VINTF manifest.
09-24 03:02:14.019 E/light (27304): light_open lights keyboard failed: -22
09-24 03:02:14.019 E/light (27304): Light passthrough failed to load legacy HAL.
09-24 03:02:14.020 E/light (27304): light_open lights buttons failed: -22
09-24 03:02:14.020 E/light (27304): Light passthrough failed to load legacy HAL.
09-24 03:02:14.022 E/light (27304): light_open lights bluetooth failed: -22
09-24 03:02:14.022 E/light (27304): Light passthrough failed to load legacy HAL.
09-24 03:02:14.022 E/light (27304): light_open lights wifi failed: -22
09-24 03:02:14.022 E/light (27304): Light passthrough failed to load legacy HAL.
09-24 03:02:14.023 I/hwservicemanager( 513): getTransport: Cannot find entry android.hardware.light@2.0::ILight/default in either framework or device VINTF manifest.
09-24 03:02:14.023 E/HidlServiceManagement(27304): Service android.hardware.light@2.0::ILight/default must be in VINTF manifest in order to register/get.
09-24 03:02:14.023 E/LegacySupport(27304): Could not register service android.hardware.light@2.0::ILight/default (-2147483648).
09-24 03:02:14.073 I/wm_task_removed( 1472): [151,removeChild:removeChild last r=ActivityRecord{7668b69 u0 com.android.systemui/.settings.brightness.BrightnessDialog t-1 f}} in t=Task{c5c23dd #151 type=standard A=10081:com.android.systemui U=0 visible=false mode=fullscreen translucent=true sz=0}]
09-24 03:02:14.073 I/wm_task_removed( 1472): [151,removeChild]
09-24 03:02:14.075 W/ActivityTaskManager( 1472): Can't find TaskDisplayArea to determine support for multi window. Task id=151 attached=false
09-24 03:02:14.075 W/ActivityTaskManager( 1472): Can't find TaskDisplayArea to determine support for multi window. Task id=151 attached=false
09-24 03:02:14.083 I/unknown ( 7881): khook pthread_attr_init_callback set thread stack from 1008 to 256 KB
09-24 03:02:14.083 I/unknown ( 7881): khook setstacksize __addr 0xb87469b8, from 1040 KB to 256 KB
09-24 03:02:14.110 I/unknown ( 7881): khook pthread_attr_init_callback set thread stack from 1008 to 256 KB
09-24 03:02:14.110 I/unknown ( 7881): khook setstacksize __addr 0xbe6dcb68, from 1040 KB to 256 KB
09-24 03:02:14.637 I/input_interaction( 1472): Interaction with: f2c54b8 com.android.settings/com.android.settings.Settings (server), edge-swipe (server), swipe-up (server), PointerEventDispatcher0 (server),
09-24 03:02:14.645 D/NetworkMonitor/101( 1960): isDataStall: result=1, tcp packets received=0, latest tcp fail rate=0, consecutive dns timeout count=2553
09-24 03:02:14.645 D/NetworkMonitor/101( 1960): Suspecting data stall, reevaluate
09-24 03:02:14.646 D/ConnectivityService( 1472): Data stall detected with methods: 1
09-24 03:02:14.646 D/NetworkMonitor/101( 1960): Validation disabled.
09-24 03:02:14.650 I/BpBinder( 979): onLastStrongRef automatically unlinking death recipients:
09-24 03:02:14.651 D/ConnectivityService( 1472): [101 WIFI] validation passed
09-24 03:02:14.674 W/Choreographer( 1472): Frame time is 0.320476 ms in the future! Check that graphics HAL is generating vsync timestamps using the correct timebase.
09-24 03:02:14.674 W/Choreographer( 4383): Frame time is 0.239382 ms in the future! Check that graphics HAL is generating vsync timestamps using the correct timebase.
09-24 03:02:14.674 W/Choreographer( 2335): Frame time is 0.262559 ms in the future! Check that graphics HAL is generating vsync timestamps using the correct timebase.
09-24 03:02:14.674 W/Choreographer( 1846): Frame time is 0.208757 ms in the future! Check that graphics HAL is generating vsync timestamps using the correct timebase.
09-24 03:02:14.675 I/BpBinder( 979): onLastStrongRef automatically unlinking death recipients:
09-24 03:02:14.689 I/BpBinder( 979): onLastStrongRef automatically unlinking death recipients:
09-24 03:02:14.689 I/InputDispatcher( 1472): Monitor edge-swipe (server) is stealing touch from [f2c54b8 com.android.settings/com.android.settings.Settings (server), ]
09-24 03:02:14.689 I/view_enqueue_input_event( 4383): [Motion - Cancel,com.android.settings/com.android.settings.Settings]
09-24 03:02:14.702 I/input_interaction( 1472): Interaction with: edge-swipe (server), swipe-up (server), PointerEventDispatcher0 (server),
09-24 03:02:14.708 I/BpBinder( 979): onLastStrongRef automatically unlinking death recipients:
09-24 03:02:14.711 D/vendor.qti.vibrator( 885): Vibrator perform effect 2
09-24 03:02:14.712 D/vendor.qti.vibrator( 885): QTI Vibrator off
09-24 03:02:14.725 I/BpBinder( 979): onLastStrongRef automatically unlinking death recipients:
09-24 03:02:14.742 I/BpBinder( 979): onLastStrongRef automatically unlinking death recipients:
09-24 03:02:14.758 I/BpBinder( 979): onLastStrongRef automatically unlinking death recipients:
09-24 03:02:14.776 I/BpBinder( 979): onLastStrongRef automatically unlinking death recipients:
09-24 03:02:14.815 I/sysui_multi_action( 1472): [757,803,799,key_back_press,802,1]
09-24 03:02:14.817 I/BpBinder( 979): onLastStrongRef automatically unlinking death recipients:
09-24 03:02:14.817 I/input_interaction( 1472): Interaction with: f2c54b8 com.android.settings/com.android.settings.Settings (server), PointerEventDispatcher0 (server),
09-24 03:02:14.819 I/ActivityTaskManager( 1472): moveTaskToBack: Task{8fe3bbe #121 type=standard A=1000:com.android.settings.root U=0 visible=true mode=fullscreen translucent=false sz=1}
09-24 03:02:14.819 I/wm_task_moved( 1472): [121,0,0]
09-24 03:02:14.822 I/wm_focused_root_task( 1472): [0,0,115,121,moveTaskToBackLocked]
09-24 03:02:14.822 I/wm_add_to_stopping( 1472): [0,256617940,com.android.settings/.Settings,makeInvisible]
09-24 03:02:14.824 D/ActivityTrigger( 1472): ActivityTrigger activityPauseTrigger
09-24 03:02:14.824 I/wm_pause_activity( 1472): [0,256617940,com.android.settings/.Settings,userLeaving=false,pauseBackTasks]
09-24 03:02:14.831 I/ActivityTaskManager( 1472): FOREGROUND_APPLICATION_CHANGED to com.android.launcher3.uioverrides.QuickstepLauncher
09-24 03:02:14.833 I/wm_set_resumed_activity( 1472): [0,com.android.launcher3/.uioverrides.QuickstepLauncher,resumeTopActivityInnerLocked]
09-24 03:02:14.835 I/wm_resume_activity( 1472): [0,196649408,116,com.android.launcher3/.uioverrides.QuickstepLauncher]
09-24 03:02:14.835 I/wm_on_top_resumed_lost_called( 4383): [256617940,com.android.settings.Settings,topStateChangedWhenResumed]
09-24 03:02:14.839 I/wm_on_restart_called( 2335): [196649408,com.android.launcher3.uioverrides.QuickstepLauncher,performRestartActivity]
09-24 03:02:14.840 I/sysui_multi_action( 4383): [757,35,758,2,1089,1037]
09-24 03:02:14.840 I/wm_on_start_called( 2335): [196649408,com.android.launcher3.uioverrides.QuickstepLauncher,handleStartActivity]
09-24 03:02:14.840 I/sysui_multi_action( 4383): [757,46,758,2,1089,1035]
09-24 03:02:14.841 I/wm_on_resume_called( 2335): [196649408,com.android.launcher3.uioverrides.QuickstepLauncher,RESUME_ACTIVITY]
09-24 03:02:14.844 I/wm_on_top_resumed_gained_called( 2335): [196649408,com.android.launcher3.uioverrides.QuickstepLauncher,topStateChangedWhenResumed]
09-24 03:02:14.845 I/sysui_multi_action( 1472): [757,803,799,window_time_0,802,1]
09-24 03:02:14.845 I/wm_on_paused_called( 4383): [256617940,com.android.settings.Settings,performPause]
09-24 03:02:14.846 I/am_uid_running( 1472): 10031
09-24 03:02:14.847 D/CompatibilityChangeReporter( 1472): Compat change id reported: 135634846; UID 10031; state: DISABLED
09-24 03:02:14.847 D/CompatibilityChangeReporter( 1472): Compat change id reported: 177438394; UID 10031; state: DISABLED
09-24 03:02:14.847 D/CompatibilityChangeReporter( 1472): Compat change id reported: 135772972; UID 10031; state: DISABLED
09-24 03:02:14.847 D/CompatibilityChangeReporter( 1472): Compat change id reported: 135754954; UID 10031; state: ENABLED
09-24 03:02:14.847 D/CompatibilityChangeReporter( 1472): Compat change id reported: 143937733; UID 10031; state: ENABLED
09-24 03:02:14.847 I/am_uid_running( 1472): 10069
09-24 03:02:14.848 D/CompatibilityChangeReporter( 1472): Compat change id reported: 135634846; UID 10069; state: DISABLED
09-24 03:02:14.848 D/CompatibilityChangeReporter( 1472): Compat change id reported: 177438394; UID 10069; state: DISABLED
09-24 03:02:14.848 D/CompatibilityChangeReporter( 1472): Compat change id reported: 135772972; UID 10069; state: DISABLED
09-24 03:02:14.848 D/CompatibilityChangeReporter( 1472): Compat change id reported: 135754954; UID 10069; state: DISABLED
09-24 03:02:14.849 I/am_uid_running( 1472): 10062
09-24 03:02:14.849 D/CompatibilityChangeReporter( 1472): Compat change id reported: 135634846; UID 10062; state: DISABLED
09-24 03:02:14.849 D/CompatibilityChangeReporter( 1472): Compat change id reported: 177438394; UID 10062; state: DISABLED
09-24 03:02:14.849 D/CompatibilityChangeReporter( 1472): Compat change id reported: 135772972; UID 10062; state: DISABLED
09-24 03:02:14.849 D/CompatibilityChangeReporter( 1472): Compat change id reported: 135754954; UID 10062; state: ENABLED
09-24 03:02:14.850 I/input_focus( 1472): [Focus leaving f2c54b8 com.android.settings/com.android.settings.Settings (server),reason=NO_WINDOW]
09-24 03:02:14.853 I/input_focus( 1472): [Focus request 258de5e com.android.launcher3/com.android.launcher3.uioverrides.QuickstepLauncher,reason=UpdateInputWindows]
09-24 03:02:14.854 D/CompatibilityChangeReporter( 1472): Compat change id reported: 135634846; UID 1000; state: DISABLED
09-24 03:02:14.854 D/CompatibilityChangeReporter( 1472): Compat change id reported: 177438394; UID 1000; state: DISABLED
09-24 03:02:14.854 D/CompatibilityChangeReporter( 1472): Compat change id reported: 135772972; UID 1000; state: DISABLED
09-24 03:02:14.855 D/CompatibilityChangeReporter( 1472): Compat change id reported: 135754954; UID 1000; state: ENABLED
09-24 03:02:14.858 I/BpBinder( 979): onLastStrongRef automatically unlinking death recipients:
09-24 03:02:14.862 D/Zygote ( 675): Forked child process 27316
09-24 03:02:14.862 I/am_proc_start( 1472): [0,27316,10031,com.android.documentsui,NULL,]
09-24 03:02:14.862 I/ActivityManager( 1472): Start proc 27316:com.android.documentsui/u0a31 for null
09-24 03:02:14.862 D/CompatibilityChangeReporter( 1472): Compat change id reported: 143937733; UID 10069; state: DISABLED
09-24 03:02:14.874 D/Zygote ( 675): Forked child process 27317
09-24 03:02:14.874 I/am_proc_start( 1472): [0,27317,10069,com.android.gallery3d,NULL,]
09-24 03:02:14.874 I/ActivityManager( 1472): Start proc 27317:com.android.gallery3d/u0a69 for null
09-24 03:02:14.879 D/CompatibilityChangeReporter( 1472): Compat change id reported: 143937733; UID 10062; state: ENABLED
09-24 03:02:14.879 I/libc (27317): SetHeapTaggingLevel: tag level set to 0
09-24 03:02:14.879 E/oid.documentsu(27316): Not starting debugger since process cannot load the jdwp agent.
09-24 03:02:14.881 E/DatabaseUtils( 1472): Writing exception to parcel
09-24 03:02:14.881 E/DatabaseUtils( 1472): java.lang.SecurityException: com.android.launcher3 was not granted this permission: android.permission.WRITE_SETTINGS.
09-24 03:02:14.881 E/DatabaseUtils( 1472): at android.provider.Settings.isCallingPackageAllowedToPerformAppOpsProtectedOperation(Settings.java:17087)
09-24 03:02:14.881 E/DatabaseUtils( 1472): at android.provider.Settings.checkAndNoteWriteSettingsOperation(Settings.java:16975)
09-24 03:02:14.881 E/DatabaseUtils( 1472): at com.android.providers.settings.SettingsProvider.mutateSystemSetting(SettingsProvider.java:1854)
09-24 03:02:14.881 E/DatabaseUtils( 1472): at com.android.providers.settings.SettingsProvider.insertSystemSetting(SettingsProvider.java:1820)
