09-24 03:02:00.688 I/sysui_multi_action( 1846): [757,268,758,1,759,268,806,com.qiyi.video.pad,871,org.qiyi.android.tile.SportTileService,927,23,1593,0]
09-24 03:02:00.688 I/sysui_multi_action( 1846): [757,268,758,1,759,268,806,com.tencent.news,871,com.tencent.news.tile.Tile24Hours,927,24,1593,0]
09-24 03:02:00.688 I/sysui_multi_action( 1846): [757,268,758,1,759,268,806,com.ss.android.article.news,871,com.android.bytedance.search.tile.SearchTileService,927,25,1593,0]
09-24 03:02:00.689 I/sysui_multi_action( 1846): [757,268,758,1,759,268,806,com.ss.android.ugc.aweme,871,com.ss.android.ugc.aweme.tile.PublishTileService,927,26,1593,0]
09-24 03:02:00.689 I/sysui_multi_action( 1846): [757,268,758,1,759,268,806,com.tencent.news,871,com.tencent.news.tile.TileNewsVideo,927,27,1593,0]
09-24 03:02:00.689 I/sysui_multi_action( 1846): [757,111,758,1]
09-24 03:02:00.690 I/sysui_multi_action( 1846): [757,126,758,1,759,126,927,0,928,1,1593,0]
09-24 03:02:00.690 I/sysui_multi_action( 1846): [757,113,758,1,759,113,927,1,928,1,1593,0]
09-24 03:02:00.690 I/sysui_multi_action( 1846): [757,0,758,1,759,0,927,2,928,0,1593,0]
09-24 03:02:00.690 I/sysui_multi_action( 1846): [757,0,758,1,759,0,927,3,928,0,1593,0]
09-24 03:02:00.699 V/DisplayPowerController[0]( 1472): Brightness [0.35353535] reason changing to: 'manual', previous reason: 'manual [ dim ]'.
09-24 03:02:00.699 I/sysui_multi_action( 1472): [757,1696,758,6,759,3]
09-24 03:02:00.699 I/sysui_multi_action( 1472): [319,99,322,83,325,12254,757,761,758,8,759,2,806,com.android.deskclock,871,android.service.dreams.DreamActivity,904,com.android.deskclock,905,0,1320,8,1321,5]
09-24 03:02:00.701 I/wm_activity_launch_time( 1472): [0,208839905,com.android.deskclock/android.service.dreams.DreamActivity,83]
09-24 03:02:00.702 I/ActivityTaskManager( 1472): Displayed com.android.deskclock/android.service.dreams.DreamActivity: +83ms
09-24 03:02:00.703 I/EventSequenceValidator( 1472): dec AccIntentStartedEvents to 1
09-24 03:02:00.708 E/DisplayDeviceConfig( 1472): requesting nits when no mapping exists.
09-24 03:02:00.708 D/StatusBar( 1846): disable disable2
09-24 03:02:00.709 E/DisplayDeviceConfig( 1472): requesting nits when no mapping exists.
09-24 03:02:00.709 I/am_wtf ( 1472): [0,1472,system_server,-1,DisplayDeviceConfig,requesting nits when no mapping exists.]
09-24 03:02:00.709 I/am_wtf ( 1472): [0,1472,system_server,-1,DisplayDeviceConfig,requesting nits when no mapping exists.]
09-24 03:02:00.725 I/input_focus( 1472): [Focus entering ac20f19 com.android.deskclock/android.service.dreams.DreamActivity (server),reason=Window became focusable. Previous reason: NOT_VISIBLE]
09-24 03:02:00.729 D/Sogou ( 3689): onUnbindInput finish
09-24 03:02:00.730 D/Sogou ( 3689): onFinishInput:
09-24 03:02:00.730 E/DisplayDeviceConfig( 1472): requesting nits when no mapping exists.
09-24 03:02:00.730 E/DisplayDeviceConfig( 1472): requesting nits when no mapping exists.
09-24 03:02:00.731 I/am_wtf ( 1472): [0,1472,system_server,-1,DisplayDeviceConfig,requesting nits when no mapping exists.]
09-24 03:02:00.731 I/am_wtf ( 1472): [0,1472,system_server,-1,DisplayDeviceConfig,requesting nits when no mapping exists.]
09-24 03:02:00.741 E/DisplayDeviceConfig( 1472): requesting nits when no mapping exists.
09-24 03:02:00.741 E/DisplayDeviceConfig( 1472): requesting nits when no mapping exists.
09-24 03:02:00.741 I/am_wtf ( 1472): [0,1472,system_server,-1,DisplayDeviceConfig,requesting nits when no mapping exists.]
09-24 03:02:00.742 I/am_wtf ( 1472): [0,1472,system_server,-1,DisplayDeviceConfig,requesting nits when no mapping exists.]
09-24 03:02:00.758 E/DisplayDeviceConfig( 1472): requesting nits when no mapping exists.
09-24 03:02:00.758 E/DisplayDeviceConfig( 1472): requesting nits when no mapping exists.
09-24 03:02:00.758 I/am_wtf ( 1472): [0,1472,system_server,-1,DisplayDeviceConfig,requesting nits when no mapping exists.]
09-24 03:02:00.759 I/am_wtf ( 1472): [0,1472,system_server,-1,DisplayDeviceConfig,requesting nits when no mapping exists.]
09-24 03:02:00.776 E/DisplayDeviceConfig( 1472): requesting nits when no mapping exists.
09-24 03:02:00.776 E/DisplayDeviceConfig( 1472): requesting nits when no mapping exists.
09-24 03:02:00.779 I/am_wtf ( 1472): [0,1472,system_server,-1,DisplayDeviceConfig,requesting nits when no mapping exists.]
09-24 03:02:00.780 I/am_wtf ( 1472): [0,1472,system_server,-1,DisplayDeviceConfig,requesting nits when no mapping exists.]
09-24 03:02:00.787 W/System ( 1846): A resource failed to call release.
09-24 03:02:00.787 W/System ( 1846): A resource failed to call close.
09-24 03:02:00.787 W/System ( 1846): A resource failed to call close.
09-24 03:02:00.793 E/DisplayDeviceConfig( 1472): requesting nits when no mapping exists.
09-24 03:02:00.793 E/DisplayDeviceConfig( 1472): requesting nits when no mapping exists.
09-24 03:02:00.793 I/am_wtf ( 1472): [0,1472,system_server,-1,DisplayDeviceConfig,requesting nits when no mapping exists.]
09-24 03:02:00.794 I/am_wtf ( 1472): [0,1472,system_server,-1,DisplayDeviceConfig,requesting nits when no mapping exists.]
09-24 03:02:00.809 E/DisplayDeviceConfig( 1472): requesting nits when no mapping exists.
09-24 03:02:00.809 I/am_wtf ( 1472): [0,1472,system_server,-1,DisplayDeviceConfig,requesting nits when no mapping exists.]
09-24 03:02:00.809 E/DisplayDeviceConfig( 1472): requesting nits when no mapping exists.
09-24 03:02:00.810 I/am_wtf ( 1472): [0,1472,system_server,-1,DisplayDeviceConfig,requesting nits when no mapping exists.]
09-24 03:02:00.825 E/DisplayDeviceConfig( 1472): requesting nits when no mapping exists.
09-24 03:02:00.825 I/am_wtf ( 1472): [0,1472,system_server,-1,DisplayDeviceConfig,requesting nits when no mapping exists.]
09-24 03:02:00.826 E/DisplayDeviceConfig( 1472): requesting nits when no mapping exists.
09-24 03:02:00.826 I/am_wtf ( 1472): [0,1472,system_server,-1,DisplayDeviceConfig,requesting nits when no mapping exists.]
09-24 03:02:00.841 E/DisplayDeviceConfig( 1472): requesting nits when no mapping exists.
09-24 03:02:00.842 E/DisplayDeviceConfig( 1472): requesting nits when no mapping exists.
09-24 03:02:00.842 I/am_wtf ( 1472): [0,1472,system_server,-1,DisplayDeviceConfig,requesting nits when no mapping exists.]
09-24 03:02:00.843 I/service_manager_stats( 1472): [100,45,81128]
09-24 03:02:00.843 I/am_wtf ( 1472): [0,1472,system_server,-1,DisplayDeviceConfig,requesting nits when no mapping exists.]
09-24 03:02:00.858 E/DisplayDeviceConfig( 1472): requesting nits when no mapping exists.
09-24 03:02:00.858 I/am_wtf ( 1472): [0,1472,system_server,-1,DisplayDeviceConfig,requesting nits when no mapping exists.]
09-24 03:02:00.858 E/DisplayDeviceConfig( 1472): requesting nits when no mapping exists.
09-24 03:02:00.859 I/am_wtf ( 1472): [0,1472,system_server,-1,DisplayDeviceConfig,requesting nits when no mapping exists.]
09-24 03:02:00.871 I/sysui_multi_action( 1472): [757,1501,758,1,793,12231605,794,0,795,204,796,2048,806,com.android.systemui,857,updateNotification,858,3,947,0,1500,0,1688,1]
09-24 03:02:00.871 I/sysui_multi_action( 1472): [757,804,799,note_interruptive,801,0,802,1]
09-24 03:02:00.871 I/sysui_multi_action( 1472): [757,199,758,1,759,2,793,12231606,794,0,795,205,796,2048,806,com.android.systemui,857,updateNotification,858,3,947,0,1500,1,1688,1]
09-24 03:02:00.871 I/notification_alert( 1472): [0|com.android.systemui|2048|null|10081,0,1,0]
09-24 03:02:00.877 D/Avrcp_ext( 1843): AudioManager Player: AudioPlaybackConfiguration piid:71 deviceId:0 type:android.media.SoundPool u/pid:1000/1472 state:idle attr:AudioAttributes: usage=USAGE_ASSISTANCE_SONIFICATION content=CONTENT_TYPE_SONIFICATION flags=0x800 tags= bundle=null sessionId:0
09-24 03:02:00.877 D/Avrcp_ext( 1843): AudioManager Player: AudioPlaybackConfiguration piid:487 deviceId:0 type:android.media.MediaPlayer u/pid:10081/1846 state:idle attr:AudioAttributes: usage=USAGE_NOTIFICATION content=CONTENT_TYPE_SONIFICATION flags=0x800 tags= bundle=null sessionId:0
09-24 03:02:00.877 D/Avrcp_ext( 1843): AudioManager Player: AudioPlaybackConfiguration piid:79 deviceId:0 type:android.media.SoundPool u/pid:10081/1846 state:idle attr:AudioAttributes: usage=USAGE_ASSISTANCE_SONIFICATION content=CONTENT_TYPE_SONIFICATION flags=0x800 tags= bundle=null sessionId:0
09-24 03:02:00.877 D/Avrcp_ext( 1843): AudioManager isPlaying: false, mAudioPlaybackIsActive = false
09-24 03:02:00.877 D/Avrcp_ext( 1843): AudioManager Reset Active Player
09-24 03:02:00.877 D/InterruptionStateProvider( 1846): No bubble up: not allowed to bubble: 0|com.android.systemui|2048|null|10081
09-24 03:02:00.877 D/InterruptionStateProvider( 1846): No heads up: unimportant notification: 0|com.android.systemui|2048|null|10081
09-24 03:02:00.881 W/MediaProvider( 3001): Failed to fetch original file descriptor
09-24 03:02:00.881 W/MediaProvider( 3001): java.io.IOException: stat failed: EACCES (Permission denied)
09-24 03:02:00.881 W/MediaProvider( 3001): at com.android.providers.media.MediaProvider.getFileFromFileDescriptor(MediaProvider.java:5794)
09-24 03:02:00.881 W/MediaProvider( 3001): at com.android.providers.media.MediaProvider.getOriginalMediaFormatFileDescriptor(MediaProvider.java:5711)
09-24 03:02:00.881 W/MediaProvider( 3001): at com.android.providers.media.MediaProvider.openTypedAssetFileCommon(MediaProvider.java:7134)
09-24 03:02:00.881 W/MediaProvider( 3001): at com.android.providers.media.MediaProvider.openTypedAssetFile(MediaProvider.java:7115)
09-24 03:02:00.881 W/MediaProvider( 3001): at android.content.ContentProvider$Transport.openTypedAssetFile(ContentProvider.java:548)
09-24 03:02:00.881 W/MediaProvider( 3001): at android.content.ContentProviderNative.onTransact(ContentProviderNative.java:327)
09-24 03:02:00.881 W/MediaProvider( 3001): at android.os.Binder.execTransactInternal(Binder.java:1184)
09-24 03:02:00.881 W/MediaProvider( 3001): at android.os.Binder.execTransact(Binder.java:1143)
09-24 03:02:00.881 W/MediaProvider( 3001): Caused by: android.system.ErrnoException: stat failed: EACCES (Permission denied)
09-24 03:02:00.881 W/MediaProvider( 3001): at libcore.io.Linux.stat(Native Method)
09-24 03:02:00.881 W/MediaProvider( 3001): at libcore.io.ForwardingOs.stat(ForwardingOs.java:853)
09-24 03:02:00.881 W/MediaProvider( 3001): at libcore.io.BlockGuardOs.stat(BlockGuardOs.java:420)
09-24 03:02:00.881 W/MediaProvider( 3001): at libcore.io.ForwardingOs.stat(ForwardingOs.java:853)
09-24 03:02:00.881 W/MediaProvider( 3001): at android.app.ActivityThread$AndroidOs.stat(ActivityThread.java:7780)
09-24 03:02:00.881 W/MediaProvider( 3001): at android.system.Os.stat(Os.java:919)
09-24 03:02:00.881 W/MediaProvider( 3001): at com.android.providers.media.MediaProvider.getFileFromFileDescriptor(MediaProvider.java:5788)
09-24 03:02:00.881 W/MediaProvider( 3001): ... 7 more
09-24 03:02:00.882 D/PeopleSpaceWidgetMgr( 1846): Sbn doesn't contain valid PeopleTileKey: null/0/com.android.systemui
09-24 03:02:00.882 D/NuPlayerDriver( 1217): NuPlayerDriver(0xe8701910) created, clientPid(1846)
09-24 03:02:00.885 E/DisplayDeviceConfig( 1472): requesting nits when no mapping exists.
09-24 03:02:00.885 E/DisplayDeviceConfig( 1472): requesting nits when no mapping exists.
09-24 03:02:00.885 I/am_wtf ( 1472): [0,1472,system_server,-1,DisplayDeviceConfig,requesting nits when no mapping exists.]
09-24 03:02:00.887 I/am_wtf ( 1472): [0,1472,system_server,-1,DisplayDeviceConfig,requesting nits when no mapping exists.]
09-24 03:02:00.893 E/DisplayDeviceConfig( 1472): requesting nits when no mapping exists.
09-24 03:02:00.893 E/DisplayDeviceConfig( 1472): requesting nits when no mapping exists.
09-24 03:02:00.894 I/am_wtf ( 1472): [0,1472,system_server,-1,DisplayDeviceConfig,requesting nits when no mapping exists.]
09-24 03:02:00.894 I/ExtendedNuUtils( 1217): printFileName fd(8) -> /data/system_de/0/ringtones/notification_sound_cache
09-24 03:02:00.894 I/am_wtf ( 1472): [0,1472,system_server,-1,DisplayDeviceConfig,requesting nits when no mapping exists.]
09-24 03:02:00.898 D/GenericSource( 1217): FileSource remote
09-24 03:02:00.900 I/MMParserExtractor( 1211): Created(0xb40000781d587690)
09-24 03:02:00.900 E/MM_OSAL ( 1211): FileSource::FileSource
09-24 03:02:00.900 E/MM_OSAL ( 1211): FileSource::FileSource m_bEveryThingOK 1
09-24 03:02:00.902 D/MediaBufferGroup( 1211): creating MemoryDealer
09-24 03:02:00.906 I/MediaFocusControl( 1472): requestAudioFocus() from uid/pid 10081/1846 AA=USAGE_NOTIFICATION/CONTENT_TYPE_SONIFICATION clientId=android.media.AudioManager@4cd63f7 callingPack=com.android.systemui req=3 flags=0x0 sdk=31
09-24 03:02:00.906 I/AudioService.FadeOutManager( 1472): unfadeOutUid() uid:10081
09-24 03:02:00.909 E/DisplayDeviceConfig( 1472): requesting nits when no mapping exists.
09-24 03:02:00.909 E/DisplayDeviceConfig( 1472): requesting nits when no mapping exists.
09-24 03:02:00.909 I/am_wtf ( 1472): [0,1472,system_server,-1,DisplayDeviceConfig,requesting nits when no mapping exists.]
09-24 03:02:00.910 I/am_wtf ( 1472): [0,1472,system_server,-1,DisplayDeviceConfig,requesting nits when no mapping exists.]
09-24 03:02:00.925 E/DisplayDeviceConfig( 1472): requesting nits when no mapping exists.
09-24 03:02:00.925 E/DisplayDeviceConfig( 1472): requesting nits when no mapping exists.
09-24 03:02:00.926 I/am_wtf ( 1472): [0,1472,system_server,-1,DisplayDeviceConfig,requesting nits when no mapping exists.]
09-24 03:02:00.926 I/am_wtf ( 1472): [0,1472,system_server,-1,DisplayDeviceConfig,requesting nits when no mapping exists.]
09-24 03:02:00.943 E/DisplayDeviceConfig( 1472): requesting nits when no mapping exists.
09-24 03:02:00.943 I/am_wtf ( 1472): [0,1472,system_server,-1,DisplayDeviceConfig,requesting nits when no mapping exists.]
09-24 03:02:00.944 E/DisplayDeviceConfig( 1472): requesting nits when no mapping exists.
09-24 03:02:00.944 I/am_wtf ( 1472): [0,1472,system_server,-1,DisplayDeviceConfig,requesting nits when no mapping exists.]
09-24 03:02:00.958 E/DisplayDeviceConfig( 1472): requesting nits when no mapping exists.
09-24 03:02:00.958 E/DisplayDeviceConfig( 1472): requesting nits when no mapping exists.
09-24 03:02:00.959 I/am_wtf ( 1472): [0,1472,system_server,-1,DisplayDeviceConfig,requesting nits when no mapping exists.]
09-24 03:02:00.959 I/am_wtf ( 1472): [0,1472,system_server,-1,DisplayDeviceConfig,requesting nits when no mapping exists.]
09-24 03:02:00.967 I/mpu_uart( 654): [MSG-P:R]:recv sync frame timeout
09-24 03:02:00.975 E/DisplayDeviceConfig( 1472): requesting nits when no mapping exists.
09-24 03:02:00.975 I/am_wtf ( 1472): [0,1472,system_server,-1,DisplayDeviceConfig,requesting nits when no mapping exists.]
09-24 03:02:00.975 E/DisplayDeviceConfig( 1472): requesting nits when no mapping exists.
09-24 03:02:00.976 I/am_wtf ( 1472): [0,1472,system_server,-1,DisplayDeviceConfig,requesting nits when no mapping exists.]
09-24 03:02:00.992 E/DisplayDeviceConfig( 1472): requesting nits when no mapping exists.
09-24 03:02:00.992 E/DisplayDeviceConfig( 1472): requesting nits when no mapping exists.
09-24 03:02:00.993 I/am_wtf ( 1472): [0,1472,system_server,-1,DisplayDeviceConfig,requesting nits when no mapping exists.]
09-24 03:02:00.993 I/am_wtf ( 1472): [0,1472,system_server,-1,DisplayDeviceConfig,requesting nits when no mapping exists.]
09-24 03:02:01.000 I/mpu_uart( 654): [MSG-P:RECV]:No message received in 1000 ms
09-24 03:02:01.010 E/DisplayDeviceConfig( 1472): requesting nits when no mapping exists.
09-24 03:02:01.011 E/DisplayDeviceConfig( 1472): requesting nits when no mapping exists.
09-24 03:02:01.011 I/am_wtf ( 1472): [0,1472,system_server,-1,DisplayDeviceConfig,requesting nits when no mapping exists.]
09-24 03:02:01.015 I/am_wtf ( 1472): [0,1472,system_server,-1,DisplayDeviceConfig,requesting nits when no mapping exists.]
09-24 03:02:01.195 I/wm_stop_activity( 1472): [0,124160873,com.android.systemui/.settings.brightness.BrightnessDialog]
09-24 03:02:01.201 I/wm_stop_activity( 1472): [0,256617940,com.android.settings/.Settings]
09-24 03:02:01.222 I/sysui_multi_action( 1846): [757,220,758,2]
09-24 03:02:01.224 I/wm_on_stop_called( 1846): [124160873,com.android.systemui.settings.brightness.BrightnessDialog,STOP_ACTIVITY_ITEM]
09-24 03:02:01.238 I/wm_on_stop_called( 4383): [256617940,com.android.settings.Settings,STOP_ACTIVITY_ITEM]
09-24 03:02:01.254 W/UsageStatsService( 1472): Unexpected activity event reported! (com.android.settings/com.android.settings.homepage.SettingsHomepageActivity event : 23 instanceId : 151800005)
09-24 03:02:01.258 W/Choreographer( 2531): Frame time is 0.078444 ms in the future! Check that graphics HAL is generating vsync timestamps using the correct timebase.
09-24 03:02:01.333 I/system_server( 1472): NativeAlloc concurrent copying GC freed 172830(9923KB) AllocSpace objects, 12(480KB) LOS objects, 49% free, 21MB/42MB, paused 73us,58us total 117.297ms
09-24 03:02:01.340 W/System ( 1472): A resource failed to call release.
09-24 03:02:01.340 W/System ( 1472): A resource failed to call release.
09-24 03:02:01.341 W/System ( 1472): A resource failed to call close.
09-24 03:02:01.341 W/System ( 1472): A resource failed to call close.
09-24 03:02:01.341 W/System ( 1472): A resource failed to call close.
09-24 03:02:01.341 W/System ( 1472): A resource failed to call close.
09-24 03:02:01.413 D/MediaRouter( 1846): onRestoreRoute() : route=RouteInfo{ name=平板电脑, description=null, status=null, category=RouteCategory{ name=系统 types=ROUTE_TYPE_LIVE_AUDIO ROUTE_TYPE_LIVE_VIDEO groupable=false }, supportedTypes=ROUTE_TYPE_LIVE_AUDIO ROUTE_TYPE_LIVE_VIDEO , presentationDisplay=null }
09-24 03:02:01.413 V/MediaRouter( 1846): Selecting route: RouteInfo{ name=平板电脑, description=null, status=null, category=RouteCategory{ name=系统 types=ROUTE_TYPE_LIVE_AUDIO ROUTE_TYPE_LIVE_VIDEO groupable=false }, supportedTypes=ROUTE_TYPE_LIVE_AUDIO ROUTE_TYPE_LIVE_VIDEO , presentationDisplay=null }
09-24 03:02:01.413 D/Avrcp_ext( 1843): AudioManager Player: AudioPlaybackConfiguration piid:71 deviceId:0 type:android.media.SoundPool u/pid:1000/1472 state:idle attr:AudioAttributes: usage=USAGE_ASSISTANCE_SONIFICATION content=CONTENT_TYPE_SONIFICATION flags=0x800 tags= bundle=null sessionId:0
09-24 03:02:01.413 D/Avrcp_ext( 1843): AudioManager Player: AudioPlaybackConfiguration piid:487 deviceId:0 type:android.media.MediaPlayer u/pid:10081/1846 state:started attr:AudioAttributes: usage=USAGE_NOTIFICATION content=CONTENT_TYPE_SONIFICATION flags=0x800 tags= bundle=null sessionId:0
09-24 03:02:01.415 D/Avrcp_ext( 1843): AudioManager Player in started state: com.android.systemui
09-24 03:02:01.415 D/Avrcp_ext( 1843): AudioManager Active Player: com.android.systemui
09-24 03:02:01.415 D/Avrcp_ext( 1843): AudioManager Player: AudioPlaybackConfiguration piid:79 deviceId:0 type:android.media.SoundPool u/pid:10081/1846 state:idle attr:AudioAttributes: usage=USAGE_ASSISTANCE_SONIFICATION content=CONTENT_TYPE_SONIFICATION flags=0x800 tags= bundle=null sessionId:0
09-24 03:02:01.415 D/Avrcp_ext( 1843): AudioManager isPlaying: true, mAudioPlaybackIsActive = false
09-24 03:02:01.417 I/GenericSource( 1217): start
09-24 03:02:01.418 V/Avrcp_ext( 1843): updateCurrentMediaState: mMediaController: MediaController (com.android.systemui@b96ab9e) null
09-24 03:02:01.418 W/Avrcp_ext( 1843): isMusicActive: false getBluetoothPlayState: 2 A2dp State: 11 mAudioPlaybackIsActive: true
09-24 03:02:01.418 D/Avrcp_ext( 1843): isMusicActive = false mAudioPlaybackIsActive = true player state = null
09-24 03:02:01.418 I/Avrcp_ext( 1843): Skipping update due to invalid playback state
09-24 03:02:01.418 V/Avrcp_ext( 1843): updatePlaybackState, state: null device: null
09-24 03:02:01.418 V/Avrcp_ext( 1843): Device: no name:
09-24 03:02:01.418 V/Avrcp_ext( 1843): Device: no name:
09-24 03:02:01.418 V/Avrcp_ext( 1843): Device: no name:
09-24 03:02:01.418 V/Avrcp_ext( 1843): Device: no name:
09-24 03:02:01.418 V/Avrcp_ext( 1843): Device: no name:
09-24 03:02:01.419 V/Avrcp_ext( 1843): updatePlayerStateAndPosition, old=PlaybackState {state=2, position=-1, buffered position=0, speed=0.0, updated=16811, actions=0, custom actions=[], active item id=-1, error=null}, state=null
09-24 03:02:01.419 I/Avrcp_ext( 1843): updatePlayerStateAndPosition: device: state = null
09-24 03:02:01.419 W/Utils ( 1217): track of type 'audio/vorbis' does not publish channel mask, channel count 1
09-24 03:02:01.422 W/Utils ( 1217): track of type 'audio/vorbis' does not publish channel mask, channel count 1
09-24 03:02:01.424 D/audio_hw_primary( 807): adev_get_parameters:is_hw_dec_session_available
09-24 03:02:01.424 D/audio_hw_spkr_prot( 807): fbsp_get_parameters: Speaker protection disabled
09-24 03:02:01.424 D/soundtrigger( 807): audio_extn_sound_trigger_get_parameters input string
09-24 03:02:01.424 D/soundtrigger( 807): extract_sm_handle input string param string
09-24 03:02:01.424 D/audio_hw_extn( 807): audio_extn_fm_get_parameters: Enter
09-24 03:02:01.424 D/audio_hw_extn( 807): audio_extn_get_parameters: returns
09-24 03:02:01.424 D/audio_hw_primary( 807): adev_get_parameters: exit: returns -
09-24 03:02:01.424 I/hash_map_utils( 911): system/bt/osi/src/hash_map_utils.cc:81 hash_map_utils_dump_string_keys_string_values: key: 'is_hw_dec_session_available' value: 'audio/vorbis'
09-24 03:02:01.427 D/CCodec ( 1217): allocate(c2.android.vorbis.decoder)
09-24 03:02:01.428 I/CCodec ( 1217): setting up 'default' as default (vendor) store
09-24 03:02:01.428 V/C2Store ( 1258): in init
09-24 03:02:01.429 V/C2Store ( 1258): loading dll
09-24 03:02:01.431 I/CCodec ( 1217): Created component [c2.android.vorbis.decoder]
09-24 03:02:01.432 D/CCodecConfig( 1217): read media type: audio/vorbis
09-24 03:02:01.434 D/ReflectedParamUpdater( 1217): extent() != 1 for single value type: algo.buffers.max-count.values
09-24 03:02:01.434 D/ReflectedParamUpdater( 1217): extent() != 1 for single value type: output.subscribed-indices.values
09-24 03:02:01.434 D/ReflectedParamUpdater( 1217): extent() != 1 for single value type: input.buffers.allocator-ids.values
09-24 03:02:01.434 D/ReflectedParamUpdater( 1217): extent() != 1 for single value type: output.buffers.allocator-ids.values
09-24 03:02:01.434 D/ReflectedParamUpdater( 1217): extent() != 1 for single value type: algo.buffers.allocator-ids.values
09-24 03:02:01.434 D/ReflectedParamUpdater( 1217): extent() != 1 for single value type: output.buffers.pool-ids.values
09-24 03:02:01.435 D/ReflectedParamUpdater( 1217): extent() != 1 for single value type: algo.buffers.pool-ids.values
09-24 03:02:01.436 I/CCodecConfig( 1217): query failed after returning 7 values (BAD_INDEX)
09-24 03:02:01.436 D/CCodecConfig( 1217): c2 config diff is Dict {
09-24 03:02:01.436 D/CCodecConfig( 1217): c2::u32 coded.bitrate.value = 64000
09-24 03:02:01.436 D/CCodecConfig( 1217): c2::u32 input.buffers.max-size.value = 32768
09-24 03:02:01.436 D/CCodecConfig( 1217): c2::u32 input.delay.value = 0
09-24 03:02:01.436 D/CCodecConfig( 1217): string input.media-type.value = "audio/vorbis"
09-24 03:02:01.436 D/CCodecConfig( 1217): string output.media-type.value = "audio/raw"
09-24 03:02:01.436 D/CCodecConfig( 1217): c2::u32 raw.channel-count.value = 1
09-24 03:02:01.436 D/CCodecConfig( 1217): c2::u32 raw.sample-rate.value = 48000
09-24 03:02:01.436 D/CCodecConfig( 1217): }
09-24 03:02:01.438 D/CCodec ( 1217): [c2.android.vorbis.decoder] buffers are bound to CCodec for this session
09-24 03:02:01.438 D/CCodecConfig( 1217): no c2 equivalents for durationUs
09-24 03:02:01.438 D/CCodecConfig( 1217): no c2 equivalents for csd-1
09-24 03:02:01.438 D/CCodecConfig( 1217): no c2 equivalents for language
09-24 03:02:01.438 D/CCodecConfig( 1217): no c2 equivalents for file-format
09-24 03:02:01.438 D/CCodecConfig( 1217): no c2 equivalents for flags
09-24 03:02:01.438 D/CCodecConfig( 1217): config failed => CORRUPTED
09-24 03:02:01.438 D/CCodecConfig( 1217): c2 config diff is c2::u32 coded.bitrate.value = 70000
09-24 03:02:01.439 W/Codec2Client( 1217): query -- param skipped: index = 1107298332.
09-24 03:02:01.439 D/CCodec ( 1217): setup formats input: AMessage(what = 0x00000000) = {
09-24 03:02:01.439 D/CCodec ( 1217): int32_t bitrate = 70000
09-24 03:02:01.439 D/CCodec ( 1217): int32_t channel-count = 1
09-24 03:02:01.439 D/CCodec ( 1217): int32_t max-input-size = 65307
09-24 03:02:01.439 D/CCodec ( 1217): string mime = "audio/vorbis"
09-24 03:02:01.439 D/CCodec ( 1217): int32_t sample-rate = 48000
09-24 03:02:01.439 D/CCodec ( 1217): }
09-24 03:02:01.439 D/CCodec ( 1217): setup formats output: AMessage(what = 0x00000000) = {
09-24 03:02:01.439 D/CCodec ( 1217): int32_t channel-count = 1
09-24 03:02:01.439 D/CCodec ( 1217): string mime = "audio/raw"
09-24 03:02:01.439 D/CCodec ( 1217): int32_t sample-rate = 48000
09-24 03:02:01.439 D/CCodec ( 1217): int32_t android._config-pcm-encoding = 2
09-24 03:02:01.439 D/CCodec ( 1217): }
09-24 03:02:01.440 I/CCodecConfig( 1217): query failed after returning 7 values (BAD_INDEX)
09-24 03:02:01.440 I/MediaCodec( 1217): MediaCodec will operate in async mode
09-24 03:02:01.440 D/MediaCodec( 1217): keep callback message for reclaim
09-24 03:02:01.440 W/Codec2Client( 1217): query -- param skipped: index = 1342179345.
09-24 03:02:01.440 W/Codec2Client( 1217): query -- param skipped: index = 2415921170.
09-24 03:02:01.441 D/CCodecBufferChannel( 1217): [c2.android.vorbis.decoder#771] Created input block pool with allocatorID 16 => poolID 67 - OK (0)
09-24 03:02:01.441 D/BufferPoolAccessor2.0( 1258): bufferpool2 0xb4000070c3152e18 : 0(0 size) total buffers - 0(0 size) used buffers - 94/97 (recycle/alloc) - 3/96 (fetch/transfer)
09-24 03:02:01.441 D/BufferPoolAccessor2.0( 1258): Destruction - bufferpool2 0xb4000070c3152e18 cached: 0/0M, 0/0% in use; allocs: 97, 97% recycled; transfers: 96, 97% unfetched
09-24 03:02:01.442 D/BufferPoolAccessor2.0( 1217): bufferpool2 0xe80c2308 : 0(0 size) total buffers - 0(0 size) used buffers - 94/102 (recycle/alloc) - 8/198 (fetch/transfer)
09-24 03:02:01.442 D/BufferPoolAccessor2.0( 1217): Destruction - bufferpool2 0xe80c2308 cached: 0/0M, 0/0% in use; allocs: 102, 92% recycled; transfers: 198, 96% unfetched
09-24 03:02:01.442 I/CCodecBufferChannel( 1217): [c2.android.vorbis.decoder#771] Created output block pool with allocatorID 16 => poolID 76 - OK
09-24 03:02:01.443 D/CCodecBufferChannel( 1217): [c2.android.vorbis.decoder#771] Configured output block pool ids 76 => OK
09-24 03:02:01.443 D/CCodecBufferChannel( 1217): [c2.android.vorbis.decoder#771] start: updating output delay 0
09-24 03:02:01.443 I/CCodecBufferChannel( 1217): pipelineRoom(3) is <= numClientBuffers(3). Not signalling any more buffers to client
09-24 03:02:01.444 D/SimpleC2Component( 1258): Using output block pool with poolID 76 => got 76 - 0
09-24 03:02:01.444 I/CCodecBufferChannel( 1217): pipelineRoom(2) is <= numClientBuffers(2). Not signalling any more buffers to client
09-24 03:02:01.445 I/CCodecBufferChannel( 1217): pipelineRoom(1) is <= numClientBuffers(1). Not signalling any more buffers to client
09-24 03:02:01.449 I/ExtendedNuUtils( 1217): Both src and dst missing for bit-width
09-24 03:02:01.449 I/ExtendedNuUtils( 1217): Overriding durationUs: with 64 bit src value 1728000
09-24 03:02:01.449 I/ExtendedNuUtils( 1217): Both src and dst missing for channel-mask
09-24 03:02:01.452 D/audio_hw_primary( 807): adev_get_parameters:vr_audio_mode_on
09-24 03:02:01.452 I/audio_hw_primary( 807): getting vr mode to 0
09-24 03:02:01.452 D/audio_hw_primary( 807): adev_get_parameters: exit: returns - vr_audio_mode_on=false
09-24 03:02:01.452 I/hash_map_utils( 911): system/bt/osi/src/hash_map_utils.cc:81 hash_map_utils_dump_string_keys_string_values: key: 'vr_audio_mode_on' value: ''
09-24 03:02:01.453 D/AudioFlinger( 911): Client defaulted notificationFrames to 12000 for frameCount 24000
09-24 03:02:01.454 D/AF::TrackHandle( 911): OpPlayAudio: track:106 usage:5 not muted
09-24 03:02:01.461 I/EffectsFactory( 807): EffectCreate() create_effect
09-24 03:02:01.464 E/volume_listener( 807): check_and_set_gain_dep_cal: Failed to set gain dep cal level
09-24 03:02:01.464 D/audio_hw_primary( 807): start_output_stream: enter: stream(0xe7d04330)usecase(1: low-latency-playback) devices(0x2) is_haptic_usecase(0)
09-24 03:02:01.464 E/ANDR-PERF-TARGET( 875): Error: Invalid logical cluster id 0
09-24 03:02:01.464 E/ANDR-PERF-REQUEST( 875): invalid request
09-24 03:02:01.464 E/ANDR-PERF-MPCTL( 875): invalid request, no optimizations performed
09-24 03:02:01.464 E/audio_hw_extn( 807): audio_extn_perf_lock_acquire: Failed to acquire perf lock, err: -1
09-24 03:02:01.464 D/audio_hw_primary( 807): select_devices for use case (low-latency-playback)
09-24 03:02:01.464 I/msm8974_platform( 807): platform_check_and_set_codec_backend_cfg:becf: afe: bitwidth 16, samplerate 48000 channels 2, backend_idx 0 usecase = 1 device (speaker)
09-24 03:02:01.464 D/msm8974_platform( 807): platform_split_snd_device: snd_device(2) num devices(1) new_snd_devices(0)
09-24 03:02:01.464 I/msm8974_platform( 807): platform_check_and_set_codec_backend_cfg: new_snd_devices[0] is 2
09-24 03:02:01.464 I/msm8974_platform( 807): platform_check_codec_backend_cfg:becf: afe: bitwidth 16, samplerate 48000 channels 2, backend_idx 0 usecase = 1 device (speaker)
09-24 03:02:01.465 D/audio_hw_extn( 807): audio_extn_enable_hifi_filter: mixer_value set 0
09-24 03:02:01.465 D/msm8974_platform( 807): platform_check_codec_backend_cfg:becf: updated afe: bitwidth 16, samplerate 48000 channels 2,backend_idx 0 usecase = 1 device (speaker)
09-24 03:02:01.465 D/msm8974_platform( 807): platform_check_codec_backend_cfg:becf: afe: playback on codec device not supporting native playback set default Sample Rate(48k)
09-24 03:02:01.466 I/msm8974_platform( 807): platform_check_codec_backend_cfg:becf: afe: Codec selected backend: 0 updated bit width: 16 and sample rate: 48000
09-24 03:02:01.466 D/audio_hw_primary( 807): check_usecases_codec_backend:becf: force routing 0
09-24 03:02:01.466 E/msm8974_platform( 807): platform_check_backends_match: Invalid snd_device =
09-24 03:02:01.466 D/audio_hw_primary( 807): check_usecases_codec_backend:becf: (78) check_usecases curr device: speaker, usecase device: backends match 0
09-24 03:02:01.466 D/audio_hw_primary( 807): check_usecases_codec_backend:becf: check_usecases num.of Usecases to switch 0
09-24 03:02:01.466 D/hardware_info( 807): hw_info_append_hw_type : device_name = speaker
09-24 03:02:01.466 D/msm8974_platform( 807): platform_split_snd_device: snd_device(2) num devices(0) new_snd_devices(0)
09-24 03:02:01.466 D/audio_hw_primary( 807): enable_snd_device: snd_device(2: speaker)
09-24 03:02:01.466 D/msm8974_platform( 807): platform_get_island_cfg_on_device:island cfg status on snd_device = (speaker 0)
09-24 03:02:01.466 I/soundtrigger( 807): audio_extn_sound_trigger_update_device_status: device 0x2 of type 0 for Event 1, with Raise=0
09-24 03:02:01.466 D/audio_route( 807): Apply path: speaker
09-24 03:02:01.466 I/audio_hw_utils( 807): audio_extn_utils_update_stream_output_app_type_cfg Allowing 24 and above bits playback on speaker ONLY at default sampling rate
09-24 03:02:01.466 E/soundtrigger( 807): audio_extn_sound_trigger_update_stream_status: invalid input device 0x0, for event 3
09-24 03:02:01.466 D/soundtrigger( 807): audio_extn_sound_trigger_update_stream_status: uc_info->id 1 of type 0 for Event 3, with Raise=0
09-24 03:02:01.466 D/audio_hw_utils( 807): audio_extn_utils_send_app_type_cfg: usecase->out_snd_device speaker
09-24 03:02:01.466 D/msm8974_platform( 807): platform_split_snd_device: snd_device(2) num devices(0) new_snd_devices(0)
09-24 03:02:01.466 D/audio_hw_utils( 807): audio_extn_btsco_get_sample_rate:Not a BT SCO device, need not update sampling rate
09-24 03:02:01.466 I/audio_hw_utils( 807): send_app_type_cfg_for_device PLAYBACK app_type 69937, acdb_dev_id 15, sample_rate 48000, snd_device_be_idx 179
09-24 03:02:01.466 D/msm8974_platform( 807): platform_split_snd_device: snd_device(2) num devices(1) new_snd_devices(0)
09-24 03:02:01.466 D/audio_hw_utils( 807): audio_extn_btsco_get_sample_rate:Not a BT SCO device, need not update sampling rate
09-24 03:02:01.466 D/ACDB-LOADER( 807): ACDB -> send_audio_cal, acdb_id = 15, path = 0, app id = 0x11131, sample rate = 48000, afe_sample_rate = 48000
09-24 03:02:01.466 D/ACDB-LOADER( 807): ACDB -> send_asm_topology
09-24 03:02:01.466 D/ACDB-LOADER( 807): ACDB -> ACDB_CMD_GET_AUDPROC_STREAM_TOPOLOGY_ID
09-24 03:02:01.466 D/ACDB-LOADER( 807): ACDB -> send_adm_topology
09-24 03:02:01.466 D/ACDB-LOADER( 807): ACDB -> ACDB_CMD_GET_AUDPROC_COMMON_TOPOLOGY_ID
09-24 03:02:01.466 D/ACDB-LOADER( 807): ACDB -> send_audtable
09-24 03:02:01.466 D/ACDB-LOADER( 807): ACDB -> ACDB_CMD_GET_AUDPROC_INSTANCE_COMMON_TABLE_SIZE
09-24 03:02:01.466 D/ACDB-LOADER( 807): ACDB -> ACDB_CMD_GET_AUDPROC_INSTANCE_COMMON_TABLE
09-24 03:02:01.466 D/ACDB-LOADER( 807): ACDB -> AUDIO_SET_AUDPROC_CAL cal_type[11] acdb_id[15] app_type[69937]
09-24 03:02:01.466 D/ACDB-LOADER( 807): ACDB -> send_audvoltable
09-24 03:02:01.466 D/ACDB-LOADER( 807): ACDB -> ACDB_CMD_GET_AUDPROC_INSTANCE_GAIN_DEP_STEP_TABLE_SIZE
09-24 03:02:01.466 D/ACDB-LOADER( 807): ACDB -> ACDB_CMD_GET_AUDPROC_INSTANCE_GAIN_DEP_STEP_TABLE, vol index 0
09-24 03:02:01.466 D/ACDB-LOADER( 807): ACDB -> AUDIO_SET_VOL_CAL cal type = 12
09-24 03:02:01.466 D/ACDB-LOADER( 807): ACDB -> ACDB_CMD_GET_AUDPROC_INSTANCE_STREAM_TABLE_SIZE
09-24 03:02:01.466 D/ACDB-LOADER( 807): ACDB -> send_audstrmtable
09-24 03:02:01.466 D/ACDB-LOADER( 807): ACDB -> ACDB_CMD_GET_AUDPROC_INSTANCE_STREAM_TABLE
09-24 03:02:01.466 D/ACDB-LOADER( 807): ACDB -> audstrm_cal->cal_type.cal_data.cal_size = 20
09-24 03:02:01.466 D/ACDB-LOADER( 807): ACDB -> send_afe_topology
09-24 03:02:01.466 D/ACDB-LOADER( 807): ACDB -> ACDB_CMD_GET_AFE_TOPOLOGY_ID
09-24 03:02:01.467 D/ACDB-LOADER( 807): ACDB -> GET_AFE_TOPOLOGY_ID for adcd_id 15, Topology Id 112fc
09-24 03:02:01.467 D/ACDB-LOADER( 807): ACDB -> send_afe_cal
09-24 03:02:01.467 D/ACDB-LOADER( 807): ACDB -> ACDB_CMD_GET_AFE_INSTANCE_COMMON_TABLE_SIZE
09-24 03:02:01.467 D/android.hardware.audio.service( 807): Failed to fetch the lookup information of the device 0000000F
09-24 03:02:01.467 D/ACDB-LOADER( 807): Error: ACDB_CMD_GET_AFE_INSTANCE_COMMON_TABLE_SIZE Returned = -19
09-24 03:02:01.467 D/ACDB-LOADER( 807): ACDB -> ACDB_CMD_GET_AFE_INSTANCE_COMMON_TABLE
09-24 03:02:01.467 D/android.hardware.audio.service( 807): Failed to fetch the lookup information of the device 0000000F
09-24 03:02:01.467 D/ACDB-LOADER( 807): Error: ACDB AFE returned = -19
09-24 03:02:01.467 D/ACDB-LOADER( 807): ACDB -> AUDIO_SET_AFE_CAL cal_type[16] acdb_id[15]
09-24 03:02:01.467 D/ACDB-LOADER( 807): ACDB -> send_hw_delay : acdb_id = 15 path = 0
09-24 03:02:01.467 D/ACDB-LOADER( 807): ACDB -> ACDB_AVSYNC_INFO: ACDB_CMD_GET_DEVICE_PROPERTY
09-24 03:02:01.467 D/msm8974_platform( 807): platform_split_snd_device: snd_device(2) num devices(0) new_snd_devices(0)
09-24 03:02:01.467 I/msm8974_platform( 807): platform_get_custom_mtmx_params: no matching param with id 0 ip_ch 2 op_ch 2 uc_id 1 snd_dev 2
09-24 03:02:01.467 D/audio_hw_primary( 807): enable_audio_route: apply mixer and update path: low-latency-playback
09-24 03:02:01.467 D/audio_route( 807): Apply path: low-latency-playback
09-24 03:02:01.468 D/audio_hw_primary( 807): select_devices: done
09-24 03:02:01.468 D/Avrcp_ext( 1843): AudioManager Player: AudioPlaybackConfiguration piid:71 deviceId:0 type:android.media.SoundPool u/pid:1000/1472 state:idle attr:AudioAttributes: usage=USAGE_ASSISTANCE_SONIFICATION content=CONTENT_TYPE_SONIFICATION flags=0x800 tags= bundle=null sessionId:0
09-24 03:02:01.468 D/Avrcp_ext( 1843): AudioManager Player: AudioPlaybackConfiguration piid:487 deviceId:3 type:android.media.MediaPlayer u/pid:10081/1846 state:started attr:AudioAttributes: usage=USAGE_NOTIFICATION content=CONTENT_TYPE_SONIFICATION flags=0x800 tags= bundle=null sessionId:0
09-24 03:02:01.469 D/Avrcp_ext( 1843): AudioManager Player in started state: com.android.systemui
09-24 03:02:01.469 D/Avrcp_ext( 1843): AudioManager Active Player: com.android.systemui
09-24 03:02:01.469 D/Avrcp_ext( 1843): AudioManager Player: AudioPlaybackConfiguration piid:79 deviceId:0 type:android.media.SoundPool u/pid:10081/1846 state:idle attr:AudioAttributes: usage=USAGE_ASSISTANCE_SONIFICATION content=CONTENT_TYPE_SONIFICATION flags=0x800 tags= bundle=null sessionId:0
09-24 03:02:01.469 D/Avrcp_ext( 1843): AudioManager isPlaying: true, mAudioPlaybackIsActive = true
09-24 03:02:01.494 D/msm8974_platform( 807): platform_set_channel_map mixer_ctl_name:Playback Channel Map9
09-24 03:02:01.494 D/msm8974_platform( 807): platform_set_channel_map: set mapping(1 2 0 0 0 0 0 0) for channel:2
09-24 03:02:01.495 E/audio_hw_extn( 807): audio_extn_perf_lock_release: Perf lock release error
09-24 03:02:01.495 D/audio_hw_primary( 807): start_output_stream: exit
09-24 03:02:01.495 D/audio_hw_primary( 807): out_write: retry previous failed cal level set
09-24 03:02:01.495 D/msm8974_platform( 807): platform_split_snd_device: snd_device(2) num devices(1) new_snd_devices(0)
09-24 03:02:01.495 D/ACDB-LOADER( 807): ACDB -> send_audvoltable
09-24 03:02:01.495 D/ACDB-LOADER( 807): ACDB -> ACDB_CMD_GET_AUDPROC_INSTANCE_GAIN_DEP_STEP_TABLE_SIZE
09-24 03:02:01.495 D/ACDB-LOADER( 807): ACDB -> ACDB_CMD_GET_AUDPROC_INSTANCE_GAIN_DEP_STEP_TABLE, vol index 5
09-24 03:02:01.495 D/ACDB-LOADER( 807): ACDB -> AUDIO_SET_VOL_CAL cal type = 40
09-24 03:02:01.507 D/msm8974_platform( 807): platform_split_snd_device: snd_device(2) num devices(1) new_snd_devices(0)
09-24 03:02:01.507 D/ACDB-LOADER( 807): ACDB -> send_audvoltable
09-24 03:02:01.507 D/ACDB-LOADER( 807): ACDB -> ACDB_CMD_GET_AUDPROC_INSTANCE_GAIN_DEP_STEP_TABLE_SIZE
09-24 03:02:01.507 D/ACDB-LOADER( 807): ACDB -> ACDB_CMD_GET_AUDPROC_INSTANCE_GAIN_DEP_STEP_TABLE, vol index 2
09-24 03:02:01.507 D/ACDB-LOADER( 807): ACDB -> AUDIO_SET_VOL_CAL cal type = 40
09-24 03:02:02.000 I/mpu_uart( 654): [MSG-P:RECV]:No message received in 1000 ms
09-24 03:02:02.841 D/CCodecBufferChannel( 1217): [c2.android.vorbis.decoder#771] buffers after EOS ignored (0 us)
09-24 03:02:02.842 D/CCodecBufferChannel( 1217): [c2.android.vorbis.decoder#771] buffers after EOS ignored (0 us)
09-24 03:02:02.843 D/AudioTrack( 1217): stop(82): called with 82980 frames delivered
09-24 03:02:03.000 I/mpu_uart( 654): [MSG-P:RECV]:No message received in 1000 ms
09-24 03:02:03.248 D/audio_hw_primary( 807): out_set_parameters: enter: usecase(1: low-latency-playback) kvpairs: suspend_playback=true
09-24 03:02:03.248 D/audio_hw_extn( 807): audio_extn_fm_set_parameters: Enter
09-24 03:02:03.259 D/audio_hw_primary( 807): out_set_parameters: enter: usecase(1: low-latency-playback) kvpairs: suspend_playback=false
09-24 03:02:03.259 D/audio_hw_extn( 807): audio_extn_fm_set_parameters: Enter
09-24 03:02:03.262 D/audio_hw_primary( 807): out_set_parameters: enter: usecase(1: low-latency-playback) kvpairs: suspend_playback=true
09-24 03:02:03.263 D/audio_hw_extn( 807): audio_extn_fm_set_parameters: Enter
09-24 03:02:03.273 D/audio_hw_primary( 807): out_set_parameters: enter: usecase(1: low-latency-playback) kvpairs: suspend_playback=false
09-24 03:02:03.273 D/audio_hw_extn( 807): audio_extn_fm_set_parameters: Enter
09-24 03:02:03.279 I/MediaFocusControl( 1472): abandonAudioFocus() from uid/pid 10081/1846 clientId=android.media.AudioManager@4cd63f7
09-24 03:02:03.279 D/Avrcp_ext( 1843): AudioManager Player: AudioPlaybackConfiguration piid:71 deviceId:0 type:android.media.SoundPool u/pid:1000/1472 state:idle attr:AudioAttributes: usage=USAGE_ASSISTANCE_SONIFICATION content=CONTENT_TYPE_SONIFICATION flags=0x800 tags= bundle=null sessionId:0
09-24 03:02:03.279 D/Avrcp_ext( 1843): AudioManager Player: AudioPlaybackConfiguration piid:487 deviceId:3 type:android.media.MediaPlayer u/pid:10081/1846 state:stopped attr:AudioAttributes: usage=USAGE_NOTIFICATION content=CONTENT_TYPE_SONIFICATION flags=0x800 tags= bundle=null sessionId:0
09-24 03:02:03.279 D/Avrcp_ext( 1843): AudioManager Player: AudioPlaybackConfiguration piid:79 deviceId:0 type:android.media.SoundPool u/pid:10081/1846 state:idle attr:AudioAttributes: usage=USAGE_ASSISTANCE_SONIFICATION content=CONTENT_TYPE_SONIFICATION flags=0x800 tags= bundle=null sessionId:0
09-24 03:02:03.279 D/Avrcp_ext( 1843): AudioManager isPlaying: false, mAudioPlaybackIsActive = true
09-24 03:02:03.279 D/Avrcp_ext( 1843): AudioManager Reset Active Player
09-24 03:02:03.280 V/MediaPlayer( 1846): resetDrmState: mDrmInfo=null mDrmProvisioningThread=null mPrepareDrmInProgress=false mActiveDrmScheme=false
09-24 03:02:03.280 V/MediaPlayer( 1846): cleanDrmObj: mDrmObj=null mDrmSessionId=null
09-24 03:02:03.280 D/NuPlayerDriver( 1217): reset(0xe8701910) at state 6
09-24 03:02:03.283 D/audio_hw_primary( 807): out_set_parameters: enter: usecase(1: low-latency-playback) kvpairs: suspend_playback=true
09-24 03:02:03.283 D/audio_hw_extn( 807): audio_extn_fm_set_parameters: Enter
09-24 03:02:03.284 D/audio_hw_primary( 807): out_set_parameters: enter: usecase(1: low-latency-playback) kvpairs: suspend_playback=false
09-24 03:02:03.284 D/audio_hw_extn( 807): audio_extn_fm_set_parameters: Enter
09-24 03:02:03.284 V/Avrcp_ext( 1843): updateCurrentMediaState: mMediaController: MediaController (com.android.systemui@b96ab9e) null
09-24 03:02:03.285 W/Avrcp_ext( 1843): isMusicActive: false getBluetoothPlayState: 2 A2dp State: 11 mAudioPlaybackIsActive: false
09-24 03:02:03.285 D/Avrcp_ext( 1843): isMusicActive = false mAudioPlaybackIsActive = false player state = null
09-24 03:02:03.286 I/Avrcp_ext( 1843): Skipping update due to invalid playback state
09-24 03:02:03.286 V/Avrcp_ext( 1843): updatePlaybackState, state: null device: null
09-24 03:02:03.286 V/Avrcp_ext( 1843): Device: no name:
09-24 03:02:03.286 I/hw-BpHwBinder( 1217): onLastStrongRef automatically unlinking death recipients
09-24 03:02:03.287 I/hw-BpHwBinder( 1258): onLastStrongRef automatically unlinking death recipients
09-24 03:02:03.289 V/C2Store ( 1258): in ~ComponentModule
09-24 03:02:03.289 V/C2Store ( 1258): unloading dll
09-24 03:02:03.290 V/Avrcp_ext( 1843): Device: no name:
09-24 03:02:03.290 V/Avrcp_ext( 1843): Device: no name:
09-24 03:02:03.290 V/Avrcp_ext( 1843): Device: no name:
09-24 03:02:03.290 V/Avrcp_ext( 1843): Device: no name:
09-24 03:02:03.290 V/Avrcp_ext( 1843): updatePlayerStateAndPosition, old=PlaybackState {state=2, position=-1, buffered position=0, speed=0.0, updated=16811, actions=0, custom actions=[], active item id=-1, error=null}, state=null
09-24 03:02:03.290 I/Avrcp_ext( 1843): updatePlayerStateAndPosition: device: state = null
09-24 03:02:03.291 D/Avrcp_ext( 1843): AudioManager Player: AudioPlaybackConfiguration piid:71 deviceId:0 type:android.media.SoundPool u/pid:1000/1472 state:idle attr:AudioAttributes: usage=USAGE_ASSISTANCE_SONIFICATION content=CONTENT_TYPE_SONIFICATION flags=0x800 tags= bundle=null sessionId:0
09-24 03:02:03.291 D/Avrcp_ext( 1843): AudioManager Player: AudioPlaybackConfiguration piid:79 deviceId:0 type:android.media.SoundPool u/pid:10081/1846 state:idle attr:AudioAttributes: usage=USAGE_ASSISTANCE_SONIFICATION content=CONTENT_TYPE_SONIFICATION flags=0x800 tags= bundle=null sessionId:0
09-24 03:02:03.291 D/Avrcp_ext( 1843): AudioManager isPlaying: false, mAudioPlaybackIsActive = false
09-24 03:02:03.291 D/Avrcp_ext( 1843): AudioManager Reset Active Player
09-24 03:02:03.291 D/NuPlayerDriver( 1217): notifyResetComplete(0xe8701910)
09-24 03:02:03.292 W/AMessage( 1217): failed to post message as target looper for handler 0 is gone.
09-24 03:02:03.332 D/audio_hw_primary( 807): out_set_parameters: enter: usecase(1: low-latency-playback) kvpairs: suspend_playback=true
09-24 03:02:03.332 D/audio_hw_extn( 807): audio_extn_fm_set_parameters: Enter
09-24 03:02:03.332 D/msm8974_platform( 807): platform_split_snd_device: snd_device(2) num devices(1) new_snd_devices(0)
09-24 03:02:03.332 D/ACDB-LOADER( 807): ACDB -> send_audvoltable
09-24 03:02:03.332 D/ACDB-LOADER( 807): ACDB -> ACDB_CMD_GET_AUDPROC_INSTANCE_GAIN_DEP_STEP_TABLE_SIZE
09-24 03:02:03.333 D/ACDB-LOADER( 807): ACDB -> ACDB_CMD_GET_AUDPROC_INSTANCE_GAIN_DEP_STEP_TABLE, vol index 0
09-24 03:02:03.333 D/ACDB-LOADER( 807): ACDB -> AUDIO_SET_VOL_CAL cal type = 40
09-24 03:02:03.334 D/msm8974_platform( 807): platform_split_snd_device: snd_device(2) num devices(1) new_snd_devices(0)
09-24 03:02:03.970 I/mpu_uart( 654): [MSG-P:R]:recv sync frame timeout
09-24 03:02:03.996 F/linker (27282): CANNOT LINK EXECUTABLE "/vendor/bin/hw/qvrservice": library "vendor.qti.hardware.qxr-V1-ndk_platform.so" not found: needed by /vendor/lib64/libqvrservice.so in namespace (default)
09-24 03:02:04.000 F/linker (27283): CANNOT LINK EXECUTABLE "/vendor/bin/hw/sxrservice": library "vendor.qti.hardware.qxr-V1-ndk_platform.so" not found: needed by main executable
09-24 03:02:04.000 I/mpu_uart( 654): [MSG-P:RECV]:No message received in 1000 ms
09-24 03:02:04.004 I/hwservicemanager( 513): getTransport: Cannot find entry android.hardware.light@2.0::ILight/default in either framework or device VINTF manifest.
09-24 03:02:04.005 E/light (27281): light_open lights keyboard failed: -22
09-24 03:02:04.006 E/light (27281): Light passthrough failed to load legacy HAL.
09-24 03:02:04.006 E/light (27281): light_open lights buttons failed: -22
09-24 03:02:04.006 E/light (27281): Light passthrough failed to load legacy HAL.
09-24 03:02:04.007 E/light (27281): light_open lights bluetooth failed: -22
09-24 03:02:04.007 E/light (27281): Light passthrough failed to load legacy HAL.
09-24 03:02:04.008 E/light (27281): light_open lights wifi failed: -22
09-24 03:02:04.008 E/light (27281): Light passthrough failed to load legacy HAL.
09-24 03:02:04.008 I/hwservicemanager( 513): getTransport: Cannot find entry android.hardware.light@2.0::ILight/default in either framework or device VINTF manifest.
09-24 03:02:04.008 E/HidlServiceManagement(27281): Service android.hardware.light@2.0::ILight/default must be in VINTF manifest in order to register/get.
09-24 03:02:04.008 E/LegacySupport(27281): Could not register service android.hardware.light@2.0::ILight/default (-2147483648).
09-24 03:02:04.044 I/unknown ( 7881): khook pthread_attr_init_callback set thread stack from 1008 to 256 KB
09-24 03:02:04.045 I/unknown ( 7881): khook setstacksize __addr 0xb8e859b8, from 1040 KB to 256 KB
09-24 03:02:04.076 I/unknown ( 7881): khook pthread_attr_init_callback set thread stack from 1008 to 256 KB
09-24 03:02:04.076 I/unknown ( 7881): khook setstacksize __addr 0xbe6dcb68, from 1040 KB to 256 KB
09-24 03:02:04.332 D/audio_hw_primary( 807): out_set_parameters: enter: usecase(1: low-latency-playback) kvpairs: suspend_playback=false
09-24 03:02:04.333 D/audio_hw_extn( 807): audio_extn_fm_set_parameters: Enter
09-24 03:02:04.334 W/audio_hw_primary( 807): out_write: underrun(180) frames_by_time(48185) > out->last_fifo_frames_remaining(384)
09-24 03:02:04.372 D/audio_hw_primary( 807): out_set_parameters: enter: usecase(1: low-latency-playback) kvpairs: suspend_playback=true
09-24 03:02:04.372 D/audio_hw_extn( 807): audio_extn_fm_set_parameters: Enter
09-24 03:02:04.636 D/NetworkMonitor/101( 1960): isDataStall: result=1, tcp packets received=0, latest tcp fail rate=0, consecutive dns timeout count=2551
09-24 03:02:04.636 D/NetworkMonitor/101( 1960): Suspecting data stall, reevaluate
09-24 03:02:04.638 D/NetworkMonitor/101( 1960): Validation disabled.
09-24 03:02:04.638 D/ConnectivityService( 1472): Data stall detected with methods: 1
09-24 03:02:04.643 D/ConnectivityService( 1472): [101 WIFI] validation passed
09-24 03:02:05.000 I/mpu_uart( 654): [MSG-P:RECV]:No message received in 1000 ms
09-24 03:02:05.373 D/audio_hw_primary( 807): out_set_parameters: enter: usecase(1: low-latency-playback) kvpairs: suspend_playback=false
09-24 03:02:05.373 D/audio_hw_extn( 807): audio_extn_fm_set_parameters: Enter
09-24 03:02:05.374 W/audio_hw_primary( 807): out_write: underrun(181) frames_by_time(48125) > out->last_fifo_frames_remaining(384)
09-24 03:02:05.415 D/audio_hw_primary( 807): out_set_parameters: enter: usecase(1: low-latency-playback) kvpairs: suspend_playback=true
09-24 03:02:05.415 D/audio_hw_extn( 807): audio_extn_fm_set_parameters: Enter
09-24 03:02:06.001 I/mpu_uart( 654): [MSG-P:RECV]:No message received in 1000 ms
09-24 03:02:06.416 D/audio_hw_primary( 807): out_set_parameters: enter: usecase(1: low-latency-playback) kvpairs: suspend_playback=false
09-24 03:02:06.416 D/audio_hw_extn( 807): audio_extn_fm_set_parameters: Enter
09-24 03:02:06.417 D/audio_hw_primary( 807): out_standby: enter: stream (0xe7d04330) usecase(1: low-latency-playback)
09-24 03:02:06.439 D/audio_hw_primary( 807): disable_audio_route: reset and update mixer path: low-latency-playback
09-24 03:02:06.440 E/soundtrigger( 807): audio_extn_sound_trigger_update_stream_status: invalid input device 0x0, for event 2
09-24 03:02:06.441 D/soundtrigger( 807): audio_extn_sound_trigger_update_stream_status: uc_info->id 1 of type 0 for Event 2, with Raise=0
09-24 03:02:06.441 D/msm8974_platform( 807): platform_split_snd_device: snd_device(2) num devices(0) new_snd_devices(0)
09-24 03:02:06.441 I/msm8974_platform( 807): platform_get_custom_mtmx_params: no matching param with id 0 ip_ch 2 op_ch 2 uc_id 1 snd_dev 2
09-24 03:02:06.441 D/hardware_info( 807): hw_info_append_hw_type : device_name = speaker
09-24 03:02:06.441 D/audio_hw_primary( 807): disable_snd_device: snd_device(2: speaker)
09-24 03:02:06.441 D/msm8974_platform( 807): platform_split_snd_device: snd_device(2) num devices(0) new_snd_devices(0)
09-24 03:02:06.441 I/soundtrigger( 807): audio_extn_sound_trigger_update_device_status: device 0x2 of type 0 for Event 0, with Raise=0
09-24 03:02:06.441 D/audio_hw_primary( 807): out_standby: exit
09-24 03:02:06.443 D/BufferPoolAccessor2.0( 1258): evictor expired: 1, evicted: 0
