09-24 02:55:24.975 I/am_wtf ( 1472): [0,1472,system_server,-1,DisplayDeviceConfig,requesting nits when no mapping exists.]
09-24 02:55:24.991 I/am_wtf ( 1472): [0,1472,system_server,-1,DisplayDeviceConfig,requesting nits when no mapping exists.]
09-24 02:55:24.992 I/am_wtf ( 1472): [0,1472,system_server,-1,DisplayDeviceConfig,requesting nits when no mapping exists.]
09-24 02:55:25.007 I/am_wtf ( 1472): [0,1472,system_server,-1,DisplayDeviceConfig,requesting nits when no mapping exists.]
09-24 02:55:25.008 I/am_wtf ( 1472): [0,1472,system_server,-1,DisplayDeviceConfig,requesting nits when no mapping exists.]
09-24 02:55:25.024 I/am_wtf ( 1472): [0,1472,system_server,-1,DisplayDeviceConfig,requesting nits when no mapping exists.]
09-24 02:55:25.025 I/am_wtf ( 1472): [0,1472,system_server,-1,DisplayDeviceConfig,requesting nits when no mapping exists.]
09-24 02:55:25.041 I/am_wtf ( 1472): [0,1472,system_server,-1,DisplayDeviceConfig,requesting nits when no mapping exists.]
09-24 02:55:25.042 I/am_wtf ( 1472): [0,1472,system_server,-1,DisplayDeviceConfig,requesting nits when no mapping exists.]
09-24 02:55:25.058 I/am_wtf ( 1472): [0,1472,system_server,-1,DisplayDeviceConfig,requesting nits when no mapping exists.]
09-24 02:55:25.058 I/am_wtf ( 1472): [0,1472,system_server,-1,DisplayDeviceConfig,requesting nits when no mapping exists.]
09-24 02:55:25.074 I/am_wtf ( 1472): [0,1472,system_server,-1,DisplayDeviceConfig,requesting nits when no mapping exists.]
09-24 02:55:25.075 I/am_wtf ( 1472): [0,1472,system_server,-1,DisplayDeviceConfig,requesting nits when no mapping exists.]
09-24 02:55:25.091 I/am_wtf ( 1472): [0,1472,system_server,-1,DisplayDeviceConfig,requesting nits when no mapping exists.]
09-24 02:55:25.092 I/am_wtf ( 1472): [0,1472,system_server,-1,DisplayDeviceConfig,requesting nits when no mapping exists.]
09-24 02:55:30.224 I/input_interaction( 1472): Interaction with: 73af2a com.android.systemui/com.android.systemui.settings.brightness.BrightnessDialog (server), edge-swipe (server), swipe-up (server), PointerEventDispatcher0 (server),
09-24 02:55:30.227 I/sysui_multi_action( 1472): [757,1696,758,6,759,3]
09-24 02:55:30.232 I/am_wtf ( 1472): [0,1472,system_server,-1,DisplayDeviceConfig,requesting nits when no mapping exists.]
09-24 02:55:30.232 I/am_wtf ( 1472): [0,1472,system_server,-1,DisplayDeviceConfig,requesting nits when no mapping exists.]
09-24 02:55:30.249 I/am_wtf ( 1472): [0,1472,system_server,-1,DisplayDeviceConfig,requesting nits when no mapping exists.]
09-24 02:55:30.250 I/am_wtf ( 1472): [0,1472,system_server,-1,DisplayDeviceConfig,requesting nits when no mapping exists.]
09-24 02:55:30.265 I/am_wtf ( 1472): [0,1472,system_server,-1,DisplayDeviceConfig,requesting nits when no mapping exists.]
09-24 02:55:30.266 I/am_wtf ( 1472): [0,1472,system_server,-1,DisplayDeviceConfig,requesting nits when no mapping exists.]
09-24 02:55:30.269 I/am_wtf ( 1472): [0,1472,system_server,-1,DisplayDeviceConfig,requesting nits when no mapping exists.]
09-24 02:55:30.270 I/am_wtf ( 1472): [0,1472,system_server,-1,DisplayDeviceConfig,requesting nits when no mapping exists.]
09-24 02:55:30.287 I/am_wtf ( 1472): [0,1472,system_server,-1,DisplayDeviceConfig,requesting nits when no mapping exists.]
09-24 02:55:30.288 I/am_wtf ( 1472): [0,1472,system_server,-1,DisplayDeviceConfig,requesting nits when no mapping exists.]
09-24 02:55:30.303 I/am_wtf ( 1472): [0,1472,system_server,-1,DisplayDeviceConfig,requesting nits when no mapping exists.]
09-24 02:55:30.304 I/am_wtf ( 1472): [0,1472,system_server,-1,DisplayDeviceConfig,requesting nits when no mapping exists.]
09-24 02:55:30.320 I/am_wtf ( 1472): [0,1472,system_server,-1,DisplayDeviceConfig,requesting nits when no mapping exists.]
09-24 02:55:30.321 I/am_wtf ( 1472): [0,1472,system_server,-1,DisplayDeviceConfig,requesting nits when no mapping exists.]
09-24 02:55:30.336 I/am_wtf ( 1472): [0,1472,system_server,-1,DisplayDeviceConfig,requesting nits when no mapping exists.]
09-24 02:55:30.337 I/am_wtf ( 1472): [0,1472,system_server,-1,DisplayDeviceConfig,requesting nits when no mapping exists.]
09-24 02:55:30.355 I/am_wtf ( 1472): [0,1472,system_server,-1,DisplayDeviceConfig,requesting nits when no mapping exists.]
09-24 02:55:30.356 I/am_wtf ( 1472): [0,1472,system_server,-1,DisplayDeviceConfig,requesting nits when no mapping exists.]
09-24 02:55:30.371 I/am_wtf ( 1472): [0,1472,system_server,-1,DisplayDeviceConfig,requesting nits when no mapping exists.]
09-24 02:55:30.372 I/am_wtf ( 1472): [0,1472,system_server,-1,DisplayDeviceConfig,requesting nits when no mapping exists.]
09-24 02:55:30.387 I/am_wtf ( 1472): [0,1472,system_server,-1,DisplayDeviceConfig,requesting nits when no mapping exists.]
09-24 02:55:30.387 I/am_wtf ( 1472): [0,1472,system_server,-1,DisplayDeviceConfig,requesting nits when no mapping exists.]
09-24 02:55:30.404 I/am_wtf ( 1472): [0,1472,system_server,-1,DisplayDeviceConfig,requesting nits when no mapping exists.]
09-24 02:55:30.404 I/am_wtf ( 1472): [0,1472,system_server,-1,DisplayDeviceConfig,requesting nits when no mapping exists.]
09-24 02:55:30.420 I/am_wtf ( 1472): [0,1472,system_server,-1,DisplayDeviceConfig,requesting nits when no mapping exists.]
09-24 02:55:30.421 I/am_wtf ( 1472): [0,1472,system_server,-1,DisplayDeviceConfig,requesting nits when no mapping exists.]
09-24 02:55:30.437 I/am_wtf ( 1472): [0,1472,system_server,-1,DisplayDeviceConfig,requesting nits when no mapping exists.]
09-24 02:55:30.437 I/am_wtf ( 1472): [0,1472,system_server,-1,DisplayDeviceConfig,requesting nits when no mapping exists.]
09-24 02:55:30.453 I/am_wtf ( 1472): [0,1472,system_server,-1,DisplayDeviceConfig,requesting nits when no mapping exists.]
09-24 02:55:30.454 I/am_wtf ( 1472): [0,1472,system_server,-1,DisplayDeviceConfig,requesting nits when no mapping exists.]
09-24 02:55:30.470 I/am_wtf ( 1472): [0,1472,system_server,-1,DisplayDeviceConfig,requesting nits when no mapping exists.]
09-24 02:55:30.470 I/service_manager_stats( 1472): [100,49,84233]
09-24 02:55:30.471 I/am_wtf ( 1472): [0,1472,system_server,-1,DisplayDeviceConfig,requesting nits when no mapping exists.]
09-24 02:55:30.487 I/am_wtf ( 1472): [0,1472,system_server,-1,DisplayDeviceConfig,requesting nits when no mapping exists.]
09-24 02:55:30.488 I/am_wtf ( 1472): [0,1472,system_server,-1,DisplayDeviceConfig,requesting nits when no mapping exists.]
09-24 02:55:30.495 I/wm_finish_activity( 1472): [0,10882976,147,com.android.systemui/.settings.brightness.BrightnessDialog,app-request]
09-24 02:55:30.496 I/wm_task_moved( 1472): [121,1,7]
09-24 02:55:30.496 I/wm_task_to_front( 1472): [0,121]
09-24 02:55:30.499 I/wm_focused_root_task( 1472): [0,0,121,147,finish-top adjustFocusToNextFocusableTask]
09-24 02:55:30.503 I/am_wtf ( 1472): [0,1472,system_server,-1,DisplayDeviceConfig,requesting nits when no mapping exists.]
09-24 02:55:30.504 I/am_wtf ( 1472): [0,1472,system_server,-1,DisplayDeviceConfig,requesting nits when no mapping exists.]
09-24 02:55:30.513 I/wm_pause_activity( 1472): [0,10882976,com.android.systemui/.settings.brightness.BrightnessDialog,userLeaving=false,finish]
09-24 02:55:30.519 I/input_focus( 1472): [Focus request f2c54b8 com.android.settings/com.android.settings.Settings,reason=UpdateInputWindows]
09-24 02:55:30.519 I/wm_on_top_resumed_lost_called( 1846): [10882976,com.android.systemui.settings.brightness.BrightnessDialog,topStateChangedWhenResumed]
09-24 02:55:30.521 I/wm_on_paused_called( 1846): [10882976,com.android.systemui.settings.brightness.BrightnessDialog,performPause]
09-24 02:55:30.523 I/am_wtf ( 1472): [0,1472,system_server,-1,DisplayDeviceConfig,requesting nits when no mapping exists.]
09-24 02:55:30.527 I/wm_set_resumed_activity( 1472): [0,com.android.settings/.Settings,resumeTopActivityInnerLocked]
09-24 02:55:30.529 I/wm_resume_activity( 1472): [0,256617940,121,com.android.settings/.Settings]
09-24 02:55:30.530 I/wm_on_resume_called( 4383): [256617940,com.android.settings.Settings,RESUME_ACTIVITY]
09-24 02:55:30.531 I/sysui_multi_action( 4383): [757,35,758,1,833,0,1089,0]
09-24 02:55:30.538 I/input_focus( 1472): [Focus leaving 73af2a com.android.systemui/com.android.systemui.settings.brightness.BrightnessDialog (server),reason=NO_WINDOW]
09-24 02:55:30.538 I/input_focus( 1472): [Focus entering f2c54b8 com.android.settings/com.android.settings.Settings (server),reason=setFocusedWindow]
09-24 02:55:30.543 I/am_wtf ( 1472): [0,1472,system_server,-1,DisplayDeviceConfig,requesting nits when no mapping exists.]
09-24 02:55:30.543 I/sysui_multi_action( 4383): [757,46,758,1,833,0,1089,0]
09-24 02:55:30.548 I/am_wtf ( 1472): [0,1472,system_server,-1,DisplayDeviceConfig,requesting nits when no mapping exists.]
09-24 02:55:30.549 I/am_wtf ( 1472): [0,1472,system_server,-1,DisplayDeviceConfig,requesting nits when no mapping exists.]
09-24 02:55:30.549 I/sysui_multi_action( 1472): [757,803,799,window_time_0,802,60]
09-24 02:55:30.553 I/wm_on_top_resumed_gained_called( 4383): [256617940,com.android.settings.Settings,topWhenResuming]
09-24 02:55:30.606 I/wm_destroy_activity( 1472): [0,10882976,147,com.android.systemui/.settings.brightness.BrightnessDialog,finish-idle]
09-24 02:55:30.608 I/sysui_multi_action( 1846): [757,220,758,2]
09-24 02:55:30.608 I/wm_on_stop_called( 1846): [10882976,com.android.systemui.settings.brightness.BrightnessDialog,LIFECYCLER_STOP_ACTIVITY]
09-24 02:55:30.608 I/wm_on_destroy_called( 1846): [10882976,com.android.systemui.settings.brightness.BrightnessDialog,performDestroy]
09-24 02:55:30.619 I/am_pss ( 1472): [24543,1000,com.qti.diagservices,12582912,3264512,7430144,60084224,0,10,6]
09-24 02:55:30.637 I/am_pss ( 1472): [7881,10106,com.smile.gifmaker,139970560,91455488,182272,263122944,0,19,17]
09-24 02:55:30.649 I/am_pss ( 1472): [8065,10106,com.smile.gifmaker:push_v3,68005888,19226624,7869440,161603584,0,19,11]
09-24 02:55:30.803 I/wm_task_removed( 1472): [147,removeChild:removeChild last r=ActivityRecord{a60fa0 u0 com.android.systemui/.settings.brightness.BrightnessDialog t-1 f}} in t=Task{943c264 #147 type=standard A=10081:com.android.systemui U=0 visible=false mode=fullscreen translucent=true sz=0}]
09-24 02:55:30.804 I/wm_task_removed( 1472): [147,removeChild]
09-24 02:55:31.449 I/input_interaction( 1472): Interaction with: f2c54b8 com.android.settings/com.android.settings.Settings (server), edge-swipe (server), swipe-up (server), PointerEventDispatcher0 (server),
09-24 02:55:31.577 I/wm_task_created( 1472): [150,-1]
09-24 02:55:31.586 I/wm_task_moved( 1472): [150,1,7]
09-24 02:55:31.586 I/wm_task_to_front( 1472): [0,150]
09-24 02:55:31.587 I/wm_create_task( 1472): [0,150]
09-24 02:55:31.587 I/wm_create_activity( 1472): [0,240202521,150,com.android.systemui/.settings.brightness.BrightnessDialog,com.android.intent.action.SHOW_BRIGHTNESS_DIALOG,NULL,NULL,276824064]
09-24 02:55:31.587 I/wm_task_moved( 1472): [150,1,7]
09-24 02:55:31.591 I/wm_pause_activity( 1472): [0,256617940,com.android.settings/.Settings,userLeaving=true,pauseBackTasks]
09-24 02:55:31.595 I/sysui_multi_action( 4383): [757,830,758,4,833,0,854,brightness,1089,0]
09-24 02:55:31.596 I/wm_on_top_resumed_lost_called( 4383): [256617940,com.android.settings.Settings,topStateChangedWhenResumed]
09-24 02:55:31.601 I/sysui_multi_action( 4383): [757,35,758,2,1089,1070]
09-24 02:55:31.602 I/sysui_multi_action( 4383): [757,46,758,2,1089,1059]
09-24 02:55:31.603 I/wm_on_paused_called( 4383): [256617940,com.android.settings.Settings,performPause]
09-24 02:55:31.606 I/wm_restart_activity( 1472): [0,240202521,150,com.android.systemui/.settings.brightness.BrightnessDialog]
09-24 02:55:31.607 I/wm_set_resumed_activity( 1472): [0,com.android.systemui/.settings.brightness.BrightnessDialog,minimalResumeActivityLocked]
09-24 02:55:31.611 I/sysui_multi_action( 1472): [757,803,799,window_time_0,802,1]
09-24 02:55:31.635 I/wm_on_create_called( 1846): [240202521,com.android.systemui.settings.brightness.BrightnessDialog,performCreate]
09-24 02:55:31.636 I/sysui_multi_action( 1846): [757,220,758,1]
09-24 02:55:31.636 I/wm_on_start_called( 1846): [240202521,com.android.systemui.settings.brightness.BrightnessDialog,handleStartActivity]
09-24 02:55:31.636 I/wm_on_resume_called( 1846): [240202521,com.android.systemui.settings.brightness.BrightnessDialog,RESUME_ACTIVITY]
09-24 02:55:31.640 I/wm_on_top_resumed_gained_called( 1846): [240202521,com.android.systemui.settings.brightness.BrightnessDialog,topStateChangedWhenResumed]
09-24 02:55:31.645 I/input_focus( 1472): [Focus request bf34edb com.android.systemui/com.android.systemui.settings.brightness.BrightnessDialog,reason=UpdateInputWindows]
09-24 02:55:31.658 I/input_focus( 1472): [Focus leaving f2c54b8 com.android.settings/com.android.settings.Settings (server),reason=Waiting for window because NOT_VISIBLE]
09-24 02:55:31.665 I/sysui_multi_action( 1472): [319,77,322,76,325,11865,757,761,758,8,759,2,806,com.android.systemui,871,com.android.systemui.settings.brightness.BrightnessDialog,904,com.android.settings,905,0,1320,8,1321,5]
09-24 02:55:31.673 I/wm_activity_launch_time( 1472): [0,240202521,com.android.systemui/.settings.brightness.BrightnessDialog,76]
09-24 02:55:31.673 I/input_focus( 1472): [Focus entering bf34edb com.android.systemui/com.android.systemui.settings.brightness.BrightnessDialog (server),reason=Window became focusable. Previous reason: NOT_VISIBLE]
09-24 02:55:32.117 I/am_uid_idle( 1472): 10067
09-24 02:55:42.343 I/auditd ( 7881): type=1400 audit(0.0:2001): avc: denied { read } for comm=5468726561642D32202D2031333735 name="tcp" dev="proc" ino=4026532283 scontext=u:r:untrusted_app_29:s0:c106,c256,c512,c768 tcontext=u:object_r:proc_net_tcp_udp:s0 tclass=file permissive=0 app=com.smile.gifmaker
09-24 02:55:42.927 I/auditd ( 8065): type=1400 audit(0.0:2002): avc: denied { read } for comm="pool-2-thread-6" name="tcp" dev="proc" ino=4026532283 scontext=u:r:untrusted_app_29:s0:c106,c256,c512,c768 tcontext=u:object_r:proc_net_tcp_udp:s0 tclass=file permissive=0 app=com.smile.gifmaker
09-24 02:55:48.213 I/input_interaction( 1472): Interaction with: bf34edb com.android.systemui/com.android.systemui.settings.brightness.BrightnessDialog (server), edge-swipe (server), swipe-up (server), PointerEventDispatcher0 (server),
09-24 02:55:48.306 I/wm_finish_activity( 1472): [0,240202521,150,com.android.systemui/.settings.brightness.BrightnessDialog,app-request]
09-24 02:55:48.306 I/wm_task_moved( 1472): [121,1,7]
09-24 02:55:48.306 I/wm_task_to_front( 1472): [0,121]
09-24 02:55:48.310 I/wm_focused_root_task( 1472): [0,0,121,150,finish-top adjustFocusToNextFocusableTask]
09-24 02:55:48.329 I/wm_pause_activity( 1472): [0,240202521,com.android.systemui/.settings.brightness.BrightnessDialog,userLeaving=false,finish]
09-24 02:55:48.335 I/input_focus( 1472): [Focus request f2c54b8 com.android.settings/com.android.settings.Settings,reason=UpdateInputWindows]
09-24 02:55:48.335 I/wm_on_top_resumed_lost_called( 1846): [240202521,com.android.systemui.settings.brightness.BrightnessDialog,topStateChangedWhenResumed]
09-24 02:55:48.337 I/wm_on_paused_called( 1846): [240202521,com.android.systemui.settings.brightness.BrightnessDialog,performPause]
09-24 02:55:48.340 I/wm_set_resumed_activity( 1472): [0,com.android.settings/.Settings,resumeTopActivityInnerLocked]
09-24 02:55:48.342 I/wm_resume_activity( 1472): [0,256617940,121,com.android.settings/.Settings]
09-24 02:55:48.347 I/input_focus( 1472): [Focus leaving bf34edb com.android.systemui/com.android.systemui.settings.brightness.BrightnessDialog (server),reason=NO_WINDOW]
09-24 02:55:48.347 I/input_focus( 1472): [Focus entering f2c54b8 com.android.settings/com.android.settings.Settings (server),reason=setFocusedWindow]
09-24 02:55:48.348 I/wm_on_resume_called( 4383): [256617940,com.android.settings.Settings,RESUME_ACTIVITY]
09-24 02:55:48.350 I/sysui_multi_action( 4383): [757,35,758,1,833,0,1089,0]
09-24 02:55:48.355 I/sysui_multi_action( 1472): [757,803,799,window_time_0,802,16]
09-24 02:55:48.356 I/sysui_multi_action( 4383): [757,46,758,1,833,0,1089,0]
09-24 02:55:48.368 I/wm_on_top_resumed_gained_called( 4383): [256617940,com.android.settings.Settings,topWhenResuming]
09-24 02:55:48.417 I/wm_destroy_activity( 1472): [0,240202521,150,com.android.systemui/.settings.brightness.BrightnessDialog,finish-idle]
09-24 02:55:48.418 I/sysui_multi_action( 1846): [757,220,758,2]
09-24 02:55:48.418 I/wm_on_stop_called( 1846): [240202521,com.android.systemui.settings.brightness.BrightnessDialog,LIFECYCLER_STOP_ACTIVITY]
09-24 02:55:48.418 I/wm_on_destroy_called( 1846): [240202521,com.android.systemui.settings.brightness.BrightnessDialog,performDestroy]
09-24 02:55:48.613 I/wm_task_removed( 1472): [150,removeChild:removeChild last r=ActivityRecord{e513319 u0 com.android.systemui/.settings.brightness.BrightnessDialog t-1 f}} in t=Task{6c73c8d #150 type=standard A=10081:com.android.systemui U=0 visible=false mode=fullscreen translucent=true sz=0}]
09-24 02:55:48.613 I/wm_task_removed( 1472): [150,removeChild]
09-24 02:55:49.062 I/input_interaction( 1472): Interaction with: f2c54b8 com.android.settings/com.android.settings.Settings (server), edge-swipe (server), swipe-up (server), PointerEventDispatcher0 (server),
09-24 02:55:49.139 I/wm_task_created( 1472): [151,-1]
09-24 02:55:49.143 I/wm_task_moved( 1472): [151,1,7]
09-24 02:55:49.143 I/wm_task_to_front( 1472): [0,151]
09-24 02:55:49.143 I/wm_create_task( 1472): [0,151]
09-24 02:55:49.143 I/wm_create_activity( 1472): [0,124160873,151,com.android.systemui/.settings.brightness.BrightnessDialog,com.android.intent.action.SHOW_BRIGHTNESS_DIALOG,NULL,NULL,276824064]
09-24 02:55:49.145 I/wm_task_moved( 1472): [151,1,7]
09-24 02:55:49.146 I/wm_pause_activity( 1472): [0,256617940,com.android.settings/.Settings,userLeaving=true,pauseBackTasks]
09-24 02:55:49.152 I/sysui_multi_action( 4383): [757,830,758,4,833,0,854,brightness,1089,0]
09-24 02:55:49.154 I/wm_on_top_resumed_lost_called( 4383): [256617940,com.android.settings.Settings,topStateChangedWhenResumed]
09-24 02:55:49.156 I/sysui_multi_action( 4383): [757,35,758,2,1089,806]
09-24 02:55:49.156 I/sysui_multi_action( 4383): [757,46,758,2,1089,801]
09-24 02:55:49.157 I/wm_on_paused_called( 4383): [256617940,com.android.settings.Settings,performPause]
09-24 02:55:49.160 I/wm_restart_activity( 1472): [0,124160873,151,com.android.systemui/.settings.brightness.BrightnessDialog]
09-24 02:55:49.162 I/wm_set_resumed_activity( 1472): [0,com.android.systemui/.settings.brightness.BrightnessDialog,minimalResumeActivityLocked]
09-24 02:55:49.166 I/sysui_multi_action( 1472): [757,803,799,window_time_0,802,1]
09-24 02:55:49.182 I/wm_on_create_called( 1846): [124160873,com.android.systemui.settings.brightness.BrightnessDialog,performCreate]
09-24 02:55:49.183 I/sysui_multi_action( 1846): [757,220,758,1]
09-24 02:55:49.183 I/wm_on_start_called( 1846): [124160873,com.android.systemui.settings.brightness.BrightnessDialog,handleStartActivity]
09-24 02:55:49.184 I/wm_on_resume_called( 1846): [124160873,com.android.systemui.settings.brightness.BrightnessDialog,RESUME_ACTIVITY]
09-24 02:55:49.187 I/wm_on_top_resumed_gained_called( 1846): [124160873,com.android.systemui.settings.brightness.BrightnessDialog,topStateChangedWhenResumed]
09-24 02:55:49.202 I/input_focus( 1472): [Focus request 77964ab com.android.systemui/com.android.systemui.settings.brightness.BrightnessDialog,reason=UpdateInputWindows]
09-24 02:55:49.217 I/input_focus( 1472): [Focus leaving f2c54b8 com.android.settings/com.android.settings.Settings (server),reason=Waiting for window because NOT_VISIBLE]
09-24 02:55:49.223 I/sysui_multi_action( 1472): [319,72,322,71,325,11882,757,761,758,8,759,2,806,com.android.systemui,871,com.android.systemui.settings.brightness.BrightnessDialog,904,com.android.settings,905,0,1320,8,1321,5]
09-24 02:55:49.225 I/wm_activity_launch_time( 1472): [0,124160873,com.android.systemui/.settings.brightness.BrightnessDialog,71]
09-24 02:55:49.232 I/input_focus( 1472): [Focus entering 77964ab com.android.systemui/com.android.systemui.settings.brightness.BrightnessDialog (server),reason=Window became focusable. Previous reason: NOT_VISIBLE]
09-24 02:56:42.078 I/sysui_multi_action( 1472): [757,1696,758,6,759,2]
09-24 02:56:42.090 I/am_wtf ( 1472): [0,1472,system_server,-1,DisplayDeviceConfig,requesting nits when no mapping exists.]
09-24 02:56:42.094 I/am_wtf ( 1472): [0,1472,system_server,-1,DisplayDeviceConfig,requesting nits when no mapping exists.]
09-24 02:56:42.106 I/am_wtf ( 1472): [0,1472,system_server,-1,DisplayDeviceConfig,requesting nits when no mapping exists.]
09-24 02:56:42.109 I/am_wtf ( 1472): [0,1472,system_server,-1,DisplayDeviceConfig,requesting nits when no mapping exists.]
09-24 02:56:42.123 I/am_wtf ( 1472): [0,1472,system_server,-1,DisplayDeviceConfig,requesting nits when no mapping exists.]
09-24 02:56:42.124 I/am_wtf ( 1472): [0,1472,system_server,-1,DisplayDeviceConfig,requesting nits when no mapping exists.]
09-24 02:56:42.126 I/am_wtf ( 1472): [0,1472,system_server,-1,DisplayDeviceConfig,requesting nits when no mapping exists.]
09-24 02:56:42.126 I/am_wtf ( 1472): [0,1472,system_server,-1,DisplayDeviceConfig,requesting nits when no mapping exists.]
09-24 02:56:42.143 I/am_wtf ( 1472): [0,1472,system_server,-1,DisplayDeviceConfig,requesting nits when no mapping exists.]
09-24 02:56:42.143 I/am_wtf ( 1472): [0,1472,system_server,-1,DisplayDeviceConfig,requesting nits when no mapping exists.]
09-24 02:56:42.159 I/am_wtf ( 1472): [0,1472,system_server,-1,DisplayDeviceConfig,requesting nits when no mapping exists.]
09-24 02:56:42.160 I/am_wtf ( 1472): [0,1472,system_server,-1,DisplayDeviceConfig,requesting nits when no mapping exists.]
09-24 02:56:42.176 I/am_wtf ( 1472): [0,1472,system_server,-1,DisplayDeviceConfig,requesting nits when no mapping exists.]
09-24 02:56:42.177 I/am_wtf ( 1472): [0,1472,system_server,-1,DisplayDeviceConfig,requesting nits when no mapping exists.]
09-24 02:56:42.193 I/am_wtf ( 1472): [0,1472,system_server,-1,DisplayDeviceConfig,requesting nits when no mapping exists.]
09-24 02:56:42.194 I/am_wtf ( 1472): [0,1472,system_server,-1,DisplayDeviceConfig,requesting nits when no mapping exists.]
09-24 02:56:42.210 I/am_wtf ( 1472): [0,1472,system_server,-1,DisplayDeviceConfig,requesting nits when no mapping exists.]
09-24 02:56:42.210 I/am_wtf ( 1472): [0,1472,system_server,-1,DisplayDeviceConfig,requesting nits when no mapping exists.]
09-24 02:56:42.226 I/am_wtf ( 1472): [0,1472,system_server,-1,DisplayDeviceConfig,requesting nits when no mapping exists.]
09-24 02:56:42.227 I/am_wtf ( 1472): [0,1472,system_server,-1,DisplayDeviceConfig,requesting nits when no mapping exists.]
09-24 02:56:42.243 I/am_wtf ( 1472): [0,1472,system_server,-1,DisplayDeviceConfig,requesting nits when no mapping exists.]
09-24 02:56:42.244 I/am_wtf ( 1472): [0,1472,system_server,-1,DisplayDeviceConfig,requesting nits when no mapping exists.]
09-24 02:56:42.260 I/am_wtf ( 1472): [0,1472,system_server,-1,DisplayDeviceConfig,requesting nits when no mapping exists.]
09-24 02:56:42.261 I/am_wtf ( 1472): [0,1472,system_server,-1,DisplayDeviceConfig,requesting nits when no mapping exists.]
09-24 02:56:42.276 I/am_wtf ( 1472): [0,1472,system_server,-1,DisplayDeviceConfig,requesting nits when no mapping exists.]
09-24 02:56:42.277 I/am_wtf ( 1472): [0,1472,system_server,-1,DisplayDeviceConfig,requesting nits when no mapping exists.]
09-24 02:56:42.294 I/am_wtf ( 1472): [0,1472,system_server,-1,DisplayDeviceConfig,requesting nits when no mapping exists.]
09-24 02:56:42.294 I/am_wtf ( 1472): [0,1472,system_server,-1,DisplayDeviceConfig,requesting nits when no mapping exists.]
09-24 02:56:42.310 I/am_wtf ( 1472): [0,1472,system_server,-1,DisplayDeviceConfig,requesting nits when no mapping exists.]
09-24 02:56:42.311 I/am_wtf ( 1472): [0,1472,system_server,-1,DisplayDeviceConfig,requesting nits when no mapping exists.]
09-24 02:56:42.327 I/am_wtf ( 1472): [0,1472,system_server,-1,DisplayDeviceConfig,requesting nits when no mapping exists.]
09-24 02:56:42.328 I/am_wtf ( 1472): [0,1472,system_server,-1,DisplayDeviceConfig,requesting nits when no mapping exists.]
09-24 02:56:42.344 I/am_wtf ( 1472): [0,1472,system_server,-1,DisplayDeviceConfig,requesting nits when no mapping exists.]
09-24 02:56:42.345 I/am_wtf ( 1472): [0,1472,system_server,-1,DisplayDeviceConfig,requesting nits when no mapping exists.]
09-24 02:56:42.364 I/am_wtf ( 1472): [0,1472,system_server,-1,DisplayDeviceConfig,requesting nits when no mapping exists.]
09-24 02:56:42.365 I/am_wtf ( 1472): [0,1472,system_server,-1,DisplayDeviceConfig,requesting nits when no mapping exists.]
09-24 02:56:42.376 I/am_wtf ( 1472): [0,1472,system_server,-1,DisplayDeviceConfig,requesting nits when no mapping exists.]
09-24 02:56:42.378 I/am_wtf ( 1472): [0,1472,system_server,-1,DisplayDeviceConfig,requesting nits when no mapping exists.]
09-24 02:56:42.379 I/auditd ( 7881): type=1400 audit(0.0:2003): avc: denied { read } for comm=5468726561642D32202D2031333735 name="tcp" dev="proc" ino=4026532283 scontext=u:r:untrusted_app_29:s0:c106,c256,c512,c768 tcontext=u:object_r:proc_net_tcp_udp:s0 tclass=file permissive=0 app=com.smile.gifmaker
09-24 02:56:42.393 I/am_wtf ( 1472): [0,1472,system_server,-1,DisplayDeviceConfig,requesting nits when no mapping exists.]
09-24 02:56:42.394 I/am_wtf ( 1472): [0,1472,system_server,-1,DisplayDeviceConfig,requesting nits when no mapping exists.]
09-24 02:56:42.959 I/auditd ( 8065): type=1400 audit(0.0:2004): avc: denied { read } for comm="pool-2-thread-6" name="tcp" dev="proc" ino=4026532283 scontext=u:r:untrusted_app_29:s0:c106,c256,c512,c768 tcontext=u:object_r:proc_net_tcp_udp:s0 tclass=file permissive=0 app=com.smile.gifmaker
09-24 02:56:49.074 I/sysui_multi_action( 1472): [757,222,758,1]
09-24 02:56:49.077 I/am_uid_active( 1472): 10067
09-24 02:56:49.091 I/wm_task_created( 1472): [152,-1]
09-24 02:56:49.093 I/am_pss ( 1472): [4383,1000,com.android.settings,101332992,84471808,8794112,186908672,0,2,14]
09-24 02:56:49.095 I/wm_task_moved( 1472): [152,1,8]
09-24 02:56:49.095 I/wm_task_to_front( 1472): [0,152]
09-24 02:56:49.096 I/wm_create_task( 1472): [0,152]
09-24 02:56:49.096 I/wm_create_activity( 1472): [0,239564189,152,com.android.deskclock/android.service.dreams.DreamActivity,NULL,NULL,NULL,276824064]
09-24 02:56:49.096 I/wm_task_moved( 1472): [152,1,8]
09-24 02:56:49.096 I/wm_on_top_resumed_lost_called( 1846): [124160873,com.android.systemui.settings.brightness.BrightnessDialog,topStateChangedWhenResumed]
09-24 02:56:49.098 I/wm_pause_activity( 1472): [0,124160873,com.android.systemui/.settings.brightness.BrightnessDialog,userLeaving=true,pauseBackTasks]
09-24 02:56:49.102 I/wm_on_paused_called( 1846): [124160873,com.android.systemui.settings.brightness.BrightnessDialog,performPause]
09-24 02:56:49.104 I/wm_add_to_stopping( 1472): [0,124160873,com.android.systemui/.settings.brightness.BrightnessDialog,makeInvisible]
09-24 02:56:49.105 I/wm_add_to_stopping( 1472): [0,256617940,com.android.settings/.Settings,makeInvisible]
09-24 02:56:49.105 I/wm_restart_activity( 1472): [0,239564189,152,com.android.deskclock/android.service.dreams.DreamActivity]
09-24 02:56:49.109 I/wm_set_resumed_activity( 1472): [0,com.android.deskclock/android.service.dreams.DreamActivity,minimalResumeActivityLocked]
09-24 02:56:49.122 I/sysui_multi_action( 1472): [757,803,799,window_time_0,802,60]
09-24 02:56:49.123 I/wm_on_create_called( 2531): [239564189,android.service.dreams.DreamActivity,performCreate]
09-24 02:56:49.123 I/wm_on_start_called( 2531): [239564189,android.service.dreams.DreamActivity,handleStartActivity]
09-24 02:56:49.124 I/wm_on_resume_called( 2531): [239564189,android.service.dreams.DreamActivity,RESUME_ACTIVITY]
09-24 02:56:49.131 I/wm_on_top_resumed_gained_called( 2531): [239564189,android.service.dreams.DreamActivity,topStateChangedWhenResumed]
09-24 02:56:49.142 I/input_focus( 1472): [Focus leaving 77964ab com.android.systemui/com.android.systemui.settings.brightness.BrightnessDialog (server),reason=NO_WINDOW]
09-24 02:56:49.164 I/input_focus( 1472): [Focus request f50bb55 com.android.deskclock/android.service.dreams.DreamActivity,reason=UpdateInputWindows]
09-24 02:56:49.167 I/notification_enqueue( 1472): [10081,1846,com.android.systemui,2048,NULL,0,Notification(channel=updateNotification shortcut=null contentView=null vibrate=null sound=null defaults=0x0 flags=0x0 color=0x00000000 vis=PRIVATE),1]
09-24 02:56:49.167 I/sysui_multi_action( 1846): [757,111,758,2]
09-24 02:56:49.169 I/sysui_multi_action( 1846): [757,111,758,2]
09-24 02:56:49.184 I/sysui_multi_action( 1846): [757,111,758,1]
09-24 02:56:49.184 I/sysui_multi_action( 1846): [757,126,758,1,759,126,927,0,928,1,1593,0]
09-24 02:56:49.184 I/sysui_multi_action( 1846): [757,113,758,1,759,113,927,1,928,1,1593,0]
09-24 02:56:49.184 I/sysui_multi_action( 1846): [757,0,758,1,759,0,927,2,928,0,1593,0]
09-24 02:56:49.185 I/sysui_multi_action( 1846): [757,0,758,1,759,0,927,3,928,0,1593,0]
09-24 02:56:49.185 I/sysui_multi_action( 1846): [757,1706,758,1,759,1706,927,4,928,0,1593,0]
09-24 02:56:49.185 I/sysui_multi_action( 1846): [757,491,758,1,759,491,927,5,928,0,1311,-1,1593,0]
09-24 02:56:49.185 I/sysui_multi_action( 1846): [757,0,758,1,759,0,927,6,928,0,1593,0]
09-24 02:56:49.186 I/sysui_multi_action( 1846): [757,114,758,1,759,114,927,7,928,0,1593,0]
09-24 02:56:49.186 I/sysui_multi_action( 1846): [757,268,758,1,759,268,806,com.netease.cloudmusic,871,com.netease.cloudmusic.titleservice.PlayFavoriteMusicTitleService,927,8,1593,0]
09-24 02:56:49.186 I/sysui_multi_action( 1846): [757,268,758,1,759,268,806,com.netease.cloudmusic,871,com.netease.cloudmusic.titleservice.PrivateFmTitleService,927,9,1593,0]
09-24 02:56:49.187 I/sysui_multi_action( 1846): [757,268,758,1,759,268,806,com.netease.cloudmusic,871,com.netease.cloudmusic.music.biz.voice.tileservice.PopularPodCastService,927,10,1593,0]
09-24 02:56:49.187 I/sysui_multi_action( 1846): [757,268,758,1,759,268,806,com.netease.cloudmusic,871,com.netease.cloudmusic.music.biz.voice.tileservice.ListenBookService,927,11,1593,0]
09-24 02:56:49.187 I/sysui_multi_action( 1846): [757,268,758,1,759,268,806,com.netease.cloudmusic,871,com.netease.cloudmusic.titleservice.DailyRecommandTitleService,927,12,1593,0]
09-24 02:56:49.187 I/sysui_multi_action( 1846): [757,268,758,1,759,268,806,com.netease.cloudmusic,871,com.netease.cloudmusic.music.biz.voice.tileservice.SleepAidDecompressionService,927,13,1593,0]
09-24 02:56:49.187 I/sysui_multi_action( 1846): [757,268,758,1,759,268,806,com.netease.cloudmusic,871,com.netease.cloudmusic.titleservice.PrivateRadarTitleService,927,14,1593,0]
09-24 02:56:49.187 I/sysui_multi_action( 1846): [757,268,758,1,759,268,806,com.netease.cloudmusic,871,com.netease.cloudmusic.music.biz.voice.tileservice.BroadCastService,927,15,1593,0]
09-24 02:56:49.188 I/sysui_multi_action( 1846): [757,268,758,1,759,268,806,com.qiyi.video.pad,871,org.qiyi.android.tile.SearchTileService,927,16,1593,0]
09-24 02:56:49.188 I/sysui_multi_action( 1846): [757,268,758,1,759,268,806,com.qiyi.video.pad,871,org.qiyi.android.tile.ContinueTileService,927,17,1593,0]
09-24 02:56:49.188 I/sysui_multi_action( 1846): [757,268,758,1,759,268,806,com.qiyi.video.pad,871,org.qiyi.android.tile.CaptureTileService,927,18,1593,0]
09-24 02:56:49.188 I/sysui_multi_action( 1846): [757,268,758,1,759,268,806,com.qiyi.video.pad,871,org.qiyi.android.tile.TopVideoTileService,927,19,1593,0]
09-24 02:56:49.188 I/sysui_multi_action( 1846): [757,268,758,1,759,268,806,com.qiyi.video.pad,871,org.qiyi.android.tile.EntranceTileService,927,20,1593,0]
09-24 02:56:49.188 I/sysui_multi_action( 1846): [757,268,758,1,759,268,806,com.smile.gifmaker,871,com.kwai.gifshow.post.api.feature.record.RecordQuickSettingService,927,21,1593,0]
09-24 02:56:49.188 I/sysui_multi_action( 1846): [757,268,758,1,759,268,806,com.qiyi.video.pad,871,org.qiyi.android.tile.HistoryTileService,927,22,1593,0]
09-24 02:56:49.189 I/sysui_multi_action( 1846): [757,268,758,1,759,268,806,com.qiyi.video.pad,871,org.qiyi.android.tile.SportTileService,927,23,1593,0]
09-24 02:56:49.189 I/sysui_multi_action( 1846): [757,268,758,1,759,268,806,com.tencent.news,871,com.tencent.news.tile.Tile24Hours,927,24,1593,0]
09-24 02:56:49.189 I/sysui_multi_action( 1846): [757,268,758,1,759,268,806,com.ss.android.article.news,871,com.android.bytedance.search.tile.SearchTileService,927,25,1593,0]
09-24 02:56:49.189 I/sysui_multi_action( 1846): [757,268,758,1,759,268,806,com.ss.android.ugc.aweme,871,com.ss.android.ugc.aweme.tile.PublishTileService,927,26,1593,0]
09-24 02:56:49.189 I/sysui_multi_action( 1846): [757,268,758,1,759,268,806,com.tencent.news,871,com.tencent.news.tile.TileNewsVideo,927,27,1593,0]
09-24 02:56:49.189 I/sysui_multi_action( 1846): [757,111,758,1]
09-24 02:56:49.189 I/sysui_multi_action( 1846): [757,126,758,1,759,126,927,0,928,1,1593,0]
09-24 02:56:49.190 I/sysui_multi_action( 1846): [757,113,758,1,759,113,927,1,928,1,1593,0]
09-24 02:56:49.190 I/sysui_multi_action( 1846): [757,0,758,1,759,0,927,2,928,0,1593,0]
09-24 02:56:49.190 I/sysui_multi_action( 1846): [757,0,758,1,759,0,927,3,928,0,1593,0]
09-24 02:56:49.197 I/sysui_multi_action( 1472): [757,1696,758,6,759,3]
09-24 02:56:49.198 I/sysui_multi_action( 1472): [319,101,322,89,325,11942,757,761,758,8,759,2,806,com.android.deskclock,871,android.service.dreams.DreamActivity,904,com.android.deskclock,905,0,1320,8,1321,5]
09-24 02:56:49.200 I/wm_activity_launch_time( 1472): [0,239564189,com.android.deskclock/android.service.dreams.DreamActivity,89]
09-24 02:56:49.210 I/am_wtf ( 1472): [0,1472,system_server,-1,DisplayDeviceConfig,requesting nits when no mapping exists.]
09-24 02:56:49.215 I/input_focus( 1472): [Focus entering f50bb55 com.android.deskclock/android.service.dreams.DreamActivity (server),reason=Window became focusable. Previous reason: NOT_VISIBLE]
09-24 02:56:49.215 I/am_wtf ( 1472): [0,1472,system_server,-1,DisplayDeviceConfig,requesting nits when no mapping exists.]
09-24 02:56:49.231 I/am_wtf ( 1472): [0,1472,system_server,-1,DisplayDeviceConfig,requesting nits when no mapping exists.]
09-24 02:56:49.233 I/am_wtf ( 1472): [0,1472,system_server,-1,DisplayDeviceConfig,requesting nits when no mapping exists.]
09-24 02:56:49.243 I/am_wtf ( 1472): [0,1472,system_server,-1,DisplayDeviceConfig,requesting nits when no mapping exists.]
09-24 02:56:49.244 I/am_wtf ( 1472): [0,1472,system_server,-1,DisplayDeviceConfig,requesting nits when no mapping exists.]
09-24 02:56:49.259 I/am_wtf ( 1472): [0,1472,system_server,-1,DisplayDeviceConfig,requesting nits when no mapping exists.]
09-24 02:56:49.260 I/am_wtf ( 1472): [0,1472,system_server,-1,DisplayDeviceConfig,requesting nits when no mapping exists.]
09-24 02:56:49.277 I/am_wtf ( 1472): [0,1472,system_server,-1,DisplayDeviceConfig,requesting nits when no mapping exists.]
09-24 02:56:49.277 I/am_wtf ( 1472): [0,1472,system_server,-1,DisplayDeviceConfig,requesting nits when no mapping exists.]
09-24 02:56:49.294 I/am_wtf ( 1472): [0,1472,system_server,-1,DisplayDeviceConfig,requesting nits when no mapping exists.]
09-24 02:56:49.296 I/am_wtf ( 1472): [0,1472,system_server,-1,DisplayDeviceConfig,requesting nits when no mapping exists.]
09-24 02:56:49.312 I/am_wtf ( 1472): [0,1472,system_server,-1,DisplayDeviceConfig,requesting nits when no mapping exists.]
09-24 02:56:49.313 I/am_wtf ( 1472): [0,1472,system_server,-1,DisplayDeviceConfig,requesting nits when no mapping exists.]
09-24 02:56:49.327 I/am_wtf ( 1472): [0,1472,system_server,-1,DisplayDeviceConfig,requesting nits when no mapping exists.]
09-24 02:56:49.327 I/am_wtf ( 1472): [0,1472,system_server,-1,DisplayDeviceConfig,requesting nits when no mapping exists.]
09-24 02:56:49.345 I/am_wtf ( 1472): [0,1472,system_server,-1,DisplayDeviceConfig,requesting nits when no mapping exists.]
09-24 02:56:49.346 I/am_wtf ( 1472): [0,1472,system_server,-1,DisplayDeviceConfig,requesting nits when no mapping exists.]
09-24 02:56:49.360 I/am_wtf ( 1472): [0,1472,system_server,-1,DisplayDeviceConfig,requesting nits when no mapping exists.]
09-24 02:56:49.361 I/am_wtf ( 1472): [0,1472,system_server,-1,DisplayDeviceConfig,requesting nits when no mapping exists.]
09-24 02:56:49.370 I/sysui_multi_action( 1472): [757,1501,758,1,793,11920105,794,0,795,204,796,2048,806,com.android.systemui,857,updateNotification,858,3,947,0,1500,0,1688,1]
09-24 02:56:49.371 I/sysui_multi_action( 1472): [757,804,799,note_interruptive,801,0,802,1]
09-24 02:56:49.371 I/sysui_multi_action( 1472): [757,199,758,1,759,2,793,11920106,794,0,795,205,796,2048,806,com.android.systemui,857,updateNotification,858,3,947,0,1500,1,1688,1]
09-24 02:56:49.371 I/notification_alert( 1472): [0|com.android.systemui|2048|null|10081,0,1,0]
09-24 02:56:49.378 I/am_wtf ( 1472): [0,1472,system_server,-1,DisplayDeviceConfig,requesting nits when no mapping exists.]
09-24 02:56:49.378 I/am_wtf ( 1472): [0,1472,system_server,-1,DisplayDeviceConfig,requesting nits when no mapping exists.]
09-24 02:56:49.393 I/am_wtf ( 1472): [0,1472,system_server,-1,DisplayDeviceConfig,requesting nits when no mapping exists.]
09-24 02:56:49.394 I/am_wtf ( 1472): [0,1472,system_server,-1,DisplayDeviceConfig,requesting nits when no mapping exists.]
09-24 02:56:49.412 I/am_wtf ( 1472): [0,1472,system_server,-1,DisplayDeviceConfig,requesting nits when no mapping exists.]
09-24 02:56:49.413 I/am_wtf ( 1472): [0,1472,system_server,-1,DisplayDeviceConfig,requesting nits when no mapping exists.]
09-24 02:56:49.428 I/am_wtf ( 1472): [0,1472,system_server,-1,DisplayDeviceConfig,requesting nits when no mapping exists.]
09-24 02:56:49.428 I/am_wtf ( 1472): [0,1472,system_server,-1,DisplayDeviceConfig,requesting nits when no mapping exists.]
09-24 02:56:49.444 I/am_wtf ( 1472): [0,1472,system_server,-1,DisplayDeviceConfig,requesting nits when no mapping exists.]
09-24 02:56:49.444 I/am_wtf ( 1472): [0,1472,system_server,-1,DisplayDeviceConfig,requesting nits when no mapping exists.]
09-24 02:56:49.461 I/am_wtf ( 1472): [0,1472,system_server,-1,DisplayDeviceConfig,requesting nits when no mapping exists.]
09-24 02:56:49.462 I/am_wtf ( 1472): [0,1472,system_server,-1,DisplayDeviceConfig,requesting nits when no mapping exists.]
09-24 02:56:49.477 I/am_wtf ( 1472): [0,1472,system_server,-1,DisplayDeviceConfig,requesting nits when no mapping exists.]
09-24 02:56:49.478 I/am_wtf ( 1472): [0,1472,system_server,-1,DisplayDeviceConfig,requesting nits when no mapping exists.]
09-24 02:56:49.494 I/am_wtf ( 1472): [0,1472,system_server,-1,DisplayDeviceConfig,requesting nits when no mapping exists.]
09-24 02:56:49.495 I/am_wtf ( 1472): [0,1472,system_server,-1,DisplayDeviceConfig,requesting nits when no mapping exists.]
09-24 02:56:49.512 I/am_wtf ( 1472): [0,1472,system_server,-1,DisplayDeviceConfig,requesting nits when no mapping exists.]
09-24 02:56:49.513 I/am_wtf ( 1472): [0,1472,system_server,-1,DisplayDeviceConfig,requesting nits when no mapping exists.]
09-24 02:56:49.702 I/wm_stop_activity( 1472): [0,256617940,com.android.settings/.Settings]
09-24 02:56:49.702 I/wm_stop_activity( 1472): [0,124160873,com.android.systemui/.settings.brightness.BrightnessDialog]
09-24 02:56:49.735 I/sysui_multi_action( 1846): [757,220,758,2]
09-24 02:56:49.735 I/wm_on_stop_called( 1846): [124160873,com.android.systemui.settings.brightness.BrightnessDialog,STOP_ACTIVITY_ITEM]
09-24 02:56:49.741 I/wm_on_stop_called( 4383): [256617940,com.android.settings.Settings,STOP_ACTIVITY_ITEM]
09-24 02:56:50.641 I/input_interaction( 1472): Interaction with: f50bb55 com.android.deskclock/android.service.dreams.DreamActivity (server), edge-swipe (server), swipe-up (server), PointerEventDispatcher0 (server),
09-24 02:56:50.644 I/wm_finish_activity( 1472): [0,239564189,152,com.android.deskclock/android.service.dreams.DreamActivity,finish-activity]
09-24 02:56:50.644 I/wm_task_moved( 1472): [151,1,7]
09-24 02:56:50.644 I/wm_task_to_front( 1472): [0,151]
09-24 02:56:50.645 I/wm_focused_root_task( 1472): [0,0,151,152,finish-top adjustFocusToNextFocusableTask]
09-24 02:56:50.646 I/wm_pause_activity( 1472): [0,239564189,com.android.deskclock/android.service.dreams.DreamActivity,userLeaving=false,finish]
09-24 02:56:50.652 I/sysui_multi_action( 1472): [757,803,799,window_time_0,802,2]
09-24 02:56:50.653 I/wm_on_top_resumed_lost_called( 2531): [239564189,android.service.dreams.DreamActivity,topStateChangedWhenResumed]
09-24 02:56:50.653 I/wm_on_paused_called( 2531): [239564189,android.service.dreams.DreamActivity,performPause]
09-24 02:56:50.654 I/wm_add_to_stopping( 1472): [0,239564189,com.android.deskclock/android.service.dreams.DreamActivity,completeFinishing]
09-24 02:56:50.657 I/wm_set_resumed_activity( 1472): [0,com.android.systemui/.settings.brightness.BrightnessDialog,resumeTopActivityInnerLocked]
09-24 02:56:50.659 I/wm_resume_activity( 1472): [0,124160873,151,com.android.systemui/.settings.brightness.BrightnessDialog]
09-24 02:56:50.660 I/wm_on_restart_called( 4383): [256617940,com.android.settings.Settings,performRestartActivity]
09-24 02:56:50.664 I/input_focus( 1472): [Focus leaving f50bb55 com.android.deskclock/android.service.dreams.DreamActivity (server),reason=NO_WINDOW]
09-24 02:56:50.665 I/view_enqueue_input_event( 2531): [Motion - Cancel,com.android.deskclock/android.service.dreams.DreamActivity]
09-24 02:56:50.667 I/input_interaction( 1472): Interaction with: edge-swipe (server), swipe-up (server), PointerEventDispatcher0 (server),
09-24 02:56:50.669 I/wm_on_start_called( 4383): [256617940,com.android.settings.Settings,handleStartActivity]
09-24 02:56:50.670 I/snet_event_log( 4383): [120484087,-1,]
09-24 02:56:50.672 I/sysui_multi_action( 1472): [757,803,799,window_time_0,802,0]
09-24 02:56:50.673 I/wm_on_restart_called( 1846): [124160873,com.android.systemui.settings.brightness.BrightnessDialog,performRestartActivity]
09-24 02:56:50.673 I/sysui_multi_action( 1846): [757,220,758,1]
09-24 02:56:50.673 I/wm_on_start_called( 1846): [124160873,com.android.systemui.settings.brightness.BrightnessDialog,handleStartActivity]
09-24 02:56:50.674 I/wm_on_resume_called( 1846): [124160873,com.android.systemui.settings.brightness.BrightnessDialog,RESUME_ACTIVITY]
09-24 02:56:50.674 I/wm_on_top_resumed_gained_called( 1846): [124160873,com.android.systemui.settings.brightness.BrightnessDialog,topWhenResuming]
09-24 02:56:50.684 I/input_focus( 1472): [Focus request 77964ab com.android.systemui/com.android.systemui.settings.brightness.BrightnessDialog,reason=UpdateInputWindows]
09-24 02:56:50.715 I/auditd ( 577): type=1400 audit(0.0:2005): avc: denied { read } for comm="Binder:577_2" name="wakeup58" dev="sysfs" ino=83548 scontext=u:r:system_suspend:s0 tcontext=u:object_r:sysfs:s0 tclass=dir permissive=0
09-24 02:56:50.715 I/auditd ( 577): type=1400 audit(0.0:2006): avc: denied { read } for comm="Binder:577_2" name="wakeup4" dev="sysfs" ino=52895 scontext=u:r:system_suspend:s0 tcontext=u:object_r:sysfs:s0 tclass=dir permissive=0
09-24 02:56:50.719 I/auditd ( 577): type=1400 audit(0.0:2007): avc: denied { read } for comm="Binder:577_2" name="wakeup38" dev="sysfs" ino=68553 scontext=u:r:system_suspend:s0 tcontext=u:object_r:sysfs:s0 tclass=dir permissive=0
09-24 02:56:50.719 I/auditd ( 577): type=1400 audit(0.0:2008): avc: denied { read } for comm="Binder:577_2" name="wakeup28" dev="sysfs" ino=59251 scontext=u:r:system_suspend:s0 tcontext=u:object_r:sysfs:s0 tclass=dir permissive=0
09-24 02:56:50.719 I/auditd ( 577): type=1400 audit(0.0:2009): avc: denied { read } for comm="Binder:577_2" name="wakeup56" dev="sysfs" ino=83476 scontext=u:r:system_suspend:s0 tcontext=u:object_r:sysfs:s0 tclass=dir permissive=0
09-24 02:56:50.723 I/auditd ( 577): type=1400 audit(0.0:2010): avc: denied { read } for comm="Binder:577_2" name="wakeup18" dev="sysfs" ino=58638 scontext=u:r:system_suspend:s0 tcontext=u:object_r:sysfs:s0 tclass=dir permissive=0
09-24 02:56:50.735 I/input_focus( 1472): [Focus entering 77964ab com.android.systemui/com.android.systemui.settings.brightness.BrightnessDialog (server),reason=Window became focusable. Previous reason: NOT_VISIBLE]
09-24 02:56:51.235 I/service_manager_stats( 1472): [100,52,80764]
09-24 02:56:51.237 I/wm_destroy_activity( 1472): [0,239564189,152,com.android.deskclock/android.service.dreams.DreamActivity,finish-imm:idle]
09-24 02:56:51.253 I/wm_on_stop_called( 2531): [239564189,android.service.dreams.DreamActivity,LIFECYCLER_STOP_ACTIVITY]
09-24 02:56:51.253 I/wm_on_destroy_called( 2531): [239564189,android.service.dreams.DreamActivity,performDestroy]
09-24 02:56:51.256 I/sysui_multi_action( 1472): [757,222,758,2]
09-24 02:56:51.256 I/sysui_multi_action( 1472): [757,804,799,dreaming_minutes,801,0,802,1]
09-24 02:56:51.266 I/wm_task_removed( 1472): [152,removeChild:removeChild last r=ActivityRecord{e47759d u0 com.android.deskclock/android.service.dreams.DreamActivity t-1 f}} in t=Task{32b711a #152 type=dream A=10067:android:com.android.deskclock/dream U=0 visible=false mode=fullscreen translucent=true sz=0}]
09-24 02:56:51.266 I/wm_task_removed( 1472): [152,removeChild]
09-24 02:57:42.423 I/auditd ( 7881): type=1400 audit(0.0:2107): avc: denied { read } for comm=5468726561642D32202D2031333735 name="tcp" dev="proc" ino=4026532283 scontext=u:r:untrusted_app_29:s0:c106,c256,c512,c768 tcontext=u:object_r:proc_net_tcp_udp:s0 tclass=file permissive=0 app=com.smile.gifmaker
09-24 02:57:42.987 I/auditd ( 8065): type=1400 audit(0.0:2108): avc: denied { read } for comm="pool-2-thread-6" name="tcp" dev="proc" ino=4026532283 scontext=u:r:untrusted_app_29:s0:c106,c256,c512,c768 tcontext=u:object_r:proc_net_tcp_udp:s0 tclass=file permissive=0 app=com.smile.gifmaker
09-24 02:57:43.930 I/sysui_multi_action( 1472): [757,1696,758,6,759,2]
09-24 02:57:43.938 I/am_wtf ( 1472): [0,1472,system_server,-1,DisplayDeviceConfig,requesting nits when no mapping exists.]
09-24 02:57:43.942 I/am_wtf ( 1472): [0,1472,system_server,-1,DisplayDeviceConfig,requesting nits when no mapping exists.]
09-24 02:57:43.954 I/am_wtf ( 1472): [0,1472,system_server,-1,DisplayDeviceConfig,requesting nits when no mapping exists.]
09-24 02:57:43.956 I/am_wtf ( 1472): [0,1472,system_server,-1,DisplayDeviceConfig,requesting nits when no mapping exists.]
09-24 02:57:43.970 I/am_wtf ( 1472): [0,1472,system_server,-1,DisplayDeviceConfig,requesting nits when no mapping exists.]
09-24 02:57:43.973 I/am_wtf ( 1472): [0,1472,system_server,-1,DisplayDeviceConfig,requesting nits when no mapping exists.]
09-24 02:57:43.975 I/am_wtf ( 1472): [0,1472,system_server,-1,DisplayDeviceConfig,requesting nits when no mapping exists.]
09-24 02:57:43.976 I/am_wtf ( 1472): [0,1472,system_server,-1,DisplayDeviceConfig,requesting nits when no mapping exists.]
09-24 02:57:43.991 I/am_wtf ( 1472): [0,1472,system_server,-1,DisplayDeviceConfig,requesting nits when no mapping exists.]
09-24 02:57:43.992 I/am_wtf ( 1472): [0,1472,system_server,-1,DisplayDeviceConfig,requesting nits when no mapping exists.]
09-24 02:57:44.007 I/am_wtf ( 1472): [0,1472,system_server,-1,DisplayDeviceConfig,requesting nits when no mapping exists.]
09-24 02:57:44.008 I/am_wtf ( 1472): [0,1472,system_server,-1,DisplayDeviceConfig,requesting nits when no mapping exists.]
09-24 02:57:44.025 I/am_wtf ( 1472): [0,1472,system_server,-1,DisplayDeviceConfig,requesting nits when no mapping exists.]
09-24 02:57:44.026 I/am_wtf ( 1472): [0,1472,system_server,-1,DisplayDeviceConfig,requesting nits when no mapping exists.]
09-24 02:57:44.042 I/am_wtf ( 1472): [0,1472,system_server,-1,DisplayDeviceConfig,requesting nits when no mapping exists.]
09-24 02:57:44.042 I/am_wtf ( 1472): [0,1472,system_server,-1,DisplayDeviceConfig,requesting nits when no mapping exists.]
09-24 02:57:44.059 I/am_wtf ( 1472): [0,1472,system_server,-1,DisplayDeviceConfig,requesting nits when no mapping exists.]
09-24 02:57:44.060 I/am_wtf ( 1472): [0,1472,system_server,-1,DisplayDeviceConfig,requesting nits when no mapping exists.]
09-24 02:57:44.076 I/am_wtf ( 1472): [0,1472,system_server,-1,DisplayDeviceConfig,requesting nits when no mapping exists.]
09-24 02:57:44.076 I/am_wtf ( 1472): [0,1472,system_server,-1,DisplayDeviceConfig,requesting nits when no mapping exists.]
09-24 02:57:44.092 I/am_wtf ( 1472): [0,1472,system_server,-1,DisplayDeviceConfig,requesting nits when no mapping exists.]
09-24 02:57:44.093 I/am_wtf ( 1472): [0,1472,system_server,-1,DisplayDeviceConfig,requesting nits when no mapping exists.]
09-24 02:57:44.108 I/am_wtf ( 1472): [0,1472,system_server,-1,DisplayDeviceConfig,requesting nits when no mapping exists.]
09-24 02:57:44.109 I/am_wtf ( 1472): [0,1472,system_server,-1,DisplayDeviceConfig,requesting nits when no mapping exists.]
09-24 02:57:44.126 I/am_wtf ( 1472): [0,1472,system_server,-1,DisplayDeviceConfig,requesting nits when no mapping exists.]
09-24 02:57:44.127 I/am_wtf ( 1472): [0,1472,system_server,-1,DisplayDeviceConfig,requesting nits when no mapping exists.]
09-24 02:57:44.142 I/am_wtf ( 1472): [0,1472,system_server,-1,DisplayDeviceConfig,requesting nits when no mapping exists.]
09-24 02:57:44.143 I/am_wtf ( 1472): [0,1472,system_server,-1,DisplayDeviceConfig,requesting nits when no mapping exists.]
09-24 02:57:44.158 I/am_wtf ( 1472): [0,1472,system_server,-1,DisplayDeviceConfig,requesting nits when no mapping exists.]
09-24 02:57:44.159 I/am_wtf ( 1472): [0,1472,system_server,-1,DisplayDeviceConfig,requesting nits when no mapping exists.]
09-24 02:57:44.175 I/am_wtf ( 1472): [0,1472,system_server,-1,DisplayDeviceConfig,requesting nits when no mapping exists.]
09-24 02:57:44.176 I/am_wtf ( 1472): [0,1472,system_server,-1,DisplayDeviceConfig,requesting nits when no mapping exists.]
09-24 02:57:44.192 I/am_wtf ( 1472): [0,1472,system_server,-1,DisplayDeviceConfig,requesting nits when no mapping exists.]
09-24 02:57:44.193 I/am_wtf ( 1472): [0,1472,system_server,-1,DisplayDeviceConfig,requesting nits when no mapping exists.]
