09-24 03:00:46.955 I/input_focus( 1472): [Focus leaving 77964ab com.android.systemui/com.android.systemui.settings.brightness.BrightnessDialog (server),reason=NO_WINDOW]
09-24 03:00:46.973 I/input_focus( 1472): [Focus request 945584a com.android.deskclock/android.service.dreams.DreamActivity,reason=UpdateInputWindows]
09-24 03:00:46.974 I/sysui_multi_action( 1846): [757,111,758,2]
09-24 03:00:46.974 I/notification_enqueue( 1472): [10081,1846,com.android.systemui,2048,NULL,0,Notification(channel=updateNotification shortcut=null contentView=null vibrate=null sound=null defaults=0x0 flags=0x0 color=0x00000000 vis=PRIVATE),1]
09-24 03:00:46.974 I/sysui_multi_action( 1846): [757,111,758,2]
09-24 03:00:46.986 I/sysui_multi_action( 1846): [757,111,758,1]
09-24 03:00:46.989 I/sysui_multi_action( 1846): [757,126,758,1,759,126,927,0,928,1,1593,0]
09-24 03:00:46.989 I/sysui_multi_action( 1846): [757,113,758,1,759,113,927,1,928,1,1593,0]
09-24 03:00:46.989 I/sysui_multi_action( 1846): [757,0,758,1,759,0,927,2,928,0,1593,0]
09-24 03:00:46.990 I/sysui_multi_action( 1846): [757,0,758,1,759,0,927,3,928,0,1593,0]
09-24 03:00:46.990 I/sysui_multi_action( 1846): [757,1706,758,1,759,1706,927,4,928,0,1593,0]
09-24 03:00:46.990 I/sysui_multi_action( 1846): [757,491,758,1,759,491,927,5,928,0,1311,-1,1593,0]
09-24 03:00:46.990 I/sysui_multi_action( 1846): [757,0,758,1,759,0,927,6,928,0,1593,0]
09-24 03:00:46.991 I/sysui_multi_action( 1846): [757,114,758,1,759,114,927,7,928,0,1593,0]
09-24 03:00:46.991 I/sysui_multi_action( 1846): [757,268,758,1,759,268,806,com.netease.cloudmusic,871,com.netease.cloudmusic.titleservice.PlayFavoriteMusicTitleService,927,8,1593,0]
09-24 03:00:46.991 I/sysui_multi_action( 1846): [757,268,758,1,759,268,806,com.netease.cloudmusic,871,com.netease.cloudmusic.titleservice.PrivateFmTitleService,927,9,1593,0]
09-24 03:00:46.991 I/sysui_multi_action( 1846): [757,268,758,1,759,268,806,com.netease.cloudmusic,871,com.netease.cloudmusic.music.biz.voice.tileservice.PopularPodCastService,927,10,1593,0]
09-24 03:00:46.991 I/sysui_multi_action( 1846): [757,268,758,1,759,268,806,com.netease.cloudmusic,871,com.netease.cloudmusic.music.biz.voice.tileservice.ListenBookService,927,11,1593,0]
09-24 03:00:46.991 I/sysui_multi_action( 1846): [757,268,758,1,759,268,806,com.netease.cloudmusic,871,com.netease.cloudmusic.titleservice.DailyRecommandTitleService,927,12,1593,0]
09-24 03:00:46.992 I/sysui_multi_action( 1846): [757,268,758,1,759,268,806,com.netease.cloudmusic,871,com.netease.cloudmusic.music.biz.voice.tileservice.SleepAidDecompressionService,927,13,1593,0]
09-24 03:00:46.992 I/sysui_multi_action( 1846): [757,268,758,1,759,268,806,com.netease.cloudmusic,871,com.netease.cloudmusic.titleservice.PrivateRadarTitleService,927,14,1593,0]
09-24 03:00:46.992 I/sysui_multi_action( 1846): [757,268,758,1,759,268,806,com.netease.cloudmusic,871,com.netease.cloudmusic.music.biz.voice.tileservice.BroadCastService,927,15,1593,0]
09-24 03:00:46.992 I/sysui_multi_action( 1846): [757,268,758,1,759,268,806,com.qiyi.video.pad,871,org.qiyi.android.tile.SearchTileService,927,16,1593,0]
09-24 03:00:46.992 I/sysui_multi_action( 1846): [757,268,758,1,759,268,806,com.qiyi.video.pad,871,org.qiyi.android.tile.ContinueTileService,927,17,1593,0]
09-24 03:00:46.993 I/sysui_multi_action( 1846): [757,268,758,1,759,268,806,com.qiyi.video.pad,871,org.qiyi.android.tile.CaptureTileService,927,18,1593,0]
09-24 03:00:46.993 I/sysui_multi_action( 1846): [757,268,758,1,759,268,806,com.qiyi.video.pad,871,org.qiyi.android.tile.TopVideoTileService,927,19,1593,0]
09-24 03:00:46.993 I/sysui_multi_action( 1846): [757,268,758,1,759,268,806,com.qiyi.video.pad,871,org.qiyi.android.tile.EntranceTileService,927,20,1593,0]
09-24 03:00:46.993 I/sysui_multi_action( 1846): [757,268,758,1,759,268,806,com.smile.gifmaker,871,com.kwai.gifshow.post.api.feature.record.RecordQuickSettingService,927,21,1593,0]
09-24 03:00:46.993 I/sysui_multi_action( 1846): [757,268,758,1,759,268,806,com.qiyi.video.pad,871,org.qiyi.android.tile.HistoryTileService,927,22,1593,0]
09-24 03:00:46.994 I/sysui_multi_action( 1846): [757,268,758,1,759,268,806,com.qiyi.video.pad,871,org.qiyi.android.tile.SportTileService,927,23,1593,0]
09-24 03:00:46.994 I/sysui_multi_action( 1846): [757,268,758,1,759,268,806,com.tencent.news,871,com.tencent.news.tile.Tile24Hours,927,24,1593,0]
09-24 03:00:46.994 I/sysui_multi_action( 1846): [757,268,758,1,759,268,806,com.ss.android.article.news,871,com.android.bytedance.search.tile.SearchTileService,927,25,1593,0]
09-24 03:00:46.994 I/sysui_multi_action( 1846): [757,268,758,1,759,268,806,com.ss.android.ugc.aweme,871,com.ss.android.ugc.aweme.tile.PublishTileService,927,26,1593,0]
09-24 03:00:46.994 I/sysui_multi_action( 1846): [757,268,758,1,759,268,806,com.tencent.news,871,com.tencent.news.tile.TileNewsVideo,927,27,1593,0]
09-24 03:00:46.994 I/sysui_multi_action( 1846): [757,111,758,1]
09-24 03:00:46.995 I/sysui_multi_action( 1846): [757,126,758,1,759,126,927,0,928,1,1593,0]
09-24 03:00:46.995 I/sysui_multi_action( 1846): [757,113,758,1,759,113,927,1,928,1,1593,0]
09-24 03:00:46.995 I/sysui_multi_action( 1846): [757,0,758,1,759,0,927,2,928,0,1593,0]
09-24 03:00:46.995 I/sysui_multi_action( 1846): [757,0,758,1,759,0,927,3,928,0,1593,0]
09-24 03:00:47.000 I/sysui_multi_action( 1472): [757,1696,758,6,759,3]
09-24 03:00:47.001 I/sysui_multi_action( 1472): [319,80,322,72,325,12180,757,761,758,8,759,2,806,com.android.deskclock,871,android.service.dreams.DreamActivity,904,com.android.deskclock,905,0,1320,8,1321,5]
09-24 03:00:47.002 I/wm_activity_launch_time( 1472): [0,111353074,com.android.deskclock/android.service.dreams.DreamActivity,72]
09-24 03:00:47.015 I/input_focus( 1472): [Focus entering 945584a com.android.deskclock/android.service.dreams.DreamActivity (server),reason=Window became focusable. Previous reason: NOT_VISIBLE]
09-24 03:00:47.015 I/am_wtf ( 1472): [0,1472,system_server,-1,DisplayDeviceConfig,requesting nits when no mapping exists.]
09-24 03:00:47.016 I/am_wtf ( 1472): [0,1472,system_server,-1,DisplayDeviceConfig,requesting nits when no mapping exists.]
09-24 03:00:47.033 I/am_wtf ( 1472): [0,1472,system_server,-1,DisplayDeviceConfig,requesting nits when no mapping exists.]
09-24 03:00:47.033 I/am_wtf ( 1472): [0,1472,system_server,-1,DisplayDeviceConfig,requesting nits when no mapping exists.]
09-24 03:00:47.048 I/am_wtf ( 1472): [0,1472,system_server,-1,DisplayDeviceConfig,requesting nits when no mapping exists.]
09-24 03:00:47.048 I/am_wtf ( 1472): [0,1472,system_server,-1,DisplayDeviceConfig,requesting nits when no mapping exists.]
09-24 03:00:47.066 I/am_wtf ( 1472): [0,1472,system_server,-1,DisplayDeviceConfig,requesting nits when no mapping exists.]
09-24 03:00:47.067 I/am_wtf ( 1472): [0,1472,system_server,-1,DisplayDeviceConfig,requesting nits when no mapping exists.]
09-24 03:00:47.084 I/am_wtf ( 1472): [0,1472,system_server,-1,DisplayDeviceConfig,requesting nits when no mapping exists.]
09-24 03:00:47.085 I/am_wtf ( 1472): [0,1472,system_server,-1,DisplayDeviceConfig,requesting nits when no mapping exists.]
09-24 03:00:47.099 I/am_wtf ( 1472): [0,1472,system_server,-1,DisplayDeviceConfig,requesting nits when no mapping exists.]
09-24 03:00:47.099 I/am_wtf ( 1472): [0,1472,system_server,-1,DisplayDeviceConfig,requesting nits when no mapping exists.]
09-24 03:00:47.121 I/am_wtf ( 1472): [0,1472,system_server,-1,DisplayDeviceConfig,requesting nits when no mapping exists.]
09-24 03:00:47.122 I/am_wtf ( 1472): [0,1472,system_server,-1,DisplayDeviceConfig,requesting nits when no mapping exists.]
09-24 03:00:47.136 I/am_wtf ( 1472): [0,1472,system_server,-1,DisplayDeviceConfig,requesting nits when no mapping exists.]
09-24 03:00:47.136 I/am_wtf ( 1472): [0,1472,system_server,-1,DisplayDeviceConfig,requesting nits when no mapping exists.]
09-24 03:00:47.148 I/am_wtf ( 1472): [0,1472,system_server,-1,DisplayDeviceConfig,requesting nits when no mapping exists.]
09-24 03:00:47.148 I/am_wtf ( 1472): [0,1472,system_server,-1,DisplayDeviceConfig,requesting nits when no mapping exists.]
09-24 03:00:47.165 I/am_wtf ( 1472): [0,1472,system_server,-1,DisplayDeviceConfig,requesting nits when no mapping exists.]
09-24 03:00:47.165 I/am_wtf ( 1472): [0,1472,system_server,-1,DisplayDeviceConfig,requesting nits when no mapping exists.]
09-24 03:00:47.177 I/sysui_multi_action( 1472): [757,1501,758,1,793,12157912,794,0,795,204,796,2048,806,com.android.systemui,857,updateNotification,858,3,947,0,1500,0,1688,1]
09-24 03:00:47.177 I/sysui_multi_action( 1472): [757,804,799,note_interruptive,801,0,802,1]
09-24 03:00:47.178 I/sysui_multi_action( 1472): [757,199,758,1,759,2,793,12157913,794,0,795,205,796,2048,806,com.android.systemui,857,updateNotification,858,3,947,0,1500,1,1688,1]
09-24 03:00:47.178 I/notification_alert( 1472): [0|com.android.systemui|2048|null|10081,0,1,0]
09-24 03:00:47.184 I/am_wtf ( 1472): [0,1472,system_server,-1,DisplayDeviceConfig,requesting nits when no mapping exists.]
09-24 03:00:47.185 I/am_wtf ( 1472): [0,1472,system_server,-1,DisplayDeviceConfig,requesting nits when no mapping exists.]
09-24 03:00:47.200 I/am_wtf ( 1472): [0,1472,system_server,-1,DisplayDeviceConfig,requesting nits when no mapping exists.]
09-24 03:00:47.201 I/am_wtf ( 1472): [0,1472,system_server,-1,DisplayDeviceConfig,requesting nits when no mapping exists.]
09-24 03:00:47.215 I/am_wtf ( 1472): [0,1472,system_server,-1,DisplayDeviceConfig,requesting nits when no mapping exists.]
09-24 03:00:47.216 I/am_wtf ( 1472): [0,1472,system_server,-1,DisplayDeviceConfig,requesting nits when no mapping exists.]
09-24 03:00:47.233 I/am_wtf ( 1472): [0,1472,system_server,-1,DisplayDeviceConfig,requesting nits when no mapping exists.]
09-24 03:00:47.234 I/am_wtf ( 1472): [0,1472,system_server,-1,DisplayDeviceConfig,requesting nits when no mapping exists.]
09-24 03:00:47.249 I/am_wtf ( 1472): [0,1472,system_server,-1,DisplayDeviceConfig,requesting nits when no mapping exists.]
09-24 03:00:47.250 I/am_wtf ( 1472): [0,1472,system_server,-1,DisplayDeviceConfig,requesting nits when no mapping exists.]
09-24 03:00:47.266 I/am_wtf ( 1472): [0,1472,system_server,-1,DisplayDeviceConfig,requesting nits when no mapping exists.]
09-24 03:00:47.266 I/am_wtf ( 1472): [0,1472,system_server,-1,DisplayDeviceConfig,requesting nits when no mapping exists.]
09-24 03:00:47.282 I/am_wtf ( 1472): [0,1472,system_server,-1,DisplayDeviceConfig,requesting nits when no mapping exists.]
09-24 03:00:47.283 I/am_wtf ( 1472): [0,1472,system_server,-1,DisplayDeviceConfig,requesting nits when no mapping exists.]
09-24 03:00:47.299 I/am_wtf ( 1472): [0,1472,system_server,-1,DisplayDeviceConfig,requesting nits when no mapping exists.]
09-24 03:00:47.300 I/am_wtf ( 1472): [0,1472,system_server,-1,DisplayDeviceConfig,requesting nits when no mapping exists.]
09-24 03:00:47.315 I/am_wtf ( 1472): [0,1472,system_server,-1,DisplayDeviceConfig,requesting nits when no mapping exists.]
09-24 03:00:47.316 I/am_wtf ( 1472): [0,1472,system_server,-1,DisplayDeviceConfig,requesting nits when no mapping exists.]
09-24 03:00:47.506 I/wm_stop_activity( 1472): [0,256617940,com.android.settings/.Settings]
09-24 03:00:47.507 I/wm_stop_activity( 1472): [0,124160873,com.android.systemui/.settings.brightness.BrightnessDialog]
09-24 03:00:47.535 I/sysui_multi_action( 1846): [757,220,758,2]
09-24 03:00:47.535 I/wm_on_stop_called( 1846): [124160873,com.android.systemui.settings.brightness.BrightnessDialog,STOP_ACTIVITY_ITEM]
09-24 03:00:47.537 I/wm_on_stop_called( 4383): [256617940,com.android.settings.Settings,STOP_ACTIVITY_ITEM]
09-24 03:00:56.983 I/auditd ( 5049): type=1400 audit(0.0:2115): avc: granted { nlmsg_readpriv } for comm="pool-8-thread-1" scontext=u:r:untrusted_app_29:s0:c96,c256,c512,c768 tcontext=u:r:untrusted_app_29:s0:c96,c256,c512,c768 tclass=netlink_route_socket app=com.netease.cloudmusic
09-24 03:00:59.956 I/input_interaction( 1472): Interaction with: 945584a com.android.deskclock/android.service.dreams.DreamActivity (server), edge-swipe (server), swipe-up (server), PointerEventDispatcher0 (server),
09-24 03:00:59.960 I/wm_finish_activity( 1472): [0,111353074,155,com.android.deskclock/android.service.dreams.DreamActivity,finish-activity]
09-24 03:00:59.961 I/wm_task_moved( 1472): [151,1,7]
09-24 03:00:59.961 I/wm_task_to_front( 1472): [0,151]
09-24 03:00:59.962 I/wm_focused_root_task( 1472): [0,0,151,155,finish-top adjustFocusToNextFocusableTask]
09-24 03:00:59.963 I/wm_pause_activity( 1472): [0,111353074,com.android.deskclock/android.service.dreams.DreamActivity,userLeaving=false,finish]
09-24 03:00:59.968 I/wm_on_top_resumed_lost_called( 2531): [111353074,android.service.dreams.DreamActivity,topStateChangedWhenResumed]
09-24 03:00:59.968 I/sysui_multi_action( 1472): [757,803,799,window_time_0,802,13]
09-24 03:00:59.969 I/wm_on_paused_called( 2531): [111353074,android.service.dreams.DreamActivity,performPause]
09-24 03:00:59.969 I/wm_add_to_stopping( 1472): [0,111353074,com.android.deskclock/android.service.dreams.DreamActivity,completeFinishing]
09-24 03:00:59.972 I/wm_set_resumed_activity( 1472): [0,com.android.systemui/.settings.brightness.BrightnessDialog,resumeTopActivityInnerLocked]
09-24 03:00:59.975 I/wm_resume_activity( 1472): [0,124160873,151,com.android.systemui/.settings.brightness.BrightnessDialog]
09-24 03:00:59.980 I/input_focus( 1472): [Focus leaving 945584a com.android.deskclock/android.service.dreams.DreamActivity (server),reason=NO_WINDOW]
09-24 03:00:59.980 I/view_enqueue_input_event( 2531): [Motion - Cancel,com.android.deskclock/android.service.dreams.DreamActivity]
09-24 03:00:59.980 I/input_interaction( 1472): Interaction with: edge-swipe (server), swipe-up (server), PointerEventDispatcher0 (server),
09-24 03:00:59.985 I/wm_on_restart_called( 1846): [124160873,com.android.systemui.settings.brightness.BrightnessDialog,performRestartActivity]
09-24 03:00:59.985 I/sysui_multi_action( 1846): [757,220,758,1]
09-24 03:00:59.986 I/wm_on_start_called( 1846): [124160873,com.android.systemui.settings.brightness.BrightnessDialog,handleStartActivity]
09-24 03:00:59.986 I/wm_on_resume_called( 1846): [124160873,com.android.systemui.settings.brightness.BrightnessDialog,RESUME_ACTIVITY]
09-24 03:00:59.986 I/wm_on_top_resumed_gained_called( 1846): [124160873,com.android.systemui.settings.brightness.BrightnessDialog,topWhenResuming]
09-24 03:00:59.989 I/sysui_multi_action( 1472): [757,803,799,window_time_0,802,0]
09-24 03:00:59.991 I/wm_on_restart_called( 4383): [256617940,com.android.settings.Settings,performRestartActivity]
09-24 03:01:00.005 I/input_focus( 1472): [Focus request 77964ab com.android.systemui/com.android.systemui.settings.brightness.BrightnessDialog,reason=UpdateInputWindows]
09-24 03:01:00.010 I/wm_on_start_called( 4383): [256617940,com.android.settings.Settings,handleStartActivity]
09-24 03:01:00.011 I/snet_event_log( 4383): [120484087,-1,]
09-24 03:01:00.065 I/input_focus( 1472): [Focus entering 77964ab com.android.systemui/com.android.systemui.settings.brightness.BrightnessDialog (server),reason=Window became focusable. Previous reason: NOT_VISIBLE]
09-24 03:01:00.571 I/wm_destroy_activity( 1472): [0,111353074,155,com.android.deskclock/android.service.dreams.DreamActivity,finish-imm:idle]
09-24 03:01:00.591 I/wm_on_stop_called( 2531): [111353074,android.service.dreams.DreamActivity,LIFECYCLER_STOP_ACTIVITY]
09-24 03:01:00.592 I/wm_on_destroy_called( 2531): [111353074,android.service.dreams.DreamActivity,performDestroy]
09-24 03:01:00.595 I/sysui_multi_action( 1472): [757,222,758,2]
09-24 03:01:00.596 I/sysui_multi_action( 1472): [757,804,799,dreaming_minutes,801,0,802,1]
09-24 03:01:00.605 I/wm_task_removed( 1472): [155,removeChild:removeChild last r=ActivityRecord{6a31cf2 u0 com.android.deskclock/android.service.dreams.DreamActivity t-1 f}} in t=Task{852a1ab #155 type=dream A=10067:android:com.android.deskclock/dream U=0 visible=false mode=fullscreen translucent=true sz=0}]
09-24 03:01:00.605 I/wm_task_removed( 1472): [155,removeChild]
09-24 03:01:16.223 I/auditd ( 0): type=1400 audit(0.0:2116): avc: denied { kill } for comm="swapper/1" capability=5 scontext=u:r:kernel:s0 tcontext=u:r:kernel:s0 tclass=capability permissive=0
09-24 03:01:26.251 I/auditd ( 5049): type=1400 audit(0.0:2117): avc: granted { nlmsg_readpriv } for comm="pool-8-thread-1" scontext=u:r:untrusted_app_29:s0:c96,c256,c512,c768 tcontext=u:r:untrusted_app_29:s0:c96,c256,c512,c768 tclass=netlink_route_socket app=com.netease.cloudmusic --------- beginning of main
09-24 03:01:41.992 I/mpu_uart( 654): [MSG-P:RECV]:No message received in 1000 ms
09-24 03:01:42.503 I/auditd ( 7881): type=1400 audit(0.0:2118): avc: denied { read } for comm=5468726561642D32202D2031333735 name="tcp" dev="proc" ino=4026532283 scontext=u:r:untrusted_app_29:s0:c106,c256,c512,c768 tcontext=u:object_r:proc_net_tcp_udp:s0 tclass=file permissive=0 app=com.smile.gifmaker
09-24 03:01:42.503 W/com.smile.gifmaker( 7881): type=1400 audit(0.0:2118): avc: denied { read } for comm=5468726561642D32202D2031333735 name="tcp" dev="proc" ino=4026532283 scontext=u:r:untrusted_app_29:s0:c106,c256,c512,c768 tcontext=u:object_r:proc_net_tcp_udp:s0 tclass=file permissive=0 app=com.smile.gifmaker
09-24 03:01:42.948 I/mpu_uart( 654): [MSG-P:R]:recv sync frame timeout
09-24 03:01:42.992 I/mpu_uart( 654): [MSG-P:RECV]:No message received in 1000 ms
09-24 03:01:43.051 I/auditd ( 8065): type=1400 audit(0.0:2119): avc: denied { read } for comm="pool-2-thread-6" name="tcp" dev="proc" ino=4026532283 scontext=u:r:untrusted_app_29:s0:c106,c256,c512,c768 tcontext=u:object_r:proc_net_tcp_udp:s0 tclass=file permissive=0 app=com.smile.gifmaker
09-24 03:01:43.051 W/pool-2-thread-6( 8065): type=1400 audit(0.0:2119): avc: denied { read } for name="tcp" dev="proc" ino=4026532283 scontext=u:r:untrusted_app_29:s0:c106,c256,c512,c768 tcontext=u:object_r:proc_net_tcp_udp:s0 tclass=file permissive=0 app=com.smile.gifmaker --------- beginning of crash
09-24 03:01:43.952 F/linker (27225): CANNOT LINK EXECUTABLE "/vendor/bin/hw/qvrservice": library "vendor.qti.hardware.qxr-V1-ndk_platform.so" not found: needed by /vendor/lib64/libqvrservice.so in namespace (default)
09-24 03:01:43.952 F/linker (27226): CANNOT LINK EXECUTABLE "/vendor/bin/hw/sxrservice": library "vendor.qti.hardware.qxr-V1-ndk_platform.so" not found: needed by main executable
09-24 03:01:43.955 I/unknown ( 7881): khook pthread_attr_init_callback set thread stack from 1008 to 256 KB
09-24 03:01:43.955 I/unknown ( 7881): khook setstacksize __addr 0xbcd259b8, from 1040 KB to 256 KB
09-24 03:01:43.958 I/hwservicemanager( 513): getTransport: Cannot find entry android.hardware.light@2.0::ILight/default in either framework or device VINTF manifest.
09-24 03:01:43.960 E/light (27224): light_open lights keyboard failed: -22
09-24 03:01:43.960 E/light (27224): Light passthrough failed to load legacy HAL.
09-24 03:01:43.961 E/light (27224): light_open lights buttons failed: -22
09-24 03:01:43.961 E/light (27224): Light passthrough failed to load legacy HAL.
09-24 03:01:43.962 E/light (27224): light_open lights bluetooth failed: -22
09-24 03:01:43.962 E/light (27224): Light passthrough failed to load legacy HAL.
09-24 03:01:43.962 E/light (27224): light_open lights wifi failed: -22
09-24 03:01:43.962 E/light (27224): Light passthrough failed to load legacy HAL.
09-24 03:01:43.963 I/hwservicemanager( 513): getTransport: Cannot find entry android.hardware.light@2.0::ILight/default in either framework or device VINTF manifest.
09-24 03:01:43.963 E/HidlServiceManagement(27224): Service android.hardware.light@2.0::ILight/default must be in VINTF manifest in order to register/get.
09-24 03:01:43.963 E/LegacySupport(27224): Could not register service android.hardware.light@2.0::ILight/default (-2147483648).
09-24 03:01:43.973 I/unknown ( 7881): khook pthread_attr_init_callback set thread stack from 1008 to 256 KB
09-24 03:01:43.973 I/unknown ( 7881): khook setstacksize __addr 0xbe6dcb68, from 1040 KB to 256 KB
09-24 03:01:43.993 I/mpu_uart( 654): [MSG-P:RECV]:No message received in 1000 ms
09-24 03:01:44.484 D/NetworkMonitor/101( 1960): isDataStall: result=1, tcp packets received=0, latest tcp fail rate=0, consecutive dns timeout count=2546
09-24 03:01:44.484 D/NetworkMonitor/101( 1960): Suspecting data stall, reevaluate
09-24 03:01:44.486 D/ConnectivityService( 1472): Data stall detected with methods: 1
09-24 03:01:44.486 D/NetworkMonitor/101( 1960): Validation disabled.
09-24 03:01:44.491 D/ConnectivityService( 1472): [101 WIFI] validation passed
09-24 03:01:44.993 I/mpu_uart( 654): [MSG-P:RECV]:No message received in 1000 ms
09-24 03:01:45.951 I/mpu_uart( 654): [MSG-P:R]:recv sync frame timeout
09-24 03:01:45.994 I/mpu_uart( 654): [MSG-P:RECV]:No message received in 1000 ms
09-24 03:01:46.328 D/ConnectivityService( 1472): Data stall detected with methods: 1
09-24 03:01:46.329 D/NetworkMonitor/101( 1960): isDataStall: result=1, tcp packets received=0, latest tcp fail rate=0, consecutive dns timeout count=2547
09-24 03:01:46.329 D/NetworkMonitor/101( 1960): Suspecting data stall, reevaluate
09-24 03:01:46.327 I/auditd ( 5049): type=1400 audit(0.0:2120): avc: granted { nlmsg_readpriv } for comm="pool-8-thread-1" scontext=u:r:untrusted_app_29:s0:c96,c256,c512,c768 tcontext=u:r:untrusted_app_29:s0:c96,c256,c512,c768 tclass=netlink_route_socket app=com.netease.cloudmusic
09-24 03:01:46.327 W/pool-8-thread-1( 5049): type=1400 audit(0.0:2120): avc: granted { nlmsg_readpriv } for scontext=u:r:untrusted_app_29:s0:c96,c256,c512,c768 tcontext=u:r:untrusted_app_29:s0:c96,c256,c512,c768 tclass=netlink_route_socket app=com.netease.cloudmusic
09-24 03:01:46.332 D/NetworkMonitor/101( 1960): Validation disabled.
09-24 03:01:46.336 D/ConnectivityService( 1472): [101 WIFI] validation passed
09-24 03:01:46.497 D/ConnectivityService( 1472): Data stall detected with methods: 1
09-24 03:01:46.498 D/NetworkMonitor/101( 1960): isDataStall: result=1, tcp packets received=0, latest tcp fail rate=0, consecutive dns timeout count=2548
09-24 03:01:46.498 D/NetworkMonitor/101( 1960): Suspecting data stall, reevaluate
09-24 03:01:46.500 D/NetworkMonitor/101( 1960): Validation disabled.
09-24 03:01:46.504 D/ConnectivityService( 1472): [101 WIFI] validation passed
09-24 03:01:46.828 D/ConnectivityService( 1472): Data stall detected with methods: 1
09-24 03:01:46.828 D/NetworkMonitor/101( 1960): isDataStall: result=1, tcp packets received=0, latest tcp fail rate=0, consecutive dns timeout count=2549
09-24 03:01:46.828 D/NetworkMonitor/101( 1960): Suspecting data stall, reevaluate
09-24 03:01:46.829 D/NetworkMonitor/101( 1960): Validation disabled.
09-24 03:01:46.835 D/ConnectivityService( 1472): [101 WIFI] validation passed
09-24 03:01:46.994 I/mpu_uart( 654): [MSG-P:RECV]:No message received in 1000 ms
09-24 03:01:47.994 I/mpu_uart( 654): [MSG-P:RECV]:No message received in 1000 ms
09-24 03:01:48.954 I/mpu_uart( 654): [MSG-P:R]:recv sync frame timeout
09-24 03:01:48.968 F/linker (27236): CANNOT LINK EXECUTABLE "/vendor/bin/hw/qvrservice": library "vendor.qti.hardware.qxr-V1-ndk_platform.so" not found: needed by /vendor/lib64/libqvrservice.so in namespace (default)
09-24 03:01:48.969 F/linker (27237): CANNOT LINK EXECUTABLE "/vendor/bin/hw/sxrservice": library "vendor.qti.hardware.qxr-V1-ndk_platform.so" not found: needed by main executable
09-24 03:01:48.976 I/hwservicemanager( 513): getTransport: Cannot find entry android.hardware.light@2.0::ILight/default in either framework or device VINTF manifest.
09-24 03:01:48.978 E/light (27235): light_open lights keyboard failed: -22
09-24 03:01:48.978 E/light (27235): Light passthrough failed to load legacy HAL.
09-24 03:01:48.979 E/light (27235): light_open lights buttons failed: -22
09-24 03:01:48.979 E/light (27235): Light passthrough failed to load legacy HAL.
09-24 03:01:48.980 E/light (27235): light_open lights bluetooth failed: -22
09-24 03:01:48.980 E/light (27235): Light passthrough failed to load legacy HAL.
09-24 03:01:48.980 E/light (27235): light_open lights wifi failed: -22
09-24 03:01:48.980 E/light (27235): Light passthrough failed to load legacy HAL.
09-24 03:01:48.981 I/hwservicemanager( 513): getTransport: Cannot find entry android.hardware.light@2.0::ILight/default in either framework or device VINTF manifest.
09-24 03:01:48.981 E/HidlServiceManagement(27235): Service android.hardware.light@2.0::ILight/default must be in VINTF manifest in order to register/get.
09-24 03:01:48.981 E/LegacySupport(27235): Could not register service android.hardware.light@2.0::ILight/default (-2147483648).
09-24 03:01:48.995 I/mpu_uart( 654): [MSG-P:RECV]:No message received in 1000 ms
09-24 03:01:49.995 I/mpu_uart( 654): [MSG-P:RECV]:No message received in 1000 ms
09-24 03:01:50.995 I/mpu_uart( 654): [MSG-P:RECV]:No message received in 1000 ms
09-24 03:01:51.958 I/mpu_uart( 654): [MSG-P:R]:recv sync frame timeout
09-24 03:01:51.996 I/mpu_uart( 654): [MSG-P:RECV]:No message received in 1000 ms
09-24 03:01:52.996 I/mpu_uart( 654): [MSG-P:RECV]:No message received in 1000 ms --------- beginning of system
09-24 03:01:53.074 V/DisplayPowerController[0]( 1472): Brightness [0.05] reason changing to: 'manual [ dim ]', previous reason: 'manual'.
09-24 03:01:53.074 I/sysui_multi_action( 1472): [757,1696,758,6,759,2]
09-24 03:01:53.074 W/PowerManagerService( 1472): Screen on took 53074 ms
09-24 03:01:53.080 E/DisplayDeviceConfig( 1472): requesting nits when no mapping exists.
09-24 03:01:53.081 E/DisplayDeviceConfig( 1472): requesting nits when no mapping exists.
09-24 03:01:53.082 I/am_wtf ( 1472): [0,1472,system_server,-1,DisplayDeviceConfig,requesting nits when no mapping exists.]
09-24 03:01:53.083 I/DropBoxManagerService( 1472): add tag=system_server_wtf isTagEnabled=true flags=0x2
09-24 03:01:53.086 I/am_wtf ( 1472): [0,1472,system_server,-1,DisplayDeviceConfig,requesting nits when no mapping exists.]
09-24 03:01:53.087 I/DropBoxManagerService( 1472): add tag=system_server_wtf isTagEnabled=true flags=0x2
09-24 03:01:53.097 E/DisplayDeviceConfig( 1472): requesting nits when no mapping exists.
09-24 03:01:53.098 E/DisplayDeviceConfig( 1472): requesting nits when no mapping exists.
09-24 03:01:53.098 I/am_wtf ( 1472): [0,1472,system_server,-1,DisplayDeviceConfig,requesting nits when no mapping exists.]
09-24 03:01:53.099 I/DropBoxManagerService( 1472): add tag=system_server_wtf isTagEnabled=true flags=0x2
09-24 03:01:53.100 I/am_wtf ( 1472): [0,1472,system_server,-1,DisplayDeviceConfig,requesting nits when no mapping exists.]
09-24 03:01:53.100 I/DropBoxManagerService( 1472): add tag=system_server_wtf isTagEnabled=true flags=0x2
09-24 03:01:53.114 E/DisplayDeviceConfig( 1472): requesting nits when no mapping exists.
09-24 03:01:53.114 E/DisplayDeviceConfig( 1472): requesting nits when no mapping exists.
09-24 03:01:53.115 I/am_wtf ( 1472): [0,1472,system_server,-1,DisplayDeviceConfig,requesting nits when no mapping exists.]
09-24 03:01:53.116 I/DropBoxManagerService( 1472): add tag=system_server_wtf isTagEnabled=true flags=0x2
09-24 03:01:53.117 I/am_wtf ( 1472): [0,1472,system_server,-1,DisplayDeviceConfig,requesting nits when no mapping exists.]
09-24 03:01:53.123 E/DisplayDeviceConfig( 1472): requesting nits when no mapping exists.
09-24 03:01:53.124 I/am_wtf ( 1472): [0,1472,system_server,-1,DisplayDeviceConfig,requesting nits when no mapping exists.]
09-24 03:01:53.124 E/DisplayDeviceConfig( 1472): requesting nits when no mapping exists.
09-24 03:01:53.124 I/am_wtf ( 1472): [0,1472,system_server,-1,DisplayDeviceConfig,requesting nits when no mapping exists.]
09-24 03:01:53.140 E/DisplayDeviceConfig( 1472): requesting nits when no mapping exists.
09-24 03:01:53.140 E/DisplayDeviceConfig( 1472): requesting nits when no mapping exists.
09-24 03:01:53.140 I/am_wtf ( 1472): [0,1472,system_server,-1,DisplayDeviceConfig,requesting nits when no mapping exists.]
09-24 03:01:53.141 I/am_wtf ( 1472): [0,1472,system_server,-1,DisplayDeviceConfig,requesting nits when no mapping exists.]
09-24 03:01:53.156 E/DisplayDeviceConfig( 1472): requesting nits when no mapping exists.
09-24 03:01:53.157 E/DisplayDeviceConfig( 1472): requesting nits when no mapping exists.
09-24 03:01:53.157 I/am_wtf ( 1472): [0,1472,system_server,-1,DisplayDeviceConfig,requesting nits when no mapping exists.]
09-24 03:01:53.158 I/am_wtf ( 1472): [0,1472,system_server,-1,DisplayDeviceConfig,requesting nits when no mapping exists.]
09-24 03:01:53.173 E/DisplayDeviceConfig( 1472): requesting nits when no mapping exists.
09-24 03:01:53.173 E/DisplayDeviceConfig( 1472): requesting nits when no mapping exists.
09-24 03:01:53.173 I/am_wtf ( 1472): [0,1472,system_server,-1,DisplayDeviceConfig,requesting nits when no mapping exists.]
09-24 03:01:53.174 I/am_wtf ( 1472): [0,1472,system_server,-1,DisplayDeviceConfig,requesting nits when no mapping exists.]
09-24 03:01:53.190 E/DisplayDeviceConfig( 1472): requesting nits when no mapping exists.
09-24 03:01:53.190 I/am_wtf ( 1472): [0,1472,system_server,-1,DisplayDeviceConfig,requesting nits when no mapping exists.]
09-24 03:01:53.191 E/DisplayDeviceConfig( 1472): requesting nits when no mapping exists.
09-24 03:01:53.191 I/am_wtf ( 1472): [0,1472,system_server,-1,DisplayDeviceConfig,requesting nits when no mapping exists.]
09-24 03:01:53.207 E/DisplayDeviceConfig( 1472): requesting nits when no mapping exists.
09-24 03:01:53.208 E/DisplayDeviceConfig( 1472): requesting nits when no mapping exists.
09-24 03:01:53.208 I/am_wtf ( 1472): [0,1472,system_server,-1,DisplayDeviceConfig,requesting nits when no mapping exists.]
09-24 03:01:53.209 I/am_wtf ( 1472): [0,1472,system_server,-1,DisplayDeviceConfig,requesting nits when no mapping exists.]
09-24 03:01:53.223 E/DisplayDeviceConfig( 1472): requesting nits when no mapping exists.
09-24 03:01:53.224 I/am_wtf ( 1472): [0,1472,system_server,-1,DisplayDeviceConfig,requesting nits when no mapping exists.]
09-24 03:01:53.224 E/DisplayDeviceConfig( 1472): requesting nits when no mapping exists.
09-24 03:01:53.225 I/am_wtf ( 1472): [0,1472,system_server,-1,DisplayDeviceConfig,requesting nits when no mapping exists.]
09-24 03:01:53.240 E/DisplayDeviceConfig( 1472): requesting nits when no mapping exists.
09-24 03:01:53.241 E/DisplayDeviceConfig( 1472): requesting nits when no mapping exists.
09-24 03:01:53.241 I/am_wtf ( 1472): [0,1472,system_server,-1,DisplayDeviceConfig,requesting nits when no mapping exists.]
09-24 03:01:53.242 I/am_wtf ( 1472): [0,1472,system_server,-1,DisplayDeviceConfig,requesting nits when no mapping exists.]
09-24 03:01:53.257 E/DisplayDeviceConfig( 1472): requesting nits when no mapping exists.
09-24 03:01:53.257 E/DisplayDeviceConfig( 1472): requesting nits when no mapping exists.
09-24 03:01:53.257 I/am_wtf ( 1472): [0,1472,system_server,-1,DisplayDeviceConfig,requesting nits when no mapping exists.]
09-24 03:01:53.258 I/am_wtf ( 1472): [0,1472,system_server,-1,DisplayDeviceConfig,requesting nits when no mapping exists.]
09-24 03:01:53.274 E/DisplayDeviceConfig( 1472): requesting nits when no mapping exists.
09-24 03:01:53.274 E/DisplayDeviceConfig( 1472): requesting nits when no mapping exists.
09-24 03:01:53.274 I/am_wtf ( 1472): [0,1472,system_server,-1,DisplayDeviceConfig,requesting nits when no mapping exists.]
09-24 03:01:53.275 I/am_wtf ( 1472): [0,1472,system_server,-1,DisplayDeviceConfig,requesting nits when no mapping exists.]
09-24 03:01:53.290 E/DisplayDeviceConfig( 1472): requesting nits when no mapping exists.
09-24 03:01:53.291 E/DisplayDeviceConfig( 1472): requesting nits when no mapping exists.
09-24 03:01:53.291 I/am_wtf ( 1472): [0,1472,system_server,-1,DisplayDeviceConfig,requesting nits when no mapping exists.]
09-24 03:01:53.292 I/am_wtf ( 1472): [0,1472,system_server,-1,DisplayDeviceConfig,requesting nits when no mapping exists.]
09-24 03:01:53.307 E/DisplayDeviceConfig( 1472): requesting nits when no mapping exists.
09-24 03:01:53.308 E/DisplayDeviceConfig( 1472): requesting nits when no mapping exists.
09-24 03:01:53.308 I/am_wtf ( 1472): [0,1472,system_server,-1,DisplayDeviceConfig,requesting nits when no mapping exists.]
09-24 03:01:53.308 I/am_wtf ( 1472): [0,1472,system_server,-1,DisplayDeviceConfig,requesting nits when no mapping exists.]
09-24 03:01:53.324 E/DisplayDeviceConfig( 1472): requesting nits when no mapping exists.
09-24 03:01:53.324 E/DisplayDeviceConfig( 1472): requesting nits when no mapping exists.
09-24 03:01:53.324 I/am_wtf ( 1472): [0,1472,system_server,-1,DisplayDeviceConfig,requesting nits when no mapping exists.]
09-24 03:01:53.325 I/am_wtf ( 1472): [0,1472,system_server,-1,DisplayDeviceConfig,requesting nits when no mapping exists.]
09-24 03:01:53.340 E/DisplayDeviceConfig( 1472): requesting nits when no mapping exists.
09-24 03:01:53.341 E/DisplayDeviceConfig( 1472): requesting nits when no mapping exists.
09-24 03:01:53.341 I/am_wtf ( 1472): [0,1472,system_server,-1,DisplayDeviceConfig,requesting nits when no mapping exists.]
09-24 03:01:53.343 I/am_wtf ( 1472): [0,1472,system_server,-1,DisplayDeviceConfig,requesting nits when no mapping exists.]
09-24 03:01:53.357 E/DisplayDeviceConfig( 1472): requesting nits when no mapping exists.
09-24 03:01:53.357 E/DisplayDeviceConfig( 1472): requesting nits when no mapping exists.
09-24 03:01:53.357 I/am_wtf ( 1472): [0,1472,system_server,-1,DisplayDeviceConfig,requesting nits when no mapping exists.]
09-24 03:01:53.358 I/am_wtf ( 1472): [0,1472,system_server,-1,DisplayDeviceConfig,requesting nits when no mapping exists.]
09-24 03:01:53.374 E/DisplayDeviceConfig( 1472): requesting nits when no mapping exists.
09-24 03:01:53.374 E/DisplayDeviceConfig( 1472): requesting nits when no mapping exists.
09-24 03:01:53.374 I/am_wtf ( 1472): [0,1472,system_server,-1,DisplayDeviceConfig,requesting nits when no mapping exists.]
09-24 03:01:53.375 I/am_wtf ( 1472): [0,1472,system_server,-1,DisplayDeviceConfig,requesting nits when no mapping exists.]
09-24 03:01:53.390 E/DisplayDeviceConfig( 1472): requesting nits when no mapping exists.
09-24 03:01:53.391 E/DisplayDeviceConfig( 1472): requesting nits when no mapping exists.
09-24 03:01:53.391 I/am_wtf ( 1472): [0,1472,system_server,-1,DisplayDeviceConfig,requesting nits when no mapping exists.]
09-24 03:01:53.392 I/am_wtf ( 1472): [0,1472,system_server,-1,DisplayDeviceConfig,requesting nits when no mapping exists.]
09-24 03:01:53.973 F/linker (27241): CANNOT LINK EXECUTABLE "/vendor/bin/hw/qvrservice": library "vendor.qti.hardware.qxr-V1-ndk_platform.so" not found: needed by /vendor/lib64/libqvrservice.so in namespace (default)
09-24 03:01:53.974 F/linker (27242): CANNOT LINK EXECUTABLE "/vendor/bin/hw/sxrservice": library "vendor.qti.hardware.qxr-V1-ndk_platform.so" not found: needed by main executable
09-24 03:01:53.980 I/hwservicemanager( 513): getTransport: Cannot find entry android.hardware.light@2.0::ILight/default in either framework or device VINTF manifest.
09-24 03:01:53.982 E/light (27240): light_open lights keyboard failed: -22
09-24 03:01:53.982 E/light (27240): Light passthrough failed to load legacy HAL.
09-24 03:01:53.982 E/light (27240): light_open lights buttons failed: -22
09-24 03:01:53.982 E/light (27240): Light passthrough failed to load legacy HAL.
09-24 03:01:53.983 E/light (27240): light_open lights bluetooth failed: -22
09-24 03:01:53.983 E/light (27240): Light passthrough failed to load legacy HAL.
09-24 03:01:53.984 E/light (27240): light_open lights wifi failed: -22
09-24 03:01:53.984 E/light (27240): Light passthrough failed to load legacy HAL.
09-24 03:01:53.984 I/hwservicemanager( 513): getTransport: Cannot find entry android.hardware.light@2.0::ILight/default in either framework or device VINTF manifest.
09-24 03:01:53.984 E/HidlServiceManagement(27240): Service android.hardware.light@2.0::ILight/default must be in VINTF manifest in order to register/get.
09-24 03:01:53.984 E/LegacySupport(27240): Could not register service android.hardware.light@2.0::ILight/default (-2147483648).
09-24 03:01:53.991 I/unknown ( 7881): khook pthread_attr_init_callback set thread stack from 1008 to 256 KB
09-24 03:01:53.991 I/unknown ( 7881): khook setstacksize __addr 0xba72d9b8, from 1040 KB to 256 KB
09-24 03:01:53.997 I/mpu_uart( 654): [MSG-P:RECV]:No message received in 1000 ms
09-24 03:01:54.011 I/unknown ( 7881): khook pthread_attr_init_callback set thread stack from 1008 to 256 KB
09-24 03:01:54.011 I/unknown ( 7881): khook setstacksize __addr 0xbe6dcb68, from 1040 KB to 256 KB
09-24 03:01:54.961 I/mpu_uart( 654): [MSG-P:R]:recv sync frame timeout
09-24 03:01:54.997 I/mpu_uart( 654): [MSG-P:RECV]:No message received in 1000 ms
09-24 03:01:55.998 I/mpu_uart( 654): [MSG-P:RECV]:No message received in 1000 ms
09-24 03:01:56.850 D/NetworkMonitor/101( 1960): isDataStall: result=1, tcp packets received=0, latest tcp fail rate=0, consecutive dns timeout count=2550
09-24 03:01:56.850 D/NetworkMonitor/101( 1960): Suspecting data stall, reevaluate
09-24 03:01:56.851 D/ConnectivityService( 1472): Data stall detected with methods: 1
09-24 03:01:56.851 D/NetworkMonitor/101( 1960): Validation disabled.
09-24 03:01:56.856 D/ConnectivityService( 1472): [101 WIFI] validation passed
09-24 03:01:56.998 I/mpu_uart( 654): [MSG-P:RECV]:No message received in 1000 ms
09-24 03:01:57.964 I/mpu_uart( 654): [MSG-P:R]:recv sync frame timeout
09-24 03:01:57.999 I/mpu_uart( 654): [MSG-P:RECV]:No message received in 1000 ms
09-24 03:01:58.980 F/linker (27259): CANNOT LINK EXECUTABLE "/vendor/bin/hw/qvrservice": library "vendor.qti.hardware.qxr-V1-ndk_platform.so" not found: needed by /vendor/lib64/libqvrservice.so in namespace (default)
09-24 03:01:58.981 F/linker (27260): CANNOT LINK EXECUTABLE "/vendor/bin/hw/sxrservice": library "vendor.qti.hardware.qxr-V1-ndk_platform.so" not found: needed by main executable
09-24 03:01:58.988 I/hwservicemanager( 513): getTransport: Cannot find entry android.hardware.light@2.0::ILight/default in either framework or device VINTF manifest.
09-24 03:01:58.990 E/light (27258): light_open lights keyboard failed: -22
09-24 03:01:58.990 E/light (27258): Light passthrough failed to load legacy HAL.
09-24 03:01:58.991 E/light (27258): light_open lights buttons failed: -22
09-24 03:01:58.991 E/light (27258): Light passthrough failed to load legacy HAL.
09-24 03:01:58.992 E/light (27258): light_open lights bluetooth failed: -22
09-24 03:01:58.992 E/light (27258): Light passthrough failed to load legacy HAL.
09-24 03:01:58.992 E/light (27258): light_open lights wifi failed: -22
09-24 03:01:58.992 E/light (27258): Light passthrough failed to load legacy HAL.
09-24 03:01:58.993 I/hwservicemanager( 513): getTransport: Cannot find entry android.hardware.light@2.0::ILight/default in either framework or device VINTF manifest.
09-24 03:01:58.993 E/HidlServiceManagement(27258): Service android.hardware.light@2.0::ILight/default must be in VINTF manifest in order to register/get.
09-24 03:01:58.993 E/LegacySupport(27258): Could not register service android.hardware.light@2.0::ILight/default (-2147483648).
09-24 03:01:58.999 I/mpu_uart( 654): [MSG-P:RECV]:No message received in 1000 ms
09-24 03:01:59.999 I/mpu_uart( 654): [MSG-P:RECV]:No message received in 1000 ms
09-24 03:02:00.002 D/KeyguardUpdateMonitor( 1846): received broadcast android.intent.action.TIME_TICK
09-24 03:02:00.005 D/KeyguardUpdateMonitor( 1846): handleTimeUpdate
09-24 03:02:00.568 I/PowerManagerService( 1472): Napping display group (groupId=0, uid=1000)...
09-24 03:02:00.568 I/PowerManagerService( 1472): Nap time (uid 1000)...
09-24 03:02:00.571 I/DreamManagerService( 1472): Entering dreamland.
09-24 03:02:00.575 I/PowerManagerService( 1472): Dreaming...
09-24 03:02:00.578 I/DreamController( 1472): Starting dream: name=ComponentInfo{com.android.deskclock/com.android.deskclock.Screensaver}, isTest=false, canDoze=false, userId=0
09-24 03:02:00.578 I/sysui_multi_action( 1472): [757,222,758,1]
09-24 03:02:00.580 V/ShadeControllerImpl( 1846): NotificationShadeWindow: com.android.systemui.statusbar.phone.NotificationShadeWindowView{924f377 I.E...... ......ID 0,0-2380,1020} canPanelBeCollapsed(): false
09-24 03:02:00.585 D/CompatibilityInfo( 1472): mCompatibilityFlags - 4
09-24 03:02:00.585 D/CompatibilityInfo( 1472): applicationDensity - 240
09-24 03:02:00.585 D/CompatibilityInfo( 1472): applicationScale - 1.0
09-24 03:02:00.595 I/ActivityTaskManager( 1472): START u0 {flg=0x10000000 pkg=com.android.deskclock cmp=com.android.deskclock/android.service.dreams.DreamActivity (has extras)} from uid 10067
09-24 03:02:00.596 I/EventSequenceValidator( 1472): inc AccIntentStartedEvents to 2
09-24 03:02:00.597 I/wm_task_created( 1472): [156,-1]
09-24 03:02:00.597 W/ActivityTaskManager( 1472): Can't find TaskDisplayArea to determine support for multi window. Task id=156 attached=false
09-24 03:02:00.601 I/wm_task_moved( 1472): [156,1,8]
09-24 03:02:00.601 I/wm_task_to_front( 1472): [0,156]
09-24 03:02:00.601 I/wm_create_task( 1472): [0,156]
09-24 03:02:00.601 I/wm_create_activity( 1472): [0,208839905,156,com.android.deskclock/android.service.dreams.DreamActivity,NULL,NULL,NULL,276824064]
09-24 03:02:00.601 I/wm_task_moved( 1472): [156,1,8]
09-24 03:02:00.601 I/wm_on_top_resumed_lost_called( 1846): [124160873,com.android.systemui.settings.brightness.BrightnessDialog,topStateChangedWhenResumed]
09-24 03:02:00.602 D/CompatibilityInfo( 1472): mCompatibilityFlags - 4
09-24 03:02:00.602 D/CompatibilityInfo( 1472): applicationDensity - 240
09-24 03:02:00.602 D/CompatibilityInfo( 1472): applicationScale - 1.0
09-24 03:02:00.602 D/ActivityTrigger( 1472): ActivityTrigger activityPauseTrigger
09-24 03:02:00.603 I/wm_pause_activity( 1472): [0,124160873,com.android.systemui/.settings.brightness.BrightnessDialog,userLeaving=true,pauseBackTasks]
09-24 03:02:00.608 I/wm_on_paused_called( 1846): [124160873,com.android.systemui.settings.brightness.BrightnessDialog,performPause]
09-24 03:02:00.610 I/ActivityTaskManager( 1472): FOREGROUND_APPLICATION_CHANGED to android.service.dreams.DreamActivity
09-24 03:02:00.611 I/ActivityTaskManager( 1472): The Process com.android.deskclock Already Exists in BG. So sending its PID: 2531
09-24 03:02:00.611 W/ActivityTaskManager( 1472): Tried to set launchTime (0) < mLastActivityLaunchTime (12180421)
09-24 03:02:00.611 I/wm_add_to_stopping( 1472): [0,124160873,com.android.systemui/.settings.brightness.BrightnessDialog,makeInvisible]
09-24 03:02:00.611 I/wm_add_to_stopping( 1472): [0,256617940,com.android.settings/.Settings,makeInvisible]
09-24 03:02:00.612 I/wm_restart_activity( 1472): [0,208839905,156,com.android.deskclock/android.service.dreams.DreamActivity]
09-24 03:02:00.612 D/CompatibilityInfo( 1472): mCompatibilityFlags - 4
09-24 03:02:00.612 D/CompatibilityInfo( 1472): applicationDensity - 240
09-24 03:02:00.612 D/CompatibilityInfo( 1472): applicationScale - 1.0
09-24 03:02:00.615 I/wm_set_resumed_activity( 1472): [0,com.android.deskclock/android.service.dreams.DreamActivity,minimalResumeActivityLocked]
09-24 03:02:00.623 I/sysui_multi_action( 1472): [757,803,799,window_time_0,802,61]
09-24 03:02:00.633 I/wm_on_create_called( 2531): [208839905,android.service.dreams.DreamActivity,performCreate]
09-24 03:02:00.634 I/wm_on_start_called( 2531): [208839905,android.service.dreams.DreamActivity,handleStartActivity]
09-24 03:02:00.636 I/wm_on_resume_called( 2531): [208839905,android.service.dreams.DreamActivity,RESUME_ACTIVITY]
09-24 03:02:00.638 W/WindowManager( 1472): Failed looking up window session=Session{1ba8fbe 2531:u0a10067} callers=com.android.server.wm.WindowManagerService.windowForClientLocked:5626 com.android.server.wm.Session.insetsModified:629 android.view.IWindowSession$Stub.onTransact:1151
09-24 03:02:00.640 I/BpBinder( 979): onLastStrongRef automatically unlinking death recipients:
09-24 03:02:00.640 D/KeyguardViewMediator( 1846): setOccluded true
09-24 03:02:00.641 I/wm_on_top_resumed_gained_called( 2531): [208839905,android.service.dreams.DreamActivity,topStateChangedWhenResumed]
09-24 03:02:00.641 I/input_focus( 1472): [Focus leaving 77964ab com.android.systemui/com.android.systemui.settings.brightness.BrightnessDialog (server),reason=NO_WINDOW]
09-24 03:02:00.642 V/KeyguardUpdateMonitor( 1846): startListeningForFingerprint()
09-24 03:02:00.643 D/KeyguardViewMediator( 1846): adjustStatusBarLocked: mShowing=false mOccluded=true isSecure=false force=false --> flags=0x0
09-24 03:02:00.643 E/ThemeUtils( 2531): View class androidx.appcompat.widget.AppCompatImageView is an AppCompat widget that can only be used with a Theme.AppCompat theme (or descendant).
09-24 03:02:00.644 E/ThemeUtils( 2531): View class androidx.appcompat.widget.AppCompatImageView is an AppCompat widget that can only be used with a Theme.AppCompat theme (or descendant).
09-24 03:02:00.644 E/ThemeUtils( 2531): View class androidx.appcompat.widget.AppCompatImageView is an AppCompat widget that can only be used with a Theme.AppCompat theme (or descendant).
09-24 03:02:00.645 E/ThemeUtils( 2531): View class androidx.appcompat.widget.AppCompatImageView is an AppCompat widget that can only be used with a Theme.AppCompat theme (or descendant).
09-24 03:02:00.665 I/input_focus( 1472): [Focus request ac20f19 com.android.deskclock/android.service.dreams.DreamActivity,reason=UpdateInputWindows]
09-24 03:02:00.667 I/sysui_multi_action( 1846): [757,111,758,2]
09-24 03:02:00.667 I/notification_enqueue( 1472): [10081,1846,com.android.systemui,2048,NULL,0,Notification(channel=updateNotification shortcut=null contentView=null vibrate=null sound=null defaults=0x0 flags=0x0 color=0x00000000 vis=PRIVATE),1]
09-24 03:02:00.668 I/sysui_multi_action( 1846): [757,111,758,2]
09-24 03:02:00.673 I/BpBinder( 979): onLastStrongRef automatically unlinking death recipients:
09-24 03:02:00.681 I/sysui_multi_action( 1846): [757,111,758,1]
09-24 03:02:00.682 I/sysui_multi_action( 1846): [757,126,758,1,759,126,927,0,928,1,1593,0]
09-24 03:02:00.682 I/sysui_multi_action( 1846): [757,113,758,1,759,113,927,1,928,1,1593,0]
09-24 03:02:00.682 I/sysui_multi_action( 1846): [757,0,758,1,759,0,927,2,928,0,1593,0]
09-24 03:02:00.683 I/sysui_multi_action( 1846): [757,0,758,1,759,0,927,3,928,0,1593,0]
09-24 03:02:00.683 I/sysui_multi_action( 1846): [757,1706,758,1,759,1706,927,4,928,0,1593,0]
09-24 03:02:00.683 I/sysui_multi_action( 1846): [757,491,758,1,759,491,927,5,928,0,1311,-1,1593,0]
09-24 03:02:00.684 I/OpenGLRenderer( 1846): Davey! duration=73698ms; Flags=0, FrameTimelineVsyncId=174658, IntendedVsync=12180452382332, Vsync=12180452382332, InputEventId=0, HandleInputStart=12180452651550, AnimationStart=12180452653269, PerformTraversalsStart=12180452745977, DrawStart=12180452807748, FrameDeadline=12180485715664, FrameInterval=12180452647956, FrameStartTime=16666666, SyncQueued=12180452932488, SyncStart=12180453188686, IssueDrawCommandsStart=12180453316550, SwapBuffers=12180455221654, FrameCompleted=12254151311157, DequeueBufferDuration=34479, QueueBufferDuration=679896, GpuCompleted=12254151311157, SwapBuffersCompleted=12180456362904, DisplayPresentTime=13229774883324017,
09-24 03:02:00.684 I/sysui_multi_action( 1846): [757,0,758,1,759,0,927,6,928,0,1593,0]
09-24 03:02:00.684 I/sysui_multi_action( 1846): [757,114,758,1,759,114,927,7,928,0,1593,0]
09-24 03:02:00.684 I/sysui_multi_action( 1846): [757,268,758,1,759,268,806,com.netease.cloudmusic,871,com.netease.cloudmusic.titleservice.PlayFavoriteMusicTitleService,927,8,1593,0]
09-24 03:02:00.684 I/sysui_multi_action( 1846): [757,268,758,1,759,268,806,com.netease.cloudmusic,871,com.netease.cloudmusic.titleservice.PrivateFmTitleService,927,9,1593,0]
09-24 03:02:00.684 I/sysui_multi_action( 1846): [757,268,758,1,759,268,806,com.netease.cloudmusic,871,com.netease.cloudmusic.music.biz.voice.tileservice.PopularPodCastService,927,10,1593,0]
09-24 03:02:00.685 I/sysui_multi_action( 1846): [757,268,758,1,759,268,806,com.netease.cloudmusic,871,com.netease.cloudmusic.music.biz.voice.tileservice.ListenBookService,927,11,1593,0]
09-24 03:02:00.685 I/sysui_multi_action( 1846): [757,268,758,1,759,268,806,com.netease.cloudmusic,871,com.netease.cloudmusic.titleservice.DailyRecommandTitleService,927,12,1593,0]
09-24 03:02:00.685 I/sysui_multi_action( 1846): [757,268,758,1,759,268,806,com.netease.cloudmusic,871,com.netease.cloudmusic.music.biz.voice.tileservice.SleepAidDecompressionService,927,13,1593,0]
09-24 03:02:00.686 I/sysui_multi_action( 1846): [757,268,758,1,759,268,806,com.netease.cloudmusic,871,com.netease.cloudmusic.titleservice.PrivateRadarTitleService,927,14,1593,0]
09-24 03:02:00.686 I/sysui_multi_action( 1846): [757,268,758,1,759,268,806,com.netease.cloudmusic,871,com.netease.cloudmusic.music.biz.voice.tileservice.BroadCastService,927,15,1593,0]
09-24 03:02:00.686 I/sysui_multi_action( 1846): [757,268,758,1,759,268,806,com.qiyi.video.pad,871,org.qiyi.android.tile.SearchTileService,927,16,1593,0]
09-24 03:02:00.686 I/sysui_multi_action( 1846): [757,268,758,1,759,268,806,com.qiyi.video.pad,871,org.qiyi.android.tile.ContinueTileService,927,17,1593,0]
09-24 03:02:00.687 I/sysui_multi_action( 1846): [757,268,758,1,759,268,806,com.qiyi.video.pad,871,org.qiyi.android.tile.CaptureTileService,927,18,1593,0]
09-24 03:02:00.687 I/sysui_multi_action( 1846): [757,268,758,1,759,268,806,com.qiyi.video.pad,871,org.qiyi.android.tile.TopVideoTileService,927,19,1593,0]
09-24 03:02:00.687 I/sysui_multi_action( 1846): [757,268,758,1,759,268,806,com.qiyi.video.pad,871,org.qiyi.android.tile.EntranceTileService,927,20,1593,0]
09-24 03:02:00.687 I/sysui_multi_action( 1846): [757,268,758,1,759,268,806,com.smile.gifmaker,871,com.kwai.gifshow.post.api.feature.record.RecordQuickSettingService,927,21,1593,0]
09-24 03:02:00.688 I/sysui_multi_action( 1846): [757,268,758,1,759,268,806,com.qiyi.video.pad,871,org.qiyi.android.tile.HistoryTileService,927,22,1593,0]
