--------- beginning of radio
09-23 23:37:58.213 D/TelephonyRegistry( 1472): listen oscl: mHasNotifySubscriptionInfoChangedOccurred==false no callback
09-23 23:37:58.551 D/TelephonyRegistry( 1472): listen oscl: mHasNotifySubscriptionInfoChangedOccurred==false no callback
09-23 23:37:58.559 D/TelephonyRegistry( 1472): listen oscl: mHasNotifySubscriptionInfoChangedOccurred==false no callback
09-23 23:37:58.577 D/TelephonyRegistry( 1472): listen oscl: mHasNotifySubscriptionInfoChangedOccurred==false no callback
09-23 23:37:58.603 D/TelephonyRegistry( 1472): listen oscl: mHasNotifySubscriptionInfoChangedOccurred==false no callback
09-23 23:37:58.612 W/CarrierConfigManager( 1472): Error getting config for subId -1 ICarrierConfigLoader is null
09-23 23:37:58.629 D/TelephonyRegistry( 1472): systemRunning register for intents
09-23 23:37:58.721 D/TelephonyRegistry( 1472): listen oscl: mHasNotifySubscriptionInfoChangedOccurred==false no callback
09-23 23:37:58.957 D/TelephonyRegistry( 1472): listen oscl: mHasNotifySubscriptionInfoChangedOccurred==false no callback
09-23 23:37:59.144 D/TelephonyRegistry( 1472): listen oscl: mHasNotifySubscriptionInfoChangedOccurred==false no callback
09-23 23:37:59.156 D/TelephonyRegistry( 1472): notifyCellLocationForSubscriber: subId=2147483647 cellIdentity=null
09-23 23:37:59.202 W/CarrierConfigManager( 1846): Error getting config for subId -1 ICarrierConfigLoader is null
09-23 23:37:59.212 D/TelephonyRegistry( 1472): listen oscl: mHasNotifySubscriptionInfoChangedOccurred==false no callback
09-23 23:38:00.184 D/TelephonyRegistry( 1472): listen oscl: mHasNotifySubscriptionInfoChangedOccurred==false no callback
09-23 23:38:00.483 D/TelephonyRegistry( 1472): listen oscl: mHasNotifySubscriptionInfoChangedOccurred==false no callback
09-23 23:38:03.115 D/TelephonyRegistry( 1472): listen oscl: mHasNotifySubscriptionInfoChangedOccurred==false no callback
09-23 23:38:04.016 D/CAT ( 3418): BootCompletedReceiver: [ACTION_BOOT_COMPLETED]
09-23 23:38:04.017 D/CAT ( 3418): StkAppService: onCreate()+
09-23 23:38:04.017 D/CAT ( 3418): StkAppService: simCount: 1
09-23 23:38:04.018 D/CAT ( 3418): StkAppService: slotId: 0
09-23 23:38:04.018 D/CAT ( 3418): StkAppService: onStart sim id: 0, op: 5, *****
09-23 23:38:04.019 D/CAT ( 3418): StkAppService: mStkService is: -1
09-23 23:38:04.021 D/CAT ( 3418): StkAppService: onDestroy()
09-23 23:56:00.068 W/CarrierConfigManager( 4383): Error getting config for subId -1 ICarrierConfigLoader is null
09-23 23:56:00.098 D/TelephonyRegistry( 1472): listen oscl: mHasNotifySubscriptionInfoChangedOccurred==false no callback
09-23 23:56:00.107 D/TelephonyRegistry( 1472): listen oscl: mHasNotifySubscriptionInfoChangedOccurred==false no callback
09-23 23:56:45.035 D/TelephonyRegistry( 1472): listen oscl: mHasNotifySubscriptionInfoChangedOccurred==false no callback
09-23 23:56:45.039 D/TelephonyRegistry( 1472): listen oscl: mHasNotifySubscriptionInfoChangedOccurred==false no callback
09-23 23:56:53.467 D/TelephonyRegistry( 1472): listen oscl: mHasNotifySubscriptionInfoChangedOccurred==false no callback
09-23 23:56:53.470 D/TelephonyRegistry( 1472): listen oscl: mHasNotifySubscriptionInfoChangedOccurred==false no callback
09-23 23:57:21.726 W/FeatureConnector( 4383): [ImsConnector, 0] connect: not supported.
09-23 23:57:24.723 W/FeatureConnector( 4383): [ImsConnector, 0] connect: not supported.
09-23 23:57:30.518 W/CarrierConfigManager( 4383): Error getting config for subId -1 ICarrierConfigLoader is null
09-23 23:57:30.566 D/TelephonyRegistry( 1472): listen oscl: mHasNotifySubscriptionInfoChangedOccurred==false no callback
09-23 23:57:30.570 D/TelephonyRegistry( 1472): listen oscl: mHasNotifySubscriptionInfoChangedOccurred==false no callback --------- beginning of events
09-24 00:12:27.982 I/sysui_multi_action( 1846): [757,111,758,1]
09-24 00:12:27.982 I/sysui_multi_action( 1846): [757,126,758,1,759,126,927,0,928,1,1593,0]
09-24 00:12:27.983 I/sysui_multi_action( 1846): [757,113,758,1,759,113,927,1,928,1,1593,0]
09-24 00:12:27.983 I/sysui_multi_action( 1846): [757,0,758,1,759,0,927,2,928,0,1593,0]
09-24 00:12:27.983 I/sysui_multi_action( 1846): [757,0,758,1,759,0,927,3,928,0,1593,0]
09-24 00:12:27.989 I/sysui_multi_action( 1846): [757,111,758,2]
09-24 00:12:27.990 I/sysui_multi_action( 1846): [757,111,758,2]
09-24 00:12:27.990 I/notification_enqueue( 1472): [10081,1846,com.android.systemui,2048,NULL,0,Notification(channel=updateNotification shortcut=null contentView=null vibrate=null sound=null defaults=0x0 flags=0x0 color=0x00000000 vis=PRIVATE),1]
09-24 00:12:27.992 I/sysui_multi_action( 1846): [757,111,758,1]
09-24 00:12:27.992 I/sysui_multi_action( 1846): [757,126,758,1,759,126,927,0,928,1,1593,0]
09-24 00:12:27.992 I/sysui_multi_action( 1846): [757,113,758,1,759,113,927,1,928,1,1593,0]
09-24 00:12:27.992 I/sysui_multi_action( 1846): [757,0,758,1,759,0,927,2,928,0,1593,0]
09-24 00:12:27.992 I/sysui_multi_action( 1846): [757,0,758,1,759,0,927,3,928,0,1593,0]
09-24 00:12:27.992 I/sysui_multi_action( 1846): [757,1706,758,1,759,1706,927,4,928,0,1593,0]
09-24 00:12:27.992 I/sysui_multi_action( 1846): [757,491,758,1,759,491,927,5,928,0,1311,-1,1593,0]
09-24 00:12:27.992 I/sysui_multi_action( 1846): [757,0,758,1,759,0,927,6,928,0,1593,0]
09-24 00:12:27.992 I/sysui_multi_action( 1846): [757,114,758,1,759,114,927,7,928,0,1593,0]
09-24 00:12:27.993 I/sysui_multi_action( 1846): [757,111,758,1]
09-24 00:12:27.993 I/sysui_multi_action( 1846): [757,126,758,1,759,126,927,0,928,1,1593,0]
09-24 00:12:27.993 I/sysui_multi_action( 1846): [757,113,758,1,759,113,927,1,928,1,1593,0]
09-24 00:12:27.993 I/sysui_multi_action( 1846): [757,0,758,1,759,0,927,2,928,0,1593,0]
09-24 00:12:27.993 I/sysui_multi_action( 1846): [757,0,758,1,759,0,927,3,928,0,1593,0]
09-24 00:12:28.006 I/sysui_multi_action( 1846): [757,111,758,2]
09-24 00:12:28.006 I/sysui_multi_action( 1846): [757,111,758,2]
09-24 00:12:28.006 I/notification_enqueue( 1472): [10081,1846,com.android.systemui,2048,NULL,0,Notification(channel=updateNotification shortcut=null contentView=null vibrate=null sound=null defaults=0x0 flags=0x0 color=0x00000000 vis=PRIVATE),1]
09-24 00:12:28.010 I/sysui_multi_action( 1846): [757,111,758,1]
09-24 00:12:28.010 I/sysui_multi_action( 1846): [757,126,758,1,759,126,927,0,928,1,1593,0]
09-24 00:12:28.010 I/sysui_multi_action( 1846): [757,113,758,1,759,113,927,1,928,1,1593,0]
09-24 00:12:28.010 I/sysui_multi_action( 1846): [757,0,758,1,759,0,927,2,928,0,1593,0]
09-24 00:12:28.010 I/sysui_multi_action( 1846): [757,0,758,1,759,0,927,3,928,0,1593,0]
09-24 00:12:28.010 I/sysui_multi_action( 1846): [757,1706,758,1,759,1706,927,4,928,0,1593,0]
09-24 00:12:28.010 I/sysui_multi_action( 1846): [757,491,758,1,759,491,927,5,928,0,1311,-1,1593,0]
09-24 00:12:28.010 I/sysui_multi_action( 1846): [757,0,758,1,759,0,927,6,928,0,1593,0]
09-24 00:12:28.010 I/sysui_multi_action( 1846): [757,114,758,1,759,114,927,7,928,0,1593,0]
09-24 00:12:28.010 I/sysui_multi_action( 1846): [757,111,758,1]
09-24 00:12:28.011 I/sysui_multi_action( 1846): [757,126,758,1,759,126,927,0,928,1,1593,0]
09-24 00:12:28.011 I/sysui_multi_action( 1846): [757,113,758,1,759,113,927,1,928,1,1593,0]
09-24 00:12:28.011 I/sysui_multi_action( 1846): [757,0,758,1,759,0,927,2,928,0,1593,0]
09-24 00:12:28.011 I/sysui_multi_action( 1846): [757,0,758,1,759,0,927,3,928,0,1593,0]
09-24 00:12:28.023 I/sysui_multi_action( 1846): [757,111,758,2]
09-24 00:12:28.023 I/sysui_multi_action( 1846): [757,111,758,2]
09-24 00:12:28.023 I/notification_enqueue( 1472): [10081,1846,com.android.systemui,2048,NULL,0,Notification(channel=updateNotification shortcut=null contentView=null vibrate=null sound=null defaults=0x0 flags=0x0 color=0x00000000 vis=PRIVATE),1]
09-24 00:12:28.027 I/sysui_multi_action( 1846): [757,111,758,1]
09-24 00:12:28.027 I/sysui_multi_action( 1846): [757,126,758,1,759,126,927,0,928,1,1593,0]
09-24 00:12:28.027 I/sysui_multi_action( 1846): [757,113,758,1,759,113,927,1,928,1,1593,0]
09-24 00:12:28.027 I/sysui_multi_action( 1846): [757,0,758,1,759,0,927,2,928,0,1593,0]
09-24 00:12:28.027 I/sysui_multi_action( 1846): [757,0,758,1,759,0,927,3,928,0,1593,0]
09-24 00:12:28.028 I/sysui_multi_action( 1846): [757,1706,758,1,759,1706,927,4,928,0,1593,0]
09-24 00:12:28.028 I/sysui_multi_action( 1846): [757,491,758,1,759,491,927,5,928,0,1311,-1,1593,0]
09-24 00:12:28.028 I/sysui_multi_action( 1846): [757,0,758,1,759,0,927,6,928,0,1593,0]
09-24 00:12:28.028 I/sysui_multi_action( 1846): [757,114,758,1,759,114,927,7,928,0,1593,0]
09-24 00:12:28.028 I/sysui_multi_action( 1846): [757,111,758,1]
09-24 00:12:28.028 I/sysui_multi_action( 1846): [757,126,758,1,759,126,927,0,928,1,1593,0]
09-24 00:12:28.028 I/sysui_multi_action( 1846): [757,113,758,1,759,113,927,1,928,1,1593,0]
09-24 00:12:28.028 I/sysui_multi_action( 1846): [757,0,758,1,759,0,927,2,928,0,1593,0]
09-24 00:12:28.028 I/sysui_multi_action( 1846): [757,0,758,1,759,0,927,3,928,0,1593,0]
09-24 00:12:28.040 I/sysui_multi_action( 1846): [757,111,758,2]
09-24 00:12:28.040 I/sysui_multi_action( 1846): [757,111,758,2]
09-24 00:12:28.040 I/notification_enqueue( 1472): [10081,1846,com.android.systemui,2048,NULL,0,Notification(channel=updateNotification shortcut=null contentView=null vibrate=null sound=null defaults=0x0 flags=0x0 color=0x00000000 vis=PRIVATE),1]
09-24 00:12:28.044 I/sysui_multi_action( 1846): [757,111,758,1]
09-24 00:12:28.044 I/sysui_multi_action( 1846): [757,126,758,1,759,126,927,0,928,1,1593,0]
09-24 00:12:28.044 I/sysui_multi_action( 1846): [757,113,758,1,759,113,927,1,928,1,1593,0]
09-24 00:12:28.044 I/sysui_multi_action( 1846): [757,0,758,1,759,0,927,2,928,0,1593,0]
09-24 00:12:28.044 I/sysui_multi_action( 1846): [757,0,758,1,759,0,927,3,928,0,1593,0]
09-24 00:12:28.044 I/sysui_multi_action( 1846): [757,1706,758,1,759,1706,927,4,928,0,1593,0]
09-24 00:12:28.045 I/sysui_multi_action( 1846): [757,491,758,1,759,491,927,5,928,0,1311,-1,1593,0]
09-24 00:12:28.045 I/sysui_multi_action( 1846): [757,0,758,1,759,0,927,6,928,0,1593,0]
09-24 00:12:28.045 I/sysui_multi_action( 1846): [757,114,758,1,759,114,927,7,928,0,1593,0]
09-24 00:12:28.045 I/sysui_multi_action( 1846): [757,111,758,1]
09-24 00:12:28.045 I/sysui_multi_action( 1846): [757,126,758,1,759,126,927,0,928,1,1593,0]
09-24 00:12:28.045 I/sysui_multi_action( 1846): [757,113,758,1,759,113,927,1,928,1,1593,0]
09-24 00:12:28.045 I/sysui_multi_action( 1846): [757,0,758,1,759,0,927,2,928,0,1593,0]
09-24 00:12:28.045 I/sysui_multi_action( 1846): [757,0,758,1,759,0,927,3,928,0,1593,0]
09-24 00:12:28.057 I/sysui_multi_action( 1846): [757,111,758,2]
09-24 00:12:28.057 I/sysui_multi_action( 1846): [757,111,758,2]
09-24 00:12:28.057 I/notification_enqueue( 1472): [10081,1846,com.android.systemui,2048,NULL,0,Notification(channel=updateNotification shortcut=null contentView=null vibrate=null sound=null defaults=0x0 flags=0x0 color=0x00000000 vis=PRIVATE),1]
09-24 00:12:28.061 I/sysui_multi_action( 1846): [757,111,758,1]
09-24 00:12:28.062 I/sysui_multi_action( 1846): [757,126,758,1,759,126,927,0,928,1,1593,0]
09-24 00:12:28.062 I/sysui_multi_action( 1846): [757,113,758,1,759,113,927,1,928,1,1593,0]
09-24 00:12:28.062 I/sysui_multi_action( 1846): [757,0,758,1,759,0,927,2,928,0,1593,0]
09-24 00:12:28.062 I/sysui_multi_action( 1846): [757,0,758,1,759,0,927,3,928,0,1593,0]
09-24 00:12:28.062 I/sysui_multi_action( 1846): [757,1706,758,1,759,1706,927,4,928,0,1593,0]
09-24 00:12:28.062 I/sysui_multi_action( 1846): [757,491,758,1,759,491,927,5,928,0,1311,-1,1593,0]
09-24 00:12:28.063 I/sysui_multi_action( 1846): [757,0,758,1,759,0,927,6,928,0,1593,0]
09-24 00:12:28.063 I/sysui_multi_action( 1846): [757,114,758,1,759,114,927,7,928,0,1593,0]
09-24 00:12:28.063 I/sysui_multi_action( 1846): [757,111,758,1]
09-24 00:12:28.063 I/sysui_multi_action( 1846): [757,126,758,1,759,126,927,0,928,1,1593,0]
09-24 00:12:28.063 I/sysui_multi_action( 1846): [757,113,758,1,759,113,927,1,928,1,1593,0]
09-24 00:12:28.063 I/sysui_multi_action( 1846): [757,0,758,1,759,0,927,2,928,0,1593,0]
09-24 00:12:28.063 I/sysui_multi_action( 1846): [757,0,758,1,759,0,927,3,928,0,1593,0]
09-24 00:12:28.075 I/notification_enqueue( 1472): [10081,1846,com.android.systemui,2048,NULL,0,Notification(channel=updateNotification shortcut=null contentView=null vibrate=null sound=null defaults=0x0 flags=0x0 color=0x00000000 vis=PRIVATE),1]
09-24 00:12:28.076 I/sysui_multi_action( 1846): [757,111,758,2]
09-24 00:12:28.076 I/sysui_multi_action( 1846): [757,111,758,2]
09-24 00:12:28.081 I/sysui_multi_action( 1846): [757,111,758,1]
09-24 00:12:28.081 I/sysui_multi_action( 1846): [757,126,758,1,759,126,927,0,928,1,1593,0]
09-24 00:12:28.081 I/sysui_multi_action( 1846): [757,113,758,1,759,113,927,1,928,1,1593,0]
09-24 00:12:28.081 I/sysui_multi_action( 1846): [757,0,758,1,759,0,927,2,928,0,1593,0]
09-24 00:12:28.081 I/sysui_multi_action( 1846): [757,0,758,1,759,0,927,3,928,0,1593,0]
09-24 00:12:28.081 I/sysui_multi_action( 1846): [757,1706,758,1,759,1706,927,4,928,0,1593,0]
09-24 00:12:28.082 I/sysui_multi_action( 1846): [757,491,758,1,759,491,927,5,928,0,1311,-1,1593,0]
09-24 00:12:28.082 I/sysui_multi_action( 1846): [757,0,758,1,759,0,927,6,928,0,1593,0]
09-24 00:12:28.082 I/sysui_multi_action( 1846): [757,114,758,1,759,114,927,7,928,0,1593,0]
09-24 00:12:28.082 I/sysui_multi_action( 1846): [757,111,758,1]
09-24 00:12:28.082 I/sysui_multi_action( 1846): [757,126,758,1,759,126,927,0,928,1,1593,0]
09-24 00:12:28.082 I/sysui_multi_action( 1846): [757,113,758,1,759,113,927,1,928,1,1593,0]
09-24 00:12:28.082 I/sysui_multi_action( 1846): [757,0,758,1,759,0,927,2,928,0,1593,0]
09-24 00:12:28.082 I/sysui_multi_action( 1846): [757,0,758,1,759,0,927,3,928,0,1593,0]
09-24 00:12:28.090 I/sysui_multi_action( 1846): [757,111,758,2]
09-24 00:12:28.090 I/sysui_multi_action( 1846): [757,111,758,2]
09-24 00:12:28.090 I/notification_enqueue( 1472): [10081,1846,com.android.systemui,2048,NULL,0,Notification(channel=updateNotification shortcut=null contentView=null vibrate=null sound=null defaults=0x0 flags=0x0 color=0x00000000 vis=PRIVATE),1]
09-24 00:12:28.094 I/sysui_multi_action( 1846): [757,111,758,1]
09-24 00:12:28.094 I/sysui_multi_action( 1846): [757,126,758,1,759,126,927,0,928,1,1593,0]
09-24 00:12:28.095 I/sysui_multi_action( 1846): [757,113,758,1,759,113,927,1,928,1,1593,0]
09-24 00:12:28.095 I/sysui_multi_action( 1846): [757,0,758,1,759,0,927,2,928,0,1593,0]
09-24 00:12:28.095 I/sysui_multi_action( 1846): [757,0,758,1,759,0,927,3,928,0,1593,0]
09-24 00:12:28.095 I/sysui_multi_action( 1846): [757,1706,758,1,759,1706,927,4,928,0,1593,0]
09-24 00:12:28.095 I/sysui_multi_action( 1846): [757,491,758,1,759,491,927,5,928,0,1311,-1,1593,0]
09-24 00:12:28.095 I/sysui_multi_action( 1846): [757,0,758,1,759,0,927,6,928,0,1593,0]
09-24 00:12:28.095 I/sysui_multi_action( 1846): [757,114,758,1,759,114,927,7,928,0,1593,0]
09-24 00:12:28.095 I/sysui_multi_action( 1846): [757,111,758,1]
09-24 00:12:28.096 I/sysui_multi_action( 1846): [757,126,758,1,759,126,927,0,928,1,1593,0]
09-24 00:12:28.096 I/sysui_multi_action( 1846): [757,113,758,1,759,113,927,1,928,1,1593,0]
09-24 00:12:28.096 I/sysui_multi_action( 1846): [757,0,758,1,759,0,927,2,928,0,1593,0]
09-24 00:12:28.096 I/sysui_multi_action( 1846): [757,0,758,1,759,0,927,3,928,0,1593,0]
09-24 00:12:28.106 I/sysui_multi_action( 1846): [757,111,758,2]
09-24 00:12:28.106 I/sysui_multi_action( 1846): [757,111,758,2]
09-24 00:12:28.106 I/notification_enqueue( 1472): [10081,1846,com.android.systemui,2048,NULL,0,Notification(channel=updateNotification shortcut=null contentView=null vibrate=null sound=null defaults=0x0 flags=0x0 color=0x00000000 vis=PRIVATE),1]
09-24 00:12:28.110 I/sysui_multi_action( 1846): [757,111,758,1]
09-24 00:12:28.110 I/sysui_multi_action( 1846): [757,126,758,1,759,126,927,0,928,1,1593,0]
09-24 00:12:28.110 I/sysui_multi_action( 1846): [757,113,758,1,759,113,927,1,928,1,1593,0]
09-24 00:12:28.110 I/sysui_multi_action( 1846): [757,0,758,1,759,0,927,2,928,0,1593,0]
09-24 00:12:28.110 I/sysui_multi_action( 1846): [757,0,758,1,759,0,927,3,928,0,1593,0]
09-24 00:12:28.111 I/sysui_multi_action( 1846): [757,1706,758,1,759,1706,927,4,928,0,1593,0]
09-24 00:12:28.111 I/sysui_multi_action( 1846): [757,491,758,1,759,491,927,5,928,0,1311,-1,1593,0]
09-24 00:12:28.111 I/sysui_multi_action( 1846): [757,0,758,1,759,0,927,6,928,0,1593,0]
09-24 00:12:28.111 I/sysui_multi_action( 1846): [757,114,758,1,759,114,927,7,928,0,1593,0]
09-24 00:12:28.111 I/sysui_multi_action( 1846): [757,111,758,1]
09-24 00:12:28.111 I/sysui_multi_action( 1846): [757,126,758,1,759,126,927,0,928,1,1593,0]
09-24 00:12:28.111 I/sysui_multi_action( 1846): [757,113,758,1,759,113,927,1,928,1,1593,0]
09-24 00:12:28.111 I/sysui_multi_action( 1846): [757,0,758,1,759,0,927,2,928,0,1593,0]
09-24 00:12:28.111 I/sysui_multi_action( 1846): [757,0,758,1,759,0,927,3,928,0,1593,0]
09-24 00:12:28.123 I/sysui_multi_action( 1846): [757,111,758,2]
09-24 00:12:28.123 I/sysui_multi_action( 1846): [757,111,758,2]
09-24 00:12:28.123 I/notification_enqueue( 1472): [10081,1846,com.android.systemui,2048,NULL,0,Notification(channel=updateNotification shortcut=null contentView=null vibrate=null sound=null defaults=0x0 flags=0x0 color=0x00000000 vis=PRIVATE),1]
09-24 00:12:28.127 I/sysui_multi_action( 1846): [757,111,758,1]
09-24 00:12:28.128 I/sysui_multi_action( 1846): [757,126,758,1,759,126,927,0,928,1,1593,0]
09-24 00:12:28.128 I/sysui_multi_action( 1846): [757,113,758,1,759,113,927,1,928,1,1593,0]
09-24 00:12:28.128 I/sysui_multi_action( 1846): [757,0,758,1,759,0,927,2,928,0,1593,0]
09-24 00:12:28.128 I/sysui_multi_action( 1846): [757,0,758,1,759,0,927,3,928,0,1593,0]
09-24 00:12:28.128 I/sysui_multi_action( 1846): [757,1706,758,1,759,1706,927,4,928,0,1593,0]
09-24 00:12:28.128 I/sysui_multi_action( 1846): [757,491,758,1,759,491,927,5,928,0,1311,-1,1593,0]
09-24 00:12:28.128 I/sysui_multi_action( 1846): [757,0,758,1,759,0,927,6,928,0,1593,0]
09-24 00:12:28.129 I/sysui_multi_action( 1846): [757,114,758,1,759,114,927,7,928,0,1593,0]
09-24 00:12:28.129 I/sysui_multi_action( 1846): [757,111,758,1]
09-24 00:12:28.129 I/sysui_multi_action( 1846): [757,126,758,1,759,126,927,0,928,1,1593,0]
09-24 00:12:28.129 I/sysui_multi_action( 1846): [757,113,758,1,759,113,927,1,928,1,1593,0]
09-24 00:12:28.129 I/sysui_multi_action( 1846): [757,0,758,1,759,0,927,2,928,0,1593,0]
09-24 00:12:28.129 I/sysui_multi_action( 1846): [757,0,758,1,759,0,927,3,928,0,1593,0]
09-24 00:12:28.132 I/sysui_multi_action( 1472): [757,1501,758,1,793,2058867,794,0,795,202,796,2048,806,com.android.systemui,857,updateNotification,858,3,947,0,1500,0,1688,1]
09-24 00:12:28.133 I/sysui_multi_action( 1472): [757,804,799,note_interruptive,801,0,802,1]
09-24 00:12:28.133 I/sysui_multi_action( 1472): [757,199,758,1,759,2,793,2058868,794,0,795,203,796,2048,806,com.android.systemui,857,updateNotification,858,3,947,0,1500,1,1688,1]
09-24 00:12:28.133 I/notification_alert( 1472): [0|com.android.systemui|2048|null|10081,0,1,0]
09-24 00:12:28.140 I/sysui_multi_action( 1846): [757,111,758,2]
09-24 00:12:28.140 I/sysui_multi_action( 1846): [757,111,758,2]
09-24 00:12:28.140 I/notification_enqueue( 1472): [10081,1846,com.android.systemui,2048,NULL,0,Notification(channel=updateNotification shortcut=null contentView=null vibrate=null sound=null defaults=0x0 flags=0x0 color=0x00000000 vis=PRIVATE),1]
09-24 00:12:28.144 I/sysui_multi_action( 1846): [757,111,758,1]
09-24 00:12:28.145 I/sysui_multi_action( 1846): [757,126,758,1,759,126,927,0,928,1,1593,0]
09-24 00:12:28.145 I/sysui_multi_action( 1846): [757,113,758,1,759,113,927,1,928,1,1593,0]
09-24 00:12:28.145 I/sysui_multi_action( 1846): [757,0,758,1,759,0,927,2,928,0,1593,0]
09-24 00:12:28.145 I/sysui_multi_action( 1846): [757,0,758,1,759,0,927,3,928,0,1593,0]
09-24 00:12:28.145 I/sysui_multi_action( 1846): [757,1706,758,1,759,1706,927,4,928,0,1593,0]
09-24 00:12:28.145 I/sysui_multi_action( 1846): [757,491,758,1,759,491,927,5,928,0,1311,-1,1593,0]
09-24 00:12:28.145 I/sysui_multi_action( 1846): [757,0,758,1,759,0,927,6,928,0,1593,0]
09-24 00:12:28.145 I/sysui_multi_action( 1846): [757,114,758,1,759,114,927,7,928,0,1593,0]
09-24 00:12:28.146 I/sysui_multi_action( 1846): [757,111,758,1]
09-24 00:12:28.146 I/sysui_multi_action( 1846): [757,126,758,1,759,126,927,0,928,1,1593,0]
09-24 00:12:28.146 I/sysui_multi_action( 1846): [757,113,758,1,759,113,927,1,928,1,1593,0]
09-24 00:12:28.146 I/sysui_multi_action( 1846): [757,0,758,1,759,0,927,2,928,0,1593,0]
09-24 00:12:28.146 I/sysui_multi_action( 1846): [757,0,758,1,759,0,927,3,928,0,1593,0]
09-24 00:12:28.165 I/sysui_multi_action( 1846): [757,111,758,2]
09-24 00:12:28.166 I/sysui_multi_action( 1846): [757,111,758,2]
09-24 00:12:28.166 I/notification_enqueue( 1472): [10081,1846,com.android.systemui,2048,NULL,0,Notification(channel=updateNotification shortcut=null contentView=null vibrate=null sound=null defaults=0x0 flags=0x0 color=0x00000000 vis=PRIVATE),1]
09-24 00:12:28.169 I/sysui_multi_action( 1846): [757,111,758,1]
09-24 00:12:28.169 I/sysui_multi_action( 1846): [757,126,758,1,759,126,927,0,928,1,1593,0]
09-24 00:12:28.169 I/sysui_multi_action( 1846): [757,113,758,1,759,113,927,1,928,1,1593,0]
09-24 00:12:28.169 I/sysui_multi_action( 1846): [757,0,758,1,759,0,927,2,928,0,1593,0]
09-24 00:12:28.169 I/sysui_multi_action( 1846): [757,0,758,1,759,0,927,3,928,0,1593,0]
09-24 00:12:28.170 I/sysui_multi_action( 1846): [757,1706,758,1,759,1706,927,4,928,0,1593,0]
09-24 00:12:28.170 I/sysui_multi_action( 1846): [757,491,758,1,759,491,927,5,928,0,1311,-1,1593,0]
09-24 00:12:28.170 I/sysui_multi_action( 1846): [757,0,758,1,759,0,927,6,928,0,1593,0]
09-24 00:12:28.170 I/sysui_multi_action( 1846): [757,114,758,1,759,114,927,7,928,0,1593,0]
09-24 00:12:28.170 I/sysui_multi_action( 1846): [757,111,758,1]
09-24 00:12:28.170 I/sysui_multi_action( 1846): [757,126,758,1,759,126,927,0,928,1,1593,0]
09-24 00:12:28.170 I/sysui_multi_action( 1846): [757,113,758,1,759,113,927,1,928,1,1593,0]
09-24 00:12:28.171 I/sysui_multi_action( 1846): [757,0,758,1,759,0,927,2,928,0,1593,0]
09-24 00:12:28.171 I/sysui_multi_action( 1846): [757,0,758,1,759,0,927,3,928,0,1593,0]
09-24 00:12:28.184 I/sysui_multi_action( 1846): [757,111,758,2]
09-24 00:12:28.184 I/notification_enqueue( 1472): [10081,1846,com.android.systemui,2048,NULL,0,Notification(channel=updateNotification shortcut=null contentView=null vibrate=null sound=null defaults=0x0 flags=0x0 color=0x00000000 vis=PRIVATE),1]
09-24 00:12:28.184 I/sysui_multi_action( 1846): [757,111,758,2]
09-24 00:12:28.189 I/sysui_multi_action( 1846): [757,111,758,1]
09-24 00:12:28.189 I/sysui_multi_action( 1846): [757,126,758,1,759,126,927,0,928,1,1593,0]
09-24 00:12:28.189 I/sysui_multi_action( 1846): [757,113,758,1,759,113,927,1,928,1,1593,0]
09-24 00:12:28.189 I/sysui_multi_action( 1846): [757,0,758,1,759,0,927,2,928,0,1593,0]
09-24 00:12:28.189 I/sysui_multi_action( 1846): [757,0,758,1,759,0,927,3,928,0,1593,0]
09-24 00:12:28.190 I/sysui_multi_action( 1846): [757,1706,758,1,759,1706,927,4,928,0,1593,0]
09-24 00:12:28.190 I/sysui_multi_action( 1846): [757,491,758,1,759,491,927,5,928,0,1311,-1,1593,0]
09-24 00:12:28.190 I/sysui_multi_action( 1846): [757,0,758,1,759,0,927,6,928,0,1593,0]
09-24 00:12:28.190 I/sysui_multi_action( 1846): [757,114,758,1,759,114,927,7,928,0,1593,0]
09-24 00:12:28.190 I/sysui_multi_action( 1846): [757,111,758,1]
09-24 00:12:28.190 I/sysui_multi_action( 1846): [757,126,758,1,759,126,927,0,928,1,1593,0]
09-24 00:12:28.190 I/sysui_multi_action( 1846): [757,113,758,1,759,113,927,1,928,1,1593,0]
09-24 00:12:28.191 I/sysui_multi_action( 1846): [757,0,758,1,759,0,927,2,928,0,1593,0]
09-24 00:12:28.191 I/sysui_multi_action( 1846): [757,0,758,1,759,0,927,3,928,0,1593,0]
09-24 00:12:28.201 I/sysui_multi_action( 1846): [757,111,758,2]
09-24 00:12:28.201 I/notification_enqueue( 1472): [10081,1846,com.android.systemui,2048,NULL,0,Notification(channel=updateNotification shortcut=null contentView=null vibrate=null sound=null defaults=0x0 flags=0x0 color=0x00000000 vis=PRIVATE),1]
09-24 00:12:28.201 I/sysui_multi_action( 1846): [757,111,758,2]
09-24 00:12:28.205 I/sysui_multi_action( 1846): [757,111,758,1]
09-24 00:12:28.205 I/sysui_multi_action( 1846): [757,126,758,1,759,126,927,0,928,1,1593,0]
09-24 00:12:28.205 I/sysui_multi_action( 1846): [757,113,758,1,759,113,927,1,928,1,1593,0]
09-24 00:12:28.205 I/sysui_multi_action( 1846): [757,0,758,1,759,0,927,2,928,0,1593,0]
09-24 00:12:28.205 I/sysui_multi_action( 1846): [757,0,758,1,759,0,927,3,928,0,1593,0]
09-24 00:12:28.206 I/sysui_multi_action( 1846): [757,1706,758,1,759,1706,927,4,928,0,1593,0]
09-24 00:12:28.206 I/sysui_multi_action( 1846): [757,491,758,1,759,491,927,5,928,0,1311,-1,1593,0]
09-24 00:12:28.206 I/sysui_multi_action( 1846): [757,0,758,1,759,0,927,6,928,0,1593,0]
09-24 00:12:28.206 I/sysui_multi_action( 1846): [757,114,758,1,759,114,927,7,928,0,1593,0]
09-24 00:12:28.206 I/sysui_multi_action( 1846): [757,111,758,1]
09-24 00:12:28.206 I/sysui_multi_action( 1846): [757,126,758,1,759,126,927,0,928,1,1593,0]
09-24 00:12:28.206 I/sysui_multi_action( 1846): [757,113,758,1,759,113,927,1,928,1,1593,0]
09-24 00:12:28.207 I/sysui_multi_action( 1846): [757,0,758,1,759,0,927,2,928,0,1593,0]
09-24 00:12:28.207 I/sysui_multi_action( 1846): [757,0,758,1,759,0,927,3,928,0,1593,0]
09-24 00:12:28.216 I/sysui_multi_action( 1846): [757,111,758,2]
09-24 00:12:28.217 I/sysui_multi_action( 1846): [757,111,758,2]
09-24 00:12:28.217 I/notification_enqueue( 1472): [10081,1846,com.android.systemui,2048,NULL,0,Notification(channel=updateNotification shortcut=null contentView=null vibrate=null sound=null defaults=0x0 flags=0x0 color=0x00000000 vis=PRIVATE),1]
09-24 00:12:28.220 I/sysui_multi_action( 1846): [757,111,758,1]
09-24 00:12:28.220 I/sysui_multi_action( 1846): [757,126,758,1,759,126,927,0,928,1,1593,0]
09-24 00:12:28.220 I/sysui_multi_action( 1846): [757,113,758,1,759,113,927,1,928,1,1593,0]
09-24 00:12:28.220 I/sysui_multi_action( 1846): [757,0,758,1,759,0,927,2,928,0,1593,0]
09-24 00:12:28.220 I/sysui_multi_action( 1846): [757,0,758,1,759,0,927,3,928,0,1593,0]
09-24 00:12:28.220 I/sysui_multi_action( 1846): [757,1706,758,1,759,1706,927,4,928,0,1593,0]
09-24 00:12:28.221 I/sysui_multi_action( 1846): [757,491,758,1,759,491,927,5,928,0,1311,-1,1593,0]
09-24 00:12:28.221 I/sysui_multi_action( 1846): [757,0,758,1,759,0,927,6,928,0,1593,0]
09-24 00:12:28.221 I/sysui_multi_action( 1846): [757,114,758,1,759,114,927,7,928,0,1593,0]
09-24 00:12:28.221 I/sysui_multi_action( 1846): [757,111,758,1]
09-24 00:12:28.221 I/sysui_multi_action( 1846): [757,126,758,1,759,126,927,0,928,1,1593,0]
09-24 00:12:28.221 I/sysui_multi_action( 1846): [757,113,758,1,759,113,927,1,928,1,1593,0]
09-24 00:12:28.221 I/sysui_multi_action( 1846): [757,0,758,1,759,0,927,2,928,0,1593,0]
09-24 00:12:28.221 I/sysui_multi_action( 1846): [757,0,758,1,759,0,927,3,928,0,1593,0]
09-24 00:12:28.229 I/notification_enqueue( 1472): [10081,1846,com.android.systemui,2048,NULL,0,Notification(channel=updateNotification shortcut=null contentView=null vibrate=null sound=null defaults=0x0 flags=0x0 color=0x00000000 vis=PRIVATE),1]
09-24 00:12:28.230 I/sysui_multi_action( 1846): [757,111,758,2]
09-24 00:12:28.230 I/sysui_multi_action( 1846): [757,111,758,2]
09-24 00:12:28.233 I/sysui_multi_action( 1846): [757,111,758,1]
09-24 00:12:28.233 I/sysui_multi_action( 1846): [757,126,758,1,759,126,927,0,928,1,1593,0]
09-24 00:12:28.233 I/sysui_multi_action( 1846): [757,113,758,1,759,113,927,1,928,1,1593,0]
09-24 00:12:28.233 I/sysui_multi_action( 1846): [757,0,758,1,759,0,927,2,928,0,1593,0]
09-24 00:12:28.233 I/sysui_multi_action( 1846): [757,0,758,1,759,0,927,3,928,0,1593,0]
09-24 00:12:28.233 I/sysui_multi_action( 1846): [757,1706,758,1,759,1706,927,4,928,0,1593,0]
09-24 00:12:28.233 I/sysui_multi_action( 1846): [757,491,758,1,759,491,927,5,928,0,1311,-1,1593,0]
09-24 00:12:28.233 I/sysui_multi_action( 1846): [757,0,758,1,759,0,927,6,928,0,1593,0]
09-24 00:12:28.233 I/sysui_multi_action( 1846): [757,114,758,1,759,114,927,7,928,0,1593,0]
09-24 00:12:28.233 I/sysui_multi_action( 1846): [757,111,758,1]
09-24 00:12:28.233 I/sysui_multi_action( 1846): [757,126,758,1,759,126,927,0,928,1,1593,0]
09-24 00:12:28.233 I/sysui_multi_action( 1846): [757,113,758,1,759,113,927,1,928,1,1593,0]
09-24 00:12:28.233 I/sysui_multi_action( 1846): [757,0,758,1,759,0,927,2,928,0,1593,0]
09-24 00:12:28.233 I/sysui_multi_action( 1846): [757,0,758,1,759,0,927,3,928,0,1593,0]
09-24 00:12:28.241 I/sysui_multi_action( 1846): [757,111,758,2]
09-24 00:12:28.241 I/sysui_multi_action( 1846): [757,111,758,2]
09-24 00:12:28.242 I/notification_enqueue( 1472): [10081,1846,com.android.systemui,2048,NULL,0,Notification(channel=updateNotification shortcut=null contentView=null vibrate=null sound=null defaults=0x0 flags=0x0 color=0x00000000 vis=PRIVATE),1]
09-24 00:12:28.244 I/sysui_multi_action( 1846): [757,111,758,1]
09-24 00:12:28.244 I/sysui_multi_action( 1846): [757,126,758,1,759,126,927,0,928,1,1593,0]
09-24 00:12:28.244 I/sysui_multi_action( 1846): [757,113,758,1,759,113,927,1,928,1,1593,0]
09-24 00:12:28.244 I/sysui_multi_action( 1846): [757,0,758,1,759,0,927,2,928,0,1593,0]
09-24 00:12:28.244 I/sysui_multi_action( 1846): [757,0,758,1,759,0,927,3,928,0,1593,0]
09-24 00:12:28.244 I/sysui_multi_action( 1846): [757,1706,758,1,759,1706,927,4,928,0,1593,0]
09-24 00:12:28.244 I/sysui_multi_action( 1846): [757,491,758,1,759,491,927,5,928,0,1311,-1,1593,0]
09-24 00:12:28.244 I/sysui_multi_action( 1846): [757,0,758,1,759,0,927,6,928,0,1593,0]
09-24 00:12:28.244 I/sysui_multi_action( 1846): [757,114,758,1,759,114,927,7,928,0,1593,0]
09-24 00:12:28.244 I/sysui_multi_action( 1846): [757,111,758,1]
09-24 00:12:28.244 I/sysui_multi_action( 1846): [757,126,758,1,759,126,927,0,928,1,1593,0]
09-24 00:12:28.244 I/sysui_multi_action( 1846): [757,113,758,1,759,113,927,1,928,1,1593,0]
09-24 00:12:28.245 I/sysui_multi_action( 1846): [757,0,758,1,759,0,927,2,928,0,1593,0]
09-24 00:12:28.245 I/sysui_multi_action( 1846): [757,0,758,1,759,0,927,3,928,0,1593,0]
09-24 00:12:28.256 I/sysui_multi_action( 1846): [757,111,758,2]
09-24 00:12:28.256 I/sysui_multi_action( 1846): [757,111,758,2]
09-24 00:12:28.257 I/notification_enqueue( 1472): [10081,1846,com.android.systemui,2048,NULL,0,Notification(channel=updateNotification shortcut=null contentView=null vibrate=null sound=null defaults=0x0 flags=0x0 color=0x00000000 vis=PRIVATE),1]
09-24 00:12:28.259 I/sysui_multi_action( 1846): [757,111,758,1]
09-24 00:12:28.259 I/sysui_multi_action( 1846): [757,126,758,1,759,126,927,0,928,1,1593,0]
09-24 00:12:28.259 I/sysui_multi_action( 1846): [757,113,758,1,759,113,927,1,928,1,1593,0]
09-24 00:12:28.259 I/sysui_multi_action( 1846): [757,0,758,1,759,0,927,2,928,0,1593,0]
09-24 00:12:28.259 I/sysui_multi_action( 1846): [757,0,758,1,759,0,927,3,928,0,1593,0]
09-24 00:12:28.259 I/sysui_multi_action( 1846): [757,1706,758,1,759,1706,927,4,928,0,1593,0]
09-24 00:12:28.260 I/sysui_multi_action( 1846): [757,491,758,1,759,491,927,5,928,0,1311,-1,1593,0]
09-24 00:12:28.260 I/sysui_multi_action( 1846): [757,0,758,1,759,0,927,6,928,0,1593,0]
09-24 00:12:28.260 I/sysui_multi_action( 1846): [757,114,758,1,759,114,927,7,928,0,1593,0]
09-24 00:12:28.260 I/sysui_multi_action( 1846): [757,111,758,1]
09-24 00:12:28.260 I/sysui_multi_action( 1846): [757,126,758,1,759,126,927,0,928,1,1593,0]
09-24 00:12:28.260 I/sysui_multi_action( 1846): [757,113,758,1,759,113,927,1,928,1,1593,0]
09-24 00:12:28.260 I/sysui_multi_action( 1846): [757,0,758,1,759,0,927,2,928,0,1593,0]
09-24 00:12:28.260 I/sysui_multi_action( 1846): [757,0,758,1,759,0,927,3,928,0,1593,0]
09-24 00:12:28.273 I/sysui_multi_action( 1846): [757,111,758,2]
09-24 00:12:28.273 I/sysui_multi_action( 1846): [757,111,758,2]
09-24 00:12:28.275 I/notification_enqueue( 1472): [10081,1846,com.android.systemui,2048,NULL,0,Notification(channel=updateNotification shortcut=null contentView=null vibrate=null sound=null defaults=0x0 flags=0x0 color=0x00000000 vis=PRIVATE),1]
09-24 00:12:28.276 I/sysui_multi_action( 1846): [757,111,758,1]
09-24 00:12:28.276 I/sysui_multi_action( 1846): [757,126,758,1,759,126,927,0,928,1,1593,0]
09-24 00:12:28.276 I/sysui_multi_action( 1846): [757,113,758,1,759,113,927,1,928,1,1593,0]
09-24 00:12:28.276 I/sysui_multi_action( 1846): [757,0,758,1,759,0,927,2,928,0,1593,0]
09-24 00:12:28.276 I/sysui_multi_action( 1846): [757,0,758,1,759,0,927,3,928,0,1593,0]
09-24 00:12:28.277 I/sysui_multi_action( 1846): [757,1706,758,1,759,1706,927,4,928,0,1593,0]
09-24 00:12:28.277 I/sysui_multi_action( 1846): [757,491,758,1,759,491,927,5,928,0,1311,-1,1593,0]
09-24 00:12:28.277 I/sysui_multi_action( 1846): [757,0,758,1,759,0,927,6,928,0,1593,0]
09-24 00:12:28.277 I/sysui_multi_action( 1846): [757,114,758,1,759,114,927,7,928,0,1593,0]
09-24 00:12:28.277 I/sysui_multi_action( 1846): [757,111,758,1]
09-24 00:12:28.277 I/sysui_multi_action( 1846): [757,126,758,1,759,126,927,0,928,1,1593,0]
09-24 00:12:28.277 I/sysui_multi_action( 1846): [757,113,758,1,759,113,927,1,928,1,1593,0]
09-24 00:12:28.277 I/sysui_multi_action( 1846): [757,0,758,1,759,0,927,2,928,0,1593,0]
09-24 00:12:28.277 I/sysui_multi_action( 1846): [757,0,758,1,759,0,927,3,928,0,1593,0]
09-24 00:12:28.290 I/sysui_multi_action( 1846): [757,111,758,2]
09-24 00:12:28.290 I/sysui_multi_action( 1846): [757,111,758,2]
09-24 00:12:28.293 I/sysui_multi_action( 1846): [757,111,758,1]
09-24 00:12:28.293 I/sysui_multi_action( 1846): [757,126,758,1,759,126,927,0,928,1,1593,0]
09-24 00:12:28.293 I/sysui_multi_action( 1846): [757,113,758,1,759,113,927,1,928,1,1593,0]
09-24 00:12:28.293 I/sysui_multi_action( 1846): [757,0,758,1,759,0,927,2,928,0,1593,0]
09-24 00:12:28.293 I/sysui_multi_action( 1846): [757,0,758,1,759,0,927,3,928,0,1593,0]
09-24 00:12:28.293 I/sysui_multi_action( 1846): [757,1706,758,1,759,1706,927,4,928,0,1593,0]
09-24 00:12:28.294 I/sysui_multi_action( 1846): [757,491,758,1,759,491,927,5,928,0,1311,-1,1593,0]
09-24 00:12:28.294 I/sysui_multi_action( 1846): [757,0,758,1,759,0,927,6,928,0,1593,0]
09-24 00:12:28.294 I/sysui_multi_action( 1846): [757,114,758,1,759,114,927,7,928,0,1593,0]
09-24 00:12:28.294 I/sysui_multi_action( 1846): [757,111,758,1]
09-24 00:12:28.294 I/sysui_multi_action( 1846): [757,126,758,1,759,126,927,0,928,1,1593,0]
09-24 00:12:28.294 I/sysui_multi_action( 1846): [757,113,758,1,759,113,927,1,928,1,1593,0]
09-24 00:12:28.294 I/sysui_multi_action( 1846): [757,0,758,1,759,0,927,2,928,0,1593,0]
09-24 00:12:28.294 I/sysui_multi_action( 1846): [757,0,758,1,759,0,927,3,928,0,1593,0]
09-24 00:12:28.295 I/notification_enqueue( 1472): [10081,1846,com.android.systemui,2048,NULL,0,Notification(channel=updateNotification shortcut=null contentView=null vibrate=null sound=null defaults=0x0 flags=0x0 color=0x00000000 vis=PRIVATE),1]
09-24 00:12:28.307 I/sysui_multi_action( 1846): [757,111,758,2]
09-24 00:12:28.307 I/sysui_multi_action( 1846): [757,111,758,2]
09-24 00:12:28.308 I/notification_enqueue( 1472): [10081,1846,com.android.systemui,2048,NULL,0,Notification(channel=updateNotification shortcut=null contentView=null vibrate=null sound=null defaults=0x0 flags=0x0 color=0x00000000 vis=PRIVATE),1]
09-24 00:12:28.310 I/sysui_multi_action( 1846): [757,111,758,1]
09-24 00:12:28.310 I/sysui_multi_action( 1846): [757,126,758,1,759,126,927,0,928,1,1593,0]
09-24 00:12:28.310 I/sysui_multi_action( 1846): [757,113,758,1,759,113,927,1,928,1,1593,0]
09-24 00:12:28.310 I/sysui_multi_action( 1846): [757,0,758,1,759,0,927,2,928,0,1593,0]
09-24 00:12:28.310 I/sysui_multi_action( 1846): [757,0,758,1,759,0,927,3,928,0,1593,0]
09-24 00:12:28.310 I/sysui_multi_action( 1846): [757,1706,758,1,759,1706,927,4,928,0,1593,0]
09-24 00:12:28.311 I/sysui_multi_action( 1846): [757,491,758,1,759,491,927,5,928,0,1311,-1,1593,0]
09-24 00:12:28.311 I/sysui_multi_action( 1846): [757,0,758,1,759,0,927,6,928,0,1593,0]
09-24 00:12:28.311 I/sysui_multi_action( 1846): [757,114,758,1,759,114,927,7,928,0,1593,0]
09-24 00:12:28.311 I/sysui_multi_action( 1846): [757,111,758,1]
09-24 00:12:28.311 I/sysui_multi_action( 1846): [757,126,758,1,759,126,927,0,928,1,1593,0]
09-24 00:12:28.311 I/sysui_multi_action( 1846): [757,113,758,1,759,113,927,1,928,1,1593,0]
09-24 00:12:28.311 I/sysui_multi_action( 1846): [757,0,758,1,759,0,927,2,928,0,1593,0]
09-24 00:12:28.311 I/sysui_multi_action( 1846): [757,0,758,1,759,0,927,3,928,0,1593,0]
09-24 00:12:28.324 I/sysui_multi_action( 1846): [757,111,758,2]
09-24 00:12:28.324 I/sysui_multi_action( 1846): [757,111,758,2]
09-24 00:12:28.325 I/notification_enqueue( 1472): [10081,1846,com.android.systemui,2048,NULL,0,Notification(channel=updateNotification shortcut=null contentView=null vibrate=null sound=null defaults=0x0 flags=0x0 color=0x00000000 vis=PRIVATE),1]
09-24 00:12:28.329 I/sysui_multi_action( 1846): [757,111,758,1]
09-24 00:12:28.329 I/sysui_multi_action( 1846): [757,126,758,1,759,126,927,0,928,1,1593,0]
09-24 00:12:28.329 I/sysui_multi_action( 1846): [757,113,758,1,759,113,927,1,928,1,1593,0]
09-24 00:12:28.329 I/sysui_multi_action( 1846): [757,0,758,1,759,0,927,2,928,0,1593,0]
09-24 00:12:28.329 I/sysui_multi_action( 1846): [757,0,758,1,759,0,927,3,928,0,1593,0]
09-24 00:12:28.329 I/sysui_multi_action( 1846): [757,1706,758,1,759,1706,927,4,928,0,1593,0]
09-24 00:12:28.330 I/sysui_multi_action( 1846): [757,491,758,1,759,491,927,5,928,0,1311,-1,1593,0]
09-24 00:12:28.330 I/sysui_multi_action( 1846): [757,0,758,1,759,0,927,6,928,0,1593,0]
09-24 00:12:28.330 I/sysui_multi_action( 1846): [757,114,758,1,759,114,927,7,928,0,1593,0]
09-24 00:12:28.330 I/sysui_multi_action( 1846): [757,111,758,1]
09-24 00:12:28.330 I/sysui_multi_action( 1846): [757,126,758,1,759,126,927,0,928,1,1593,0]
09-24 00:12:28.330 I/sysui_multi_action( 1846): [757,113,758,1,759,113,927,1,928,1,1593,0]
09-24 00:12:28.330 I/sysui_multi_action( 1846): [757,0,758,1,759,0,927,2,928,0,1593,0]
09-24 00:12:28.330 I/sysui_multi_action( 1846): [757,0,758,1,759,0,927,3,928,0,1593,0]
09-24 00:12:28.349 I/sysui_multi_action( 1846): [757,111,758,2]
09-24 00:12:28.349 I/notification_enqueue( 1472): [10081,1846,com.android.systemui,2048,NULL,0,Notification(channel=updateNotification shortcut=null contentView=null vibrate=null sound=null defaults=0x0 flags=0x0 color=0x00000000 vis=PRIVATE),1]
09-24 00:12:28.349 I/sysui_multi_action( 1846): [757,111,758,2]
09-24 00:12:28.353 I/sysui_multi_action( 1846): [757,111,758,1]
09-24 00:12:28.353 I/sysui_multi_action( 1846): [757,126,758,1,759,126,927,0,928,1,1593,0]
09-24 00:12:28.353 I/sysui_multi_action( 1846): [757,113,758,1,759,113,927,1,928,1,1593,0]
09-24 00:12:28.353 I/sysui_multi_action( 1846): [757,0,758,1,759,0,927,2,928,0,1593,0]
09-24 00:12:28.353 I/sysui_multi_action( 1846): [757,0,758,1,759,0,927,3,928,0,1593,0]
09-24 00:12:28.353 I/sysui_multi_action( 1846): [757,1706,758,1,759,1706,927,4,928,0,1593,0]
09-24 00:12:28.353 I/sysui_multi_action( 1846): [757,491,758,1,759,491,927,5,928,0,1311,-1,1593,0]
09-24 00:12:28.353 I/sysui_multi_action( 1846): [757,0,758,1,759,0,927,6,928,0,1593,0]
09-24 00:12:28.353 I/sysui_multi_action( 1846): [757,114,758,1,759,114,927,7,928,0,1593,0]
09-24 00:12:28.353 I/sysui_multi_action( 1846): [757,111,758,1]
09-24 00:12:28.353 I/sysui_multi_action( 1846): [757,126,758,1,759,126,927,0,928,1,1593,0]
09-24 00:12:28.353 I/sysui_multi_action( 1846): [757,113,758,1,759,113,927,1,928,1,1593,0]
09-24 00:12:28.353 I/sysui_multi_action( 1846): [757,0,758,1,759,0,927,2,928,0,1593,0]
09-24 00:12:28.354 I/sysui_multi_action( 1846): [757,0,758,1,759,0,927,3,928,0,1593,0]
09-24 00:12:28.473 I/sysui_multi_action( 1472): [757,128,758,1,793,391808,794,0,795,391808,796,26,798,0,806,android,857,DEVELOPER_IMPORTANT,858,4,947,0,1395,2,1500,391602,1688,1]
09-24 00:12:28.473 I/sysui_multi_action( 1472): [757,804,799,note_freshness,801,391808,802,1]
09-24 00:12:28.473 I/notification_visibility( 1472): [-1|android|26|null|1000,1,391808,391808,0,0]
09-24 00:12:28.474 I/sysui_multi_action( 1472): [757,128,758,1,793,391810,794,0,795,391810,796,32,798,1,806,android,857,USB,858,1,947,0,1395,2,1500,391607,1688,1]
09-24 00:12:28.474 I/sysui_multi_action( 1472): [757,804,799,note_freshness,801,391810,802,1]
09-24 00:12:28.474 I/notification_visibility( 1472): [-1|android|32|null|1000,1,391810,391810,0,1]
09-24 00:12:30.299 I/input_interaction( 1472): Interaction with: 818159c NotificationShade (server), edge-swipe (server), swipe-up (server), PointerEventDispatcher0 (server),
09-24 00:12:30.345 I/view_enqueue_input_event( 1846): [Motion - Cancel,NotificationShade]
09-24 00:12:30.350 I/input_interaction( 1472): Interaction with: edge-swipe (server), swipe-up (server), PointerEventDispatcher0 (server),
09-24 00:12:30.475 I/input_interaction( 1472): Interaction with: 818159c NotificationShade (server), edge-swipe (server), swipe-up (server), PointerEventDispatcher0 (server),
09-24 00:12:30.717 I/wm_new_intent( 1472): [0,196649408,116,com.android.launcher3/.uioverrides.QuickstepLauncher,android.intent.action.MAIN,NULL,NULL,268500992]
09-24 00:12:30.717 I/wm_task_moved( 1472): [115,1,6]
09-24 00:12:30.718 I/wm_set_resumed_activity( 1472): [0,com.android.launcher3/.uioverrides.QuickstepLauncher,positionChildAt]
09-24 00:12:30.722 I/wm_on_top_resumed_lost_called( 2335): [196649408,com.android.launcher3.uioverrides.QuickstepLauncher,pausing]
09-24 00:12:30.722 I/wm_on_paused_called( 2335): [196649408,com.android.launcher3.uioverrides.QuickstepLauncher,performPause]
09-24 00:12:30.723 I/wm_on_resume_called( 2335): [196649408,com.android.launcher3.uioverrides.QuickstepLauncher,LIFECYCLER_RESUME_ACTIVITY]
09-24 00:12:30.723 I/wm_on_top_resumed_gained_called( 2335): [196649408,com.android.launcher3.uioverrides.QuickstepLauncher,topWhenResuming]
09-24 00:12:30.732 I/input_focus( 1472): [Focus request 258de5e com.android.launcher3/com.android.launcher3.uioverrides.QuickstepLauncher,reason=UpdateInputWindows]
09-24 00:12:30.764 I/input_focus( 1472): [Focus leaving 818159c NotificationShade (server),reason=NOT_FOCUSABLE]
09-24 00:12:30.764 I/input_focus( 1472): [Focus entering 258de5e com.android.launcher3/com.android.launcher3.uioverrides.QuickstepLauncher (server),reason=setFocusedWindow]
09-24 00:12:30.948 I/sysui_multi_action( 1846): [757,111,758,2]
09-24 00:12:30.948 I/notification_enqueue( 1472): [10081,1846,com.android.systemui,2048,NULL,0,Notification(channel=updateNotification shortcut=null contentView=null vibrate=null sound=null defaults=0x0 flags=0x0 color=0x00000000 vis=PRIVATE),1]
09-24 00:12:30.948 I/sysui_multi_action( 1846): [757,111,758,2]
09-24 00:12:30.952 I/sysui_multi_action( 1846): [757,111,758,1]
09-24 00:12:30.952 I/sysui_multi_action( 1846): [757,126,758,1,759,126,927,0,928,1,1593,0]
09-24 00:12:30.952 I/sysui_multi_action( 1846): [757,113,758,1,759,113,927,1,928,1,1593,0]
09-24 00:12:30.952 I/sysui_multi_action( 1846): [757,0,758,1,759,0,927,2,928,0,1593,0]
09-24 00:12:30.953 I/sysui_multi_action( 1846): [757,0,758,1,759,0,927,3,928,0,1593,0]
09-24 00:12:30.953 I/sysui_multi_action( 1846): [757,1706,758,1,759,1706,927,4,928,0,1593,0]
09-24 00:12:30.953 I/sysui_multi_action( 1846): [757,491,758,1,759,491,927,5,928,0,1311,-1,1593,0]
09-24 00:12:30.953 I/sysui_multi_action( 1846): [757,0,758,1,759,0,927,6,928,0,1593,0]
09-24 00:12:30.954 I/sysui_multi_action( 1846): [757,114,758,1,759,114,927,7,928,0,1593,0]
09-24 00:12:30.954 I/sysui_multi_action( 1846): [757,111,758,1]
09-24 00:12:30.954 I/sysui_multi_action( 1846): [757,126,758,1,759,126,927,0,928,1,1593,0]
09-24 00:12:30.954 I/sysui_multi_action( 1846): [757,113,758,1,759,113,927,1,928,1,1593,0]
09-24 00:12:30.954 I/sysui_multi_action( 1846): [757,0,758,1,759,0,927,2,928,0,1593,0]
09-24 00:12:30.954 I/sysui_multi_action( 1846): [757,0,758,1,759,0,927,3,928,0,1593,0]
09-24 00:12:30.974 I/sysui_multi_action( 1846): [757,111,758,2]
09-24 00:12:30.974 I/notification_enqueue( 1472): [10081,1846,com.android.systemui,2048,NULL,0,Notification(channel=updateNotification shortcut=null contentView=null vibrate=null sound=null defaults=0x0 flags=0x0 color=0x00000000 vis=PRIVATE),1]
09-24 00:12:30.974 I/sysui_multi_action( 1846): [757,111,758,2]
09-24 00:12:30.980 I/sysui_multi_action( 1846): [757,111,758,1]
09-24 00:12:30.980 I/sysui_multi_action( 1846): [757,126,758,1,759,126,927,0,928,1,1593,1]
09-24 00:12:30.980 I/sysui_multi_action( 1846): [757,113,758,1,759,113,927,1,928,1,1593,1]
09-24 00:12:30.980 I/sysui_multi_action( 1846): [757,0,758,1,759,0,927,2,928,0,1593,1]
09-24 00:12:30.981 I/sysui_multi_action( 1846): [757,0,758,1,759,0,927,3,928,0,1593,1]
09-24 00:12:30.981 I/sysui_multi_action( 1846): [757,1706,758,1,759,1706,927,4,928,0,1593,1]
09-24 00:12:30.981 I/sysui_multi_action( 1846): [757,491,758,1,759,491,927,5,928,0,1311,-1,1593,0]
09-24 00:12:30.981 I/sysui_multi_action( 1846): [757,0,758,1,759,0,927,6,928,0,1593,0]
09-24 00:12:30.981 I/sysui_multi_action( 1846): [757,114,758,1,759,114,927,7,928,0,1593,0]
09-24 00:12:30.981 I/sysui_multi_action( 1846): [757,111,758,1]
09-24 00:12:30.982 I/sysui_multi_action( 1846): [757,126,758,1,759,126,927,0,928,1,1593,1]
09-24 00:12:30.982 I/sysui_multi_action( 1846): [757,113,758,1,759,113,927,1,928,1,1593,1]
09-24 00:12:30.982 I/sysui_multi_action( 1846): [757,0,758,1,759,0,927,2,928,0,1593,1]
09-24 00:12:30.982 I/sysui_multi_action( 1846): [757,0,758,1,759,0,927,3,928,0,1593,1]
09-24 00:12:30.992 I/sysui_multi_action( 1846): [757,111,758,2]
09-24 00:12:30.992 I/notification_enqueue( 1472): [10081,1846,com.android.systemui,2048,NULL,0,Notification(channel=updateNotification shortcut=null contentView=null vibrate=null sound=null defaults=0x0 flags=0x0 color=0x00000000 vis=PRIVATE),1]
09-24 00:12:30.992 I/sysui_multi_action( 1846): [757,111,758,2]
09-24 00:12:30.996 I/sysui_multi_action( 1846): [757,111,758,1]
09-24 00:12:30.996 I/sysui_multi_action( 1846): [757,126,758,1,759,126,927,0,928,1,1593,1]
09-24 00:12:30.997 I/sysui_multi_action( 1846): [757,113,758,1,759,113,927,1,928,1,1593,1]
09-24 00:12:30.997 I/sysui_multi_action( 1846): [757,0,758,1,759,0,927,2,928,0,1593,1]
09-24 00:12:30.997 I/sysui_multi_action( 1846): [757,0,758,1,759,0,927,3,928,0,1593,1]
09-24 00:12:30.997 I/sysui_multi_action( 1846): [757,1706,758,1,759,1706,927,4,928,0,1593,1]
09-24 00:12:30.997 I/sysui_multi_action( 1846): [757,491,758,1,759,491,927,5,928,0,1311,-1,1593,0]
09-24 00:12:30.997 I/sysui_multi_action( 1846): [757,0,758,1,759,0,927,6,928,0,1593,0]
09-24 00:12:30.997 I/sysui_multi_action( 1846): [757,114,758,1,759,114,927,7,928,0,1593,0]
09-24 00:12:30.997 I/sysui_multi_action( 1846): [757,111,758,1]
09-24 00:12:30.997 I/sysui_multi_action( 1846): [757,126,758,1,759,126,927,0,928,1,1593,1]
09-24 00:12:30.997 I/sysui_multi_action( 1846): [757,113,758,1,759,113,927,1,928,1,1593,1]
09-24 00:12:30.998 I/sysui_multi_action( 1846): [757,0,758,1,759,0,927,2,928,0,1593,1]
09-24 00:12:30.998 I/sysui_multi_action( 1846): [757,0,758,1,759,0,927,3,928,0,1593,1]
09-24 00:12:31.006 I/sysui_multi_action( 1846): [757,111,758,2]
09-24 00:12:31.006 I/notification_enqueue( 1472): [10081,1846,com.android.systemui,2048,NULL,0,Notification(channel=updateNotification shortcut=null contentView=null vibrate=null sound=null defaults=0x0 flags=0x0 color=0x00000000 vis=PRIVATE),1]
09-24 00:12:31.006 I/sysui_multi_action( 1846): [757,111,758,2]
09-24 00:12:31.010 I/sysui_multi_action( 1846): [757,111,758,1]
09-24 00:12:31.010 I/sysui_multi_action( 1846): [757,126,758,1,759,126,927,0,928,1,1593,1]
09-24 00:12:31.010 I/sysui_multi_action( 1846): [757,113,758,1,759,113,927,1,928,1,1593,1]
09-24 00:12:31.010 I/sysui_multi_action( 1846): [757,0,758,1,759,0,927,2,928,0,1593,1]
09-24 00:12:31.010 I/sysui_multi_action( 1846): [757,0,758,1,759,0,927,3,928,0,1593,1]
09-24 00:12:31.010 I/sysui_multi_action( 1846): [757,1706,758,1,759,1706,927,4,928,0,1593,1]
09-24 00:12:31.011 I/sysui_multi_action( 1846): [757,491,758,1,759,491,927,5,928,0,1311,-1,1593,0]
09-24 00:12:31.011 I/sysui_multi_action( 1846): [757,0,758,1,759,0,927,6,928,0,1593,0]
09-24 00:12:31.011 I/sysui_multi_action( 1846): [757,114,758,1,759,114,927,7,928,0,1593,0]
09-24 00:12:31.011 I/sysui_multi_action( 1846): [757,111,758,1]
09-24 00:12:31.011 I/sysui_multi_action( 1846): [757,126,758,1,759,126,927,0,928,1,1593,1]
09-24 00:12:31.011 I/sysui_multi_action( 1846): [757,113,758,1,759,113,927,1,928,1,1593,1]
09-24 00:12:31.011 I/sysui_multi_action( 1846): [757,0,758,1,759,0,927,2,928,0,1593,1]
09-24 00:12:31.011 I/sysui_multi_action( 1846): [757,0,758,1,759,0,927,3,928,0,1593,1]
09-24 00:12:31.018 I/sysui_multi_action( 1846): [757,111,758,2]
09-24 00:12:31.018 I/sysui_multi_action( 1846): [757,111,758,2]
09-24 00:12:31.019 I/notification_enqueue( 1472): [10081,1846,com.android.systemui,2048,NULL,0,Notification(channel=updateNotification shortcut=null contentView=null vibrate=null sound=null defaults=0x0 flags=0x0 color=0x00000000 vis=PRIVATE),1]
09-24 00:12:31.022 I/sysui_multi_action( 1846): [757,111,758,1]
09-24 00:12:31.022 I/sysui_multi_action( 1846): [757,126,758,1,759,126,927,0,928,1,1593,1]
09-24 00:12:31.022 I/sysui_multi_action( 1846): [757,113,758,1,759,113,927,1,928,1,1593,1]
09-24 00:12:31.022 I/sysui_multi_action( 1846): [757,0,758,1,759,0,927,2,928,0,1593,1]
09-24 00:12:31.022 I/sysui_multi_action( 1846): [757,0,758,1,759,0,927,3,928,0,1593,1]
09-24 00:12:31.022 I/sysui_multi_action( 1846): [757,1706,758,1,759,1706,927,4,928,0,1593,1]
09-24 00:12:31.022 I/sysui_multi_action( 1846): [757,491,758,1,759,491,927,5,928,0,1311,-1,1593,0]
09-24 00:12:31.022 I/sysui_multi_action( 1846): [757,0,758,1,759,0,927,6,928,0,1593,0]
09-24 00:12:31.023 I/sysui_multi_action( 1846): [757,114,758,1,759,114,927,7,928,0,1593,0]
09-24 00:12:31.023 I/sysui_multi_action( 1846): [757,111,758,1]
09-24 00:12:31.023 I/sysui_multi_action( 1846): [757,126,758,1,759,126,927,0,928,1,1593,1]
09-24 00:12:31.023 I/sysui_multi_action( 1846): [757,113,758,1,759,113,927,1,928,1,1593,1]
