09-24 00:47:16.469 I/sysui_multi_action( 1846): [757,0,758,1,759,0,927,3,928,0,1593,1]
09-24 00:47:16.469 I/sysui_multi_action( 1846): [757,1706,758,1,759,1706,927,4,928,0,1593,1]
09-24 00:47:16.469 I/sysui_multi_action( 1846): [757,491,758,1,759,491,927,5,928,0,1311,-1,1593,0]
09-24 00:47:16.469 I/sysui_multi_action( 1846): [757,0,758,1,759,0,927,6,928,0,1593,0]
09-24 00:47:16.469 I/sysui_multi_action( 1846): [757,114,758,1,759,114,927,7,928,0,1593,0]
09-24 00:47:16.469 I/sysui_multi_action( 1846): [757,268,758,1,759,268,806,com.netease.cloudmusic,871,com.netease.cloudmusic.titleservice.PlayFavoriteMusicTitleService,927,8,1593,0]
09-24 00:47:16.469 I/sysui_multi_action( 1846): [757,268,758,1,759,268,806,com.netease.cloudmusic,871,com.netease.cloudmusic.titleservice.PrivateFmTitleService,927,9,1593,0]
09-24 00:47:16.469 I/sysui_multi_action( 1846): [757,268,758,1,759,268,806,com.netease.cloudmusic,871,com.netease.cloudmusic.music.biz.voice.tileservice.PopularPodCastService,927,10,1593,0]
09-24 00:47:16.469 I/sysui_multi_action( 1846): [757,268,758,1,759,268,806,com.netease.cloudmusic,871,com.netease.cloudmusic.music.biz.voice.tileservice.ListenBookService,927,11,1593,0]
09-24 00:47:16.469 I/sysui_multi_action( 1846): [757,268,758,1,759,268,806,com.netease.cloudmusic,871,com.netease.cloudmusic.titleservice.DailyRecommandTitleService,927,12,1593,0]
09-24 00:47:16.470 I/sysui_multi_action( 1846): [757,268,758,1,759,268,806,com.netease.cloudmusic,871,com.netease.cloudmusic.music.biz.voice.tileservice.SleepAidDecompressionService,927,13,1593,0]
09-24 00:47:16.470 I/sysui_multi_action( 1846): [757,268,758,1,759,268,806,com.netease.cloudmusic,871,com.netease.cloudmusic.titleservice.PrivateRadarTitleService,927,14,1593,0]
09-24 00:47:16.470 I/sysui_multi_action( 1846): [757,268,758,1,759,268,806,com.netease.cloudmusic,871,com.netease.cloudmusic.music.biz.voice.tileservice.BroadCastService,927,15,1593,0]
09-24 00:47:16.470 I/sysui_multi_action( 1846): [757,268,758,1,759,268,806,com.qiyi.video.pad,871,org.qiyi.android.tile.SearchTileService,927,16,1593,0]
09-24 00:47:16.470 I/sysui_multi_action( 1846): [757,268,758,1,759,268,806,com.qiyi.video.pad,871,org.qiyi.android.tile.ContinueTileService,927,17,1593,0]
09-24 00:47:16.470 I/sysui_multi_action( 1846): [757,268,758,1,759,268,806,com.qiyi.video.pad,871,org.qiyi.android.tile.CaptureTileService,927,18,1593,0]
09-24 00:47:16.470 I/sysui_multi_action( 1846): [757,268,758,1,759,268,806,com.qiyi.video.pad,871,org.qiyi.android.tile.TopVideoTileService,927,19,1593,0]
09-24 00:47:16.470 I/sysui_multi_action( 1846): [757,268,758,1,759,268,806,com.qiyi.video.pad,871,org.qiyi.android.tile.EntranceTileService,927,20,1593,0]
09-24 00:47:16.470 I/sysui_multi_action( 1846): [757,268,758,1,759,268,806,com.smile.gifmaker,871,com.kwai.gifshow.post.api.feature.record.RecordQuickSettingService,927,21,1593,0]
09-24 00:47:16.470 I/sysui_multi_action( 1846): [757,268,758,1,759,268,806,com.qiyi.video.pad,871,org.qiyi.android.tile.HistoryTileService,927,22,1593,0]
09-24 00:47:16.470 I/sysui_multi_action( 1846): [757,268,758,1,759,268,806,com.qiyi.video.pad,871,org.qiyi.android.tile.SportTileService,927,23,1593,0]
09-24 00:47:16.470 I/sysui_multi_action( 1846): [757,268,758,1,759,268,806,com.tencent.news,871,com.tencent.news.tile.Tile24Hours,927,24,1593,0]
09-24 00:47:16.470 I/sysui_multi_action( 1846): [757,268,758,1,759,268,806,com.ss.android.article.news,871,com.android.bytedance.search.tile.SearchTileService,927,25,1593,0]
09-24 00:47:16.470 I/sysui_multi_action( 1846): [757,268,758,1,759,268,806,com.ss.android.ugc.aweme,871,com.ss.android.ugc.aweme.tile.PublishTileService,927,26,1593,0]
09-24 00:47:16.470 I/sysui_multi_action( 1846): [757,268,758,1,759,268,806,com.tencent.news,871,com.tencent.news.tile.TileNewsVideo,927,27,1593,0]
09-24 00:47:16.470 I/sysui_multi_action( 1846): [757,111,758,1]
09-24 00:47:16.470 I/sysui_multi_action( 1846): [757,126,758,1,759,126,927,0,928,1,1593,1]
09-24 00:47:16.471 I/sysui_multi_action( 1846): [757,113,758,1,759,113,927,1,928,1,1593,1]
09-24 00:47:16.471 I/sysui_multi_action( 1846): [757,0,758,1,759,0,927,2,928,0,1593,1]
09-24 00:47:16.471 I/sysui_multi_action( 1846): [757,0,758,1,759,0,927,3,928,0,1593,1]
09-24 00:47:21.131 I/auditd ( 5049): type=1400 audit(0.0:1041): avc: granted { nlmsg_readpriv } for comm="pool-8-thread-1" scontext=u:r:untrusted_app_29:s0:c96,c256,c512,c768 tcontext=u:r:untrusted_app_29:s0:c96,c256,c512,c768 tclass=netlink_route_socket app=com.netease.cloudmusic
09-24 00:47:37.659 I/auditd ( 5049): type=1400 audit(0.0:1042): avc: granted { nlmsg_readpriv } for comm="pool-8-thread-1" scontext=u:r:untrusted_app_29:s0:c96,c256,c512,c768 tcontext=u:r:untrusted_app_29:s0:c96,c256,c512,c768 tclass=netlink_route_socket app=com.netease.cloudmusic
09-24 00:47:39.063 I/auditd ( 7881): type=1400 audit(0.0:1043): avc: denied { read } for comm=5468726561642D32202D2031333735 name="tcp" dev="proc" ino=4026532283 scontext=u:r:untrusted_app_29:s0:c106,c256,c512,c768 tcontext=u:object_r:proc_net_tcp_udp:s0 tclass=file permissive=0 app=com.smile.gifmaker
09-24 00:47:40.003 I/auditd ( 8065): type=1400 audit(0.0:1044): avc: denied { read } for comm="pool-2-thread-6" name="tcp" dev="proc" ino=4026532283 scontext=u:r:untrusted_app_29:s0:c106,c256,c512,c768 tcontext=u:object_r:proc_net_tcp_udp:s0 tclass=file permissive=0 app=com.smile.gifmaker
09-24 00:47:53.091 I/input_interaction( 1472): Interaction with: 5cc2b9e com.android.deskclock/android.service.dreams.DreamActivity (server), edge-swipe (server), swipe-up (server), PointerEventDispatcher0 (server),
09-24 00:47:53.094 I/wm_finish_activity( 1472): [0,136559395,137,com.android.deskclock/android.service.dreams.DreamActivity,finish-activity]
09-24 00:47:53.095 I/wm_task_moved( 1472): [115,1,6]
09-24 00:47:53.096 I/wm_task_moved( 1472): [116,1,2147483647]
09-24 00:47:53.096 I/wm_task_to_front( 1472): [0,116]
09-24 00:47:53.097 I/wm_focused_root_task( 1472): [0,0,115,137,finish-top adjustFocusToNextFocusableTask]
09-24 00:47:53.097 I/wm_set_resumed_activity( 1472): [0,com.android.launcher3/.uioverrides.QuickstepLauncher,finish-top adjustFocusToNextFocusableTask]
09-24 00:47:53.098 I/wm_pause_activity( 1472): [0,136559395,com.android.deskclock/android.service.dreams.DreamActivity,userLeaving=false,finish]
09-24 00:47:53.104 I/sysui_multi_action( 1472): [757,803,799,window_time_0,802,37]
09-24 00:47:53.104 I/wm_on_top_resumed_lost_called( 2531): [136559395,android.service.dreams.DreamActivity,topStateChangedWhenResumed]
09-24 00:47:53.104 I/wm_on_paused_called( 2531): [136559395,android.service.dreams.DreamActivity,performPause]
09-24 00:47:53.105 I/wm_add_to_stopping( 1472): [0,136559395,com.android.deskclock/android.service.dreams.DreamActivity,completeFinishing]
09-24 00:47:53.109 I/wm_set_resumed_activity( 1472): [0,com.android.launcher3/.uioverrides.QuickstepLauncher,resumeTopActivityInnerLocked]
09-24 00:47:53.110 I/wm_resume_activity( 1472): [0,196649408,116,com.android.launcher3/.uioverrides.QuickstepLauncher]
09-24 00:47:53.111 I/wm_on_restart_called( 2335): [196649408,com.android.launcher3.uioverrides.QuickstepLauncher,performRestartActivity]
09-24 00:47:53.112 I/wm_on_start_called( 2335): [196649408,com.android.launcher3.uioverrides.QuickstepLauncher,handleStartActivity]
09-24 00:47:53.113 I/wm_on_resume_called( 2335): [196649408,com.android.launcher3.uioverrides.QuickstepLauncher,RESUME_ACTIVITY]
09-24 00:47:53.113 I/wm_on_top_resumed_gained_called( 2335): [196649408,com.android.launcher3.uioverrides.QuickstepLauncher,topWhenResuming]
09-24 00:47:53.122 I/sysui_multi_action( 1472): [757,803,799,window_time_0,802,0]
09-24 00:47:53.123 I/am_uid_running( 1472): 10031
09-24 00:47:53.124 I/input_focus( 1472): [Focus leaving 5cc2b9e com.android.deskclock/android.service.dreams.DreamActivity (server),reason=NO_WINDOW]
09-24 00:47:53.124 I/view_enqueue_input_event( 2531): [Motion - Cancel,com.android.deskclock/android.service.dreams.DreamActivity]
09-24 00:47:53.125 I/am_uid_running( 1472): 10069
09-24 00:47:53.127 I/input_interaction( 1472): Interaction with: edge-swipe (server), swipe-up (server), PointerEventDispatcher0 (server),
09-24 00:47:53.132 I/input_focus( 1472): [Focus request 258de5e com.android.launcher3/com.android.launcher3.uioverrides.QuickstepLauncher,reason=UpdateInputWindows]
09-24 00:47:53.132 I/am_uid_running( 1472): 10062
09-24 00:47:53.140 I/am_proc_start( 1472): [0,13983,10031,com.android.documentsui,NULL,]
09-24 00:47:53.153 I/am_proc_start( 1472): [0,13986,10069,com.android.gallery3d,NULL,]
09-24 00:47:53.164 I/am_proc_bound( 1472): [0,13983,com.android.documentsui]
09-24 00:47:53.164 I/input_focus( 1472): [Focus entering 258de5e com.android.launcher3/com.android.launcher3.uioverrides.QuickstepLauncher (server),reason=Window became focusable. Previous reason: NOT_VISIBLE]
09-24 00:47:53.175 I/am_proc_start( 1472): [0,14008,10062,com.android.music,NULL,]
09-24 00:47:53.178 I/am_proc_bound( 1472): [0,13986,com.android.gallery3d]
09-24 00:47:53.186 I/am_proc_start( 1472): [0,14020,1000,com.thundercomm.mcuupgrade,NULL,]
09-24 00:47:53.192 I/am_proc_bound( 1472): [0,14008,com.android.music]
09-24 00:47:53.204 I/am_proc_bound( 1472): [0,14020,com.thundercomm.mcuupgrade]
09-24 00:47:53.403 I/service_manager_stats( 1472): [100,77,98070]
09-24 00:47:53.405 I/wm_destroy_activity( 1472): [0,136559395,137,com.android.deskclock/android.service.dreams.DreamActivity,finish-imm:idle]
09-24 00:47:53.424 I/wm_on_stop_called( 2531): [136559395,android.service.dreams.DreamActivity,LIFECYCLER_STOP_ACTIVITY]
09-24 00:47:53.425 I/wm_on_destroy_called( 2531): [136559395,android.service.dreams.DreamActivity,performDestroy]
09-24 00:47:53.428 I/sysui_multi_action( 1472): [757,222,758,2]
09-24 00:47:53.428 I/sysui_multi_action( 1472): [757,804,799,dreaming_minutes,801,0,802,1]
09-24 00:47:53.438 I/wm_task_removed( 1472): [137,removeChild:removeChild last r=ActivityRecord{823bb23 u0 com.android.deskclock/android.service.dreams.DreamActivity t-1 f}} in t=Task{e4a9a7c #137 type=dream A=10067:android:com.android.deskclock/dream U=0 visible=false mode=fullscreen translucent=true sz=0}]
09-24 00:47:53.438 I/wm_task_removed( 1472): [137,removeChild]
09-24 00:47:54.444 I/input_interaction( 1472): Interaction with: 258de5e com.android.launcher3/com.android.launcher3.uioverrides.QuickstepLauncher (server), 8075f25 com.android.systemui.ImageWallpaper (server), edge-swipe (server), swipe-up (server), PointerEventDispatcher0 (server),
09-24 00:48:39.071 I/auditd ( 7881): type=1400 audit(0.0:1045): avc: denied { read } for comm=5468726561642D32202D2031333735 name="tcp" dev="proc" ino=4026532283 scontext=u:r:untrusted_app_29:s0:c106,c256,c512,c768 tcontext=u:object_r:proc_net_tcp_udp:s0 tclass=file permissive=0 app=com.smile.gifmaker
09-24 00:48:40.043 I/auditd ( 8065): type=1400 audit(0.0:1046): avc: denied { read } for comm="pool-2-thread-6" name="tcp" dev="proc" ino=4026532283 scontext=u:r:untrusted_app_29:s0:c106,c256,c512,c768 tcontext=u:object_r:proc_net_tcp_udp:s0 tclass=file permissive=0 app=com.smile.gifmaker
09-24 00:48:50.116 I/wm_task_moved( 1472): [121,1,6]
09-24 00:48:50.116 I/wm_task_to_front( 1472): [0,121]
09-24 00:48:50.117 I/wm_focused_root_task( 1472): [0,0,121,115,bringingFoundTaskToFront]
09-24 00:48:50.118 I/wm_set_resumed_activity( 1472): [0,com.android.settings/.Settings,bringingFoundTaskToFront]
09-24 00:48:50.118 I/wm_new_intent( 1472): [0,256617940,121,com.android.settings/.Settings,android.intent.action.MAIN,NULL,NULL,270532608]
09-24 00:48:50.121 I/wm_pause_activity( 1472): [0,196649408,com.android.launcher3/.uioverrides.QuickstepLauncher,userLeaving=true,pauseBackTasks]
09-24 00:48:50.147 I/wm_on_top_resumed_lost_called( 2335): [196649408,com.android.launcher3.uioverrides.QuickstepLauncher,topStateChangedWhenResumed]
09-24 00:48:50.147 I/wm_on_paused_called( 2335): [196649408,com.android.launcher3.uioverrides.QuickstepLauncher,performPause]
09-24 00:48:50.152 I/wm_set_resumed_activity( 1472): [0,com.android.settings/.Settings,resumeTopActivityInnerLocked]
09-24 00:48:50.153 I/wm_add_to_stopping( 1472): [0,196649408,com.android.launcher3/.uioverrides.QuickstepLauncher,makeInvisible]
09-24 00:48:50.161 I/wm_resume_activity( 1472): [0,256617940,121,com.android.settings/.Settings]
09-24 00:48:50.174 I/sysui_multi_action( 1472): [757,803,799,window_time_0,802,57]
09-24 00:48:50.180 I/am_pss ( 1472): [14020,1000,com.thundercomm.mcuupgrade,6808576,4513792,61440,85786624,0,19,5]
09-24 00:48:50.182 I/wm_on_restart_called( 4383): [256617940,com.android.settings.Settings,performRestartActivity]
09-24 00:48:50.185 I/input_focus( 1472): [Focus leaving 258de5e com.android.launcher3/com.android.launcher3.uioverrides.QuickstepLauncher (server),reason=NO_WINDOW]
09-24 00:48:50.190 I/am_pss ( 1472): [14008,10062,com.android.music,6724608,4046848,61440,86102016,0,19,6]
09-24 00:48:50.197 I/am_pss ( 1472): [13986,10069,com.android.gallery3d,8114176,5709824,61440,88825856,0,19,5]
09-24 00:48:50.204 I/am_pss ( 1472): [13983,10031,com.android.documentsui,13423616,10432512,61440,101781504,0,19,5]
09-24 00:48:50.216 I/wm_on_start_called( 4383): [256617940,com.android.settings.Settings,handleStartActivity]
09-24 00:48:50.218 I/snet_event_log( 4383): [120484087,-1,]
09-24 00:48:50.219 I/wm_on_resume_called( 4383): [256617940,com.android.settings.Settings,RESUME_ACTIVITY]
09-24 00:48:50.220 I/sysui_multi_action( 4383): [757,35,758,1,833,0,1089,0]
09-24 00:48:50.227 I/sysui_multi_action( 4383): [757,337,758,1,833,0,1089,0]
09-24 00:48:50.239 I/wm_on_top_resumed_gained_called( 4383): [256617940,com.android.settings.Settings,topWhenResuming]
09-24 00:48:50.247 I/input_focus( 1472): [Focus request f2c54b8 com.android.settings/com.android.settings.Settings,reason=UpdateInputWindows]
09-24 00:48:50.247 I/auditd ( 577): type=1400 audit(0.0:1047): avc: denied { read } for comm="Binder:577_2" name="wakeup58" dev="sysfs" ino=83548 scontext=u:r:system_suspend:s0 tcontext=u:object_r:sysfs:s0 tclass=dir permissive=0
09-24 00:48:50.247 I/auditd ( 577): type=1400 audit(0.0:1048): avc: denied { read } for comm="Binder:577_2" name="wakeup4" dev="sysfs" ino=52895 scontext=u:r:system_suspend:s0 tcontext=u:object_r:sysfs:s0 tclass=dir permissive=0
09-24 00:48:50.251 I/auditd ( 577): type=1400 audit(0.0:1049): avc: denied { read } for comm="Binder:577_2" name="wakeup38" dev="sysfs" ino=68553 scontext=u:r:system_suspend:s0 tcontext=u:object_r:sysfs:s0 tclass=dir permissive=0
09-24 00:48:50.251 I/auditd ( 577): type=1400 audit(0.0:1050): avc: denied { read } for comm="Binder:577_2" name="wakeup28" dev="sysfs" ino=59251 scontext=u:r:system_suspend:s0 tcontext=u:object_r:sysfs:s0 tclass=dir permissive=0
09-24 00:48:50.251 I/auditd ( 577): type=1400 audit(0.0:1051): avc: denied { read } for comm="Binder:577_2" name="wakeup56" dev="sysfs" ino=83476 scontext=u:r:system_suspend:s0 tcontext=u:object_r:sysfs:s0 tclass=dir permissive=0
09-24 00:48:50.255 I/auditd ( 577): type=1400 audit(0.0:1052): avc: denied { read } for comm="Binder:577_2" name="wakeup18" dev="sysfs" ino=58638 scontext=u:r:system_suspend:s0 tcontext=u:object_r:sysfs:s0 tclass=dir permissive=0
09-24 00:48:50.255 I/auditd ( 577): type=1400 audit(0.0:1053): avc: denied { read } for comm="Binder:577_2" name="wakeup46" dev="sysfs" ino=77409 scontext=u:r:system_suspend:s0 tcontext=u:object_r:sysfs:s0 tclass=dir permissive=0
09-24 00:48:50.255 I/auditd ( 577): type=1400 audit(0.0:1054): avc: denied { read } for comm="Binder:577_2" name="wakeup2" dev="sysfs" ino=52419 scontext=u:r:system_suspend:s0 tcontext=u:object_r:sysfs:s0 tclass=dir permissive=0
09-24 00:48:50.283 I/sysui_multi_action( 1472): [319,53,321,50,322,157,325,4263,757,761,758,9,759,4,806,com.android.settings,871,com.android.settings.Settings,904,com.android.launcher3,905,0,1320,8,1321,5]
09-24 00:48:50.287 I/input_focus( 1472): [Focus entering f2c54b8 com.android.settings/com.android.settings.Settings (server),reason=Window became focusable. Previous reason: NOT_VISIBLE]
09-24 00:48:50.710 I/wm_stop_activity( 1472): [0,196649408,com.android.launcher3/.uioverrides.QuickstepLauncher]
09-24 00:48:50.730 I/wm_on_stop_called( 2335): [196649408,com.android.launcher3.uioverrides.QuickstepLauncher,STOP_ACTIVITY_ITEM]
09-24 00:48:51.342 I/input_interaction( 1472): Interaction with: f2c54b8 com.android.settings/com.android.settings.Settings (server), edge-swipe (server), swipe-up (server), PointerEventDispatcher0 (server),
09-24 00:48:52.643 I/sysui_multi_action( 4383): [757,830,758,4,833,0,854,top_level_connected_devices,1089,0]
09-24 00:48:52.748 I/sysui_multi_action( 4383): [757,337,758,2,1089,2521]
09-24 00:48:52.861 I/sysui_multi_action( 4383): [757,747,758,1,833,0,1089,107]
09-24 00:48:52.863 I/sysui_multi_action( 4383): [757,1729,758,4,854,isParalleledControllers:false,1089,108]
09-24 00:48:53.440 I/am_uid_idle( 1472): 10067
09-24 00:48:54.700 I/sysui_multi_action( 4383): [757,830,758,4,833,0,854,top_level_connected_devices,1089,0]
09-24 00:48:54.803 I/sysui_multi_action( 4383): [757,747,758,2,1089,1941]
09-24 00:48:54.889 I/sysui_multi_action( 4383): [757,747,758,1,833,0,1089,80]
09-24 00:48:54.891 I/sysui_multi_action( 4383): [757,1729,758,4,854,isParalleledControllers:false,1089,82]
09-24 00:48:55.474 I/sysui_multi_action( 4383): [757,830,758,4,833,0,854,top_level_apps,1089,0]
09-24 00:48:55.577 I/sysui_multi_action( 4383): [757,747,758,2,1089,688]
09-24 00:48:55.634 I/sysui_multi_action( 4383): [757,65,758,1,833,0,1089,48]
09-24 00:48:55.647 I/sysui_multi_action( 4383): [757,1729,758,4,854,isParalleledControllers:false,1089,61]
09-24 00:48:57.971 I/sysui_multi_action( 4383): [757,830,758,4,833,0,854,top_level_display,1089,0]
09-24 00:48:58.105 I/sysui_multi_action( 4383): [757,65,758,2,1089,2471]
09-24 00:48:58.174 I/sysui_multi_action( 4383): [757,46,758,1,833,0,1089,63]
09-24 00:48:58.189 I/sysui_multi_action( 4383): [757,1729,758,4,854,isParalleledControllers:false,1089,78]
09-24 00:49:01.286 I/wm_task_created( 1472): [138,-1]
09-24 00:49:01.293 I/wm_task_moved( 1472): [138,1,7]
09-24 00:49:01.293 I/wm_task_to_front( 1472): [0,138]
09-24 00:49:01.293 I/wm_create_task( 1472): [0,138]
09-24 00:49:01.293 I/wm_create_activity( 1472): [0,26235423,138,com.android.systemui/.settings.brightness.BrightnessDialog,com.android.intent.action.SHOW_BRIGHTNESS_DIALOG,NULL,NULL,276824064]
09-24 00:49:01.293 I/wm_task_moved( 1472): [138,1,7]
09-24 00:49:01.295 I/wm_pause_activity( 1472): [0,256617940,com.android.settings/.Settings,userLeaving=true,pauseBackTasks]
09-24 00:49:01.298 I/sysui_multi_action( 4383): [757,830,758,4,833,0,854,brightness,1089,0]
09-24 00:49:01.307 I/wm_on_top_resumed_lost_called( 4383): [256617940,com.android.settings.Settings,topStateChangedWhenResumed]
09-24 00:49:01.309 I/sysui_multi_action( 4383): [757,35,758,2,1089,11089]
09-24 00:49:01.309 I/sysui_multi_action( 4383): [757,46,758,2,1089,3135]
09-24 00:49:01.310 I/wm_on_paused_called( 4383): [256617940,com.android.settings.Settings,performPause]
09-24 00:49:01.313 I/wm_restart_activity( 1472): [0,26235423,138,com.android.systemui/.settings.brightness.BrightnessDialog]
09-24 00:49:01.314 I/wm_set_resumed_activity( 1472): [0,com.android.systemui/.settings.brightness.BrightnessDialog,minimalResumeActivityLocked]
09-24 00:49:01.318 I/sysui_multi_action( 1472): [757,803,799,window_time_0,802,11]
09-24 00:49:01.352 I/wm_on_create_called( 1846): [26235423,com.android.systemui.settings.brightness.BrightnessDialog,performCreate]
09-24 00:49:01.354 I/sysui_multi_action( 1846): [757,220,758,1]
09-24 00:49:01.354 I/wm_on_start_called( 1846): [26235423,com.android.systemui.settings.brightness.BrightnessDialog,handleStartActivity]
09-24 00:49:01.354 I/wm_on_resume_called( 1846): [26235423,com.android.systemui.settings.brightness.BrightnessDialog,RESUME_ACTIVITY]
09-24 00:49:01.357 I/wm_on_top_resumed_gained_called( 1846): [26235423,com.android.systemui.settings.brightness.BrightnessDialog,topStateChangedWhenResumed]
09-24 00:49:01.365 I/input_focus( 1472): [Focus request 30b85b1 com.android.systemui/com.android.systemui.settings.brightness.BrightnessDialog,reason=UpdateInputWindows]
09-24 00:49:01.383 I/input_focus( 1472): [Focus leaving f2c54b8 com.android.settings/com.android.settings.Settings (server),reason=Waiting for window because NOT_VISIBLE]
09-24 00:49:01.385 I/sysui_multi_action( 1472): [319,90,322,89,325,4274,757,761,758,8,759,2,806,com.android.systemui,871,com.android.systemui.settings.brightness.BrightnessDialog,904,com.android.settings,905,0,1320,8,1321,5]
09-24 00:49:01.387 I/wm_activity_launch_time( 1472): [0,26235423,com.android.systemui/.settings.brightness.BrightnessDialog,89]
09-24 00:49:01.395 I/input_focus( 1472): [Focus entering 30b85b1 com.android.systemui/com.android.systemui.settings.brightness.BrightnessDialog (server),reason=Window became focusable. Previous reason: NOT_VISIBLE]
09-24 00:49:02.533 I/input_interaction( 1472): Interaction with: 30b85b1 com.android.systemui/com.android.systemui.settings.brightness.BrightnessDialog (server), edge-swipe (server), swipe-up (server), PointerEventDispatcher0 (server),
09-24 00:49:02.539 I/am_wtf ( 1472): [0,1472,system_server,-1,DisplayDeviceConfig,requesting nits when no mapping exists.]
09-24 00:49:02.542 I/am_wtf ( 1472): [0,1472,system_server,-1,DisplayDeviceConfig,requesting nits when no mapping exists.]
09-24 00:49:02.685 I/am_wtf ( 1472): [0,1472,system_server,-1,DisplayDeviceConfig,requesting nits when no mapping exists.]
09-24 00:49:02.687 I/am_wtf ( 1472): [0,1472,system_server,-1,DisplayDeviceConfig,requesting nits when no mapping exists.]
09-24 00:49:02.791 I/sysui_multi_action( 1846): [757,218,758,4,759,39]
09-24 00:49:02.796 I/commit_sys_config_file( 1472): [display-state,199620]
09-24 00:49:03.004 I/commit_sys_config_file( 1472): [settings-1-0,5]
09-24 00:49:04.182 I/am_wtf ( 1472): [0,1472,system_server,-1,DisplayDeviceConfig,requesting nits when no mapping exists.]
09-24 00:49:04.184 I/am_wtf ( 1472): [0,1472,system_server,-1,DisplayDeviceConfig,requesting nits when no mapping exists.]
09-24 00:49:04.354 I/am_wtf ( 1472): [0,1472,system_server,-1,DisplayDeviceConfig,requesting nits when no mapping exists.]
09-24 00:49:04.355 I/am_wtf ( 1472): [0,1472,system_server,-1,DisplayDeviceConfig,requesting nits when no mapping exists.]
09-24 00:49:04.403 I/am_wtf ( 1472): [0,1472,system_server,-1,DisplayDeviceConfig,requesting nits when no mapping exists.]
09-24 00:49:04.405 I/am_wtf ( 1472): [0,1472,system_server,-1,DisplayDeviceConfig,requesting nits when no mapping exists.]
09-24 00:49:04.424 I/am_wtf ( 1472): [0,1472,system_server,-1,DisplayDeviceConfig,requesting nits when no mapping exists.]
09-24 00:49:04.425 I/am_wtf ( 1472): [0,1472,system_server,-1,DisplayDeviceConfig,requesting nits when no mapping exists.]
09-24 00:49:04.454 I/am_wtf ( 1472): [0,1472,system_server,-1,DisplayDeviceConfig,requesting nits when no mapping exists.]
09-24 00:49:04.455 I/am_wtf ( 1472): [0,1472,system_server,-1,DisplayDeviceConfig,requesting nits when no mapping exists.]
09-24 00:49:04.471 I/am_wtf ( 1472): [0,1472,system_server,-1,DisplayDeviceConfig,requesting nits when no mapping exists.]
09-24 00:49:04.472 I/am_wtf ( 1472): [0,1472,system_server,-1,DisplayDeviceConfig,requesting nits when no mapping exists.]
09-24 00:49:04.490 I/am_wtf ( 1472): [0,1472,system_server,-1,DisplayDeviceConfig,requesting nits when no mapping exists.]
09-24 00:49:04.491 I/am_wtf ( 1472): [0,1472,system_server,-1,DisplayDeviceConfig,requesting nits when no mapping exists.]
09-24 00:49:04.507 I/am_wtf ( 1472): [0,1472,system_server,-1,DisplayDeviceConfig,requesting nits when no mapping exists.]
09-24 00:49:04.507 I/am_wtf ( 1472): [0,1472,system_server,-1,DisplayDeviceConfig,requesting nits when no mapping exists.]
09-24 00:49:04.521 I/am_wtf ( 1472): [0,1472,system_server,-1,DisplayDeviceConfig,requesting nits when no mapping exists.]
09-24 00:49:04.521 I/am_wtf ( 1472): [0,1472,system_server,-1,DisplayDeviceConfig,requesting nits when no mapping exists.]
09-24 00:49:04.539 I/am_wtf ( 1472): [0,1472,system_server,-1,DisplayDeviceConfig,requesting nits when no mapping exists.]
09-24 00:49:04.540 I/service_manager_stats( 1472): [100,67,71137]
09-24 00:49:04.540 I/am_wtf ( 1472): [0,1472,system_server,-1,DisplayDeviceConfig,requesting nits when no mapping exists.]
09-24 00:49:04.557 I/am_wtf ( 1472): [0,1472,system_server,-1,DisplayDeviceConfig,requesting nits when no mapping exists.]
09-24 00:49:04.557 I/am_wtf ( 1472): [0,1472,system_server,-1,DisplayDeviceConfig,requesting nits when no mapping exists.]
09-24 00:49:04.570 I/am_wtf ( 1472): [0,1472,system_server,-1,DisplayDeviceConfig,requesting nits when no mapping exists.]
09-24 00:49:04.577 I/am_wtf ( 1472): [0,1472,system_server,-1,DisplayDeviceConfig,requesting nits when no mapping exists.]
09-24 00:49:04.610 I/am_wtf ( 1472): [0,1472,system_server,-1,DisplayDeviceConfig,requesting nits when no mapping exists.]
09-24 00:49:04.611 I/am_wtf ( 1472): [0,1472,system_server,-1,DisplayDeviceConfig,requesting nits when no mapping exists.]
09-24 00:49:04.626 I/am_wtf ( 1472): [0,1472,system_server,-1,DisplayDeviceConfig,requesting nits when no mapping exists.]
09-24 00:49:04.627 I/am_wtf ( 1472): [0,1472,system_server,-1,DisplayDeviceConfig,requesting nits when no mapping exists.]
09-24 00:49:04.637 I/am_wtf ( 1472): [0,1472,system_server,-1,DisplayDeviceConfig,requesting nits when no mapping exists.]
09-24 00:49:04.638 I/am_wtf ( 1472): [0,1472,system_server,-1,DisplayDeviceConfig,requesting nits when no mapping exists.]
09-24 00:49:04.654 I/am_wtf ( 1472): [0,1472,system_server,-1,DisplayDeviceConfig,requesting nits when no mapping exists.]
09-24 00:49:04.654 I/am_wtf ( 1472): [0,1472,system_server,-1,DisplayDeviceConfig,requesting nits when no mapping exists.]
09-24 00:49:04.691 I/am_wtf ( 1472): [0,1472,system_server,-1,DisplayDeviceConfig,requesting nits when no mapping exists.]
09-24 00:49:04.693 I/am_wtf ( 1472): [0,1472,system_server,-1,DisplayDeviceConfig,requesting nits when no mapping exists.]
09-24 00:49:04.704 I/am_wtf ( 1472): [0,1472,system_server,-1,DisplayDeviceConfig,requesting nits when no mapping exists.]
09-24 00:49:04.705 I/am_wtf ( 1472): [0,1472,system_server,-1,DisplayDeviceConfig,requesting nits when no mapping exists.]
09-24 00:49:04.721 I/am_wtf ( 1472): [0,1472,system_server,-1,DisplayDeviceConfig,requesting nits when no mapping exists.]
09-24 00:49:04.724 I/am_wtf ( 1472): [0,1472,system_server,-1,DisplayDeviceConfig,requesting nits when no mapping exists.]
09-24 00:49:04.772 I/am_wtf ( 1472): [0,1472,system_server,-1,DisplayDeviceConfig,requesting nits when no mapping exists.]
09-24 00:49:04.773 I/am_wtf ( 1472): [0,1472,system_server,-1,DisplayDeviceConfig,requesting nits when no mapping exists.]
09-24 00:49:04.838 I/am_wtf ( 1472): [0,1472,system_server,-1,DisplayDeviceConfig,requesting nits when no mapping exists.]
09-24 00:49:04.839 I/am_wtf ( 1472): [0,1472,system_server,-1,DisplayDeviceConfig,requesting nits when no mapping exists.]
09-24 00:49:04.913 I/sysui_multi_action( 1846): [757,218,758,4,759,60]
09-24 00:49:04.919 I/commit_sys_config_file( 1472): [display-state,201743]
09-24 00:49:05.129 I/commit_sys_config_file( 1472): [settings-1-0,6]
09-24 00:49:05.468 I/am_wtf ( 1472): [0,1472,system_server,-1,DisplayDeviceConfig,requesting nits when no mapping exists.]
09-24 00:49:05.469 I/am_wtf ( 1472): [0,1472,system_server,-1,DisplayDeviceConfig,requesting nits when no mapping exists.]
09-24 00:49:05.540 I/am_wtf ( 1472): [0,1472,system_server,-1,DisplayDeviceConfig,requesting nits when no mapping exists.]
09-24 00:49:05.542 I/am_wtf ( 1472): [0,1472,system_server,-1,DisplayDeviceConfig,requesting nits when no mapping exists.]
09-24 00:49:05.657 I/am_wtf ( 1472): [0,1472,system_server,-1,DisplayDeviceConfig,requesting nits when no mapping exists.]
09-24 00:49:05.658 I/am_wtf ( 1472): [0,1472,system_server,-1,DisplayDeviceConfig,requesting nits when no mapping exists.]
09-24 00:49:05.691 I/am_wtf ( 1472): [0,1472,system_server,-1,DisplayDeviceConfig,requesting nits when no mapping exists.]
09-24 00:49:05.692 I/am_wtf ( 1472): [0,1472,system_server,-1,DisplayDeviceConfig,requesting nits when no mapping exists.]
09-24 00:49:05.707 I/am_wtf ( 1472): [0,1472,system_server,-1,DisplayDeviceConfig,requesting nits when no mapping exists.]
09-24 00:49:05.708 I/am_wtf ( 1472): [0,1472,system_server,-1,DisplayDeviceConfig,requesting nits when no mapping exists.]
09-24 00:49:05.726 I/am_wtf ( 1472): [0,1472,system_server,-1,DisplayDeviceConfig,requesting nits when no mapping exists.]
09-24 00:49:05.726 I/am_wtf ( 1472): [0,1472,system_server,-1,DisplayDeviceConfig,requesting nits when no mapping exists.]
09-24 00:49:05.758 I/am_wtf ( 1472): [0,1472,system_server,-1,DisplayDeviceConfig,requesting nits when no mapping exists.]
09-24 00:49:05.759 I/am_wtf ( 1472): [0,1472,system_server,-1,DisplayDeviceConfig,requesting nits when no mapping exists.]
09-24 00:49:05.774 I/am_wtf ( 1472): [0,1472,system_server,-1,DisplayDeviceConfig,requesting nits when no mapping exists.]
09-24 00:49:05.775 I/am_wtf ( 1472): [0,1472,system_server,-1,DisplayDeviceConfig,requesting nits when no mapping exists.]
09-24 00:49:05.797 I/am_wtf ( 1472): [0,1472,system_server,-1,DisplayDeviceConfig,requesting nits when no mapping exists.]
09-24 00:49:05.797 I/am_wtf ( 1472): [0,1472,system_server,-1,DisplayDeviceConfig,requesting nits when no mapping exists.]
09-24 00:49:05.823 I/am_wtf ( 1472): [0,1472,system_server,-1,DisplayDeviceConfig,requesting nits when no mapping exists.]
09-24 00:49:05.824 I/am_wtf ( 1472): [0,1472,system_server,-1,DisplayDeviceConfig,requesting nits when no mapping exists.]
09-24 00:49:05.842 I/am_wtf ( 1472): [0,1472,system_server,-1,DisplayDeviceConfig,requesting nits when no mapping exists.]
09-24 00:49:05.843 I/am_wtf ( 1472): [0,1472,system_server,-1,DisplayDeviceConfig,requesting nits when no mapping exists.]
09-24 00:49:05.859 I/am_wtf ( 1472): [0,1472,system_server,-1,DisplayDeviceConfig,requesting nits when no mapping exists.]
09-24 00:49:05.860 I/am_wtf ( 1472): [0,1472,system_server,-1,DisplayDeviceConfig,requesting nits when no mapping exists.]
09-24 00:49:05.890 I/am_wtf ( 1472): [0,1472,system_server,-1,DisplayDeviceConfig,requesting nits when no mapping exists.]
09-24 00:49:05.891 I/am_wtf ( 1472): [0,1472,system_server,-1,DisplayDeviceConfig,requesting nits when no mapping exists.]
09-24 00:49:05.926 I/am_wtf ( 1472): [0,1472,system_server,-1,DisplayDeviceConfig,requesting nits when no mapping exists.]
09-24 00:49:05.927 I/am_wtf ( 1472): [0,1472,system_server,-1,DisplayDeviceConfig,requesting nits when no mapping exists.]
09-24 00:49:05.940 I/am_wtf ( 1472): [0,1472,system_server,-1,DisplayDeviceConfig,requesting nits when no mapping exists.]
09-24 00:49:05.942 I/am_wtf ( 1472): [0,1472,system_server,-1,DisplayDeviceConfig,requesting nits when no mapping exists.]
09-24 00:49:05.959 I/am_wtf ( 1472): [0,1472,system_server,-1,DisplayDeviceConfig,requesting nits when no mapping exists.]
09-24 00:49:05.960 I/am_wtf ( 1472): [0,1472,system_server,-1,DisplayDeviceConfig,requesting nits when no mapping exists.]
09-24 00:49:05.975 I/am_wtf ( 1472): [0,1472,system_server,-1,DisplayDeviceConfig,requesting nits when no mapping exists.]
09-24 00:49:05.976 I/am_wtf ( 1472): [0,1472,system_server,-1,DisplayDeviceConfig,requesting nits when no mapping exists.]
09-24 00:49:05.990 I/am_wtf ( 1472): [0,1472,system_server,-1,DisplayDeviceConfig,requesting nits when no mapping exists.]
09-24 00:49:05.991 I/am_wtf ( 1472): [0,1472,system_server,-1,DisplayDeviceConfig,requesting nits when no mapping exists.]
09-24 00:49:06.010 I/am_wtf ( 1472): [0,1472,system_server,-1,DisplayDeviceConfig,requesting nits when no mapping exists.]
09-24 00:49:06.011 I/am_wtf ( 1472): [0,1472,system_server,-1,DisplayDeviceConfig,requesting nits when no mapping exists.]
09-24 00:49:06.024 I/am_wtf ( 1472): [0,1472,system_server,-1,DisplayDeviceConfig,requesting nits when no mapping exists.]
09-24 00:49:06.024 I/am_wtf ( 1472): [0,1472,system_server,-1,DisplayDeviceConfig,requesting nits when no mapping exists.]
09-24 00:49:06.060 I/am_wtf ( 1472): [0,1472,system_server,-1,DisplayDeviceConfig,requesting nits when no mapping exists.]
09-24 00:49:06.062 I/am_wtf ( 1472): [0,1472,system_server,-1,DisplayDeviceConfig,requesting nits when no mapping exists.]
09-24 00:49:06.076 I/am_wtf ( 1472): [0,1472,system_server,-1,DisplayDeviceConfig,requesting nits when no mapping exists.]
09-24 00:49:06.077 I/am_wtf ( 1472): [0,1472,system_server,-1,DisplayDeviceConfig,requesting nits when no mapping exists.]
09-24 00:49:06.107 I/am_wtf ( 1472): [0,1472,system_server,-1,DisplayDeviceConfig,requesting nits when no mapping exists.]
09-24 00:49:06.108 I/am_wtf ( 1472): [0,1472,system_server,-1,DisplayDeviceConfig,requesting nits when no mapping exists.]
09-24 00:49:06.226 I/sysui_multi_action( 1846): [757,218,758,4,759,81]
09-24 00:49:06.232 I/commit_sys_config_file( 1472): [display-state,203056]
09-24 00:49:06.440 I/commit_sys_config_file( 1472): [settings-1-0,5]
09-24 00:49:06.855 I/am_wtf ( 1472): [0,1472,system_server,-1,DisplayDeviceConfig,requesting nits when no mapping exists.]
09-24 00:49:06.856 I/am_wtf ( 1472): [0,1472,system_server,-1,DisplayDeviceConfig,requesting nits when no mapping exists.]
09-24 00:49:06.927 I/am_wtf ( 1472): [0,1472,system_server,-1,DisplayDeviceConfig,requesting nits when no mapping exists.]
09-24 00:49:06.928 I/am_wtf ( 1472): [0,1472,system_server,-1,DisplayDeviceConfig,requesting nits when no mapping exists.]
09-24 00:49:07.012 I/am_wtf ( 1472): [0,1472,system_server,-1,DisplayDeviceConfig,requesting nits when no mapping exists.]
09-24 00:49:07.013 I/am_wtf ( 1472): [0,1472,system_server,-1,DisplayDeviceConfig,requesting nits when no mapping exists.]
09-24 00:49:07.045 I/am_wtf ( 1472): [0,1472,system_server,-1,DisplayDeviceConfig,requesting nits when no mapping exists.]
09-24 00:49:07.045 I/am_wtf ( 1472): [0,1472,system_server,-1,DisplayDeviceConfig,requesting nits when no mapping exists.]
09-24 00:49:07.110 I/am_wtf ( 1472): [0,1472,system_server,-1,DisplayDeviceConfig,requesting nits when no mapping exists.]
09-24 00:49:07.111 I/am_wtf ( 1472): [0,1472,system_server,-1,DisplayDeviceConfig,requesting nits when no mapping exists.]
09-24 00:49:07.127 I/am_wtf ( 1472): [0,1472,system_server,-1,DisplayDeviceConfig,requesting nits when no mapping exists.]
09-24 00:49:07.127 I/am_wtf ( 1472): [0,1472,system_server,-1,DisplayDeviceConfig,requesting nits when no mapping exists.]
09-24 00:49:07.161 I/am_wtf ( 1472): [0,1472,system_server,-1,DisplayDeviceConfig,requesting nits when no mapping exists.]
09-24 00:49:07.162 I/am_wtf ( 1472): [0,1472,system_server,-1,DisplayDeviceConfig,requesting nits when no mapping exists.]
09-24 00:49:07.193 I/am_wtf ( 1472): [0,1472,system_server,-1,DisplayDeviceConfig,requesting nits when no mapping exists.]
09-24 00:49:07.194 I/am_wtf ( 1472): [0,1472,system_server,-1,DisplayDeviceConfig,requesting nits when no mapping exists.]
09-24 00:49:07.228 I/am_wtf ( 1472): [0,1472,system_server,-1,DisplayDeviceConfig,requesting nits when no mapping exists.]
09-24 00:49:07.229 I/am_wtf ( 1472): [0,1472,system_server,-1,DisplayDeviceConfig,requesting nits when no mapping exists.]
09-24 00:49:07.260 I/am_wtf ( 1472): [0,1472,system_server,-1,DisplayDeviceConfig,requesting nits when no mapping exists.]
09-24 00:49:07.261 I/am_wtf ( 1472): [0,1472,system_server,-1,DisplayDeviceConfig,requesting nits when no mapping exists.]
09-24 00:49:07.280 I/am_wtf ( 1472): [0,1472,system_server,-1,DisplayDeviceConfig,requesting nits when no mapping exists.]
09-24 00:49:07.280 I/am_wtf ( 1472): [0,1472,system_server,-1,DisplayDeviceConfig,requesting nits when no mapping exists.]
09-24 00:49:07.312 I/am_wtf ( 1472): [0,1472,system_server,-1,DisplayDeviceConfig,requesting nits when no mapping exists.]
09-24 00:49:07.313 I/am_wtf ( 1472): [0,1472,system_server,-1,DisplayDeviceConfig,requesting nits when no mapping exists.]
09-24 00:49:07.349 I/am_wtf ( 1472): [0,1472,system_server,-1,DisplayDeviceConfig,requesting nits when no mapping exists.]
09-24 00:49:07.349 I/am_wtf ( 1472): [0,1472,system_server,-1,DisplayDeviceConfig,requesting nits when no mapping exists.]
09-24 00:49:07.395 I/am_wtf ( 1472): [0,1472,system_server,-1,DisplayDeviceConfig,requesting nits when no mapping exists.]
09-24 00:49:07.396 I/am_wtf ( 1472): [0,1472,system_server,-1,DisplayDeviceConfig,requesting nits when no mapping exists.]
09-24 00:49:07.518 I/sysui_multi_action( 1846): [757,218,758,4,759,92]
09-24 00:49:07.523 I/commit_sys_config_file( 1472): [display-state,204347]
09-24 00:49:07.728 I/commit_sys_config_file( 1472): [settings-1-0,2]
09-24 00:49:07.953 I/am_wtf ( 1472): [0,1472,system_server,-1,DisplayDeviceConfig,requesting nits when no mapping exists.]
09-24 00:49:07.954 I/am_wtf ( 1472): [0,1472,system_server,-1,DisplayDeviceConfig,requesting nits when no mapping exists.]
09-24 00:49:08.081 I/am_wtf ( 1472): [0,1472,system_server,-1,DisplayDeviceConfig,requesting nits when no mapping exists.]
09-24 00:49:08.083 I/am_wtf ( 1472): [0,1472,system_server,-1,DisplayDeviceConfig,requesting nits when no mapping exists.]
09-24 00:49:08.165 I/am_wtf ( 1472): [0,1472,system_server,-1,DisplayDeviceConfig,requesting nits when no mapping exists.]
09-24 00:49:08.166 I/am_wtf ( 1472): [0,1472,system_server,-1,DisplayDeviceConfig,requesting nits when no mapping exists.]
09-24 00:49:08.196 I/am_wtf ( 1472): [0,1472,system_server,-1,DisplayDeviceConfig,requesting nits when no mapping exists.]
09-24 00:49:08.197 I/am_wtf ( 1472): [0,1472,system_server,-1,DisplayDeviceConfig,requesting nits when no mapping exists.]
09-24 00:49:08.230 I/am_wtf ( 1472): [0,1472,system_server,-1,DisplayDeviceConfig,requesting nits when no mapping exists.]
09-24 00:49:08.231 I/am_wtf ( 1472): [0,1472,system_server,-1,DisplayDeviceConfig,requesting nits when no mapping exists.]
09-24 00:49:08.263 I/am_wtf ( 1472): [0,1472,system_server,-1,DisplayDeviceConfig,requesting nits when no mapping exists.]
09-24 00:49:08.264 I/am_wtf ( 1472): [0,1472,system_server,-1,DisplayDeviceConfig,requesting nits when no mapping exists.]
09-24 00:49:08.297 I/am_wtf ( 1472): [0,1472,system_server,-1,DisplayDeviceConfig,requesting nits when no mapping exists.]
09-24 00:49:08.298 I/am_wtf ( 1472): [0,1472,system_server,-1,DisplayDeviceConfig,requesting nits when no mapping exists.]
09-24 00:49:08.331 I/am_wtf ( 1472): [0,1472,system_server,-1,DisplayDeviceConfig,requesting nits when no mapping exists.]
09-24 00:49:08.332 I/am_wtf ( 1472): [0,1472,system_server,-1,DisplayDeviceConfig,requesting nits when no mapping exists.]
09-24 00:49:08.346 I/am_wtf ( 1472): [0,1472,system_server,-1,DisplayDeviceConfig,requesting nits when no mapping exists.]
09-24 00:49:08.347 I/am_wtf ( 1472): [0,1472,system_server,-1,DisplayDeviceConfig,requesting nits when no mapping exists.]
09-24 00:49:08.398 I/am_wtf ( 1472): [0,1472,system_server,-1,DisplayDeviceConfig,requesting nits when no mapping exists.]
09-24 00:49:08.400 I/am_wtf ( 1472): [0,1472,system_server,-1,DisplayDeviceConfig,requesting nits when no mapping exists.]
09-24 00:49:08.465 I/am_wtf ( 1472): [0,1472,system_server,-1,DisplayDeviceConfig,requesting nits when no mapping exists.]
09-24 00:49:08.466 I/am_wtf ( 1472): [0,1472,system_server,-1,DisplayDeviceConfig,requesting nits when no mapping exists.]
09-24 00:49:08.516 I/sysui_multi_action( 1846): [757,218,758,4,759,100]
09-24 00:49:08.521 I/commit_sys_config_file( 1472): [display-state,205345]
09-24 00:49:08.728 I/commit_sys_config_file( 1472): [settings-1-0,5]
09-24 00:49:10.240 I/service_manager_stats( 1472): [144,82,5700]
09-24 00:49:10.242 I/am_wtf ( 1472): [0,1472,system_server,-1,DisplayDeviceConfig,requesting nits when no mapping exists.]
09-24 00:49:10.243 I/am_wtf ( 1472): [0,1472,system_server,-1,DisplayDeviceConfig,requesting nits when no mapping exists.]
09-24 00:49:10.372 I/view_enqueue_input_event( 1846): [Motion - Cancel,com.android.systemui/com.android.systemui.settings.brightness.BrightnessDialog]
09-24 00:49:10.372 I/sysui_multi_action( 1846): [757,218,758,4,759,99]
09-24 00:49:10.380 I/commit_sys_config_file( 1472): [display-state,207204]
09-24 00:49:10.384 I/input_interaction( 1472): Interaction with: edge-swipe (server), swipe-up (server), PointerEventDispatcher0 (server),
09-24 00:49:10.586 I/commit_sys_config_file( 1472): [settings-1-0,3]
09-24 00:49:11.071 I/sysui_multi_action( 1472): [757,803,799,key_back_press,802,1]
09-24 00:49:11.076 I/input_interaction( 1472): Interaction with: 30b85b1 com.android.systemui/com.android.systemui.settings.brightness.BrightnessDialog (server), PointerEventDispatcher0 (server),
09-24 00:49:11.084 I/wm_finish_activity( 1472): [0,26235423,138,com.android.systemui/.settings.brightness.BrightnessDialog,app-request]
09-24 00:49:11.085 I/wm_task_moved( 1472): [121,1,7]
09-24 00:49:11.085 I/wm_task_to_front( 1472): [0,121]
09-24 00:49:11.088 I/wm_focused_root_task( 1472): [0,0,121,138,finish-top adjustFocusToNextFocusableTask]
09-24 00:49:11.094 I/wm_pause_activity( 1472): [0,26235423,com.android.systemui/.settings.brightness.BrightnessDialog,userLeaving=false,finish]
09-24 00:49:11.098 I/input_focus( 1472): [Focus request f2c54b8 com.android.settings/com.android.settings.Settings,reason=UpdateInputWindows]
09-24 00:49:11.098 I/wm_on_top_resumed_lost_called( 1846): [26235423,com.android.systemui.settings.brightness.BrightnessDialog,topStateChangedWhenResumed]
09-24 00:49:11.098 I/wm_on_paused_called( 1846): [26235423,com.android.systemui.settings.brightness.BrightnessDialog,performPause]
09-24 00:49:11.103 I/wm_set_resumed_activity( 1472): [0,com.android.settings/.Settings,resumeTopActivityInnerLocked]
09-24 00:49:11.104 I/wm_resume_activity( 1472): [0,256617940,121,com.android.settings/.Settings]
09-24 00:49:11.107 I/wm_on_resume_called( 4383): [256617940,com.android.settings.Settings,RESUME_ACTIVITY]
09-24 00:49:11.108 I/sysui_multi_action( 4383): [757,35,758,1,833,0,1089,0]
09-24 00:49:11.113 I/sysui_multi_action( 1472): [757,803,799,window_time_0,802,10]
09-24 00:49:11.115 I/sysui_multi_action( 4383): [757,46,758,1,833,0,1089,0]
09-24 00:49:11.119 I/input_focus( 1472): [Focus leaving 30b85b1 com.android.systemui/com.android.systemui.settings.brightness.BrightnessDialog (server),reason=NO_WINDOW]
09-24 00:49:11.119 I/input_focus( 1472): [Focus entering f2c54b8 com.android.settings/com.android.settings.Settings (server),reason=setFocusedWindow]
09-24 00:49:11.124 I/wm_on_top_resumed_gained_called( 4383): [256617940,com.android.settings.Settings,topWhenResuming]
09-24 00:49:11.171 I/wm_destroy_activity( 1472): [0,26235423,138,com.android.systemui/.settings.brightness.BrightnessDialog,finish-idle]
09-24 00:49:11.179 I/sysui_multi_action( 1846): [757,220,758,2]
09-24 00:49:11.179 I/am_pss ( 1472): [14020,1000,com.thundercomm.mcuupgrade,6802432,4513792,61440,85786624,0,19,6]
09-24 00:49:11.179 I/wm_on_stop_called( 1846): [26235423,com.android.systemui.settings.brightness.BrightnessDialog,LIFECYCLER_STOP_ACTIVITY]
09-24 00:49:11.179 I/wm_on_destroy_called( 1846): [26235423,com.android.systemui.settings.brightness.BrightnessDialog,performDestroy]
09-24 00:49:11.186 I/am_pss ( 1472): [14008,10062,com.android.music,6717440,4046848,61440,86102016,0,19,6]
09-24 00:49:11.193 I/am_pss ( 1472): [13986,10069,com.android.gallery3d,8108032,5709824,61440,88825856,0,19,6]
09-24 00:49:11.200 I/am_pss ( 1472): [13983,10031,com.android.documentsui,13261824,10276864,61440,101625856,0,19,6]
09-24 00:49:11.384 I/wm_task_removed( 1472): [138,removeChild:removeChild last r=ActivityRecord{190521f u0 com.android.systemui/.settings.brightness.BrightnessDialog t-1 f}} in t=Task{9df4cb3 #138 type=standard A=10081:com.android.systemui U=0 visible=false mode=fullscreen translucent=true sz=0}]
09-24 00:49:11.384 I/wm_task_removed( 1472): [138,removeChild]
09-24 00:49:12.738 I/input_interaction( 1472): Interaction with: f2c54b8 com.android.settings/com.android.settings.Settings (server), edge-swipe (server), swipe-up (server), PointerEventDispatcher0 (server),
09-24 00:49:12.880 I/wm_task_created( 1472): [139,-1]
09-24 00:49:12.885 I/wm_task_moved( 1472): [139,1,7]
09-24 00:49:12.885 I/wm_task_to_front( 1472): [0,139]
09-24 00:49:12.886 I/wm_create_task( 1472): [0,139]
09-24 00:49:12.886 I/wm_create_activity( 1472): [0,29388256,139,com.android.systemui/.settings.brightness.BrightnessDialog,com.android.intent.action.SHOW_BRIGHTNESS_DIALOG,NULL,NULL,276824064]
09-24 00:49:12.886 I/wm_task_moved( 1472): [139,1,7]
09-24 00:49:12.889 I/wm_pause_activity( 1472): [0,256617940,com.android.settings/.Settings,userLeaving=true,pauseBackTasks]
09-24 00:49:12.897 I/sysui_multi_action( 4383): [757,830,758,4,833,0,854,brightness,1089,0]
09-24 00:49:12.898 I/wm_on_top_resumed_lost_called( 4383): [256617940,com.android.settings.Settings,topStateChangedWhenResumed]
09-24 00:49:12.901 I/sysui_multi_action( 4383): [757,35,758,2,1089,1793]
09-24 00:49:12.901 I/sysui_multi_action( 4383): [757,46,758,2,1089,1786]
09-24 00:49:12.902 I/wm_on_paused_called( 4383): [256617940,com.android.settings.Settings,performPause]
09-24 00:49:12.905 I/wm_restart_activity( 1472): [0,29388256,139,com.android.systemui/.settings.brightness.BrightnessDialog]
09-24 00:49:12.906 I/wm_set_resumed_activity( 1472): [0,com.android.systemui/.settings.brightness.BrightnessDialog,minimalResumeActivityLocked]
09-24 00:49:12.915 I/sysui_multi_action( 1472): [757,803,799,window_time_0,802,2]
09-24 00:49:12.927 I/wm_on_create_called( 1846): [29388256,com.android.systemui.settings.brightness.BrightnessDialog,performCreate]
09-24 00:49:12.929 I/sysui_multi_action( 1846): [757,220,758,1]
09-24 00:49:12.929 I/wm_on_start_called( 1846): [29388256,com.android.systemui.settings.brightness.BrightnessDialog,handleStartActivity]
09-24 00:49:12.929 I/wm_on_resume_called( 1846): [29388256,com.android.systemui.settings.brightness.BrightnessDialog,RESUME_ACTIVITY]
09-24 00:49:12.933 I/wm_on_top_resumed_gained_called( 1846): [29388256,com.android.systemui.settings.brightness.BrightnessDialog,topStateChangedWhenResumed]
09-24 00:49:12.944 I/input_focus( 1472): [Focus request 8211b6a com.android.systemui/com.android.systemui.settings.brightness.BrightnessDialog,reason=UpdateInputWindows]
09-24 00:49:12.957 I/input_focus( 1472): [Focus leaving f2c54b8 com.android.settings/com.android.settings.Settings (server),reason=Waiting for window because NOT_VISIBLE]
09-24 00:49:12.969 I/sysui_multi_action( 1472): [319,76,322,74,325,4286,757,761,758,8,759,2,806,com.android.systemui,871,com.android.systemui.settings.brightness.BrightnessDialog,904,com.android.settings,905,0,1320,8,1321,5]
09-24 00:49:12.970 I/wm_activity_launch_time( 1472): [0,29388256,com.android.systemui/.settings.brightness.BrightnessDialog,74]
09-24 00:49:12.974 I/input_focus( 1472): [Focus entering 8211b6a com.android.systemui/com.android.systemui.settings.brightness.BrightnessDialog (server),reason=Window became focusable. Previous reason: NOT_VISIBLE]
09-24 00:49:13.875 I/input_interaction( 1472): Interaction with: 8211b6a com.android.systemui/com.android.systemui.settings.brightness.BrightnessDialog (server), edge-swipe (server), swipe-up (server), PointerEventDispatcher0 (server),
09-24 00:49:14.742 I/am_wtf ( 1472): [0,1472,system_server,-1,DisplayDeviceConfig,requesting nits when no mapping exists.]
09-24 00:49:14.745 I/am_wtf ( 1472): [0,1472,system_server,-1,DisplayDeviceConfig,requesting nits when no mapping exists.]
09-24 00:49:14.980 I/am_wtf ( 1472): [0,1472,system_server,-1,DisplayDeviceConfig,requesting nits when no mapping exists.]
09-24 00:49:14.987 I/am_wtf ( 1472): [0,1472,system_server,-1,DisplayDeviceConfig,requesting nits when no mapping exists.]
09-24 00:49:15.063 I/am_wtf ( 1472): [0,1472,system_server,-1,DisplayDeviceConfig,requesting nits when no mapping exists.]
09-24 00:49:15.065 I/am_wtf ( 1472): [0,1472,system_server,-1,DisplayDeviceConfig,requesting nits when no mapping exists.]
09-24 00:49:15.095 I/am_wtf ( 1472): [0,1472,system_server,-1,DisplayDeviceConfig,requesting nits when no mapping exists.]
09-24 00:49:15.096 I/am_wtf ( 1472): [0,1472,system_server,-1,DisplayDeviceConfig,requesting nits when no mapping exists.]
09-24 00:49:15.129 I/am_wtf ( 1472): [0,1472,system_server,-1,DisplayDeviceConfig,requesting nits when no mapping exists.]
09-24 00:49:15.131 I/am_wtf ( 1472): [0,1472,system_server,-1,DisplayDeviceConfig,requesting nits when no mapping exists.]
09-24 00:49:15.147 I/am_wtf ( 1472): [0,1472,system_server,-1,DisplayDeviceConfig,requesting nits when no mapping exists.]
09-24 00:49:15.147 I/am_wtf ( 1472): [0,1472,system_server,-1,DisplayDeviceConfig,requesting nits when no mapping exists.]
09-24 00:49:15.162 I/am_wtf ( 1472): [0,1472,system_server,-1,DisplayDeviceConfig,requesting nits when no mapping exists.]
09-24 00:49:15.163 I/am_wtf ( 1472): [0,1472,system_server,-1,DisplayDeviceConfig,requesting nits when no mapping exists.]
09-24 00:49:15.198 I/am_wtf ( 1472): [0,1472,system_server,-1,DisplayDeviceConfig,requesting nits when no mapping exists.]
09-24 00:49:15.200 I/am_wtf ( 1472): [0,1472,system_server,-1,DisplayDeviceConfig,requesting nits when no mapping exists.]
09-24 00:49:15.213 I/am_wtf ( 1472): [0,1472,system_server,-1,DisplayDeviceConfig,requesting nits when no mapping exists.]
09-24 00:49:15.214 I/am_wtf ( 1472): [0,1472,system_server,-1,DisplayDeviceConfig,requesting nits when no mapping exists.]
09-24 00:49:15.229 I/am_wtf ( 1472): [0,1472,system_server,-1,DisplayDeviceConfig,requesting nits when no mapping exists.]
09-24 00:49:15.230 I/am_wtf ( 1472): [0,1472,system_server,-1,DisplayDeviceConfig,requesting nits when no mapping exists.]
