09-24 02:52:32.709 I/am_wtf ( 1472): [0,1472,system_server,-1,DisplayDeviceConfig,requesting nits when no mapping exists.]
09-24 02:52:32.710 I/am_wtf ( 1472): [0,1472,system_server,-1,DisplayDeviceConfig,requesting nits when no mapping exists.]
09-24 02:52:32.727 I/am_wtf ( 1472): [0,1472,system_server,-1,DisplayDeviceConfig,requesting nits when no mapping exists.]
09-24 02:52:32.728 I/am_wtf ( 1472): [0,1472,system_server,-1,DisplayDeviceConfig,requesting nits when no mapping exists.]
09-24 02:52:32.744 I/am_wtf ( 1472): [0,1472,system_server,-1,DisplayDeviceConfig,requesting nits when no mapping exists.]
09-24 02:52:32.744 I/am_wtf ( 1472): [0,1472,system_server,-1,DisplayDeviceConfig,requesting nits when no mapping exists.]
09-24 02:52:32.760 I/am_wtf ( 1472): [0,1472,system_server,-1,DisplayDeviceConfig,requesting nits when no mapping exists.]
09-24 02:52:32.761 I/am_wtf ( 1472): [0,1472,system_server,-1,DisplayDeviceConfig,requesting nits when no mapping exists.]
09-24 02:52:32.777 I/am_wtf ( 1472): [0,1472,system_server,-1,DisplayDeviceConfig,requesting nits when no mapping exists.]
09-24 02:52:32.778 I/am_wtf ( 1472): [0,1472,system_server,-1,DisplayDeviceConfig,requesting nits when no mapping exists.]
09-24 02:52:32.794 I/am_wtf ( 1472): [0,1472,system_server,-1,DisplayDeviceConfig,requesting nits when no mapping exists.]
09-24 02:52:32.800 I/am_wtf ( 1472): [0,1472,system_server,-1,DisplayDeviceConfig,requesting nits when no mapping exists.]
09-24 02:52:32.810 I/am_wtf ( 1472): [0,1472,system_server,-1,DisplayDeviceConfig,requesting nits when no mapping exists.]
09-24 02:52:32.815 I/am_wtf ( 1472): [0,1472,system_server,-1,DisplayDeviceConfig,requesting nits when no mapping exists.]
09-24 02:52:32.828 I/am_wtf ( 1472): [0,1472,system_server,-1,DisplayDeviceConfig,requesting nits when no mapping exists.]
09-24 02:52:32.829 I/am_wtf ( 1472): [0,1472,system_server,-1,DisplayDeviceConfig,requesting nits when no mapping exists.]
09-24 02:52:32.846 I/am_wtf ( 1472): [0,1472,system_server,-1,DisplayDeviceConfig,requesting nits when no mapping exists.]
09-24 02:52:32.851 I/am_wtf ( 1472): [0,1472,system_server,-1,DisplayDeviceConfig,requesting nits when no mapping exists.]
09-24 02:52:32.860 I/am_wtf ( 1472): [0,1472,system_server,-1,DisplayDeviceConfig,requesting nits when no mapping exists.]
09-24 02:52:32.860 I/am_wtf ( 1472): [0,1472,system_server,-1,DisplayDeviceConfig,requesting nits when no mapping exists.]
09-24 02:52:32.877 I/am_wtf ( 1472): [0,1472,system_server,-1,DisplayDeviceConfig,requesting nits when no mapping exists.]
09-24 02:52:32.877 I/am_wtf ( 1472): [0,1472,system_server,-1,DisplayDeviceConfig,requesting nits when no mapping exists.]
09-24 02:52:32.893 I/am_wtf ( 1472): [0,1472,system_server,-1,DisplayDeviceConfig,requesting nits when no mapping exists.]
09-24 02:52:32.894 I/service_manager_stats( 1472): [100,69,66877]
09-24 02:52:32.894 I/am_wtf ( 1472): [0,1472,system_server,-1,DisplayDeviceConfig,requesting nits when no mapping exists.]
09-24 02:52:32.910 I/am_wtf ( 1472): [0,1472,system_server,-1,DisplayDeviceConfig,requesting nits when no mapping exists.]
09-24 02:52:32.911 I/am_wtf ( 1472): [0,1472,system_server,-1,DisplayDeviceConfig,requesting nits when no mapping exists.]
09-24 02:52:32.927 I/am_wtf ( 1472): [0,1472,system_server,-1,DisplayDeviceConfig,requesting nits when no mapping exists.]
09-24 02:52:32.928 I/am_wtf ( 1472): [0,1472,system_server,-1,DisplayDeviceConfig,requesting nits when no mapping exists.]
09-24 02:52:35.751 I/auditd ( 5049): type=1400 audit(0.0:1991): avc: granted { nlmsg_readpriv } for comm="pool-8-thread-1" scontext=u:r:untrusted_app_29:s0:c96,c256,c512,c768 tcontext=u:r:untrusted_app_29:s0:c96,c256,c512,c768 tclass=netlink_route_socket app=com.netease.cloudmusic
09-24 02:52:36.041 I/am_uid_idle( 1472): 10067
09-24 02:52:38.891 I/auditd ( 5049): type=1400 audit(0.0:1992): avc: granted { nlmsg_readpriv } for comm="pool-8-thread-1" scontext=u:r:untrusted_app_29:s0:c96,c256,c512,c768 tcontext=u:r:untrusted_app_29:s0:c96,c256,c512,c768 tclass=netlink_route_socket app=com.netease.cloudmusic
09-24 02:52:39.616 I/sysui_multi_action( 1472): [757,222,758,1]
09-24 02:52:39.618 I/am_uid_active( 1472): 10067
09-24 02:52:39.630 I/wm_task_created( 1472): [148,-1]
09-24 02:52:39.634 I/wm_task_moved( 1472): [148,1,8]
09-24 02:52:39.634 I/wm_task_to_front( 1472): [0,148]
09-24 02:52:39.634 I/wm_create_task( 1472): [0,148]
09-24 02:52:39.634 I/wm_create_activity( 1472): [0,215949239,148,com.android.deskclock/android.service.dreams.DreamActivity,NULL,NULL,NULL,276824064]
09-24 02:52:39.634 I/wm_task_moved( 1472): [148,1,8]
09-24 02:52:39.634 I/wm_on_top_resumed_lost_called( 1846): [10882976,com.android.systemui.settings.brightness.BrightnessDialog,topStateChangedWhenResumed]
09-24 02:52:39.636 I/wm_pause_activity( 1472): [0,10882976,com.android.systemui/.settings.brightness.BrightnessDialog,userLeaving=true,pauseBackTasks]
09-24 02:52:39.645 I/wm_on_paused_called( 1846): [10882976,com.android.systemui.settings.brightness.BrightnessDialog,performPause]
09-24 02:52:39.647 I/wm_add_to_stopping( 1472): [0,10882976,com.android.systemui/.settings.brightness.BrightnessDialog,makeInvisible]
09-24 02:52:39.647 I/wm_add_to_stopping( 1472): [0,256617940,com.android.settings/.Settings,makeInvisible]
09-24 02:52:39.648 I/wm_restart_activity( 1472): [0,215949239,148,com.android.deskclock/android.service.dreams.DreamActivity]
09-24 02:52:39.651 I/wm_set_resumed_activity( 1472): [0,com.android.deskclock/android.service.dreams.DreamActivity,minimalResumeActivityLocked]
09-24 02:52:39.661 I/wm_on_create_called( 2531): [215949239,android.service.dreams.DreamActivity,performCreate]
09-24 02:52:39.662 I/wm_on_start_called( 2531): [215949239,android.service.dreams.DreamActivity,handleStartActivity]
09-24 02:52:39.662 I/wm_on_resume_called( 2531): [215949239,android.service.dreams.DreamActivity,RESUME_ACTIVITY]
09-24 02:52:39.667 I/wm_on_top_resumed_gained_called( 2531): [215949239,android.service.dreams.DreamActivity,topStateChangedWhenResumed]
09-24 02:52:39.668 I/sysui_multi_action( 1472): [757,803,799,window_time_0,802,60]
09-24 02:52:39.676 I/input_focus( 1472): [Focus leaving 73af2a com.android.systemui/com.android.systemui.settings.brightness.BrightnessDialog (server),reason=NO_WINDOW]
09-24 02:52:39.696 I/input_focus( 1472): [Focus request 434568e com.android.deskclock/android.service.dreams.DreamActivity,reason=UpdateInputWindows]
09-24 02:52:39.697 I/sysui_multi_action( 1846): [757,111,758,2]
09-24 02:52:39.698 I/notification_enqueue( 1472): [10081,1846,com.android.systemui,2048,NULL,0,Notification(channel=updateNotification shortcut=null contentView=null vibrate=null sound=null defaults=0x0 flags=0x0 color=0x00000000 vis=PRIVATE),1]
09-24 02:52:39.700 I/sysui_multi_action( 1846): [757,111,758,2]
09-24 02:52:39.717 I/sysui_multi_action( 1846): [757,111,758,1]
09-24 02:52:39.717 I/sysui_multi_action( 1846): [757,126,758,1,759,126,927,0,928,1,1593,0]
09-24 02:52:39.718 I/sysui_multi_action( 1846): [757,113,758,1,759,113,927,1,928,1,1593,0]
09-24 02:52:39.718 I/sysui_multi_action( 1846): [757,0,758,1,759,0,927,2,928,0,1593,0]
09-24 02:52:39.718 I/sysui_multi_action( 1846): [757,0,758,1,759,0,927,3,928,0,1593,0]
09-24 02:52:39.719 I/sysui_multi_action( 1846): [757,1706,758,1,759,1706,927,4,928,0,1593,0]
09-24 02:52:39.720 I/sysui_multi_action( 1846): [757,491,758,1,759,491,927,5,928,0,1311,-1,1593,0]
09-24 02:52:39.721 I/sysui_multi_action( 1846): [757,0,758,1,759,0,927,6,928,0,1593,0]
09-24 02:52:39.721 I/sysui_multi_action( 1846): [757,114,758,1,759,114,927,7,928,0,1593,0]
09-24 02:52:39.721 I/sysui_multi_action( 1846): [757,268,758,1,759,268,806,com.netease.cloudmusic,871,com.netease.cloudmusic.titleservice.PlayFavoriteMusicTitleService,927,8,1593,0]
09-24 02:52:39.721 I/sysui_multi_action( 1846): [757,268,758,1,759,268,806,com.netease.cloudmusic,871,com.netease.cloudmusic.titleservice.PrivateFmTitleService,927,9,1593,0]
09-24 02:52:39.721 I/sysui_multi_action( 1846): [757,268,758,1,759,268,806,com.netease.cloudmusic,871,com.netease.cloudmusic.music.biz.voice.tileservice.PopularPodCastService,927,10,1593,0]
09-24 02:52:39.722 I/sysui_multi_action( 1846): [757,268,758,1,759,268,806,com.netease.cloudmusic,871,com.netease.cloudmusic.music.biz.voice.tileservice.ListenBookService,927,11,1593,0]
09-24 02:52:39.722 I/sysui_multi_action( 1846): [757,268,758,1,759,268,806,com.netease.cloudmusic,871,com.netease.cloudmusic.titleservice.DailyRecommandTitleService,927,12,1593,0]
09-24 02:52:39.722 I/sysui_multi_action( 1846): [757,268,758,1,759,268,806,com.netease.cloudmusic,871,com.netease.cloudmusic.music.biz.voice.tileservice.SleepAidDecompressionService,927,13,1593,0]
09-24 02:52:39.722 I/sysui_multi_action( 1846): [757,268,758,1,759,268,806,com.netease.cloudmusic,871,com.netease.cloudmusic.titleservice.PrivateRadarTitleService,927,14,1593,0]
09-24 02:52:39.723 I/sysui_multi_action( 1846): [757,268,758,1,759,268,806,com.netease.cloudmusic,871,com.netease.cloudmusic.music.biz.voice.tileservice.BroadCastService,927,15,1593,0]
09-24 02:52:39.723 I/sysui_multi_action( 1846): [757,268,758,1,759,268,806,com.qiyi.video.pad,871,org.qiyi.android.tile.SearchTileService,927,16,1593,0]
09-24 02:52:39.723 I/sysui_multi_action( 1846): [757,268,758,1,759,268,806,com.qiyi.video.pad,871,org.qiyi.android.tile.ContinueTileService,927,17,1593,0]
09-24 02:52:39.723 I/sysui_multi_action( 1846): [757,268,758,1,759,268,806,com.qiyi.video.pad,871,org.qiyi.android.tile.CaptureTileService,927,18,1593,0]
09-24 02:52:39.723 I/sysui_multi_action( 1846): [757,268,758,1,759,268,806,com.qiyi.video.pad,871,org.qiyi.android.tile.TopVideoTileService,927,19,1593,0]
09-24 02:52:39.724 I/sysui_multi_action( 1846): [757,268,758,1,759,268,806,com.qiyi.video.pad,871,org.qiyi.android.tile.EntranceTileService,927,20,1593,0]
09-24 02:52:39.724 I/sysui_multi_action( 1846): [757,268,758,1,759,268,806,com.smile.gifmaker,871,com.kwai.gifshow.post.api.feature.record.RecordQuickSettingService,927,21,1593,0]
09-24 02:52:39.724 I/sysui_multi_action( 1846): [757,268,758,1,759,268,806,com.qiyi.video.pad,871,org.qiyi.android.tile.HistoryTileService,927,22,1593,0]
09-24 02:52:39.724 I/sysui_multi_action( 1846): [757,268,758,1,759,268,806,com.qiyi.video.pad,871,org.qiyi.android.tile.SportTileService,927,23,1593,0]
09-24 02:52:39.724 I/sysui_multi_action( 1846): [757,268,758,1,759,268,806,com.tencent.news,871,com.tencent.news.tile.Tile24Hours,927,24,1593,0]
09-24 02:52:39.724 I/sysui_multi_action( 1846): [757,268,758,1,759,268,806,com.ss.android.article.news,871,com.android.bytedance.search.tile.SearchTileService,927,25,1593,0]
09-24 02:52:39.725 I/sysui_multi_action( 1846): [757,268,758,1,759,268,806,com.ss.android.ugc.aweme,871,com.ss.android.ugc.aweme.tile.PublishTileService,927,26,1593,0]
09-24 02:52:39.725 I/sysui_multi_action( 1846): [757,268,758,1,759,268,806,com.tencent.news,871,com.tencent.news.tile.TileNewsVideo,927,27,1593,0]
09-24 02:52:39.725 I/sysui_multi_action( 1846): [757,111,758,1]
09-24 02:52:39.725 I/sysui_multi_action( 1846): [757,126,758,1,759,126,927,0,928,1,1593,0]
09-24 02:52:39.726 I/sysui_multi_action( 1846): [757,113,758,1,759,113,927,1,928,1,1593,0]
09-24 02:52:39.726 I/sysui_multi_action( 1846): [757,0,758,1,759,0,927,2,928,0,1593,0]
09-24 02:52:39.726 I/sysui_multi_action( 1846): [757,0,758,1,759,0,927,3,928,0,1593,0]
09-24 02:52:39.730 I/sysui_multi_action( 1472): [757,1696,758,6,759,3]
09-24 02:52:39.735 I/sysui_multi_action( 1472): [319,96,322,84,325,11693,757,761,758,8,759,2,806,com.android.deskclock,871,android.service.dreams.DreamActivity,904,com.android.deskclock,905,0,1320,8,1321,5]
09-24 02:52:39.737 I/wm_activity_launch_time( 1472): [0,215949239,com.android.deskclock/android.service.dreams.DreamActivity,84]
09-24 02:52:39.743 I/am_wtf ( 1472): [0,1472,system_server,-1,DisplayDeviceConfig,requesting nits when no mapping exists.]
09-24 02:52:39.744 I/am_wtf ( 1472): [0,1472,system_server,-1,DisplayDeviceConfig,requesting nits when no mapping exists.]
09-24 02:52:39.744 I/input_focus( 1472): [Focus entering 434568e com.android.deskclock/android.service.dreams.DreamActivity (server),reason=Window became focusable. Previous reason: NOT_VISIBLE]
09-24 02:52:39.760 I/am_wtf ( 1472): [0,1472,system_server,-1,DisplayDeviceConfig,requesting nits when no mapping exists.]
09-24 02:52:39.761 I/am_wtf ( 1472): [0,1472,system_server,-1,DisplayDeviceConfig,requesting nits when no mapping exists.]
09-24 02:52:39.776 I/am_wtf ( 1472): [0,1472,system_server,-1,DisplayDeviceConfig,requesting nits when no mapping exists.]
09-24 02:52:39.777 I/am_wtf ( 1472): [0,1472,system_server,-1,DisplayDeviceConfig,requesting nits when no mapping exists.]
09-24 02:52:39.794 I/am_wtf ( 1472): [0,1472,system_server,-1,DisplayDeviceConfig,requesting nits when no mapping exists.]
09-24 02:52:39.795 I/am_wtf ( 1472): [0,1472,system_server,-1,DisplayDeviceConfig,requesting nits when no mapping exists.]
09-24 02:52:39.813 I/am_wtf ( 1472): [0,1472,system_server,-1,DisplayDeviceConfig,requesting nits when no mapping exists.]
09-24 02:52:39.814 I/am_wtf ( 1472): [0,1472,system_server,-1,DisplayDeviceConfig,requesting nits when no mapping exists.]
09-24 02:52:39.829 I/am_wtf ( 1472): [0,1472,system_server,-1,DisplayDeviceConfig,requesting nits when no mapping exists.]
09-24 02:52:39.829 I/am_wtf ( 1472): [0,1472,system_server,-1,DisplayDeviceConfig,requesting nits when no mapping exists.]
09-24 02:52:39.849 I/am_wtf ( 1472): [0,1472,system_server,-1,DisplayDeviceConfig,requesting nits when no mapping exists.]
09-24 02:52:39.851 I/am_wtf ( 1472): [0,1472,system_server,-1,DisplayDeviceConfig,requesting nits when no mapping exists.]
09-24 02:52:39.860 I/am_wtf ( 1472): [0,1472,system_server,-1,DisplayDeviceConfig,requesting nits when no mapping exists.]
09-24 02:52:39.861 I/am_wtf ( 1472): [0,1472,system_server,-1,DisplayDeviceConfig,requesting nits when no mapping exists.]
09-24 02:52:39.878 I/am_wtf ( 1472): [0,1472,system_server,-1,DisplayDeviceConfig,requesting nits when no mapping exists.]
09-24 02:52:39.878 I/am_wtf ( 1472): [0,1472,system_server,-1,DisplayDeviceConfig,requesting nits when no mapping exists.]
09-24 02:52:39.894 I/am_wtf ( 1472): [0,1472,system_server,-1,DisplayDeviceConfig,requesting nits when no mapping exists.]
09-24 02:52:39.895 I/am_wtf ( 1472): [0,1472,system_server,-1,DisplayDeviceConfig,requesting nits when no mapping exists.]
09-24 02:52:39.901 I/sysui_multi_action( 1472): [757,1501,758,1,793,11670636,794,0,795,205,796,2048,806,com.android.systemui,857,updateNotification,858,3,947,0,1500,0,1688,1]
09-24 02:52:39.901 I/sysui_multi_action( 1472): [757,804,799,note_interruptive,801,0,802,1]
09-24 02:52:39.901 I/sysui_multi_action( 1472): [757,199,758,1,759,2,793,11670636,794,0,795,205,796,2048,806,com.android.systemui,857,updateNotification,858,3,947,0,1500,0,1688,1]
09-24 02:52:39.902 I/notification_alert( 1472): [0|com.android.systemui|2048|null|10081,0,1,0]
09-24 02:52:39.910 I/am_wtf ( 1472): [0,1472,system_server,-1,DisplayDeviceConfig,requesting nits when no mapping exists.]
09-24 02:52:39.911 I/am_wtf ( 1472): [0,1472,system_server,-1,DisplayDeviceConfig,requesting nits when no mapping exists.]
09-24 02:52:39.929 I/am_wtf ( 1472): [0,1472,system_server,-1,DisplayDeviceConfig,requesting nits when no mapping exists.]
09-24 02:52:39.937 I/am_wtf ( 1472): [0,1472,system_server,-1,DisplayDeviceConfig,requesting nits when no mapping exists.]
09-24 02:52:39.944 I/am_wtf ( 1472): [0,1472,system_server,-1,DisplayDeviceConfig,requesting nits when no mapping exists.]
09-24 02:52:39.945 I/am_wtf ( 1472): [0,1472,system_server,-1,DisplayDeviceConfig,requesting nits when no mapping exists.]
09-24 02:52:39.960 I/am_wtf ( 1472): [0,1472,system_server,-1,DisplayDeviceConfig,requesting nits when no mapping exists.]
09-24 02:52:39.961 I/am_wtf ( 1472): [0,1472,system_server,-1,DisplayDeviceConfig,requesting nits when no mapping exists.]
09-24 02:52:39.977 I/am_wtf ( 1472): [0,1472,system_server,-1,DisplayDeviceConfig,requesting nits when no mapping exists.]
09-24 02:52:39.978 I/am_wtf ( 1472): [0,1472,system_server,-1,DisplayDeviceConfig,requesting nits when no mapping exists.]
09-24 02:52:39.994 I/am_wtf ( 1472): [0,1472,system_server,-1,DisplayDeviceConfig,requesting nits when no mapping exists.]
09-24 02:52:39.999 I/am_wtf ( 1472): [0,1472,system_server,-1,DisplayDeviceConfig,requesting nits when no mapping exists.]
09-24 02:52:40.011 I/am_wtf ( 1472): [0,1472,system_server,-1,DisplayDeviceConfig,requesting nits when no mapping exists.]
09-24 02:52:40.012 I/am_wtf ( 1472): [0,1472,system_server,-1,DisplayDeviceConfig,requesting nits when no mapping exists.]
09-24 02:52:40.027 I/am_wtf ( 1472): [0,1472,system_server,-1,DisplayDeviceConfig,requesting nits when no mapping exists.]
09-24 02:52:40.028 I/am_wtf ( 1472): [0,1472,system_server,-1,DisplayDeviceConfig,requesting nits when no mapping exists.]
09-24 02:52:40.045 I/am_wtf ( 1472): [0,1472,system_server,-1,DisplayDeviceConfig,requesting nits when no mapping exists.]
09-24 02:52:40.046 I/am_wtf ( 1472): [0,1472,system_server,-1,DisplayDeviceConfig,requesting nits when no mapping exists.]
09-24 02:52:40.235 I/wm_stop_activity( 1472): [0,256617940,com.android.settings/.Settings]
09-24 02:52:40.235 I/wm_stop_activity( 1472): [0,10882976,com.android.systemui/.settings.brightness.BrightnessDialog]
09-24 02:52:40.272 I/sysui_multi_action( 1846): [757,220,758,2]
09-24 02:52:40.273 I/wm_on_stop_called( 1846): [10882976,com.android.systemui.settings.brightness.BrightnessDialog,STOP_ACTIVITY_ITEM]
09-24 02:52:40.276 I/wm_on_stop_called( 4383): [256617940,com.android.settings.Settings,STOP_ACTIVITY_ITEM]
09-24 02:52:42.267 I/auditd ( 7881): type=1400 audit(0.0:1993): avc: denied { read } for comm=5468726561642D32202D2031333735 name="tcp" dev="proc" ino=4026532283 scontext=u:r:untrusted_app_29:s0:c106,c256,c512,c768 tcontext=u:object_r:proc_net_tcp_udp:s0 tclass=file permissive=0 app=com.smile.gifmaker
09-24 02:52:42.827 I/auditd ( 8065): type=1400 audit(0.0:1994): avc: denied { read } for comm="pool-2-thread-6" name="tcp" dev="proc" ino=4026532283 scontext=u:r:untrusted_app_29:s0:c106,c256,c512,c768 tcontext=u:object_r:proc_net_tcp_udp:s0 tclass=file permissive=0 app=com.smile.gifmaker
09-24 02:53:05.403 I/input_interaction( 1472): Interaction with: 434568e com.android.deskclock/android.service.dreams.DreamActivity (server), edge-swipe (server), swipe-up (server), PointerEventDispatcher0 (server),
09-24 02:53:05.408 I/wm_finish_activity( 1472): [0,215949239,148,com.android.deskclock/android.service.dreams.DreamActivity,finish-activity]
09-24 02:53:05.408 I/wm_task_moved( 1472): [147,1,7]
09-24 02:53:05.408 I/wm_task_to_front( 1472): [0,147]
09-24 02:53:05.409 I/wm_focused_root_task( 1472): [0,0,147,148,finish-top adjustFocusToNextFocusableTask]
09-24 02:53:05.410 I/wm_pause_activity( 1472): [0,215949239,com.android.deskclock/android.service.dreams.DreamActivity,userLeaving=false,finish]
09-24 02:53:05.417 I/sysui_multi_action( 1472): [757,803,799,window_time_0,802,25]
09-24 02:53:05.418 I/wm_on_top_resumed_lost_called( 2531): [215949239,android.service.dreams.DreamActivity,topStateChangedWhenResumed]
09-24 02:53:05.418 I/wm_on_paused_called( 2531): [215949239,android.service.dreams.DreamActivity,performPause]
09-24 02:53:05.419 I/wm_add_to_stopping( 1472): [0,215949239,com.android.deskclock/android.service.dreams.DreamActivity,completeFinishing]
09-24 02:53:05.421 I/wm_set_resumed_activity( 1472): [0,com.android.systemui/.settings.brightness.BrightnessDialog,resumeTopActivityInnerLocked]
09-24 02:53:05.424 I/wm_resume_activity( 1472): [0,10882976,147,com.android.systemui/.settings.brightness.BrightnessDialog]
09-24 02:53:05.433 I/wm_on_restart_called( 1846): [10882976,com.android.systemui.settings.brightness.BrightnessDialog,performRestartActivity]
09-24 02:53:05.433 I/sysui_multi_action( 1846): [757,220,758,1]
09-24 02:53:05.434 I/sysui_multi_action( 1472): [757,803,799,window_time_0,802,0]
09-24 02:53:05.435 I/view_enqueue_input_event( 2531): [Motion - Cancel,com.android.deskclock/android.service.dreams.DreamActivity]
09-24 02:53:05.436 I/input_focus( 1472): [Focus leaving 434568e com.android.deskclock/android.service.dreams.DreamActivity (server),reason=NO_WINDOW]
09-24 02:53:05.437 I/wm_on_start_called( 1846): [10882976,com.android.systemui.settings.brightness.BrightnessDialog,handleStartActivity]
09-24 02:53:05.437 I/wm_on_resume_called( 1846): [10882976,com.android.systemui.settings.brightness.BrightnessDialog,RESUME_ACTIVITY]
09-24 02:53:05.437 I/wm_on_top_resumed_gained_called( 1846): [10882976,com.android.systemui.settings.brightness.BrightnessDialog,topWhenResuming]
09-24 02:53:05.440 I/input_interaction( 1472): Interaction with: edge-swipe (server), swipe-up (server), PointerEventDispatcher0 (server),
09-24 02:53:05.441 I/wm_on_restart_called( 4383): [256617940,com.android.settings.Settings,performRestartActivity]
09-24 02:53:05.443 I/input_focus( 1472): [Focus request 73af2a com.android.systemui/com.android.systemui.settings.brightness.BrightnessDialog,reason=UpdateInputWindows]
09-24 02:53:05.449 I/wm_on_start_called( 4383): [256617940,com.android.settings.Settings,handleStartActivity]
09-24 02:53:05.451 I/snet_event_log( 4383): [120484087,-1,]
09-24 02:53:05.506 I/input_focus( 1472): [Focus entering 73af2a com.android.systemui/com.android.systemui.settings.brightness.BrightnessDialog (server),reason=Window became focusable. Previous reason: NOT_VISIBLE]
09-24 02:53:06.015 I/wm_destroy_activity( 1472): [0,215949239,148,com.android.deskclock/android.service.dreams.DreamActivity,finish-imm:idle]
09-24 02:53:06.030 I/wm_on_stop_called( 2531): [215949239,android.service.dreams.DreamActivity,LIFECYCLER_STOP_ACTIVITY]
09-24 02:53:06.031 I/wm_on_destroy_called( 2531): [215949239,android.service.dreams.DreamActivity,performDestroy]
09-24 02:53:06.034 I/sysui_multi_action( 1472): [757,222,758,2]
09-24 02:53:06.034 I/sysui_multi_action( 1472): [757,804,799,dreaming_minutes,801,0,802,1]
09-24 02:53:06.044 I/wm_task_removed( 1472): [148,removeChild:removeChild last r=ActivityRecord{cdf1fb7 u0 com.android.deskclock/android.service.dreams.DreamActivity t-1 f}} in t=Task{52892ec #148 type=dream A=10067:android:com.android.deskclock/dream U=0 visible=false mode=fullscreen translucent=true sz=0}]
09-24 02:53:06.044 I/wm_task_removed( 1472): [148,removeChild]
09-24 02:53:42.087 I/auditd ( 8193): type=1400 audit(0.0:1995): avc: granted { nlmsg_readpriv } for comm="ChromiumNet0" scontext=u:r:untrusted_app_29:s0:c104,c256,c512,c768 tcontext=u:r:untrusted_app_29:s0:c104,c256,c512,c768 tclass=netlink_route_socket app=com.ss.android.article.news
09-24 02:53:42.303 I/auditd ( 7881): type=1400 audit(0.0:1996): avc: denied { read } for comm=5468726561642D32202D2031333735 name="tcp" dev="proc" ino=4026532283 scontext=u:r:untrusted_app_29:s0:c106,c256,c512,c768 tcontext=u:object_r:proc_net_tcp_udp:s0 tclass=file permissive=0 app=com.smile.gifmaker
09-24 02:53:42.867 I/auditd ( 8065): type=1400 audit(0.0:1997): avc: denied { read } for comm="pool-2-thread-6" name="tcp" dev="proc" ino=4026532283 scontext=u:r:untrusted_app_29:s0:c106,c256,c512,c768 tcontext=u:object_r:proc_net_tcp_udp:s0 tclass=file permissive=0 app=com.smile.gifmaker
09-24 02:53:47.355 I/auditd ( 8501): type=1400 audit(0.0:1998): avc: granted { nlmsg_readpriv } for comm="ChromiumNet0" scontext=u:r:untrusted_app_29:s0:c103,c256,c512,c768 tcontext=u:r:untrusted_app_29:s0:c103,c256,c512,c768 tclass=netlink_route_socket app=com.ss.android.ugc.aweme
09-24 02:53:58.513 I/sysui_multi_action( 1472): [757,1696,758,6,759,2]
09-24 02:53:58.517 I/am_wtf ( 1472): [0,1472,system_server,-1,DisplayDeviceConfig,requesting nits when no mapping exists.]
09-24 02:53:58.520 I/am_wtf ( 1472): [0,1472,system_server,-1,DisplayDeviceConfig,requesting nits when no mapping exists.]
09-24 02:53:58.532 I/am_wtf ( 1472): [0,1472,system_server,-1,DisplayDeviceConfig,requesting nits when no mapping exists.]
09-24 02:53:58.534 I/am_wtf ( 1472): [0,1472,system_server,-1,DisplayDeviceConfig,requesting nits when no mapping exists.]
09-24 02:53:58.549 I/am_wtf ( 1472): [0,1472,system_server,-1,DisplayDeviceConfig,requesting nits when no mapping exists.]
09-24 02:53:58.551 I/am_wtf ( 1472): [0,1472,system_server,-1,DisplayDeviceConfig,requesting nits when no mapping exists.]
09-24 02:53:58.566 I/am_wtf ( 1472): [0,1472,system_server,-1,DisplayDeviceConfig,requesting nits when no mapping exists.]
09-24 02:53:58.567 I/am_wtf ( 1472): [0,1472,system_server,-1,DisplayDeviceConfig,requesting nits when no mapping exists.]
09-24 02:53:58.583 I/am_wtf ( 1472): [0,1472,system_server,-1,DisplayDeviceConfig,requesting nits when no mapping exists.]
09-24 02:53:58.584 I/am_wtf ( 1472): [0,1472,system_server,-1,DisplayDeviceConfig,requesting nits when no mapping exists.]
09-24 02:53:58.601 I/am_wtf ( 1472): [0,1472,system_server,-1,DisplayDeviceConfig,requesting nits when no mapping exists.]
09-24 02:53:58.610 I/am_wtf ( 1472): [0,1472,system_server,-1,DisplayDeviceConfig,requesting nits when no mapping exists.]
09-24 02:53:58.617 I/am_wtf ( 1472): [0,1472,system_server,-1,DisplayDeviceConfig,requesting nits when no mapping exists.]
09-24 02:53:58.618 I/am_wtf ( 1472): [0,1472,system_server,-1,DisplayDeviceConfig,requesting nits when no mapping exists.]
09-24 02:53:58.633 I/am_wtf ( 1472): [0,1472,system_server,-1,DisplayDeviceConfig,requesting nits when no mapping exists.]
09-24 02:53:58.634 I/am_wtf ( 1472): [0,1472,system_server,-1,DisplayDeviceConfig,requesting nits when no mapping exists.]
09-24 02:53:58.650 I/am_wtf ( 1472): [0,1472,system_server,-1,DisplayDeviceConfig,requesting nits when no mapping exists.]
09-24 02:53:58.651 I/am_wtf ( 1472): [0,1472,system_server,-1,DisplayDeviceConfig,requesting nits when no mapping exists.]
09-24 02:53:58.667 I/am_wtf ( 1472): [0,1472,system_server,-1,DisplayDeviceConfig,requesting nits when no mapping exists.]
09-24 02:53:58.667 I/am_wtf ( 1472): [0,1472,system_server,-1,DisplayDeviceConfig,requesting nits when no mapping exists.]
09-24 02:53:58.683 I/am_wtf ( 1472): [0,1472,system_server,-1,DisplayDeviceConfig,requesting nits when no mapping exists.]
09-24 02:53:58.684 I/am_wtf ( 1472): [0,1472,system_server,-1,DisplayDeviceConfig,requesting nits when no mapping exists.]
09-24 02:53:58.700 I/am_wtf ( 1472): [0,1472,system_server,-1,DisplayDeviceConfig,requesting nits when no mapping exists.]
09-24 02:53:58.701 I/am_wtf ( 1472): [0,1472,system_server,-1,DisplayDeviceConfig,requesting nits when no mapping exists.]
09-24 02:53:58.716 I/am_wtf ( 1472): [0,1472,system_server,-1,DisplayDeviceConfig,requesting nits when no mapping exists.]
09-24 02:53:58.717 I/am_wtf ( 1472): [0,1472,system_server,-1,DisplayDeviceConfig,requesting nits when no mapping exists.]
09-24 02:53:58.733 I/am_wtf ( 1472): [0,1472,system_server,-1,DisplayDeviceConfig,requesting nits when no mapping exists.]
09-24 02:53:58.734 I/am_wtf ( 1472): [0,1472,system_server,-1,DisplayDeviceConfig,requesting nits when no mapping exists.]
09-24 02:53:58.750 I/am_wtf ( 1472): [0,1472,system_server,-1,DisplayDeviceConfig,requesting nits when no mapping exists.]
09-24 02:53:58.751 I/am_wtf ( 1472): [0,1472,system_server,-1,DisplayDeviceConfig,requesting nits when no mapping exists.]
09-24 02:53:58.767 I/am_wtf ( 1472): [0,1472,system_server,-1,DisplayDeviceConfig,requesting nits when no mapping exists.]
09-24 02:53:58.768 I/am_wtf ( 1472): [0,1472,system_server,-1,DisplayDeviceConfig,requesting nits when no mapping exists.]
09-24 02:53:58.784 I/am_wtf ( 1472): [0,1472,system_server,-1,DisplayDeviceConfig,requesting nits when no mapping exists.]
09-24 02:53:58.785 I/am_wtf ( 1472): [0,1472,system_server,-1,DisplayDeviceConfig,requesting nits when no mapping exists.]
09-24 02:53:58.803 I/am_wtf ( 1472): [0,1472,system_server,-1,DisplayDeviceConfig,requesting nits when no mapping exists.]
09-24 02:53:58.804 I/am_wtf ( 1472): [0,1472,system_server,-1,DisplayDeviceConfig,requesting nits when no mapping exists.]
09-24 02:53:58.817 I/am_wtf ( 1472): [0,1472,system_server,-1,DisplayDeviceConfig,requesting nits when no mapping exists.]
09-24 02:53:58.818 I/am_wtf ( 1472): [0,1472,system_server,-1,DisplayDeviceConfig,requesting nits when no mapping exists.]
09-24 02:54:06.018 I/sysui_multi_action( 1472): [757,222,758,1]
09-24 02:54:06.029 I/wm_task_created( 1472): [149,-1]
09-24 02:54:06.032 I/wm_task_moved( 1472): [149,1,8]
09-24 02:54:06.032 I/wm_task_to_front( 1472): [0,149]
09-24 02:54:06.033 I/wm_create_task( 1472): [0,149]
09-24 02:54:06.033 I/wm_create_activity( 1472): [0,212504662,149,com.android.deskclock/android.service.dreams.DreamActivity,NULL,NULL,NULL,276824064]
09-24 02:54:06.033 I/wm_task_moved( 1472): [149,1,8]
09-24 02:54:06.033 I/wm_on_top_resumed_lost_called( 1846): [10882976,com.android.systemui.settings.brightness.BrightnessDialog,topStateChangedWhenResumed]
09-24 02:54:06.034 I/wm_pause_activity( 1472): [0,10882976,com.android.systemui/.settings.brightness.BrightnessDialog,userLeaving=true,pauseBackTasks]
09-24 02:54:06.038 I/wm_on_paused_called( 1846): [10882976,com.android.systemui.settings.brightness.BrightnessDialog,performPause]
09-24 02:54:06.040 I/wm_add_to_stopping( 1472): [0,10882976,com.android.systemui/.settings.brightness.BrightnessDialog,makeInvisible]
09-24 02:54:06.040 I/wm_add_to_stopping( 1472): [0,256617940,com.android.settings/.Settings,makeInvisible]
09-24 02:54:06.040 I/wm_restart_activity( 1472): [0,212504662,149,com.android.deskclock/android.service.dreams.DreamActivity]
09-24 02:54:06.043 I/wm_set_resumed_activity( 1472): [0,com.android.deskclock/android.service.dreams.DreamActivity,minimalResumeActivityLocked]
09-24 02:54:06.054 I/sysui_multi_action( 1472): [757,803,799,window_time_0,802,61]
09-24 02:54:06.057 I/wm_on_create_called( 2531): [212504662,android.service.dreams.DreamActivity,performCreate]
09-24 02:54:06.058 I/wm_on_start_called( 2531): [212504662,android.service.dreams.DreamActivity,handleStartActivity]
09-24 02:54:06.058 I/wm_on_resume_called( 2531): [212504662,android.service.dreams.DreamActivity,RESUME_ACTIVITY]
09-24 02:54:06.064 I/wm_on_top_resumed_gained_called( 2531): [212504662,android.service.dreams.DreamActivity,topStateChangedWhenResumed]
09-24 02:54:06.068 I/input_focus( 1472): [Focus leaving 73af2a com.android.systemui/com.android.systemui.settings.brightness.BrightnessDialog (server),reason=NO_WINDOW]
09-24 02:54:06.082 I/input_focus( 1472): [Focus request 713542e com.android.deskclock/android.service.dreams.DreamActivity,reason=UpdateInputWindows]
09-24 02:54:06.090 I/sysui_multi_action( 1846): [757,111,758,2]
09-24 02:54:06.091 I/notification_enqueue( 1472): [10081,1846,com.android.systemui,2048,NULL,0,Notification(channel=updateNotification shortcut=null contentView=null vibrate=null sound=null defaults=0x0 flags=0x0 color=0x00000000 vis=PRIVATE),1]
09-24 02:54:06.091 I/sysui_multi_action( 1846): [757,111,758,2]
09-24 02:54:06.108 I/sysui_multi_action( 1472): [319,74,322,64,325,11779,757,761,758,8,759,2,806,com.android.deskclock,871,android.service.dreams.DreamActivity,904,com.android.deskclock,905,0,1320,8,1321,5]
09-24 02:54:06.109 I/wm_activity_launch_time( 1472): [0,212504662,com.android.deskclock/android.service.dreams.DreamActivity,64]
09-24 02:54:06.109 I/sysui_multi_action( 1472): [757,1696,758,6,759,3]
09-24 02:54:06.112 I/sysui_multi_action( 1846): [757,111,758,1]
09-24 02:54:06.113 I/sysui_multi_action( 1846): [757,126,758,1,759,126,927,0,928,1,1593,0]
09-24 02:54:06.113 I/sysui_multi_action( 1846): [757,113,758,1,759,113,927,1,928,1,1593,0]
09-24 02:54:06.113 I/sysui_multi_action( 1846): [757,0,758,1,759,0,927,2,928,0,1593,0]
09-24 02:54:06.113 I/sysui_multi_action( 1846): [757,0,758,1,759,0,927,3,928,0,1593,0]
09-24 02:54:06.113 I/sysui_multi_action( 1846): [757,1706,758,1,759,1706,927,4,928,0,1593,0]
09-24 02:54:06.114 I/sysui_multi_action( 1846): [757,491,758,1,759,491,927,5,928,0,1311,-1,1593,0]
09-24 02:54:06.114 I/sysui_multi_action( 1846): [757,0,758,1,759,0,927,6,928,0,1593,0]
09-24 02:54:06.114 I/sysui_multi_action( 1846): [757,114,758,1,759,114,927,7,928,0,1593,0]
09-24 02:54:06.114 I/sysui_multi_action( 1846): [757,268,758,1,759,268,806,com.netease.cloudmusic,871,com.netease.cloudmusic.titleservice.PlayFavoriteMusicTitleService,927,8,1593,0]
09-24 02:54:06.115 I/sysui_multi_action( 1846): [757,268,758,1,759,268,806,com.netease.cloudmusic,871,com.netease.cloudmusic.titleservice.PrivateFmTitleService,927,9,1593,0]
09-24 02:54:06.115 I/sysui_multi_action( 1846): [757,268,758,1,759,268,806,com.netease.cloudmusic,871,com.netease.cloudmusic.music.biz.voice.tileservice.PopularPodCastService,927,10,1593,0]
09-24 02:54:06.115 I/sysui_multi_action( 1846): [757,268,758,1,759,268,806,com.netease.cloudmusic,871,com.netease.cloudmusic.music.biz.voice.tileservice.ListenBookService,927,11,1593,0]
09-24 02:54:06.115 I/sysui_multi_action( 1846): [757,268,758,1,759,268,806,com.netease.cloudmusic,871,com.netease.cloudmusic.titleservice.DailyRecommandTitleService,927,12,1593,0]
09-24 02:54:06.115 I/sysui_multi_action( 1846): [757,268,758,1,759,268,806,com.netease.cloudmusic,871,com.netease.cloudmusic.music.biz.voice.tileservice.SleepAidDecompressionService,927,13,1593,0]
09-24 02:54:06.116 I/sysui_multi_action( 1846): [757,268,758,1,759,268,806,com.netease.cloudmusic,871,com.netease.cloudmusic.titleservice.PrivateRadarTitleService,927,14,1593,0]
09-24 02:54:06.116 I/sysui_multi_action( 1846): [757,268,758,1,759,268,806,com.netease.cloudmusic,871,com.netease.cloudmusic.music.biz.voice.tileservice.BroadCastService,927,15,1593,0]
09-24 02:54:06.116 I/sysui_multi_action( 1846): [757,268,758,1,759,268,806,com.qiyi.video.pad,871,org.qiyi.android.tile.SearchTileService,927,16,1593,0]
09-24 02:54:06.117 I/sysui_multi_action( 1846): [757,268,758,1,759,268,806,com.qiyi.video.pad,871,org.qiyi.android.tile.ContinueTileService,927,17,1593,0]
09-24 02:54:06.117 I/sysui_multi_action( 1846): [757,268,758,1,759,268,806,com.qiyi.video.pad,871,org.qiyi.android.tile.CaptureTileService,927,18,1593,0]
09-24 02:54:06.117 I/sysui_multi_action( 1846): [757,268,758,1,759,268,806,com.qiyi.video.pad,871,org.qiyi.android.tile.TopVideoTileService,927,19,1593,0]
09-24 02:54:06.117 I/sysui_multi_action( 1846): [757,268,758,1,759,268,806,com.qiyi.video.pad,871,org.qiyi.android.tile.EntranceTileService,927,20,1593,0]
09-24 02:54:06.117 I/sysui_multi_action( 1846): [757,268,758,1,759,268,806,com.smile.gifmaker,871,com.kwai.gifshow.post.api.feature.record.RecordQuickSettingService,927,21,1593,0]
09-24 02:54:06.117 I/sysui_multi_action( 1846): [757,268,758,1,759,268,806,com.qiyi.video.pad,871,org.qiyi.android.tile.HistoryTileService,927,22,1593,0]
09-24 02:54:06.118 I/am_wtf ( 1472): [0,1472,system_server,-1,DisplayDeviceConfig,requesting nits when no mapping exists.]
09-24 02:54:06.118 I/sysui_multi_action( 1846): [757,268,758,1,759,268,806,com.qiyi.video.pad,871,org.qiyi.android.tile.SportTileService,927,23,1593,0]
09-24 02:54:06.118 I/sysui_multi_action( 1846): [757,268,758,1,759,268,806,com.tencent.news,871,com.tencent.news.tile.Tile24Hours,927,24,1593,0]
09-24 02:54:06.118 I/am_wtf ( 1472): [0,1472,system_server,-1,DisplayDeviceConfig,requesting nits when no mapping exists.]
09-24 02:54:06.119 I/sysui_multi_action( 1846): [757,268,758,1,759,268,806,com.ss.android.article.news,871,com.android.bytedance.search.tile.SearchTileService,927,25,1593,0]
09-24 02:54:06.119 I/sysui_multi_action( 1846): [757,268,758,1,759,268,806,com.ss.android.ugc.aweme,871,com.ss.android.ugc.aweme.tile.PublishTileService,927,26,1593,0]
09-24 02:54:06.119 I/sysui_multi_action( 1846): [757,268,758,1,759,268,806,com.tencent.news,871,com.tencent.news.tile.TileNewsVideo,927,27,1593,0]
09-24 02:54:06.119 I/sysui_multi_action( 1846): [757,111,758,1]
09-24 02:54:06.119 I/sysui_multi_action( 1846): [757,126,758,1,759,126,927,0,928,1,1593,0]
09-24 02:54:06.119 I/sysui_multi_action( 1846): [757,113,758,1,759,113,927,1,928,1,1593,0]
09-24 02:54:06.120 I/sysui_multi_action( 1846): [757,0,758,1,759,0,927,2,928,0,1593,0]
09-24 02:54:06.120 I/sysui_multi_action( 1846): [757,0,758,1,759,0,927,3,928,0,1593,0]
09-24 02:54:06.135 I/am_wtf ( 1472): [0,1472,system_server,-1,DisplayDeviceConfig,requesting nits when no mapping exists.]
09-24 02:54:06.136 I/am_wtf ( 1472): [0,1472,system_server,-1,DisplayDeviceConfig,requesting nits when no mapping exists.]
09-24 02:54:06.136 I/input_focus( 1472): [Focus entering 713542e com.android.deskclock/android.service.dreams.DreamActivity (server),reason=Window became focusable. Previous reason: NOT_VISIBLE]
09-24 02:54:06.151 I/am_wtf ( 1472): [0,1472,system_server,-1,DisplayDeviceConfig,requesting nits when no mapping exists.]
09-24 02:54:06.153 I/am_wtf ( 1472): [0,1472,system_server,-1,DisplayDeviceConfig,requesting nits when no mapping exists.]
09-24 02:54:06.168 I/am_wtf ( 1472): [0,1472,system_server,-1,DisplayDeviceConfig,requesting nits when no mapping exists.]
09-24 02:54:06.168 I/am_wtf ( 1472): [0,1472,system_server,-1,DisplayDeviceConfig,requesting nits when no mapping exists.]
09-24 02:54:06.184 I/am_wtf ( 1472): [0,1472,system_server,-1,DisplayDeviceConfig,requesting nits when no mapping exists.]
09-24 02:54:06.185 I/am_wtf ( 1472): [0,1472,system_server,-1,DisplayDeviceConfig,requesting nits when no mapping exists.]
09-24 02:54:06.201 I/am_wtf ( 1472): [0,1472,system_server,-1,DisplayDeviceConfig,requesting nits when no mapping exists.]
09-24 02:54:06.201 I/am_wtf ( 1472): [0,1472,system_server,-1,DisplayDeviceConfig,requesting nits when no mapping exists.]
09-24 02:54:06.217 I/am_wtf ( 1472): [0,1472,system_server,-1,DisplayDeviceConfig,requesting nits when no mapping exists.]
09-24 02:54:06.218 I/am_wtf ( 1472): [0,1472,system_server,-1,DisplayDeviceConfig,requesting nits when no mapping exists.]
09-24 02:54:06.235 I/am_wtf ( 1472): [0,1472,system_server,-1,DisplayDeviceConfig,requesting nits when no mapping exists.]
09-24 02:54:06.238 I/service_manager_stats( 1472): [100,67,93344]
09-24 02:54:06.238 I/am_wtf ( 1472): [0,1472,system_server,-1,DisplayDeviceConfig,requesting nits when no mapping exists.]
09-24 02:54:06.253 I/am_wtf ( 1472): [0,1472,system_server,-1,DisplayDeviceConfig,requesting nits when no mapping exists.]
09-24 02:54:06.253 I/am_wtf ( 1472): [0,1472,system_server,-1,DisplayDeviceConfig,requesting nits when no mapping exists.]
09-24 02:54:06.268 I/am_wtf ( 1472): [0,1472,system_server,-1,DisplayDeviceConfig,requesting nits when no mapping exists.]
09-24 02:54:06.268 I/am_wtf ( 1472): [0,1472,system_server,-1,DisplayDeviceConfig,requesting nits when no mapping exists.]
09-24 02:54:06.285 I/am_wtf ( 1472): [0,1472,system_server,-1,DisplayDeviceConfig,requesting nits when no mapping exists.]
09-24 02:54:06.287 I/am_wtf ( 1472): [0,1472,system_server,-1,DisplayDeviceConfig,requesting nits when no mapping exists.]
09-24 02:54:06.294 I/sysui_multi_action( 1472): [757,1501,758,1,793,11757029,794,0,795,205,796,2048,806,com.android.systemui,857,updateNotification,858,3,947,0,1500,0,1688,1]
09-24 02:54:06.294 I/sysui_multi_action( 1472): [757,804,799,note_interruptive,801,0,802,1]
09-24 02:54:06.294 I/sysui_multi_action( 1472): [757,199,758,1,759,2,793,11757029,794,0,795,205,796,2048,806,com.android.systemui,857,updateNotification,858,3,947,0,1500,0,1688,1]
09-24 02:54:06.295 I/notification_alert( 1472): [0|com.android.systemui|2048|null|10081,0,1,0]
09-24 02:54:06.301 I/am_wtf ( 1472): [0,1472,system_server,-1,DisplayDeviceConfig,requesting nits when no mapping exists.]
09-24 02:54:06.303 I/am_wtf ( 1472): [0,1472,system_server,-1,DisplayDeviceConfig,requesting nits when no mapping exists.]
09-24 02:54:06.318 I/am_wtf ( 1472): [0,1472,system_server,-1,DisplayDeviceConfig,requesting nits when no mapping exists.]
09-24 02:54:06.319 I/am_wtf ( 1472): [0,1472,system_server,-1,DisplayDeviceConfig,requesting nits when no mapping exists.]
09-24 02:54:06.334 I/am_wtf ( 1472): [0,1472,system_server,-1,DisplayDeviceConfig,requesting nits when no mapping exists.]
09-24 02:54:06.335 I/am_wtf ( 1472): [0,1472,system_server,-1,DisplayDeviceConfig,requesting nits when no mapping exists.]
09-24 02:54:06.351 I/am_wtf ( 1472): [0,1472,system_server,-1,DisplayDeviceConfig,requesting nits when no mapping exists.]
09-24 02:54:06.352 I/am_wtf ( 1472): [0,1472,system_server,-1,DisplayDeviceConfig,requesting nits when no mapping exists.]
09-24 02:54:06.368 I/am_wtf ( 1472): [0,1472,system_server,-1,DisplayDeviceConfig,requesting nits when no mapping exists.]
09-24 02:54:06.368 I/am_wtf ( 1472): [0,1472,system_server,-1,DisplayDeviceConfig,requesting nits when no mapping exists.]
09-24 02:54:06.384 I/am_wtf ( 1472): [0,1472,system_server,-1,DisplayDeviceConfig,requesting nits when no mapping exists.]
09-24 02:54:06.385 I/am_wtf ( 1472): [0,1472,system_server,-1,DisplayDeviceConfig,requesting nits when no mapping exists.]
09-24 02:54:06.403 I/am_wtf ( 1472): [0,1472,system_server,-1,DisplayDeviceConfig,requesting nits when no mapping exists.]
09-24 02:54:06.403 I/am_wtf ( 1472): [0,1472,system_server,-1,DisplayDeviceConfig,requesting nits when no mapping exists.]
09-24 02:54:06.418 I/am_wtf ( 1472): [0,1472,system_server,-1,DisplayDeviceConfig,requesting nits when no mapping exists.]
09-24 02:54:06.419 I/am_wtf ( 1472): [0,1472,system_server,-1,DisplayDeviceConfig,requesting nits when no mapping exists.]
09-24 02:54:06.608 I/wm_stop_activity( 1472): [0,256617940,com.android.settings/.Settings]
09-24 02:54:06.608 I/wm_stop_activity( 1472): [0,10882976,com.android.systemui/.settings.brightness.BrightnessDialog]
09-24 02:54:06.638 I/sysui_multi_action( 1846): [757,220,758,2]
09-24 02:54:06.639 I/wm_on_stop_called( 1846): [10882976,com.android.systemui.settings.brightness.BrightnessDialog,STOP_ACTIVITY_ITEM]
09-24 02:54:06.643 I/wm_on_stop_called( 4383): [256617940,com.android.settings.Settings,STOP_ACTIVITY_ITEM]
09-24 02:54:31.476 I/input_interaction( 1472): Interaction with: 713542e com.android.deskclock/android.service.dreams.DreamActivity (server), edge-swipe (server), swipe-up (server), PointerEventDispatcher0 (server),
09-24 02:54:31.479 I/wm_finish_activity( 1472): [0,212504662,149,com.android.deskclock/android.service.dreams.DreamActivity,finish-activity]
09-24 02:54:31.480 I/wm_task_moved( 1472): [147,1,7]
09-24 02:54:31.480 I/wm_task_to_front( 1472): [0,147]
09-24 02:54:31.480 I/wm_focused_root_task( 1472): [0,0,147,149,finish-top adjustFocusToNextFocusableTask]
09-24 02:54:31.481 I/wm_pause_activity( 1472): [0,212504662,com.android.deskclock/android.service.dreams.DreamActivity,userLeaving=false,finish]
09-24 02:54:31.487 I/sysui_multi_action( 1472): [757,803,799,window_time_0,802,25]
09-24 02:54:31.487 I/wm_on_top_resumed_lost_called( 2531): [212504662,android.service.dreams.DreamActivity,topStateChangedWhenResumed]
09-24 02:54:31.488 I/wm_on_paused_called( 2531): [212504662,android.service.dreams.DreamActivity,performPause]
09-24 02:54:31.489 I/wm_add_to_stopping( 1472): [0,212504662,com.android.deskclock/android.service.dreams.DreamActivity,completeFinishing]
09-24 02:54:31.491 I/wm_set_resumed_activity( 1472): [0,com.android.systemui/.settings.brightness.BrightnessDialog,resumeTopActivityInnerLocked]
09-24 02:54:31.494 I/wm_resume_activity( 1472): [0,10882976,147,com.android.systemui/.settings.brightness.BrightnessDialog]
09-24 02:54:31.501 I/sysui_multi_action( 1472): [757,803,799,window_time_0,802,0]
09-24 02:54:31.505 I/wm_on_restart_called( 1846): [10882976,com.android.systemui.settings.brightness.BrightnessDialog,performRestartActivity]
09-24 02:54:31.505 I/sysui_multi_action( 1846): [757,220,758,1]
09-24 02:54:31.505 I/wm_on_start_called( 1846): [10882976,com.android.systemui.settings.brightness.BrightnessDialog,handleStartActivity]
09-24 02:54:31.506 I/wm_on_resume_called( 1846): [10882976,com.android.systemui.settings.brightness.BrightnessDialog,RESUME_ACTIVITY]
09-24 02:54:31.506 I/wm_on_top_resumed_gained_called( 1846): [10882976,com.android.systemui.settings.brightness.BrightnessDialog,topWhenResuming]
09-24 02:54:31.507 I/input_focus( 1472): [Focus leaving 713542e com.android.deskclock/android.service.dreams.DreamActivity (server),reason=NO_WINDOW]
09-24 02:54:31.508 I/view_enqueue_input_event( 2531): [Motion - Cancel,com.android.deskclock/android.service.dreams.DreamActivity]
09-24 02:54:31.513 I/input_interaction( 1472): Interaction with: edge-swipe (server), swipe-up (server), PointerEventDispatcher0 (server),
09-24 02:54:31.516 I/input_focus( 1472): [Focus request 73af2a com.android.systemui/com.android.systemui.settings.brightness.BrightnessDialog,reason=UpdateInputWindows]
09-24 02:54:31.517 I/wm_on_restart_called( 4383): [256617940,com.android.settings.Settings,performRestartActivity]
09-24 02:54:31.530 I/wm_on_start_called( 4383): [256617940,com.android.settings.Settings,handleStartActivity]
09-24 02:54:31.532 I/snet_event_log( 4383): [120484087,-1,]
09-24 02:54:31.579 I/input_focus( 1472): [Focus entering 73af2a com.android.systemui/com.android.systemui.settings.brightness.BrightnessDialog (server),reason=Window became focusable. Previous reason: NOT_VISIBLE]
09-24 02:54:32.086 I/wm_destroy_activity( 1472): [0,212504662,149,com.android.deskclock/android.service.dreams.DreamActivity,finish-imm:idle]
09-24 02:54:32.107 I/wm_on_stop_called( 2531): [212504662,android.service.dreams.DreamActivity,LIFECYCLER_STOP_ACTIVITY]
09-24 02:54:32.108 I/wm_on_destroy_called( 2531): [212504662,android.service.dreams.DreamActivity,performDestroy]
09-24 02:54:32.111 I/sysui_multi_action( 1472): [757,222,758,2]
09-24 02:54:32.112 I/sysui_multi_action( 1472): [757,804,799,dreaming_minutes,801,0,802,1]
09-24 02:54:32.124 I/wm_task_removed( 1472): [149,removeChild:removeChild last r=ActivityRecord{caa9056 u0 com.android.deskclock/android.service.dreams.DreamActivity t-1 f}} in t=Task{d9686bf #149 type=dream A=10067:android:com.android.deskclock/dream U=0 visible=false mode=fullscreen translucent=true sz=0}]
09-24 02:54:32.124 I/wm_task_removed( 1472): [149,removeChild]
09-24 02:54:42.315 I/auditd ( 7881): type=1400 audit(0.0:1999): avc: denied { read } for comm=5468726561642D32202D2031333735 name="tcp" dev="proc" ino=4026532283 scontext=u:r:untrusted_app_29:s0:c106,c256,c512,c768 tcontext=u:object_r:proc_net_tcp_udp:s0 tclass=file permissive=0 app=com.smile.gifmaker
09-24 02:54:42.911 I/auditd ( 8065): type=1400 audit(0.0:2000): avc: denied { read } for comm="pool-2-thread-6" name="tcp" dev="proc" ino=4026532283 scontext=u:r:untrusted_app_29:s0:c106,c256,c512,c768 tcontext=u:object_r:proc_net_tcp_udp:s0 tclass=file permissive=0 app=com.smile.gifmaker
09-24 02:55:24.778 I/sysui_multi_action( 1472): [757,1696,758,6,759,2]
09-24 02:55:24.785 I/am_wtf ( 1472): [0,1472,system_server,-1,DisplayDeviceConfig,requesting nits when no mapping exists.]
09-24 02:55:24.789 I/am_wtf ( 1472): [0,1472,system_server,-1,DisplayDeviceConfig,requesting nits when no mapping exists.]
09-24 02:55:24.801 I/am_wtf ( 1472): [0,1472,system_server,-1,DisplayDeviceConfig,requesting nits when no mapping exists.]
09-24 02:55:24.803 I/am_wtf ( 1472): [0,1472,system_server,-1,DisplayDeviceConfig,requesting nits when no mapping exists.]
09-24 02:55:24.817 I/am_wtf ( 1472): [0,1472,system_server,-1,DisplayDeviceConfig,requesting nits when no mapping exists.]
09-24 02:55:24.819 I/am_wtf ( 1472): [0,1472,system_server,-1,DisplayDeviceConfig,requesting nits when no mapping exists.]
09-24 02:55:24.824 I/am_wtf ( 1472): [0,1472,system_server,-1,DisplayDeviceConfig,requesting nits when no mapping exists.]
09-24 02:55:24.824 I/am_wtf ( 1472): [0,1472,system_server,-1,DisplayDeviceConfig,requesting nits when no mapping exists.]
09-24 02:55:24.840 I/am_wtf ( 1472): [0,1472,system_server,-1,DisplayDeviceConfig,requesting nits when no mapping exists.]
09-24 02:55:24.841 I/am_wtf ( 1472): [0,1472,system_server,-1,DisplayDeviceConfig,requesting nits when no mapping exists.]
09-24 02:55:24.857 I/am_wtf ( 1472): [0,1472,system_server,-1,DisplayDeviceConfig,requesting nits when no mapping exists.]
09-24 02:55:24.858 I/am_wtf ( 1472): [0,1472,system_server,-1,DisplayDeviceConfig,requesting nits when no mapping exists.]
09-24 02:55:24.873 I/am_wtf ( 1472): [0,1472,system_server,-1,DisplayDeviceConfig,requesting nits when no mapping exists.]
09-24 02:55:24.874 I/am_wtf ( 1472): [0,1472,system_server,-1,DisplayDeviceConfig,requesting nits when no mapping exists.]
09-24 02:55:24.891 I/am_wtf ( 1472): [0,1472,system_server,-1,DisplayDeviceConfig,requesting nits when no mapping exists.]
09-24 02:55:24.891 I/am_wtf ( 1472): [0,1472,system_server,-1,DisplayDeviceConfig,requesting nits when no mapping exists.]
09-24 02:55:24.907 I/am_wtf ( 1472): [0,1472,system_server,-1,DisplayDeviceConfig,requesting nits when no mapping exists.]
09-24 02:55:24.908 I/am_wtf ( 1472): [0,1472,system_server,-1,DisplayDeviceConfig,requesting nits when no mapping exists.]
09-24 02:55:24.924 I/am_wtf ( 1472): [0,1472,system_server,-1,DisplayDeviceConfig,requesting nits when no mapping exists.]
09-24 02:55:24.925 I/am_wtf ( 1472): [0,1472,system_server,-1,DisplayDeviceConfig,requesting nits when no mapping exists.]
09-24 02:55:24.940 I/am_wtf ( 1472): [0,1472,system_server,-1,DisplayDeviceConfig,requesting nits when no mapping exists.]
09-24 02:55:24.941 I/am_wtf ( 1472): [0,1472,system_server,-1,DisplayDeviceConfig,requesting nits when no mapping exists.]
09-24 02:55:24.957 I/am_wtf ( 1472): [0,1472,system_server,-1,DisplayDeviceConfig,requesting nits when no mapping exists.]
09-24 02:55:24.958 I/am_wtf ( 1472): [0,1472,system_server,-1,DisplayDeviceConfig,requesting nits when no mapping exists.]
09-24 02:55:24.974 I/am_wtf ( 1472): [0,1472,system_server,-1,DisplayDeviceConfig,requesting nits when no mapping exists.]
