09-24 00:51:28.800 I/am_wtf ( 1472): [0,1472,system_server,-1,DisplayDeviceConfig,requesting nits when no mapping exists.]
09-24 00:51:28.800 I/am_wtf ( 1472): [0,1472,system_server,-1,DisplayDeviceConfig,requesting nits when no mapping exists.]
09-24 00:51:28.817 I/am_wtf ( 1472): [0,1472,system_server,-1,DisplayDeviceConfig,requesting nits when no mapping exists.]
09-24 00:51:28.819 I/am_wtf ( 1472): [0,1472,system_server,-1,DisplayDeviceConfig,requesting nits when no mapping exists.]
09-24 00:51:28.834 I/am_wtf ( 1472): [0,1472,system_server,-1,DisplayDeviceConfig,requesting nits when no mapping exists.]
09-24 00:51:28.835 I/am_wtf ( 1472): [0,1472,system_server,-1,DisplayDeviceConfig,requesting nits when no mapping exists.]
09-24 00:51:28.855 I/am_wtf ( 1472): [0,1472,system_server,-1,DisplayDeviceConfig,requesting nits when no mapping exists.]
09-24 00:51:28.856 I/am_wtf ( 1472): [0,1472,system_server,-1,DisplayDeviceConfig,requesting nits when no mapping exists.]
09-24 00:51:28.869 I/am_wtf ( 1472): [0,1472,system_server,-1,DisplayDeviceConfig,requesting nits when no mapping exists.]
09-24 00:51:28.870 I/am_wtf ( 1472): [0,1472,system_server,-1,DisplayDeviceConfig,requesting nits when no mapping exists.]
09-24 00:51:28.885 I/am_wtf ( 1472): [0,1472,system_server,-1,DisplayDeviceConfig,requesting nits when no mapping exists.]
09-24 00:51:28.886 I/am_wtf ( 1472): [0,1472,system_server,-1,DisplayDeviceConfig,requesting nits when no mapping exists.]
09-24 00:51:28.903 I/am_wtf ( 1472): [0,1472,system_server,-1,DisplayDeviceConfig,requesting nits when no mapping exists.]
09-24 00:51:28.905 I/am_wtf ( 1472): [0,1472,system_server,-1,DisplayDeviceConfig,requesting nits when no mapping exists.]
09-24 00:51:28.918 I/am_wtf ( 1472): [0,1472,system_server,-1,DisplayDeviceConfig,requesting nits when no mapping exists.]
09-24 00:51:28.919 I/am_wtf ( 1472): [0,1472,system_server,-1,DisplayDeviceConfig,requesting nits when no mapping exists.]
09-24 00:51:28.966 I/sysui_multi_action( 1846): [757,218,758,4,759,26]
09-24 00:51:28.971 I/commit_sys_config_file( 1472): [display-state,345796]
09-24 00:51:29.180 I/commit_sys_config_file( 1472): [settings-1-0,5]
09-24 00:51:29.893 I/am_wtf ( 1472): [0,1472,system_server,-1,DisplayDeviceConfig,requesting nits when no mapping exists.]
09-24 00:51:29.893 I/am_wtf ( 1472): [0,1472,system_server,-1,DisplayDeviceConfig,requesting nits when no mapping exists.]
09-24 00:51:30.038 I/am_wtf ( 1472): [0,1472,system_server,-1,DisplayDeviceConfig,requesting nits when no mapping exists.]
09-24 00:51:30.040 I/am_wtf ( 1472): [0,1472,system_server,-1,DisplayDeviceConfig,requesting nits when no mapping exists.]
09-24 00:51:30.088 I/am_wtf ( 1472): [0,1472,system_server,-1,DisplayDeviceConfig,requesting nits when no mapping exists.]
09-24 00:51:30.089 I/am_wtf ( 1472): [0,1472,system_server,-1,DisplayDeviceConfig,requesting nits when no mapping exists.]
09-24 00:51:30.120 I/am_wtf ( 1472): [0,1472,system_server,-1,DisplayDeviceConfig,requesting nits when no mapping exists.]
09-24 00:51:30.121 I/am_wtf ( 1472): [0,1472,system_server,-1,DisplayDeviceConfig,requesting nits when no mapping exists.]
09-24 00:51:30.171 I/sysui_multi_action( 1846): [757,218,758,4,759,24]
09-24 00:51:30.177 I/commit_sys_config_file( 1472): [display-state,347002]
09-24 00:51:30.387 I/commit_sys_config_file( 1472): [settings-1-0,6]
09-24 00:51:31.325 I/service_manager_stats( 1472): [153,69,5940]
09-24 00:51:31.424 I/am_wtf ( 1472): [0,1472,system_server,-1,DisplayDeviceConfig,requesting nits when no mapping exists.]
09-24 00:51:31.425 I/am_wtf ( 1472): [0,1472,system_server,-1,DisplayDeviceConfig,requesting nits when no mapping exists.]
09-24 00:51:31.558 I/am_wtf ( 1472): [0,1472,system_server,-1,DisplayDeviceConfig,requesting nits when no mapping exists.]
09-24 00:51:31.558 I/am_wtf ( 1472): [0,1472,system_server,-1,DisplayDeviceConfig,requesting nits when no mapping exists.]
09-24 00:51:31.591 I/am_wtf ( 1472): [0,1472,system_server,-1,DisplayDeviceConfig,requesting nits when no mapping exists.]
09-24 00:51:31.592 I/am_wtf ( 1472): [0,1472,system_server,-1,DisplayDeviceConfig,requesting nits when no mapping exists.]
09-24 00:51:31.607 I/am_wtf ( 1472): [0,1472,system_server,-1,DisplayDeviceConfig,requesting nits when no mapping exists.]
09-24 00:51:31.608 I/am_wtf ( 1472): [0,1472,system_server,-1,DisplayDeviceConfig,requesting nits when no mapping exists.]
09-24 00:51:31.640 I/am_wtf ( 1472): [0,1472,system_server,-1,DisplayDeviceConfig,requesting nits when no mapping exists.]
09-24 00:51:31.641 I/am_wtf ( 1472): [0,1472,system_server,-1,DisplayDeviceConfig,requesting nits when no mapping exists.]
09-24 00:51:31.658 I/am_wtf ( 1472): [0,1472,system_server,-1,DisplayDeviceConfig,requesting nits when no mapping exists.]
09-24 00:51:31.659 I/am_wtf ( 1472): [0,1472,system_server,-1,DisplayDeviceConfig,requesting nits when no mapping exists.]
09-24 00:51:31.676 I/am_wtf ( 1472): [0,1472,system_server,-1,DisplayDeviceConfig,requesting nits when no mapping exists.]
09-24 00:51:31.676 I/am_wtf ( 1472): [0,1472,system_server,-1,DisplayDeviceConfig,requesting nits when no mapping exists.]
09-24 00:51:31.707 I/am_wtf ( 1472): [0,1472,system_server,-1,DisplayDeviceConfig,requesting nits when no mapping exists.]
09-24 00:51:31.708 I/am_wtf ( 1472): [0,1472,system_server,-1,DisplayDeviceConfig,requesting nits when no mapping exists.]
09-24 00:51:31.741 I/am_wtf ( 1472): [0,1472,system_server,-1,DisplayDeviceConfig,requesting nits when no mapping exists.]
09-24 00:51:31.743 I/am_wtf ( 1472): [0,1472,system_server,-1,DisplayDeviceConfig,requesting nits when no mapping exists.]
09-24 00:51:31.792 I/am_wtf ( 1472): [0,1472,system_server,-1,DisplayDeviceConfig,requesting nits when no mapping exists.]
09-24 00:51:31.793 I/am_wtf ( 1472): [0,1472,system_server,-1,DisplayDeviceConfig,requesting nits when no mapping exists.]
09-24 00:51:31.882 I/sysui_multi_action( 1846): [757,218,758,4,759,34]
09-24 00:51:31.886 I/commit_sys_config_file( 1472): [display-state,348710]
09-24 00:51:32.094 I/commit_sys_config_file( 1472): [settings-1-0,6]
09-24 00:51:32.250 I/am_wtf ( 1472): [0,1472,system_server,-1,DisplayDeviceConfig,requesting nits when no mapping exists.]
09-24 00:51:32.251 I/am_wtf ( 1472): [0,1472,system_server,-1,DisplayDeviceConfig,requesting nits when no mapping exists.]
09-24 00:51:32.444 I/am_wtf ( 1472): [0,1472,system_server,-1,DisplayDeviceConfig,requesting nits when no mapping exists.]
09-24 00:51:32.445 I/am_wtf ( 1472): [0,1472,system_server,-1,DisplayDeviceConfig,requesting nits when no mapping exists.]
09-24 00:51:32.493 I/am_wtf ( 1472): [0,1472,system_server,-1,DisplayDeviceConfig,requesting nits when no mapping exists.]
09-24 00:51:32.494 I/am_wtf ( 1472): [0,1472,system_server,-1,DisplayDeviceConfig,requesting nits when no mapping exists.]
09-24 00:51:32.545 I/am_wtf ( 1472): [0,1472,system_server,-1,DisplayDeviceConfig,requesting nits when no mapping exists.]
09-24 00:51:32.546 I/am_wtf ( 1472): [0,1472,system_server,-1,DisplayDeviceConfig,requesting nits when no mapping exists.]
09-24 00:51:32.580 I/sysui_multi_action( 1846): [757,218,758,4,759,32]
09-24 00:51:32.585 I/commit_sys_config_file( 1472): [display-state,349410]
09-24 00:51:32.798 I/commit_sys_config_file( 1472): [settings-1-0,9]
09-24 00:51:33.588 I/am_wtf ( 1472): [0,1472,system_server,-1,DisplayDeviceConfig,requesting nits when no mapping exists.]
09-24 00:51:33.589 I/am_wtf ( 1472): [0,1472,system_server,-1,DisplayDeviceConfig,requesting nits when no mapping exists.]
09-24 00:51:33.799 I/am_wtf ( 1472): [0,1472,system_server,-1,DisplayDeviceConfig,requesting nits when no mapping exists.]
09-24 00:51:33.800 I/am_wtf ( 1472): [0,1472,system_server,-1,DisplayDeviceConfig,requesting nits when no mapping exists.]
09-24 00:51:33.881 I/am_wtf ( 1472): [0,1472,system_server,-1,DisplayDeviceConfig,requesting nits when no mapping exists.]
09-24 00:51:33.883 I/am_wtf ( 1472): [0,1472,system_server,-1,DisplayDeviceConfig,requesting nits when no mapping exists.]
09-24 00:51:33.929 I/am_wtf ( 1472): [0,1472,system_server,-1,DisplayDeviceConfig,requesting nits when no mapping exists.]
09-24 00:51:33.930 I/am_wtf ( 1472): [0,1472,system_server,-1,DisplayDeviceConfig,requesting nits when no mapping exists.]
09-24 00:51:33.963 I/am_wtf ( 1472): [0,1472,system_server,-1,DisplayDeviceConfig,requesting nits when no mapping exists.]
09-24 00:51:33.963 I/am_wtf ( 1472): [0,1472,system_server,-1,DisplayDeviceConfig,requesting nits when no mapping exists.]
09-24 00:51:34.014 I/am_wtf ( 1472): [0,1472,system_server,-1,DisplayDeviceConfig,requesting nits when no mapping exists.]
09-24 00:51:34.015 I/am_wtf ( 1472): [0,1472,system_server,-1,DisplayDeviceConfig,requesting nits when no mapping exists.]
09-24 00:51:34.048 I/am_wtf ( 1472): [0,1472,system_server,-1,DisplayDeviceConfig,requesting nits when no mapping exists.]
09-24 00:51:34.049 I/am_wtf ( 1472): [0,1472,system_server,-1,DisplayDeviceConfig,requesting nits when no mapping exists.]
09-24 00:51:34.080 I/am_wtf ( 1472): [0,1472,system_server,-1,DisplayDeviceConfig,requesting nits when no mapping exists.]
09-24 00:51:34.081 I/am_wtf ( 1472): [0,1472,system_server,-1,DisplayDeviceConfig,requesting nits when no mapping exists.]
09-24 00:51:34.115 I/am_wtf ( 1472): [0,1472,system_server,-1,DisplayDeviceConfig,requesting nits when no mapping exists.]
09-24 00:51:34.115 I/am_wtf ( 1472): [0,1472,system_server,-1,DisplayDeviceConfig,requesting nits when no mapping exists.]
09-24 00:51:34.129 I/am_wtf ( 1472): [0,1472,system_server,-1,DisplayDeviceConfig,requesting nits when no mapping exists.]
09-24 00:51:34.129 I/am_wtf ( 1472): [0,1472,system_server,-1,DisplayDeviceConfig,requesting nits when no mapping exists.]
09-24 00:51:34.163 I/am_wtf ( 1472): [0,1472,system_server,-1,DisplayDeviceConfig,requesting nits when no mapping exists.]
09-24 00:51:34.164 I/am_wtf ( 1472): [0,1472,system_server,-1,DisplayDeviceConfig,requesting nits when no mapping exists.]
09-24 00:51:34.198 I/am_wtf ( 1472): [0,1472,system_server,-1,DisplayDeviceConfig,requesting nits when no mapping exists.]
09-24 00:51:34.199 I/am_wtf ( 1472): [0,1472,system_server,-1,DisplayDeviceConfig,requesting nits when no mapping exists.]
09-24 00:51:34.213 I/am_wtf ( 1472): [0,1472,system_server,-1,DisplayDeviceConfig,requesting nits when no mapping exists.]
09-24 00:51:34.214 I/am_wtf ( 1472): [0,1472,system_server,-1,DisplayDeviceConfig,requesting nits when no mapping exists.]
09-24 00:51:34.251 I/am_wtf ( 1472): [0,1472,system_server,-1,DisplayDeviceConfig,requesting nits when no mapping exists.]
09-24 00:51:34.252 I/am_wtf ( 1472): [0,1472,system_server,-1,DisplayDeviceConfig,requesting nits when no mapping exists.]
09-24 00:51:34.269 I/am_wtf ( 1472): [0,1472,system_server,-1,DisplayDeviceConfig,requesting nits when no mapping exists.]
09-24 00:51:34.270 I/am_wtf ( 1472): [0,1472,system_server,-1,DisplayDeviceConfig,requesting nits when no mapping exists.]
09-24 00:51:34.298 I/am_wtf ( 1472): [0,1472,system_server,-1,DisplayDeviceConfig,requesting nits when no mapping exists.]
09-24 00:51:34.299 I/am_wtf ( 1472): [0,1472,system_server,-1,DisplayDeviceConfig,requesting nits when no mapping exists.]
09-24 00:51:34.313 I/am_wtf ( 1472): [0,1472,system_server,-1,DisplayDeviceConfig,requesting nits when no mapping exists.]
09-24 00:51:34.314 I/am_wtf ( 1472): [0,1472,system_server,-1,DisplayDeviceConfig,requesting nits when no mapping exists.]
09-24 00:51:34.351 I/am_wtf ( 1472): [0,1472,system_server,-1,DisplayDeviceConfig,requesting nits when no mapping exists.]
09-24 00:51:34.352 I/am_wtf ( 1472): [0,1472,system_server,-1,DisplayDeviceConfig,requesting nits when no mapping exists.]
09-24 00:51:34.364 I/am_wtf ( 1472): [0,1472,system_server,-1,DisplayDeviceConfig,requesting nits when no mapping exists.]
09-24 00:51:34.365 I/am_wtf ( 1472): [0,1472,system_server,-1,DisplayDeviceConfig,requesting nits when no mapping exists.]
09-24 00:51:34.384 I/am_wtf ( 1472): [0,1472,system_server,-1,DisplayDeviceConfig,requesting nits when no mapping exists.]
09-24 00:51:34.386 I/am_wtf ( 1472): [0,1472,system_server,-1,DisplayDeviceConfig,requesting nits when no mapping exists.]
09-24 00:51:34.418 I/am_wtf ( 1472): [0,1472,system_server,-1,DisplayDeviceConfig,requesting nits when no mapping exists.]
09-24 00:51:34.421 I/am_wtf ( 1472): [0,1472,system_server,-1,DisplayDeviceConfig,requesting nits when no mapping exists.]
09-24 00:51:34.432 I/am_wtf ( 1472): [0,1472,system_server,-1,DisplayDeviceConfig,requesting nits when no mapping exists.]
09-24 00:51:34.433 I/am_wtf ( 1472): [0,1472,system_server,-1,DisplayDeviceConfig,requesting nits when no mapping exists.]
09-24 00:51:34.451 I/am_wtf ( 1472): [0,1472,system_server,-1,DisplayDeviceConfig,requesting nits when no mapping exists.]
09-24 00:51:34.452 I/am_wtf ( 1472): [0,1472,system_server,-1,DisplayDeviceConfig,requesting nits when no mapping exists.]
09-24 00:51:34.481 I/am_wtf ( 1472): [0,1472,system_server,-1,DisplayDeviceConfig,requesting nits when no mapping exists.]
09-24 00:51:34.482 I/am_wtf ( 1472): [0,1472,system_server,-1,DisplayDeviceConfig,requesting nits when no mapping exists.]
09-24 00:51:34.498 I/am_wtf ( 1472): [0,1472,system_server,-1,DisplayDeviceConfig,requesting nits when no mapping exists.]
09-24 00:51:34.499 I/am_wtf ( 1472): [0,1472,system_server,-1,DisplayDeviceConfig,requesting nits when no mapping exists.]
09-24 00:51:34.531 I/am_wtf ( 1472): [0,1472,system_server,-1,DisplayDeviceConfig,requesting nits when no mapping exists.]
09-24 00:51:34.531 I/am_wtf ( 1472): [0,1472,system_server,-1,DisplayDeviceConfig,requesting nits when no mapping exists.]
09-24 00:51:34.565 I/am_wtf ( 1472): [0,1472,system_server,-1,DisplayDeviceConfig,requesting nits when no mapping exists.]
09-24 00:51:34.566 I/am_wtf ( 1472): [0,1472,system_server,-1,DisplayDeviceConfig,requesting nits when no mapping exists.]
09-24 00:51:34.584 I/am_wtf ( 1472): [0,1472,system_server,-1,DisplayDeviceConfig,requesting nits when no mapping exists.]
09-24 00:51:34.585 I/am_wtf ( 1472): [0,1472,system_server,-1,DisplayDeviceConfig,requesting nits when no mapping exists.]
09-24 00:51:34.614 I/am_wtf ( 1472): [0,1472,system_server,-1,DisplayDeviceConfig,requesting nits when no mapping exists.]
09-24 00:51:34.615 I/am_wtf ( 1472): [0,1472,system_server,-1,DisplayDeviceConfig,requesting nits when no mapping exists.]
09-24 00:51:34.665 I/am_wtf ( 1472): [0,1472,system_server,-1,DisplayDeviceConfig,requesting nits when no mapping exists.]
09-24 00:51:34.666 I/am_wtf ( 1472): [0,1472,system_server,-1,DisplayDeviceConfig,requesting nits when no mapping exists.]
09-24 00:51:34.698 I/am_wtf ( 1472): [0,1472,system_server,-1,DisplayDeviceConfig,requesting nits when no mapping exists.]
09-24 00:51:34.699 I/am_wtf ( 1472): [0,1472,system_server,-1,DisplayDeviceConfig,requesting nits when no mapping exists.]
09-24 00:51:34.735 I/am_wtf ( 1472): [0,1472,system_server,-1,DisplayDeviceConfig,requesting nits when no mapping exists.]
09-24 00:51:34.736 I/am_wtf ( 1472): [0,1472,system_server,-1,DisplayDeviceConfig,requesting nits when no mapping exists.]
09-24 00:51:34.799 I/am_wtf ( 1472): [0,1472,system_server,-1,DisplayDeviceConfig,requesting nits when no mapping exists.]
09-24 00:51:34.800 I/am_wtf ( 1472): [0,1472,system_server,-1,DisplayDeviceConfig,requesting nits when no mapping exists.]
09-24 00:51:34.867 I/am_wtf ( 1472): [0,1472,system_server,-1,DisplayDeviceConfig,requesting nits when no mapping exists.]
09-24 00:51:34.868 I/am_wtf ( 1472): [0,1472,system_server,-1,DisplayDeviceConfig,requesting nits when no mapping exists.]
09-24 00:51:34.880 I/am_wtf ( 1472): [0,1472,system_server,-1,DisplayDeviceConfig,requesting nits when no mapping exists.]
09-24 00:51:34.880 I/am_wtf ( 1472): [0,1472,system_server,-1,DisplayDeviceConfig,requesting nits when no mapping exists.]
09-24 00:51:34.897 I/am_wtf ( 1472): [0,1472,system_server,-1,DisplayDeviceConfig,requesting nits when no mapping exists.]
09-24 00:51:34.897 I/am_wtf ( 1472): [0,1472,system_server,-1,DisplayDeviceConfig,requesting nits when no mapping exists.]
09-24 00:51:34.914 I/am_wtf ( 1472): [0,1472,system_server,-1,DisplayDeviceConfig,requesting nits when no mapping exists.]
09-24 00:51:34.914 I/am_wtf ( 1472): [0,1472,system_server,-1,DisplayDeviceConfig,requesting nits when no mapping exists.]
09-24 00:51:34.930 I/am_wtf ( 1472): [0,1472,system_server,-1,DisplayDeviceConfig,requesting nits when no mapping exists.]
09-24 00:51:34.931 I/am_wtf ( 1472): [0,1472,system_server,-1,DisplayDeviceConfig,requesting nits when no mapping exists.]
09-24 00:51:34.947 I/am_wtf ( 1472): [0,1472,system_server,-1,DisplayDeviceConfig,requesting nits when no mapping exists.]
09-24 00:51:34.948 I/am_wtf ( 1472): [0,1472,system_server,-1,DisplayDeviceConfig,requesting nits when no mapping exists.]
09-24 00:51:34.965 I/am_wtf ( 1472): [0,1472,system_server,-1,DisplayDeviceConfig,requesting nits when no mapping exists.]
09-24 00:51:34.965 I/am_wtf ( 1472): [0,1472,system_server,-1,DisplayDeviceConfig,requesting nits when no mapping exists.]
09-24 00:51:34.981 I/am_wtf ( 1472): [0,1472,system_server,-1,DisplayDeviceConfig,requesting nits when no mapping exists.]
09-24 00:51:34.982 I/am_wtf ( 1472): [0,1472,system_server,-1,DisplayDeviceConfig,requesting nits when no mapping exists.]
09-24 00:51:34.997 I/am_wtf ( 1472): [0,1472,system_server,-1,DisplayDeviceConfig,requesting nits when no mapping exists.]
09-24 00:51:34.998 I/am_wtf ( 1472): [0,1472,system_server,-1,DisplayDeviceConfig,requesting nits when no mapping exists.]
09-24 00:51:35.003 I/sysui_multi_action( 1846): [757,218,758,4,759,0]
09-24 00:51:35.014 I/am_wtf ( 1472): [0,1472,system_server,-1,DisplayDeviceConfig,requesting nits when no mapping exists.]
09-24 00:51:35.015 I/am_wtf ( 1472): [0,1472,system_server,-1,DisplayDeviceConfig,requesting nits when no mapping exists.]
09-24 00:51:35.030 I/am_wtf ( 1472): [0,1472,system_server,-1,DisplayDeviceConfig,requesting nits when no mapping exists.]
09-24 00:51:35.031 I/am_wtf ( 1472): [0,1472,system_server,-1,DisplayDeviceConfig,requesting nits when no mapping exists.]
09-24 00:51:35.047 I/am_wtf ( 1472): [0,1472,system_server,-1,DisplayDeviceConfig,requesting nits when no mapping exists.]
09-24 00:51:35.047 I/am_wtf ( 1472): [0,1472,system_server,-1,DisplayDeviceConfig,requesting nits when no mapping exists.]
09-24 00:51:35.064 I/am_wtf ( 1472): [0,1472,system_server,-1,DisplayDeviceConfig,requesting nits when no mapping exists.]
09-24 00:51:35.065 I/am_wtf ( 1472): [0,1472,system_server,-1,DisplayDeviceConfig,requesting nits when no mapping exists.]
09-24 00:51:35.081 I/am_wtf ( 1472): [0,1472,system_server,-1,DisplayDeviceConfig,requesting nits when no mapping exists.]
09-24 00:51:35.083 I/am_wtf ( 1472): [0,1472,system_server,-1,DisplayDeviceConfig,requesting nits when no mapping exists.]
09-24 00:51:35.098 I/am_wtf ( 1472): [0,1472,system_server,-1,DisplayDeviceConfig,requesting nits when no mapping exists.]
09-24 00:51:35.099 I/am_wtf ( 1472): [0,1472,system_server,-1,DisplayDeviceConfig,requesting nits when no mapping exists.]
09-24 00:51:35.116 I/am_wtf ( 1472): [0,1472,system_server,-1,DisplayDeviceConfig,requesting nits when no mapping exists.]
09-24 00:51:35.117 I/am_wtf ( 1472): [0,1472,system_server,-1,DisplayDeviceConfig,requesting nits when no mapping exists.]
09-24 00:51:35.131 I/am_wtf ( 1472): [0,1472,system_server,-1,DisplayDeviceConfig,requesting nits when no mapping exists.]
09-24 00:51:35.132 I/am_wtf ( 1472): [0,1472,system_server,-1,DisplayDeviceConfig,requesting nits when no mapping exists.]
09-24 00:51:35.148 I/am_wtf ( 1472): [0,1472,system_server,-1,DisplayDeviceConfig,requesting nits when no mapping exists.]
09-24 00:51:35.150 I/am_wtf ( 1472): [0,1472,system_server,-1,DisplayDeviceConfig,requesting nits when no mapping exists.]
09-24 00:51:35.164 I/am_wtf ( 1472): [0,1472,system_server,-1,DisplayDeviceConfig,requesting nits when no mapping exists.]
09-24 00:51:35.165 I/am_wtf ( 1472): [0,1472,system_server,-1,DisplayDeviceConfig,requesting nits when no mapping exists.]
09-24 00:51:39.147 I/auditd ( 7881): type=1400 audit(0.0:1153): avc: denied { read } for comm=5468726561642D32202D2031333735 name="tcp" dev="proc" ino=4026532283 scontext=u:r:untrusted_app_29:s0:c106,c256,c512,c768 tcontext=u:object_r:proc_net_tcp_udp:s0 tclass=file permissive=0 app=com.smile.gifmaker
09-24 00:51:40.107 I/auditd ( 8065): type=1400 audit(0.0:1154): avc: denied { read } for comm="pool-2-thread-6" name="tcp" dev="proc" ino=4026532283 scontext=u:r:untrusted_app_29:s0:c106,c256,c512,c768 tcontext=u:object_r:proc_net_tcp_udp:s0 tclass=file permissive=0 app=com.smile.gifmaker
09-24 00:51:48.171 I/auditd ( 5049): type=1400 audit(0.0:1155): avc: granted { nlmsg_readpriv } for comm="pool-8-thread-1" scontext=u:r:untrusted_app_29:s0:c96,c256,c512,c768 tcontext=u:r:untrusted_app_29:s0:c96,c256,c512,c768 tclass=netlink_route_socket app=com.netease.cloudmusic
09-24 00:51:48.499 I/service_manager_stats( 1472): [156,79,17173]
09-24 00:51:48.503 I/am_wtf ( 1472): [0,1472,system_server,-1,DisplayDeviceConfig,requesting nits when no mapping exists.]
09-24 00:51:48.506 I/am_wtf ( 1472): [0,1472,system_server,-1,DisplayDeviceConfig,requesting nits when no mapping exists.]
09-24 00:51:48.616 I/am_wtf ( 1472): [0,1472,system_server,-1,DisplayDeviceConfig,requesting nits when no mapping exists.]
09-24 00:51:48.617 I/am_wtf ( 1472): [0,1472,system_server,-1,DisplayDeviceConfig,requesting nits when no mapping exists.]
09-24 00:51:48.699 I/am_wtf ( 1472): [0,1472,system_server,-1,DisplayDeviceConfig,requesting nits when no mapping exists.]
09-24 00:51:48.701 I/am_wtf ( 1472): [0,1472,system_server,-1,DisplayDeviceConfig,requesting nits when no mapping exists.]
09-24 00:51:48.732 I/am_wtf ( 1472): [0,1472,system_server,-1,DisplayDeviceConfig,requesting nits when no mapping exists.]
09-24 00:51:48.733 I/am_wtf ( 1472): [0,1472,system_server,-1,DisplayDeviceConfig,requesting nits when no mapping exists.]
09-24 00:51:48.748 I/am_wtf ( 1472): [0,1472,system_server,-1,DisplayDeviceConfig,requesting nits when no mapping exists.]
09-24 00:51:48.749 I/am_wtf ( 1472): [0,1472,system_server,-1,DisplayDeviceConfig,requesting nits when no mapping exists.]
09-24 00:51:48.765 I/am_wtf ( 1472): [0,1472,system_server,-1,DisplayDeviceConfig,requesting nits when no mapping exists.]
09-24 00:51:48.766 I/am_wtf ( 1472): [0,1472,system_server,-1,DisplayDeviceConfig,requesting nits when no mapping exists.]
09-24 00:51:48.801 I/am_wtf ( 1472): [0,1472,system_server,-1,DisplayDeviceConfig,requesting nits when no mapping exists.]
09-24 00:51:48.802 I/am_wtf ( 1472): [0,1472,system_server,-1,DisplayDeviceConfig,requesting nits when no mapping exists.]
09-24 00:51:48.817 I/am_wtf ( 1472): [0,1472,system_server,-1,DisplayDeviceConfig,requesting nits when no mapping exists.]
09-24 00:51:48.817 I/am_wtf ( 1472): [0,1472,system_server,-1,DisplayDeviceConfig,requesting nits when no mapping exists.]
09-24 00:51:48.832 I/am_wtf ( 1472): [0,1472,system_server,-1,DisplayDeviceConfig,requesting nits when no mapping exists.]
09-24 00:51:48.833 I/am_wtf ( 1472): [0,1472,system_server,-1,DisplayDeviceConfig,requesting nits when no mapping exists.]
09-24 00:51:48.848 I/am_wtf ( 1472): [0,1472,system_server,-1,DisplayDeviceConfig,requesting nits when no mapping exists.]
09-24 00:51:48.849 I/am_wtf ( 1472): [0,1472,system_server,-1,DisplayDeviceConfig,requesting nits when no mapping exists.]
09-24 00:51:48.883 I/am_wtf ( 1472): [0,1472,system_server,-1,DisplayDeviceConfig,requesting nits when no mapping exists.]
09-24 00:51:48.884 I/am_wtf ( 1472): [0,1472,system_server,-1,DisplayDeviceConfig,requesting nits when no mapping exists.]
09-24 00:51:48.899 I/am_wtf ( 1472): [0,1472,system_server,-1,DisplayDeviceConfig,requesting nits when no mapping exists.]
09-24 00:51:48.899 I/am_wtf ( 1472): [0,1472,system_server,-1,DisplayDeviceConfig,requesting nits when no mapping exists.]
09-24 00:51:48.915 I/am_wtf ( 1472): [0,1472,system_server,-1,DisplayDeviceConfig,requesting nits when no mapping exists.]
09-24 00:51:48.916 I/am_wtf ( 1472): [0,1472,system_server,-1,DisplayDeviceConfig,requesting nits when no mapping exists.]
09-24 00:51:48.949 I/am_wtf ( 1472): [0,1472,system_server,-1,DisplayDeviceConfig,requesting nits when no mapping exists.]
09-24 00:51:48.950 I/am_wtf ( 1472): [0,1472,system_server,-1,DisplayDeviceConfig,requesting nits when no mapping exists.]
09-24 00:51:48.985 I/am_wtf ( 1472): [0,1472,system_server,-1,DisplayDeviceConfig,requesting nits when no mapping exists.]
09-24 00:51:48.987 I/am_wtf ( 1472): [0,1472,system_server,-1,DisplayDeviceConfig,requesting nits when no mapping exists.]
09-24 00:51:48.999 I/am_wtf ( 1472): [0,1472,system_server,-1,DisplayDeviceConfig,requesting nits when no mapping exists.]
09-24 00:51:49.000 I/am_wtf ( 1472): [0,1472,system_server,-1,DisplayDeviceConfig,requesting nits when no mapping exists.]
09-24 00:51:49.015 I/am_wtf ( 1472): [0,1472,system_server,-1,DisplayDeviceConfig,requesting nits when no mapping exists.]
09-24 00:51:49.016 I/am_wtf ( 1472): [0,1472,system_server,-1,DisplayDeviceConfig,requesting nits when no mapping exists.]
09-24 00:51:49.049 I/am_wtf ( 1472): [0,1472,system_server,-1,DisplayDeviceConfig,requesting nits when no mapping exists.]
09-24 00:51:49.050 I/am_wtf ( 1472): [0,1472,system_server,-1,DisplayDeviceConfig,requesting nits when no mapping exists.]
09-24 00:51:49.067 I/am_wtf ( 1472): [0,1472,system_server,-1,DisplayDeviceConfig,requesting nits when no mapping exists.]
09-24 00:51:49.068 I/am_wtf ( 1472): [0,1472,system_server,-1,DisplayDeviceConfig,requesting nits when no mapping exists.]
09-24 00:51:49.102 I/am_wtf ( 1472): [0,1472,system_server,-1,DisplayDeviceConfig,requesting nits when no mapping exists.]
09-24 00:51:49.103 I/am_wtf ( 1472): [0,1472,system_server,-1,DisplayDeviceConfig,requesting nits when no mapping exists.]
09-24 00:51:49.167 I/am_wtf ( 1472): [0,1472,system_server,-1,DisplayDeviceConfig,requesting nits when no mapping exists.]
09-24 00:51:49.168 I/am_wtf ( 1472): [0,1472,system_server,-1,DisplayDeviceConfig,requesting nits when no mapping exists.]
09-24 00:51:49.246 I/sysui_multi_action( 1846): [757,218,758,4,759,21]
09-24 00:51:49.256 I/commit_sys_config_file( 1472): [display-state,366080]
09-24 00:51:49.465 I/commit_sys_config_file( 1472): [settings-1-0,5]
09-24 00:51:49.788 I/am_wtf ( 1472): [0,1472,system_server,-1,DisplayDeviceConfig,requesting nits when no mapping exists.]
09-24 00:51:49.789 I/am_wtf ( 1472): [0,1472,system_server,-1,DisplayDeviceConfig,requesting nits when no mapping exists.]
09-24 00:51:49.986 I/am_wtf ( 1472): [0,1472,system_server,-1,DisplayDeviceConfig,requesting nits when no mapping exists.]
09-24 00:51:49.989 I/am_wtf ( 1472): [0,1472,system_server,-1,DisplayDeviceConfig,requesting nits when no mapping exists.]
09-24 00:51:50.103 I/am_wtf ( 1472): [0,1472,system_server,-1,DisplayDeviceConfig,requesting nits when no mapping exists.]
09-24 00:51:50.106 I/am_wtf ( 1472): [0,1472,system_server,-1,DisplayDeviceConfig,requesting nits when no mapping exists.]
09-24 00:51:50.169 I/am_wtf ( 1472): [0,1472,system_server,-1,DisplayDeviceConfig,requesting nits when no mapping exists.]
09-24 00:51:50.171 I/am_wtf ( 1472): [0,1472,system_server,-1,DisplayDeviceConfig,requesting nits when no mapping exists.]
09-24 00:51:50.220 I/am_wtf ( 1472): [0,1472,system_server,-1,DisplayDeviceConfig,requesting nits when no mapping exists.]
09-24 00:51:50.222 I/am_wtf ( 1472): [0,1472,system_server,-1,DisplayDeviceConfig,requesting nits when no mapping exists.]
09-24 00:51:50.286 I/am_wtf ( 1472): [0,1472,system_server,-1,DisplayDeviceConfig,requesting nits when no mapping exists.]
09-24 00:51:50.287 I/am_wtf ( 1472): [0,1472,system_server,-1,DisplayDeviceConfig,requesting nits when no mapping exists.]
09-24 00:51:50.335 I/am_wtf ( 1472): [0,1472,system_server,-1,DisplayDeviceConfig,requesting nits when no mapping exists.]
09-24 00:51:50.336 I/am_wtf ( 1472): [0,1472,system_server,-1,DisplayDeviceConfig,requesting nits when no mapping exists.]
09-24 00:51:50.404 I/am_wtf ( 1472): [0,1472,system_server,-1,DisplayDeviceConfig,requesting nits when no mapping exists.]
09-24 00:51:50.405 I/am_wtf ( 1472): [0,1472,system_server,-1,DisplayDeviceConfig,requesting nits when no mapping exists.]
09-24 00:51:50.456 I/am_wtf ( 1472): [0,1472,system_server,-1,DisplayDeviceConfig,requesting nits when no mapping exists.]
09-24 00:51:50.456 I/am_wtf ( 1472): [0,1472,system_server,-1,DisplayDeviceConfig,requesting nits when no mapping exists.]
09-24 00:51:50.519 I/am_wtf ( 1472): [0,1472,system_server,-1,DisplayDeviceConfig,requesting nits when no mapping exists.]
09-24 00:51:50.522 I/am_wtf ( 1472): [0,1472,system_server,-1,DisplayDeviceConfig,requesting nits when no mapping exists.]
09-24 00:51:50.571 I/am_wtf ( 1472): [0,1472,system_server,-1,DisplayDeviceConfig,requesting nits when no mapping exists.]
09-24 00:51:50.572 I/am_wtf ( 1472): [0,1472,system_server,-1,DisplayDeviceConfig,requesting nits when no mapping exists.]
09-24 00:51:50.636 I/am_wtf ( 1472): [0,1472,system_server,-1,DisplayDeviceConfig,requesting nits when no mapping exists.]
09-24 00:51:50.637 I/am_wtf ( 1472): [0,1472,system_server,-1,DisplayDeviceConfig,requesting nits when no mapping exists.]
09-24 00:51:50.688 I/am_wtf ( 1472): [0,1472,system_server,-1,DisplayDeviceConfig,requesting nits when no mapping exists.]
09-24 00:51:50.688 I/am_wtf ( 1472): [0,1472,system_server,-1,DisplayDeviceConfig,requesting nits when no mapping exists.]
09-24 00:51:50.753 I/am_wtf ( 1472): [0,1472,system_server,-1,DisplayDeviceConfig,requesting nits when no mapping exists.]
09-24 00:51:50.754 I/am_wtf ( 1472): [0,1472,system_server,-1,DisplayDeviceConfig,requesting nits when no mapping exists.]
09-24 00:51:50.822 I/am_wtf ( 1472): [0,1472,system_server,-1,DisplayDeviceConfig,requesting nits when no mapping exists.]
09-24 00:51:50.823 I/am_wtf ( 1472): [0,1472,system_server,-1,DisplayDeviceConfig,requesting nits when no mapping exists.]
09-24 00:51:50.888 I/am_wtf ( 1472): [0,1472,system_server,-1,DisplayDeviceConfig,requesting nits when no mapping exists.]
09-24 00:51:50.889 I/am_wtf ( 1472): [0,1472,system_server,-1,DisplayDeviceConfig,requesting nits when no mapping exists.]
09-24 00:51:50.973 I/am_wtf ( 1472): [0,1472,system_server,-1,DisplayDeviceConfig,requesting nits when no mapping exists.]
09-24 00:51:50.974 I/am_wtf ( 1472): [0,1472,system_server,-1,DisplayDeviceConfig,requesting nits when no mapping exists.]
09-24 00:51:51.039 I/am_wtf ( 1472): [0,1472,system_server,-1,DisplayDeviceConfig,requesting nits when no mapping exists.]
09-24 00:51:51.041 I/am_wtf ( 1472): [0,1472,system_server,-1,DisplayDeviceConfig,requesting nits when no mapping exists.]
09-24 00:51:51.106 I/am_wtf ( 1472): [0,1472,system_server,-1,DisplayDeviceConfig,requesting nits when no mapping exists.]
09-24 00:51:51.107 I/am_wtf ( 1472): [0,1472,system_server,-1,DisplayDeviceConfig,requesting nits when no mapping exists.]
09-24 00:51:51.172 I/am_wtf ( 1472): [0,1472,system_server,-1,DisplayDeviceConfig,requesting nits when no mapping exists.]
09-24 00:51:51.173 I/am_wtf ( 1472): [0,1472,system_server,-1,DisplayDeviceConfig,requesting nits when no mapping exists.]
09-24 00:51:51.238 I/am_wtf ( 1472): [0,1472,system_server,-1,DisplayDeviceConfig,requesting nits when no mapping exists.]
09-24 00:51:51.239 I/am_wtf ( 1472): [0,1472,system_server,-1,DisplayDeviceConfig,requesting nits when no mapping exists.]
09-24 00:51:51.326 I/am_wtf ( 1472): [0,1472,system_server,-1,DisplayDeviceConfig,requesting nits when no mapping exists.]
09-24 00:51:51.327 I/am_wtf ( 1472): [0,1472,system_server,-1,DisplayDeviceConfig,requesting nits when no mapping exists.]
09-24 00:51:51.423 I/am_wtf ( 1472): [0,1472,system_server,-1,DisplayDeviceConfig,requesting nits when no mapping exists.]
09-24 00:51:51.425 I/am_wtf ( 1472): [0,1472,system_server,-1,DisplayDeviceConfig,requesting nits when no mapping exists.]
09-24 00:51:51.574 I/am_wtf ( 1472): [0,1472,system_server,-1,DisplayDeviceConfig,requesting nits when no mapping exists.]
09-24 00:51:51.575 I/am_wtf ( 1472): [0,1472,system_server,-1,DisplayDeviceConfig,requesting nits when no mapping exists.]
09-24 00:51:51.587 I/am_wtf ( 1472): [0,1472,system_server,-1,DisplayDeviceConfig,requesting nits when no mapping exists.]
09-24 00:51:51.587 I/am_wtf ( 1472): [0,1472,system_server,-1,DisplayDeviceConfig,requesting nits when no mapping exists.]
09-24 00:51:51.604 I/am_wtf ( 1472): [0,1472,system_server,-1,DisplayDeviceConfig,requesting nits when no mapping exists.]
09-24 00:51:51.605 I/am_wtf ( 1472): [0,1472,system_server,-1,DisplayDeviceConfig,requesting nits when no mapping exists.]
09-24 00:51:51.620 I/am_wtf ( 1472): [0,1472,system_server,-1,DisplayDeviceConfig,requesting nits when no mapping exists.]
09-24 00:51:51.621 I/am_wtf ( 1472): [0,1472,system_server,-1,DisplayDeviceConfig,requesting nits when no mapping exists.]
09-24 00:51:51.637 I/am_wtf ( 1472): [0,1472,system_server,-1,DisplayDeviceConfig,requesting nits when no mapping exists.]
09-24 00:51:51.638 I/am_wtf ( 1472): [0,1472,system_server,-1,DisplayDeviceConfig,requesting nits when no mapping exists.]
09-24 00:51:51.654 I/am_wtf ( 1472): [0,1472,system_server,-1,DisplayDeviceConfig,requesting nits when no mapping exists.]
09-24 00:51:51.654 I/am_wtf ( 1472): [0,1472,system_server,-1,DisplayDeviceConfig,requesting nits when no mapping exists.]
09-24 00:51:51.671 I/am_wtf ( 1472): [0,1472,system_server,-1,DisplayDeviceConfig,requesting nits when no mapping exists.]
09-24 00:51:51.671 I/am_wtf ( 1472): [0,1472,system_server,-1,DisplayDeviceConfig,requesting nits when no mapping exists.]
09-24 00:51:51.687 I/am_wtf ( 1472): [0,1472,system_server,-1,DisplayDeviceConfig,requesting nits when no mapping exists.]
09-24 00:51:51.688 I/am_wtf ( 1472): [0,1472,system_server,-1,DisplayDeviceConfig,requesting nits when no mapping exists.]
09-24 00:51:51.704 I/am_wtf ( 1472): [0,1472,system_server,-1,DisplayDeviceConfig,requesting nits when no mapping exists.]
09-24 00:51:51.704 I/am_wtf ( 1472): [0,1472,system_server,-1,DisplayDeviceConfig,requesting nits when no mapping exists.]
09-24 00:51:51.720 I/am_wtf ( 1472): [0,1472,system_server,-1,DisplayDeviceConfig,requesting nits when no mapping exists.]
09-24 00:51:51.721 I/am_wtf ( 1472): [0,1472,system_server,-1,DisplayDeviceConfig,requesting nits when no mapping exists.]
09-24 00:51:51.737 I/am_wtf ( 1472): [0,1472,system_server,-1,DisplayDeviceConfig,requesting nits when no mapping exists.]
09-24 00:51:51.738 I/am_wtf ( 1472): [0,1472,system_server,-1,DisplayDeviceConfig,requesting nits when no mapping exists.]
09-24 00:51:51.755 I/am_wtf ( 1472): [0,1472,system_server,-1,DisplayDeviceConfig,requesting nits when no mapping exists.]
09-24 00:51:51.756 I/am_wtf ( 1472): [0,1472,system_server,-1,DisplayDeviceConfig,requesting nits when no mapping exists.]
09-24 00:51:51.771 I/am_wtf ( 1472): [0,1472,system_server,-1,DisplayDeviceConfig,requesting nits when no mapping exists.]
09-24 00:51:51.771 I/am_wtf ( 1472): [0,1472,system_server,-1,DisplayDeviceConfig,requesting nits when no mapping exists.]
09-24 00:51:52.587 I/sysui_multi_action( 1846): [757,218,758,4,759,0]
09-24 00:51:52.851 I/am_wtf ( 1472): [0,1472,system_server,-1,DisplayDeviceConfig,requesting nits when no mapping exists.]
09-24 00:51:52.851 I/am_wtf ( 1472): [0,1472,system_server,-1,DisplayDeviceConfig,requesting nits when no mapping exists.]
09-24 00:51:53.011 I/am_wtf ( 1472): [0,1472,system_server,-1,DisplayDeviceConfig,requesting nits when no mapping exists.]
09-24 00:51:53.012 I/am_wtf ( 1472): [0,1472,system_server,-1,DisplayDeviceConfig,requesting nits when no mapping exists.]
09-24 00:51:53.043 I/am_wtf ( 1472): [0,1472,system_server,-1,DisplayDeviceConfig,requesting nits when no mapping exists.]
09-24 00:51:53.043 I/am_wtf ( 1472): [0,1472,system_server,-1,DisplayDeviceConfig,requesting nits when no mapping exists.]
09-24 00:51:53.075 I/am_wtf ( 1472): [0,1472,system_server,-1,DisplayDeviceConfig,requesting nits when no mapping exists.]
09-24 00:51:53.076 I/am_wtf ( 1472): [0,1472,system_server,-1,DisplayDeviceConfig,requesting nits when no mapping exists.]
09-24 00:51:53.092 I/am_wtf ( 1472): [0,1472,system_server,-1,DisplayDeviceConfig,requesting nits when no mapping exists.]
09-24 00:51:53.093 I/am_wtf ( 1472): [0,1472,system_server,-1,DisplayDeviceConfig,requesting nits when no mapping exists.]
09-24 00:51:53.108 I/am_wtf ( 1472): [0,1472,system_server,-1,DisplayDeviceConfig,requesting nits when no mapping exists.]
09-24 00:51:53.109 I/am_wtf ( 1472): [0,1472,system_server,-1,DisplayDeviceConfig,requesting nits when no mapping exists.]
09-24 00:51:53.128 I/am_wtf ( 1472): [0,1472,system_server,-1,DisplayDeviceConfig,requesting nits when no mapping exists.]
09-24 00:51:53.128 I/am_wtf ( 1472): [0,1472,system_server,-1,DisplayDeviceConfig,requesting nits when no mapping exists.]
09-24 00:51:53.161 I/am_wtf ( 1472): [0,1472,system_server,-1,DisplayDeviceConfig,requesting nits when no mapping exists.]
09-24 00:51:53.162 I/am_wtf ( 1472): [0,1472,system_server,-1,DisplayDeviceConfig,requesting nits when no mapping exists.]
09-24 00:51:53.192 I/am_wtf ( 1472): [0,1472,system_server,-1,DisplayDeviceConfig,requesting nits when no mapping exists.]
09-24 00:51:53.193 I/am_wtf ( 1472): [0,1472,system_server,-1,DisplayDeviceConfig,requesting nits when no mapping exists.]
09-24 00:51:53.340 I/sysui_multi_action( 1846): [757,218,758,4,759,10]
09-24 00:51:53.347 I/commit_sys_config_file( 1472): [display-state,370171]
09-24 00:51:53.498 I/am_wtf ( 1472): [0,1472,system_server,-1,DisplayDeviceConfig,requesting nits when no mapping exists.]
09-24 00:51:53.498 I/service_manager_stats( 1472): [172,82,5000]
09-24 00:51:53.499 I/am_wtf ( 1472): [0,1472,system_server,-1,DisplayDeviceConfig,requesting nits when no mapping exists.]
09-24 00:51:53.554 I/commit_sys_config_file( 1472): [settings-1-0,4]
09-24 00:51:53.641 I/sysui_multi_action( 1846): [757,218,758,4,759,2]
09-24 00:51:53.647 I/commit_sys_config_file( 1472): [display-state,370471]
09-24 00:51:53.856 I/commit_sys_config_file( 1472): [settings-1-0,5]
09-24 00:51:53.935 I/am_wtf ( 1472): [0,1472,system_server,-1,DisplayDeviceConfig,requesting nits when no mapping exists.]
09-24 00:51:53.936 I/am_wtf ( 1472): [0,1472,system_server,-1,DisplayDeviceConfig,requesting nits when no mapping exists.]
09-24 00:51:54.065 I/sysui_multi_action( 1846): [757,218,758,4,759,1]
09-24 00:51:54.072 I/commit_sys_config_file( 1472): [display-state,370896]
09-24 00:51:54.281 I/commit_sys_config_file( 1472): [settings-1-0,4]
09-24 00:51:54.826 I/am_wtf ( 1472): [0,1472,system_server,-1,DisplayDeviceConfig,requesting nits when no mapping exists.]
09-24 00:51:54.827 I/am_wtf ( 1472): [0,1472,system_server,-1,DisplayDeviceConfig,requesting nits when no mapping exists.]
09-24 00:51:55.014 I/am_wtf ( 1472): [0,1472,system_server,-1,DisplayDeviceConfig,requesting nits when no mapping exists.]
09-24 00:51:55.015 I/am_wtf ( 1472): [0,1472,system_server,-1,DisplayDeviceConfig,requesting nits when no mapping exists.]
09-24 00:51:55.229 I/sysui_multi_action( 1846): [757,218,758,4,759,1]
09-24 00:51:55.604 I/am_wtf ( 1472): [0,1472,system_server,-1,DisplayDeviceConfig,requesting nits when no mapping exists.]
09-24 00:51:55.605 I/am_wtf ( 1472): [0,1472,system_server,-1,DisplayDeviceConfig,requesting nits when no mapping exists.]
09-24 00:51:55.834 I/am_wtf ( 1472): [0,1472,system_server,-1,DisplayDeviceConfig,requesting nits when no mapping exists.]
09-24 00:51:55.834 I/am_wtf ( 1472): [0,1472,system_server,-1,DisplayDeviceConfig,requesting nits when no mapping exists.]
09-24 00:51:56.077 I/sysui_multi_action( 1846): [757,218,758,4,759,1]
09-24 00:51:56.454 I/am_wtf ( 1472): [0,1472,system_server,-1,DisplayDeviceConfig,requesting nits when no mapping exists.]
09-24 00:51:56.456 I/am_wtf ( 1472): [0,1472,system_server,-1,DisplayDeviceConfig,requesting nits when no mapping exists.]
09-24 00:51:56.520 I/am_wtf ( 1472): [0,1472,system_server,-1,DisplayDeviceConfig,requesting nits when no mapping exists.]
09-24 00:51:56.520 I/am_wtf ( 1472): [0,1472,system_server,-1,DisplayDeviceConfig,requesting nits when no mapping exists.]
09-24 00:51:56.654 I/am_wtf ( 1472): [0,1472,system_server,-1,DisplayDeviceConfig,requesting nits when no mapping exists.]
09-24 00:51:56.655 I/am_wtf ( 1472): [0,1472,system_server,-1,DisplayDeviceConfig,requesting nits when no mapping exists.]
09-24 00:51:57.336 I/sysui_multi_action( 1846): [757,218,758,4,759,0]
09-24 00:51:59.495 I/am_wtf ( 1472): [0,1472,system_server,-1,DisplayDeviceConfig,requesting nits when no mapping exists.]
09-24 00:51:59.504 I/am_wtf ( 1472): [0,1472,system_server,-1,DisplayDeviceConfig,requesting nits when no mapping exists.]
09-24 00:51:59.592 I/am_wtf ( 1472): [0,1472,system_server,-1,DisplayDeviceConfig,requesting nits when no mapping exists.]
09-24 00:51:59.595 I/am_wtf ( 1472): [0,1472,system_server,-1,DisplayDeviceConfig,requesting nits when no mapping exists.]
09-24 00:51:59.923 I/sysui_multi_action( 1846): [757,218,758,4,759,0]
09-24 00:52:00.260 I/am_wtf ( 1472): [0,1472,system_server,-1,DisplayDeviceConfig,requesting nits when no mapping exists.]
09-24 00:52:00.262 I/am_wtf ( 1472): [0,1472,system_server,-1,DisplayDeviceConfig,requesting nits when no mapping exists.]
09-24 00:52:00.344 I/am_wtf ( 1472): [0,1472,system_server,-1,DisplayDeviceConfig,requesting nits when no mapping exists.]
09-24 00:52:00.345 I/am_wtf ( 1472): [0,1472,system_server,-1,DisplayDeviceConfig,requesting nits when no mapping exists.]
09-24 00:52:00.444 I/am_wtf ( 1472): [0,1472,system_server,-1,DisplayDeviceConfig,requesting nits when no mapping exists.]
09-24 00:52:00.445 I/am_wtf ( 1472): [0,1472,system_server,-1,DisplayDeviceConfig,requesting nits when no mapping exists.]
09-24 00:52:00.785 I/sysui_multi_action( 1846): [757,218,758,4,759,0]
09-24 00:52:39.159 I/auditd ( 7881): type=1400 audit(0.0:1156): avc: denied { read } for comm=5468726561642D32202D2031333735 name="tcp" dev="proc" ino=4026532283 scontext=u:r:untrusted_app_29:s0:c106,c256,c512,c768 tcontext=u:object_r:proc_net_tcp_udp:s0 tclass=file permissive=0 app=com.smile.gifmaker
09-24 00:52:40.151 I/auditd ( 8065): type=1400 audit(0.0:1157): avc: denied { read } for comm="pool-2-thread-6" name="tcp" dev="proc" ino=4026532283 scontext=u:r:untrusted_app_29:s0:c106,c256,c512,c768 tcontext=u:object_r:proc_net_tcp_udp:s0 tclass=file permissive=0 app=com.smile.gifmaker
09-24 00:52:47.153 I/wm_finish_activity( 1472): [0,29388256,139,com.android.systemui/.settings.brightness.BrightnessDialog,app-request]
09-24 00:52:47.154 I/wm_task_moved( 1472): [121,1,7]
09-24 00:52:47.154 I/wm_task_to_front( 1472): [0,121]
09-24 00:52:47.158 I/wm_focused_root_task( 1472): [0,0,121,139,finish-top adjustFocusToNextFocusableTask]
09-24 00:52:47.170 I/wm_pause_activity( 1472): [0,29388256,com.android.systemui/.settings.brightness.BrightnessDialog,userLeaving=false,finish]
09-24 00:52:47.176 I/input_focus( 1472): [Focus request f2c54b8 com.android.settings/com.android.settings.Settings,reason=UpdateInputWindows]
09-24 00:52:47.176 I/wm_on_top_resumed_lost_called( 1846): [29388256,com.android.systemui.settings.brightness.BrightnessDialog,topStateChangedWhenResumed]
09-24 00:52:47.176 I/wm_on_paused_called( 1846): [29388256,com.android.systemui.settings.brightness.BrightnessDialog,performPause]
09-24 00:52:47.182 I/wm_set_resumed_activity( 1472): [0,com.android.settings/.Settings,resumeTopActivityInnerLocked]
09-24 00:52:47.183 I/wm_resume_activity( 1472): [0,256617940,121,com.android.settings/.Settings]
09-24 00:52:47.185 I/wm_on_resume_called( 4383): [256617940,com.android.settings.Settings,RESUME_ACTIVITY]
09-24 00:52:47.186 I/sysui_multi_action( 4383): [757,35,758,1,833,0,1089,0]
09-24 00:52:47.195 I/sysui_multi_action( 4383): [757,46,758,1,833,0,1089,0]
09-24 00:52:47.199 I/sysui_multi_action( 1472): [757,803,799,window_time_0,802,214]
09-24 00:52:47.203 I/wm_on_top_resumed_gained_called( 4383): [256617940,com.android.settings.Settings,topWhenResuming]
09-24 00:52:47.205 I/input_focus( 1472): [Focus leaving 8211b6a com.android.systemui/com.android.systemui.settings.brightness.BrightnessDialog (server),reason=NO_WINDOW]
09-24 00:52:47.205 I/input_focus( 1472): [Focus entering f2c54b8 com.android.settings/com.android.settings.Settings (server),reason=setFocusedWindow]
09-24 00:52:47.212 I/am_pss ( 1472): [4383,1000,com.android.settings,121322496,104300544,8687616,210526208,0,2,9]
09-24 00:52:47.258 I/wm_destroy_activity( 1472): [0,29388256,139,com.android.systemui/.settings.brightness.BrightnessDialog,finish-idle]
09-24 00:52:47.259 I/sysui_multi_action( 1846): [757,220,758,2]
09-24 00:52:47.259 I/wm_on_stop_called( 1846): [29388256,com.android.systemui.settings.brightness.BrightnessDialog,LIFECYCLER_STOP_ACTIVITY]
09-24 00:52:47.259 I/wm_on_destroy_called( 1846): [29388256,com.android.systemui.settings.brightness.BrightnessDialog,performDestroy]
09-24 00:52:47.373 I/input_interaction( 1472): Interaction with: f2c54b8 com.android.settings/com.android.settings.Settings (server), edge-swipe (server), swipe-up (server), PointerEventDispatcher0 (server),
09-24 00:52:47.471 I/wm_task_removed( 1472): [139,removeChild:removeChild last r=ActivityRecord{1c06de0 u0 com.android.systemui/.settings.brightness.BrightnessDialog t-1 f}} in t=Task{7bbcca4 #139 type=standard A=10081:com.android.systemui U=0 visible=false mode=fullscreen translucent=true sz=0}]
09-24 00:52:47.471 I/wm_task_removed( 1472): [139,removeChild]
09-24 00:52:49.347 I/wm_task_created( 1472): [140,-1]
09-24 00:52:49.351 I/wm_task_moved( 1472): [140,1,7]
09-24 00:52:49.351 I/wm_task_to_front( 1472): [0,140]
09-24 00:52:49.352 I/wm_create_task( 1472): [0,140]
09-24 00:52:49.352 I/wm_create_activity( 1472): [0,89911629,140,com.android.systemui/.settings.brightness.BrightnessDialog,com.android.intent.action.SHOW_BRIGHTNESS_DIALOG,NULL,NULL,276824064]
09-24 00:52:49.352 I/wm_task_moved( 1472): [140,1,7]
09-24 00:52:49.354 I/wm_pause_activity( 1472): [0,256617940,com.android.settings/.Settings,userLeaving=true,pauseBackTasks]
09-24 00:52:49.360 I/sysui_multi_action( 4383): [757,830,758,4,833,0,854,brightness,1089,0]
09-24 00:52:49.361 I/wm_on_top_resumed_lost_called( 4383): [256617940,com.android.settings.Settings,topStateChangedWhenResumed]
09-24 00:52:49.364 I/sysui_multi_action( 4383): [757,35,758,2,1089,2179]
09-24 00:52:49.366 I/sysui_multi_action( 4383): [757,46,758,2,1089,2171]
09-24 00:52:49.367 I/wm_on_paused_called( 4383): [256617940,com.android.settings.Settings,performPause]
09-24 00:52:49.370 I/wm_restart_activity( 1472): [0,89911629,140,com.android.systemui/.settings.brightness.BrightnessDialog]
09-24 00:52:49.371 I/wm_set_resumed_activity( 1472): [0,com.android.systemui/.settings.brightness.BrightnessDialog,minimalResumeActivityLocked]
09-24 00:52:49.374 I/sysui_multi_action( 1472): [757,803,799,window_time_0,802,2]
09-24 00:52:49.398 I/wm_on_create_called( 1846): [89911629,com.android.systemui.settings.brightness.BrightnessDialog,performCreate]
09-24 00:52:49.400 I/sysui_multi_action( 1846): [757,220,758,1]
09-24 00:52:49.400 I/wm_on_start_called( 1846): [89911629,com.android.systemui.settings.brightness.BrightnessDialog,handleStartActivity]
09-24 00:52:49.400 I/wm_on_resume_called( 1846): [89911629,com.android.systemui.settings.brightness.BrightnessDialog,RESUME_ACTIVITY]
09-24 00:52:49.404 I/wm_on_top_resumed_gained_called( 1846): [89911629,com.android.systemui.settings.brightness.BrightnessDialog,topStateChangedWhenResumed]
09-24 00:52:49.414 I/input_focus( 1472): [Focus request cb9fb6f com.android.systemui/com.android.systemui.settings.brightness.BrightnessDialog,reason=UpdateInputWindows]
09-24 00:52:49.428 I/input_focus( 1472): [Focus leaving f2c54b8 com.android.settings/com.android.settings.Settings (server),reason=Waiting for window because NOT_VISIBLE]
09-24 00:52:49.435 I/sysui_multi_action( 1472): [319,78,322,77,325,4502,757,761,758,8,759,2,806,com.android.systemui,871,com.android.systemui.settings.brightness.BrightnessDialog,904,com.android.settings,905,0,1320,8,1321,5]
09-24 00:52:49.436 I/wm_activity_launch_time( 1472): [0,89911629,com.android.systemui/.settings.brightness.BrightnessDialog,77]
09-24 00:52:49.445 I/input_focus( 1472): [Focus entering cb9fb6f com.android.systemui/com.android.systemui.settings.brightness.BrightnessDialog (server),reason=Window became focusable. Previous reason: NOT_VISIBLE]
09-24 00:52:50.527 I/input_interaction( 1472): Interaction with: cb9fb6f com.android.systemui/com.android.systemui.settings.brightness.BrightnessDialog (server), edge-swipe (server), swipe-up (server), PointerEventDispatcher0 (server),
09-24 00:52:50.532 I/am_wtf ( 1472): [0,1472,system_server,-1,DisplayDeviceConfig,requesting nits when no mapping exists.]
09-24 00:52:50.534 I/am_wtf ( 1472): [0,1472,system_server,-1,DisplayDeviceConfig,requesting nits when no mapping exists.]
09-24 00:52:50.749 I/am_wtf ( 1472): [0,1472,system_server,-1,DisplayDeviceConfig,requesting nits when no mapping exists.]
09-24 00:52:50.750 I/am_wtf ( 1472): [0,1472,system_server,-1,DisplayDeviceConfig,requesting nits when no mapping exists.]
09-24 00:52:50.781 I/am_wtf ( 1472): [0,1472,system_server,-1,DisplayDeviceConfig,requesting nits when no mapping exists.]
09-24 00:52:50.783 I/am_wtf ( 1472): [0,1472,system_server,-1,DisplayDeviceConfig,requesting nits when no mapping exists.]
09-24 00:52:50.816 I/am_wtf ( 1472): [0,1472,system_server,-1,DisplayDeviceConfig,requesting nits when no mapping exists.]
09-24 00:52:50.817 I/am_wtf ( 1472): [0,1472,system_server,-1,DisplayDeviceConfig,requesting nits when no mapping exists.]
