09-24 00:45:39.599 I/sysui_multi_action( 1846): [757,268,758,1,759,268,806,com.qiyi.video.pad,871,org.qiyi.android.tile.SportTileService,927,23,1593,0]
09-24 00:45:39.599 I/sysui_multi_action( 1846): [757,268,758,1,759,268,806,com.tencent.news,871,com.tencent.news.tile.Tile24Hours,927,24,1593,0]
09-24 00:45:39.599 I/sysui_multi_action( 1846): [757,268,758,1,759,268,806,com.ss.android.article.news,871,com.android.bytedance.search.tile.SearchTileService,927,25,1593,0]
09-24 00:45:39.599 I/sysui_multi_action( 1846): [757,268,758,1,759,268,806,com.ss.android.ugc.aweme,871,com.ss.android.ugc.aweme.tile.PublishTileService,927,26,1593,0]
09-24 00:45:39.599 I/sysui_multi_action( 1846): [757,268,758,1,759,268,806,com.tencent.news,871,com.tencent.news.tile.TileNewsVideo,927,27,1593,0]
09-24 00:45:39.599 I/sysui_multi_action( 1846): [757,111,758,1]
09-24 00:45:39.599 I/sysui_multi_action( 1846): [757,126,758,1,759,126,927,0,928,1,1593,0]
09-24 00:45:39.599 I/sysui_multi_action( 1846): [757,113,758,1,759,113,927,1,928,1,1593,0]
09-24 00:45:39.599 I/sysui_multi_action( 1846): [757,0,758,1,759,0,927,2,928,0,1593,0]
09-24 00:45:39.599 I/sysui_multi_action( 1846): [757,0,758,1,759,0,927,3,928,0,1593,0]
09-24 00:45:39.610 I/sysui_multi_action( 1846): [757,111,758,2]
09-24 00:45:39.610 I/sysui_multi_action( 1846): [757,111,758,2]
09-24 00:45:39.610 I/notification_enqueue( 1472): [10081,1846,com.android.systemui,2048,NULL,0,Notification(channel=updateNotification shortcut=null contentView=null vibrate=null sound=null defaults=0x0 flags=0x0 color=0x00000000 vis=PRIVATE),1]
09-24 00:45:39.618 I/input_focus( 1472): [Focus request 258de5e com.android.launcher3/com.android.launcher3.uioverrides.QuickstepLauncher,reason=UpdateInputWindows]
09-24 00:45:39.619 I/sysui_multi_action( 1846): [757,111,758,1]
09-24 00:45:39.620 I/sysui_multi_action( 1846): [757,126,758,1,759,126,927,0,928,1,1593,0]
09-24 00:45:39.620 I/sysui_multi_action( 1846): [757,113,758,1,759,113,927,1,928,1,1593,0]
09-24 00:45:39.620 I/sysui_multi_action( 1846): [757,0,758,1,759,0,927,2,928,0,1593,0]
09-24 00:45:39.620 I/sysui_multi_action( 1846): [757,0,758,1,759,0,927,3,928,0,1593,0]
09-24 00:45:39.620 I/sysui_multi_action( 1846): [757,1706,758,1,759,1706,927,4,928,0,1593,0]
09-24 00:45:39.620 I/sysui_multi_action( 1846): [757,491,758,1,759,491,927,5,928,0,1311,-1,1593,0]
09-24 00:45:39.620 I/sysui_multi_action( 1846): [757,0,758,1,759,0,927,6,928,0,1593,0]
09-24 00:45:39.620 I/sysui_multi_action( 1846): [757,114,758,1,759,114,927,7,928,0,1593,0]
09-24 00:45:39.620 I/sysui_multi_action( 1846): [757,268,758,1,759,268,806,com.netease.cloudmusic,871,com.netease.cloudmusic.titleservice.PlayFavoriteMusicTitleService,927,8,1593,0]
09-24 00:45:39.620 I/sysui_multi_action( 1846): [757,268,758,1,759,268,806,com.netease.cloudmusic,871,com.netease.cloudmusic.titleservice.PrivateFmTitleService,927,9,1593,0]
09-24 00:45:39.620 I/sysui_multi_action( 1846): [757,268,758,1,759,268,806,com.netease.cloudmusic,871,com.netease.cloudmusic.music.biz.voice.tileservice.PopularPodCastService,927,10,1593,0]
09-24 00:45:39.621 I/sysui_multi_action( 1846): [757,268,758,1,759,268,806,com.netease.cloudmusic,871,com.netease.cloudmusic.music.biz.voice.tileservice.ListenBookService,927,11,1593,0]
09-24 00:45:39.621 I/sysui_multi_action( 1846): [757,268,758,1,759,268,806,com.netease.cloudmusic,871,com.netease.cloudmusic.titleservice.DailyRecommandTitleService,927,12,1593,0]
09-24 00:45:39.621 I/sysui_multi_action( 1846): [757,268,758,1,759,268,806,com.netease.cloudmusic,871,com.netease.cloudmusic.music.biz.voice.tileservice.SleepAidDecompressionService,927,13,1593,0]
09-24 00:45:39.621 I/sysui_multi_action( 1846): [757,268,758,1,759,268,806,com.netease.cloudmusic,871,com.netease.cloudmusic.titleservice.PrivateRadarTitleService,927,14,1593,0]
09-24 00:45:39.621 I/sysui_multi_action( 1846): [757,268,758,1,759,268,806,com.netease.cloudmusic,871,com.netease.cloudmusic.music.biz.voice.tileservice.BroadCastService,927,15,1593,0]
09-24 00:45:39.621 I/sysui_multi_action( 1846): [757,268,758,1,759,268,806,com.qiyi.video.pad,871,org.qiyi.android.tile.SearchTileService,927,16,1593,0]
09-24 00:45:39.621 I/sysui_multi_action( 1846): [757,268,758,1,759,268,806,com.qiyi.video.pad,871,org.qiyi.android.tile.ContinueTileService,927,17,1593,0]
09-24 00:45:39.621 I/sysui_multi_action( 1846): [757,268,758,1,759,268,806,com.qiyi.video.pad,871,org.qiyi.android.tile.CaptureTileService,927,18,1593,0]
09-24 00:45:39.621 I/sysui_multi_action( 1846): [757,268,758,1,759,268,806,com.qiyi.video.pad,871,org.qiyi.android.tile.TopVideoTileService,927,19,1593,0]
09-24 00:45:39.621 I/sysui_multi_action( 1846): [757,268,758,1,759,268,806,com.qiyi.video.pad,871,org.qiyi.android.tile.EntranceTileService,927,20,1593,0]
09-24 00:45:39.621 I/sysui_multi_action( 1846): [757,268,758,1,759,268,806,com.smile.gifmaker,871,com.kwai.gifshow.post.api.feature.record.RecordQuickSettingService,927,21,1593,0]
09-24 00:45:39.621 I/sysui_multi_action( 1846): [757,268,758,1,759,268,806,com.qiyi.video.pad,871,org.qiyi.android.tile.HistoryTileService,927,22,1593,0]
09-24 00:45:39.621 I/sysui_multi_action( 1846): [757,268,758,1,759,268,806,com.qiyi.video.pad,871,org.qiyi.android.tile.SportTileService,927,23,1593,0]
09-24 00:45:39.621 I/sysui_multi_action( 1846): [757,268,758,1,759,268,806,com.tencent.news,871,com.tencent.news.tile.Tile24Hours,927,24,1593,0]
09-24 00:45:39.622 I/sysui_multi_action( 1846): [757,268,758,1,759,268,806,com.ss.android.article.news,871,com.android.bytedance.search.tile.SearchTileService,927,25,1593,0]
09-24 00:45:39.622 I/sysui_multi_action( 1846): [757,268,758,1,759,268,806,com.ss.android.ugc.aweme,871,com.ss.android.ugc.aweme.tile.PublishTileService,927,26,1593,0]
09-24 00:45:39.622 I/sysui_multi_action( 1846): [757,268,758,1,759,268,806,com.tencent.news,871,com.tencent.news.tile.TileNewsVideo,927,27,1593,0]
09-24 00:45:39.622 I/sysui_multi_action( 1846): [757,111,758,1]
09-24 00:45:39.622 I/sysui_multi_action( 1846): [757,126,758,1,759,126,927,0,928,1,1593,0]
09-24 00:45:39.622 I/sysui_multi_action( 1846): [757,113,758,1,759,113,927,1,928,1,1593,0]
09-24 00:45:39.622 I/sysui_multi_action( 1846): [757,0,758,1,759,0,927,2,928,0,1593,0]
09-24 00:45:39.622 I/sysui_multi_action( 1846): [757,0,758,1,759,0,927,3,928,0,1593,0]
09-24 00:45:39.628 I/sysui_multi_action( 1846): [757,111,758,2]
09-24 00:45:39.629 I/sysui_multi_action( 1846): [757,111,758,2]
09-24 00:45:39.629 I/notification_enqueue( 1472): [10081,1846,com.android.systemui,2048,NULL,0,Notification(channel=updateNotification shortcut=null contentView=null vibrate=null sound=null defaults=0x0 flags=0x0 color=0x00000000 vis=PRIVATE),1]
09-24 00:45:39.631 I/sysui_multi_action( 1472): [757,128,758,2,793,2382966,794,276,795,2382966,796,26,798,0,806,android,857,DEVELOPER_IMPORTANT,858,4,947,0,1395,2,1500,2382760,1688,1]
09-24 00:45:39.631 I/notification_visibility( 1472): [-1|android|26|null|1000,0,2382966,2382966,0,0]
09-24 00:45:39.632 I/sysui_multi_action( 1472): [757,128,758,2,793,2382969,794,275,795,2382969,796,32,798,1,806,android,857,USB,858,1,947,0,1395,2,1500,2382766,1688,1]
09-24 00:45:39.632 I/notification_visibility( 1472): [-1|android|32|null|1000,0,2382969,2382969,0,1]
09-24 00:45:39.632 I/sysui_multi_action( 1472): [757,127,758,2]
09-24 00:45:39.632 I/notification_panel_hidden( 1472):
09-24 00:45:39.643 I/sysui_multi_action( 1846): [757,111,758,1]
09-24 00:45:39.643 I/sysui_multi_action( 1846): [757,126,758,1,759,126,927,0,928,1,1593,0]
09-24 00:45:39.643 I/sysui_multi_action( 1846): [757,113,758,1,759,113,927,1,928,1,1593,0]
09-24 00:45:39.643 I/sysui_multi_action( 1846): [757,0,758,1,759,0,927,2,928,0,1593,0]
09-24 00:45:39.643 I/sysui_multi_action( 1846): [757,0,758,1,759,0,927,3,928,0,1593,0]
09-24 00:45:39.643 I/sysui_multi_action( 1846): [757,1706,758,1,759,1706,927,4,928,0,1593,0]
09-24 00:45:39.643 I/sysui_multi_action( 1846): [757,491,758,1,759,491,927,5,928,0,1311,-1,1593,0]
09-24 00:45:39.644 I/sysui_multi_action( 1846): [757,0,758,1,759,0,927,6,928,0,1593,0]
09-24 00:45:39.644 I/sysui_multi_action( 1846): [757,114,758,1,759,114,927,7,928,0,1593,0]
09-24 00:45:39.644 I/input_focus( 1472): [Focus leaving 818159c NotificationShade (server),reason=NO_WINDOW]
09-24 00:45:39.644 I/sysui_multi_action( 1846): [757,268,758,1,759,268,806,com.netease.cloudmusic,871,com.netease.cloudmusic.titleservice.PlayFavoriteMusicTitleService,927,8,1593,0]
09-24 00:45:39.644 I/input_focus( 1472): [Focus entering 258de5e com.android.launcher3/com.android.launcher3.uioverrides.QuickstepLauncher (server),reason=setFocusedWindow]
09-24 00:45:39.644 I/sysui_multi_action( 1846): [757,268,758,1,759,268,806,com.netease.cloudmusic,871,com.netease.cloudmusic.titleservice.PrivateFmTitleService,927,9,1593,0]
09-24 00:45:39.644 I/sysui_multi_action( 1846): [757,268,758,1,759,268,806,com.netease.cloudmusic,871,com.netease.cloudmusic.music.biz.voice.tileservice.PopularPodCastService,927,10,1593,0]
09-24 00:45:39.644 I/sysui_multi_action( 1846): [757,268,758,1,759,268,806,com.netease.cloudmusic,871,com.netease.cloudmusic.music.biz.voice.tileservice.ListenBookService,927,11,1593,0]
09-24 00:45:39.644 I/sysui_multi_action( 1846): [757,268,758,1,759,268,806,com.netease.cloudmusic,871,com.netease.cloudmusic.titleservice.DailyRecommandTitleService,927,12,1593,0]
09-24 00:45:39.644 I/sysui_multi_action( 1846): [757,268,758,1,759,268,806,com.netease.cloudmusic,871,com.netease.cloudmusic.music.biz.voice.tileservice.SleepAidDecompressionService,927,13,1593,0]
09-24 00:45:39.644 I/sysui_multi_action( 1846): [757,268,758,1,759,268,806,com.netease.cloudmusic,871,com.netease.cloudmusic.titleservice.PrivateRadarTitleService,927,14,1593,0]
09-24 00:45:39.644 I/sysui_multi_action( 1846): [757,268,758,1,759,268,806,com.netease.cloudmusic,871,com.netease.cloudmusic.music.biz.voice.tileservice.BroadCastService,927,15,1593,0]
09-24 00:45:39.644 I/sysui_multi_action( 1846): [757,268,758,1,759,268,806,com.qiyi.video.pad,871,org.qiyi.android.tile.SearchTileService,927,16,1593,0]
09-24 00:45:39.644 I/sysui_multi_action( 1846): [757,268,758,1,759,268,806,com.qiyi.video.pad,871,org.qiyi.android.tile.ContinueTileService,927,17,1593,0]
09-24 00:45:39.644 I/sysui_multi_action( 1846): [757,268,758,1,759,268,806,com.qiyi.video.pad,871,org.qiyi.android.tile.CaptureTileService,927,18,1593,0]
09-24 00:45:39.645 I/sysui_multi_action( 1846): [757,268,758,1,759,268,806,com.qiyi.video.pad,871,org.qiyi.android.tile.TopVideoTileService,927,19,1593,0]
09-24 00:45:39.645 I/sysui_multi_action( 1846): [757,268,758,1,759,268,806,com.qiyi.video.pad,871,org.qiyi.android.tile.EntranceTileService,927,20,1593,0]
09-24 00:45:39.645 I/sysui_multi_action( 1846): [757,268,758,1,759,268,806,com.smile.gifmaker,871,com.kwai.gifshow.post.api.feature.record.RecordQuickSettingService,927,21,1593,0]
09-24 00:45:39.645 I/sysui_multi_action( 1846): [757,268,758,1,759,268,806,com.qiyi.video.pad,871,org.qiyi.android.tile.HistoryTileService,927,22,1593,0]
09-24 00:45:39.645 I/sysui_multi_action( 1846): [757,268,758,1,759,268,806,com.qiyi.video.pad,871,org.qiyi.android.tile.SportTileService,927,23,1593,0]
09-24 00:45:39.645 I/sysui_multi_action( 1846): [757,268,758,1,759,268,806,com.tencent.news,871,com.tencent.news.tile.Tile24Hours,927,24,1593,0]
09-24 00:45:39.645 I/sysui_multi_action( 1846): [757,268,758,1,759,268,806,com.ss.android.article.news,871,com.android.bytedance.search.tile.SearchTileService,927,25,1593,0]
09-24 00:45:39.645 I/sysui_multi_action( 1846): [757,268,758,1,759,268,806,com.ss.android.ugc.aweme,871,com.ss.android.ugc.aweme.tile.PublishTileService,927,26,1593,0]
09-24 00:45:39.645 I/sysui_multi_action( 1846): [757,268,758,1,759,268,806,com.tencent.news,871,com.tencent.news.tile.TileNewsVideo,927,27,1593,0]
09-24 00:45:39.645 I/sysui_multi_action( 1846): [757,111,758,1]
09-24 00:45:39.645 I/sysui_multi_action( 1846): [757,126,758,1,759,126,927,0,928,1,1593,0]
09-24 00:45:39.645 I/sysui_multi_action( 1846): [757,113,758,1,759,113,927,1,928,1,1593,0]
09-24 00:45:39.645 I/sysui_multi_action( 1846): [757,0,758,1,759,0,927,2,928,0,1593,0]
09-24 00:45:39.645 I/sysui_multi_action( 1846): [757,0,758,1,759,0,927,3,928,0,1593,0]
09-24 00:45:39.892 I/input_interaction( 1472): Interaction with: 258de5e com.android.launcher3/com.android.launcher3.uioverrides.QuickstepLauncher (server), 8075f25 com.android.systemui.ImageWallpaper (server), edge-swipe (server), swipe-up (server), PointerEventDispatcher0 (server),
09-24 00:45:39.947 I/auditd ( 8065): type=1400 audit(0.0:1035): avc: denied { read } for comm="pool-2-thread-6" name="tcp" dev="proc" ino=4026532283 scontext=u:r:untrusted_app_29:s0:c106,c256,c512,c768 tcontext=u:object_r:proc_net_tcp_udp:s0 tclass=file permissive=0 app=com.smile.gifmaker
09-24 00:45:39.971 I/sysui_multi_action( 1472): [757,127,758,1]
09-24 00:45:39.971 I/sysui_multi_action( 1472): [757,804,799,note_load,801,2,802,1]
09-24 00:45:39.972 I/notification_panel_revealed( 1472): 2
09-24 00:45:39.987 I/input_focus( 1472): [Focus request 818159c NotificationShade,reason=UpdateInputWindows]
09-24 00:45:40.012 I/input_focus( 1472): [Focus leaving 258de5e com.android.launcher3/com.android.launcher3.uioverrides.QuickstepLauncher (server),reason=setFocusedWindow]
09-24 00:45:40.012 I/input_focus( 1472): [Focus entering 818159c NotificationShade (server),reason=setFocusedWindow]
09-24 00:45:40.012 I/input_interaction( 1472): Interaction with: 258de5e com.android.launcher3/com.android.launcher3.uioverrides.QuickstepLauncher (server), 8075f25 com.android.systemui.ImageWallpaper (server), 818159c NotificationShade (server), edge-swipe (server), swipe-up (server), PointerEventDispatcher0 (server),
09-24 00:45:40.013 I/view_enqueue_input_event( 2335): [Motion - Cancel,com.android.launcher3/com.android.launcher3.uioverrides.QuickstepLauncher]
09-24 00:45:40.014 I/sysui_multi_action( 1846): [757,803,799,panel_open,802,1]
09-24 00:45:40.015 I/sysui_multi_action( 1846): [757,1328,758,4,1326,57,1327,20,1329,0]
09-24 00:45:40.026 I/input_interaction( 1472): Interaction with: 8075f25 com.android.systemui.ImageWallpaper (server), 818159c NotificationShade (server), edge-swipe (server), swipe-up (server), PointerEventDispatcher0 (server),
09-24 00:45:40.028 I/sysui_multi_action( 1846): [757,111,758,2]
09-24 00:45:40.028 I/sysui_multi_action( 1846): [757,111,758,2]
09-24 00:45:40.028 I/notification_enqueue( 1472): [10081,1846,com.android.systemui,2048,NULL,0,Notification(channel=updateNotification shortcut=null contentView=null vibrate=null sound=null defaults=0x0 flags=0x0 color=0x00000000 vis=PRIVATE),1]
09-24 00:45:40.033 I/sysui_multi_action( 1846): [757,111,758,1]
09-24 00:45:40.033 I/sysui_multi_action( 1846): [757,126,758,1,759,126,927,0,928,1,1593,0]
09-24 00:45:40.033 I/sysui_multi_action( 1846): [757,113,758,1,759,113,927,1,928,1,1593,0]
09-24 00:45:40.033 I/sysui_multi_action( 1846): [757,0,758,1,759,0,927,2,928,0,1593,0]
09-24 00:45:40.033 I/sysui_multi_action( 1846): [757,0,758,1,759,0,927,3,928,0,1593,0]
09-24 00:45:40.033 I/sysui_multi_action( 1846): [757,1706,758,1,759,1706,927,4,928,0,1593,0]
09-24 00:45:40.034 I/sysui_multi_action( 1846): [757,491,758,1,759,491,927,5,928,0,1311,-1,1593,0]
09-24 00:45:40.034 I/sysui_multi_action( 1846): [757,0,758,1,759,0,927,6,928,0,1593,0]
09-24 00:45:40.034 I/sysui_multi_action( 1846): [757,114,758,1,759,114,927,7,928,0,1593,0]
09-24 00:45:40.034 I/sysui_multi_action( 1846): [757,268,758,1,759,268,806,com.netease.cloudmusic,871,com.netease.cloudmusic.titleservice.PlayFavoriteMusicTitleService,927,8,1593,0]
09-24 00:45:40.034 I/sysui_multi_action( 1846): [757,268,758,1,759,268,806,com.netease.cloudmusic,871,com.netease.cloudmusic.titleservice.PrivateFmTitleService,927,9,1593,0]
09-24 00:45:40.034 I/sysui_multi_action( 1846): [757,268,758,1,759,268,806,com.netease.cloudmusic,871,com.netease.cloudmusic.music.biz.voice.tileservice.PopularPodCastService,927,10,1593,0]
09-24 00:45:40.034 I/sysui_multi_action( 1846): [757,268,758,1,759,268,806,com.netease.cloudmusic,871,com.netease.cloudmusic.music.biz.voice.tileservice.ListenBookService,927,11,1593,0]
09-24 00:45:40.034 I/sysui_multi_action( 1846): [757,268,758,1,759,268,806,com.netease.cloudmusic,871,com.netease.cloudmusic.titleservice.DailyRecommandTitleService,927,12,1593,0]
09-24 00:45:40.034 I/sysui_multi_action( 1846): [757,268,758,1,759,268,806,com.netease.cloudmusic,871,com.netease.cloudmusic.music.biz.voice.tileservice.SleepAidDecompressionService,927,13,1593,0]
09-24 00:45:40.035 I/sysui_multi_action( 1846): [757,268,758,1,759,268,806,com.netease.cloudmusic,871,com.netease.cloudmusic.titleservice.PrivateRadarTitleService,927,14,1593,0]
09-24 00:45:40.035 I/sysui_multi_action( 1846): [757,268,758,1,759,268,806,com.netease.cloudmusic,871,com.netease.cloudmusic.music.biz.voice.tileservice.BroadCastService,927,15,1593,0]
09-24 00:45:40.035 I/sysui_multi_action( 1846): [757,268,758,1,759,268,806,com.qiyi.video.pad,871,org.qiyi.android.tile.SearchTileService,927,16,1593,0]
09-24 00:45:40.035 I/sysui_multi_action( 1846): [757,268,758,1,759,268,806,com.qiyi.video.pad,871,org.qiyi.android.tile.ContinueTileService,927,17,1593,0]
09-24 00:45:40.035 I/sysui_multi_action( 1846): [757,268,758,1,759,268,806,com.qiyi.video.pad,871,org.qiyi.android.tile.CaptureTileService,927,18,1593,0]
09-24 00:45:40.035 I/sysui_multi_action( 1846): [757,268,758,1,759,268,806,com.qiyi.video.pad,871,org.qiyi.android.tile.TopVideoTileService,927,19,1593,0]
09-24 00:45:40.035 I/sysui_multi_action( 1846): [757,268,758,1,759,268,806,com.qiyi.video.pad,871,org.qiyi.android.tile.EntranceTileService,927,20,1593,0]
09-24 00:45:40.035 I/sysui_multi_action( 1846): [757,268,758,1,759,268,806,com.smile.gifmaker,871,com.kwai.gifshow.post.api.feature.record.RecordQuickSettingService,927,21,1593,0]
09-24 00:45:40.035 I/sysui_multi_action( 1846): [757,268,758,1,759,268,806,com.qiyi.video.pad,871,org.qiyi.android.tile.HistoryTileService,927,22,1593,0]
09-24 00:45:40.035 I/sysui_multi_action( 1846): [757,268,758,1,759,268,806,com.qiyi.video.pad,871,org.qiyi.android.tile.SportTileService,927,23,1593,0]
09-24 00:45:40.035 I/sysui_multi_action( 1846): [757,268,758,1,759,268,806,com.tencent.news,871,com.tencent.news.tile.Tile24Hours,927,24,1593,0]
09-24 00:45:40.036 I/sysui_multi_action( 1846): [757,268,758,1,759,268,806,com.ss.android.article.news,871,com.android.bytedance.search.tile.SearchTileService,927,25,1593,0]
09-24 00:45:40.036 I/sysui_multi_action( 1846): [757,268,758,1,759,268,806,com.ss.android.ugc.aweme,871,com.ss.android.ugc.aweme.tile.PublishTileService,927,26,1593,0]
09-24 00:45:40.036 I/sysui_multi_action( 1846): [757,268,758,1,759,268,806,com.tencent.news,871,com.tencent.news.tile.TileNewsVideo,927,27,1593,0]
09-24 00:45:40.036 I/sysui_multi_action( 1846): [757,111,758,1]
09-24 00:45:40.036 I/sysui_multi_action( 1846): [757,126,758,1,759,126,927,0,928,1,1593,0]
09-24 00:45:40.036 I/sysui_multi_action( 1846): [757,113,758,1,759,113,927,1,928,1,1593,0]
09-24 00:45:40.036 I/sysui_multi_action( 1846): [757,0,758,1,759,0,927,2,928,0,1593,0]
09-24 00:45:40.036 I/sysui_multi_action( 1846): [757,0,758,1,759,0,927,3,928,0,1593,0]
09-24 00:45:40.062 I/sysui_multi_action( 1846): [757,111,758,2]
09-24 00:45:40.062 I/sysui_multi_action( 1846): [757,111,758,2]
09-24 00:45:40.062 I/notification_enqueue( 1472): [10081,1846,com.android.systemui,2048,NULL,0,Notification(channel=updateNotification shortcut=null contentView=null vibrate=null sound=null defaults=0x0 flags=0x0 color=0x00000000 vis=PRIVATE),1]
09-24 00:45:40.066 I/sysui_multi_action( 1846): [757,111,758,1]
09-24 00:45:40.066 I/sysui_multi_action( 1846): [757,126,758,1,759,126,927,0,928,1,1593,0]
09-24 00:45:40.066 I/sysui_multi_action( 1846): [757,113,758,1,759,113,927,1,928,1,1593,0]
09-24 00:45:40.066 I/sysui_multi_action( 1846): [757,0,758,1,759,0,927,2,928,0,1593,0]
09-24 00:45:40.066 I/sysui_multi_action( 1846): [757,0,758,1,759,0,927,3,928,0,1593,0]
09-24 00:45:40.066 I/sysui_multi_action( 1846): [757,1706,758,1,759,1706,927,4,928,0,1593,0]
09-24 00:45:40.067 I/sysui_multi_action( 1846): [757,491,758,1,759,491,927,5,928,0,1311,-1,1593,0]
09-24 00:45:40.067 I/sysui_multi_action( 1846): [757,0,758,1,759,0,927,6,928,0,1593,0]
09-24 00:45:40.067 I/sysui_multi_action( 1846): [757,114,758,1,759,114,927,7,928,0,1593,0]
09-24 00:45:40.067 I/sysui_multi_action( 1846): [757,268,758,1,759,268,806,com.netease.cloudmusic,871,com.netease.cloudmusic.titleservice.PlayFavoriteMusicTitleService,927,8,1593,0]
09-24 00:45:40.067 I/sysui_multi_action( 1846): [757,268,758,1,759,268,806,com.netease.cloudmusic,871,com.netease.cloudmusic.titleservice.PrivateFmTitleService,927,9,1593,0]
09-24 00:45:40.067 I/sysui_multi_action( 1846): [757,268,758,1,759,268,806,com.netease.cloudmusic,871,com.netease.cloudmusic.music.biz.voice.tileservice.PopularPodCastService,927,10,1593,0]
09-24 00:45:40.067 I/sysui_multi_action( 1846): [757,268,758,1,759,268,806,com.netease.cloudmusic,871,com.netease.cloudmusic.music.biz.voice.tileservice.ListenBookService,927,11,1593,0]
09-24 00:45:40.067 I/sysui_multi_action( 1846): [757,268,758,1,759,268,806,com.netease.cloudmusic,871,com.netease.cloudmusic.titleservice.DailyRecommandTitleService,927,12,1593,0]
09-24 00:45:40.067 I/sysui_multi_action( 1846): [757,268,758,1,759,268,806,com.netease.cloudmusic,871,com.netease.cloudmusic.music.biz.voice.tileservice.SleepAidDecompressionService,927,13,1593,0]
09-24 00:45:40.067 I/sysui_multi_action( 1846): [757,268,758,1,759,268,806,com.netease.cloudmusic,871,com.netease.cloudmusic.titleservice.PrivateRadarTitleService,927,14,1593,0]
09-24 00:45:40.067 I/sysui_multi_action( 1846): [757,268,758,1,759,268,806,com.netease.cloudmusic,871,com.netease.cloudmusic.music.biz.voice.tileservice.BroadCastService,927,15,1593,0]
09-24 00:45:40.067 I/sysui_multi_action( 1846): [757,268,758,1,759,268,806,com.qiyi.video.pad,871,org.qiyi.android.tile.SearchTileService,927,16,1593,0]
09-24 00:45:40.067 I/sysui_multi_action( 1846): [757,268,758,1,759,268,806,com.qiyi.video.pad,871,org.qiyi.android.tile.ContinueTileService,927,17,1593,0]
09-24 00:45:40.068 I/sysui_multi_action( 1846): [757,268,758,1,759,268,806,com.qiyi.video.pad,871,org.qiyi.android.tile.CaptureTileService,927,18,1593,0]
09-24 00:45:40.068 I/sysui_multi_action( 1846): [757,268,758,1,759,268,806,com.qiyi.video.pad,871,org.qiyi.android.tile.TopVideoTileService,927,19,1593,0]
09-24 00:45:40.068 I/sysui_multi_action( 1846): [757,268,758,1,759,268,806,com.qiyi.video.pad,871,org.qiyi.android.tile.EntranceTileService,927,20,1593,0]
09-24 00:45:40.068 I/sysui_multi_action( 1846): [757,268,758,1,759,268,806,com.smile.gifmaker,871,com.kwai.gifshow.post.api.feature.record.RecordQuickSettingService,927,21,1593,0]
09-24 00:45:40.068 I/sysui_multi_action( 1846): [757,268,758,1,759,268,806,com.qiyi.video.pad,871,org.qiyi.android.tile.HistoryTileService,927,22,1593,0]
09-24 00:45:40.068 I/sysui_multi_action( 1846): [757,268,758,1,759,268,806,com.qiyi.video.pad,871,org.qiyi.android.tile.SportTileService,927,23,1593,0]
09-24 00:45:40.068 I/sysui_multi_action( 1846): [757,268,758,1,759,268,806,com.tencent.news,871,com.tencent.news.tile.Tile24Hours,927,24,1593,0]
09-24 00:45:40.068 I/sysui_multi_action( 1846): [757,268,758,1,759,268,806,com.ss.android.article.news,871,com.android.bytedance.search.tile.SearchTileService,927,25,1593,0]
09-24 00:45:40.068 I/sysui_multi_action( 1846): [757,268,758,1,759,268,806,com.ss.android.ugc.aweme,871,com.ss.android.ugc.aweme.tile.PublishTileService,927,26,1593,0]
09-24 00:45:40.068 I/sysui_multi_action( 1846): [757,268,758,1,759,268,806,com.tencent.news,871,com.tencent.news.tile.TileNewsVideo,927,27,1593,0]
09-24 00:45:40.068 I/sysui_multi_action( 1846): [757,111,758,1]
09-24 00:45:40.068 I/sysui_multi_action( 1846): [757,126,758,1,759,126,927,0,928,1,1593,0]
09-24 00:45:40.068 I/sysui_multi_action( 1846): [757,113,758,1,759,113,927,1,928,1,1593,0]
09-24 00:45:40.068 I/sysui_multi_action( 1846): [757,0,758,1,759,0,927,2,928,0,1593,0]
09-24 00:45:40.069 I/sysui_multi_action( 1846): [757,0,758,1,759,0,927,3,928,0,1593,0]
09-24 00:45:40.078 I/sysui_multi_action( 1846): [757,111,758,2]
09-24 00:45:40.079 I/sysui_multi_action( 1846): [757,111,758,2]
09-24 00:45:40.079 I/notification_enqueue( 1472): [10081,1846,com.android.systemui,2048,NULL,0,Notification(channel=updateNotification shortcut=null contentView=null vibrate=null sound=null defaults=0x0 flags=0x0 color=0x00000000 vis=PRIVATE),1]
09-24 00:45:40.083 I/sysui_multi_action( 1846): [757,111,758,1]
09-24 00:45:40.083 I/sysui_multi_action( 1846): [757,126,758,1,759,126,927,0,928,1,1593,0]
09-24 00:45:40.083 I/sysui_multi_action( 1846): [757,113,758,1,759,113,927,1,928,1,1593,0]
09-24 00:45:40.083 I/sysui_multi_action( 1846): [757,0,758,1,759,0,927,2,928,0,1593,0]
09-24 00:45:40.083 I/sysui_multi_action( 1846): [757,0,758,1,759,0,927,3,928,0,1593,0]
09-24 00:45:40.083 I/sysui_multi_action( 1846): [757,1706,758,1,759,1706,927,4,928,0,1593,0]
09-24 00:45:40.083 I/sysui_multi_action( 1846): [757,491,758,1,759,491,927,5,928,0,1311,-1,1593,0]
09-24 00:45:40.084 I/sysui_multi_action( 1846): [757,0,758,1,759,0,927,6,928,0,1593,0]
09-24 00:45:40.084 I/sysui_multi_action( 1846): [757,114,758,1,759,114,927,7,928,0,1593,0]
09-24 00:45:40.084 I/sysui_multi_action( 1846): [757,268,758,1,759,268,806,com.netease.cloudmusic,871,com.netease.cloudmusic.titleservice.PlayFavoriteMusicTitleService,927,8,1593,0]
09-24 00:45:40.084 I/sysui_multi_action( 1846): [757,268,758,1,759,268,806,com.netease.cloudmusic,871,com.netease.cloudmusic.titleservice.PrivateFmTitleService,927,9,1593,0]
09-24 00:45:40.084 I/sysui_multi_action( 1846): [757,268,758,1,759,268,806,com.netease.cloudmusic,871,com.netease.cloudmusic.music.biz.voice.tileservice.PopularPodCastService,927,10,1593,0]
09-24 00:45:40.084 I/sysui_multi_action( 1846): [757,268,758,1,759,268,806,com.netease.cloudmusic,871,com.netease.cloudmusic.music.biz.voice.tileservice.ListenBookService,927,11,1593,0]
09-24 00:45:40.084 I/sysui_multi_action( 1846): [757,268,758,1,759,268,806,com.netease.cloudmusic,871,com.netease.cloudmusic.titleservice.DailyRecommandTitleService,927,12,1593,0]
09-24 00:45:40.084 I/sysui_multi_action( 1846): [757,268,758,1,759,268,806,com.netease.cloudmusic,871,com.netease.cloudmusic.music.biz.voice.tileservice.SleepAidDecompressionService,927,13,1593,0]
09-24 00:45:40.084 I/sysui_multi_action( 1846): [757,268,758,1,759,268,806,com.netease.cloudmusic,871,com.netease.cloudmusic.titleservice.PrivateRadarTitleService,927,14,1593,0]
09-24 00:45:40.084 I/sysui_multi_action( 1846): [757,268,758,1,759,268,806,com.netease.cloudmusic,871,com.netease.cloudmusic.music.biz.voice.tileservice.BroadCastService,927,15,1593,0]
09-24 00:45:40.084 I/sysui_multi_action( 1846): [757,268,758,1,759,268,806,com.qiyi.video.pad,871,org.qiyi.android.tile.SearchTileService,927,16,1593,0]
09-24 00:45:40.085 I/sysui_multi_action( 1846): [757,268,758,1,759,268,806,com.qiyi.video.pad,871,org.qiyi.android.tile.ContinueTileService,927,17,1593,0]
09-24 00:45:40.085 I/sysui_multi_action( 1846): [757,268,758,1,759,268,806,com.qiyi.video.pad,871,org.qiyi.android.tile.CaptureTileService,927,18,1593,0]
09-24 00:45:40.085 I/sysui_multi_action( 1846): [757,268,758,1,759,268,806,com.qiyi.video.pad,871,org.qiyi.android.tile.TopVideoTileService,927,19,1593,0]
09-24 00:45:40.085 I/sysui_multi_action( 1846): [757,268,758,1,759,268,806,com.qiyi.video.pad,871,org.qiyi.android.tile.EntranceTileService,927,20,1593,0]
09-24 00:45:40.085 I/sysui_multi_action( 1846): [757,268,758,1,759,268,806,com.smile.gifmaker,871,com.kwai.gifshow.post.api.feature.record.RecordQuickSettingService,927,21,1593,0]
09-24 00:45:40.085 I/sysui_multi_action( 1846): [757,268,758,1,759,268,806,com.qiyi.video.pad,871,org.qiyi.android.tile.HistoryTileService,927,22,1593,0]
09-24 00:45:40.085 I/sysui_multi_action( 1846): [757,268,758,1,759,268,806,com.qiyi.video.pad,871,org.qiyi.android.tile.SportTileService,927,23,1593,0]
09-24 00:45:40.085 I/sysui_multi_action( 1846): [757,268,758,1,759,268,806,com.tencent.news,871,com.tencent.news.tile.Tile24Hours,927,24,1593,0]
09-24 00:45:40.085 I/sysui_multi_action( 1846): [757,268,758,1,759,268,806,com.ss.android.article.news,871,com.android.bytedance.search.tile.SearchTileService,927,25,1593,0]
09-24 00:45:40.085 I/sysui_multi_action( 1846): [757,268,758,1,759,268,806,com.ss.android.ugc.aweme,871,com.ss.android.ugc.aweme.tile.PublishTileService,927,26,1593,0]
09-24 00:45:40.086 I/sysui_multi_action( 1846): [757,268,758,1,759,268,806,com.tencent.news,871,com.tencent.news.tile.TileNewsVideo,927,27,1593,0]
09-24 00:45:40.086 I/sysui_multi_action( 1846): [757,111,758,1]
09-24 00:45:40.086 I/sysui_multi_action( 1846): [757,126,758,1,759,126,927,0,928,1,1593,0]
09-24 00:45:40.086 I/sysui_multi_action( 1846): [757,113,758,1,759,113,927,1,928,1,1593,0]
09-24 00:45:40.086 I/sysui_multi_action( 1846): [757,0,758,1,759,0,927,2,928,0,1593,0]
09-24 00:45:40.086 I/sysui_multi_action( 1846): [757,0,758,1,759,0,927,3,928,0,1593,0]
09-24 00:45:40.098 I/sysui_multi_action( 1846): [757,111,758,2]
09-24 00:45:40.098 I/sysui_multi_action( 1846): [757,111,758,2]
09-24 00:45:40.098 I/notification_enqueue( 1472): [10081,1846,com.android.systemui,2048,NULL,0,Notification(channel=updateNotification shortcut=null contentView=null vibrate=null sound=null defaults=0x0 flags=0x0 color=0x00000000 vis=PRIVATE),1]
09-24 00:45:40.101 I/sysui_multi_action( 1846): [757,111,758,1]
09-24 00:45:40.101 I/sysui_multi_action( 1846): [757,126,758,1,759,126,927,0,928,1,1593,0]
09-24 00:45:40.102 I/sysui_multi_action( 1846): [757,113,758,1,759,113,927,1,928,1,1593,0]
09-24 00:45:40.102 I/sysui_multi_action( 1846): [757,0,758,1,759,0,927,2,928,0,1593,0]
09-24 00:45:40.102 I/sysui_multi_action( 1846): [757,0,758,1,759,0,927,3,928,0,1593,0]
09-24 00:45:40.102 I/sysui_multi_action( 1846): [757,1706,758,1,759,1706,927,4,928,0,1593,0]
09-24 00:45:40.102 I/sysui_multi_action( 1846): [757,491,758,1,759,491,927,5,928,0,1311,-1,1593,0]
09-24 00:45:40.102 I/sysui_multi_action( 1846): [757,0,758,1,759,0,927,6,928,0,1593,0]
09-24 00:45:40.102 I/sysui_multi_action( 1846): [757,114,758,1,759,114,927,7,928,0,1593,0]
09-24 00:45:40.102 I/sysui_multi_action( 1846): [757,268,758,1,759,268,806,com.netease.cloudmusic,871,com.netease.cloudmusic.titleservice.PlayFavoriteMusicTitleService,927,8,1593,0]
09-24 00:45:40.102 I/sysui_multi_action( 1846): [757,268,758,1,759,268,806,com.netease.cloudmusic,871,com.netease.cloudmusic.titleservice.PrivateFmTitleService,927,9,1593,0]
09-24 00:45:40.102 I/sysui_multi_action( 1846): [757,268,758,1,759,268,806,com.netease.cloudmusic,871,com.netease.cloudmusic.music.biz.voice.tileservice.PopularPodCastService,927,10,1593,0]
09-24 00:45:40.103 I/sysui_multi_action( 1846): [757,268,758,1,759,268,806,com.netease.cloudmusic,871,com.netease.cloudmusic.music.biz.voice.tileservice.ListenBookService,927,11,1593,0]
09-24 00:45:40.103 I/sysui_multi_action( 1846): [757,268,758,1,759,268,806,com.netease.cloudmusic,871,com.netease.cloudmusic.titleservice.DailyRecommandTitleService,927,12,1593,0]
09-24 00:45:40.103 I/sysui_multi_action( 1846): [757,268,758,1,759,268,806,com.netease.cloudmusic,871,com.netease.cloudmusic.music.biz.voice.tileservice.SleepAidDecompressionService,927,13,1593,0]
09-24 00:45:40.103 I/sysui_multi_action( 1846): [757,268,758,1,759,268,806,com.netease.cloudmusic,871,com.netease.cloudmusic.titleservice.PrivateRadarTitleService,927,14,1593,0]
09-24 00:45:40.103 I/sysui_multi_action( 1846): [757,268,758,1,759,268,806,com.netease.cloudmusic,871,com.netease.cloudmusic.music.biz.voice.tileservice.BroadCastService,927,15,1593,0]
09-24 00:45:40.103 I/sysui_multi_action( 1846): [757,268,758,1,759,268,806,com.qiyi.video.pad,871,org.qiyi.android.tile.SearchTileService,927,16,1593,0]
09-24 00:45:40.103 I/sysui_multi_action( 1846): [757,268,758,1,759,268,806,com.qiyi.video.pad,871,org.qiyi.android.tile.ContinueTileService,927,17,1593,0]
09-24 00:45:40.103 I/sysui_multi_action( 1846): [757,268,758,1,759,268,806,com.qiyi.video.pad,871,org.qiyi.android.tile.CaptureTileService,927,18,1593,0]
09-24 00:45:40.103 I/sysui_multi_action( 1846): [757,268,758,1,759,268,806,com.qiyi.video.pad,871,org.qiyi.android.tile.TopVideoTileService,927,19,1593,0]
09-24 00:45:40.103 I/sysui_multi_action( 1846): [757,268,758,1,759,268,806,com.qiyi.video.pad,871,org.qiyi.android.tile.EntranceTileService,927,20,1593,0]
09-24 00:45:40.103 I/sysui_multi_action( 1846): [757,268,758,1,759,268,806,com.smile.gifmaker,871,com.kwai.gifshow.post.api.feature.record.RecordQuickSettingService,927,21,1593,0]
09-24 00:45:40.103 I/sysui_multi_action( 1846): [757,268,758,1,759,268,806,com.qiyi.video.pad,871,org.qiyi.android.tile.HistoryTileService,927,22,1593,0]
09-24 00:45:40.103 I/sysui_multi_action( 1846): [757,268,758,1,759,268,806,com.qiyi.video.pad,871,org.qiyi.android.tile.SportTileService,927,23,1593,0]
09-24 00:45:40.104 I/sysui_multi_action( 1846): [757,268,758,1,759,268,806,com.tencent.news,871,com.tencent.news.tile.Tile24Hours,927,24,1593,0]
09-24 00:45:40.104 I/sysui_multi_action( 1846): [757,268,758,1,759,268,806,com.ss.android.article.news,871,com.android.bytedance.search.tile.SearchTileService,927,25,1593,0]
09-24 00:45:40.104 I/sysui_multi_action( 1846): [757,268,758,1,759,268,806,com.ss.android.ugc.aweme,871,com.ss.android.ugc.aweme.tile.PublishTileService,927,26,1593,0]
09-24 00:45:40.104 I/sysui_multi_action( 1846): [757,268,758,1,759,268,806,com.tencent.news,871,com.tencent.news.tile.TileNewsVideo,927,27,1593,0]
09-24 00:45:40.104 I/sysui_multi_action( 1846): [757,111,758,1]
09-24 00:45:40.104 I/sysui_multi_action( 1846): [757,126,758,1,759,126,927,0,928,1,1593,0]
09-24 00:45:40.104 I/sysui_multi_action( 1846): [757,113,758,1,759,113,927,1,928,1,1593,0]
09-24 00:45:40.104 I/sysui_multi_action( 1846): [757,0,758,1,759,0,927,2,928,0,1593,0]
09-24 00:45:40.104 I/sysui_multi_action( 1846): [757,0,758,1,759,0,927,3,928,0,1593,0]
09-24 00:45:40.115 I/sysui_multi_action( 1846): [757,111,758,2]
09-24 00:45:40.115 I/sysui_multi_action( 1846): [757,111,758,2]
09-24 00:45:40.115 I/notification_enqueue( 1472): [10081,1846,com.android.systemui,2048,NULL,0,Notification(channel=updateNotification shortcut=null contentView=null vibrate=null sound=null defaults=0x0 flags=0x0 color=0x00000000 vis=PRIVATE),1]
09-24 00:45:40.119 I/sysui_multi_action( 1846): [757,111,758,1]
09-24 00:45:40.119 I/sysui_multi_action( 1846): [757,126,758,1,759,126,927,0,928,1,1593,0]
09-24 00:45:40.119 I/sysui_multi_action( 1846): [757,113,758,1,759,113,927,1,928,1,1593,0]
09-24 00:45:40.119 I/sysui_multi_action( 1846): [757,0,758,1,759,0,927,2,928,0,1593,0]
09-24 00:45:40.119 I/sysui_multi_action( 1846): [757,0,758,1,759,0,927,3,928,0,1593,0]
09-24 00:45:40.119 I/sysui_multi_action( 1846): [757,1706,758,1,759,1706,927,4,928,0,1593,0]
09-24 00:45:40.119 I/sysui_multi_action( 1846): [757,491,758,1,759,491,927,5,928,0,1311,-1,1593,0]
09-24 00:45:40.119 I/sysui_multi_action( 1846): [757,0,758,1,759,0,927,6,928,0,1593,0]
09-24 00:45:40.119 I/sysui_multi_action( 1846): [757,114,758,1,759,114,927,7,928,0,1593,0]
09-24 00:45:40.120 I/sysui_multi_action( 1846): [757,268,758,1,759,268,806,com.netease.cloudmusic,871,com.netease.cloudmusic.titleservice.PlayFavoriteMusicTitleService,927,8,1593,0]
09-24 00:45:40.120 I/sysui_multi_action( 1846): [757,268,758,1,759,268,806,com.netease.cloudmusic,871,com.netease.cloudmusic.titleservice.PrivateFmTitleService,927,9,1593,0]
09-24 00:45:40.120 I/sysui_multi_action( 1846): [757,268,758,1,759,268,806,com.netease.cloudmusic,871,com.netease.cloudmusic.music.biz.voice.tileservice.PopularPodCastService,927,10,1593,0]
09-24 00:45:40.120 I/sysui_multi_action( 1846): [757,268,758,1,759,268,806,com.netease.cloudmusic,871,com.netease.cloudmusic.music.biz.voice.tileservice.ListenBookService,927,11,1593,0]
09-24 00:45:40.120 I/sysui_multi_action( 1846): [757,268,758,1,759,268,806,com.netease.cloudmusic,871,com.netease.cloudmusic.titleservice.DailyRecommandTitleService,927,12,1593,0]
09-24 00:45:40.120 I/sysui_multi_action( 1846): [757,268,758,1,759,268,806,com.netease.cloudmusic,871,com.netease.cloudmusic.music.biz.voice.tileservice.SleepAidDecompressionService,927,13,1593,0]
09-24 00:45:40.120 I/sysui_multi_action( 1846): [757,268,758,1,759,268,806,com.netease.cloudmusic,871,com.netease.cloudmusic.titleservice.PrivateRadarTitleService,927,14,1593,0]
09-24 00:45:40.120 I/sysui_multi_action( 1846): [757,268,758,1,759,268,806,com.netease.cloudmusic,871,com.netease.cloudmusic.music.biz.voice.tileservice.BroadCastService,927,15,1593,0]
09-24 00:45:40.120 I/sysui_multi_action( 1846): [757,268,758,1,759,268,806,com.qiyi.video.pad,871,org.qiyi.android.tile.SearchTileService,927,16,1593,0]
09-24 00:45:40.120 I/sysui_multi_action( 1846): [757,268,758,1,759,268,806,com.qiyi.video.pad,871,org.qiyi.android.tile.ContinueTileService,927,17,1593,0]
09-24 00:45:40.120 I/sysui_multi_action( 1846): [757,268,758,1,759,268,806,com.qiyi.video.pad,871,org.qiyi.android.tile.CaptureTileService,927,18,1593,0]
09-24 00:45:40.121 I/sysui_multi_action( 1846): [757,268,758,1,759,268,806,com.qiyi.video.pad,871,org.qiyi.android.tile.TopVideoTileService,927,19,1593,0]
09-24 00:45:40.121 I/sysui_multi_action( 1846): [757,268,758,1,759,268,806,com.qiyi.video.pad,871,org.qiyi.android.tile.EntranceTileService,927,20,1593,0]
09-24 00:45:40.121 I/sysui_multi_action( 1846): [757,268,758,1,759,268,806,com.smile.gifmaker,871,com.kwai.gifshow.post.api.feature.record.RecordQuickSettingService,927,21,1593,0]
09-24 00:45:40.121 I/sysui_multi_action( 1846): [757,268,758,1,759,268,806,com.qiyi.video.pad,871,org.qiyi.android.tile.HistoryTileService,927,22,1593,0]
09-24 00:45:40.121 I/sysui_multi_action( 1846): [757,268,758,1,759,268,806,com.qiyi.video.pad,871,org.qiyi.android.tile.SportTileService,927,23,1593,0]
09-24 00:45:40.121 I/sysui_multi_action( 1846): [757,268,758,1,759,268,806,com.tencent.news,871,com.tencent.news.tile.Tile24Hours,927,24,1593,0]
09-24 00:45:40.121 I/sysui_multi_action( 1846): [757,268,758,1,759,268,806,com.ss.android.article.news,871,com.android.bytedance.search.tile.SearchTileService,927,25,1593,0]
09-24 00:45:40.121 I/sysui_multi_action( 1846): [757,268,758,1,759,268,806,com.ss.android.ugc.aweme,871,com.ss.android.ugc.aweme.tile.PublishTileService,927,26,1593,0]
09-24 00:45:40.121 I/sysui_multi_action( 1846): [757,268,758,1,759,268,806,com.tencent.news,871,com.tencent.news.tile.TileNewsVideo,927,27,1593,0]
09-24 00:45:40.121 I/sysui_multi_action( 1846): [757,111,758,1]
09-24 00:45:40.121 I/sysui_multi_action( 1846): [757,126,758,1,759,126,927,0,928,1,1593,0]
09-24 00:45:40.121 I/sysui_multi_action( 1846): [757,113,758,1,759,113,927,1,928,1,1593,0]
09-24 00:45:40.122 I/sysui_multi_action( 1846): [757,0,758,1,759,0,927,2,928,0,1593,0]
09-24 00:45:40.122 I/sysui_multi_action( 1846): [757,0,758,1,759,0,927,3,928,0,1593,0]
09-24 00:45:40.232 I/sysui_multi_action( 1472): [757,1501,758,1,793,4050967,794,0,795,205,796,2048,806,com.android.systemui,857,updateNotification,858,3,947,0,1500,0,1688,1]
09-24 00:45:40.232 I/sysui_multi_action( 1472): [757,804,799,note_interruptive,801,0,802,1]
09-24 00:45:40.232 I/sysui_multi_action( 1472): [757,199,758,1,759,2,793,4050967,794,0,795,205,796,2048,806,com.android.systemui,857,updateNotification,858,3,947,0,1500,0,1688,1]
09-24 00:45:40.232 I/notification_alert( 1472): [0|com.android.systemui|2048|null|10081,0,1,0]
09-24 00:45:40.489 I/sysui_multi_action( 1472): [757,128,758,1,793,2383823,794,0,795,2383823,796,26,798,0,806,android,857,DEVELOPER_IMPORTANT,858,4,947,0,1395,2,1500,2383617,1688,1]
09-24 00:45:40.489 I/sysui_multi_action( 1472): [757,804,799,note_freshness,801,2383823,802,1]
09-24 00:45:40.489 I/notification_visibility( 1472): [-1|android|26|null|1000,1,2383823,2383823,0,0]
09-24 00:45:40.490 I/sysui_multi_action( 1472): [757,128,758,1,793,2383827,794,0,795,2383827,796,32,798,1,806,android,857,USB,858,1,947,0,1395,2,1500,2383624,1688,1]
09-24 00:45:40.490 I/sysui_multi_action( 1472): [757,804,799,note_freshness,801,2383827,802,1]
09-24 00:45:40.490 I/notification_visibility( 1472): [-1|android|32|null|1000,1,2383827,2383827,0,1]
09-24 00:45:41.000 I/service_manager_slow( 1472): [14,platform_compat]
09-24 00:45:41.782 I/input_interaction( 1472): Interaction with: 818159c NotificationShade (server), edge-swipe (server), swipe-up (server), PointerEventDispatcher0 (server),
09-24 00:45:42.212 I/commit_sys_config_file( 1472): [settings-1-0,4]
09-24 00:45:42.736 I/am_wtf ( 1472): [0,1472,system_server,-1,DisplayDeviceConfig,requesting nits when no mapping exists.]
09-24 00:45:42.738 I/am_wtf ( 1472): [0,1472,system_server,-1,DisplayDeviceConfig,requesting nits when no mapping exists.]
09-24 00:45:42.752 I/am_wtf ( 1472): [0,1472,system_server,-1,DisplayDeviceConfig,requesting nits when no mapping exists.]
09-24 00:45:42.754 I/am_wtf ( 1472): [0,1472,system_server,-1,DisplayDeviceConfig,requesting nits when no mapping exists.]
09-24 00:45:42.769 I/am_wtf ( 1472): [0,1472,system_server,-1,DisplayDeviceConfig,requesting nits when no mapping exists.]
09-24 00:45:42.771 I/am_wtf ( 1472): [0,1472,system_server,-1,DisplayDeviceConfig,requesting nits when no mapping exists.]
09-24 00:45:42.786 I/am_wtf ( 1472): [0,1472,system_server,-1,DisplayDeviceConfig,requesting nits when no mapping exists.]
09-24 00:45:42.786 I/am_wtf ( 1472): [0,1472,system_server,-1,DisplayDeviceConfig,requesting nits when no mapping exists.]
09-24 00:45:42.803 I/am_wtf ( 1472): [0,1472,system_server,-1,DisplayDeviceConfig,requesting nits when no mapping exists.]
09-24 00:45:42.803 I/am_wtf ( 1472): [0,1472,system_server,-1,DisplayDeviceConfig,requesting nits when no mapping exists.]
09-24 00:45:42.819 I/am_wtf ( 1472): [0,1472,system_server,-1,DisplayDeviceConfig,requesting nits when no mapping exists.]
09-24 00:45:42.819 I/am_wtf ( 1472): [0,1472,system_server,-1,DisplayDeviceConfig,requesting nits when no mapping exists.]
09-24 00:45:42.835 I/am_wtf ( 1472): [0,1472,system_server,-1,DisplayDeviceConfig,requesting nits when no mapping exists.]
09-24 00:45:42.836 I/am_wtf ( 1472): [0,1472,system_server,-1,DisplayDeviceConfig,requesting nits when no mapping exists.]
09-24 00:45:42.852 I/am_wtf ( 1472): [0,1472,system_server,-1,DisplayDeviceConfig,requesting nits when no mapping exists.]
09-24 00:45:42.852 I/am_wtf ( 1472): [0,1472,system_server,-1,DisplayDeviceConfig,requesting nits when no mapping exists.]
09-24 00:45:42.870 I/am_wtf ( 1472): [0,1472,system_server,-1,DisplayDeviceConfig,requesting nits when no mapping exists.]
09-24 00:45:42.871 I/am_wtf ( 1472): [0,1472,system_server,-1,DisplayDeviceConfig,requesting nits when no mapping exists.]
09-24 00:45:42.885 I/am_wtf ( 1472): [0,1472,system_server,-1,DisplayDeviceConfig,requesting nits when no mapping exists.]
09-24 00:45:42.886 I/am_wtf ( 1472): [0,1472,system_server,-1,DisplayDeviceConfig,requesting nits when no mapping exists.]
09-24 00:45:42.904 I/am_wtf ( 1472): [0,1472,system_server,-1,DisplayDeviceConfig,requesting nits when no mapping exists.]
09-24 00:45:42.904 I/am_wtf ( 1472): [0,1472,system_server,-1,DisplayDeviceConfig,requesting nits when no mapping exists.]
09-24 00:45:42.923 I/am_wtf ( 1472): [0,1472,system_server,-1,DisplayDeviceConfig,requesting nits when no mapping exists.]
09-24 00:45:42.924 I/am_wtf ( 1472): [0,1472,system_server,-1,DisplayDeviceConfig,requesting nits when no mapping exists.]
09-24 00:45:42.936 I/am_wtf ( 1472): [0,1472,system_server,-1,DisplayDeviceConfig,requesting nits when no mapping exists.]
09-24 00:45:42.936 I/am_wtf ( 1472): [0,1472,system_server,-1,DisplayDeviceConfig,requesting nits when no mapping exists.]
09-24 00:45:42.949 I/service_manager_stats( 1472): [100,62,241244]
09-24 00:45:42.952 I/am_wtf ( 1472): [0,1472,system_server,-1,DisplayDeviceConfig,requesting nits when no mapping exists.]
09-24 00:45:42.952 I/am_wtf ( 1472): [0,1472,system_server,-1,DisplayDeviceConfig,requesting nits when no mapping exists.]
09-24 00:45:42.970 I/am_wtf ( 1472): [0,1472,system_server,-1,DisplayDeviceConfig,requesting nits when no mapping exists.]
09-24 00:45:42.971 I/am_wtf ( 1472): [0,1472,system_server,-1,DisplayDeviceConfig,requesting nits when no mapping exists.]
09-24 00:45:42.987 I/am_wtf ( 1472): [0,1472,system_server,-1,DisplayDeviceConfig,requesting nits when no mapping exists.]
09-24 00:45:42.987 I/am_wtf ( 1472): [0,1472,system_server,-1,DisplayDeviceConfig,requesting nits when no mapping exists.]
09-24 00:45:43.002 I/am_wtf ( 1472): [0,1472,system_server,-1,DisplayDeviceConfig,requesting nits when no mapping exists.]
09-24 00:45:43.003 I/am_wtf ( 1472): [0,1472,system_server,-1,DisplayDeviceConfig,requesting nits when no mapping exists.]
09-24 00:45:43.019 I/am_wtf ( 1472): [0,1472,system_server,-1,DisplayDeviceConfig,requesting nits when no mapping exists.]
09-24 00:45:43.020 I/am_wtf ( 1472): [0,1472,system_server,-1,DisplayDeviceConfig,requesting nits when no mapping exists.]
09-24 00:45:43.038 I/am_wtf ( 1472): [0,1472,system_server,-1,DisplayDeviceConfig,requesting nits when no mapping exists.]
09-24 00:45:43.038 I/am_wtf ( 1472): [0,1472,system_server,-1,DisplayDeviceConfig,requesting nits when no mapping exists.]
09-24 00:45:43.052 I/am_wtf ( 1472): [0,1472,system_server,-1,DisplayDeviceConfig,requesting nits when no mapping exists.]
09-24 00:45:43.053 I/am_wtf ( 1472): [0,1472,system_server,-1,DisplayDeviceConfig,requesting nits when no mapping exists.]
09-24 00:45:43.069 I/am_wtf ( 1472): [0,1472,system_server,-1,DisplayDeviceConfig,requesting nits when no mapping exists.]
09-24 00:45:43.070 I/am_wtf ( 1472): [0,1472,system_server,-1,DisplayDeviceConfig,requesting nits when no mapping exists.]
09-24 00:45:43.086 I/am_wtf ( 1472): [0,1472,system_server,-1,DisplayDeviceConfig,requesting nits when no mapping exists.]
09-24 00:45:43.087 I/am_wtf ( 1472): [0,1472,system_server,-1,DisplayDeviceConfig,requesting nits when no mapping exists.]
09-24 00:45:43.123 I/am_wtf ( 1472): [0,1472,system_server,-1,DisplayDeviceConfig,requesting nits when no mapping exists.]
09-24 00:45:43.125 I/am_wtf ( 1472): [0,1472,system_server,-1,DisplayDeviceConfig,requesting nits when no mapping exists.]
09-24 00:45:43.169 I/sysui_multi_action( 1846): [757,218,758,4,759,12]
09-24 00:45:43.179 I/commit_sys_config_file( 1472): [display-state,3]
09-24 00:45:43.387 I/commit_sys_config_file( 1472): [settings-1-0,5]
09-24 00:45:43.990 I/am_wtf ( 1472): [0,1472,system_server,-1,DisplayDeviceConfig,requesting nits when no mapping exists.]
09-24 00:45:43.991 I/am_wtf ( 1472): [0,1472,system_server,-1,DisplayDeviceConfig,requesting nits when no mapping exists.]
09-24 00:45:44.022 I/am_wtf ( 1472): [0,1472,system_server,-1,DisplayDeviceConfig,requesting nits when no mapping exists.]
09-24 00:45:44.023 I/am_wtf ( 1472): [0,1472,system_server,-1,DisplayDeviceConfig,requesting nits when no mapping exists.]
09-24 00:45:44.041 I/am_wtf ( 1472): [0,1472,system_server,-1,DisplayDeviceConfig,requesting nits when no mapping exists.]
09-24 00:45:44.041 I/am_wtf ( 1472): [0,1472,system_server,-1,DisplayDeviceConfig,requesting nits when no mapping exists.]
09-24 00:45:44.056 I/am_wtf ( 1472): [0,1472,system_server,-1,DisplayDeviceConfig,requesting nits when no mapping exists.]
09-24 00:45:44.057 I/am_wtf ( 1472): [0,1472,system_server,-1,DisplayDeviceConfig,requesting nits when no mapping exists.]
09-24 00:45:44.073 I/am_wtf ( 1472): [0,1472,system_server,-1,DisplayDeviceConfig,requesting nits when no mapping exists.]
09-24 00:45:44.074 I/am_wtf ( 1472): [0,1472,system_server,-1,DisplayDeviceConfig,requesting nits when no mapping exists.]
09-24 00:45:44.090 I/am_wtf ( 1472): [0,1472,system_server,-1,DisplayDeviceConfig,requesting nits when no mapping exists.]
09-24 00:45:44.091 I/am_wtf ( 1472): [0,1472,system_server,-1,DisplayDeviceConfig,requesting nits when no mapping exists.]
09-24 00:45:44.107 I/am_wtf ( 1472): [0,1472,system_server,-1,DisplayDeviceConfig,requesting nits when no mapping exists.]
09-24 00:45:44.107 I/am_wtf ( 1472): [0,1472,system_server,-1,DisplayDeviceConfig,requesting nits when no mapping exists.]
09-24 00:45:44.125 I/am_wtf ( 1472): [0,1472,system_server,-1,DisplayDeviceConfig,requesting nits when no mapping exists.]
09-24 00:45:44.126 I/am_wtf ( 1472): [0,1472,system_server,-1,DisplayDeviceConfig,requesting nits when no mapping exists.]
09-24 00:45:44.138 I/am_wtf ( 1472): [0,1472,system_server,-1,DisplayDeviceConfig,requesting nits when no mapping exists.]
09-24 00:45:44.139 I/am_wtf ( 1472): [0,1472,system_server,-1,DisplayDeviceConfig,requesting nits when no mapping exists.]
09-24 00:45:44.156 I/am_wtf ( 1472): [0,1472,system_server,-1,DisplayDeviceConfig,requesting nits when no mapping exists.]
09-24 00:45:44.157 I/am_wtf ( 1472): [0,1472,system_server,-1,DisplayDeviceConfig,requesting nits when no mapping exists.]
09-24 00:45:44.173 I/am_wtf ( 1472): [0,1472,system_server,-1,DisplayDeviceConfig,requesting nits when no mapping exists.]
09-24 00:45:44.174 I/am_wtf ( 1472): [0,1472,system_server,-1,DisplayDeviceConfig,requesting nits when no mapping exists.]
09-24 00:45:44.189 I/am_wtf ( 1472): [0,1472,system_server,-1,DisplayDeviceConfig,requesting nits when no mapping exists.]
09-24 00:45:44.191 I/am_wtf ( 1472): [0,1472,system_server,-1,DisplayDeviceConfig,requesting nits when no mapping exists.]
09-24 00:45:44.206 I/am_wtf ( 1472): [0,1472,system_server,-1,DisplayDeviceConfig,requesting nits when no mapping exists.]
09-24 00:45:44.207 I/am_wtf ( 1472): [0,1472,system_server,-1,DisplayDeviceConfig,requesting nits when no mapping exists.]
09-24 00:45:44.223 I/am_wtf ( 1472): [0,1472,system_server,-1,DisplayDeviceConfig,requesting nits when no mapping exists.]
09-24 00:45:44.226 I/am_wtf ( 1472): [0,1472,system_server,-1,DisplayDeviceConfig,requesting nits when no mapping exists.]
