09-24 00:55:14.811 I/sysui_multi_action( 1846): [757,268,758,1,759,268,806,com.ss.android.ugc.aweme,871,com.ss.android.ugc.aweme.tile.PublishTileService,927,26,1593,0]
09-24 00:55:14.811 I/sysui_multi_action( 1846): [757,268,758,1,759,268,806,com.tencent.news,871,com.tencent.news.tile.TileNewsVideo,927,27,1593,0]
09-24 00:55:14.811 I/sysui_multi_action( 1846): [757,111,758,1]
09-24 00:55:14.811 I/sysui_multi_action( 1846): [757,126,758,1,759,126,927,0,928,1,1593,0]
09-24 00:55:14.811 I/sysui_multi_action( 1846): [757,113,758,1,759,113,927,1,928,1,1593,0]
09-24 00:55:14.811 I/sysui_multi_action( 1846): [757,0,758,1,759,0,927,2,928,0,1593,0]
09-24 00:55:14.811 I/sysui_multi_action( 1846): [757,0,758,1,759,0,927,3,928,0,1593,0]
09-24 00:55:14.826 I/input_focus( 1472): [Focus entering 4f83cc1 com.android.deskclock/android.service.dreams.DreamActivity (server),reason=Window became focusable. Previous reason: NOT_VISIBLE]
09-24 00:55:14.827 I/am_wtf ( 1472): [0,1472,system_server,-1,DisplayDeviceConfig,requesting nits when no mapping exists.]
09-24 00:55:14.828 I/am_wtf ( 1472): [0,1472,system_server,-1,DisplayDeviceConfig,requesting nits when no mapping exists.]
09-24 00:55:14.842 I/am_wtf ( 1472): [0,1472,system_server,-1,DisplayDeviceConfig,requesting nits when no mapping exists.]
09-24 00:55:14.843 I/am_wtf ( 1472): [0,1472,system_server,-1,DisplayDeviceConfig,requesting nits when no mapping exists.]
09-24 00:55:14.860 I/am_wtf ( 1472): [0,1472,system_server,-1,DisplayDeviceConfig,requesting nits when no mapping exists.]
09-24 00:55:14.861 I/am_wtf ( 1472): [0,1472,system_server,-1,DisplayDeviceConfig,requesting nits when no mapping exists.]
09-24 00:55:14.877 I/am_wtf ( 1472): [0,1472,system_server,-1,DisplayDeviceConfig,requesting nits when no mapping exists.]
09-24 00:55:14.878 I/am_wtf ( 1472): [0,1472,system_server,-1,DisplayDeviceConfig,requesting nits when no mapping exists.]
09-24 00:55:14.898 I/am_wtf ( 1472): [0,1472,system_server,-1,DisplayDeviceConfig,requesting nits when no mapping exists.]
09-24 00:55:14.900 I/am_wtf ( 1472): [0,1472,system_server,-1,DisplayDeviceConfig,requesting nits when no mapping exists.]
09-24 00:55:14.911 I/am_wtf ( 1472): [0,1472,system_server,-1,DisplayDeviceConfig,requesting nits when no mapping exists.]
09-24 00:55:14.912 I/am_wtf ( 1472): [0,1472,system_server,-1,DisplayDeviceConfig,requesting nits when no mapping exists.]
09-24 00:55:14.927 I/am_wtf ( 1472): [0,1472,system_server,-1,DisplayDeviceConfig,requesting nits when no mapping exists.]
09-24 00:55:14.927 I/am_wtf ( 1472): [0,1472,system_server,-1,DisplayDeviceConfig,requesting nits when no mapping exists.]
09-24 00:55:14.943 I/am_wtf ( 1472): [0,1472,system_server,-1,DisplayDeviceConfig,requesting nits when no mapping exists.]
09-24 00:55:14.943 I/am_wtf ( 1472): [0,1472,system_server,-1,DisplayDeviceConfig,requesting nits when no mapping exists.]
09-24 00:55:14.960 I/am_wtf ( 1472): [0,1472,system_server,-1,DisplayDeviceConfig,requesting nits when no mapping exists.]
09-24 00:55:14.960 I/am_wtf ( 1472): [0,1472,system_server,-1,DisplayDeviceConfig,requesting nits when no mapping exists.]
09-24 00:55:14.975 I/am_wtf ( 1472): [0,1472,system_server,-1,DisplayDeviceConfig,requesting nits when no mapping exists.]
09-24 00:55:14.976 I/am_wtf ( 1472): [0,1472,system_server,-1,DisplayDeviceConfig,requesting nits when no mapping exists.]
09-24 00:55:14.984 I/sysui_multi_action( 1472): [757,1501,758,1,793,4625719,794,0,795,206,796,2048,806,com.android.systemui,857,updateNotification,858,3,947,0,1500,0,1688,1]
09-24 00:55:14.985 I/sysui_multi_action( 1472): [757,804,799,note_interruptive,801,0,802,1]
09-24 00:55:14.985 I/sysui_multi_action( 1472): [757,199,758,1,759,2,793,4625720,794,0,795,207,796,2048,806,com.android.systemui,857,updateNotification,858,3,947,0,1500,1,1688,1]
09-24 00:55:14.985 I/notification_alert( 1472): [0|com.android.systemui|2048|null|10081,0,1,0]
09-24 00:55:15.005 I/am_wtf ( 1472): [0,1472,system_server,-1,DisplayDeviceConfig,requesting nits when no mapping exists.]
09-24 00:55:15.006 I/am_wtf ( 1472): [0,1472,system_server,-1,DisplayDeviceConfig,requesting nits when no mapping exists.]
09-24 00:55:15.011 I/am_wtf ( 1472): [0,1472,system_server,-1,DisplayDeviceConfig,requesting nits when no mapping exists.]
09-24 00:55:15.012 I/am_wtf ( 1472): [0,1472,system_server,-1,DisplayDeviceConfig,requesting nits when no mapping exists.]
09-24 00:55:15.027 I/am_wtf ( 1472): [0,1472,system_server,-1,DisplayDeviceConfig,requesting nits when no mapping exists.]
09-24 00:55:15.028 I/am_wtf ( 1472): [0,1472,system_server,-1,DisplayDeviceConfig,requesting nits when no mapping exists.]
09-24 00:55:15.043 I/am_wtf ( 1472): [0,1472,system_server,-1,DisplayDeviceConfig,requesting nits when no mapping exists.]
09-24 00:55:15.043 I/am_wtf ( 1472): [0,1472,system_server,-1,DisplayDeviceConfig,requesting nits when no mapping exists.]
09-24 00:55:15.059 I/am_wtf ( 1472): [0,1472,system_server,-1,DisplayDeviceConfig,requesting nits when no mapping exists.]
09-24 00:55:15.060 I/am_wtf ( 1472): [0,1472,system_server,-1,DisplayDeviceConfig,requesting nits when no mapping exists.]
09-24 00:55:15.077 I/am_wtf ( 1472): [0,1472,system_server,-1,DisplayDeviceConfig,requesting nits when no mapping exists.]
09-24 00:55:15.077 I/am_wtf ( 1472): [0,1472,system_server,-1,DisplayDeviceConfig,requesting nits when no mapping exists.]
09-24 00:55:15.093 I/am_wtf ( 1472): [0,1472,system_server,-1,DisplayDeviceConfig,requesting nits when no mapping exists.]
09-24 00:55:15.093 I/am_wtf ( 1472): [0,1472,system_server,-1,DisplayDeviceConfig,requesting nits when no mapping exists.]
09-24 00:55:15.110 I/am_wtf ( 1472): [0,1472,system_server,-1,DisplayDeviceConfig,requesting nits when no mapping exists.]
09-24 00:55:15.111 I/am_wtf ( 1472): [0,1472,system_server,-1,DisplayDeviceConfig,requesting nits when no mapping exists.]
09-24 00:55:15.128 I/am_wtf ( 1472): [0,1472,system_server,-1,DisplayDeviceConfig,requesting nits when no mapping exists.]
09-24 00:55:15.128 I/am_wtf ( 1472): [0,1472,system_server,-1,DisplayDeviceConfig,requesting nits when no mapping exists.]
09-24 00:55:15.144 I/am_wtf ( 1472): [0,1472,system_server,-1,DisplayDeviceConfig,requesting nits when no mapping exists.]
09-24 00:55:15.144 I/am_wtf ( 1472): [0,1472,system_server,-1,DisplayDeviceConfig,requesting nits when no mapping exists.]
09-24 00:55:15.161 I/am_wtf ( 1472): [0,1472,system_server,-1,DisplayDeviceConfig,requesting nits when no mapping exists.]
09-24 00:55:15.162 I/am_wtf ( 1472): [0,1472,system_server,-1,DisplayDeviceConfig,requesting nits when no mapping exists.]
09-24 00:55:15.176 I/am_wtf ( 1472): [0,1472,system_server,-1,DisplayDeviceConfig,requesting nits when no mapping exists.]
09-24 00:55:15.176 I/am_wtf ( 1472): [0,1472,system_server,-1,DisplayDeviceConfig,requesting nits when no mapping exists.]
09-24 00:55:15.193 I/am_wtf ( 1472): [0,1472,system_server,-1,DisplayDeviceConfig,requesting nits when no mapping exists.]
09-24 00:55:15.194 I/am_wtf ( 1472): [0,1472,system_server,-1,DisplayDeviceConfig,requesting nits when no mapping exists.]
09-24 00:55:15.211 I/am_wtf ( 1472): [0,1472,system_server,-1,DisplayDeviceConfig,requesting nits when no mapping exists.]
09-24 00:55:15.211 I/am_wtf ( 1472): [0,1472,system_server,-1,DisplayDeviceConfig,requesting nits when no mapping exists.]
09-24 00:55:15.316 I/wm_stop_activity( 1472): [0,256617940,com.android.settings/.Settings]
09-24 00:55:15.317 I/wm_stop_activity( 1472): [0,89911629,com.android.systemui/.settings.brightness.BrightnessDialog]
09-24 00:55:15.337 I/sysui_multi_action( 1846): [757,220,758,2]
09-24 00:55:15.340 I/wm_on_stop_called( 1846): [89911629,com.android.systemui.settings.brightness.BrightnessDialog,STOP_ACTIVITY_ITEM]
09-24 00:55:15.351 I/wm_on_stop_called( 4383): [256617940,com.android.settings.Settings,STOP_ACTIVITY_ITEM]
09-24 00:55:39.203 I/auditd ( 7881): type=1400 audit(0.0:1266): avc: denied { read } for comm=5468726561642D32202D2031333735 name="tcp" dev="proc" ino=4026532283 scontext=u:r:untrusted_app_29:s0:c106,c256,c512,c768 tcontext=u:object_r:proc_net_tcp_udp:s0 tclass=file permissive=0 app=com.smile.gifmaker
09-24 00:55:40.235 I/auditd ( 8065): type=1400 audit(0.0:1267): avc: denied { read } for comm="pool-2-thread-6" name="tcp" dev="proc" ino=4026532283 scontext=u:r:untrusted_app_29:s0:c106,c256,c512,c768 tcontext=u:object_r:proc_net_tcp_udp:s0 tclass=file permissive=0 app=com.smile.gifmaker
09-24 00:56:08.839 I/auditd ( 5049): type=1400 audit(0.0:1268): avc: granted { nlmsg_readpriv } for comm="pool-8-thread-1" scontext=u:r:untrusted_app_29:s0:c96,c256,c512,c768 tcontext=u:r:untrusted_app_29:s0:c96,c256,c512,c768 tclass=netlink_route_socket app=com.netease.cloudmusic
09-24 00:56:11.989 I/input_interaction( 1472): Interaction with: 4f83cc1 com.android.deskclock/android.service.dreams.DreamActivity (server), edge-swipe (server), swipe-up (server), PointerEventDispatcher0 (server),
09-24 00:56:11.993 I/wm_finish_activity( 1472): [0,78588302,142,com.android.deskclock/android.service.dreams.DreamActivity,finish-activity]
09-24 00:56:11.993 I/wm_task_moved( 1472): [140,1,7]
09-24 00:56:11.993 I/wm_task_to_front( 1472): [0,140]
09-24 00:56:11.994 I/wm_focused_root_task( 1472): [0,0,140,142,finish-top adjustFocusToNextFocusableTask]
09-24 00:56:11.995 I/wm_pause_activity( 1472): [0,78588302,com.android.deskclock/android.service.dreams.DreamActivity,userLeaving=false,finish]
09-24 00:56:12.000 I/sysui_multi_action( 1472): [757,803,799,window_time_0,802,57]
09-24 00:56:12.001 I/wm_on_top_resumed_lost_called( 2531): [78588302,android.service.dreams.DreamActivity,topStateChangedWhenResumed]
09-24 00:56:12.002 I/wm_on_paused_called( 2531): [78588302,android.service.dreams.DreamActivity,performPause]
09-24 00:56:12.002 I/wm_add_to_stopping( 1472): [0,78588302,com.android.deskclock/android.service.dreams.DreamActivity,completeFinishing]
09-24 00:56:12.006 I/wm_set_resumed_activity( 1472): [0,com.android.systemui/.settings.brightness.BrightnessDialog,resumeTopActivityInnerLocked]
09-24 00:56:12.009 I/wm_resume_activity( 1472): [0,89911629,140,com.android.systemui/.settings.brightness.BrightnessDialog]
09-24 00:56:12.029 I/wm_on_restart_called( 1846): [89911629,com.android.systemui.settings.brightness.BrightnessDialog,performRestartActivity]
09-24 00:56:12.029 I/sysui_multi_action( 1846): [757,220,758,1]
09-24 00:56:12.029 I/wm_on_start_called( 1846): [89911629,com.android.systemui.settings.brightness.BrightnessDialog,handleStartActivity]
09-24 00:56:12.029 I/wm_on_resume_called( 1846): [89911629,com.android.systemui.settings.brightness.BrightnessDialog,RESUME_ACTIVITY]
09-24 00:56:12.029 I/wm_on_top_resumed_gained_called( 1846): [89911629,com.android.systemui.settings.brightness.BrightnessDialog,topWhenResuming]
09-24 00:56:12.030 I/input_focus( 1472): [Focus leaving 4f83cc1 com.android.deskclock/android.service.dreams.DreamActivity (server),reason=NO_WINDOW]
09-24 00:56:12.031 I/sysui_multi_action( 1472): [757,803,799,window_time_0,802,0]
09-24 00:56:12.033 I/view_enqueue_input_event( 2531): [Motion - Cancel,com.android.deskclock/android.service.dreams.DreamActivity]
09-24 00:56:12.034 I/wm_on_restart_called( 4383): [256617940,com.android.settings.Settings,performRestartActivity]
09-24 00:56:12.038 I/input_focus( 1472): [Focus request cb9fb6f com.android.systemui/com.android.systemui.settings.brightness.BrightnessDialog,reason=UpdateInputWindows]
09-24 00:56:12.039 I/input_interaction( 1472): Interaction with: edge-swipe (server), swipe-up (server), PointerEventDispatcher0 (server),
09-24 00:56:12.040 I/wm_on_start_called( 4383): [256617940,com.android.settings.Settings,handleStartActivity]
09-24 00:56:12.042 I/snet_event_log( 4383): [120484087,-1,]
09-24 00:56:12.097 I/input_focus( 1472): [Focus entering cb9fb6f com.android.systemui/com.android.systemui.settings.brightness.BrightnessDialog (server),reason=Window became focusable. Previous reason: NOT_VISIBLE]
09-24 00:56:12.588 I/wm_destroy_activity( 1472): [0,78588302,142,com.android.deskclock/android.service.dreams.DreamActivity,finish-imm:idle]
09-24 00:56:12.605 I/wm_on_stop_called( 2531): [78588302,android.service.dreams.DreamActivity,LIFECYCLER_STOP_ACTIVITY]
09-24 00:56:12.605 I/wm_on_destroy_called( 2531): [78588302,android.service.dreams.DreamActivity,performDestroy]
09-24 00:56:12.609 I/sysui_multi_action( 1472): [757,222,758,2]
09-24 00:56:12.609 I/sysui_multi_action( 1472): [757,804,799,dreaming_minutes,801,0,802,1]
09-24 00:56:12.622 I/wm_task_removed( 1472): [142,removeChild:removeChild last r=ActivityRecord{4af298e u0 com.android.deskclock/android.service.dreams.DreamActivity t-1 f}} in t=Task{6ec3c97 #142 type=dream A=10067:android:com.android.deskclock/dream U=0 visible=false mode=fullscreen translucent=true sz=0}]
09-24 00:56:12.622 I/wm_task_removed( 1472): [142,removeChild]
09-24 00:56:39.247 I/auditd ( 7881): type=1400 audit(0.0:1269): avc: denied { read } for comm=5468726561642D32202D2031333735 name="tcp" dev="proc" ino=4026532283 scontext=u:r:untrusted_app_29:s0:c106,c256,c512,c768 tcontext=u:object_r:proc_net_tcp_udp:s0 tclass=file permissive=0 app=com.smile.gifmaker
09-24 00:56:40.279 I/auditd ( 8065): type=1400 audit(0.0:1270): avc: denied { read } for comm="pool-2-thread-6" name="tcp" dev="proc" ino=4026532283 scontext=u:r:untrusted_app_29:s0:c106,c256,c512,c768 tcontext=u:object_r:proc_net_tcp_udp:s0 tclass=file permissive=0 app=com.smile.gifmaker
09-24 00:57:05.277 I/sysui_multi_action( 1472): [757,1696,758,6,759,2]
09-24 00:57:05.293 I/am_wtf ( 1472): [0,1472,system_server,-1,DisplayDeviceConfig,requesting nits when no mapping exists.]
09-24 00:57:05.297 I/am_wtf ( 1472): [0,1472,system_server,-1,DisplayDeviceConfig,requesting nits when no mapping exists.]
09-24 00:57:05.308 I/am_wtf ( 1472): [0,1472,system_server,-1,DisplayDeviceConfig,requesting nits when no mapping exists.]
09-24 00:57:05.310 I/am_wtf ( 1472): [0,1472,system_server,-1,DisplayDeviceConfig,requesting nits when no mapping exists.]
09-24 00:57:05.325 I/am_wtf ( 1472): [0,1472,system_server,-1,DisplayDeviceConfig,requesting nits when no mapping exists.]
09-24 00:57:05.327 I/am_wtf ( 1472): [0,1472,system_server,-1,DisplayDeviceConfig,requesting nits when no mapping exists.]
09-24 00:57:05.342 I/am_wtf ( 1472): [0,1472,system_server,-1,DisplayDeviceConfig,requesting nits when no mapping exists.]
09-24 00:57:05.343 I/am_wtf ( 1472): [0,1472,system_server,-1,DisplayDeviceConfig,requesting nits when no mapping exists.]
09-24 00:57:05.358 I/am_wtf ( 1472): [0,1472,system_server,-1,DisplayDeviceConfig,requesting nits when no mapping exists.]
09-24 00:57:05.359 I/am_wtf ( 1472): [0,1472,system_server,-1,DisplayDeviceConfig,requesting nits when no mapping exists.]
09-24 00:57:05.375 I/am_wtf ( 1472): [0,1472,system_server,-1,DisplayDeviceConfig,requesting nits when no mapping exists.]
09-24 00:57:05.376 I/am_wtf ( 1472): [0,1472,system_server,-1,DisplayDeviceConfig,requesting nits when no mapping exists.]
09-24 00:57:05.392 I/am_wtf ( 1472): [0,1472,system_server,-1,DisplayDeviceConfig,requesting nits when no mapping exists.]
09-24 00:57:05.392 I/am_wtf ( 1472): [0,1472,system_server,-1,DisplayDeviceConfig,requesting nits when no mapping exists.]
09-24 00:57:05.408 I/am_wtf ( 1472): [0,1472,system_server,-1,DisplayDeviceConfig,requesting nits when no mapping exists.]
09-24 00:57:05.409 I/am_wtf ( 1472): [0,1472,system_server,-1,DisplayDeviceConfig,requesting nits when no mapping exists.]
09-24 00:57:05.425 I/am_wtf ( 1472): [0,1472,system_server,-1,DisplayDeviceConfig,requesting nits when no mapping exists.]
09-24 00:57:05.426 I/am_wtf ( 1472): [0,1472,system_server,-1,DisplayDeviceConfig,requesting nits when no mapping exists.]
09-24 00:57:05.442 I/am_wtf ( 1472): [0,1472,system_server,-1,DisplayDeviceConfig,requesting nits when no mapping exists.]
09-24 00:57:05.443 I/am_wtf ( 1472): [0,1472,system_server,-1,DisplayDeviceConfig,requesting nits when no mapping exists.]
09-24 00:57:05.459 I/am_wtf ( 1472): [0,1472,system_server,-1,DisplayDeviceConfig,requesting nits when no mapping exists.]
09-24 00:57:05.460 I/am_wtf ( 1472): [0,1472,system_server,-1,DisplayDeviceConfig,requesting nits when no mapping exists.]
09-24 00:57:05.475 I/am_wtf ( 1472): [0,1472,system_server,-1,DisplayDeviceConfig,requesting nits when no mapping exists.]
09-24 00:57:05.476 I/am_wtf ( 1472): [0,1472,system_server,-1,DisplayDeviceConfig,requesting nits when no mapping exists.]
09-24 00:57:05.492 I/am_wtf ( 1472): [0,1472,system_server,-1,DisplayDeviceConfig,requesting nits when no mapping exists.]
09-24 00:57:05.493 I/am_wtf ( 1472): [0,1472,system_server,-1,DisplayDeviceConfig,requesting nits when no mapping exists.]
09-24 00:57:05.509 I/am_wtf ( 1472): [0,1472,system_server,-1,DisplayDeviceConfig,requesting nits when no mapping exists.]
09-24 00:57:05.509 I/am_wtf ( 1472): [0,1472,system_server,-1,DisplayDeviceConfig,requesting nits when no mapping exists.]
09-24 00:57:05.510 I/service_manager_stats( 1472): [100,48,118085]
09-24 00:57:05.525 I/am_wtf ( 1472): [0,1472,system_server,-1,DisplayDeviceConfig,requesting nits when no mapping exists.]
09-24 00:57:05.526 I/am_wtf ( 1472): [0,1472,system_server,-1,DisplayDeviceConfig,requesting nits when no mapping exists.]
09-24 00:57:05.542 I/am_wtf ( 1472): [0,1472,system_server,-1,DisplayDeviceConfig,requesting nits when no mapping exists.]
09-24 00:57:05.543 I/am_wtf ( 1472): [0,1472,system_server,-1,DisplayDeviceConfig,requesting nits when no mapping exists.]
09-24 00:57:05.559 I/am_wtf ( 1472): [0,1472,system_server,-1,DisplayDeviceConfig,requesting nits when no mapping exists.]
09-24 00:57:05.559 I/am_wtf ( 1472): [0,1472,system_server,-1,DisplayDeviceConfig,requesting nits when no mapping exists.]
09-24 00:57:05.575 I/am_wtf ( 1472): [0,1472,system_server,-1,DisplayDeviceConfig,requesting nits when no mapping exists.]
09-24 00:57:05.576 I/am_wtf ( 1472): [0,1472,system_server,-1,DisplayDeviceConfig,requesting nits when no mapping exists.]
09-24 00:57:05.592 I/am_wtf ( 1472): [0,1472,system_server,-1,DisplayDeviceConfig,requesting nits when no mapping exists.]
09-24 00:57:05.593 I/am_wtf ( 1472): [0,1472,system_server,-1,DisplayDeviceConfig,requesting nits when no mapping exists.]
09-24 00:57:05.609 I/am_wtf ( 1472): [0,1472,system_server,-1,DisplayDeviceConfig,requesting nits when no mapping exists.]
09-24 00:57:05.609 I/am_wtf ( 1472): [0,1472,system_server,-1,DisplayDeviceConfig,requesting nits when no mapping exists.]
09-24 00:57:05.625 I/am_wtf ( 1472): [0,1472,system_server,-1,DisplayDeviceConfig,requesting nits when no mapping exists.]
09-24 00:57:05.626 I/am_wtf ( 1472): [0,1472,system_server,-1,DisplayDeviceConfig,requesting nits when no mapping exists.]
09-24 00:57:05.642 I/am_wtf ( 1472): [0,1472,system_server,-1,DisplayDeviceConfig,requesting nits when no mapping exists.]
09-24 00:57:05.643 I/am_wtf ( 1472): [0,1472,system_server,-1,DisplayDeviceConfig,requesting nits when no mapping exists.]
09-24 00:57:05.659 I/am_wtf ( 1472): [0,1472,system_server,-1,DisplayDeviceConfig,requesting nits when no mapping exists.]
09-24 00:57:05.660 I/am_wtf ( 1472): [0,1472,system_server,-1,DisplayDeviceConfig,requesting nits when no mapping exists.]
09-24 00:57:05.675 I/am_wtf ( 1472): [0,1472,system_server,-1,DisplayDeviceConfig,requesting nits when no mapping exists.]
09-24 00:57:05.676 I/am_wtf ( 1472): [0,1472,system_server,-1,DisplayDeviceConfig,requesting nits when no mapping exists.]
09-24 00:57:12.594 I/sysui_multi_action( 1472): [757,222,758,1]
09-24 00:57:12.608 I/wm_task_created( 1472): [143,-1]
09-24 00:57:12.613 I/wm_task_moved( 1472): [143,1,8]
09-24 00:57:12.613 I/wm_task_to_front( 1472): [0,143]
09-24 00:57:12.613 I/wm_create_task( 1472): [0,143]
09-24 00:57:12.613 I/wm_create_activity( 1472): [0,12737053,143,com.android.deskclock/android.service.dreams.DreamActivity,NULL,NULL,NULL,276824064]
09-24 00:57:12.613 I/wm_task_moved( 1472): [143,1,8]
09-24 00:57:12.614 I/wm_on_top_resumed_lost_called( 1846): [89911629,com.android.systemui.settings.brightness.BrightnessDialog,topStateChangedWhenResumed]
09-24 00:57:12.614 I/am_pss ( 1472): [10370,1000,com.qti.diagservices,7360512,3731456,1115136,85381120,0,10,8]
09-24 00:57:12.615 I/wm_pause_activity( 1472): [0,89911629,com.android.systemui/.settings.brightness.BrightnessDialog,userLeaving=true,pauseBackTasks]
09-24 00:57:12.620 I/wm_on_paused_called( 1846): [89911629,com.android.systemui.settings.brightness.BrightnessDialog,performPause]
09-24 00:57:12.624 I/wm_add_to_stopping( 1472): [0,89911629,com.android.systemui/.settings.brightness.BrightnessDialog,makeInvisible]
09-24 00:57:12.624 I/wm_add_to_stopping( 1472): [0,256617940,com.android.settings/.Settings,makeInvisible]
09-24 00:57:12.624 I/wm_restart_activity( 1472): [0,12737053,143,com.android.deskclock/android.service.dreams.DreamActivity]
09-24 00:57:12.627 I/wm_set_resumed_activity( 1472): [0,com.android.deskclock/android.service.dreams.DreamActivity,minimalResumeActivityLocked]
09-24 00:57:12.636 I/sysui_multi_action( 1472): [757,803,799,window_time_0,802,61]
09-24 00:57:12.642 I/wm_on_create_called( 2531): [12737053,android.service.dreams.DreamActivity,performCreate]
09-24 00:57:12.643 I/wm_on_start_called( 2531): [12737053,android.service.dreams.DreamActivity,handleStartActivity]
09-24 00:57:12.643 I/wm_on_resume_called( 2531): [12737053,android.service.dreams.DreamActivity,RESUME_ACTIVITY]
09-24 00:57:12.648 I/input_focus( 1472): [Focus leaving cb9fb6f com.android.systemui/com.android.systemui.settings.brightness.BrightnessDialog (server),reason=NO_WINDOW]
09-24 00:57:12.650 I/wm_on_top_resumed_gained_called( 2531): [12737053,android.service.dreams.DreamActivity,topStateChangedWhenResumed]
09-24 00:57:12.678 I/input_focus( 1472): [Focus request b3afd5 com.android.deskclock/android.service.dreams.DreamActivity,reason=UpdateInputWindows]
09-24 00:57:12.683 I/sysui_multi_action( 1846): [757,111,758,2]
09-24 00:57:12.683 I/notification_enqueue( 1472): [10081,1846,com.android.systemui,2048,NULL,0,Notification(channel=updateNotification shortcut=null contentView=null vibrate=null sound=null defaults=0x0 flags=0x0 color=0x00000000 vis=PRIVATE),1]
09-24 00:57:12.684 I/sysui_multi_action( 1846): [757,111,758,2]
09-24 00:57:12.699 I/sysui_multi_action( 1846): [757,111,758,1]
09-24 00:57:12.700 I/sysui_multi_action( 1846): [757,126,758,1,759,126,927,0,928,1,1593,0]
09-24 00:57:12.700 I/sysui_multi_action( 1846): [757,113,758,1,759,113,927,1,928,1,1593,0]
09-24 00:57:12.700 I/sysui_multi_action( 1846): [757,0,758,1,759,0,927,2,928,0,1593,0]
09-24 00:57:12.700 I/sysui_multi_action( 1846): [757,0,758,1,759,0,927,3,928,0,1593,0]
09-24 00:57:12.700 I/sysui_multi_action( 1846): [757,1706,758,1,759,1706,927,4,928,0,1593,0]
09-24 00:57:12.701 I/sysui_multi_action( 1846): [757,491,758,1,759,491,927,5,928,0,1311,-1,1593,0]
09-24 00:57:12.702 I/sysui_multi_action( 1846): [757,0,758,1,759,0,927,6,928,0,1593,0]
09-24 00:57:12.702 I/sysui_multi_action( 1846): [757,114,758,1,759,114,927,7,928,0,1593,0]
09-24 00:57:12.702 I/sysui_multi_action( 1846): [757,268,758,1,759,268,806,com.netease.cloudmusic,871,com.netease.cloudmusic.titleservice.PlayFavoriteMusicTitleService,927,8,1593,0]
09-24 00:57:12.702 I/sysui_multi_action( 1846): [757,268,758,1,759,268,806,com.netease.cloudmusic,871,com.netease.cloudmusic.titleservice.PrivateFmTitleService,927,9,1593,0]
09-24 00:57:12.703 I/sysui_multi_action( 1846): [757,268,758,1,759,268,806,com.netease.cloudmusic,871,com.netease.cloudmusic.music.biz.voice.tileservice.PopularPodCastService,927,10,1593,0]
09-24 00:57:12.703 I/sysui_multi_action( 1846): [757,268,758,1,759,268,806,com.netease.cloudmusic,871,com.netease.cloudmusic.music.biz.voice.tileservice.ListenBookService,927,11,1593,0]
09-24 00:57:12.703 I/sysui_multi_action( 1846): [757,268,758,1,759,268,806,com.netease.cloudmusic,871,com.netease.cloudmusic.titleservice.DailyRecommandTitleService,927,12,1593,0]
09-24 00:57:12.703 I/sysui_multi_action( 1846): [757,268,758,1,759,268,806,com.netease.cloudmusic,871,com.netease.cloudmusic.music.biz.voice.tileservice.SleepAidDecompressionService,927,13,1593,0]
09-24 00:57:12.703 I/sysui_multi_action( 1846): [757,268,758,1,759,268,806,com.netease.cloudmusic,871,com.netease.cloudmusic.titleservice.PrivateRadarTitleService,927,14,1593,0]
09-24 00:57:12.704 I/sysui_multi_action( 1846): [757,268,758,1,759,268,806,com.netease.cloudmusic,871,com.netease.cloudmusic.music.biz.voice.tileservice.BroadCastService,927,15,1593,0]
09-24 00:57:12.704 I/sysui_multi_action( 1846): [757,268,758,1,759,268,806,com.qiyi.video.pad,871,org.qiyi.android.tile.SearchTileService,927,16,1593,0]
09-24 00:57:12.704 I/sysui_multi_action( 1846): [757,268,758,1,759,268,806,com.qiyi.video.pad,871,org.qiyi.android.tile.ContinueTileService,927,17,1593,0]
09-24 00:57:12.704 I/sysui_multi_action( 1846): [757,268,758,1,759,268,806,com.qiyi.video.pad,871,org.qiyi.android.tile.CaptureTileService,927,18,1593,0]
09-24 00:57:12.704 I/sysui_multi_action( 1846): [757,268,758,1,759,268,806,com.qiyi.video.pad,871,org.qiyi.android.tile.TopVideoTileService,927,19,1593,0]
09-24 00:57:12.705 I/sysui_multi_action( 1846): [757,268,758,1,759,268,806,com.qiyi.video.pad,871,org.qiyi.android.tile.EntranceTileService,927,20,1593,0]
09-24 00:57:12.705 I/sysui_multi_action( 1846): [757,268,758,1,759,268,806,com.smile.gifmaker,871,com.kwai.gifshow.post.api.feature.record.RecordQuickSettingService,927,21,1593,0]
09-24 00:57:12.706 I/sysui_multi_action( 1846): [757,268,758,1,759,268,806,com.qiyi.video.pad,871,org.qiyi.android.tile.HistoryTileService,927,22,1593,0]
09-24 00:57:12.706 I/sysui_multi_action( 1846): [757,268,758,1,759,268,806,com.qiyi.video.pad,871,org.qiyi.android.tile.SportTileService,927,23,1593,0]
09-24 00:57:12.706 I/sysui_multi_action( 1846): [757,268,758,1,759,268,806,com.tencent.news,871,com.tencent.news.tile.Tile24Hours,927,24,1593,0]
09-24 00:57:12.706 I/sysui_multi_action( 1846): [757,268,758,1,759,268,806,com.ss.android.article.news,871,com.android.bytedance.search.tile.SearchTileService,927,25,1593,0]
09-24 00:57:12.707 I/sysui_multi_action( 1846): [757,268,758,1,759,268,806,com.ss.android.ugc.aweme,871,com.ss.android.ugc.aweme.tile.PublishTileService,927,26,1593,0]
09-24 00:57:12.707 I/sysui_multi_action( 1846): [757,268,758,1,759,268,806,com.tencent.news,871,com.tencent.news.tile.TileNewsVideo,927,27,1593,0]
09-24 00:57:12.707 I/sysui_multi_action( 1846): [757,111,758,1]
09-24 00:57:12.707 I/sysui_multi_action( 1846): [757,126,758,1,759,126,927,0,928,1,1593,0]
09-24 00:57:12.708 I/sysui_multi_action( 1846): [757,113,758,1,759,113,927,1,928,1,1593,0]
09-24 00:57:12.708 I/sysui_multi_action( 1846): [757,0,758,1,759,0,927,2,928,0,1593,0]
09-24 00:57:12.708 I/sysui_multi_action( 1846): [757,0,758,1,759,0,927,3,928,0,1593,0]
09-24 00:57:12.715 I/sysui_multi_action( 1472): [757,1696,758,6,759,3]
09-24 00:57:12.716 I/sysui_multi_action( 1472): [319,100,322,88,325,4766,757,761,758,8,759,2,806,com.android.deskclock,871,android.service.dreams.DreamActivity,904,com.android.deskclock,905,0,1320,8,1321,5]
09-24 00:57:12.718 I/wm_activity_launch_time( 1472): [0,12737053,com.android.deskclock/android.service.dreams.DreamActivity,88]
09-24 00:57:12.726 I/input_focus( 1472): [Focus entering b3afd5 com.android.deskclock/android.service.dreams.DreamActivity (server),reason=Window became focusable. Previous reason: NOT_VISIBLE]
09-24 00:57:12.731 I/am_wtf ( 1472): [0,1472,system_server,-1,DisplayDeviceConfig,requesting nits when no mapping exists.]
09-24 00:57:12.732 I/am_wtf ( 1472): [0,1472,system_server,-1,DisplayDeviceConfig,requesting nits when no mapping exists.]
09-24 00:57:12.742 I/am_wtf ( 1472): [0,1472,system_server,-1,DisplayDeviceConfig,requesting nits when no mapping exists.]
09-24 00:57:12.743 I/am_wtf ( 1472): [0,1472,system_server,-1,DisplayDeviceConfig,requesting nits when no mapping exists.]
09-24 00:57:12.760 I/am_wtf ( 1472): [0,1472,system_server,-1,DisplayDeviceConfig,requesting nits when no mapping exists.]
09-24 00:57:12.760 I/am_wtf ( 1472): [0,1472,system_server,-1,DisplayDeviceConfig,requesting nits when no mapping exists.]
09-24 00:57:12.777 I/am_wtf ( 1472): [0,1472,system_server,-1,DisplayDeviceConfig,requesting nits when no mapping exists.]
09-24 00:57:12.777 I/am_wtf ( 1472): [0,1472,system_server,-1,DisplayDeviceConfig,requesting nits when no mapping exists.]
09-24 00:57:12.793 I/am_wtf ( 1472): [0,1472,system_server,-1,DisplayDeviceConfig,requesting nits when no mapping exists.]
09-24 00:57:12.794 I/am_wtf ( 1472): [0,1472,system_server,-1,DisplayDeviceConfig,requesting nits when no mapping exists.]
09-24 00:57:12.810 I/am_wtf ( 1472): [0,1472,system_server,-1,DisplayDeviceConfig,requesting nits when no mapping exists.]
09-24 00:57:12.811 I/am_wtf ( 1472): [0,1472,system_server,-1,DisplayDeviceConfig,requesting nits when no mapping exists.]
09-24 00:57:12.826 I/am_wtf ( 1472): [0,1472,system_server,-1,DisplayDeviceConfig,requesting nits when no mapping exists.]
09-24 00:57:12.827 I/am_wtf ( 1472): [0,1472,system_server,-1,DisplayDeviceConfig,requesting nits when no mapping exists.]
09-24 00:57:12.844 I/am_wtf ( 1472): [0,1472,system_server,-1,DisplayDeviceConfig,requesting nits when no mapping exists.]
09-24 00:57:12.844 I/am_wtf ( 1472): [0,1472,system_server,-1,DisplayDeviceConfig,requesting nits when no mapping exists.]
09-24 00:57:12.860 I/am_wtf ( 1472): [0,1472,system_server,-1,DisplayDeviceConfig,requesting nits when no mapping exists.]
09-24 00:57:12.860 I/am_wtf ( 1472): [0,1472,system_server,-1,DisplayDeviceConfig,requesting nits when no mapping exists.]
09-24 00:57:12.876 I/am_wtf ( 1472): [0,1472,system_server,-1,DisplayDeviceConfig,requesting nits when no mapping exists.]
09-24 00:57:12.877 I/am_wtf ( 1472): [0,1472,system_server,-1,DisplayDeviceConfig,requesting nits when no mapping exists.]
09-24 00:57:12.886 I/sysui_multi_action( 1472): [757,1501,758,1,793,4743621,794,0,795,204,796,2048,806,com.android.systemui,857,updateNotification,858,3,947,0,1500,0,1688,1]
09-24 00:57:12.887 I/sysui_multi_action( 1472): [757,804,799,note_interruptive,801,0,802,1]
09-24 00:57:12.887 I/sysui_multi_action( 1472): [757,199,758,1,759,2,793,4743622,794,0,795,205,796,2048,806,com.android.systemui,857,updateNotification,858,3,947,0,1500,1,1688,1]
09-24 00:57:12.887 I/notification_alert( 1472): [0|com.android.systemui|2048|null|10081,0,1,0]
09-24 00:57:12.895 I/am_wtf ( 1472): [0,1472,system_server,-1,DisplayDeviceConfig,requesting nits when no mapping exists.]
09-24 00:57:12.896 I/am_wtf ( 1472): [0,1472,system_server,-1,DisplayDeviceConfig,requesting nits when no mapping exists.]
09-24 00:57:12.917 I/am_wtf ( 1472): [0,1472,system_server,-1,DisplayDeviceConfig,requesting nits when no mapping exists.]
09-24 00:57:12.918 I/am_wtf ( 1472): [0,1472,system_server,-1,DisplayDeviceConfig,requesting nits when no mapping exists.]
09-24 00:57:12.926 I/am_wtf ( 1472): [0,1472,system_server,-1,DisplayDeviceConfig,requesting nits when no mapping exists.]
09-24 00:57:12.930 I/am_wtf ( 1472): [0,1472,system_server,-1,DisplayDeviceConfig,requesting nits when no mapping exists.]
09-24 00:57:12.943 I/am_wtf ( 1472): [0,1472,system_server,-1,DisplayDeviceConfig,requesting nits when no mapping exists.]
09-24 00:57:12.944 I/am_wtf ( 1472): [0,1472,system_server,-1,DisplayDeviceConfig,requesting nits when no mapping exists.]
09-24 00:57:12.959 I/am_wtf ( 1472): [0,1472,system_server,-1,DisplayDeviceConfig,requesting nits when no mapping exists.]
09-24 00:57:12.960 I/am_wtf ( 1472): [0,1472,system_server,-1,DisplayDeviceConfig,requesting nits when no mapping exists.]
09-24 00:57:12.977 I/am_wtf ( 1472): [0,1472,system_server,-1,DisplayDeviceConfig,requesting nits when no mapping exists.]
09-24 00:57:12.977 I/am_wtf ( 1472): [0,1472,system_server,-1,DisplayDeviceConfig,requesting nits when no mapping exists.]
09-24 00:57:12.994 I/am_wtf ( 1472): [0,1472,system_server,-1,DisplayDeviceConfig,requesting nits when no mapping exists.]
09-24 00:57:12.994 I/am_wtf ( 1472): [0,1472,system_server,-1,DisplayDeviceConfig,requesting nits when no mapping exists.]
09-24 00:57:13.015 I/am_wtf ( 1472): [0,1472,system_server,-1,DisplayDeviceConfig,requesting nits when no mapping exists.]
09-24 00:57:13.016 I/am_wtf ( 1472): [0,1472,system_server,-1,DisplayDeviceConfig,requesting nits when no mapping exists.]
09-24 00:57:13.027 I/am_wtf ( 1472): [0,1472,system_server,-1,DisplayDeviceConfig,requesting nits when no mapping exists.]
09-24 00:57:13.028 I/am_wtf ( 1472): [0,1472,system_server,-1,DisplayDeviceConfig,requesting nits when no mapping exists.]
09-24 00:57:13.044 I/am_wtf ( 1472): [0,1472,system_server,-1,DisplayDeviceConfig,requesting nits when no mapping exists.]
09-24 00:57:13.045 I/am_wtf ( 1472): [0,1472,system_server,-1,DisplayDeviceConfig,requesting nits when no mapping exists.]
09-24 00:57:13.061 I/am_wtf ( 1472): [0,1472,system_server,-1,DisplayDeviceConfig,requesting nits when no mapping exists.]
09-24 00:57:13.062 I/am_wtf ( 1472): [0,1472,system_server,-1,DisplayDeviceConfig,requesting nits when no mapping exists.]
09-24 00:57:13.078 I/am_wtf ( 1472): [0,1472,system_server,-1,DisplayDeviceConfig,requesting nits when no mapping exists.]
09-24 00:57:13.078 I/am_wtf ( 1472): [0,1472,system_server,-1,DisplayDeviceConfig,requesting nits when no mapping exists.]
09-24 00:57:13.094 I/am_wtf ( 1472): [0,1472,system_server,-1,DisplayDeviceConfig,requesting nits when no mapping exists.]
09-24 00:57:13.095 I/am_wtf ( 1472): [0,1472,system_server,-1,DisplayDeviceConfig,requesting nits when no mapping exists.]
09-24 00:57:13.112 I/am_wtf ( 1472): [0,1472,system_server,-1,DisplayDeviceConfig,requesting nits when no mapping exists.]
09-24 00:57:13.112 I/am_wtf ( 1472): [0,1472,system_server,-1,DisplayDeviceConfig,requesting nits when no mapping exists.]
09-24 00:57:13.222 I/wm_stop_activity( 1472): [0,256617940,com.android.settings/.Settings]
09-24 00:57:13.223 I/wm_stop_activity( 1472): [0,89911629,com.android.systemui/.settings.brightness.BrightnessDialog]
09-24 00:57:13.247 I/wm_on_stop_called( 4383): [256617940,com.android.settings.Settings,STOP_ACTIVITY_ITEM]
09-24 00:57:13.250 I/sysui_multi_action( 1846): [757,220,758,2]
09-24 00:57:13.250 I/wm_on_stop_called( 1846): [89911629,com.android.systemui.settings.brightness.BrightnessDialog,STOP_ACTIVITY_ITEM]
09-24 00:57:16.045 I/am_freeze( 1472): [13603,com.tencent.news:tile]
09-24 00:57:16.048 I/am_kill ( 1472): [0,13603,com.tencent.news:tile,935,Unable to freeze binder interface]
09-24 00:57:16.092 I/am_proc_died( 1472): [0,13603,com.tencent.news:tile,935,19]
09-24 00:57:16.092 I/am_uid_stopped( 1472): 10110
09-24 00:57:39.251 I/auditd ( 7881): type=1400 audit(0.0:1271): avc: denied { read } for comm=5468726561642D32202D2031333735 name="tcp" dev="proc" ino=4026532283 scontext=u:r:untrusted_app_29:s0:c106,c256,c512,c768 tcontext=u:object_r:proc_net_tcp_udp:s0 tclass=file permissive=0 app=com.smile.gifmaker
09-24 00:57:40.303 I/auditd ( 8065): type=1400 audit(0.0:1272): avc: denied { read } for comm="pool-2-thread-6" name="tcp" dev="proc" ino=4026532283 scontext=u:r:untrusted_app_29:s0:c106,c256,c512,c768 tcontext=u:object_r:proc_net_tcp_udp:s0 tclass=file permissive=0 app=com.smile.gifmaker
09-24 00:57:53.219 I/am_freeze( 1472): [13983,com.android.documentsui]
09-24 00:57:53.223 I/am_freeze( 1472): [13986,com.android.gallery3d]
09-24 00:57:53.226 I/am_freeze( 1472): [14008,com.android.music]
09-24 00:57:53.229 I/am_freeze( 1472): [14020,com.thundercomm.mcuupgrade]
09-24 00:57:53.230 I/am_kill ( 1472): [0,13983,com.android.documentsui,915,Unable to freeze binder interface]
09-24 00:57:53.231 I/am_kill ( 1472): [0,13986,com.android.gallery3d,915,Unable to freeze binder interface]
09-24 00:57:53.232 I/am_kill ( 1472): [0,14008,com.android.music,905,Unable to freeze binder interface]
09-24 00:57:53.233 I/am_kill ( 1472): [0,14020,com.thundercomm.mcuupgrade,905,Unable to freeze binder interface]
09-24 00:57:53.250 I/am_proc_died( 1472): [0,14020,com.thundercomm.mcuupgrade,905,19]
09-24 00:57:53.260 I/am_proc_died( 1472): [0,13983,com.android.documentsui,915,19]
09-24 00:57:53.261 I/am_uid_stopped( 1472): 10031
09-24 00:57:53.264 I/am_proc_died( 1472): [0,14008,com.android.music,905,19]
09-24 00:57:53.264 I/am_uid_stopped( 1472): 10062
09-24 00:57:53.265 I/am_proc_died( 1472): [0,13986,com.android.gallery3d,915,19]
09-24 00:57:53.265 I/am_uid_stopped( 1472): 10069
09-24 00:58:32.467 I/auditd ( 5049): type=1400 audit(0.0:1273): avc: granted { nlmsg_readpriv } for comm="pool-8-thread-1" scontext=u:r:untrusted_app_29:s0:c96,c256,c512,c768 tcontext=u:r:untrusted_app_29:s0:c96,c256,c512,c768 tclass=netlink_route_socket app=com.netease.cloudmusic
09-24 00:58:39.255 I/auditd ( 7881): type=1400 audit(0.0:1274): avc: denied { read } for comm=5468726561642D32202D2031333735 name="tcp" dev="proc" ino=4026532283 scontext=u:r:untrusted_app_29:s0:c106,c256,c512,c768 tcontext=u:object_r:proc_net_tcp_udp:s0 tclass=file permissive=0 app=com.smile.gifmaker
09-24 00:58:40.307 I/auditd ( 8065): type=1400 audit(0.0:1275): avc: denied { read } for comm="pool-2-thread-6" name="tcp" dev="proc" ino=4026532283 scontext=u:r:untrusted_app_29:s0:c106,c256,c512,c768 tcontext=u:object_r:proc_net_tcp_udp:s0 tclass=file permissive=0 app=com.smile.gifmaker
09-24 00:58:50.204 I/am_freeze( 1472): [10370,com.qti.diagservices]
09-24 00:58:50.206 I/am_kill ( 1472): [0,10370,com.qti.diagservices,925,Unable to freeze binder interface]
09-24 00:58:50.235 I/am_proc_died( 1472): [0,10370,com.qti.diagservices,925,10]
09-24 00:58:50.236 I/am_schedule_service_restart( 1472): [0,com.qti.diagservices/.QTIDiagServices,1000]
09-24 00:58:51.266 I/am_proc_start( 1472): [0,15130,1000,com.qti.diagservices,service,{com.qti.diagservices/com.qti.diagservices.QTIDiagServices}]
09-24 00:58:51.316 I/am_proc_bound( 1472): [0,15130,com.qti.diagservices]
09-24 00:58:51.351 I/auditd (15130): type=1400 audit(0.0:1276): avc: denied { read write } for comm="ti.diagservices" name="diag" dev="tmpfs" ino=11596 scontext=u:r:system_app:s0 tcontext=u:object_r:vendor_diag_device:s0 tclass=chr_file permissive=0
09-24 00:58:51.707 I/auditd ( 0): type=1400 audit(0.0:1277): avc: denied { kill } for comm="swapper/1" capability=5 scontext=u:r:kernel:s0 tcontext=u:r:kernel:s0 tclass=capability permissive=0
09-24 00:59:01.743 I/auditd ( 5049): type=1400 audit(0.0:1278): avc: granted { nlmsg_readpriv } for comm="pool-8-thread-1" scontext=u:r:untrusted_app_29:s0:c96,c256,c512,c768 tcontext=u:r:untrusted_app_29:s0:c96,c256,c512,c768 tclass=netlink_route_socket app=com.netease.cloudmusic
09-24 00:59:21.815 I/auditd ( 5049): type=1400 audit(0.0:1279): avc: granted { nlmsg_readpriv } for comm="pool-8-thread-1" scontext=u:r:untrusted_app_29:s0:c96,c256,c512,c768 tcontext=u:r:untrusted_app_29:s0:c96,c256,c512,c768 tclass=netlink_route_socket app=com.netease.cloudmusic
09-24 00:59:39.259 I/auditd ( 7881): type=1400 audit(0.0:1280): avc: denied { read } for comm=5468726561642D32202D2031333735 name="tcp" dev="proc" ino=4026532283 scontext=u:r:untrusted_app_29:s0:c106,c256,c512,c768 tcontext=u:object_r:proc_net_tcp_udp:s0 tclass=file permissive=0 app=com.smile.gifmaker
09-24 00:59:40.339 I/auditd ( 8065): type=1400 audit(0.0:1281): avc: denied { read } for comm="pool-2-thread-6" name="tcp" dev="proc" ino=4026532283 scontext=u:r:untrusted_app_29:s0:c106,c256,c512,c768 tcontext=u:object_r:proc_net_tcp_udp:s0 tclass=file permissive=0 app=com.smile.gifmaker
09-24 01:00:39.267 I/auditd ( 7881): type=1400 audit(0.0:1282): avc: denied { read } for comm=5468726561642D32202D2031333735 name="tcp" dev="proc" ino=4026532283 scontext=u:r:untrusted_app_29:s0:c106,c256,c512,c768 tcontext=u:object_r:proc_net_tcp_udp:s0 tclass=file permissive=0 app=com.smile.gifmaker
09-24 01:00:39.403 I/auditd ( 5049): type=1400 audit(0.0:1283): avc: granted { nlmsg_readpriv } for comm="pool-8-thread-1" scontext=u:r:untrusted_app_29:s0:c96,c256,c512,c768 tcontext=u:r:untrusted_app_29:s0:c96,c256,c512,c768 tclass=netlink_route_socket app=com.netease.cloudmusic
09-24 01:00:40.363 I/auditd ( 8065): type=1400 audit(0.0:1284): avc: denied { read } for comm="pool-2-thread-6" name="tcp" dev="proc" ino=4026532283 scontext=u:r:untrusted_app_29:s0:c106,c256,c512,c768 tcontext=u:object_r:proc_net_tcp_udp:s0 tclass=file permissive=0 app=com.smile.gifmaker
09-24 01:01:39.311 I/auditd ( 7881): type=1400 audit(0.0:1285): avc: denied { read } for comm=5468726561642D32202D2031333735 name="tcp" dev="proc" ino=4026532283 scontext=u:r:untrusted_app_29:s0:c106,c256,c512,c768 tcontext=u:object_r:proc_net_tcp_udp:s0 tclass=file permissive=0 app=com.smile.gifmaker
09-24 01:01:40.371 I/auditd ( 8065): type=1400 audit(0.0:1286): avc: denied { read } for comm="pool-2-thread-6" name="tcp" dev="proc" ino=4026532283 scontext=u:r:untrusted_app_29:s0:c106,c256,c512,c768 tcontext=u:object_r:proc_net_tcp_udp:s0 tclass=file permissive=0 app=com.smile.gifmaker
09-24 01:02:39.331 I/auditd ( 7881): type=1400 audit(0.0:1287): avc: denied { read } for comm=5468726561642D32202D2031333735 name="tcp" dev="proc" ino=4026532283 scontext=u:r:untrusted_app_29:s0:c106,c256,c512,c768 tcontext=u:object_r:proc_net_tcp_udp:s0 tclass=file permissive=0 app=com.smile.gifmaker
09-24 01:02:40.387 I/auditd ( 8065): type=1400 audit(0.0:1288): avc: denied { read } for comm="pool-2-thread-6" name="tcp" dev="proc" ino=4026532283 scontext=u:r:untrusted_app_29:s0:c106,c256,c512,c768 tcontext=u:object_r:proc_net_tcp_udp:s0 tclass=file permissive=0 app=com.smile.gifmaker
09-24 01:02:50.013 I/am_pss ( 1472): [1843,1002,com.android.bluetooth,55305216,47624192,78848,165011456,0,0,17]
09-24 01:02:50.022 I/am_pss ( 1472): [3001,10093,com.android.providers.media.module,17911808,13918208,70656,112340992,0,0,8]
09-24 01:02:50.030 I/am_pss ( 1472): [2238,10094,android.ext.services,19834880,13320192,70656,119365632,0,5,8]
09-24 01:02:50.036 I/am_pss ( 1472): [3053,10074,com.qualcomm.location.XT,6913024,4182016,70656,88821760,0,6,5]
09-24 01:02:50.041 I/am_pss ( 1472): [2610,10071,com.qualcomm.location,8912896,5517312,70656,96784384,0,0,5]
09-24 01:02:50.046 I/am_pss ( 1472): [1971,1001,.dataservices,8507392,5787648,70656,89972736,0,0,5]
09-24 01:02:50.053 I/am_pss ( 1472): [1960,1073,com.android.networkstack.process,12897280,9527296,70656,102219776,0,0,6]
09-24 01:02:50.074 I/am_pss ( 1472): [1472,1000,system,211515392,129081344,66560,507375616,0,0,20]
09-24 01:03:39.371 I/auditd ( 7881): type=1400 audit(0.0:1289): avc: denied { read } for comm=5468726561642D32202D2031333735 name="tcp" dev="proc" ino=4026532283 scontext=u:r:untrusted_app_29:s0:c106,c256,c512,c768 tcontext=u:object_r:proc_net_tcp_udp:s0 tclass=file permissive=0 app=com.smile.gifmaker
09-24 01:03:40.399 I/auditd ( 8065): type=1400 audit(0.0:1290): avc: denied { read } for comm="pool-2-thread-6" name="tcp" dev="proc" ino=4026532283 scontext=u:r:untrusted_app_29:s0:c106,c256,c512,c768 tcontext=u:object_r:proc_net_tcp_udp:s0 tclass=file permissive=0 app=com.smile.gifmaker
09-24 01:03:41.587 I/auditd ( 8193): type=1400 audit(0.0:1291): avc: granted { nlmsg_readpriv } for comm="ChromiumNet0" scontext=u:r:untrusted_app_29:s0:c104,c256,c512,c768 tcontext=u:r:untrusted_app_29:s0:c104,c256,c512,c768 tclass=netlink_route_socket app=com.ss.android.article.news
09-24 01:03:47.059 I/auditd ( 8501): type=1400 audit(0.0:1292): avc: granted { nlmsg_readpriv } for comm="ChromiumNet0" scontext=u:r:untrusted_app_29:s0:c103,c256,c512,c768 tcontext=u:r:untrusted_app_29:s0:c103,c256,c512,c768 tclass=netlink_route_socket app=com.ss.android.ugc.aweme
09-24 01:03:50.145 I/am_pss ( 1472): [5049,10096,com.netease.cloudmusic,65724416,46694400,4470784,168095744,0,19,12]
09-24 01:04:39.395 I/auditd ( 7881): type=1400 audit(0.0:1293): avc: denied { read } for comm=5468726561642D32202D2031333735 name="tcp" dev="proc" ino=4026532283 scontext=u:r:untrusted_app_29:s0:c106,c256,c512,c768 tcontext=u:object_r:proc_net_tcp_udp:s0 tclass=file permissive=0 app=com.smile.gifmaker
09-24 01:04:40.423 I/auditd ( 8065): type=1400 audit(0.0:1294): avc: denied { read } for comm="pool-2-thread-6" name="tcp" dev="proc" ino=4026532283 scontext=u:r:untrusted_app_29:s0:c106,c256,c512,c768 tcontext=u:object_r:proc_net_tcp_udp:s0 tclass=file permissive=0 app=com.smile.gifmaker
09-24 01:05:30.119 I/auditd ( 5049): type=1400 audit(0.0:1295): avc: granted { nlmsg_readpriv } for comm="pool-8-thread-1" scontext=u:r:untrusted_app_29:s0:c96,c256,c512,c768 tcontext=u:r:untrusted_app_29:s0:c96,c256,c512,c768 tclass=netlink_route_socket app=com.netease.cloudmusic
09-24 01:05:39.439 I/auditd ( 7881): type=1400 audit(0.0:1296): avc: denied { read } for comm=5468726561642D32202D2031333735 name="tcp" dev="proc" ino=4026532283 scontext=u:r:untrusted_app_29:s0:c106,c256,c512,c768 tcontext=u:object_r:proc_net_tcp_udp:s0 tclass=file permissive=0 app=com.smile.gifmaker
09-24 01:05:40.427 I/auditd ( 8065): type=1400 audit(0.0:1297): avc: denied { read } for comm="pool-2-thread-6" name="tcp" dev="proc" ino=4026532283 scontext=u:r:untrusted_app_29:s0:c106,c256,c512,c768 tcontext=u:object_r:proc_net_tcp_udp:s0 tclass=file permissive=0 app=com.smile.gifmaker
09-24 01:06:39.455 I/auditd ( 7881): type=1400 audit(0.0:1298): avc: denied { read } for comm=5468726561642D32202D2031333735 name="tcp" dev="proc" ino=4026532283 scontext=u:r:untrusted_app_29:s0:c106,c256,c512,c768 tcontext=u:object_r:proc_net_tcp_udp:s0 tclass=file permissive=0 app=com.smile.gifmaker
09-24 01:06:40.443 I/auditd ( 8065): type=1400 audit(0.0:1299): avc: denied { read } for comm="pool-2-thread-6" name="tcp" dev="proc" ino=4026532283 scontext=u:r:untrusted_app_29:s0:c106,c256,c512,c768 tcontext=u:object_r:proc_net_tcp_udp:s0 tclass=file permissive=0 app=com.smile.gifmaker
09-24 01:07:39.467 I/auditd ( 7881): type=1400 audit(0.0:1300): avc: denied { read } for comm=5468726561642D32202D2031333735 name="tcp" dev="proc" ino=4026532283 scontext=u:r:untrusted_app_29:s0:c106,c256,c512,c768 tcontext=u:object_r:proc_net_tcp_udp:s0 tclass=file permissive=0 app=com.smile.gifmaker
09-24 01:07:40.455 I/auditd ( 8065): type=1400 audit(0.0:1301): avc: denied { read } for comm="pool-2-thread-6" name="tcp" dev="proc" ino=4026532283 scontext=u:r:untrusted_app_29:s0:c106,c256,c512,c768 tcontext=u:object_r:proc_net_tcp_udp:s0 tclass=file permissive=0 app=com.smile.gifmaker
09-24 01:07:46.607 I/auditd ( 577): type=1400 audit(0.0:1302): avc: denied { read } for comm="Binder:577_2" name="wakeup58" dev="sysfs" ino=83548 scontext=u:r:system_suspend:s0 tcontext=u:object_r:sysfs:s0 tclass=dir permissive=0
09-24 01:07:46.611 I/auditd ( 577): type=1400 audit(0.0:1303): avc: denied { read } for comm="Binder:577_2" name="wakeup4" dev="sysfs" ino=52895 scontext=u:r:system_suspend:s0 tcontext=u:object_r:sysfs:s0 tclass=dir permissive=0
09-24 01:07:46.611 I/auditd ( 577): type=1400 audit(0.0:1304): avc: denied { read } for comm="Binder:577_2" name="wakeup38" dev="sysfs" ino=68553 scontext=u:r:system_suspend:s0 tcontext=u:object_r:sysfs:s0 tclass=dir permissive=0
09-24 01:07:46.611 I/auditd ( 577): type=1400 audit(0.0:1305): avc: denied { read } for comm="Binder:577_2" name="wakeup28" dev="sysfs" ino=59251 scontext=u:r:system_suspend:s0 tcontext=u:object_r:sysfs:s0 tclass=dir permissive=0
09-24 01:07:46.611 I/auditd ( 577): type=1400 audit(0.0:1306): avc: denied { read } for comm="Binder:577_2" name="wakeup56" dev="sysfs" ino=83476 scontext=u:r:system_suspend:s0 tcontext=u:object_r:sysfs:s0 tclass=dir permissive=0
09-24 01:07:46.611 I/auditd ( 577): type=1400 audit(0.0:1307): avc: denied { read } for comm="Binder:577_2" name="wakeup18" dev="sysfs" ino=58638 scontext=u:r:system_suspend:s0 tcontext=u:object_r:sysfs:s0 tclass=dir permissive=0
09-24 01:07:46.611 I/auditd ( 577): type=1400 audit(0.0:1308): avc: denied { read } for comm="Binder:577_2" name="wakeup46" dev="sysfs" ino=77409 scontext=u:r:system_suspend:s0 tcontext=u:object_r:sysfs:s0 tclass=dir permissive=0
09-24 01:07:46.652 I/commit_sys_config_file( 1472): [batterystats,8]
09-24 01:07:46.655 I/commit_sys_config_file( 1472): [batterystats,2]
09-24 01:08:22.639 I/netstats_mobile_sample( 1472): [0,0,0,0,0,0,0,0,0,0,0,0,1663952902639]
09-24 01:08:22.639 I/netstats_wifi_sample( 1472): [1172387,8073,310983,4543,1172387,8073,310983,4543,1385508,19456,291972,4404,1663952902639]
09-24 01:08:22.644 I/am_pss ( 1472): [2335,10077,com.android.launcher3,72043520,63119360,69632,190902272,0,6,16]
09-24 01:08:22.667 I/am_pss ( 1472): [7881,10106,com.smile.gifmaker,148807680,98361344,181248,275484672,0,8,22]
09-24 01:08:22.677 I/am_pss ( 1472): [8065,10106,com.smile.gifmaker:push_v3,68589568,19152896,7996416,163688448,0,8,10]
09-24 01:08:22.682 I/am_pss ( 1472): [3689,10023,com.sohu.inputmethod.sogou.car,15662080,6524928,190464,82202624,0,7,4]
09-24 01:08:22.686 I/commit_sys_config_file( 1472): [procstats,15]
09-24 01:08:35.351 I/am_pss ( 1472): [5287,10096,com.netease.cloudmusic:pushservice,44132352,26451968,7026688,130666496,0,19,7]
09-24 01:08:39.499 I/auditd ( 7881): type=1400 audit(0.0:1353): avc: denied { read } for comm=5468726561642D32202D2031333735 name="tcp" dev="proc" ino=4026532283 scontext=u:r:untrusted_app_29:s0:c106,c256,c512,c768 tcontext=u:object_r:proc_net_tcp_udp:s0 tclass=file permissive=0 app=com.smile.gifmaker
09-24 01:08:39.965 I/commit_sys_config_file( 1472): [appops,5431502]
09-24 01:08:40.475 I/auditd ( 8065): type=1400 audit(0.0:1354): avc: denied { read } for comm="pool-2-thread-6" name="tcp" dev="proc" ino=4026532283 scontext=u:r:untrusted_app_29:s0:c106,c256,c512,c768 tcontext=u:object_r:proc_net_tcp_udp:s0 tclass=file permissive=0 app=com.smile.gifmaker
