09-24 00:12:31.023 I/sysui_multi_action( 1846): [757,0,758,1,759,0,927,2,928,0,1593,1]
09-24 00:12:31.023 I/sysui_multi_action( 1846): [757,0,758,1,759,0,927,3,928,0,1593,1]
09-24 00:12:31.030 I/sysui_multi_action( 1846): [757,111,758,2]
09-24 00:12:31.030 I/notification_enqueue( 1472): [10081,1846,com.android.systemui,2048,NULL,0,Notification(channel=updateNotification shortcut=null contentView=null vibrate=null sound=null defaults=0x0 flags=0x0 color=0x00000000 vis=PRIVATE),1]
09-24 00:12:31.030 I/sysui_multi_action( 1846): [757,111,758,2]
09-24 00:12:31.033 I/sysui_multi_action( 1846): [757,111,758,1]
09-24 00:12:31.033 I/sysui_multi_action( 1846): [757,126,758,1,759,126,927,0,928,1,1593,1]
09-24 00:12:31.033 I/sysui_multi_action( 1846): [757,113,758,1,759,113,927,1,928,1,1593,1]
09-24 00:12:31.033 I/sysui_multi_action( 1846): [757,0,758,1,759,0,927,2,928,0,1593,1]
09-24 00:12:31.033 I/sysui_multi_action( 1846): [757,0,758,1,759,0,927,3,928,0,1593,1]
09-24 00:12:31.033 I/sysui_multi_action( 1846): [757,1706,758,1,759,1706,927,4,928,0,1593,1]
09-24 00:12:31.033 I/sysui_multi_action( 1846): [757,491,758,1,759,491,927,5,928,0,1311,-1,1593,0]
09-24 00:12:31.033 I/sysui_multi_action( 1846): [757,0,758,1,759,0,927,6,928,0,1593,0]
09-24 00:12:31.033 I/sysui_multi_action( 1846): [757,114,758,1,759,114,927,7,928,0,1593,0]
09-24 00:12:31.034 I/sysui_multi_action( 1846): [757,111,758,1]
09-24 00:12:31.034 I/sysui_multi_action( 1846): [757,126,758,1,759,126,927,0,928,1,1593,1]
09-24 00:12:31.034 I/sysui_multi_action( 1846): [757,113,758,1,759,113,927,1,928,1,1593,1]
09-24 00:12:31.034 I/sysui_multi_action( 1846): [757,0,758,1,759,0,927,2,928,0,1593,1]
09-24 00:12:31.034 I/sysui_multi_action( 1846): [757,0,758,1,759,0,927,3,928,0,1593,1]
09-24 00:12:31.046 I/sysui_multi_action( 1846): [757,111,758,2]
09-24 00:12:31.046 I/sysui_multi_action( 1846): [757,111,758,2]
09-24 00:12:31.047 I/notification_enqueue( 1472): [10081,1846,com.android.systemui,2048,NULL,0,Notification(channel=updateNotification shortcut=null contentView=null vibrate=null sound=null defaults=0x0 flags=0x0 color=0x00000000 vis=PRIVATE),1]
09-24 00:12:31.049 I/sysui_multi_action( 1846): [757,111,758,1]
09-24 00:12:31.049 I/sysui_multi_action( 1846): [757,126,758,1,759,126,927,0,928,1,1593,1]
09-24 00:12:31.049 I/sysui_multi_action( 1846): [757,113,758,1,759,113,927,1,928,1,1593,1]
09-24 00:12:31.049 I/sysui_multi_action( 1846): [757,0,758,1,759,0,927,2,928,0,1593,1]
09-24 00:12:31.049 I/sysui_multi_action( 1846): [757,0,758,1,759,0,927,3,928,0,1593,1]
09-24 00:12:31.049 I/sysui_multi_action( 1846): [757,1706,758,1,759,1706,927,4,928,0,1593,1]
09-24 00:12:31.050 I/sysui_multi_action( 1846): [757,491,758,1,759,491,927,5,928,0,1311,-1,1593,0]
09-24 00:12:31.050 I/sysui_multi_action( 1846): [757,0,758,1,759,0,927,6,928,0,1593,0]
09-24 00:12:31.050 I/sysui_multi_action( 1846): [757,114,758,1,759,114,927,7,928,0,1593,0]
09-24 00:12:31.050 I/sysui_multi_action( 1846): [757,111,758,1]
09-24 00:12:31.050 I/sysui_multi_action( 1846): [757,126,758,1,759,126,927,0,928,1,1593,1]
09-24 00:12:31.050 I/sysui_multi_action( 1846): [757,113,758,1,759,113,927,1,928,1,1593,1]
09-24 00:12:31.050 I/sysui_multi_action( 1846): [757,0,758,1,759,0,927,2,928,0,1593,1]
09-24 00:12:31.050 I/sysui_multi_action( 1846): [757,0,758,1,759,0,927,3,928,0,1593,1]
09-24 00:12:31.064 I/sysui_multi_action( 1846): [757,111,758,2]
09-24 00:12:31.064 I/sysui_multi_action( 1846): [757,111,758,2]
09-24 00:12:31.064 I/notification_enqueue( 1472): [10081,1846,com.android.systemui,2048,NULL,0,Notification(channel=updateNotification shortcut=null contentView=null vibrate=null sound=null defaults=0x0 flags=0x0 color=0x00000000 vis=PRIVATE),1]
09-24 00:12:31.066 I/sysui_multi_action( 1846): [757,111,758,1]
09-24 00:12:31.067 I/sysui_multi_action( 1846): [757,126,758,1,759,126,927,0,928,1,1593,0]
09-24 00:12:31.067 I/sysui_multi_action( 1846): [757,113,758,1,759,113,927,1,928,1,1593,0]
09-24 00:12:31.067 I/sysui_multi_action( 1846): [757,0,758,1,759,0,927,2,928,0,1593,0]
09-24 00:12:31.067 I/sysui_multi_action( 1846): [757,0,758,1,759,0,927,3,928,0,1593,0]
09-24 00:12:31.067 I/sysui_multi_action( 1846): [757,1706,758,1,759,1706,927,4,928,0,1593,0]
09-24 00:12:31.067 I/sysui_multi_action( 1846): [757,491,758,1,759,491,927,5,928,0,1311,-1,1593,0]
09-24 00:12:31.067 I/sysui_multi_action( 1846): [757,0,758,1,759,0,927,6,928,0,1593,0]
09-24 00:12:31.067 I/sysui_multi_action( 1846): [757,114,758,1,759,114,927,7,928,0,1593,0]
09-24 00:12:31.067 I/sysui_multi_action( 1846): [757,111,758,1]
09-24 00:12:31.067 I/sysui_multi_action( 1846): [757,126,758,1,759,126,927,0,928,1,1593,1]
09-24 00:12:31.067 I/sysui_multi_action( 1846): [757,113,758,1,759,113,927,1,928,1,1593,1]
09-24 00:12:31.067 I/sysui_multi_action( 1846): [757,0,758,1,759,0,927,2,928,0,1593,1]
09-24 00:12:31.067 I/sysui_multi_action( 1846): [757,0,758,1,759,0,927,3,928,0,1593,1]
09-24 00:12:31.081 I/sysui_multi_action( 1846): [757,111,758,2]
09-24 00:12:31.081 I/notification_enqueue( 1472): [10081,1846,com.android.systemui,2048,NULL,0,Notification(channel=updateNotification shortcut=null contentView=null vibrate=null sound=null defaults=0x0 flags=0x0 color=0x00000000 vis=PRIVATE),1]
09-24 00:12:31.081 I/sysui_multi_action( 1846): [757,111,758,2]
09-24 00:12:31.086 I/sysui_multi_action( 1846): [757,111,758,1]
09-24 00:12:31.086 I/sysui_multi_action( 1846): [757,126,758,1,759,126,927,0,928,1,1593,1]
09-24 00:12:31.086 I/sysui_multi_action( 1846): [757,113,758,1,759,113,927,1,928,1,1593,1]
09-24 00:12:31.086 I/sysui_multi_action( 1846): [757,0,758,1,759,0,927,2,928,0,1593,1]
09-24 00:12:31.086 I/sysui_multi_action( 1846): [757,0,758,1,759,0,927,3,928,0,1593,1]
09-24 00:12:31.086 I/sysui_multi_action( 1846): [757,1706,758,1,759,1706,927,4,928,0,1593,1]
09-24 00:12:31.087 I/sysui_multi_action( 1846): [757,491,758,1,759,491,927,5,928,0,1311,-1,1593,0]
09-24 00:12:31.087 I/sysui_multi_action( 1846): [757,0,758,1,759,0,927,6,928,0,1593,0]
09-24 00:12:31.087 I/sysui_multi_action( 1846): [757,114,758,1,759,114,927,7,928,0,1593,0]
09-24 00:12:31.087 I/sysui_multi_action( 1846): [757,111,758,1]
09-24 00:12:31.087 I/sysui_multi_action( 1846): [757,126,758,1,759,126,927,0,928,1,1593,1]
09-24 00:12:31.087 I/sysui_multi_action( 1846): [757,113,758,1,759,113,927,1,928,1,1593,1]
09-24 00:12:31.087 I/sysui_multi_action( 1846): [757,0,758,1,759,0,927,2,928,0,1593,1]
09-24 00:12:31.087 I/sysui_multi_action( 1846): [757,0,758,1,759,0,927,3,928,0,1593,1]
09-24 00:12:31.091 I/sysui_multi_action( 1472): [757,128,758,2,793,394425,794,2617,795,394425,796,26,798,0,806,android,857,DEVELOPER_IMPORTANT,858,4,947,0,1395,2,1500,394219,1688,1]
09-24 00:12:31.091 I/notification_visibility( 1472): [-1|android|26|null|1000,0,394425,394425,0,0]
09-24 00:12:31.091 I/sysui_multi_action( 1472): [757,128,758,2,793,394428,794,2618,795,394428,796,32,798,1,806,android,857,USB,858,1,947,0,1395,2,1500,394225,1688,1]
09-24 00:12:31.091 I/notification_visibility( 1472): [-1|android|32|null|1000,0,394428,394428,0,1]
09-24 00:12:31.097 I/sysui_multi_action( 1846): [757,111,758,2]
09-24 00:12:31.097 I/sysui_multi_action( 1846): [757,111,758,2]
09-24 00:12:31.097 I/notification_enqueue( 1472): [10081,1846,com.android.systemui,2048,NULL,0,Notification(channel=updateNotification shortcut=null contentView=null vibrate=null sound=null defaults=0x0 flags=0x0 color=0x00000000 vis=PRIVATE),1]
09-24 00:12:31.100 I/sysui_multi_action( 1846): [757,111,758,1]
09-24 00:12:31.100 I/sysui_multi_action( 1846): [757,126,758,1,759,126,927,0,928,1,1593,1]
09-24 00:12:31.100 I/sysui_multi_action( 1846): [757,113,758,1,759,113,927,1,928,1,1593,1]
09-24 00:12:31.100 I/sysui_multi_action( 1846): [757,0,758,1,759,0,927,2,928,0,1593,1]
09-24 00:12:31.100 I/sysui_multi_action( 1846): [757,0,758,1,759,0,927,3,928,0,1593,1]
09-24 00:12:31.100 I/sysui_multi_action( 1846): [757,1706,758,1,759,1706,927,4,928,0,1593,1]
09-24 00:12:31.101 I/sysui_multi_action( 1846): [757,491,758,1,759,491,927,5,928,0,1311,-1,1593,0]
09-24 00:12:31.101 I/sysui_multi_action( 1846): [757,0,758,1,759,0,927,6,928,0,1593,0]
09-24 00:12:31.101 I/sysui_multi_action( 1846): [757,114,758,1,759,114,927,7,928,0,1593,0]
09-24 00:12:31.101 I/sysui_multi_action( 1846): [757,111,758,1]
09-24 00:12:31.101 I/sysui_multi_action( 1846): [757,126,758,1,759,126,927,0,928,1,1593,1]
09-24 00:12:31.101 I/sysui_multi_action( 1846): [757,113,758,1,759,113,927,1,928,1,1593,1]
09-24 00:12:31.101 I/sysui_multi_action( 1846): [757,0,758,1,759,0,927,2,928,0,1593,1]
09-24 00:12:31.101 I/sysui_multi_action( 1846): [757,0,758,1,759,0,927,3,928,0,1593,1]
09-24 00:12:31.114 I/sysui_multi_action( 1846): [757,111,758,2]
09-24 00:12:31.114 I/sysui_multi_action( 1846): [757,111,758,2]
09-24 00:12:31.118 I/sysui_multi_action( 1846): [757,111,758,1]
09-24 00:12:31.118 I/sysui_multi_action( 1846): [757,126,758,1,759,126,927,0,928,1,1593,1]
09-24 00:12:31.118 I/sysui_multi_action( 1846): [757,113,758,1,759,113,927,1,928,1,1593,1]
09-24 00:12:31.118 I/sysui_multi_action( 1846): [757,0,758,1,759,0,927,2,928,0,1593,1]
09-24 00:12:31.118 I/sysui_multi_action( 1846): [757,0,758,1,759,0,927,3,928,0,1593,1]
09-24 00:12:31.118 I/sysui_multi_action( 1846): [757,1706,758,1,759,1706,927,4,928,0,1593,1]
09-24 00:12:31.118 I/sysui_multi_action( 1846): [757,491,758,1,759,491,927,5,928,0,1311,-1,1593,0]
09-24 00:12:31.118 I/sysui_multi_action( 1846): [757,0,758,1,759,0,927,6,928,0,1593,0]
09-24 00:12:31.118 I/sysui_multi_action( 1846): [757,114,758,1,759,114,927,7,928,0,1593,0]
09-24 00:12:31.118 I/sysui_multi_action( 1846): [757,111,758,1]
09-24 00:12:31.118 I/sysui_multi_action( 1846): [757,126,758,1,759,126,927,0,928,1,1593,1]
09-24 00:12:31.118 I/sysui_multi_action( 1846): [757,113,758,1,759,113,927,1,928,1,1593,1]
09-24 00:12:31.118 I/sysui_multi_action( 1846): [757,0,758,1,759,0,927,2,928,0,1593,1]
09-24 00:12:31.119 I/sysui_multi_action( 1846): [757,0,758,1,759,0,927,3,928,0,1593,1]
09-24 00:12:31.121 I/notification_enqueue( 1472): [10081,1846,com.android.systemui,2048,NULL,0,Notification(channel=updateNotification shortcut=null contentView=null vibrate=null sound=null defaults=0x0 flags=0x0 color=0x00000000 vis=PRIVATE),1]
09-24 00:12:31.130 I/sysui_multi_action( 1846): [757,111,758,2]
09-24 00:12:31.130 I/notification_enqueue( 1472): [10081,1846,com.android.systemui,2048,NULL,0,Notification(channel=updateNotification shortcut=null contentView=null vibrate=null sound=null defaults=0x0 flags=0x0 color=0x00000000 vis=PRIVATE),1]
09-24 00:12:31.130 I/sysui_multi_action( 1846): [757,111,758,2]
09-24 00:12:31.133 I/sysui_multi_action( 1846): [757,111,758,1]
09-24 00:12:31.134 I/sysui_multi_action( 1846): [757,126,758,1,759,126,927,0,928,1,1593,1]
09-24 00:12:31.134 I/sysui_multi_action( 1846): [757,113,758,1,759,113,927,1,928,1,1593,1]
09-24 00:12:31.134 I/sysui_multi_action( 1846): [757,0,758,1,759,0,927,2,928,0,1593,1]
09-24 00:12:31.134 I/sysui_multi_action( 1846): [757,0,758,1,759,0,927,3,928,0,1593,1]
09-24 00:12:31.134 I/sysui_multi_action( 1846): [757,1706,758,1,759,1706,927,4,928,0,1593,1]
09-24 00:12:31.134 I/sysui_multi_action( 1846): [757,491,758,1,759,491,927,5,928,0,1311,-1,1593,0]
09-24 00:12:31.134 I/sysui_multi_action( 1846): [757,0,758,1,759,0,927,6,928,0,1593,0]
09-24 00:12:31.134 I/sysui_multi_action( 1846): [757,114,758,1,759,114,927,7,928,0,1593,0]
09-24 00:12:31.134 I/sysui_multi_action( 1846): [757,111,758,1]
09-24 00:12:31.134 I/sysui_multi_action( 1846): [757,126,758,1,759,126,927,0,928,1,1593,1]
09-24 00:12:31.135 I/sysui_multi_action( 1846): [757,113,758,1,759,113,927,1,928,1,1593,1]
09-24 00:12:31.135 I/sysui_multi_action( 1846): [757,0,758,1,759,0,927,2,928,0,1593,1]
09-24 00:12:31.135 I/sysui_multi_action( 1846): [757,0,758,1,759,0,927,3,928,0,1593,1]
09-24 00:12:31.148 I/sysui_multi_action( 1846): [757,111,758,2]
09-24 00:12:31.148 I/sysui_multi_action( 1846): [757,111,758,2]
09-24 00:12:31.148 I/notification_enqueue( 1472): [10081,1846,com.android.systemui,2048,NULL,0,Notification(channel=updateNotification shortcut=null contentView=null vibrate=null sound=null defaults=0x0 flags=0x0 color=0x00000000 vis=PRIVATE),1]
09-24 00:12:31.150 I/sysui_multi_action( 1472): [757,1501,758,1,793,2061885,794,0,795,203,796,2048,806,com.android.systemui,857,updateNotification,858,3,947,0,1500,0,1688,1]
09-24 00:12:31.150 I/sysui_multi_action( 1472): [757,804,799,note_interruptive,801,0,802,1]
09-24 00:12:31.150 I/sysui_multi_action( 1472): [757,199,758,1,759,2,793,2061885,794,0,795,203,796,2048,806,com.android.systemui,857,updateNotification,858,3,947,0,1500,0,1688,1]
09-24 00:12:31.150 I/notification_alert( 1472): [0|com.android.systemui|2048|null|10081,0,1,0]
09-24 00:12:31.151 I/sysui_multi_action( 1846): [757,111,758,1]
09-24 00:12:31.151 I/sysui_multi_action( 1846): [757,126,758,1,759,126,927,0,928,1,1593,1]
09-24 00:12:31.151 I/sysui_multi_action( 1846): [757,113,758,1,759,113,927,1,928,1,1593,1]
09-24 00:12:31.151 I/sysui_multi_action( 1846): [757,0,758,1,759,0,927,2,928,0,1593,1]
09-24 00:12:31.151 I/sysui_multi_action( 1846): [757,0,758,1,759,0,927,3,928,0,1593,1]
09-24 00:12:31.151 I/sysui_multi_action( 1846): [757,1706,758,1,759,1706,927,4,928,0,1593,1]
09-24 00:12:31.152 I/sysui_multi_action( 1846): [757,491,758,1,759,491,927,5,928,0,1311,-1,1593,0]
09-24 00:12:31.152 I/sysui_multi_action( 1846): [757,0,758,1,759,0,927,6,928,0,1593,0]
09-24 00:12:31.152 I/sysui_multi_action( 1846): [757,114,758,1,759,114,927,7,928,0,1593,0]
09-24 00:12:31.152 I/sysui_multi_action( 1846): [757,111,758,1]
09-24 00:12:31.152 I/sysui_multi_action( 1846): [757,126,758,1,759,126,927,0,928,1,1593,1]
09-24 00:12:31.152 I/sysui_multi_action( 1846): [757,113,758,1,759,113,927,1,928,1,1593,1]
09-24 00:12:31.152 I/sysui_multi_action( 1846): [757,0,758,1,759,0,927,2,928,0,1593,1]
09-24 00:12:31.152 I/sysui_multi_action( 1846): [757,0,758,1,759,0,927,3,928,0,1593,1]
09-24 00:12:31.163 I/sysui_multi_action( 1846): [757,111,758,2]
09-24 00:12:31.163 I/sysui_multi_action( 1846): [757,111,758,2]
09-24 00:12:31.163 I/notification_enqueue( 1472): [10081,1846,com.android.systemui,2048,NULL,0,Notification(channel=updateNotification shortcut=null contentView=null vibrate=null sound=null defaults=0x0 flags=0x0 color=0x00000000 vis=PRIVATE),1]
09-24 00:12:31.167 I/sysui_multi_action( 1846): [757,111,758,1]
09-24 00:12:31.167 I/sysui_multi_action( 1846): [757,126,758,1,759,126,927,0,928,1,1593,1]
09-24 00:12:31.167 I/sysui_multi_action( 1846): [757,113,758,1,759,113,927,1,928,1,1593,1]
09-24 00:12:31.167 I/sysui_multi_action( 1846): [757,0,758,1,759,0,927,2,928,0,1593,1]
09-24 00:12:31.167 I/sysui_multi_action( 1846): [757,0,758,1,759,0,927,3,928,0,1593,1]
09-24 00:12:31.167 I/sysui_multi_action( 1846): [757,1706,758,1,759,1706,927,4,928,0,1593,1]
09-24 00:12:31.168 I/sysui_multi_action( 1846): [757,491,758,1,759,491,927,5,928,0,1311,-1,1593,0]
09-24 00:12:31.168 I/sysui_multi_action( 1846): [757,0,758,1,759,0,927,6,928,0,1593,1]
09-24 00:12:31.168 I/sysui_multi_action( 1846): [757,114,758,1,759,114,927,7,928,0,1593,1]
09-24 00:12:31.169 I/sysui_multi_action( 1846): [757,111,758,1]
09-24 00:12:31.169 I/sysui_multi_action( 1846): [757,126,758,1,759,126,927,0,928,1,1593,1]
09-24 00:12:31.169 I/sysui_multi_action( 1846): [757,113,758,1,759,113,927,1,928,1,1593,1]
09-24 00:12:31.169 I/sysui_multi_action( 1846): [757,0,758,1,759,0,927,2,928,0,1593,1]
09-24 00:12:31.169 I/sysui_multi_action( 1846): [757,0,758,1,759,0,927,3,928,0,1593,1]
09-24 00:12:31.180 I/sysui_multi_action( 1846): [757,111,758,2]
09-24 00:12:31.180 I/sysui_multi_action( 1846): [757,111,758,2]
09-24 00:12:31.180 I/notification_enqueue( 1472): [10081,1846,com.android.systemui,2048,NULL,0,Notification(channel=updateNotification shortcut=null contentView=null vibrate=null sound=null defaults=0x0 flags=0x0 color=0x00000000 vis=PRIVATE),1]
09-24 00:12:31.182 I/sysui_multi_action( 1846): [757,111,758,1]
09-24 00:12:31.183 I/sysui_multi_action( 1846): [757,126,758,1,759,126,927,0,928,1,1593,1]
09-24 00:12:31.183 I/sysui_multi_action( 1846): [757,113,758,1,759,113,927,1,928,1,1593,1]
09-24 00:12:31.183 I/sysui_multi_action( 1846): [757,0,758,1,759,0,927,2,928,0,1593,1]
09-24 00:12:31.183 I/sysui_multi_action( 1846): [757,0,758,1,759,0,927,3,928,0,1593,1]
09-24 00:12:31.183 I/sysui_multi_action( 1846): [757,1706,758,1,759,1706,927,4,928,0,1593,1]
09-24 00:12:31.183 I/sysui_multi_action( 1846): [757,491,758,1,759,491,927,5,928,0,1311,-1,1593,0]
09-24 00:12:31.183 I/sysui_multi_action( 1846): [757,0,758,1,759,0,927,6,928,0,1593,0]
09-24 00:12:31.183 I/sysui_multi_action( 1846): [757,114,758,1,759,114,927,7,928,0,1593,0]
09-24 00:12:31.183 I/sysui_multi_action( 1846): [757,111,758,1]
09-24 00:12:31.183 I/sysui_multi_action( 1846): [757,126,758,1,759,126,927,0,928,1,1593,1]
09-24 00:12:31.183 I/sysui_multi_action( 1846): [757,113,758,1,759,113,927,1,928,1,1593,1]
09-24 00:12:31.183 I/sysui_multi_action( 1846): [757,0,758,1,759,0,927,2,928,0,1593,1]
09-24 00:12:31.183 I/sysui_multi_action( 1846): [757,0,758,1,759,0,927,3,928,0,1593,1]
09-24 00:12:31.197 I/sysui_multi_action( 1846): [757,111,758,2]
09-24 00:12:31.198 I/sysui_multi_action( 1846): [757,111,758,2]
09-24 00:12:31.198 I/notification_enqueue( 1472): [10081,1846,com.android.systemui,2048,NULL,0,Notification(channel=updateNotification shortcut=null contentView=null vibrate=null sound=null defaults=0x0 flags=0x0 color=0x00000000 vis=PRIVATE),1]
09-24 00:12:31.207 I/sysui_multi_action( 1846): [757,111,758,1]
09-24 00:12:31.207 I/sysui_multi_action( 1846): [757,126,758,1,759,126,927,0,928,1,1593,1]
09-24 00:12:31.207 I/sysui_multi_action( 1846): [757,113,758,1,759,113,927,1,928,1,1593,1]
09-24 00:12:31.207 I/sysui_multi_action( 1846): [757,0,758,1,759,0,927,2,928,0,1593,1]
09-24 00:12:31.207 I/sysui_multi_action( 1846): [757,0,758,1,759,0,927,3,928,0,1593,1]
09-24 00:12:31.207 I/sysui_multi_action( 1846): [757,1706,758,1,759,1706,927,4,928,0,1593,1]
09-24 00:12:31.207 I/sysui_multi_action( 1846): [757,491,758,1,759,491,927,5,928,0,1311,-1,1593,0]
09-24 00:12:31.207 I/sysui_multi_action( 1846): [757,0,758,1,759,0,927,6,928,0,1593,0]
09-24 00:12:31.207 I/sysui_multi_action( 1846): [757,114,758,1,759,114,927,7,928,0,1593,0]
09-24 00:12:31.207 I/sysui_multi_action( 1846): [757,111,758,1]
09-24 00:12:31.207 I/sysui_multi_action( 1846): [757,126,758,1,759,126,927,0,928,1,1593,1]
09-24 00:12:31.207 I/sysui_multi_action( 1846): [757,113,758,1,759,113,927,1,928,1,1593,1]
09-24 00:12:31.207 I/sysui_multi_action( 1846): [757,0,758,1,759,0,927,2,928,0,1593,1]
09-24 00:12:31.208 I/sysui_multi_action( 1846): [757,0,758,1,759,0,927,3,928,0,1593,1]
09-24 00:12:31.215 I/notification_enqueue( 1472): [10081,1846,com.android.systemui,2048,NULL,0,Notification(channel=updateNotification shortcut=null contentView=null vibrate=null sound=null defaults=0x0 flags=0x0 color=0x00000000 vis=PRIVATE),1]
09-24 00:12:31.216 I/sysui_multi_action( 1846): [757,111,758,2]
09-24 00:12:31.216 I/sysui_multi_action( 1846): [757,111,758,2]
09-24 00:12:31.217 I/sysui_multi_action( 1472): [757,127,758,2]
09-24 00:12:31.217 I/notification_panel_hidden( 1472):
09-24 00:12:31.224 I/sysui_multi_action( 1846): [757,111,758,1]
09-24 00:12:31.224 I/sysui_multi_action( 1846): [757,126,758,1,759,126,927,0,928,1,1593,1]
09-24 00:12:31.224 I/sysui_multi_action( 1846): [757,113,758,1,759,113,927,1,928,1,1593,1]
09-24 00:12:31.224 I/sysui_multi_action( 1846): [757,0,758,1,759,0,927,2,928,0,1593,1]
09-24 00:12:31.224 I/sysui_multi_action( 1846): [757,0,758,1,759,0,927,3,928,0,1593,1]
09-24 00:12:31.224 I/sysui_multi_action( 1846): [757,1706,758,1,759,1706,927,4,928,0,1593,1]
09-24 00:12:31.225 I/sysui_multi_action( 1846): [757,491,758,1,759,491,927,5,928,0,1311,-1,1593,0]
09-24 00:12:31.225 I/sysui_multi_action( 1846): [757,0,758,1,759,0,927,6,928,0,1593,0]
09-24 00:12:31.225 I/sysui_multi_action( 1846): [757,114,758,1,759,114,927,7,928,0,1593,0]
09-24 00:12:31.225 I/sysui_multi_action( 1846): [757,111,758,1]
09-24 00:12:31.225 I/sysui_multi_action( 1846): [757,126,758,1,759,126,927,0,928,1,1593,1]
09-24 00:12:31.225 I/sysui_multi_action( 1846): [757,113,758,1,759,113,927,1,928,1,1593,1]
09-24 00:12:31.225 I/sysui_multi_action( 1846): [757,0,758,1,759,0,927,2,928,0,1593,1]
09-24 00:12:31.225 I/sysui_multi_action( 1846): [757,0,758,1,759,0,927,3,928,0,1593,1]
09-24 00:12:31.886 I/input_interaction( 1472): Interaction with: 258de5e com.android.launcher3/com.android.launcher3.uioverrides.QuickstepLauncher (server), 8075f25 com.android.systemui.ImageWallpaper (server), edge-swipe (server), swipe-up (server), PointerEventDispatcher0 (server),
09-24 00:12:31.944 I/sysui_multi_action( 1472): [757,127,758,1]
09-24 00:12:31.944 I/sysui_multi_action( 1472): [757,804,799,note_load,801,2,802,1]
09-24 00:12:31.944 I/notification_panel_revealed( 1472): 2
09-24 00:12:31.961 I/input_focus( 1472): [Focus request 818159c NotificationShade,reason=UpdateInputWindows]
09-24 00:12:31.982 I/input_focus( 1472): [Focus leaving 258de5e com.android.launcher3/com.android.launcher3.uioverrides.QuickstepLauncher (server),reason=setFocusedWindow]
09-24 00:12:31.982 I/input_focus( 1472): [Focus entering 818159c NotificationShade (server),reason=setFocusedWindow]
09-24 00:12:31.993 I/input_interaction( 1472): Interaction with: 258de5e com.android.launcher3/com.android.launcher3.uioverrides.QuickstepLauncher (server), 8075f25 com.android.systemui.ImageWallpaper (server), 818159c NotificationShade (server), edge-swipe (server), swipe-up (server), PointerEventDispatcher0 (server),
09-24 00:12:31.993 I/view_enqueue_input_event( 2335): [Motion - Cancel,com.android.launcher3/com.android.launcher3.uioverrides.QuickstepLauncher]
09-24 00:12:31.994 I/sysui_multi_action( 1846): [757,803,799,panel_open,802,1]
09-24 00:12:31.994 I/sysui_multi_action( 1846): [757,1328,758,4,1326,39,1327,18,1329,0]
09-24 00:12:32.007 I/input_interaction( 1472): Interaction with: 8075f25 com.android.systemui.ImageWallpaper (server), 818159c NotificationShade (server), edge-swipe (server), swipe-up (server), PointerEventDispatcher0 (server),
09-24 00:12:32.017 I/sysui_multi_action( 1846): [757,111,758,2]
09-24 00:12:32.018 I/sysui_multi_action( 1846): [757,111,758,2]
09-24 00:12:32.018 I/notification_enqueue( 1472): [10081,1846,com.android.systemui,2048,NULL,0,Notification(channel=updateNotification shortcut=null contentView=null vibrate=null sound=null defaults=0x0 flags=0x0 color=0x00000000 vis=PRIVATE),1]
09-24 00:12:32.023 I/sysui_multi_action( 1846): [757,111,758,1]
09-24 00:12:32.024 I/sysui_multi_action( 1846): [757,126,758,1,759,126,927,0,928,1,1593,0]
09-24 00:12:32.024 I/sysui_multi_action( 1846): [757,113,758,1,759,113,927,1,928,1,1593,0]
09-24 00:12:32.024 I/sysui_multi_action( 1846): [757,0,758,1,759,0,927,2,928,0,1593,0]
09-24 00:12:32.024 I/sysui_multi_action( 1846): [757,0,758,1,759,0,927,3,928,0,1593,0]
09-24 00:12:32.024 I/sysui_multi_action( 1846): [757,1706,758,1,759,1706,927,4,928,0,1593,0]
09-24 00:12:32.025 I/sysui_multi_action( 1846): [757,491,758,1,759,491,927,5,928,0,1311,-1,1593,0]
09-24 00:12:32.025 I/sysui_multi_action( 1846): [757,0,758,1,759,0,927,6,928,0,1593,0]
09-24 00:12:32.025 I/sysui_multi_action( 1846): [757,114,758,1,759,114,927,7,928,0,1593,0]
09-24 00:12:32.025 I/sysui_multi_action( 1846): [757,111,758,1]
09-24 00:12:32.025 I/sysui_multi_action( 1846): [757,126,758,1,759,126,927,0,928,1,1593,0]
09-24 00:12:32.025 I/sysui_multi_action( 1846): [757,113,758,1,759,113,927,1,928,1,1593,0]
09-24 00:12:32.025 I/sysui_multi_action( 1846): [757,0,758,1,759,0,927,2,928,0,1593,0]
09-24 00:12:32.026 I/sysui_multi_action( 1846): [757,0,758,1,759,0,927,3,928,0,1593,0]
09-24 00:12:32.037 I/sysui_multi_action( 1846): [757,111,758,2]
09-24 00:12:32.037 I/sysui_multi_action( 1846): [757,111,758,2]
09-24 00:12:32.037 I/notification_enqueue( 1472): [10081,1846,com.android.systemui,2048,NULL,0,Notification(channel=updateNotification shortcut=null contentView=null vibrate=null sound=null defaults=0x0 flags=0x0 color=0x00000000 vis=PRIVATE),1]
09-24 00:12:32.042 I/sysui_multi_action( 1846): [757,111,758,1]
09-24 00:12:32.042 I/sysui_multi_action( 1846): [757,126,758,1,759,126,927,0,928,1,1593,0]
09-24 00:12:32.043 I/sysui_multi_action( 1846): [757,113,758,1,759,113,927,1,928,1,1593,0]
09-24 00:12:32.043 I/sysui_multi_action( 1846): [757,0,758,1,759,0,927,2,928,0,1593,0]
09-24 00:12:32.043 I/sysui_multi_action( 1846): [757,0,758,1,759,0,927,3,928,0,1593,0]
09-24 00:12:32.043 I/sysui_multi_action( 1846): [757,1706,758,1,759,1706,927,4,928,0,1593,0]
09-24 00:12:32.043 I/sysui_multi_action( 1846): [757,491,758,1,759,491,927,5,928,0,1311,-1,1593,0]
09-24 00:12:32.044 I/sysui_multi_action( 1846): [757,0,758,1,759,0,927,6,928,0,1593,0]
09-24 00:12:32.044 I/sysui_multi_action( 1846): [757,114,758,1,759,114,927,7,928,0,1593,0]
09-24 00:12:32.044 I/sysui_multi_action( 1846): [757,111,758,1]
09-24 00:12:32.044 I/sysui_multi_action( 1846): [757,126,758,1,759,126,927,0,928,1,1593,0]
09-24 00:12:32.044 I/sysui_multi_action( 1846): [757,113,758,1,759,113,927,1,928,1,1593,0]
09-24 00:12:32.044 I/sysui_multi_action( 1846): [757,0,758,1,759,0,927,2,928,0,1593,0]
09-24 00:12:32.044 I/sysui_multi_action( 1846): [757,0,758,1,759,0,927,3,928,0,1593,0]
09-24 00:12:32.056 I/sysui_multi_action( 1846): [757,111,758,2]
09-24 00:12:32.056 I/sysui_multi_action( 1846): [757,111,758,2]
09-24 00:12:32.056 I/notification_enqueue( 1472): [10081,1846,com.android.systemui,2048,NULL,0,Notification(channel=updateNotification shortcut=null contentView=null vibrate=null sound=null defaults=0x0 flags=0x0 color=0x00000000 vis=PRIVATE),1]
09-24 00:12:32.060 I/sysui_multi_action( 1846): [757,111,758,1]
09-24 00:12:32.060 I/sysui_multi_action( 1846): [757,126,758,1,759,126,927,0,928,1,1593,0]
09-24 00:12:32.060 I/sysui_multi_action( 1846): [757,113,758,1,759,113,927,1,928,1,1593,0]
09-24 00:12:32.060 I/sysui_multi_action( 1846): [757,0,758,1,759,0,927,2,928,0,1593,0]
09-24 00:12:32.060 I/sysui_multi_action( 1846): [757,0,758,1,759,0,927,3,928,0,1593,0]
09-24 00:12:32.060 I/sysui_multi_action( 1846): [757,1706,758,1,759,1706,927,4,928,0,1593,0]
09-24 00:12:32.060 I/sysui_multi_action( 1846): [757,491,758,1,759,491,927,5,928,0,1311,-1,1593,0]
09-24 00:12:32.061 I/sysui_multi_action( 1846): [757,0,758,1,759,0,927,6,928,0,1593,0]
09-24 00:12:32.061 I/sysui_multi_action( 1846): [757,114,758,1,759,114,927,7,928,0,1593,0]
09-24 00:12:32.061 I/sysui_multi_action( 1846): [757,111,758,1]
09-24 00:12:32.061 I/sysui_multi_action( 1846): [757,126,758,1,759,126,927,0,928,1,1593,0]
09-24 00:12:32.061 I/sysui_multi_action( 1846): [757,113,758,1,759,113,927,1,928,1,1593,0]
09-24 00:12:32.061 I/sysui_multi_action( 1846): [757,0,758,1,759,0,927,2,928,0,1593,0]
09-24 00:12:32.061 I/sysui_multi_action( 1846): [757,0,758,1,759,0,927,3,928,0,1593,0]
09-24 00:12:32.071 I/sysui_multi_action( 1846): [757,111,758,2]
09-24 00:12:32.071 I/sysui_multi_action( 1846): [757,111,758,2]
09-24 00:12:32.071 I/notification_enqueue( 1472): [10081,1846,com.android.systemui,2048,NULL,0,Notification(channel=updateNotification shortcut=null contentView=null vibrate=null sound=null defaults=0x0 flags=0x0 color=0x00000000 vis=PRIVATE),1]
09-24 00:12:32.076 I/sysui_multi_action( 1846): [757,111,758,1]
09-24 00:12:32.076 I/sysui_multi_action( 1846): [757,126,758,1,759,126,927,0,928,1,1593,0]
09-24 00:12:32.076 I/sysui_multi_action( 1846): [757,113,758,1,759,113,927,1,928,1,1593,0]
09-24 00:12:32.076 I/sysui_multi_action( 1846): [757,0,758,1,759,0,927,2,928,0,1593,0]
09-24 00:12:32.076 I/sysui_multi_action( 1846): [757,0,758,1,759,0,927,3,928,0,1593,0]
09-24 00:12:32.076 I/sysui_multi_action( 1846): [757,1706,758,1,759,1706,927,4,928,0,1593,0]
09-24 00:12:32.077 I/sysui_multi_action( 1846): [757,491,758,1,759,491,927,5,928,0,1311,-1,1593,0]
09-24 00:12:32.077 I/sysui_multi_action( 1846): [757,0,758,1,759,0,927,6,928,0,1593,0]
09-24 00:12:32.077 I/sysui_multi_action( 1846): [757,114,758,1,759,114,927,7,928,0,1593,0]
09-24 00:12:32.077 I/sysui_multi_action( 1846): [757,111,758,1]
09-24 00:12:32.077 I/sysui_multi_action( 1846): [757,126,758,1,759,126,927,0,928,1,1593,0]
09-24 00:12:32.077 I/sysui_multi_action( 1846): [757,113,758,1,759,113,927,1,928,1,1593,0]
09-24 00:12:32.077 I/sysui_multi_action( 1846): [757,0,758,1,759,0,927,2,928,0,1593,0]
09-24 00:12:32.077 I/sysui_multi_action( 1846): [757,0,758,1,759,0,927,3,928,0,1593,0]
09-24 00:12:32.087 I/sysui_multi_action( 1846): [757,111,758,2]
09-24 00:12:32.088 I/sysui_multi_action( 1846): [757,111,758,2]
09-24 00:12:32.088 I/notification_enqueue( 1472): [10081,1846,com.android.systemui,2048,NULL,0,Notification(channel=updateNotification shortcut=null contentView=null vibrate=null sound=null defaults=0x0 flags=0x0 color=0x00000000 vis=PRIVATE),1]
09-24 00:12:32.092 I/sysui_multi_action( 1846): [757,111,758,1]
09-24 00:12:32.092 I/sysui_multi_action( 1846): [757,126,758,1,759,126,927,0,928,1,1593,0]
09-24 00:12:32.092 I/sysui_multi_action( 1846): [757,113,758,1,759,113,927,1,928,1,1593,0]
09-24 00:12:32.092 I/sysui_multi_action( 1846): [757,0,758,1,759,0,927,2,928,0,1593,0]
09-24 00:12:32.092 I/sysui_multi_action( 1846): [757,0,758,1,759,0,927,3,928,0,1593,0]
09-24 00:12:32.092 I/sysui_multi_action( 1846): [757,1706,758,1,759,1706,927,4,928,0,1593,0]
09-24 00:12:32.092 I/sysui_multi_action( 1846): [757,491,758,1,759,491,927,5,928,0,1311,-1,1593,0]
09-24 00:12:32.093 I/sysui_multi_action( 1846): [757,0,758,1,759,0,927,6,928,0,1593,0]
09-24 00:12:32.093 I/sysui_multi_action( 1846): [757,114,758,1,759,114,927,7,928,0,1593,0]
09-24 00:12:32.093 I/sysui_multi_action( 1846): [757,111,758,1]
09-24 00:12:32.093 I/sysui_multi_action( 1846): [757,126,758,1,759,126,927,0,928,1,1593,0]
09-24 00:12:32.093 I/sysui_multi_action( 1846): [757,113,758,1,759,113,927,1,928,1,1593,0]
09-24 00:12:32.093 I/sysui_multi_action( 1846): [757,0,758,1,759,0,927,2,928,0,1593,0]
09-24 00:12:32.093 I/sysui_multi_action( 1846): [757,0,758,1,759,0,927,3,928,0,1593,0]
09-24 00:12:32.101 I/sysui_multi_action( 1846): [757,111,758,2]
09-24 00:12:32.102 I/sysui_multi_action( 1846): [757,111,758,2]
09-24 00:12:32.102 I/notification_enqueue( 1472): [10081,1846,com.android.systemui,2048,NULL,0,Notification(channel=updateNotification shortcut=null contentView=null vibrate=null sound=null defaults=0x0 flags=0x0 color=0x00000000 vis=PRIVATE),1]
09-24 00:12:32.105 I/sysui_multi_action( 1846): [757,111,758,1]
09-24 00:12:32.106 I/sysui_multi_action( 1846): [757,126,758,1,759,126,927,0,928,1,1593,0]
09-24 00:12:32.106 I/sysui_multi_action( 1846): [757,113,758,1,759,113,927,1,928,1,1593,0]
09-24 00:12:32.106 I/sysui_multi_action( 1846): [757,0,758,1,759,0,927,2,928,0,1593,0]
09-24 00:12:32.106 I/sysui_multi_action( 1846): [757,0,758,1,759,0,927,3,928,0,1593,0]
09-24 00:12:32.106 I/sysui_multi_action( 1846): [757,1706,758,1,759,1706,927,4,928,0,1593,0]
09-24 00:12:32.106 I/sysui_multi_action( 1846): [757,491,758,1,759,491,927,5,928,0,1311,-1,1593,0]
09-24 00:12:32.106 I/sysui_multi_action( 1846): [757,0,758,1,759,0,927,6,928,0,1593,0]
09-24 00:12:32.106 I/sysui_multi_action( 1846): [757,114,758,1,759,114,927,7,928,0,1593,0]
09-24 00:12:32.106 I/sysui_multi_action( 1846): [757,111,758,1]
09-24 00:12:32.106 I/sysui_multi_action( 1846): [757,126,758,1,759,126,927,0,928,1,1593,0]
09-24 00:12:32.107 I/sysui_multi_action( 1846): [757,113,758,1,759,113,927,1,928,1,1593,0]
09-24 00:12:32.107 I/sysui_multi_action( 1846): [757,0,758,1,759,0,927,2,928,0,1593,0]
09-24 00:12:32.107 I/sysui_multi_action( 1846): [757,0,758,1,759,0,927,3,928,0,1593,0]
09-24 00:12:32.116 I/sysui_multi_action( 1846): [757,111,758,2]
09-24 00:12:32.116 I/sysui_multi_action( 1846): [757,111,758,2]
09-24 00:12:32.116 I/notification_enqueue( 1472): [10081,1846,com.android.systemui,2048,NULL,0,Notification(channel=updateNotification shortcut=null contentView=null vibrate=null sound=null defaults=0x0 flags=0x0 color=0x00000000 vis=PRIVATE),1]
09-24 00:12:32.118 I/sysui_multi_action( 1846): [757,111,758,1]
09-24 00:12:32.118 I/sysui_multi_action( 1846): [757,126,758,1,759,126,927,0,928,1,1593,0]
09-24 00:12:32.118 I/sysui_multi_action( 1846): [757,113,758,1,759,113,927,1,928,1,1593,0]
09-24 00:12:32.118 I/sysui_multi_action( 1846): [757,0,758,1,759,0,927,2,928,0,1593,0]
09-24 00:12:32.118 I/sysui_multi_action( 1846): [757,0,758,1,759,0,927,3,928,0,1593,0]
09-24 00:12:32.118 I/sysui_multi_action( 1846): [757,1706,758,1,759,1706,927,4,928,0,1593,0]
09-24 00:12:32.119 I/sysui_multi_action( 1846): [757,491,758,1,759,491,927,5,928,0,1311,-1,1593,0]
09-24 00:12:32.119 I/sysui_multi_action( 1846): [757,0,758,1,759,0,927,6,928,0,1593,0]
09-24 00:12:32.119 I/sysui_multi_action( 1846): [757,114,758,1,759,114,927,7,928,0,1593,0]
09-24 00:12:32.119 I/sysui_multi_action( 1846): [757,111,758,1]
09-24 00:12:32.119 I/sysui_multi_action( 1846): [757,126,758,1,759,126,927,0,928,1,1593,0]
09-24 00:12:32.119 I/sysui_multi_action( 1846): [757,113,758,1,759,113,927,1,928,1,1593,0]
09-24 00:12:32.119 I/sysui_multi_action( 1846): [757,0,758,1,759,0,927,2,928,0,1593,0]
09-24 00:12:32.119 I/sysui_multi_action( 1846): [757,0,758,1,759,0,927,3,928,0,1593,0]
09-24 00:12:32.132 I/sysui_multi_action( 1846): [757,111,758,2]
09-24 00:12:32.133 I/sysui_multi_action( 1846): [757,111,758,2]
09-24 00:12:32.133 I/notification_enqueue( 1472): [10081,1846,com.android.systemui,2048,NULL,0,Notification(channel=updateNotification shortcut=null contentView=null vibrate=null sound=null defaults=0x0 flags=0x0 color=0x00000000 vis=PRIVATE),1]
09-24 00:12:32.136 I/sysui_multi_action( 1846): [757,111,758,1]
09-24 00:12:32.136 I/sysui_multi_action( 1846): [757,126,758,1,759,126,927,0,928,1,1593,0]
09-24 00:12:32.137 I/sysui_multi_action( 1846): [757,113,758,1,759,113,927,1,928,1,1593,0]
09-24 00:12:32.137 I/sysui_multi_action( 1846): [757,0,758,1,759,0,927,2,928,0,1593,0]
09-24 00:12:32.137 I/sysui_multi_action( 1846): [757,0,758,1,759,0,927,3,928,0,1593,0]
09-24 00:12:32.137 I/sysui_multi_action( 1846): [757,1706,758,1,759,1706,927,4,928,0,1593,0]
09-24 00:12:32.137 I/sysui_multi_action( 1846): [757,491,758,1,759,491,927,5,928,0,1311,-1,1593,0]
09-24 00:12:32.137 I/sysui_multi_action( 1846): [757,0,758,1,759,0,927,6,928,0,1593,0]
09-24 00:12:32.137 I/sysui_multi_action( 1846): [757,114,758,1,759,114,927,7,928,0,1593,0]
09-24 00:12:32.137 I/sysui_multi_action( 1846): [757,111,758,1]
09-24 00:12:32.138 I/sysui_multi_action( 1846): [757,126,758,1,759,126,927,0,928,1,1593,0]
09-24 00:12:32.138 I/sysui_multi_action( 1846): [757,113,758,1,759,113,927,1,928,1,1593,0]
09-24 00:12:32.138 I/sysui_multi_action( 1846): [757,0,758,1,759,0,927,2,928,0,1593,0]
09-24 00:12:32.138 I/sysui_multi_action( 1846): [757,0,758,1,759,0,927,3,928,0,1593,0]
09-24 00:12:32.150 I/sysui_multi_action( 1846): [757,111,758,2]
09-24 00:12:32.150 I/sysui_multi_action( 1846): [757,111,758,2]
09-24 00:12:32.150 I/notification_enqueue( 1472): [10081,1846,com.android.systemui,2048,NULL,0,Notification(channel=updateNotification shortcut=null contentView=null vibrate=null sound=null defaults=0x0 flags=0x0 color=0x00000000 vis=PRIVATE),1]
09-24 00:12:32.154 I/sysui_multi_action( 1846): [757,111,758,1]
09-24 00:12:32.154 I/sysui_multi_action( 1846): [757,126,758,1,759,126,927,0,928,1,1593,0]
09-24 00:12:32.154 I/sysui_multi_action( 1846): [757,113,758,1,759,113,927,1,928,1,1593,0]
09-24 00:12:32.154 I/sysui_multi_action( 1846): [757,0,758,1,759,0,927,2,928,0,1593,0]
09-24 00:12:32.155 I/sysui_multi_action( 1846): [757,0,758,1,759,0,927,3,928,0,1593,0]
09-24 00:12:32.155 I/sysui_multi_action( 1846): [757,1706,758,1,759,1706,927,4,928,0,1593,0]
09-24 00:12:32.155 I/sysui_multi_action( 1846): [757,491,758,1,759,491,927,5,928,0,1311,-1,1593,0]
09-24 00:12:32.155 I/sysui_multi_action( 1846): [757,0,758,1,759,0,927,6,928,0,1593,0]
09-24 00:12:32.155 I/sysui_multi_action( 1846): [757,114,758,1,759,114,927,7,928,0,1593,0]
09-24 00:12:32.155 I/sysui_multi_action( 1846): [757,111,758,1]
09-24 00:12:32.155 I/sysui_multi_action( 1846): [757,126,758,1,759,126,927,0,928,1,1593,0]
09-24 00:12:32.155 I/sysui_multi_action( 1846): [757,113,758,1,759,113,927,1,928,1,1593,0]
09-24 00:12:32.156 I/sysui_multi_action( 1846): [757,0,758,1,759,0,927,2,928,0,1593,0]
09-24 00:12:32.156 I/sysui_multi_action( 1846): [757,0,758,1,759,0,927,3,928,0,1593,0]
09-24 00:12:32.167 I/sysui_multi_action( 1846): [757,111,758,2]
09-24 00:12:32.167 I/sysui_multi_action( 1846): [757,111,758,2]
09-24 00:12:32.167 I/notification_enqueue( 1472): [10081,1846,com.android.systemui,2048,NULL,0,Notification(channel=updateNotification shortcut=null contentView=null vibrate=null sound=null defaults=0x0 flags=0x0 color=0x00000000 vis=PRIVATE),1]
09-24 00:12:32.171 I/sysui_multi_action( 1846): [757,111,758,1]
09-24 00:12:32.171 I/sysui_multi_action( 1846): [757,126,758,1,759,126,927,0,928,1,1593,0]
09-24 00:12:32.171 I/sysui_multi_action( 1846): [757,113,758,1,759,113,927,1,928,1,1593,0]
09-24 00:12:32.171 I/sysui_multi_action( 1846): [757,0,758,1,759,0,927,2,928,0,1593,0]
09-24 00:12:32.171 I/sysui_multi_action( 1846): [757,0,758,1,759,0,927,3,928,0,1593,0]
09-24 00:12:32.171 I/sysui_multi_action( 1846): [757,1706,758,1,759,1706,927,4,928,0,1593,0]
09-24 00:12:32.172 I/sysui_multi_action( 1846): [757,491,758,1,759,491,927,5,928,0,1311,-1,1593,0]
09-24 00:12:32.172 I/sysui_multi_action( 1846): [757,0,758,1,759,0,927,6,928,0,1593,0]
09-24 00:12:32.172 I/sysui_multi_action( 1846): [757,114,758,1,759,114,927,7,928,0,1593,0]
09-24 00:12:32.172 I/sysui_multi_action( 1846): [757,111,758,1]
09-24 00:12:32.172 I/sysui_multi_action( 1846): [757,126,758,1,759,126,927,0,928,1,1593,0]
09-24 00:12:32.172 I/sysui_multi_action( 1846): [757,113,758,1,759,113,927,1,928,1,1593,0]
09-24 00:12:32.172 I/sysui_multi_action( 1846): [757,0,758,1,759,0,927,2,928,0,1593,0]
09-24 00:12:32.172 I/sysui_multi_action( 1846): [757,0,758,1,759,0,927,3,928,0,1593,0]
09-24 00:12:32.183 I/sysui_multi_action( 1846): [757,111,758,2]
09-24 00:12:32.183 I/sysui_multi_action( 1846): [757,111,758,2]
09-24 00:12:32.183 I/notification_enqueue( 1472): [10081,1846,com.android.systemui,2048,NULL,0,Notification(channel=updateNotification shortcut=null contentView=null vibrate=null sound=null defaults=0x0 flags=0x0 color=0x00000000 vis=PRIVATE),1]
09-24 00:12:32.186 I/sysui_multi_action( 1846): [757,111,758,1]
09-24 00:12:32.187 I/sysui_multi_action( 1846): [757,126,758,1,759,126,927,0,928,1,1593,0]
09-24 00:12:32.187 I/sysui_multi_action( 1846): [757,113,758,1,759,113,927,1,928,1,1593,0]
09-24 00:12:32.187 I/sysui_multi_action( 1846): [757,0,758,1,759,0,927,2,928,0,1593,0]
09-24 00:12:32.187 I/sysui_multi_action( 1846): [757,0,758,1,759,0,927,3,928,0,1593,0]
09-24 00:12:32.187 I/sysui_multi_action( 1846): [757,1706,758,1,759,1706,927,4,928,0,1593,0]
09-24 00:12:32.187 I/sysui_multi_action( 1846): [757,491,758,1,759,491,927,5,928,0,1311,-1,1593,0]
09-24 00:12:32.187 I/sysui_multi_action( 1846): [757,0,758,1,759,0,927,6,928,0,1593,0]
09-24 00:12:32.187 I/sysui_multi_action( 1846): [757,114,758,1,759,114,927,7,928,0,1593,0]
09-24 00:12:32.187 I/sysui_multi_action( 1846): [757,111,758,1]
09-24 00:12:32.188 I/sysui_multi_action( 1846): [757,126,758,1,759,126,927,0,928,1,1593,0]
09-24 00:12:32.188 I/sysui_multi_action( 1846): [757,113,758,1,759,113,927,1,928,1,1593,0]
09-24 00:12:32.188 I/sysui_multi_action( 1846): [757,0,758,1,759,0,927,2,928,0,1593,0]
09-24 00:12:32.188 I/sysui_multi_action( 1846): [757,0,758,1,759,0,927,3,928,0,1593,0]
09-24 00:12:32.220 I/sysui_multi_action( 1472): [757,1501,758,1,793,2062955,794,0,795,204,796,2048,806,com.android.systemui,857,updateNotification,858,3,947,0,1500,0,1688,1]
09-24 00:12:32.220 I/sysui_multi_action( 1472): [757,804,799,note_interruptive,801,0,802,1]
09-24 00:12:32.221 I/sysui_multi_action( 1472): [757,199,758,1,759,2,793,2062955,794,0,795,204,796,2048,806,com.android.systemui,857,updateNotification,858,3,947,0,1500,0,1688,1]
09-24 00:12:32.221 I/notification_alert( 1472): [0|com.android.systemui|2048|null|10081,0,1,0]
09-24 00:12:32.475 I/sysui_multi_action( 1472): [757,128,758,1,793,395810,794,0,795,395810,796,26,798,0,806,android,857,DEVELOPER_IMPORTANT,858,4,947,0,1395,2,1500,395604,1688,1]
09-24 00:12:32.475 I/sysui_multi_action( 1472): [757,804,799,note_freshness,801,395810,802,1]
09-24 00:12:32.475 I/notification_visibility( 1472): [-1|android|26|null|1000,1,395810,395810,0,0]
09-24 00:12:32.476 I/sysui_multi_action( 1472): [757,128,758,1,793,395813,794,0,795,395813,796,32,798,1,806,android,857,USB,858,1,947,0,1395,2,1500,395610,1688,1]
09-24 00:12:32.476 I/sysui_multi_action( 1472): [757,804,799,note_freshness,801,395813,802,1]
09-24 00:12:32.476 I/notification_visibility( 1472): [-1|android|32|null|1000,1,395813,395813,0,1]
09-24 00:12:32.651 I/service_manager_stats( 1472): [100,63,13142]
09-24 00:12:34.677 I/input_interaction( 1472): Interaction with: 818159c NotificationShade (server), edge-swipe (server), swipe-up (server), PointerEventDispatcher0 (server),
09-24 00:12:41.611 I/commit_sys_config_file( 1472): [settings-2-0,5]
09-24 00:12:44.033 I/commit_sys_config_file( 1472): [settings-2-0,5]
09-24 00:12:46.775 I/commit_sys_config_file( 1472): [settings-2-0,4]
09-24 00:12:48.589 I/am_freeze( 1472): [5050,com.android.documentsui]
09-24 00:12:48.590 I/am_kill ( 1472): [0,5050,com.android.documentsui,975,Unable to freeze binder interface]
09-24 00:12:48.616 I/am_proc_died( 1472): [0,5050,com.android.documentsui,975,19]
09-24 00:12:48.617 I/am_uid_stopped( 1472): 10031
09-24 00:12:48.621 I/am_freeze( 1472): [5078,com.android.music]
09-24 00:12:48.623 I/am_freeze( 1472): [5084,com.thundercomm.mcuupgrade]
09-24 00:12:48.624 I/am_kill ( 1472): [0,5078,com.android.music,975,Unable to freeze binder interface]
09-24 00:12:48.625 I/am_kill ( 1472): [0,5084,com.thundercomm.mcuupgrade,975,Unable to freeze binder interface]
09-24 00:12:48.649 I/am_proc_died( 1472): [0,5084,com.thundercomm.mcuupgrade,975,19]
09-24 00:12:48.651 I/am_proc_died( 1472): [0,5078,com.android.music,975,19]
09-24 00:12:48.652 I/am_uid_stopped( 1472): 10062
09-24 00:12:48.910 I/am_freeze( 1472): [5166,com.android.externalstorage]
09-24 00:12:48.912 I/am_kill ( 1472): [0,5166,com.android.externalstorage,965,Unable to freeze binder interface]
09-24 00:12:48.940 I/am_proc_died( 1472): [0,5166,com.android.externalstorage,965,19]
09-24 00:12:48.940 I/am_uid_stopped( 1472): 10019
09-24 00:12:48.962 I/am_freeze( 1472): [5183,com.android.traceur]
09-24 00:12:48.964 I/am_kill ( 1472): [0,5183,com.android.traceur,965,Unable to freeze binder interface]
09-24 00:12:48.997 I/am_proc_died( 1472): [0,5183,com.android.traceur,965,19]
09-24 00:12:48.998 I/am_uid_stopped( 1472): 10032
09-24 00:12:49.480 I/commit_sys_config_file( 1472): [settings-2-0,5]
09-24 00:12:51.581 I/service_manager_stats( 1472): [100,49,18929]
09-24 00:12:51.703 I/commit_sys_config_file( 1472): [settings-2-0,5]
09-24 00:13:00.468 I/storage_state( 1472): [41217664-9172-527a-b3d5-edabb50a7d69,0,0,41326104576,48316284928]
09-24 00:13:03.697 I/commit_sys_config_file( 1472): [settings-2-0,5]
09-24 00:13:07.397 I/ntp_failure( 1472): [time.android.com,java.net.UnknownHostException: Unable to resolve host "time.android.com": No address associated with hostname]
09-24 00:13:09.212 I/commit_sys_config_file( 1472): [settings-2-0,6]
09-24 00:13:11.517 I/commit_sys_config_file( 1472): [settings-2-0,5]
09-24 00:13:15.442 I/service_manager_stats( 1472): [100,59,23862]
09-24 00:13:15.464 I/am_uid_running( 1472): 10100
09-24 00:13:15.480 I/am_proc_start( 1472): [0,7697,10100,com.qiyi.video.pad,service,{com.qiyi.video.pad/org.qiyi.android.tile.SearchTileService}]
09-24 00:13:15.509 I/am_proc_bound( 1472): [0,7697,com.qiyi.video.pad]
09-24 00:13:15.685 I/commit_sys_config_file( 1472): [settings-2-0,47]
09-24 00:13:16.020 I/sysui_multi_action( 1472): [757,856,758,1,806,com.qiyi.video.pad,857,Heytap PUSH,858,3]
09-24 00:13:16.273 I/commit_sys_config_file( 1472): [notification-policy,2117756]
09-24 00:13:17.764 I/commit_sys_config_file( 1472): [settings-2-0,3]
09-24 00:13:20.786 I/am_uid_idle( 1472): 10067
09-24 00:13:21.506 I/commit_sys_config_file( 1472): [settings-2-0,4]
09-24 00:13:23.852 I/commit_sys_config_file( 1472): [settings-2-0,5]
09-24 00:13:25.509 I/commit_sys_config_file( 1472): [package-user-0,5]
09-24 00:13:27.789 I/commit_sys_config_file( 1472): [settings-2-0,4]
09-24 00:13:29.929 I/commit_sys_config_file( 1472): [settings-2-0,6]
09-24 00:13:34.487 I/service_manager_stats( 1472): [100,66,19044]
09-24 00:13:35.206 I/commit_sys_config_file( 1472): [settings-2-0,4]
09-24 00:13:37.118 I/am_uid_running( 1472): 10106
09-24 00:13:37.134 I/am_proc_start( 1472): [0,7881,10106,com.smile.gifmaker,service,{com.smile.gifmaker/com.kwai.gifshow.post.api.feature.record.RecordQuickSettingService}]
09-24 00:13:37.161 I/am_proc_bound( 1472): [0,7881,com.smile.gifmaker]
09-24 00:13:37.295 I/commit_sys_config_file( 1472): [settings-2-0,4]
09-24 00:13:37.367 I/auditd ( 7881): type=1400 audit(0.0:849): avc: denied { read } for comm="pool-2-thread-5" name="u:object_r:serialno_prop:s0" dev="tmpfs" ino=3343 scontext=u:r:untrusted_app_29:s0:c106,c256,c512,c768 tcontext=u:object_r:serialno_prop:s0 tclass=file permissive=0 app=com.smile.gifmaker
09-24 00:13:37.367 I/auditd ( 7881): type=1400 audit(0.0:850): avc: denied { search } for comm="pool-2-thread-5" name="asound" dev="proc" ino=4026532151 scontext=u:r:untrusted_app_29:s0:c106,c256,c512,c768 tcontext=u:object_r:proc_asound:s0 tclass=dir permissive=0 app=com.smile.gifmaker
09-24 00:13:37.367 I/auditd ( 7881): type=1400 audit(0.0:851): avc: denied { search } for comm="pool-2-thread-5" name="asound" dev="proc" ino=4026532151 scontext=u:r:untrusted_app_29:s0:c106,c256,c512,c768 tcontext=u:object_r:proc_asound:s0 tclass=dir permissive=0 app=com.smile.gifmaker
09-24 00:13:37.367 I/auditd ( 7881): type=1400 audit(0.0:852): avc: denied { search } for comm="pool-2-thread-5" name="asound" dev="proc" ino=4026532151 scontext=u:r:untrusted_app_29:s0:c106,c256,c512,c768 tcontext=u:object_r:proc_asound:s0 tclass=dir permissive=0 app=com.smile.gifmaker
09-24 00:13:37.367 I/auditd ( 7881): type=1400 audit(0.0:853): avc: denied { search } for comm="pool-2-thread-5" name="asound" dev="proc" ino=4026532151 scontext=u:r:untrusted_app_29:s0:c106,c256,c512,c768 tcontext=u:object_r:proc_asound:s0 tclass=dir permissive=0 app=com.smile.gifmaker
09-24 00:13:37.367 I/auditd ( 7881): type=1400 audit(0.0:854): avc: denied { search } for comm="pool-2-thread-5" name="asound" dev="proc" ino=4026532151 scontext=u:r:untrusted_app_29:s0:c106,c256,c512,c768 tcontext=u:object_r:proc_asound:s0 tclass=dir permissive=0 app=com.smile.gifmaker
09-24 00:13:37.830 I/sysui_multi_action( 1472): [757,856,758,1,806,com.smile.gifmaker,857,default_push_sdk_notify_channel,858,4]
09-24 00:13:37.831 I/sysui_multi_action( 1472): [757,856,758,1,806,com.smile.gifmaker,857,push_sdk_notify_channel_no_limit,858,4]
09-24 00:13:37.849 I/am_proc_start( 1472): [0,8065,10106,com.smile.gifmaker:push_v3,service,{com.smile.gifmaker/com.kwai.android.dispatcher.PushV3ProcessLauncherService}]
09-24 00:13:37.882 I/am_proc_bound( 1472): [0,8065,com.smile.gifmaker:push_v3]
09-24 00:13:38.085 I/commit_sys_config_file( 1472): [notification-policy,2139567]
09-24 00:13:39.075 I/auditd ( 8065): type=1400 audit(0.0:875): avc: denied { read } for comm="pool-2-thread-6" name="tcp" dev="proc" ino=4026532283 scontext=u:r:untrusted_app_29:s0:c106,c256,c512,c768 tcontext=u:object_r:proc_net_tcp_udp:s0 tclass=file permissive=0 app=com.smile.gifmaker
09-24 00:13:39.091 I/auditd ( 8065): type=1400 audit(0.0:876): avc: denied { search } for comm="pool-2-thread-6" name="asound" dev="proc" ino=4026532151 scontext=u:r:untrusted_app_29:s0:c106,c256,c512,c768 tcontext=u:object_r:proc_asound:s0 tclass=dir permissive=0 app=com.smile.gifmaker
09-24 00:13:39.095 I/auditd ( 8065): type=1400 audit(0.0:877): avc: denied { search } for comm="pool-2-thread-6" name="asound" dev="proc" ino=4026532151 scontext=u:r:untrusted_app_29:s0:c106,c256,c512,c768 tcontext=u:object_r:proc_asound:s0 tclass=dir permissive=0 app=com.smile.gifmaker
09-24 00:13:39.099 I/auditd ( 8065): type=1400 audit(0.0:878): avc: denied { read } for comm="pool-2-thread-6" name="route" dev="proc" ino=4026532275 scontext=u:r:untrusted_app_29:s0:c106,c256,c512,c768 tcontext=u:object_r:proc_net:s0 tclass=file permissive=0 app=com.smile.gifmaker
09-24 00:13:39.099 I/auditd ( 8065): type=1400 audit(0.0:879): avc: denied { read } for comm="pool-2-thread-6" name="u:object_r:serialno_prop:s0" dev="tmpfs" ino=3343 scontext=u:r:untrusted_app_29:s0:c106,c256,c512,c768 tcontext=u:object_r:serialno_prop:s0 tclass=file permissive=0 app=com.smile.gifmaker
09-24 00:13:39.535 I/sysui_multi_action( 1472): [757,856,758,1,806,com.smile.gifmaker,857,download_channel,858,2]
09-24 00:13:39.793 I/commit_sys_config_file( 1472): [notification-policy,2141276]
09-24 00:13:40.940 I/am_uid_running( 1472): 10104
09-24 00:13:40.968 I/am_proc_start( 1472): [0,8193,10104,com.ss.android.article.news,service,{com.ss.android.article.news/com.android.bytedance.search.tile.SearchTileService}]
09-24 00:13:40.998 I/am_proc_bound( 1472): [0,8193,com.ss.android.article.news]
09-24 00:13:41.159 I/commit_sys_config_file( 1472): [settings-2-0,41]
09-24 00:13:41.312 I/commit_sys_config_file( 1472): [notification-policy,2142795]
09-24 00:13:41.423 I/auditd ( 8193): type=1400 audit(0.0:882): avc: granted { nlmsg_readpriv } for comm="TTNet-AN-IO" scontext=u:r:untrusted_app_29:s0:c104,c256,c512,c768 tcontext=u:r:untrusted_app_29:s0:c104,c256,c512,c768 tclass=netlink_route_socket app=com.ss.android.article.news
09-24 00:13:41.516 I/am_uid_running( 1472): 10064
09-24 00:13:41.521 I/am_proc_start( 1472): [0,8415,10064,com.android.webview:webview_service,service,{com.android.webview/org.chromium.android_webview.services.VariationsSeedServer}]
