09-24 03:19:03.483 I/notification_visibility( 1472): [-1|android|32|null|1000,1,11586819,11586819,0,2]
09-24 03:19:04.039 I/sysui_multi_action( 1846): [757,111,758,2]
09-24 03:19:04.039 I/sysui_multi_action( 1846): [757,111,758,2]
09-24 03:19:04.039 I/notification_enqueue( 1472): [10081,1846,com.android.systemui,2048,NULL,0,Notification(channel=updateNotification shortcut=null contentView=null vibrate=null sound=null defaults=0x0 flags=0x0 color=0x00000000 vis=PRIVATE),1]
09-24 03:19:04.042 I/sysui_multi_action( 1846): [757,111,758,1]
09-24 03:19:04.043 I/sysui_multi_action( 1846): [757,126,758,1,759,126,927,0,928,1,1593,0]
09-24 03:19:04.043 I/sysui_multi_action( 1846): [757,113,758,1,759,113,927,1,928,1,1593,0]
09-24 03:19:04.043 I/sysui_multi_action( 1846): [757,0,758,1,759,0,927,2,928,0,1593,0]
09-24 03:19:04.043 I/sysui_multi_action( 1846): [757,0,758,1,759,0,927,3,928,0,1593,0]
09-24 03:19:04.043 I/sysui_multi_action( 1846): [757,1706,758,1,759,1706,927,4,928,0,1593,0]
09-24 03:19:04.043 I/sysui_multi_action( 1846): [757,491,758,1,759,491,927,5,928,0,1311,-1,1593,0]
09-24 03:19:04.044 I/sysui_multi_action( 1846): [757,0,758,1,759,0,927,6,928,0,1593,0]
09-24 03:19:04.044 I/sysui_multi_action( 1846): [757,114,758,1,759,114,927,7,928,0,1593,0]
09-24 03:19:04.044 I/sysui_multi_action( 1846): [757,268,758,1,759,268,806,com.netease.cloudmusic,871,com.netease.cloudmusic.titleservice.PlayFavoriteMusicTitleService,927,8,1593,0]
09-24 03:19:04.044 I/sysui_multi_action( 1846): [757,268,758,1,759,268,806,com.netease.cloudmusic,871,com.netease.cloudmusic.titleservice.PrivateFmTitleService,927,9,1593,0]
09-24 03:19:04.044 I/sysui_multi_action( 1846): [757,268,758,1,759,268,806,com.netease.cloudmusic,871,com.netease.cloudmusic.music.biz.voice.tileservice.PopularPodCastService,927,10,1593,0]
09-24 03:19:04.044 I/sysui_multi_action( 1846): [757,268,758,1,759,268,806,com.netease.cloudmusic,871,com.netease.cloudmusic.music.biz.voice.tileservice.ListenBookService,927,11,1593,0]
09-24 03:19:04.044 I/sysui_multi_action( 1846): [757,268,758,1,759,268,806,com.netease.cloudmusic,871,com.netease.cloudmusic.titleservice.DailyRecommandTitleService,927,12,1593,0]
09-24 03:19:04.044 I/sysui_multi_action( 1846): [757,268,758,1,759,268,806,com.netease.cloudmusic,871,com.netease.cloudmusic.music.biz.voice.tileservice.SleepAidDecompressionService,927,13,1593,0]
09-24 03:19:04.045 I/sysui_multi_action( 1846): [757,268,758,1,759,268,806,com.netease.cloudmusic,871,com.netease.cloudmusic.titleservice.PrivateRadarTitleService,927,14,1593,0]
09-24 03:19:04.045 I/sysui_multi_action( 1846): [757,268,758,1,759,268,806,com.netease.cloudmusic,871,com.netease.cloudmusic.music.biz.voice.tileservice.BroadCastService,927,15,1593,0]
09-24 03:19:04.045 I/sysui_multi_action( 1846): [757,268,758,1,759,268,806,com.qiyi.video.pad,871,org.qiyi.android.tile.SearchTileService,927,16,1593,0]
09-24 03:19:04.045 I/sysui_multi_action( 1846): [757,268,758,1,759,268,806,com.qiyi.video.pad,871,org.qiyi.android.tile.ContinueTileService,927,17,1593,0]
09-24 03:19:04.045 I/sysui_multi_action( 1846): [757,268,758,1,759,268,806,com.qiyi.video.pad,871,org.qiyi.android.tile.CaptureTileService,927,18,1593,0]
09-24 03:19:04.045 I/sysui_multi_action( 1846): [757,268,758,1,759,268,806,com.qiyi.video.pad,871,org.qiyi.android.tile.TopVideoTileService,927,19,1593,0]
09-24 03:19:04.045 I/sysui_multi_action( 1846): [757,268,758,1,759,268,806,com.qiyi.video.pad,871,org.qiyi.android.tile.EntranceTileService,927,20,1593,0]
09-24 03:19:04.045 I/sysui_multi_action( 1846): [757,268,758,1,759,268,806,com.smile.gifmaker,871,com.kwai.gifshow.post.api.feature.record.RecordQuickSettingService,927,21,1593,0]
09-24 03:19:04.046 I/sysui_multi_action( 1846): [757,268,758,1,759,268,806,com.qiyi.video.pad,871,org.qiyi.android.tile.HistoryTileService,927,22,1593,0]
09-24 03:19:04.046 I/sysui_multi_action( 1846): [757,268,758,1,759,268,806,com.qiyi.video.pad,871,org.qiyi.android.tile.SportTileService,927,23,1593,0]
09-24 03:19:04.046 I/sysui_multi_action( 1846): [757,268,758,1,759,268,806,com.tencent.news,871,com.tencent.news.tile.Tile24Hours,927,24,1593,0]
09-24 03:19:04.046 I/sysui_multi_action( 1846): [757,268,758,1,759,268,806,com.ss.android.article.news,871,com.android.bytedance.search.tile.SearchTileService,927,25,1593,0]
09-24 03:19:04.046 I/sysui_multi_action( 1846): [757,268,758,1,759,268,806,com.ss.android.ugc.aweme,871,com.ss.android.ugc.aweme.tile.PublishTileService,927,26,1593,0]
09-24 03:19:04.046 I/sysui_multi_action( 1846): [757,268,758,1,759,268,806,com.tencent.news,871,com.tencent.news.tile.TileNewsVideo,927,27,1593,0]
09-24 03:19:04.046 I/sysui_multi_action( 1846): [757,111,758,1]
09-24 03:19:04.047 I/sysui_multi_action( 1846): [757,126,758,1,759,126,927,0,928,1,1593,0]
09-24 03:19:04.047 I/sysui_multi_action( 1846): [757,113,758,1,759,113,927,1,928,1,1593,0]
09-24 03:19:04.047 I/sysui_multi_action( 1846): [757,0,758,1,759,0,927,2,928,0,1593,0]
09-24 03:19:04.047 I/sysui_multi_action( 1846): [757,0,758,1,759,0,927,3,928,0,1593,0]
09-24 03:19:04.065 I/sysui_multi_action( 1846): [757,111,758,2]
09-24 03:19:04.065 I/notification_enqueue( 1472): [10081,1846,com.android.systemui,2048,NULL,0,Notification(channel=updateNotification shortcut=null contentView=null vibrate=null sound=null defaults=0x0 flags=0x0 color=0x00000000 vis=PRIVATE),1]
09-24 03:19:04.065 I/sysui_multi_action( 1846): [757,111,758,2]
09-24 03:19:04.069 I/sysui_multi_action( 1846): [757,111,758,1]
09-24 03:19:04.070 I/sysui_multi_action( 1846): [757,126,758,1,759,126,927,0,928,1,1593,0]
09-24 03:19:04.070 I/sysui_multi_action( 1846): [757,113,758,1,759,113,927,1,928,1,1593,0]
09-24 03:19:04.070 I/sysui_multi_action( 1846): [757,0,758,1,759,0,927,2,928,0,1593,0]
09-24 03:19:04.070 I/sysui_multi_action( 1846): [757,0,758,1,759,0,927,3,928,0,1593,0]
09-24 03:19:04.070 I/sysui_multi_action( 1846): [757,1706,758,1,759,1706,927,4,928,0,1593,0]
09-24 03:19:04.070 I/sysui_multi_action( 1846): [757,491,758,1,759,491,927,5,928,0,1311,-1,1593,0]
09-24 03:19:04.070 I/sysui_multi_action( 1846): [757,0,758,1,759,0,927,6,928,0,1593,0]
09-24 03:19:04.071 I/sysui_multi_action( 1846): [757,114,758,1,759,114,927,7,928,0,1593,0]
09-24 03:19:04.071 I/sysui_multi_action( 1846): [757,268,758,1,759,268,806,com.netease.cloudmusic,871,com.netease.cloudmusic.titleservice.PlayFavoriteMusicTitleService,927,8,1593,0]
09-24 03:19:04.071 I/sysui_multi_action( 1846): [757,268,758,1,759,268,806,com.netease.cloudmusic,871,com.netease.cloudmusic.titleservice.PrivateFmTitleService,927,9,1593,0]
09-24 03:19:04.071 I/sysui_multi_action( 1846): [757,268,758,1,759,268,806,com.netease.cloudmusic,871,com.netease.cloudmusic.music.biz.voice.tileservice.PopularPodCastService,927,10,1593,0]
09-24 03:19:04.071 I/sysui_multi_action( 1846): [757,268,758,1,759,268,806,com.netease.cloudmusic,871,com.netease.cloudmusic.music.biz.voice.tileservice.ListenBookService,927,11,1593,0]
09-24 03:19:04.071 I/sysui_multi_action( 1846): [757,268,758,1,759,268,806,com.netease.cloudmusic,871,com.netease.cloudmusic.titleservice.DailyRecommandTitleService,927,12,1593,0]
09-24 03:19:04.071 I/sysui_multi_action( 1846): [757,268,758,1,759,268,806,com.netease.cloudmusic,871,com.netease.cloudmusic.music.biz.voice.tileservice.SleepAidDecompressionService,927,13,1593,0]
09-24 03:19:04.071 I/sysui_multi_action( 1846): [757,268,758,1,759,268,806,com.netease.cloudmusic,871,com.netease.cloudmusic.titleservice.PrivateRadarTitleService,927,14,1593,0]
09-24 03:19:04.071 I/sysui_multi_action( 1846): [757,268,758,1,759,268,806,com.netease.cloudmusic,871,com.netease.cloudmusic.music.biz.voice.tileservice.BroadCastService,927,15,1593,0]
09-24 03:19:04.072 I/sysui_multi_action( 1846): [757,268,758,1,759,268,806,com.qiyi.video.pad,871,org.qiyi.android.tile.SearchTileService,927,16,1593,0]
09-24 03:19:04.072 I/sysui_multi_action( 1846): [757,268,758,1,759,268,806,com.qiyi.video.pad,871,org.qiyi.android.tile.ContinueTileService,927,17,1593,0]
09-24 03:19:04.072 I/sysui_multi_action( 1846): [757,268,758,1,759,268,806,com.qiyi.video.pad,871,org.qiyi.android.tile.CaptureTileService,927,18,1593,0]
09-24 03:19:04.072 I/sysui_multi_action( 1846): [757,268,758,1,759,268,806,com.qiyi.video.pad,871,org.qiyi.android.tile.TopVideoTileService,927,19,1593,0]
09-24 03:19:04.072 I/sysui_multi_action( 1846): [757,268,758,1,759,268,806,com.qiyi.video.pad,871,org.qiyi.android.tile.EntranceTileService,927,20,1593,0]
09-24 03:19:04.072 I/sysui_multi_action( 1846): [757,268,758,1,759,268,806,com.smile.gifmaker,871,com.kwai.gifshow.post.api.feature.record.RecordQuickSettingService,927,21,1593,0]
09-24 03:19:04.072 I/sysui_multi_action( 1846): [757,268,758,1,759,268,806,com.qiyi.video.pad,871,org.qiyi.android.tile.HistoryTileService,927,22,1593,0]
09-24 03:19:04.072 I/sysui_multi_action( 1846): [757,268,758,1,759,268,806,com.qiyi.video.pad,871,org.qiyi.android.tile.SportTileService,927,23,1593,0]
09-24 03:19:04.072 I/sysui_multi_action( 1846): [757,268,758,1,759,268,806,com.tencent.news,871,com.tencent.news.tile.Tile24Hours,927,24,1593,0]
09-24 03:19:04.072 I/sysui_multi_action( 1846): [757,268,758,1,759,268,806,com.ss.android.article.news,871,com.android.bytedance.search.tile.SearchTileService,927,25,1593,0]
09-24 03:19:04.073 I/sysui_multi_action( 1846): [757,268,758,1,759,268,806,com.ss.android.ugc.aweme,871,com.ss.android.ugc.aweme.tile.PublishTileService,927,26,1593,0]
09-24 03:19:04.073 I/sysui_multi_action( 1846): [757,268,758,1,759,268,806,com.tencent.news,871,com.tencent.news.tile.TileNewsVideo,927,27,1593,0]
09-24 03:19:04.073 I/sysui_multi_action( 1846): [757,111,758,1]
09-24 03:19:04.073 I/sysui_multi_action( 1846): [757,126,758,1,759,126,927,0,928,1,1593,0]
09-24 03:19:04.073 I/sysui_multi_action( 1846): [757,113,758,1,759,113,927,1,928,1,1593,0]
09-24 03:19:04.073 I/sysui_multi_action( 1846): [757,0,758,1,759,0,927,2,928,0,1593,0]
09-24 03:19:04.073 I/sysui_multi_action( 1846): [757,0,758,1,759,0,927,3,928,0,1593,0]
09-24 03:19:04.086 I/sysui_multi_action( 1846): [757,111,758,2]
09-24 03:19:04.087 I/notification_enqueue( 1472): [10081,1846,com.android.systemui,2048,NULL,0,Notification(channel=updateNotification shortcut=null contentView=null vibrate=null sound=null defaults=0x0 flags=0x0 color=0x00000000 vis=PRIVATE),1]
09-24 03:19:04.087 I/sysui_multi_action( 1846): [757,111,758,2]
09-24 03:19:04.091 I/sysui_multi_action( 1846): [757,111,758,1]
09-24 03:19:04.091 I/sysui_multi_action( 1846): [757,126,758,1,759,126,927,0,928,1,1593,0]
09-24 03:19:04.092 I/sysui_multi_action( 1846): [757,113,758,1,759,113,927,1,928,1,1593,0]
09-24 03:19:04.092 I/sysui_multi_action( 1846): [757,0,758,1,759,0,927,2,928,0,1593,0]
09-24 03:19:04.092 I/sysui_multi_action( 1846): [757,0,758,1,759,0,927,3,928,0,1593,0]
09-24 03:19:04.092 I/sysui_multi_action( 1846): [757,1706,758,1,759,1706,927,4,928,0,1593,0]
09-24 03:19:04.092 I/sysui_multi_action( 1846): [757,491,758,1,759,491,927,5,928,0,1311,-1,1593,0]
09-24 03:19:04.092 I/sysui_multi_action( 1846): [757,0,758,1,759,0,927,6,928,0,1593,0]
09-24 03:19:04.092 I/sysui_multi_action( 1846): [757,114,758,1,759,114,927,7,928,0,1593,0]
09-24 03:19:04.093 I/sysui_multi_action( 1846): [757,268,758,1,759,268,806,com.netease.cloudmusic,871,com.netease.cloudmusic.titleservice.PlayFavoriteMusicTitleService,927,8,1593,0]
09-24 03:19:04.093 I/sysui_multi_action( 1846): [757,268,758,1,759,268,806,com.netease.cloudmusic,871,com.netease.cloudmusic.titleservice.PrivateFmTitleService,927,9,1593,0]
09-24 03:19:04.093 I/sysui_multi_action( 1846): [757,268,758,1,759,268,806,com.netease.cloudmusic,871,com.netease.cloudmusic.music.biz.voice.tileservice.PopularPodCastService,927,10,1593,0]
09-24 03:19:04.093 I/sysui_multi_action( 1846): [757,268,758,1,759,268,806,com.netease.cloudmusic,871,com.netease.cloudmusic.music.biz.voice.tileservice.ListenBookService,927,11,1593,0]
09-24 03:19:04.093 I/sysui_multi_action( 1846): [757,268,758,1,759,268,806,com.netease.cloudmusic,871,com.netease.cloudmusic.titleservice.DailyRecommandTitleService,927,12,1593,0]
09-24 03:19:04.093 I/sysui_multi_action( 1846): [757,268,758,1,759,268,806,com.netease.cloudmusic,871,com.netease.cloudmusic.music.biz.voice.tileservice.SleepAidDecompressionService,927,13,1593,0]
09-24 03:19:04.093 I/sysui_multi_action( 1846): [757,268,758,1,759,268,806,com.netease.cloudmusic,871,com.netease.cloudmusic.titleservice.PrivateRadarTitleService,927,14,1593,0]
09-24 03:19:04.093 I/sysui_multi_action( 1846): [757,268,758,1,759,268,806,com.netease.cloudmusic,871,com.netease.cloudmusic.music.biz.voice.tileservice.BroadCastService,927,15,1593,0]
09-24 03:19:04.094 I/sysui_multi_action( 1846): [757,268,758,1,759,268,806,com.qiyi.video.pad,871,org.qiyi.android.tile.SearchTileService,927,16,1593,0]
09-24 03:19:04.094 I/sysui_multi_action( 1846): [757,268,758,1,759,268,806,com.qiyi.video.pad,871,org.qiyi.android.tile.ContinueTileService,927,17,1593,0]
09-24 03:19:04.094 I/sysui_multi_action( 1846): [757,268,758,1,759,268,806,com.qiyi.video.pad,871,org.qiyi.android.tile.CaptureTileService,927,18,1593,0]
09-24 03:19:04.094 I/sysui_multi_action( 1846): [757,268,758,1,759,268,806,com.qiyi.video.pad,871,org.qiyi.android.tile.TopVideoTileService,927,19,1593,0]
09-24 03:19:04.094 I/sysui_multi_action( 1846): [757,268,758,1,759,268,806,com.qiyi.video.pad,871,org.qiyi.android.tile.EntranceTileService,927,20,1593,0]
09-24 03:19:04.094 I/sysui_multi_action( 1846): [757,268,758,1,759,268,806,com.smile.gifmaker,871,com.kwai.gifshow.post.api.feature.record.RecordQuickSettingService,927,21,1593,0]
09-24 03:19:04.095 I/sysui_multi_action( 1846): [757,268,758,1,759,268,806,com.qiyi.video.pad,871,org.qiyi.android.tile.HistoryTileService,927,22,1593,0]
09-24 03:19:04.095 I/sysui_multi_action( 1846): [757,268,758,1,759,268,806,com.qiyi.video.pad,871,org.qiyi.android.tile.SportTileService,927,23,1593,0]
09-24 03:19:04.095 I/sysui_multi_action( 1846): [757,268,758,1,759,268,806,com.tencent.news,871,com.tencent.news.tile.Tile24Hours,927,24,1593,0]
09-24 03:19:04.095 I/sysui_multi_action( 1846): [757,268,758,1,759,268,806,com.ss.android.article.news,871,com.android.bytedance.search.tile.SearchTileService,927,25,1593,0]
09-24 03:19:04.095 I/sysui_multi_action( 1846): [757,268,758,1,759,268,806,com.ss.android.ugc.aweme,871,com.ss.android.ugc.aweme.tile.PublishTileService,927,26,1593,0]
09-24 03:19:04.095 I/sysui_multi_action( 1846): [757,268,758,1,759,268,806,com.tencent.news,871,com.tencent.news.tile.TileNewsVideo,927,27,1593,0]
09-24 03:19:04.095 I/sysui_multi_action( 1846): [757,111,758,1]
09-24 03:19:04.096 I/sysui_multi_action( 1846): [757,126,758,1,759,126,927,0,928,1,1593,0]
09-24 03:19:04.096 I/sysui_multi_action( 1846): [757,113,758,1,759,113,927,1,928,1,1593,0]
09-24 03:19:04.096 I/sysui_multi_action( 1846): [757,0,758,1,759,0,927,2,928,0,1593,0]
09-24 03:19:04.096 I/sysui_multi_action( 1846): [757,0,758,1,759,0,927,3,928,0,1593,0]
09-24 03:19:04.113 I/sysui_multi_action( 1846): [757,111,758,2]
09-24 03:19:04.113 I/sysui_multi_action( 1846): [757,111,758,2]
09-24 03:19:04.113 I/notification_enqueue( 1472): [10081,1846,com.android.systemui,2048,NULL,0,Notification(channel=updateNotification shortcut=null contentView=null vibrate=null sound=null defaults=0x0 flags=0x0 color=0x00000000 vis=PRIVATE),1]
09-24 03:19:04.118 I/sysui_multi_action( 1846): [757,111,758,1]
09-24 03:19:04.118 I/sysui_multi_action( 1846): [757,126,758,1,759,126,927,0,928,1,1593,0]
09-24 03:19:04.118 I/sysui_multi_action( 1846): [757,113,758,1,759,113,927,1,928,1,1593,0]
09-24 03:19:04.119 I/sysui_multi_action( 1846): [757,0,758,1,759,0,927,2,928,0,1593,0]
09-24 03:19:04.119 I/sysui_multi_action( 1846): [757,0,758,1,759,0,927,3,928,0,1593,0]
09-24 03:19:04.119 I/sysui_multi_action( 1846): [757,1706,758,1,759,1706,927,4,928,0,1593,0]
09-24 03:19:04.119 I/sysui_multi_action( 1846): [757,491,758,1,759,491,927,5,928,0,1311,-1,1593,0]
09-24 03:19:04.119 I/sysui_multi_action( 1846): [757,0,758,1,759,0,927,6,928,0,1593,0]
09-24 03:19:04.119 I/sysui_multi_action( 1846): [757,114,758,1,759,114,927,7,928,0,1593,0]
09-24 03:19:04.119 I/sysui_multi_action( 1846): [757,268,758,1,759,268,806,com.netease.cloudmusic,871,com.netease.cloudmusic.titleservice.PlayFavoriteMusicTitleService,927,8,1593,0]
09-24 03:19:04.119 I/sysui_multi_action( 1846): [757,268,758,1,759,268,806,com.netease.cloudmusic,871,com.netease.cloudmusic.titleservice.PrivateFmTitleService,927,9,1593,0]
09-24 03:19:04.120 I/sysui_multi_action( 1846): [757,268,758,1,759,268,806,com.netease.cloudmusic,871,com.netease.cloudmusic.music.biz.voice.tileservice.PopularPodCastService,927,10,1593,0]
09-24 03:19:04.120 I/sysui_multi_action( 1846): [757,268,758,1,759,268,806,com.netease.cloudmusic,871,com.netease.cloudmusic.music.biz.voice.tileservice.ListenBookService,927,11,1593,0]
09-24 03:19:04.120 I/sysui_multi_action( 1846): [757,268,758,1,759,268,806,com.netease.cloudmusic,871,com.netease.cloudmusic.titleservice.DailyRecommandTitleService,927,12,1593,0]
09-24 03:19:04.120 I/sysui_multi_action( 1846): [757,268,758,1,759,268,806,com.netease.cloudmusic,871,com.netease.cloudmusic.music.biz.voice.tileservice.SleepAidDecompressionService,927,13,1593,0]
09-24 03:19:04.120 I/sysui_multi_action( 1846): [757,268,758,1,759,268,806,com.netease.cloudmusic,871,com.netease.cloudmusic.titleservice.PrivateRadarTitleService,927,14,1593,0]
09-24 03:19:04.120 I/sysui_multi_action( 1846): [757,268,758,1,759,268,806,com.netease.cloudmusic,871,com.netease.cloudmusic.music.biz.voice.tileservice.BroadCastService,927,15,1593,0]
09-24 03:19:04.120 I/sysui_multi_action( 1846): [757,268,758,1,759,268,806,com.qiyi.video.pad,871,org.qiyi.android.tile.SearchTileService,927,16,1593,0]
09-24 03:19:04.120 I/sysui_multi_action( 1846): [757,268,758,1,759,268,806,com.qiyi.video.pad,871,org.qiyi.android.tile.ContinueTileService,927,17,1593,0]
09-24 03:19:04.120 I/sysui_multi_action( 1846): [757,268,758,1,759,268,806,com.qiyi.video.pad,871,org.qiyi.android.tile.CaptureTileService,927,18,1593,0]
09-24 03:19:04.120 I/sysui_multi_action( 1846): [757,268,758,1,759,268,806,com.qiyi.video.pad,871,org.qiyi.android.tile.TopVideoTileService,927,19,1593,0]
09-24 03:19:04.121 I/sysui_multi_action( 1846): [757,268,758,1,759,268,806,com.qiyi.video.pad,871,org.qiyi.android.tile.EntranceTileService,927,20,1593,0]
09-24 03:19:04.121 I/sysui_multi_action( 1846): [757,268,758,1,759,268,806,com.smile.gifmaker,871,com.kwai.gifshow.post.api.feature.record.RecordQuickSettingService,927,21,1593,0]
09-24 03:19:04.121 I/sysui_multi_action( 1846): [757,268,758,1,759,268,806,com.qiyi.video.pad,871,org.qiyi.android.tile.HistoryTileService,927,22,1593,0]
09-24 03:19:04.121 I/sysui_multi_action( 1846): [757,268,758,1,759,268,806,com.qiyi.video.pad,871,org.qiyi.android.tile.SportTileService,927,23,1593,0]
09-24 03:19:04.121 I/sysui_multi_action( 1846): [757,268,758,1,759,268,806,com.tencent.news,871,com.tencent.news.tile.Tile24Hours,927,24,1593,0]
09-24 03:19:04.121 I/sysui_multi_action( 1846): [757,268,758,1,759,268,806,com.ss.android.article.news,871,com.android.bytedance.search.tile.SearchTileService,927,25,1593,0]
09-24 03:19:04.121 I/sysui_multi_action( 1846): [757,268,758,1,759,268,806,com.ss.android.ugc.aweme,871,com.ss.android.ugc.aweme.tile.PublishTileService,927,26,1593,0]
09-24 03:19:04.121 I/sysui_multi_action( 1846): [757,268,758,1,759,268,806,com.tencent.news,871,com.tencent.news.tile.TileNewsVideo,927,27,1593,0]
09-24 03:19:04.121 I/sysui_multi_action( 1846): [757,111,758,1]
09-24 03:19:04.122 I/sysui_multi_action( 1846): [757,126,758,1,759,126,927,0,928,1,1593,0]
09-24 03:19:04.122 I/sysui_multi_action( 1846): [757,113,758,1,759,113,927,1,928,1,1593,0]
09-24 03:19:04.122 I/sysui_multi_action( 1846): [757,0,758,1,759,0,927,2,928,0,1593,0]
09-24 03:19:04.122 I/sysui_multi_action( 1846): [757,0,758,1,759,0,927,3,928,0,1593,0]
09-24 03:19:04.133 I/sysui_multi_action( 1846): [757,111,758,2]
09-24 03:19:04.133 I/sysui_multi_action( 1846): [757,111,758,2]
09-24 03:19:04.133 I/notification_enqueue( 1472): [10081,1846,com.android.systemui,2048,NULL,0,Notification(channel=updateNotification shortcut=null contentView=null vibrate=null sound=null defaults=0x0 flags=0x0 color=0x00000000 vis=PRIVATE),1]
09-24 03:19:04.137 I/sysui_multi_action( 1846): [757,111,758,1]
09-24 03:19:04.137 I/sysui_multi_action( 1846): [757,126,758,1,759,126,927,0,928,1,1593,0]
09-24 03:19:04.137 I/sysui_multi_action( 1846): [757,113,758,1,759,113,927,1,928,1,1593,0]
09-24 03:19:04.137 I/sysui_multi_action( 1846): [757,0,758,1,759,0,927,2,928,0,1593,0]
09-24 03:19:04.137 I/sysui_multi_action( 1846): [757,0,758,1,759,0,927,3,928,0,1593,0]
09-24 03:19:04.137 I/sysui_multi_action( 1846): [757,1706,758,1,759,1706,927,4,928,0,1593,0]
09-24 03:19:04.137 I/sysui_multi_action( 1846): [757,491,758,1,759,491,927,5,928,0,1311,-1,1593,0]
09-24 03:19:04.137 I/sysui_multi_action( 1846): [757,0,758,1,759,0,927,6,928,0,1593,0]
09-24 03:19:04.137 I/sysui_multi_action( 1846): [757,114,758,1,759,114,927,7,928,0,1593,0]
09-24 03:19:04.137 I/sysui_multi_action( 1846): [757,268,758,1,759,268,806,com.netease.cloudmusic,871,com.netease.cloudmusic.titleservice.PlayFavoriteMusicTitleService,927,8,1593,0]
09-24 03:19:04.138 I/sysui_multi_action( 1846): [757,268,758,1,759,268,806,com.netease.cloudmusic,871,com.netease.cloudmusic.titleservice.PrivateFmTitleService,927,9,1593,0]
09-24 03:19:04.138 I/sysui_multi_action( 1846): [757,268,758,1,759,268,806,com.netease.cloudmusic,871,com.netease.cloudmusic.music.biz.voice.tileservice.PopularPodCastService,927,10,1593,0]
09-24 03:19:04.138 I/sysui_multi_action( 1846): [757,268,758,1,759,268,806,com.netease.cloudmusic,871,com.netease.cloudmusic.music.biz.voice.tileservice.ListenBookService,927,11,1593,0]
09-24 03:19:04.138 I/sysui_multi_action( 1846): [757,268,758,1,759,268,806,com.netease.cloudmusic,871,com.netease.cloudmusic.titleservice.DailyRecommandTitleService,927,12,1593,0]
09-24 03:19:04.138 I/sysui_multi_action( 1846): [757,268,758,1,759,268,806,com.netease.cloudmusic,871,com.netease.cloudmusic.music.biz.voice.tileservice.SleepAidDecompressionService,927,13,1593,0]
09-24 03:19:04.138 I/sysui_multi_action( 1846): [757,268,758,1,759,268,806,com.netease.cloudmusic,871,com.netease.cloudmusic.titleservice.PrivateRadarTitleService,927,14,1593,0]
09-24 03:19:04.138 I/sysui_multi_action( 1846): [757,268,758,1,759,268,806,com.netease.cloudmusic,871,com.netease.cloudmusic.music.biz.voice.tileservice.BroadCastService,927,15,1593,0]
09-24 03:19:04.138 I/sysui_multi_action( 1846): [757,268,758,1,759,268,806,com.qiyi.video.pad,871,org.qiyi.android.tile.SearchTileService,927,16,1593,0]
09-24 03:19:04.138 I/sysui_multi_action( 1846): [757,268,758,1,759,268,806,com.qiyi.video.pad,871,org.qiyi.android.tile.ContinueTileService,927,17,1593,0]
09-24 03:19:04.138 I/sysui_multi_action( 1846): [757,268,758,1,759,268,806,com.qiyi.video.pad,871,org.qiyi.android.tile.CaptureTileService,927,18,1593,0]
09-24 03:19:04.138 I/sysui_multi_action( 1846): [757,268,758,1,759,268,806,com.qiyi.video.pad,871,org.qiyi.android.tile.TopVideoTileService,927,19,1593,0]
09-24 03:19:04.138 I/sysui_multi_action( 1846): [757,268,758,1,759,268,806,com.qiyi.video.pad,871,org.qiyi.android.tile.EntranceTileService,927,20,1593,0]
09-24 03:19:04.138 I/sysui_multi_action( 1846): [757,268,758,1,759,268,806,com.smile.gifmaker,871,com.kwai.gifshow.post.api.feature.record.RecordQuickSettingService,927,21,1593,0]
09-24 03:19:04.139 I/sysui_multi_action( 1846): [757,268,758,1,759,268,806,com.qiyi.video.pad,871,org.qiyi.android.tile.HistoryTileService,927,22,1593,0]
09-24 03:19:04.139 I/sysui_multi_action( 1846): [757,268,758,1,759,268,806,com.qiyi.video.pad,871,org.qiyi.android.tile.SportTileService,927,23,1593,0]
09-24 03:19:04.139 I/sysui_multi_action( 1846): [757,268,758,1,759,268,806,com.tencent.news,871,com.tencent.news.tile.Tile24Hours,927,24,1593,0]
09-24 03:19:04.139 I/sysui_multi_action( 1846): [757,268,758,1,759,268,806,com.ss.android.article.news,871,com.android.bytedance.search.tile.SearchTileService,927,25,1593,0]
09-24 03:19:04.139 I/sysui_multi_action( 1846): [757,268,758,1,759,268,806,com.ss.android.ugc.aweme,871,com.ss.android.ugc.aweme.tile.PublishTileService,927,26,1593,0]
09-24 03:19:04.139 I/sysui_multi_action( 1846): [757,268,758,1,759,268,806,com.tencent.news,871,com.tencent.news.tile.TileNewsVideo,927,27,1593,0]
09-24 03:19:04.139 I/sysui_multi_action( 1846): [757,111,758,1]
09-24 03:19:04.139 I/sysui_multi_action( 1846): [757,126,758,1,759,126,927,0,928,1,1593,0]
09-24 03:19:04.139 I/sysui_multi_action( 1846): [757,113,758,1,759,113,927,1,928,1,1593,0]
09-24 03:19:04.139 I/sysui_multi_action( 1846): [757,0,758,1,759,0,927,2,928,0,1593,0]
09-24 03:19:04.139 I/sysui_multi_action( 1846): [757,0,758,1,759,0,927,3,928,0,1593,0]
09-24 03:19:04.147 I/sysui_multi_action( 1846): [757,111,758,2]
09-24 03:19:04.148 I/sysui_multi_action( 1846): [757,111,758,2]
09-24 03:19:04.148 I/notification_enqueue( 1472): [10081,1846,com.android.systemui,2048,NULL,0,Notification(channel=updateNotification shortcut=null contentView=null vibrate=null sound=null defaults=0x0 flags=0x0 color=0x00000000 vis=PRIVATE),1]
09-24 03:19:04.150 I/sysui_multi_action( 1846): [757,111,758,1]
09-24 03:19:04.150 I/sysui_multi_action( 1846): [757,126,758,1,759,126,927,0,928,1,1593,0]
09-24 03:19:04.150 I/sysui_multi_action( 1846): [757,113,758,1,759,113,927,1,928,1,1593,0]
09-24 03:19:04.150 I/sysui_multi_action( 1846): [757,0,758,1,759,0,927,2,928,0,1593,0]
09-24 03:19:04.150 I/sysui_multi_action( 1846): [757,0,758,1,759,0,927,3,928,0,1593,0]
09-24 03:19:04.150 I/sysui_multi_action( 1846): [757,1706,758,1,759,1706,927,4,928,0,1593,0]
09-24 03:19:04.151 I/sysui_multi_action( 1846): [757,491,758,1,759,491,927,5,928,0,1311,-1,1593,0]
09-24 03:19:04.151 I/sysui_multi_action( 1846): [757,0,758,1,759,0,927,6,928,0,1593,0]
09-24 03:19:04.151 I/sysui_multi_action( 1846): [757,114,758,1,759,114,927,7,928,0,1593,0]
09-24 03:19:04.151 I/sysui_multi_action( 1846): [757,268,758,1,759,268,806,com.netease.cloudmusic,871,com.netease.cloudmusic.titleservice.PlayFavoriteMusicTitleService,927,8,1593,0]
09-24 03:19:04.151 I/sysui_multi_action( 1846): [757,268,758,1,759,268,806,com.netease.cloudmusic,871,com.netease.cloudmusic.titleservice.PrivateFmTitleService,927,9,1593,0]
09-24 03:19:04.151 I/sysui_multi_action( 1846): [757,268,758,1,759,268,806,com.netease.cloudmusic,871,com.netease.cloudmusic.music.biz.voice.tileservice.PopularPodCastService,927,10,1593,0]
09-24 03:19:04.151 I/sysui_multi_action( 1846): [757,268,758,1,759,268,806,com.netease.cloudmusic,871,com.netease.cloudmusic.music.biz.voice.tileservice.ListenBookService,927,11,1593,0]
09-24 03:19:04.151 I/sysui_multi_action( 1846): [757,268,758,1,759,268,806,com.netease.cloudmusic,871,com.netease.cloudmusic.titleservice.DailyRecommandTitleService,927,12,1593,0]
09-24 03:19:04.151 I/sysui_multi_action( 1846): [757,268,758,1,759,268,806,com.netease.cloudmusic,871,com.netease.cloudmusic.music.biz.voice.tileservice.SleepAidDecompressionService,927,13,1593,0]
09-24 03:19:04.151 I/sysui_multi_action( 1846): [757,268,758,1,759,268,806,com.netease.cloudmusic,871,com.netease.cloudmusic.titleservice.PrivateRadarTitleService,927,14,1593,0]
09-24 03:19:04.151 I/sysui_multi_action( 1846): [757,268,758,1,759,268,806,com.netease.cloudmusic,871,com.netease.cloudmusic.music.biz.voice.tileservice.BroadCastService,927,15,1593,0]
09-24 03:19:04.151 I/sysui_multi_action( 1846): [757,268,758,1,759,268,806,com.qiyi.video.pad,871,org.qiyi.android.tile.SearchTileService,927,16,1593,0]
09-24 03:19:04.151 I/sysui_multi_action( 1846): [757,268,758,1,759,268,806,com.qiyi.video.pad,871,org.qiyi.android.tile.ContinueTileService,927,17,1593,0]
09-24 03:19:04.151 I/sysui_multi_action( 1846): [757,268,758,1,759,268,806,com.qiyi.video.pad,871,org.qiyi.android.tile.CaptureTileService,927,18,1593,0]
09-24 03:19:04.151 I/sysui_multi_action( 1846): [757,268,758,1,759,268,806,com.qiyi.video.pad,871,org.qiyi.android.tile.TopVideoTileService,927,19,1593,0]
09-24 03:19:04.151 I/sysui_multi_action( 1846): [757,268,758,1,759,268,806,com.qiyi.video.pad,871,org.qiyi.android.tile.EntranceTileService,927,20,1593,0]
09-24 03:19:04.151 I/sysui_multi_action( 1846): [757,268,758,1,759,268,806,com.smile.gifmaker,871,com.kwai.gifshow.post.api.feature.record.RecordQuickSettingService,927,21,1593,0]
09-24 03:19:04.151 I/sysui_multi_action( 1846): [757,268,758,1,759,268,806,com.qiyi.video.pad,871,org.qiyi.android.tile.HistoryTileService,927,22,1593,0]
09-24 03:19:04.151 I/sysui_multi_action( 1846): [757,268,758,1,759,268,806,com.qiyi.video.pad,871,org.qiyi.android.tile.SportTileService,927,23,1593,0]
09-24 03:19:04.151 I/sysui_multi_action( 1846): [757,268,758,1,759,268,806,com.tencent.news,871,com.tencent.news.tile.Tile24Hours,927,24,1593,0]
09-24 03:19:04.151 I/sysui_multi_action( 1846): [757,268,758,1,759,268,806,com.ss.android.article.news,871,com.android.bytedance.search.tile.SearchTileService,927,25,1593,0]
09-24 03:19:04.152 I/sysui_multi_action( 1846): [757,268,758,1,759,268,806,com.ss.android.ugc.aweme,871,com.ss.android.ugc.aweme.tile.PublishTileService,927,26,1593,0]
09-24 03:19:04.152 I/sysui_multi_action( 1846): [757,268,758,1,759,268,806,com.tencent.news,871,com.tencent.news.tile.TileNewsVideo,927,27,1593,0]
09-24 03:19:04.152 I/sysui_multi_action( 1846): [757,111,758,1]
09-24 03:19:04.152 I/sysui_multi_action( 1846): [757,126,758,1,759,126,927,0,928,1,1593,0]
09-24 03:19:04.152 I/sysui_multi_action( 1846): [757,113,758,1,759,113,927,1,928,1,1593,0]
09-24 03:19:04.152 I/sysui_multi_action( 1846): [757,0,758,1,759,0,927,2,928,0,1593,0]
09-24 03:19:04.152 I/sysui_multi_action( 1846): [757,0,758,1,759,0,927,3,928,0,1593,0]
09-24 03:19:04.158 I/sysui_multi_action( 1846): [757,111,758,2]
09-24 03:19:04.158 I/sysui_multi_action( 1846): [757,111,758,2]
09-24 03:19:04.159 I/notification_enqueue( 1472): [10081,1846,com.android.systemui,2048,NULL,0,Notification(channel=updateNotification shortcut=null contentView=null vibrate=null sound=null defaults=0x0 flags=0x0 color=0x00000000 vis=PRIVATE),1]
09-24 03:19:04.161 I/sysui_multi_action( 1846): [757,111,758,1]
09-24 03:19:04.161 I/sysui_multi_action( 1846): [757,126,758,1,759,126,927,0,928,1,1593,0]
09-24 03:19:04.161 I/sysui_multi_action( 1846): [757,113,758,1,759,113,927,1,928,1,1593,0]
09-24 03:19:04.161 I/sysui_multi_action( 1846): [757,0,758,1,759,0,927,2,928,0,1593,0]
09-24 03:19:04.161 I/sysui_multi_action( 1846): [757,0,758,1,759,0,927,3,928,0,1593,0]
09-24 03:19:04.161 I/sysui_multi_action( 1846): [757,1706,758,1,759,1706,927,4,928,0,1593,0]
09-24 03:19:04.161 I/sysui_multi_action( 1846): [757,491,758,1,759,491,927,5,928,0,1311,-1,1593,0]
09-24 03:19:04.161 I/sysui_multi_action( 1846): [757,0,758,1,759,0,927,6,928,0,1593,0]
09-24 03:19:04.161 I/sysui_multi_action( 1846): [757,114,758,1,759,114,927,7,928,0,1593,0]
09-24 03:19:04.161 I/sysui_multi_action( 1846): [757,268,758,1,759,268,806,com.netease.cloudmusic,871,com.netease.cloudmusic.titleservice.PlayFavoriteMusicTitleService,927,8,1593,0]
09-24 03:19:04.161 I/sysui_multi_action( 1846): [757,268,758,1,759,268,806,com.netease.cloudmusic,871,com.netease.cloudmusic.titleservice.PrivateFmTitleService,927,9,1593,0]
09-24 03:19:04.161 I/sysui_multi_action( 1846): [757,268,758,1,759,268,806,com.netease.cloudmusic,871,com.netease.cloudmusic.music.biz.voice.tileservice.PopularPodCastService,927,10,1593,0]
09-24 03:19:04.161 I/sysui_multi_action( 1846): [757,268,758,1,759,268,806,com.netease.cloudmusic,871,com.netease.cloudmusic.music.biz.voice.tileservice.ListenBookService,927,11,1593,0]
09-24 03:19:04.161 I/sysui_multi_action( 1846): [757,268,758,1,759,268,806,com.netease.cloudmusic,871,com.netease.cloudmusic.titleservice.DailyRecommandTitleService,927,12,1593,0]
09-24 03:19:04.161 I/sysui_multi_action( 1846): [757,268,758,1,759,268,806,com.netease.cloudmusic,871,com.netease.cloudmusic.music.biz.voice.tileservice.SleepAidDecompressionService,927,13,1593,0]
09-24 03:19:04.161 I/sysui_multi_action( 1846): [757,268,758,1,759,268,806,com.netease.cloudmusic,871,com.netease.cloudmusic.titleservice.PrivateRadarTitleService,927,14,1593,0]
09-24 03:19:04.162 I/sysui_multi_action( 1846): [757,268,758,1,759,268,806,com.netease.cloudmusic,871,com.netease.cloudmusic.music.biz.voice.tileservice.BroadCastService,927,15,1593,0]
09-24 03:19:04.162 I/sysui_multi_action( 1846): [757,268,758,1,759,268,806,com.qiyi.video.pad,871,org.qiyi.android.tile.SearchTileService,927,16,1593,0]
09-24 03:19:04.162 I/sysui_multi_action( 1846): [757,268,758,1,759,268,806,com.qiyi.video.pad,871,org.qiyi.android.tile.ContinueTileService,927,17,1593,0]
09-24 03:19:04.162 I/sysui_multi_action( 1846): [757,268,758,1,759,268,806,com.qiyi.video.pad,871,org.qiyi.android.tile.CaptureTileService,927,18,1593,0]
09-24 03:19:04.162 I/sysui_multi_action( 1846): [757,268,758,1,759,268,806,com.qiyi.video.pad,871,org.qiyi.android.tile.TopVideoTileService,927,19,1593,0]
09-24 03:19:04.162 I/sysui_multi_action( 1846): [757,268,758,1,759,268,806,com.qiyi.video.pad,871,org.qiyi.android.tile.EntranceTileService,927,20,1593,0]
09-24 03:19:04.162 I/sysui_multi_action( 1846): [757,268,758,1,759,268,806,com.smile.gifmaker,871,com.kwai.gifshow.post.api.feature.record.RecordQuickSettingService,927,21,1593,0]
09-24 03:19:04.162 I/sysui_multi_action( 1846): [757,268,758,1,759,268,806,com.qiyi.video.pad,871,org.qiyi.android.tile.HistoryTileService,927,22,1593,0]
09-24 03:19:04.162 I/sysui_multi_action( 1846): [757,268,758,1,759,268,806,com.qiyi.video.pad,871,org.qiyi.android.tile.SportTileService,927,23,1593,0]
09-24 03:19:04.162 I/sysui_multi_action( 1846): [757,268,758,1,759,268,806,com.tencent.news,871,com.tencent.news.tile.Tile24Hours,927,24,1593,0]
09-24 03:19:04.162 I/sysui_multi_action( 1846): [757,268,758,1,759,268,806,com.ss.android.article.news,871,com.android.bytedance.search.tile.SearchTileService,927,25,1593,0]
09-24 03:19:04.162 I/sysui_multi_action( 1846): [757,268,758,1,759,268,806,com.ss.android.ugc.aweme,871,com.ss.android.ugc.aweme.tile.PublishTileService,927,26,1593,0]
09-24 03:19:04.162 I/sysui_multi_action( 1846): [757,268,758,1,759,268,806,com.tencent.news,871,com.tencent.news.tile.TileNewsVideo,927,27,1593,0]
09-24 03:19:04.162 I/sysui_multi_action( 1846): [757,111,758,1]
09-24 03:19:04.162 I/sysui_multi_action( 1846): [757,126,758,1,759,126,927,0,928,1,1593,0]
09-24 03:19:04.162 I/sysui_multi_action( 1846): [757,113,758,1,759,113,927,1,928,1,1593,0]
09-24 03:19:04.162 I/sysui_multi_action( 1846): [757,0,758,1,759,0,927,2,928,0,1593,0]
09-24 03:19:04.162 I/sysui_multi_action( 1846): [757,0,758,1,759,0,927,3,928,0,1593,0]
09-24 03:19:04.169 I/sysui_multi_action( 1846): [757,111,758,2]
09-24 03:19:04.169 I/sysui_multi_action( 1846): [757,111,758,2]
09-24 03:19:04.171 I/sysui_multi_action( 1846): [757,111,758,1]
09-24 03:19:04.171 I/sysui_multi_action( 1846): [757,126,758,1,759,126,927,0,928,1,1593,0]
09-24 03:19:04.172 I/sysui_multi_action( 1846): [757,113,758,1,759,113,927,1,928,1,1593,0]
09-24 03:19:04.172 I/sysui_multi_action( 1846): [757,0,758,1,759,0,927,2,928,0,1593,0]
09-24 03:19:04.172 I/sysui_multi_action( 1846): [757,0,758,1,759,0,927,3,928,0,1593,0]
09-24 03:19:04.172 I/sysui_multi_action( 1846): [757,1706,758,1,759,1706,927,4,928,0,1593,0]
09-24 03:19:04.172 I/sysui_multi_action( 1846): [757,491,758,1,759,491,927,5,928,0,1311,-1,1593,0]
09-24 03:19:04.172 I/sysui_multi_action( 1846): [757,0,758,1,759,0,927,6,928,0,1593,0]
09-24 03:19:04.172 I/sysui_multi_action( 1846): [757,114,758,1,759,114,927,7,928,0,1593,0]
09-24 03:19:04.172 I/sysui_multi_action( 1846): [757,268,758,1,759,268,806,com.netease.cloudmusic,871,com.netease.cloudmusic.titleservice.PlayFavoriteMusicTitleService,927,8,1593,0]
09-24 03:19:04.172 I/sysui_multi_action( 1846): [757,268,758,1,759,268,806,com.netease.cloudmusic,871,com.netease.cloudmusic.titleservice.PrivateFmTitleService,927,9,1593,0]
09-24 03:19:04.172 I/sysui_multi_action( 1846): [757,268,758,1,759,268,806,com.netease.cloudmusic,871,com.netease.cloudmusic.music.biz.voice.tileservice.PopularPodCastService,927,10,1593,0]
09-24 03:19:04.172 I/sysui_multi_action( 1846): [757,268,758,1,759,268,806,com.netease.cloudmusic,871,com.netease.cloudmusic.music.biz.voice.tileservice.ListenBookService,927,11,1593,0]
09-24 03:19:04.172 I/sysui_multi_action( 1846): [757,268,758,1,759,268,806,com.netease.cloudmusic,871,com.netease.cloudmusic.titleservice.DailyRecommandTitleService,927,12,1593,0]
09-24 03:19:04.172 I/sysui_multi_action( 1846): [757,268,758,1,759,268,806,com.netease.cloudmusic,871,com.netease.cloudmusic.music.biz.voice.tileservice.SleepAidDecompressionService,927,13,1593,0]
09-24 03:19:04.172 I/sysui_multi_action( 1846): [757,268,758,1,759,268,806,com.netease.cloudmusic,871,com.netease.cloudmusic.titleservice.PrivateRadarTitleService,927,14,1593,0]
09-24 03:19:04.172 I/sysui_multi_action( 1846): [757,268,758,1,759,268,806,com.netease.cloudmusic,871,com.netease.cloudmusic.music.biz.voice.tileservice.BroadCastService,927,15,1593,0]
09-24 03:19:04.172 I/sysui_multi_action( 1846): [757,268,758,1,759,268,806,com.qiyi.video.pad,871,org.qiyi.android.tile.SearchTileService,927,16,1593,0]
09-24 03:19:04.172 I/sysui_multi_action( 1846): [757,268,758,1,759,268,806,com.qiyi.video.pad,871,org.qiyi.android.tile.ContinueTileService,927,17,1593,0]
09-24 03:19:04.172 I/sysui_multi_action( 1846): [757,268,758,1,759,268,806,com.qiyi.video.pad,871,org.qiyi.android.tile.CaptureTileService,927,18,1593,0]
09-24 03:19:04.172 I/sysui_multi_action( 1846): [757,268,758,1,759,268,806,com.qiyi.video.pad,871,org.qiyi.android.tile.TopVideoTileService,927,19,1593,0]
09-24 03:19:04.172 I/sysui_multi_action( 1846): [757,268,758,1,759,268,806,com.qiyi.video.pad,871,org.qiyi.android.tile.EntranceTileService,927,20,1593,0]
09-24 03:19:04.172 I/sysui_multi_action( 1846): [757,268,758,1,759,268,806,com.smile.gifmaker,871,com.kwai.gifshow.post.api.feature.record.RecordQuickSettingService,927,21,1593,0]
09-24 03:19:04.172 I/sysui_multi_action( 1846): [757,268,758,1,759,268,806,com.qiyi.video.pad,871,org.qiyi.android.tile.HistoryTileService,927,22,1593,0]
09-24 03:19:04.172 I/sysui_multi_action( 1846): [757,268,758,1,759,268,806,com.qiyi.video.pad,871,org.qiyi.android.tile.SportTileService,927,23,1593,0]
09-24 03:19:04.172 I/sysui_multi_action( 1846): [757,268,758,1,759,268,806,com.tencent.news,871,com.tencent.news.tile.Tile24Hours,927,24,1593,0]
09-24 03:19:04.173 I/sysui_multi_action( 1846): [757,268,758,1,759,268,806,com.ss.android.article.news,871,com.android.bytedance.search.tile.SearchTileService,927,25,1593,0]
09-24 03:19:04.173 I/sysui_multi_action( 1846): [757,268,758,1,759,268,806,com.ss.android.ugc.aweme,871,com.ss.android.ugc.aweme.tile.PublishTileService,927,26,1593,0]
09-24 03:19:04.173 I/sysui_multi_action( 1846): [757,268,758,1,759,268,806,com.tencent.news,871,com.tencent.news.tile.TileNewsVideo,927,27,1593,0]
09-24 03:19:04.173 I/sysui_multi_action( 1846): [757,111,758,1]
09-24 03:19:04.173 I/sysui_multi_action( 1846): [757,126,758,1,759,126,927,0,928,1,1593,0]
09-24 03:19:04.173 I/sysui_multi_action( 1846): [757,113,758,1,759,113,927,1,928,1,1593,0]
09-24 03:19:04.173 I/sysui_multi_action( 1846): [757,0,758,1,759,0,927,2,928,0,1593,0]
09-24 03:19:04.173 I/sysui_multi_action( 1846): [757,0,758,1,759,0,927,3,928,0,1593,0]
09-24 03:19:04.173 I/notification_enqueue( 1472): [10081,1846,com.android.systemui,2048,NULL,0,Notification(channel=updateNotification shortcut=null contentView=null vibrate=null sound=null defaults=0x0 flags=0x0 color=0x00000000 vis=PRIVATE),1]
09-24 03:19:04.186 I/sysui_multi_action( 1846): [757,111,758,2]
09-24 03:19:04.186 I/sysui_multi_action( 1846): [757,111,758,2]
09-24 03:19:04.186 I/notification_enqueue( 1472): [10081,1846,com.android.systemui,2048,NULL,0,Notification(channel=updateNotification shortcut=null contentView=null vibrate=null sound=null defaults=0x0 flags=0x0 color=0x00000000 vis=PRIVATE),1]
09-24 03:19:04.188 I/sysui_multi_action( 1846): [757,111,758,1]
09-24 03:19:04.188 I/sysui_multi_action( 1846): [757,126,758,1,759,126,927,0,928,1,1593,0]
09-24 03:19:04.188 I/sysui_multi_action( 1846): [757,113,758,1,759,113,927,1,928,1,1593,0]
09-24 03:19:04.188 I/sysui_multi_action( 1846): [757,0,758,1,759,0,927,2,928,0,1593,0]
09-24 03:19:04.188 I/sysui_multi_action( 1846): [757,0,758,1,759,0,927,3,928,0,1593,0]
09-24 03:19:04.188 I/sysui_multi_action( 1846): [757,1706,758,1,759,1706,927,4,928,0,1593,0]
09-24 03:19:04.188 I/sysui_multi_action( 1846): [757,491,758,1,759,491,927,5,928,0,1311,-1,1593,0]
09-24 03:19:04.188 I/sysui_multi_action( 1846): [757,0,758,1,759,0,927,6,928,0,1593,0]
09-24 03:19:04.188 I/sysui_multi_action( 1846): [757,114,758,1,759,114,927,7,928,0,1593,0]
09-24 03:19:04.188 I/sysui_multi_action( 1846): [757,268,758,1,759,268,806,com.netease.cloudmusic,871,com.netease.cloudmusic.titleservice.PlayFavoriteMusicTitleService,927,8,1593,0]
09-24 03:19:04.188 I/sysui_multi_action( 1846): [757,268,758,1,759,268,806,com.netease.cloudmusic,871,com.netease.cloudmusic.titleservice.PrivateFmTitleService,927,9,1593,0]
09-24 03:19:04.188 I/sysui_multi_action( 1846): [757,268,758,1,759,268,806,com.netease.cloudmusic,871,com.netease.cloudmusic.music.biz.voice.tileservice.PopularPodCastService,927,10,1593,0]
09-24 03:19:04.188 I/sysui_multi_action( 1846): [757,268,758,1,759,268,806,com.netease.cloudmusic,871,com.netease.cloudmusic.music.biz.voice.tileservice.ListenBookService,927,11,1593,0]
09-24 03:19:04.189 I/sysui_multi_action( 1846): [757,268,758,1,759,268,806,com.netease.cloudmusic,871,com.netease.cloudmusic.titleservice.DailyRecommandTitleService,927,12,1593,0]
09-24 03:19:04.189 I/sysui_multi_action( 1846): [757,268,758,1,759,268,806,com.netease.cloudmusic,871,com.netease.cloudmusic.music.biz.voice.tileservice.SleepAidDecompressionService,927,13,1593,0]
09-24 03:19:04.189 I/sysui_multi_action( 1846): [757,268,758,1,759,268,806,com.netease.cloudmusic,871,com.netease.cloudmusic.titleservice.PrivateRadarTitleService,927,14,1593,0]
09-24 03:19:04.189 I/sysui_multi_action( 1846): [757,268,758,1,759,268,806,com.netease.cloudmusic,871,com.netease.cloudmusic.music.biz.voice.tileservice.BroadCastService,927,15,1593,0]
09-24 03:19:04.189 I/sysui_multi_action( 1846): [757,268,758,1,759,268,806,com.qiyi.video.pad,871,org.qiyi.android.tile.SearchTileService,927,16,1593,0]
09-24 03:19:04.189 I/sysui_multi_action( 1846): [757,268,758,1,759,268,806,com.qiyi.video.pad,871,org.qiyi.android.tile.ContinueTileService,927,17,1593,0]
09-24 03:19:04.189 I/sysui_multi_action( 1846): [757,268,758,1,759,268,806,com.qiyi.video.pad,871,org.qiyi.android.tile.CaptureTileService,927,18,1593,0]
09-24 03:19:04.189 I/sysui_multi_action( 1846): [757,268,758,1,759,268,806,com.qiyi.video.pad,871,org.qiyi.android.tile.TopVideoTileService,927,19,1593,0]
09-24 03:19:04.189 I/sysui_multi_action( 1846): [757,268,758,1,759,268,806,com.qiyi.video.pad,871,org.qiyi.android.tile.EntranceTileService,927,20,1593,0]
09-24 03:19:04.189 I/sysui_multi_action( 1846): [757,268,758,1,759,268,806,com.smile.gifmaker,871,com.kwai.gifshow.post.api.feature.record.RecordQuickSettingService,927,21,1593,0]
09-24 03:19:04.189 I/sysui_multi_action( 1846): [757,268,758,1,759,268,806,com.qiyi.video.pad,871,org.qiyi.android.tile.HistoryTileService,927,22,1593,0]
09-24 03:19:04.189 I/sysui_multi_action( 1846): [757,268,758,1,759,268,806,com.qiyi.video.pad,871,org.qiyi.android.tile.SportTileService,927,23,1593,0]
09-24 03:19:04.189 I/sysui_multi_action( 1846): [757,268,758,1,759,268,806,com.tencent.news,871,com.tencent.news.tile.Tile24Hours,927,24,1593,0]
09-24 03:19:04.189 I/sysui_multi_action( 1846): [757,268,758,1,759,268,806,com.ss.android.article.news,871,com.android.bytedance.search.tile.SearchTileService,927,25,1593,0]
09-24 03:19:04.189 I/sysui_multi_action( 1846): [757,268,758,1,759,268,806,com.ss.android.ugc.aweme,871,com.ss.android.ugc.aweme.tile.PublishTileService,927,26,1593,0]
09-24 03:19:04.189 I/sysui_multi_action( 1846): [757,268,758,1,759,268,806,com.tencent.news,871,com.tencent.news.tile.TileNewsVideo,927,27,1593,0]
09-24 03:19:04.189 I/sysui_multi_action( 1846): [757,111,758,1]
09-24 03:19:04.189 I/sysui_multi_action( 1846): [757,126,758,1,759,126,927,0,928,1,1593,0]
09-24 03:19:04.189 I/sysui_multi_action( 1846): [757,113,758,1,759,113,927,1,928,1,1593,0]
09-24 03:19:04.189 I/sysui_multi_action( 1846): [757,0,758,1,759,0,927,2,928,0,1593,0]
09-24 03:19:04.189 I/sysui_multi_action( 1846): [757,0,758,1,759,0,927,3,928,0,1593,0]
09-24 03:19:04.202 I/sysui_multi_action( 1846): [757,111,758,2]
09-24 03:19:04.202 I/sysui_multi_action( 1846): [757,111,758,2]
09-24 03:19:04.203 I/notification_enqueue( 1472): [10081,1846,com.android.systemui,2048,NULL,0,Notification(channel=updateNotification shortcut=null contentView=null vibrate=null sound=null defaults=0x0 flags=0x0 color=0x00000000 vis=PRIVATE),1]
09-24 03:19:04.204 I/sysui_multi_action( 1846): [757,111,758,1]
09-24 03:19:04.204 I/sysui_multi_action( 1846): [757,126,758,1,759,126,927,0,928,1,1593,0]
09-24 03:19:04.204 I/sysui_multi_action( 1846): [757,113,758,1,759,113,927,1,928,1,1593,0]
09-24 03:19:04.204 I/sysui_multi_action( 1846): [757,0,758,1,759,0,927,2,928,0,1593,0]
09-24 03:19:04.204 I/sysui_multi_action( 1846): [757,0,758,1,759,0,927,3,928,0,1593,0]
09-24 03:19:04.204 I/sysui_multi_action( 1846): [757,1706,758,1,759,1706,927,4,928,0,1593,0]
09-24 03:19:04.205 I/sysui_multi_action( 1846): [757,491,758,1,759,491,927,5,928,0,1311,-1,1593,0]
09-24 03:19:04.205 I/sysui_multi_action( 1846): [757,0,758,1,759,0,927,6,928,0,1593,0]
09-24 03:19:04.205 I/sysui_multi_action( 1846): [757,114,758,1,759,114,927,7,928,0,1593,0]
09-24 03:19:04.205 I/sysui_multi_action( 1846): [757,268,758,1,759,268,806,com.netease.cloudmusic,871,com.netease.cloudmusic.titleservice.PlayFavoriteMusicTitleService,927,8,1593,0]
09-24 03:19:04.205 I/sysui_multi_action( 1846): [757,268,758,1,759,268,806,com.netease.cloudmusic,871,com.netease.cloudmusic.titleservice.PrivateFmTitleService,927,9,1593,0]
09-24 03:19:04.205 I/sysui_multi_action( 1846): [757,268,758,1,759,268,806,com.netease.cloudmusic,871,com.netease.cloudmusic.music.biz.voice.tileservice.PopularPodCastService,927,10,1593,0]
09-24 03:19:04.205 I/sysui_multi_action( 1846): [757,268,758,1,759,268,806,com.netease.cloudmusic,871,com.netease.cloudmusic.music.biz.voice.tileservice.ListenBookService,927,11,1593,0]
09-24 03:19:04.205 I/sysui_multi_action( 1846): [757,268,758,1,759,268,806,com.netease.cloudmusic,871,com.netease.cloudmusic.titleservice.DailyRecommandTitleService,927,12,1593,0]
09-24 03:19:04.205 I/sysui_multi_action( 1846): [757,268,758,1,759,268,806,com.netease.cloudmusic,871,com.netease.cloudmusic.music.biz.voice.tileservice.SleepAidDecompressionService,927,13,1593,0]
09-24 03:19:04.205 I/sysui_multi_action( 1846): [757,268,758,1,759,268,806,com.netease.cloudmusic,871,com.netease.cloudmusic.titleservice.PrivateRadarTitleService,927,14,1593,0]
09-24 03:19:04.205 I/sysui_multi_action( 1846): [757,268,758,1,759,268,806,com.netease.cloudmusic,871,com.netease.cloudmusic.music.biz.voice.tileservice.BroadCastService,927,15,1593,0]
09-24 03:19:04.205 I/sysui_multi_action( 1846): [757,268,758,1,759,268,806,com.qiyi.video.pad,871,org.qiyi.android.tile.SearchTileService,927,16,1593,0]
09-24 03:19:04.205 I/sysui_multi_action( 1846): [757,268,758,1,759,268,806,com.qiyi.video.pad,871,org.qiyi.android.tile.ContinueTileService,927,17,1593,0]
09-24 03:19:04.205 I/sysui_multi_action( 1846): [757,268,758,1,759,268,806,com.qiyi.video.pad,871,org.qiyi.android.tile.CaptureTileService,927,18,1593,0]
09-24 03:19:04.205 I/sysui_multi_action( 1846): [757,268,758,1,759,268,806,com.qiyi.video.pad,871,org.qiyi.android.tile.TopVideoTileService,927,19,1593,0]
09-24 03:19:04.205 I/sysui_multi_action( 1846): [757,268,758,1,759,268,806,com.qiyi.video.pad,871,org.qiyi.android.tile.EntranceTileService,927,20,1593,0]
09-24 03:19:04.205 I/sysui_multi_action( 1846): [757,268,758,1,759,268,806,com.smile.gifmaker,871,com.kwai.gifshow.post.api.feature.record.RecordQuickSettingService,927,21,1593,0]
09-24 03:19:04.205 I/sysui_multi_action( 1846): [757,268,758,1,759,268,806,com.qiyi.video.pad,871,org.qiyi.android.tile.HistoryTileService,927,22,1593,0]
09-24 03:19:04.205 I/sysui_multi_action( 1846): [757,268,758,1,759,268,806,com.qiyi.video.pad,871,org.qiyi.android.tile.SportTileService,927,23,1593,0]
09-24 03:19:04.205 I/sysui_multi_action( 1846): [757,268,758,1,759,268,806,com.tencent.news,871,com.tencent.news.tile.Tile24Hours,927,24,1593,0]
09-24 03:19:04.205 I/sysui_multi_action( 1846): [757,268,758,1,759,268,806,com.ss.android.article.news,871,com.android.bytedance.search.tile.SearchTileService,927,25,1593,0]
09-24 03:19:04.205 I/sysui_multi_action( 1846): [757,268,758,1,759,268,806,com.ss.android.ugc.aweme,871,com.ss.android.ugc.aweme.tile.PublishTileService,927,26,1593,0]
09-24 03:19:04.205 I/sysui_multi_action( 1846): [757,268,758,1,759,268,806,com.tencent.news,871,com.tencent.news.tile.TileNewsVideo,927,27,1593,0]
09-24 03:19:04.205 I/sysui_multi_action( 1846): [757,111,758,1]
09-24 03:19:04.205 I/sysui_multi_action( 1846): [757,126,758,1,759,126,927,0,928,1,1593,0]
09-24 03:19:04.205 I/sysui_multi_action( 1846): [757,113,758,1,759,113,927,1,928,1,1593,0]
09-24 03:19:04.206 I/sysui_multi_action( 1846): [757,0,758,1,759,0,927,2,928,0,1593,0]
09-24 03:19:04.206 I/sysui_multi_action( 1846): [757,0,758,1,759,0,927,3,928,0,1593,0]
09-24 03:19:04.220 I/sysui_multi_action( 1846): [757,111,758,2]
09-24 03:19:04.220 I/sysui_multi_action( 1846): [757,111,758,2]
09-24 03:19:04.220 I/notification_enqueue( 1472): [10081,1846,com.android.systemui,2048,NULL,0,Notification(channel=updateNotification shortcut=null contentView=null vibrate=null sound=null defaults=0x0 flags=0x0 color=0x00000000 vis=PRIVATE),1]
