09-24 03:16:26.400 I/sysui_multi_action( 1846): [757,268,758,1,759,268,806,com.qiyi.video.pad,871,org.qiyi.android.tile.TopVideoTileService,927,19,1593,1]
09-24 03:16:26.400 I/sysui_multi_action( 1846): [757,268,758,1,759,268,806,com.qiyi.video.pad,871,org.qiyi.android.tile.EntranceTileService,927,20,1593,1]
09-24 03:16:26.400 I/sysui_multi_action( 1846): [757,268,758,1,759,268,806,com.smile.gifmaker,871,com.kwai.gifshow.post.api.feature.record.RecordQuickSettingService,927,21,1593,1]
09-24 03:16:26.400 I/sysui_multi_action( 1846): [757,268,758,1,759,268,806,com.qiyi.video.pad,871,org.qiyi.android.tile.HistoryTileService,927,22,1593,1]
09-24 03:16:26.400 I/sysui_multi_action( 1846): [757,268,758,1,759,268,806,com.qiyi.video.pad,871,org.qiyi.android.tile.SportTileService,927,23,1593,1]
09-24 03:16:26.400 I/sysui_multi_action( 1846): [757,268,758,1,759,268,806,com.tencent.news,871,com.tencent.news.tile.Tile24Hours,927,24,1593,1]
09-24 03:16:26.400 I/sysui_multi_action( 1846): [757,268,758,1,759,268,806,com.ss.android.article.news,871,com.android.bytedance.search.tile.SearchTileService,927,25,1593,1]
09-24 03:16:26.400 I/sysui_multi_action( 1846): [757,268,758,1,759,268,806,com.ss.android.ugc.aweme,871,com.ss.android.ugc.aweme.tile.PublishTileService,927,26,1593,1]
09-24 03:16:26.400 I/sysui_multi_action( 1846): [757,268,758,1,759,268,806,com.tencent.news,871,com.tencent.news.tile.TileNewsVideo,927,27,1593,1]
09-24 03:16:26.400 I/sysui_multi_action( 1846): [757,111,758,1]
09-24 03:16:26.400 I/sysui_multi_action( 1846): [757,126,758,1,759,126,927,0,928,1,1593,1]
09-24 03:16:26.401 I/sysui_multi_action( 1846): [757,113,758,1,759,113,927,1,928,1,1593,1]
09-24 03:16:26.401 I/sysui_multi_action( 1846): [757,0,758,1,759,0,927,2,928,0,1593,1]
09-24 03:16:26.401 I/sysui_multi_action( 1846): [757,0,758,1,759,0,927,3,928,0,1593,1]
09-24 03:16:26.408 I/am_wtf ( 1472): [0,1472,system_server,-1,DisplayDeviceConfig,requesting nits when no mapping exists.]
09-24 03:16:26.409 I/am_wtf ( 1472): [0,1472,system_server,-1,DisplayDeviceConfig,requesting nits when no mapping exists.]
09-24 03:16:26.414 I/sysui_multi_action( 1846): [757,111,758,2]
09-24 03:16:26.414 I/sysui_multi_action( 1846): [757,111,758,2]
09-24 03:16:26.414 I/notification_enqueue( 1472): [10081,1846,com.android.systemui,2048,NULL,0,Notification(channel=updateNotification shortcut=null contentView=null vibrate=null sound=null defaults=0x0 flags=0x0 color=0x00000000 vis=PRIVATE),1]
09-24 03:16:26.416 I/sysui_multi_action( 1846): [757,111,758,1]
09-24 03:16:26.416 I/sysui_multi_action( 1846): [757,126,758,1,759,126,927,0,928,1,1593,1]
09-24 03:16:26.416 I/sysui_multi_action( 1846): [757,113,758,1,759,113,927,1,928,1,1593,1]
09-24 03:16:26.416 I/sysui_multi_action( 1846): [757,0,758,1,759,0,927,2,928,0,1593,1]
09-24 03:16:26.416 I/sysui_multi_action( 1846): [757,0,758,1,759,0,927,3,928,0,1593,1]
09-24 03:16:26.416 I/sysui_multi_action( 1846): [757,1706,758,1,759,1706,927,4,928,0,1593,1]
09-24 03:16:26.416 I/sysui_multi_action( 1846): [757,491,758,1,759,491,927,5,928,0,1311,-1,1593,1]
09-24 03:16:26.416 I/sysui_multi_action( 1846): [757,0,758,1,759,0,927,6,928,0,1593,1]
09-24 03:16:26.416 I/sysui_multi_action( 1846): [757,114,758,1,759,114,927,7,928,0,1593,1]
09-24 03:16:26.416 I/sysui_multi_action( 1846): [757,268,758,1,759,268,806,com.netease.cloudmusic,871,com.netease.cloudmusic.titleservice.PlayFavoriteMusicTitleService,927,8,1593,1]
09-24 03:16:26.416 I/sysui_multi_action( 1846): [757,268,758,1,759,268,806,com.netease.cloudmusic,871,com.netease.cloudmusic.titleservice.PrivateFmTitleService,927,9,1593,1]
09-24 03:16:26.416 I/sysui_multi_action( 1846): [757,268,758,1,759,268,806,com.netease.cloudmusic,871,com.netease.cloudmusic.music.biz.voice.tileservice.PopularPodCastService,927,10,1593,1]
09-24 03:16:26.417 I/sysui_multi_action( 1846): [757,268,758,1,759,268,806,com.netease.cloudmusic,871,com.netease.cloudmusic.music.biz.voice.tileservice.ListenBookService,927,11,1593,1]
09-24 03:16:26.417 I/sysui_multi_action( 1846): [757,268,758,1,759,268,806,com.netease.cloudmusic,871,com.netease.cloudmusic.titleservice.DailyRecommandTitleService,927,12,1593,1]
09-24 03:16:26.417 I/sysui_multi_action( 1846): [757,268,758,1,759,268,806,com.netease.cloudmusic,871,com.netease.cloudmusic.music.biz.voice.tileservice.SleepAidDecompressionService,927,13,1593,1]
09-24 03:16:26.417 I/sysui_multi_action( 1846): [757,268,758,1,759,268,806,com.netease.cloudmusic,871,com.netease.cloudmusic.titleservice.PrivateRadarTitleService,927,14,1593,1]
09-24 03:16:26.417 I/sysui_multi_action( 1846): [757,268,758,1,759,268,806,com.netease.cloudmusic,871,com.netease.cloudmusic.music.biz.voice.tileservice.BroadCastService,927,15,1593,1]
09-24 03:16:26.417 I/sysui_multi_action( 1846): [757,268,758,1,759,268,806,com.qiyi.video.pad,871,org.qiyi.android.tile.SearchTileService,927,16,1593,1]
09-24 03:16:26.417 I/sysui_multi_action( 1846): [757,268,758,1,759,268,806,com.qiyi.video.pad,871,org.qiyi.android.tile.ContinueTileService,927,17,1593,1]
09-24 03:16:26.417 I/sysui_multi_action( 1846): [757,268,758,1,759,268,806,com.qiyi.video.pad,871,org.qiyi.android.tile.CaptureTileService,927,18,1593,1]
09-24 03:16:26.417 I/sysui_multi_action( 1846): [757,268,758,1,759,268,806,com.qiyi.video.pad,871,org.qiyi.android.tile.TopVideoTileService,927,19,1593,1]
09-24 03:16:26.417 I/sysui_multi_action( 1846): [757,268,758,1,759,268,806,com.qiyi.video.pad,871,org.qiyi.android.tile.EntranceTileService,927,20,1593,1]
09-24 03:16:26.417 I/sysui_multi_action( 1846): [757,268,758,1,759,268,806,com.smile.gifmaker,871,com.kwai.gifshow.post.api.feature.record.RecordQuickSettingService,927,21,1593,1]
09-24 03:16:26.417 I/sysui_multi_action( 1846): [757,268,758,1,759,268,806,com.qiyi.video.pad,871,org.qiyi.android.tile.HistoryTileService,927,22,1593,1]
09-24 03:16:26.417 I/sysui_multi_action( 1846): [757,268,758,1,759,268,806,com.qiyi.video.pad,871,org.qiyi.android.tile.SportTileService,927,23,1593,1]
09-24 03:16:26.417 I/sysui_multi_action( 1846): [757,268,758,1,759,268,806,com.tencent.news,871,com.tencent.news.tile.Tile24Hours,927,24,1593,1]
09-24 03:16:26.417 I/sysui_multi_action( 1846): [757,268,758,1,759,268,806,com.ss.android.article.news,871,com.android.bytedance.search.tile.SearchTileService,927,25,1593,1]
09-24 03:16:26.417 I/sysui_multi_action( 1846): [757,268,758,1,759,268,806,com.ss.android.ugc.aweme,871,com.ss.android.ugc.aweme.tile.PublishTileService,927,26,1593,1]
09-24 03:16:26.417 I/sysui_multi_action( 1846): [757,268,758,1,759,268,806,com.tencent.news,871,com.tencent.news.tile.TileNewsVideo,927,27,1593,1]
09-24 03:16:26.417 I/sysui_multi_action( 1846): [757,111,758,1]
09-24 03:16:26.417 I/sysui_multi_action( 1846): [757,126,758,1,759,126,927,0,928,1,1593,1]
09-24 03:16:26.417 I/sysui_multi_action( 1846): [757,113,758,1,759,113,927,1,928,1,1593,1]
09-24 03:16:26.417 I/sysui_multi_action( 1846): [757,0,758,1,759,0,927,2,928,0,1593,1]
09-24 03:16:26.417 I/sysui_multi_action( 1846): [757,0,758,1,759,0,927,3,928,0,1593,1]
09-24 03:16:26.423 I/am_wtf ( 1472): [0,1472,system_server,-1,DisplayDeviceConfig,requesting nits when no mapping exists.]
09-24 03:16:26.424 I/am_wtf ( 1472): [0,1472,system_server,-1,DisplayDeviceConfig,requesting nits when no mapping exists.]
09-24 03:16:26.428 I/sysui_multi_action( 1846): [757,111,758,2]
09-24 03:16:26.428 I/sysui_multi_action( 1846): [757,111,758,2]
09-24 03:16:26.429 I/notification_enqueue( 1472): [10081,1846,com.android.systemui,2048,NULL,0,Notification(channel=updateNotification shortcut=null contentView=null vibrate=null sound=null defaults=0x0 flags=0x0 color=0x00000000 vis=PRIVATE),1]
09-24 03:16:26.431 I/sysui_multi_action( 1846): [757,111,758,1]
09-24 03:16:26.431 I/sysui_multi_action( 1846): [757,126,758,1,759,126,927,0,928,1,1593,1]
09-24 03:16:26.431 I/sysui_multi_action( 1846): [757,113,758,1,759,113,927,1,928,1,1593,1]
09-24 03:16:26.431 I/sysui_multi_action( 1846): [757,0,758,1,759,0,927,2,928,0,1593,1]
09-24 03:16:26.431 I/sysui_multi_action( 1846): [757,0,758,1,759,0,927,3,928,0,1593,1]
09-24 03:16:26.431 I/sysui_multi_action( 1846): [757,1706,758,1,759,1706,927,4,928,0,1593,1]
09-24 03:16:26.431 I/sysui_multi_action( 1846): [757,491,758,1,759,491,927,5,928,0,1311,-1,1593,1]
09-24 03:16:26.431 I/sysui_multi_action( 1846): [757,0,758,1,759,0,927,6,928,0,1593,1]
09-24 03:16:26.431 I/sysui_multi_action( 1846): [757,114,758,1,759,114,927,7,928,0,1593,1]
09-24 03:16:26.431 I/sysui_multi_action( 1846): [757,268,758,1,759,268,806,com.netease.cloudmusic,871,com.netease.cloudmusic.titleservice.PlayFavoriteMusicTitleService,927,8,1593,1]
09-24 03:16:26.431 I/sysui_multi_action( 1846): [757,268,758,1,759,268,806,com.netease.cloudmusic,871,com.netease.cloudmusic.titleservice.PrivateFmTitleService,927,9,1593,1]
09-24 03:16:26.431 I/sysui_multi_action( 1846): [757,268,758,1,759,268,806,com.netease.cloudmusic,871,com.netease.cloudmusic.music.biz.voice.tileservice.PopularPodCastService,927,10,1593,1]
09-24 03:16:26.431 I/sysui_multi_action( 1846): [757,268,758,1,759,268,806,com.netease.cloudmusic,871,com.netease.cloudmusic.music.biz.voice.tileservice.ListenBookService,927,11,1593,1]
09-24 03:16:26.431 I/sysui_multi_action( 1846): [757,268,758,1,759,268,806,com.netease.cloudmusic,871,com.netease.cloudmusic.titleservice.DailyRecommandTitleService,927,12,1593,1]
09-24 03:16:26.432 I/sysui_multi_action( 1846): [757,268,758,1,759,268,806,com.netease.cloudmusic,871,com.netease.cloudmusic.music.biz.voice.tileservice.SleepAidDecompressionService,927,13,1593,1]
09-24 03:16:26.432 I/sysui_multi_action( 1846): [757,268,758,1,759,268,806,com.netease.cloudmusic,871,com.netease.cloudmusic.titleservice.PrivateRadarTitleService,927,14,1593,1]
09-24 03:16:26.432 I/sysui_multi_action( 1846): [757,268,758,1,759,268,806,com.netease.cloudmusic,871,com.netease.cloudmusic.music.biz.voice.tileservice.BroadCastService,927,15,1593,1]
09-24 03:16:26.432 I/sysui_multi_action( 1846): [757,268,758,1,759,268,806,com.qiyi.video.pad,871,org.qiyi.android.tile.SearchTileService,927,16,1593,1]
09-24 03:16:26.432 I/sysui_multi_action( 1846): [757,268,758,1,759,268,806,com.qiyi.video.pad,871,org.qiyi.android.tile.ContinueTileService,927,17,1593,1]
09-24 03:16:26.432 I/sysui_multi_action( 1846): [757,268,758,1,759,268,806,com.qiyi.video.pad,871,org.qiyi.android.tile.CaptureTileService,927,18,1593,1]
09-24 03:16:26.432 I/sysui_multi_action( 1846): [757,268,758,1,759,268,806,com.qiyi.video.pad,871,org.qiyi.android.tile.TopVideoTileService,927,19,1593,1]
09-24 03:16:26.432 I/sysui_multi_action( 1846): [757,268,758,1,759,268,806,com.qiyi.video.pad,871,org.qiyi.android.tile.EntranceTileService,927,20,1593,1]
09-24 03:16:26.432 I/sysui_multi_action( 1846): [757,268,758,1,759,268,806,com.smile.gifmaker,871,com.kwai.gifshow.post.api.feature.record.RecordQuickSettingService,927,21,1593,1]
09-24 03:16:26.432 I/sysui_multi_action( 1846): [757,268,758,1,759,268,806,com.qiyi.video.pad,871,org.qiyi.android.tile.HistoryTileService,927,22,1593,1]
09-24 03:16:26.432 I/sysui_multi_action( 1846): [757,268,758,1,759,268,806,com.qiyi.video.pad,871,org.qiyi.android.tile.SportTileService,927,23,1593,1]
09-24 03:16:26.432 I/sysui_multi_action( 1846): [757,268,758,1,759,268,806,com.tencent.news,871,com.tencent.news.tile.Tile24Hours,927,24,1593,1]
09-24 03:16:26.432 I/sysui_multi_action( 1846): [757,268,758,1,759,268,806,com.ss.android.article.news,871,com.android.bytedance.search.tile.SearchTileService,927,25,1593,1]
09-24 03:16:26.432 I/sysui_multi_action( 1846): [757,268,758,1,759,268,806,com.ss.android.ugc.aweme,871,com.ss.android.ugc.aweme.tile.PublishTileService,927,26,1593,1]
09-24 03:16:26.432 I/sysui_multi_action( 1846): [757,268,758,1,759,268,806,com.tencent.news,871,com.tencent.news.tile.TileNewsVideo,927,27,1593,1]
09-24 03:16:26.432 I/sysui_multi_action( 1846): [757,111,758,1]
09-24 03:16:26.432 I/sysui_multi_action( 1846): [757,126,758,1,759,126,927,0,928,1,1593,1]
09-24 03:16:26.432 I/sysui_multi_action( 1846): [757,113,758,1,759,113,927,1,928,1,1593,1]
09-24 03:16:26.432 I/sysui_multi_action( 1846): [757,0,758,1,759,0,927,2,928,0,1593,1]
09-24 03:16:26.432 I/sysui_multi_action( 1846): [757,0,758,1,759,0,927,3,928,0,1593,1]
09-24 03:16:26.440 I/am_wtf ( 1472): [0,1472,system_server,-1,DisplayDeviceConfig,requesting nits when no mapping exists.]
09-24 03:16:26.441 I/am_wtf ( 1472): [0,1472,system_server,-1,DisplayDeviceConfig,requesting nits when no mapping exists.]
09-24 03:16:26.443 I/sysui_multi_action( 1846): [757,111,758,2]
09-24 03:16:26.443 I/sysui_multi_action( 1846): [757,111,758,2]
09-24 03:16:26.443 I/notification_enqueue( 1472): [10081,1846,com.android.systemui,2048,NULL,0,Notification(channel=updateNotification shortcut=null contentView=null vibrate=null sound=null defaults=0x0 flags=0x0 color=0x00000000 vis=PRIVATE),1]
09-24 03:16:26.445 I/sysui_multi_action( 1846): [757,111,758,1]
09-24 03:16:26.445 I/sysui_multi_action( 1846): [757,126,758,1,759,126,927,0,928,1,1593,1]
09-24 03:16:26.445 I/sysui_multi_action( 1846): [757,113,758,1,759,113,927,1,928,1,1593,1]
09-24 03:16:26.445 I/sysui_multi_action( 1846): [757,0,758,1,759,0,927,2,928,0,1593,1]
09-24 03:16:26.445 I/sysui_multi_action( 1846): [757,0,758,1,759,0,927,3,928,0,1593,1]
09-24 03:16:26.445 I/sysui_multi_action( 1846): [757,1706,758,1,759,1706,927,4,928,0,1593,1]
09-24 03:16:26.446 I/sysui_multi_action( 1846): [757,491,758,1,759,491,927,5,928,0,1311,-1,1593,1]
09-24 03:16:26.446 I/sysui_multi_action( 1846): [757,0,758,1,759,0,927,6,928,0,1593,1]
09-24 03:16:26.446 I/sysui_multi_action( 1846): [757,114,758,1,759,114,927,7,928,0,1593,1]
09-24 03:16:26.446 I/sysui_multi_action( 1846): [757,268,758,1,759,268,806,com.netease.cloudmusic,871,com.netease.cloudmusic.titleservice.PlayFavoriteMusicTitleService,927,8,1593,1]
09-24 03:16:26.446 I/sysui_multi_action( 1846): [757,268,758,1,759,268,806,com.netease.cloudmusic,871,com.netease.cloudmusic.titleservice.PrivateFmTitleService,927,9,1593,1]
09-24 03:16:26.446 I/sysui_multi_action( 1846): [757,268,758,1,759,268,806,com.netease.cloudmusic,871,com.netease.cloudmusic.music.biz.voice.tileservice.PopularPodCastService,927,10,1593,1]
09-24 03:16:26.446 I/sysui_multi_action( 1846): [757,268,758,1,759,268,806,com.netease.cloudmusic,871,com.netease.cloudmusic.music.biz.voice.tileservice.ListenBookService,927,11,1593,1]
09-24 03:16:26.446 I/sysui_multi_action( 1846): [757,268,758,1,759,268,806,com.netease.cloudmusic,871,com.netease.cloudmusic.titleservice.DailyRecommandTitleService,927,12,1593,1]
09-24 03:16:26.446 I/sysui_multi_action( 1846): [757,268,758,1,759,268,806,com.netease.cloudmusic,871,com.netease.cloudmusic.music.biz.voice.tileservice.SleepAidDecompressionService,927,13,1593,1]
09-24 03:16:26.446 I/sysui_multi_action( 1846): [757,268,758,1,759,268,806,com.netease.cloudmusic,871,com.netease.cloudmusic.titleservice.PrivateRadarTitleService,927,14,1593,1]
09-24 03:16:26.446 I/sysui_multi_action( 1846): [757,268,758,1,759,268,806,com.netease.cloudmusic,871,com.netease.cloudmusic.music.biz.voice.tileservice.BroadCastService,927,15,1593,1]
09-24 03:16:26.446 I/sysui_multi_action( 1846): [757,268,758,1,759,268,806,com.qiyi.video.pad,871,org.qiyi.android.tile.SearchTileService,927,16,1593,1]
09-24 03:16:26.446 I/sysui_multi_action( 1846): [757,268,758,1,759,268,806,com.qiyi.video.pad,871,org.qiyi.android.tile.ContinueTileService,927,17,1593,1]
09-24 03:16:26.446 I/sysui_multi_action( 1846): [757,268,758,1,759,268,806,com.qiyi.video.pad,871,org.qiyi.android.tile.CaptureTileService,927,18,1593,1]
09-24 03:16:26.446 I/sysui_multi_action( 1846): [757,268,758,1,759,268,806,com.qiyi.video.pad,871,org.qiyi.android.tile.TopVideoTileService,927,19,1593,1]
09-24 03:16:26.446 I/sysui_multi_action( 1846): [757,268,758,1,759,268,806,com.qiyi.video.pad,871,org.qiyi.android.tile.EntranceTileService,927,20,1593,1]
09-24 03:16:26.446 I/sysui_multi_action( 1846): [757,268,758,1,759,268,806,com.smile.gifmaker,871,com.kwai.gifshow.post.api.feature.record.RecordQuickSettingService,927,21,1593,1]
09-24 03:16:26.446 I/sysui_multi_action( 1846): [757,268,758,1,759,268,806,com.qiyi.video.pad,871,org.qiyi.android.tile.HistoryTileService,927,22,1593,1]
09-24 03:16:26.446 I/sysui_multi_action( 1846): [757,268,758,1,759,268,806,com.qiyi.video.pad,871,org.qiyi.android.tile.SportTileService,927,23,1593,1]
09-24 03:16:26.446 I/sysui_multi_action( 1846): [757,268,758,1,759,268,806,com.tencent.news,871,com.tencent.news.tile.Tile24Hours,927,24,1593,0]
09-24 03:16:26.446 I/sysui_multi_action( 1846): [757,268,758,1,759,268,806,com.ss.android.article.news,871,com.android.bytedance.search.tile.SearchTileService,927,25,1593,0]
09-24 03:16:26.446 I/sysui_multi_action( 1846): [757,268,758,1,759,268,806,com.ss.android.ugc.aweme,871,com.ss.android.ugc.aweme.tile.PublishTileService,927,26,1593,0]
09-24 03:16:26.446 I/sysui_multi_action( 1846): [757,268,758,1,759,268,806,com.tencent.news,871,com.tencent.news.tile.TileNewsVideo,927,27,1593,0]
09-24 03:16:26.446 I/sysui_multi_action( 1846): [757,111,758,1]
09-24 03:16:26.447 I/sysui_multi_action( 1846): [757,126,758,1,759,126,927,0,928,1,1593,1]
09-24 03:16:26.447 I/sysui_multi_action( 1846): [757,113,758,1,759,113,927,1,928,1,1593,1]
09-24 03:16:26.447 I/sysui_multi_action( 1846): [757,0,758,1,759,0,927,2,928,0,1593,1]
09-24 03:16:26.447 I/sysui_multi_action( 1846): [757,0,758,1,759,0,927,3,928,0,1593,1]
09-24 03:16:26.456 I/am_wtf ( 1472): [0,1472,system_server,-1,DisplayDeviceConfig,requesting nits when no mapping exists.]
09-24 03:16:26.457 I/notification_enqueue( 1472): [10081,1846,com.android.systemui,2048,NULL,0,Notification(channel=updateNotification shortcut=null contentView=null vibrate=null sound=null defaults=0x0 flags=0x0 color=0x00000000 vis=PRIVATE),1]
09-24 03:16:26.457 I/sysui_multi_action( 1846): [757,111,758,2]
09-24 03:16:26.457 I/sysui_multi_action( 1846): [757,111,758,2]
09-24 03:16:26.458 I/am_wtf ( 1472): [0,1472,system_server,-1,DisplayDeviceConfig,requesting nits when no mapping exists.]
09-24 03:16:26.459 I/sysui_multi_action( 1846): [757,111,758,1]
09-24 03:16:26.459 I/sysui_multi_action( 1846): [757,126,758,1,759,126,927,0,928,1,1593,1]
09-24 03:16:26.459 I/sysui_multi_action( 1846): [757,113,758,1,759,113,927,1,928,1,1593,1]
09-24 03:16:26.459 I/sysui_multi_action( 1846): [757,0,758,1,759,0,927,2,928,0,1593,1]
09-24 03:16:26.459 I/sysui_multi_action( 1846): [757,0,758,1,759,0,927,3,928,0,1593,1]
09-24 03:16:26.459 I/sysui_multi_action( 1846): [757,1706,758,1,759,1706,927,4,928,0,1593,1]
09-24 03:16:26.459 I/sysui_multi_action( 1846): [757,491,758,1,759,491,927,5,928,0,1311,-1,1593,1]
09-24 03:16:26.460 I/sysui_multi_action( 1846): [757,0,758,1,759,0,927,6,928,0,1593,1]
09-24 03:16:26.460 I/sysui_multi_action( 1846): [757,114,758,1,759,114,927,7,928,0,1593,1]
09-24 03:16:26.460 I/sysui_multi_action( 1846): [757,268,758,1,759,268,806,com.netease.cloudmusic,871,com.netease.cloudmusic.titleservice.PlayFavoriteMusicTitleService,927,8,1593,1]
09-24 03:16:26.460 I/sysui_multi_action( 1846): [757,268,758,1,759,268,806,com.netease.cloudmusic,871,com.netease.cloudmusic.titleservice.PrivateFmTitleService,927,9,1593,1]
09-24 03:16:26.460 I/sysui_multi_action( 1846): [757,268,758,1,759,268,806,com.netease.cloudmusic,871,com.netease.cloudmusic.music.biz.voice.tileservice.PopularPodCastService,927,10,1593,1]
09-24 03:16:26.460 I/sysui_multi_action( 1846): [757,268,758,1,759,268,806,com.netease.cloudmusic,871,com.netease.cloudmusic.music.biz.voice.tileservice.ListenBookService,927,11,1593,1]
09-24 03:16:26.460 I/sysui_multi_action( 1846): [757,268,758,1,759,268,806,com.netease.cloudmusic,871,com.netease.cloudmusic.titleservice.DailyRecommandTitleService,927,12,1593,1]
09-24 03:16:26.460 I/sysui_multi_action( 1846): [757,268,758,1,759,268,806,com.netease.cloudmusic,871,com.netease.cloudmusic.music.biz.voice.tileservice.SleepAidDecompressionService,927,13,1593,1]
09-24 03:16:26.460 I/sysui_multi_action( 1846): [757,268,758,1,759,268,806,com.netease.cloudmusic,871,com.netease.cloudmusic.titleservice.PrivateRadarTitleService,927,14,1593,1]
09-24 03:16:26.460 I/sysui_multi_action( 1846): [757,268,758,1,759,268,806,com.netease.cloudmusic,871,com.netease.cloudmusic.music.biz.voice.tileservice.BroadCastService,927,15,1593,0]
09-24 03:16:26.460 I/sysui_multi_action( 1846): [757,268,758,1,759,268,806,com.qiyi.video.pad,871,org.qiyi.android.tile.SearchTileService,927,16,1593,0]
09-24 03:16:26.460 I/sysui_multi_action( 1846): [757,268,758,1,759,268,806,com.qiyi.video.pad,871,org.qiyi.android.tile.ContinueTileService,927,17,1593,0]
09-24 03:16:26.460 I/sysui_multi_action( 1846): [757,268,758,1,759,268,806,com.qiyi.video.pad,871,org.qiyi.android.tile.CaptureTileService,927,18,1593,0]
09-24 03:16:26.460 I/sysui_multi_action( 1846): [757,268,758,1,759,268,806,com.qiyi.video.pad,871,org.qiyi.android.tile.TopVideoTileService,927,19,1593,0]
09-24 03:16:26.460 I/sysui_multi_action( 1846): [757,268,758,1,759,268,806,com.qiyi.video.pad,871,org.qiyi.android.tile.EntranceTileService,927,20,1593,0]
09-24 03:16:26.460 I/sysui_multi_action( 1846): [757,268,758,1,759,268,806,com.smile.gifmaker,871,com.kwai.gifshow.post.api.feature.record.RecordQuickSettingService,927,21,1593,0]
09-24 03:16:26.460 I/sysui_multi_action( 1846): [757,268,758,1,759,268,806,com.qiyi.video.pad,871,org.qiyi.android.tile.HistoryTileService,927,22,1593,0]
09-24 03:16:26.460 I/sysui_multi_action( 1846): [757,268,758,1,759,268,806,com.qiyi.video.pad,871,org.qiyi.android.tile.SportTileService,927,23,1593,0]
09-24 03:16:26.460 I/sysui_multi_action( 1846): [757,268,758,1,759,268,806,com.tencent.news,871,com.tencent.news.tile.Tile24Hours,927,24,1593,0]
09-24 03:16:26.460 I/sysui_multi_action( 1846): [757,268,758,1,759,268,806,com.ss.android.article.news,871,com.android.bytedance.search.tile.SearchTileService,927,25,1593,0]
09-24 03:16:26.460 I/sysui_multi_action( 1846): [757,268,758,1,759,268,806,com.ss.android.ugc.aweme,871,com.ss.android.ugc.aweme.tile.PublishTileService,927,26,1593,0]
09-24 03:16:26.460 I/sysui_multi_action( 1846): [757,268,758,1,759,268,806,com.tencent.news,871,com.tencent.news.tile.TileNewsVideo,927,27,1593,0]
09-24 03:16:26.460 I/sysui_multi_action( 1846): [757,111,758,1]
09-24 03:16:26.461 I/sysui_multi_action( 1846): [757,126,758,1,759,126,927,0,928,1,1593,1]
09-24 03:16:26.461 I/sysui_multi_action( 1846): [757,113,758,1,759,113,927,1,928,1,1593,1]
09-24 03:16:26.461 I/sysui_multi_action( 1846): [757,0,758,1,759,0,927,2,928,0,1593,1]
09-24 03:16:26.461 I/sysui_multi_action( 1846): [757,0,758,1,759,0,927,3,928,0,1593,1]
09-24 03:16:26.473 I/am_wtf ( 1472): [0,1472,system_server,-1,DisplayDeviceConfig,requesting nits when no mapping exists.]
09-24 03:16:26.473 I/sysui_multi_action( 1846): [757,111,758,2]
09-24 03:16:26.473 I/sysui_multi_action( 1846): [757,111,758,2]
09-24 03:16:26.474 I/notification_enqueue( 1472): [10081,1846,com.android.systemui,2048,NULL,0,Notification(channel=updateNotification shortcut=null contentView=null vibrate=null sound=null defaults=0x0 flags=0x0 color=0x00000000 vis=PRIVATE),1]
09-24 03:16:26.474 I/am_wtf ( 1472): [0,1472,system_server,-1,DisplayDeviceConfig,requesting nits when no mapping exists.]
09-24 03:16:26.476 I/sysui_multi_action( 1846): [757,111,758,1]
09-24 03:16:26.476 I/sysui_multi_action( 1846): [757,126,758,1,759,126,927,0,928,1,1593,1]
09-24 03:16:26.476 I/sysui_multi_action( 1846): [757,113,758,1,759,113,927,1,928,1,1593,1]
09-24 03:16:26.476 I/sysui_multi_action( 1846): [757,0,758,1,759,0,927,2,928,0,1593,1]
09-24 03:16:26.476 I/sysui_multi_action( 1846): [757,0,758,1,759,0,927,3,928,0,1593,1]
09-24 03:16:26.476 I/sysui_multi_action( 1846): [757,1706,758,1,759,1706,927,4,928,0,1593,1]
09-24 03:16:26.476 I/sysui_multi_action( 1846): [757,491,758,1,759,491,927,5,928,0,1311,-1,1593,1]
09-24 03:16:26.476 I/sysui_multi_action( 1846): [757,0,758,1,759,0,927,6,928,0,1593,1]
09-24 03:16:26.476 I/sysui_multi_action( 1846): [757,114,758,1,759,114,927,7,928,0,1593,1]
09-24 03:16:26.477 I/sysui_multi_action( 1846): [757,268,758,1,759,268,806,com.netease.cloudmusic,871,com.netease.cloudmusic.titleservice.PlayFavoriteMusicTitleService,927,8,1593,1]
09-24 03:16:26.477 I/sysui_multi_action( 1846): [757,268,758,1,759,268,806,com.netease.cloudmusic,871,com.netease.cloudmusic.titleservice.PrivateFmTitleService,927,9,1593,1]
09-24 03:16:26.477 I/sysui_multi_action( 1846): [757,268,758,1,759,268,806,com.netease.cloudmusic,871,com.netease.cloudmusic.music.biz.voice.tileservice.PopularPodCastService,927,10,1593,1]
09-24 03:16:26.477 I/sysui_multi_action( 1846): [757,268,758,1,759,268,806,com.netease.cloudmusic,871,com.netease.cloudmusic.music.biz.voice.tileservice.ListenBookService,927,11,1593,1]
09-24 03:16:26.477 I/sysui_multi_action( 1846): [757,268,758,1,759,268,806,com.netease.cloudmusic,871,com.netease.cloudmusic.titleservice.DailyRecommandTitleService,927,12,1593,1]
09-24 03:16:26.477 I/sysui_multi_action( 1846): [757,268,758,1,759,268,806,com.netease.cloudmusic,871,com.netease.cloudmusic.music.biz.voice.tileservice.SleepAidDecompressionService,927,13,1593,1]
09-24 03:16:26.477 I/sysui_multi_action( 1846): [757,268,758,1,759,268,806,com.netease.cloudmusic,871,com.netease.cloudmusic.titleservice.PrivateRadarTitleService,927,14,1593,1]
09-24 03:16:26.477 I/sysui_multi_action( 1846): [757,268,758,1,759,268,806,com.netease.cloudmusic,871,com.netease.cloudmusic.music.biz.voice.tileservice.BroadCastService,927,15,1593,1]
09-24 03:16:26.477 I/sysui_multi_action( 1846): [757,268,758,1,759,268,806,com.qiyi.video.pad,871,org.qiyi.android.tile.SearchTileService,927,16,1593,1]
09-24 03:16:26.477 I/sysui_multi_action( 1846): [757,268,758,1,759,268,806,com.qiyi.video.pad,871,org.qiyi.android.tile.ContinueTileService,927,17,1593,1]
09-24 03:16:26.477 I/sysui_multi_action( 1846): [757,268,758,1,759,268,806,com.qiyi.video.pad,871,org.qiyi.android.tile.CaptureTileService,927,18,1593,0]
09-24 03:16:26.477 I/sysui_multi_action( 1846): [757,268,758,1,759,268,806,com.qiyi.video.pad,871,org.qiyi.android.tile.TopVideoTileService,927,19,1593,0]
09-24 03:16:26.477 I/sysui_multi_action( 1846): [757,268,758,1,759,268,806,com.qiyi.video.pad,871,org.qiyi.android.tile.EntranceTileService,927,20,1593,0]
09-24 03:16:26.477 I/sysui_multi_action( 1846): [757,268,758,1,759,268,806,com.smile.gifmaker,871,com.kwai.gifshow.post.api.feature.record.RecordQuickSettingService,927,21,1593,0]
09-24 03:16:26.477 I/sysui_multi_action( 1846): [757,268,758,1,759,268,806,com.qiyi.video.pad,871,org.qiyi.android.tile.HistoryTileService,927,22,1593,0]
09-24 03:16:26.477 I/sysui_multi_action( 1846): [757,268,758,1,759,268,806,com.qiyi.video.pad,871,org.qiyi.android.tile.SportTileService,927,23,1593,0]
09-24 03:16:26.477 I/sysui_multi_action( 1846): [757,268,758,1,759,268,806,com.tencent.news,871,com.tencent.news.tile.Tile24Hours,927,24,1593,0]
09-24 03:16:26.477 I/sysui_multi_action( 1846): [757,268,758,1,759,268,806,com.ss.android.article.news,871,com.android.bytedance.search.tile.SearchTileService,927,25,1593,0]
09-24 03:16:26.477 I/sysui_multi_action( 1846): [757,268,758,1,759,268,806,com.ss.android.ugc.aweme,871,com.ss.android.ugc.aweme.tile.PublishTileService,927,26,1593,0]
09-24 03:16:26.477 I/sysui_multi_action( 1846): [757,268,758,1,759,268,806,com.tencent.news,871,com.tencent.news.tile.TileNewsVideo,927,27,1593,0]
09-24 03:16:26.477 I/sysui_multi_action( 1846): [757,111,758,1]
09-24 03:16:26.478 I/sysui_multi_action( 1846): [757,126,758,1,759,126,927,0,928,1,1593,1]
09-24 03:16:26.478 I/sysui_multi_action( 1846): [757,113,758,1,759,113,927,1,928,1,1593,1]
09-24 03:16:26.478 I/sysui_multi_action( 1846): [757,0,758,1,759,0,927,2,928,0,1593,1]
09-24 03:16:26.478 I/sysui_multi_action( 1846): [757,0,758,1,759,0,927,3,928,0,1593,1]
09-24 03:16:26.489 I/am_wtf ( 1472): [0,1472,system_server,-1,DisplayDeviceConfig,requesting nits when no mapping exists.]
09-24 03:16:26.490 I/notification_enqueue( 1472): [10081,1846,com.android.systemui,2048,NULL,0,Notification(channel=updateNotification shortcut=null contentView=null vibrate=null sound=null defaults=0x0 flags=0x0 color=0x00000000 vis=PRIVATE),1]
09-24 03:16:26.490 I/am_wtf ( 1472): [0,1472,system_server,-1,DisplayDeviceConfig,requesting nits when no mapping exists.]
09-24 03:16:26.490 I/sysui_multi_action( 1846): [757,111,758,2]
09-24 03:16:26.491 I/sysui_multi_action( 1846): [757,111,758,2]
09-24 03:16:26.493 I/sysui_multi_action( 1846): [757,111,758,1]
09-24 03:16:26.493 I/sysui_multi_action( 1846): [757,126,758,1,759,126,927,0,928,1,1593,1]
09-24 03:16:26.493 I/sysui_multi_action( 1846): [757,113,758,1,759,113,927,1,928,1,1593,1]
09-24 03:16:26.493 I/sysui_multi_action( 1846): [757,0,758,1,759,0,927,2,928,0,1593,1]
09-24 03:16:26.493 I/sysui_multi_action( 1846): [757,0,758,1,759,0,927,3,928,0,1593,1]
09-24 03:16:26.493 I/sysui_multi_action( 1846): [757,1706,758,1,759,1706,927,4,928,0,1593,1]
09-24 03:16:26.493 I/sysui_multi_action( 1846): [757,491,758,1,759,491,927,5,928,0,1311,-1,1593,1]
09-24 03:16:26.493 I/sysui_multi_action( 1846): [757,0,758,1,759,0,927,6,928,0,1593,1]
09-24 03:16:26.493 I/sysui_multi_action( 1846): [757,114,758,1,759,114,927,7,928,0,1593,1]
09-24 03:16:26.493 I/sysui_multi_action( 1846): [757,268,758,1,759,268,806,com.netease.cloudmusic,871,com.netease.cloudmusic.titleservice.PlayFavoriteMusicTitleService,927,8,1593,1]
09-24 03:16:26.493 I/sysui_multi_action( 1846): [757,268,758,1,759,268,806,com.netease.cloudmusic,871,com.netease.cloudmusic.titleservice.PrivateFmTitleService,927,9,1593,1]
09-24 03:16:26.493 I/sysui_multi_action( 1846): [757,268,758,1,759,268,806,com.netease.cloudmusic,871,com.netease.cloudmusic.music.biz.voice.tileservice.PopularPodCastService,927,10,1593,1]
09-24 03:16:26.493 I/sysui_multi_action( 1846): [757,268,758,1,759,268,806,com.netease.cloudmusic,871,com.netease.cloudmusic.music.biz.voice.tileservice.ListenBookService,927,11,1593,1]
09-24 03:16:26.493 I/sysui_multi_action( 1846): [757,268,758,1,759,268,806,com.netease.cloudmusic,871,com.netease.cloudmusic.titleservice.DailyRecommandTitleService,927,12,1593,1]
09-24 03:16:26.493 I/sysui_multi_action( 1846): [757,268,758,1,759,268,806,com.netease.cloudmusic,871,com.netease.cloudmusic.music.biz.voice.tileservice.SleepAidDecompressionService,927,13,1593,1]
09-24 03:16:26.493 I/sysui_multi_action( 1846): [757,268,758,1,759,268,806,com.netease.cloudmusic,871,com.netease.cloudmusic.titleservice.PrivateRadarTitleService,927,14,1593,1]
09-24 03:16:26.494 I/sysui_multi_action( 1846): [757,268,758,1,759,268,806,com.netease.cloudmusic,871,com.netease.cloudmusic.music.biz.voice.tileservice.BroadCastService,927,15,1593,1]
09-24 03:16:26.494 I/sysui_multi_action( 1846): [757,268,758,1,759,268,806,com.qiyi.video.pad,871,org.qiyi.android.tile.SearchTileService,927,16,1593,1]
09-24 03:16:26.494 I/sysui_multi_action( 1846): [757,268,758,1,759,268,806,com.qiyi.video.pad,871,org.qiyi.android.tile.ContinueTileService,927,17,1593,1]
09-24 03:16:26.494 I/sysui_multi_action( 1846): [757,268,758,1,759,268,806,com.qiyi.video.pad,871,org.qiyi.android.tile.CaptureTileService,927,18,1593,1]
09-24 03:16:26.494 I/sysui_multi_action( 1846): [757,268,758,1,759,268,806,com.qiyi.video.pad,871,org.qiyi.android.tile.TopVideoTileService,927,19,1593,0]
09-24 03:16:26.494 I/sysui_multi_action( 1846): [757,268,758,1,759,268,806,com.qiyi.video.pad,871,org.qiyi.android.tile.EntranceTileService,927,20,1593,0]
09-24 03:16:26.494 I/sysui_multi_action( 1846): [757,268,758,1,759,268,806,com.smile.gifmaker,871,com.kwai.gifshow.post.api.feature.record.RecordQuickSettingService,927,21,1593,0]
09-24 03:16:26.494 I/sysui_multi_action( 1846): [757,268,758,1,759,268,806,com.qiyi.video.pad,871,org.qiyi.android.tile.HistoryTileService,927,22,1593,0]
09-24 03:16:26.494 I/sysui_multi_action( 1846): [757,268,758,1,759,268,806,com.qiyi.video.pad,871,org.qiyi.android.tile.SportTileService,927,23,1593,0]
09-24 03:16:26.494 I/sysui_multi_action( 1846): [757,268,758,1,759,268,806,com.tencent.news,871,com.tencent.news.tile.Tile24Hours,927,24,1593,0]
09-24 03:16:26.494 I/sysui_multi_action( 1846): [757,268,758,1,759,268,806,com.ss.android.article.news,871,com.android.bytedance.search.tile.SearchTileService,927,25,1593,0]
09-24 03:16:26.494 I/sysui_multi_action( 1846): [757,268,758,1,759,268,806,com.ss.android.ugc.aweme,871,com.ss.android.ugc.aweme.tile.PublishTileService,927,26,1593,0]
09-24 03:16:26.494 I/sysui_multi_action( 1846): [757,268,758,1,759,268,806,com.tencent.news,871,com.tencent.news.tile.TileNewsVideo,927,27,1593,0]
09-24 03:16:26.494 I/sysui_multi_action( 1846): [757,111,758,1]
09-24 03:16:26.494 I/sysui_multi_action( 1846): [757,126,758,1,759,126,927,0,928,1,1593,1]
09-24 03:16:26.494 I/sysui_multi_action( 1846): [757,113,758,1,759,113,927,1,928,1,1593,1]
09-24 03:16:26.494 I/sysui_multi_action( 1846): [757,0,758,1,759,0,927,2,928,0,1593,1]
09-24 03:16:26.494 I/sysui_multi_action( 1846): [757,0,758,1,759,0,927,3,928,0,1593,1]
09-24 03:16:26.507 I/sysui_multi_action( 1846): [757,111,758,2]
09-24 03:16:26.507 I/sysui_multi_action( 1846): [757,111,758,2]
09-24 03:16:26.511 I/sysui_multi_action( 1846): [757,111,758,1]
09-24 03:16:26.511 I/sysui_multi_action( 1846): [757,126,758,1,759,126,927,0,928,1,1593,1]
09-24 03:16:26.511 I/sysui_multi_action( 1846): [757,113,758,1,759,113,927,1,928,1,1593,1]
09-24 03:16:26.511 I/sysui_multi_action( 1846): [757,0,758,1,759,0,927,2,928,0,1593,1]
09-24 03:16:26.511 I/sysui_multi_action( 1846): [757,0,758,1,759,0,927,3,928,0,1593,1]
09-24 03:16:26.511 I/sysui_multi_action( 1846): [757,1706,758,1,759,1706,927,4,928,0,1593,1]
09-24 03:16:26.511 I/sysui_multi_action( 1846): [757,491,758,1,759,491,927,5,928,0,1311,-1,1593,1]
09-24 03:16:26.511 I/sysui_multi_action( 1846): [757,0,758,1,759,0,927,6,928,0,1593,1]
09-24 03:16:26.511 I/sysui_multi_action( 1846): [757,114,758,1,759,114,927,7,928,0,1593,1]
09-24 03:16:26.511 I/sysui_multi_action( 1846): [757,268,758,1,759,268,806,com.netease.cloudmusic,871,com.netease.cloudmusic.titleservice.PlayFavoriteMusicTitleService,927,8,1593,1]
09-24 03:16:26.512 I/sysui_multi_action( 1846): [757,268,758,1,759,268,806,com.netease.cloudmusic,871,com.netease.cloudmusic.titleservice.PrivateFmTitleService,927,9,1593,1]
09-24 03:16:26.512 I/sysui_multi_action( 1846): [757,268,758,1,759,268,806,com.netease.cloudmusic,871,com.netease.cloudmusic.music.biz.voice.tileservice.PopularPodCastService,927,10,1593,1]
09-24 03:16:26.512 I/sysui_multi_action( 1846): [757,268,758,1,759,268,806,com.netease.cloudmusic,871,com.netease.cloudmusic.music.biz.voice.tileservice.ListenBookService,927,11,1593,1]
09-24 03:16:26.512 I/sysui_multi_action( 1846): [757,268,758,1,759,268,806,com.netease.cloudmusic,871,com.netease.cloudmusic.titleservice.DailyRecommandTitleService,927,12,1593,1]
09-24 03:16:26.512 I/sysui_multi_action( 1846): [757,268,758,1,759,268,806,com.netease.cloudmusic,871,com.netease.cloudmusic.music.biz.voice.tileservice.SleepAidDecompressionService,927,13,1593,1]
09-24 03:16:26.512 I/sysui_multi_action( 1846): [757,268,758,1,759,268,806,com.netease.cloudmusic,871,com.netease.cloudmusic.titleservice.PrivateRadarTitleService,927,14,1593,1]
09-24 03:16:26.512 I/sysui_multi_action( 1846): [757,268,758,1,759,268,806,com.netease.cloudmusic,871,com.netease.cloudmusic.music.biz.voice.tileservice.BroadCastService,927,15,1593,1]
09-24 03:16:26.512 I/sysui_multi_action( 1846): [757,268,758,1,759,268,806,com.qiyi.video.pad,871,org.qiyi.android.tile.SearchTileService,927,16,1593,1]
09-24 03:16:26.512 I/sysui_multi_action( 1846): [757,268,758,1,759,268,806,com.qiyi.video.pad,871,org.qiyi.android.tile.ContinueTileService,927,17,1593,1]
09-24 03:16:26.512 I/sysui_multi_action( 1846): [757,268,758,1,759,268,806,com.qiyi.video.pad,871,org.qiyi.android.tile.CaptureTileService,927,18,1593,1]
09-24 03:16:26.512 I/sysui_multi_action( 1846): [757,268,758,1,759,268,806,com.qiyi.video.pad,871,org.qiyi.android.tile.TopVideoTileService,927,19,1593,1]
09-24 03:16:26.512 I/sysui_multi_action( 1846): [757,268,758,1,759,268,806,com.qiyi.video.pad,871,org.qiyi.android.tile.EntranceTileService,927,20,1593,1]
09-24 03:16:26.512 I/sysui_multi_action( 1846): [757,268,758,1,759,268,806,com.smile.gifmaker,871,com.kwai.gifshow.post.api.feature.record.RecordQuickSettingService,927,21,1593,1]
09-24 03:16:26.512 I/sysui_multi_action( 1846): [757,268,758,1,759,268,806,com.qiyi.video.pad,871,org.qiyi.android.tile.HistoryTileService,927,22,1593,1]
09-24 03:16:26.512 I/sysui_multi_action( 1846): [757,268,758,1,759,268,806,com.qiyi.video.pad,871,org.qiyi.android.tile.SportTileService,927,23,1593,1]
09-24 03:16:26.512 I/sysui_multi_action( 1846): [757,268,758,1,759,268,806,com.tencent.news,871,com.tencent.news.tile.Tile24Hours,927,24,1593,1]
09-24 03:16:26.512 I/sysui_multi_action( 1846): [757,268,758,1,759,268,806,com.ss.android.article.news,871,com.android.bytedance.search.tile.SearchTileService,927,25,1593,0]
09-24 03:16:26.512 I/sysui_multi_action( 1846): [757,268,758,1,759,268,806,com.ss.android.ugc.aweme,871,com.ss.android.ugc.aweme.tile.PublishTileService,927,26,1593,0]
09-24 03:16:26.512 I/sysui_multi_action( 1846): [757,268,758,1,759,268,806,com.tencent.news,871,com.tencent.news.tile.TileNewsVideo,927,27,1593,0]
09-24 03:16:26.512 I/sysui_multi_action( 1846): [757,111,758,1]
09-24 03:16:26.512 I/sysui_multi_action( 1846): [757,126,758,1,759,126,927,0,928,1,1593,1]
09-24 03:16:26.513 I/sysui_multi_action( 1846): [757,113,758,1,759,113,927,1,928,1,1593,1]
09-24 03:16:26.513 I/sysui_multi_action( 1846): [757,0,758,1,759,0,927,2,928,0,1593,1]
09-24 03:16:26.513 I/sysui_multi_action( 1846): [757,0,758,1,759,0,927,3,928,0,1593,1]
09-24 03:16:26.513 I/notification_enqueue( 1472): [10081,1846,com.android.systemui,2048,NULL,0,Notification(channel=updateNotification shortcut=null contentView=null vibrate=null sound=null defaults=0x0 flags=0x0 color=0x00000000 vis=PRIVATE),1]
09-24 03:16:26.525 I/sysui_multi_action( 1846): [757,111,758,2]
09-24 03:16:26.525 I/sysui_multi_action( 1846): [757,111,758,2]
09-24 03:16:26.526 I/notification_enqueue( 1472): [10081,1846,com.android.systemui,2048,NULL,0,Notification(channel=updateNotification shortcut=null contentView=null vibrate=null sound=null defaults=0x0 flags=0x0 color=0x00000000 vis=PRIVATE),1]
09-24 03:16:26.529 I/sysui_multi_action( 1846): [757,111,758,1]
09-24 03:16:26.529 I/sysui_multi_action( 1846): [757,126,758,1,759,126,927,0,928,1,1593,1]
09-24 03:16:26.529 I/sysui_multi_action( 1846): [757,113,758,1,759,113,927,1,928,1,1593,1]
09-24 03:16:26.529 I/sysui_multi_action( 1846): [757,0,758,1,759,0,927,2,928,0,1593,1]
09-24 03:16:26.529 I/sysui_multi_action( 1846): [757,0,758,1,759,0,927,3,928,0,1593,1]
09-24 03:16:26.529 I/sysui_multi_action( 1846): [757,1706,758,1,759,1706,927,4,928,0,1593,1]
09-24 03:16:26.529 I/sysui_multi_action( 1846): [757,491,758,1,759,491,927,5,928,0,1311,-1,1593,1]
09-24 03:16:26.529 I/sysui_multi_action( 1846): [757,0,758,1,759,0,927,6,928,0,1593,1]
09-24 03:16:26.529 I/sysui_multi_action( 1846): [757,114,758,1,759,114,927,7,928,0,1593,1]
09-24 03:16:26.529 I/sysui_multi_action( 1846): [757,268,758,1,759,268,806,com.netease.cloudmusic,871,com.netease.cloudmusic.titleservice.PlayFavoriteMusicTitleService,927,8,1593,1]
09-24 03:16:26.529 I/sysui_multi_action( 1846): [757,268,758,1,759,268,806,com.netease.cloudmusic,871,com.netease.cloudmusic.titleservice.PrivateFmTitleService,927,9,1593,1]
09-24 03:16:26.530 I/sysui_multi_action( 1846): [757,268,758,1,759,268,806,com.netease.cloudmusic,871,com.netease.cloudmusic.music.biz.voice.tileservice.PopularPodCastService,927,10,1593,1]
09-24 03:16:26.530 I/sysui_multi_action( 1846): [757,268,758,1,759,268,806,com.netease.cloudmusic,871,com.netease.cloudmusic.music.biz.voice.tileservice.ListenBookService,927,11,1593,1]
09-24 03:16:26.530 I/sysui_multi_action( 1846): [757,268,758,1,759,268,806,com.netease.cloudmusic,871,com.netease.cloudmusic.titleservice.DailyRecommandTitleService,927,12,1593,1]
09-24 03:16:26.530 I/sysui_multi_action( 1846): [757,268,758,1,759,268,806,com.netease.cloudmusic,871,com.netease.cloudmusic.music.biz.voice.tileservice.SleepAidDecompressionService,927,13,1593,1]
09-24 03:16:26.530 I/sysui_multi_action( 1846): [757,268,758,1,759,268,806,com.netease.cloudmusic,871,com.netease.cloudmusic.titleservice.PrivateRadarTitleService,927,14,1593,1]
09-24 03:16:26.530 I/sysui_multi_action( 1846): [757,268,758,1,759,268,806,com.netease.cloudmusic,871,com.netease.cloudmusic.music.biz.voice.tileservice.BroadCastService,927,15,1593,1]
09-24 03:16:26.530 I/sysui_multi_action( 1846): [757,268,758,1,759,268,806,com.qiyi.video.pad,871,org.qiyi.android.tile.SearchTileService,927,16,1593,1]
09-24 03:16:26.530 I/sysui_multi_action( 1846): [757,268,758,1,759,268,806,com.qiyi.video.pad,871,org.qiyi.android.tile.ContinueTileService,927,17,1593,1]
09-24 03:16:26.530 I/sysui_multi_action( 1846): [757,268,758,1,759,268,806,com.qiyi.video.pad,871,org.qiyi.android.tile.CaptureTileService,927,18,1593,1]
09-24 03:16:26.530 I/sysui_multi_action( 1846): [757,268,758,1,759,268,806,com.qiyi.video.pad,871,org.qiyi.android.tile.TopVideoTileService,927,19,1593,1]
09-24 03:16:26.530 I/sysui_multi_action( 1846): [757,268,758,1,759,268,806,com.qiyi.video.pad,871,org.qiyi.android.tile.EntranceTileService,927,20,1593,1]
09-24 03:16:26.530 I/sysui_multi_action( 1846): [757,268,758,1,759,268,806,com.smile.gifmaker,871,com.kwai.gifshow.post.api.feature.record.RecordQuickSettingService,927,21,1593,1]
09-24 03:16:26.530 I/sysui_multi_action( 1846): [757,268,758,1,759,268,806,com.qiyi.video.pad,871,org.qiyi.android.tile.HistoryTileService,927,22,1593,0]
09-24 03:16:26.530 I/sysui_multi_action( 1846): [757,268,758,1,759,268,806,com.qiyi.video.pad,871,org.qiyi.android.tile.SportTileService,927,23,1593,0]
09-24 03:16:26.530 I/sysui_multi_action( 1846): [757,268,758,1,759,268,806,com.tencent.news,871,com.tencent.news.tile.Tile24Hours,927,24,1593,0]
09-24 03:16:26.530 I/sysui_multi_action( 1846): [757,268,758,1,759,268,806,com.ss.android.article.news,871,com.android.bytedance.search.tile.SearchTileService,927,25,1593,0]
09-24 03:16:26.530 I/sysui_multi_action( 1846): [757,268,758,1,759,268,806,com.ss.android.ugc.aweme,871,com.ss.android.ugc.aweme.tile.PublishTileService,927,26,1593,0]
09-24 03:16:26.530 I/sysui_multi_action( 1846): [757,268,758,1,759,268,806,com.tencent.news,871,com.tencent.news.tile.TileNewsVideo,927,27,1593,0]
09-24 03:16:26.530 I/sysui_multi_action( 1846): [757,111,758,1]
09-24 03:16:26.531 I/sysui_multi_action( 1846): [757,126,758,1,759,126,927,0,928,1,1593,1]
09-24 03:16:26.531 I/sysui_multi_action( 1846): [757,113,758,1,759,113,927,1,928,1,1593,1]
09-24 03:16:26.531 I/sysui_multi_action( 1846): [757,0,758,1,759,0,927,2,928,0,1593,1]
09-24 03:16:26.531 I/sysui_multi_action( 1846): [757,0,758,1,759,0,927,3,928,0,1593,1]
09-24 03:16:26.542 I/sysui_multi_action( 1846): [757,111,758,2]
09-24 03:16:26.542 I/sysui_multi_action( 1846): [757,111,758,2]
09-24 03:16:26.544 I/sysui_multi_action( 1846): [757,111,758,1]
09-24 03:16:26.544 I/sysui_multi_action( 1846): [757,126,758,1,759,126,927,0,928,1,1593,1]
09-24 03:16:26.544 I/sysui_multi_action( 1846): [757,113,758,1,759,113,927,1,928,1,1593,1]
09-24 03:16:26.544 I/sysui_multi_action( 1846): [757,0,758,1,759,0,927,2,928,0,1593,1]
09-24 03:16:26.544 I/sysui_multi_action( 1846): [757,0,758,1,759,0,927,3,928,0,1593,1]
09-24 03:16:26.544 I/sysui_multi_action( 1846): [757,1706,758,1,759,1706,927,4,928,0,1593,1]
09-24 03:16:26.545 I/sysui_multi_action( 1846): [757,491,758,1,759,491,927,5,928,0,1311,-1,1593,1]
09-24 03:16:26.545 I/sysui_multi_action( 1846): [757,0,758,1,759,0,927,6,928,0,1593,1]
09-24 03:16:26.545 I/sysui_multi_action( 1846): [757,114,758,1,759,114,927,7,928,0,1593,1]
09-24 03:16:26.545 I/notification_enqueue( 1472): [10081,1846,com.android.systemui,2048,NULL,0,Notification(channel=updateNotification shortcut=null contentView=null vibrate=null sound=null defaults=0x0 flags=0x0 color=0x00000000 vis=PRIVATE),1]
09-24 03:16:26.545 I/sysui_multi_action( 1846): [757,268,758,1,759,268,806,com.netease.cloudmusic,871,com.netease.cloudmusic.titleservice.PlayFavoriteMusicTitleService,927,8,1593,1]
09-24 03:16:26.545 I/sysui_multi_action( 1846): [757,268,758,1,759,268,806,com.netease.cloudmusic,871,com.netease.cloudmusic.titleservice.PrivateFmTitleService,927,9,1593,1]
09-24 03:16:26.545 I/sysui_multi_action( 1846): [757,268,758,1,759,268,806,com.netease.cloudmusic,871,com.netease.cloudmusic.music.biz.voice.tileservice.PopularPodCastService,927,10,1593,1]
09-24 03:16:26.545 I/sysui_multi_action( 1846): [757,268,758,1,759,268,806,com.netease.cloudmusic,871,com.netease.cloudmusic.music.biz.voice.tileservice.ListenBookService,927,11,1593,1]
09-24 03:16:26.545 I/sysui_multi_action( 1846): [757,268,758,1,759,268,806,com.netease.cloudmusic,871,com.netease.cloudmusic.titleservice.DailyRecommandTitleService,927,12,1593,1]
09-24 03:16:26.545 I/sysui_multi_action( 1846): [757,268,758,1,759,268,806,com.netease.cloudmusic,871,com.netease.cloudmusic.music.biz.voice.tileservice.SleepAidDecompressionService,927,13,1593,1]
09-24 03:16:26.545 I/sysui_multi_action( 1846): [757,268,758,1,759,268,806,com.netease.cloudmusic,871,com.netease.cloudmusic.titleservice.PrivateRadarTitleService,927,14,1593,1]
09-24 03:16:26.545 I/sysui_multi_action( 1846): [757,268,758,1,759,268,806,com.netease.cloudmusic,871,com.netease.cloudmusic.music.biz.voice.tileservice.BroadCastService,927,15,1593,0]
09-24 03:16:26.545 I/sysui_multi_action( 1846): [757,268,758,1,759,268,806,com.qiyi.video.pad,871,org.qiyi.android.tile.SearchTileService,927,16,1593,0]
09-24 03:16:26.545 I/sysui_multi_action( 1846): [757,268,758,1,759,268,806,com.qiyi.video.pad,871,org.qiyi.android.tile.ContinueTileService,927,17,1593,0]
09-24 03:16:26.545 I/sysui_multi_action( 1846): [757,268,758,1,759,268,806,com.qiyi.video.pad,871,org.qiyi.android.tile.CaptureTileService,927,18,1593,0]
09-24 03:16:26.545 I/sysui_multi_action( 1846): [757,268,758,1,759,268,806,com.qiyi.video.pad,871,org.qiyi.android.tile.TopVideoTileService,927,19,1593,0]
09-24 03:16:26.545 I/sysui_multi_action( 1846): [757,268,758,1,759,268,806,com.qiyi.video.pad,871,org.qiyi.android.tile.EntranceTileService,927,20,1593,0]
09-24 03:16:26.545 I/sysui_multi_action( 1846): [757,268,758,1,759,268,806,com.smile.gifmaker,871,com.kwai.gifshow.post.api.feature.record.RecordQuickSettingService,927,21,1593,0]
09-24 03:16:26.545 I/sysui_multi_action( 1846): [757,268,758,1,759,268,806,com.qiyi.video.pad,871,org.qiyi.android.tile.HistoryTileService,927,22,1593,0]
09-24 03:16:26.545 I/sysui_multi_action( 1846): [757,268,758,1,759,268,806,com.qiyi.video.pad,871,org.qiyi.android.tile.SportTileService,927,23,1593,0]
09-24 03:16:26.545 I/sysui_multi_action( 1846): [757,268,758,1,759,268,806,com.tencent.news,871,com.tencent.news.tile.Tile24Hours,927,24,1593,0]
09-24 03:16:26.545 I/sysui_multi_action( 1846): [757,268,758,1,759,268,806,com.ss.android.article.news,871,com.android.bytedance.search.tile.SearchTileService,927,25,1593,0]
09-24 03:16:26.545 I/sysui_multi_action( 1846): [757,268,758,1,759,268,806,com.ss.android.ugc.aweme,871,com.ss.android.ugc.aweme.tile.PublishTileService,927,26,1593,0]
09-24 03:16:26.545 I/sysui_multi_action( 1846): [757,268,758,1,759,268,806,com.tencent.news,871,com.tencent.news.tile.TileNewsVideo,927,27,1593,0]
09-24 03:16:26.545 I/sysui_multi_action( 1846): [757,111,758,1]
09-24 03:16:26.545 I/sysui_multi_action( 1846): [757,126,758,1,759,126,927,0,928,1,1593,1]
09-24 03:16:26.546 I/sysui_multi_action( 1846): [757,113,758,1,759,113,927,1,928,1,1593,1]
09-24 03:16:26.546 I/sysui_multi_action( 1846): [757,0,758,1,759,0,927,2,928,0,1593,1]
09-24 03:16:26.546 I/sysui_multi_action( 1846): [757,0,758,1,759,0,927,3,928,0,1593,1]
09-24 03:16:26.556 I/notification_enqueue( 1472): [10081,1846,com.android.systemui,2048,NULL,0,Notification(channel=updateNotification shortcut=null contentView=null vibrate=null sound=null defaults=0x0 flags=0x0 color=0x00000000 vis=PRIVATE),1]
09-24 03:16:26.556 I/sysui_multi_action( 1846): [757,111,758,2]
09-24 03:16:26.557 I/sysui_multi_action( 1846): [757,111,758,2]
09-24 03:16:26.559 I/sysui_multi_action( 1846): [757,111,758,1]
09-24 03:16:26.559 I/sysui_multi_action( 1846): [757,126,758,1,759,126,927,0,928,1,1593,1]
09-24 03:16:26.559 I/sysui_multi_action( 1846): [757,113,758,1,759,113,927,1,928,1,1593,1]
09-24 03:16:26.559 I/sysui_multi_action( 1846): [757,0,758,1,759,0,927,2,928,0,1593,1]
09-24 03:16:26.559 I/sysui_multi_action( 1846): [757,0,758,1,759,0,927,3,928,0,1593,1]
09-24 03:16:26.559 I/sysui_multi_action( 1846): [757,1706,758,1,759,1706,927,4,928,0,1593,1]
09-24 03:16:26.559 I/sysui_multi_action( 1846): [757,491,758,1,759,491,927,5,928,0,1311,-1,1593,1]
09-24 03:16:26.559 I/sysui_multi_action( 1846): [757,0,758,1,759,0,927,6,928,0,1593,1]
09-24 03:16:26.559 I/sysui_multi_action( 1846): [757,114,758,1,759,114,927,7,928,0,1593,1]
09-24 03:16:26.559 I/sysui_multi_action( 1846): [757,268,758,1,759,268,806,com.netease.cloudmusic,871,com.netease.cloudmusic.titleservice.PlayFavoriteMusicTitleService,927,8,1593,1]
09-24 03:16:26.560 I/sysui_multi_action( 1846): [757,268,758,1,759,268,806,com.netease.cloudmusic,871,com.netease.cloudmusic.titleservice.PrivateFmTitleService,927,9,1593,1]
09-24 03:16:26.560 I/sysui_multi_action( 1846): [757,268,758,1,759,268,806,com.netease.cloudmusic,871,com.netease.cloudmusic.music.biz.voice.tileservice.PopularPodCastService,927,10,1593,1]
09-24 03:16:26.560 I/sysui_multi_action( 1846): [757,268,758,1,759,268,806,com.netease.cloudmusic,871,com.netease.cloudmusic.music.biz.voice.tileservice.ListenBookService,927,11,1593,1]
09-24 03:16:26.560 I/sysui_multi_action( 1846): [757,268,758,1,759,268,806,com.netease.cloudmusic,871,com.netease.cloudmusic.titleservice.DailyRecommandTitleService,927,12,1593,1]
