09-24 03:14:16.586 I/sysui_multi_action( 1846): [757,268,758,1,759,268,806,com.netease.cloudmusic,871,com.netease.cloudmusic.music.biz.voice.tileservice.PopularPodCastService,927,10,1593,1]
09-24 03:14:16.586 I/sysui_multi_action( 1846): [757,268,758,1,759,268,806,com.netease.cloudmusic,871,com.netease.cloudmusic.music.biz.voice.tileservice.ListenBookService,927,11,1593,1]
09-24 03:14:16.586 I/sysui_multi_action( 1846): [757,268,758,1,759,268,806,com.netease.cloudmusic,871,com.netease.cloudmusic.titleservice.DailyRecommandTitleService,927,12,1593,1]
09-24 03:14:16.586 I/sysui_multi_action( 1846): [757,268,758,1,759,268,806,com.netease.cloudmusic,871,com.netease.cloudmusic.music.biz.voice.tileservice.SleepAidDecompressionService,927,13,1593,1]
09-24 03:14:16.586 I/sysui_multi_action( 1846): [757,268,758,1,759,268,806,com.netease.cloudmusic,871,com.netease.cloudmusic.titleservice.PrivateRadarTitleService,927,14,1593,1]
09-24 03:14:16.586 I/sysui_multi_action( 1846): [757,268,758,1,759,268,806,com.netease.cloudmusic,871,com.netease.cloudmusic.music.biz.voice.tileservice.BroadCastService,927,15,1593,1]
09-24 03:14:16.586 I/sysui_multi_action( 1846): [757,268,758,1,759,268,806,com.qiyi.video.pad,871,org.qiyi.android.tile.SearchTileService,927,16,1593,1]
09-24 03:14:16.587 I/sysui_multi_action( 1846): [757,268,758,1,759,268,806,com.qiyi.video.pad,871,org.qiyi.android.tile.ContinueTileService,927,17,1593,1]
09-24 03:14:16.587 I/sysui_multi_action( 1846): [757,268,758,1,759,268,806,com.qiyi.video.pad,871,org.qiyi.android.tile.CaptureTileService,927,18,1593,1]
09-24 03:14:16.587 I/sysui_multi_action( 1846): [757,268,758,1,759,268,806,com.qiyi.video.pad,871,org.qiyi.android.tile.TopVideoTileService,927,19,1593,1]
09-24 03:14:16.587 I/sysui_multi_action( 1846): [757,268,758,1,759,268,806,com.qiyi.video.pad,871,org.qiyi.android.tile.EntranceTileService,927,20,1593,1]
09-24 03:14:16.587 I/sysui_multi_action( 1846): [757,268,758,1,759,268,806,com.smile.gifmaker,871,com.kwai.gifshow.post.api.feature.record.RecordQuickSettingService,927,21,1593,1]
09-24 03:14:16.587 I/sysui_multi_action( 1846): [757,268,758,1,759,268,806,com.qiyi.video.pad,871,org.qiyi.android.tile.HistoryTileService,927,22,1593,1]
09-24 03:14:16.587 I/sysui_multi_action( 1846): [757,268,758,1,759,268,806,com.qiyi.video.pad,871,org.qiyi.android.tile.SportTileService,927,23,1593,1]
09-24 03:14:16.587 I/sysui_multi_action( 1846): [757,268,758,1,759,268,806,com.tencent.news,871,com.tencent.news.tile.Tile24Hours,927,24,1593,1]
09-24 03:14:16.587 I/sysui_multi_action( 1846): [757,268,758,1,759,268,806,com.ss.android.article.news,871,com.android.bytedance.search.tile.SearchTileService,927,25,1593,1]
09-24 03:14:16.587 I/sysui_multi_action( 1846): [757,268,758,1,759,268,806,com.ss.android.ugc.aweme,871,com.ss.android.ugc.aweme.tile.PublishTileService,927,26,1593,1]
09-24 03:14:16.587 I/sysui_multi_action( 1846): [757,268,758,1,759,268,806,com.tencent.news,871,com.tencent.news.tile.TileNewsVideo,927,27,1593,1]
09-24 03:14:16.587 I/sysui_multi_action( 1846): [757,111,758,1]
09-24 03:14:16.587 I/sysui_multi_action( 1846): [757,126,758,1,759,126,927,0,928,1,1593,1]
09-24 03:14:16.587 I/sysui_multi_action( 1846): [757,113,758,1,759,113,927,1,928,1,1593,1]
09-24 03:14:16.587 I/sysui_multi_action( 1846): [757,0,758,1,759,0,927,2,928,0,1593,1]
09-24 03:14:16.587 I/sysui_multi_action( 1846): [757,0,758,1,759,0,927,3,928,0,1593,1]
09-24 03:14:16.596 I/notification_enqueue( 1472): [10081,1846,com.android.systemui,2048,NULL,0,Notification(channel=updateNotification shortcut=null contentView=null vibrate=null sound=null defaults=0x0 flags=0x0 color=0x00000000 vis=PRIVATE),1]
09-24 03:14:16.596 I/sysui_multi_action( 1846): [757,111,758,2]
09-24 03:14:16.596 I/sysui_multi_action( 1846): [757,111,758,2]
09-24 03:14:16.600 I/sysui_multi_action( 1846): [757,111,758,1]
09-24 03:14:16.600 I/sysui_multi_action( 1846): [757,126,758,1,759,126,927,0,928,1,1593,1]
09-24 03:14:16.600 I/sysui_multi_action( 1846): [757,113,758,1,759,113,927,1,928,1,1593,1]
09-24 03:14:16.600 I/sysui_multi_action( 1846): [757,0,758,1,759,0,927,2,928,0,1593,1]
09-24 03:14:16.600 I/sysui_multi_action( 1846): [757,0,758,1,759,0,927,3,928,0,1593,1]
09-24 03:14:16.600 I/sysui_multi_action( 1846): [757,1706,758,1,759,1706,927,4,928,0,1593,1]
09-24 03:14:16.600 I/sysui_multi_action( 1846): [757,491,758,1,759,491,927,5,928,0,1311,-1,1593,1]
09-24 03:14:16.600 I/sysui_multi_action( 1846): [757,0,758,1,759,0,927,6,928,0,1593,1]
09-24 03:14:16.600 I/sysui_multi_action( 1846): [757,114,758,1,759,114,927,7,928,0,1593,1]
09-24 03:14:16.600 I/sysui_multi_action( 1846): [757,268,758,1,759,268,806,com.netease.cloudmusic,871,com.netease.cloudmusic.titleservice.PlayFavoriteMusicTitleService,927,8,1593,1]
09-24 03:14:16.600 I/sysui_multi_action( 1846): [757,268,758,1,759,268,806,com.netease.cloudmusic,871,com.netease.cloudmusic.titleservice.PrivateFmTitleService,927,9,1593,1]
09-24 03:14:16.600 I/sysui_multi_action( 1846): [757,268,758,1,759,268,806,com.netease.cloudmusic,871,com.netease.cloudmusic.music.biz.voice.tileservice.PopularPodCastService,927,10,1593,1]
09-24 03:14:16.600 I/sysui_multi_action( 1846): [757,268,758,1,759,268,806,com.netease.cloudmusic,871,com.netease.cloudmusic.music.biz.voice.tileservice.ListenBookService,927,11,1593,1]
09-24 03:14:16.600 I/sysui_multi_action( 1846): [757,268,758,1,759,268,806,com.netease.cloudmusic,871,com.netease.cloudmusic.titleservice.DailyRecommandTitleService,927,12,1593,1]
09-24 03:14:16.600 I/sysui_multi_action( 1846): [757,268,758,1,759,268,806,com.netease.cloudmusic,871,com.netease.cloudmusic.music.biz.voice.tileservice.SleepAidDecompressionService,927,13,1593,1]
09-24 03:14:16.600 I/sysui_multi_action( 1846): [757,268,758,1,759,268,806,com.netease.cloudmusic,871,com.netease.cloudmusic.titleservice.PrivateRadarTitleService,927,14,1593,1]
09-24 03:14:16.600 I/sysui_multi_action( 1846): [757,268,758,1,759,268,806,com.netease.cloudmusic,871,com.netease.cloudmusic.music.biz.voice.tileservice.BroadCastService,927,15,1593,1]
09-24 03:14:16.601 I/sysui_multi_action( 1846): [757,268,758,1,759,268,806,com.qiyi.video.pad,871,org.qiyi.android.tile.SearchTileService,927,16,1593,1]
09-24 03:14:16.601 I/sysui_multi_action( 1846): [757,268,758,1,759,268,806,com.qiyi.video.pad,871,org.qiyi.android.tile.ContinueTileService,927,17,1593,1]
09-24 03:14:16.601 I/sysui_multi_action( 1846): [757,268,758,1,759,268,806,com.qiyi.video.pad,871,org.qiyi.android.tile.CaptureTileService,927,18,1593,1]
09-24 03:14:16.601 I/sysui_multi_action( 1846): [757,268,758,1,759,268,806,com.qiyi.video.pad,871,org.qiyi.android.tile.TopVideoTileService,927,19,1593,0]
09-24 03:14:16.601 I/sysui_multi_action( 1846): [757,268,758,1,759,268,806,com.qiyi.video.pad,871,org.qiyi.android.tile.EntranceTileService,927,20,1593,0]
09-24 03:14:16.601 I/sysui_multi_action( 1846): [757,268,758,1,759,268,806,com.smile.gifmaker,871,com.kwai.gifshow.post.api.feature.record.RecordQuickSettingService,927,21,1593,0]
09-24 03:14:16.601 I/sysui_multi_action( 1846): [757,268,758,1,759,268,806,com.qiyi.video.pad,871,org.qiyi.android.tile.HistoryTileService,927,22,1593,0]
09-24 03:14:16.601 I/sysui_multi_action( 1846): [757,268,758,1,759,268,806,com.qiyi.video.pad,871,org.qiyi.android.tile.SportTileService,927,23,1593,0]
09-24 03:14:16.601 I/sysui_multi_action( 1846): [757,268,758,1,759,268,806,com.tencent.news,871,com.tencent.news.tile.Tile24Hours,927,24,1593,0]
09-24 03:14:16.601 I/sysui_multi_action( 1846): [757,268,758,1,759,268,806,com.ss.android.article.news,871,com.android.bytedance.search.tile.SearchTileService,927,25,1593,0]
09-24 03:14:16.601 I/sysui_multi_action( 1846): [757,268,758,1,759,268,806,com.ss.android.ugc.aweme,871,com.ss.android.ugc.aweme.tile.PublishTileService,927,26,1593,0]
09-24 03:14:16.601 I/sysui_multi_action( 1846): [757,268,758,1,759,268,806,com.tencent.news,871,com.tencent.news.tile.TileNewsVideo,927,27,1593,0]
09-24 03:14:16.601 I/sysui_multi_action( 1846): [757,111,758,1]
09-24 03:14:16.601 I/sysui_multi_action( 1846): [757,126,758,1,759,126,927,0,928,1,1593,1]
09-24 03:14:16.601 I/sysui_multi_action( 1846): [757,113,758,1,759,113,927,1,928,1,1593,1]
09-24 03:14:16.601 I/sysui_multi_action( 1846): [757,0,758,1,759,0,927,2,928,0,1593,1]
09-24 03:14:16.601 I/sysui_multi_action( 1846): [757,0,758,1,759,0,927,3,928,0,1593,1]
09-24 03:14:16.611 I/sysui_multi_action( 1846): [757,111,758,2]
09-24 03:14:16.611 I/sysui_multi_action( 1846): [757,111,758,2]
09-24 03:14:16.611 I/notification_enqueue( 1472): [10081,1846,com.android.systemui,2048,NULL,0,Notification(channel=updateNotification shortcut=null contentView=null vibrate=null sound=null defaults=0x0 flags=0x0 color=0x00000000 vis=PRIVATE),1]
09-24 03:14:16.615 I/sysui_multi_action( 1846): [757,111,758,1]
09-24 03:14:16.615 I/sysui_multi_action( 1846): [757,126,758,1,759,126,927,0,928,1,1593,1]
09-24 03:14:16.615 I/sysui_multi_action( 1846): [757,113,758,1,759,113,927,1,928,1,1593,1]
09-24 03:14:16.615 I/sysui_multi_action( 1846): [757,0,758,1,759,0,927,2,928,0,1593,1]
09-24 03:14:16.615 I/sysui_multi_action( 1846): [757,0,758,1,759,0,927,3,928,0,1593,1]
09-24 03:14:16.615 I/sysui_multi_action( 1846): [757,1706,758,1,759,1706,927,4,928,0,1593,1]
09-24 03:14:16.615 I/sysui_multi_action( 1846): [757,491,758,1,759,491,927,5,928,0,1311,-1,1593,1]
09-24 03:14:16.615 I/sysui_multi_action( 1846): [757,0,758,1,759,0,927,6,928,0,1593,1]
09-24 03:14:16.616 I/sysui_multi_action( 1846): [757,114,758,1,759,114,927,7,928,0,1593,1]
09-24 03:14:16.616 I/sysui_multi_action( 1846): [757,268,758,1,759,268,806,com.netease.cloudmusic,871,com.netease.cloudmusic.titleservice.PlayFavoriteMusicTitleService,927,8,1593,1]
09-24 03:14:16.616 I/sysui_multi_action( 1846): [757,268,758,1,759,268,806,com.netease.cloudmusic,871,com.netease.cloudmusic.titleservice.PrivateFmTitleService,927,9,1593,0]
09-24 03:14:16.616 I/sysui_multi_action( 1846): [757,268,758,1,759,268,806,com.netease.cloudmusic,871,com.netease.cloudmusic.music.biz.voice.tileservice.PopularPodCastService,927,10,1593,0]
09-24 03:14:16.616 I/sysui_multi_action( 1846): [757,268,758,1,759,268,806,com.netease.cloudmusic,871,com.netease.cloudmusic.music.biz.voice.tileservice.ListenBookService,927,11,1593,0]
09-24 03:14:16.616 I/sysui_multi_action( 1846): [757,268,758,1,759,268,806,com.netease.cloudmusic,871,com.netease.cloudmusic.titleservice.DailyRecommandTitleService,927,12,1593,0]
09-24 03:14:16.616 I/sysui_multi_action( 1846): [757,268,758,1,759,268,806,com.netease.cloudmusic,871,com.netease.cloudmusic.music.biz.voice.tileservice.SleepAidDecompressionService,927,13,1593,0]
09-24 03:14:16.616 I/sysui_multi_action( 1846): [757,268,758,1,759,268,806,com.netease.cloudmusic,871,com.netease.cloudmusic.titleservice.PrivateRadarTitleService,927,14,1593,0]
09-24 03:14:16.616 I/sysui_multi_action( 1846): [757,268,758,1,759,268,806,com.netease.cloudmusic,871,com.netease.cloudmusic.music.biz.voice.tileservice.BroadCastService,927,15,1593,0]
09-24 03:14:16.616 I/sysui_multi_action( 1846): [757,268,758,1,759,268,806,com.qiyi.video.pad,871,org.qiyi.android.tile.SearchTileService,927,16,1593,0]
09-24 03:14:16.616 I/sysui_multi_action( 1846): [757,268,758,1,759,268,806,com.qiyi.video.pad,871,org.qiyi.android.tile.ContinueTileService,927,17,1593,0]
09-24 03:14:16.616 I/sysui_multi_action( 1846): [757,268,758,1,759,268,806,com.qiyi.video.pad,871,org.qiyi.android.tile.CaptureTileService,927,18,1593,0]
09-24 03:14:16.616 I/sysui_multi_action( 1846): [757,268,758,1,759,268,806,com.qiyi.video.pad,871,org.qiyi.android.tile.TopVideoTileService,927,19,1593,0]
09-24 03:14:16.616 I/sysui_multi_action( 1846): [757,268,758,1,759,268,806,com.qiyi.video.pad,871,org.qiyi.android.tile.EntranceTileService,927,20,1593,0]
09-24 03:14:16.616 I/sysui_multi_action( 1846): [757,268,758,1,759,268,806,com.smile.gifmaker,871,com.kwai.gifshow.post.api.feature.record.RecordQuickSettingService,927,21,1593,0]
09-24 03:14:16.616 I/sysui_multi_action( 1846): [757,268,758,1,759,268,806,com.qiyi.video.pad,871,org.qiyi.android.tile.HistoryTileService,927,22,1593,0]
09-24 03:14:16.616 I/sysui_multi_action( 1846): [757,268,758,1,759,268,806,com.qiyi.video.pad,871,org.qiyi.android.tile.SportTileService,927,23,1593,0]
09-24 03:14:16.617 I/sysui_multi_action( 1846): [757,268,758,1,759,268,806,com.tencent.news,871,com.tencent.news.tile.Tile24Hours,927,24,1593,0]
09-24 03:14:16.617 I/sysui_multi_action( 1846): [757,268,758,1,759,268,806,com.ss.android.article.news,871,com.android.bytedance.search.tile.SearchTileService,927,25,1593,0]
09-24 03:14:16.617 I/sysui_multi_action( 1846): [757,268,758,1,759,268,806,com.ss.android.ugc.aweme,871,com.ss.android.ugc.aweme.tile.PublishTileService,927,26,1593,0]
09-24 03:14:16.617 I/sysui_multi_action( 1846): [757,268,758,1,759,268,806,com.tencent.news,871,com.tencent.news.tile.TileNewsVideo,927,27,1593,0]
09-24 03:14:16.617 I/sysui_multi_action( 1846): [757,111,758,1]
09-24 03:14:16.617 I/sysui_multi_action( 1846): [757,126,758,1,759,126,927,0,928,1,1593,1]
09-24 03:14:16.617 I/sysui_multi_action( 1846): [757,113,758,1,759,113,927,1,928,1,1593,1]
09-24 03:14:16.617 I/sysui_multi_action( 1846): [757,0,758,1,759,0,927,2,928,0,1593,1]
09-24 03:14:16.617 I/sysui_multi_action( 1846): [757,0,758,1,759,0,927,3,928,0,1593,1]
09-24 03:14:16.629 I/notification_enqueue( 1472): [10081,1846,com.android.systemui,2048,NULL,0,Notification(channel=updateNotification shortcut=null contentView=null vibrate=null sound=null defaults=0x0 flags=0x0 color=0x00000000 vis=PRIVATE),1]
09-24 03:14:16.629 I/sysui_multi_action( 1846): [757,111,758,2]
09-24 03:14:16.629 I/sysui_multi_action( 1846): [757,111,758,2]
09-24 03:14:16.631 I/sysui_multi_action( 1846): [757,111,758,1]
09-24 03:14:16.631 I/sysui_multi_action( 1846): [757,126,758,1,759,126,927,0,928,1,1593,0]
09-24 03:14:16.631 I/sysui_multi_action( 1846): [757,113,758,1,759,113,927,1,928,1,1593,0]
09-24 03:14:16.631 I/sysui_multi_action( 1846): [757,0,758,1,759,0,927,2,928,0,1593,0]
09-24 03:14:16.631 I/sysui_multi_action( 1846): [757,0,758,1,759,0,927,3,928,0,1593,0]
09-24 03:14:16.631 I/sysui_multi_action( 1846): [757,1706,758,1,759,1706,927,4,928,0,1593,0]
09-24 03:14:16.631 I/sysui_multi_action( 1846): [757,491,758,1,759,491,927,5,928,0,1311,-1,1593,0]
09-24 03:14:16.631 I/sysui_multi_action( 1846): [757,0,758,1,759,0,927,6,928,0,1593,0]
09-24 03:14:16.632 I/sysui_multi_action( 1846): [757,114,758,1,759,114,927,7,928,0,1593,0]
09-24 03:14:16.632 I/sysui_multi_action( 1846): [757,268,758,1,759,268,806,com.netease.cloudmusic,871,com.netease.cloudmusic.titleservice.PlayFavoriteMusicTitleService,927,8,1593,0]
09-24 03:14:16.632 I/sysui_multi_action( 1846): [757,268,758,1,759,268,806,com.netease.cloudmusic,871,com.netease.cloudmusic.titleservice.PrivateFmTitleService,927,9,1593,0]
09-24 03:14:16.632 I/sysui_multi_action( 1846): [757,268,758,1,759,268,806,com.netease.cloudmusic,871,com.netease.cloudmusic.music.biz.voice.tileservice.PopularPodCastService,927,10,1593,0]
09-24 03:14:16.632 I/sysui_multi_action( 1846): [757,268,758,1,759,268,806,com.netease.cloudmusic,871,com.netease.cloudmusic.music.biz.voice.tileservice.ListenBookService,927,11,1593,0]
09-24 03:14:16.632 I/sysui_multi_action( 1846): [757,268,758,1,759,268,806,com.netease.cloudmusic,871,com.netease.cloudmusic.titleservice.DailyRecommandTitleService,927,12,1593,0]
09-24 03:14:16.632 I/sysui_multi_action( 1846): [757,268,758,1,759,268,806,com.netease.cloudmusic,871,com.netease.cloudmusic.music.biz.voice.tileservice.SleepAidDecompressionService,927,13,1593,0]
09-24 03:14:16.632 I/sysui_multi_action( 1846): [757,268,758,1,759,268,806,com.netease.cloudmusic,871,com.netease.cloudmusic.titleservice.PrivateRadarTitleService,927,14,1593,0]
09-24 03:14:16.632 I/sysui_multi_action( 1846): [757,268,758,1,759,268,806,com.netease.cloudmusic,871,com.netease.cloudmusic.music.biz.voice.tileservice.BroadCastService,927,15,1593,0]
09-24 03:14:16.632 I/sysui_multi_action( 1846): [757,268,758,1,759,268,806,com.qiyi.video.pad,871,org.qiyi.android.tile.SearchTileService,927,16,1593,0]
09-24 03:14:16.632 I/sysui_multi_action( 1846): [757,268,758,1,759,268,806,com.qiyi.video.pad,871,org.qiyi.android.tile.ContinueTileService,927,17,1593,0]
09-24 03:14:16.632 I/sysui_multi_action( 1846): [757,268,758,1,759,268,806,com.qiyi.video.pad,871,org.qiyi.android.tile.CaptureTileService,927,18,1593,0]
09-24 03:14:16.632 I/sysui_multi_action( 1846): [757,268,758,1,759,268,806,com.qiyi.video.pad,871,org.qiyi.android.tile.TopVideoTileService,927,19,1593,0]
09-24 03:14:16.632 I/sysui_multi_action( 1846): [757,268,758,1,759,268,806,com.qiyi.video.pad,871,org.qiyi.android.tile.EntranceTileService,927,20,1593,0]
09-24 03:14:16.632 I/sysui_multi_action( 1846): [757,268,758,1,759,268,806,com.smile.gifmaker,871,com.kwai.gifshow.post.api.feature.record.RecordQuickSettingService,927,21,1593,0]
09-24 03:14:16.632 I/sysui_multi_action( 1846): [757,268,758,1,759,268,806,com.qiyi.video.pad,871,org.qiyi.android.tile.HistoryTileService,927,22,1593,0]
09-24 03:14:16.632 I/sysui_multi_action( 1846): [757,268,758,1,759,268,806,com.qiyi.video.pad,871,org.qiyi.android.tile.SportTileService,927,23,1593,0]
09-24 03:14:16.632 I/sysui_multi_action( 1846): [757,268,758,1,759,268,806,com.tencent.news,871,com.tencent.news.tile.Tile24Hours,927,24,1593,0]
09-24 03:14:16.632 I/sysui_multi_action( 1846): [757,268,758,1,759,268,806,com.ss.android.article.news,871,com.android.bytedance.search.tile.SearchTileService,927,25,1593,0]
09-24 03:14:16.632 I/sysui_multi_action( 1846): [757,268,758,1,759,268,806,com.ss.android.ugc.aweme,871,com.ss.android.ugc.aweme.tile.PublishTileService,927,26,1593,0]
09-24 03:14:16.632 I/sysui_multi_action( 1846): [757,268,758,1,759,268,806,com.tencent.news,871,com.tencent.news.tile.TileNewsVideo,927,27,1593,0]
09-24 03:14:16.632 I/sysui_multi_action( 1846): [757,111,758,1]
09-24 03:14:16.632 I/sysui_multi_action( 1846): [757,126,758,1,759,126,927,0,928,1,1593,0]
09-24 03:14:16.632 I/sysui_multi_action( 1846): [757,113,758,1,759,113,927,1,928,1,1593,0]
09-24 03:14:16.632 I/sysui_multi_action( 1846): [757,0,758,1,759,0,927,2,928,0,1593,0]
09-24 03:14:16.632 I/sysui_multi_action( 1846): [757,0,758,1,759,0,927,3,928,0,1593,1]
09-24 03:14:16.644 I/notification_enqueue( 1472): [10081,1846,com.android.systemui,2048,NULL,0,Notification(channel=updateNotification shortcut=null contentView=null vibrate=null sound=null defaults=0x0 flags=0x0 color=0x00000000 vis=PRIVATE),1]
09-24 03:14:16.644 I/sysui_multi_action( 1846): [757,111,758,2]
09-24 03:14:16.644 I/sysui_multi_action( 1846): [757,111,758,2]
09-24 03:14:16.647 I/sysui_multi_action( 1846): [757,111,758,1]
09-24 03:14:16.647 I/sysui_multi_action( 1846): [757,126,758,1,759,126,927,0,928,1,1593,1]
09-24 03:14:16.647 I/sysui_multi_action( 1846): [757,113,758,1,759,113,927,1,928,1,1593,1]
09-24 03:14:16.647 I/sysui_multi_action( 1846): [757,0,758,1,759,0,927,2,928,0,1593,1]
09-24 03:14:16.647 I/sysui_multi_action( 1846): [757,0,758,1,759,0,927,3,928,0,1593,1]
09-24 03:14:16.647 I/sysui_multi_action( 1846): [757,1706,758,1,759,1706,927,4,928,0,1593,1]
09-24 03:14:16.647 I/sysui_multi_action( 1846): [757,491,758,1,759,491,927,5,928,0,1311,-1,1593,0]
09-24 03:14:16.647 I/sysui_multi_action( 1846): [757,0,758,1,759,0,927,6,928,0,1593,0]
09-24 03:14:16.647 I/sysui_multi_action( 1846): [757,114,758,1,759,114,927,7,928,0,1593,0]
09-24 03:14:16.647 I/sysui_multi_action( 1846): [757,268,758,1,759,268,806,com.netease.cloudmusic,871,com.netease.cloudmusic.titleservice.PlayFavoriteMusicTitleService,927,8,1593,0]
09-24 03:14:16.647 I/sysui_multi_action( 1846): [757,268,758,1,759,268,806,com.netease.cloudmusic,871,com.netease.cloudmusic.titleservice.PrivateFmTitleService,927,9,1593,0]
09-24 03:14:16.647 I/sysui_multi_action( 1846): [757,268,758,1,759,268,806,com.netease.cloudmusic,871,com.netease.cloudmusic.music.biz.voice.tileservice.PopularPodCastService,927,10,1593,0]
09-24 03:14:16.647 I/sysui_multi_action( 1846): [757,268,758,1,759,268,806,com.netease.cloudmusic,871,com.netease.cloudmusic.music.biz.voice.tileservice.ListenBookService,927,11,1593,0]
09-24 03:14:16.647 I/sysui_multi_action( 1846): [757,268,758,1,759,268,806,com.netease.cloudmusic,871,com.netease.cloudmusic.titleservice.DailyRecommandTitleService,927,12,1593,0]
09-24 03:14:16.647 I/sysui_multi_action( 1846): [757,268,758,1,759,268,806,com.netease.cloudmusic,871,com.netease.cloudmusic.music.biz.voice.tileservice.SleepAidDecompressionService,927,13,1593,0]
09-24 03:14:16.647 I/sysui_multi_action( 1846): [757,268,758,1,759,268,806,com.netease.cloudmusic,871,com.netease.cloudmusic.titleservice.PrivateRadarTitleService,927,14,1593,0]
09-24 03:14:16.647 I/sysui_multi_action( 1846): [757,268,758,1,759,268,806,com.netease.cloudmusic,871,com.netease.cloudmusic.music.biz.voice.tileservice.BroadCastService,927,15,1593,0]
09-24 03:14:16.647 I/sysui_multi_action( 1846): [757,268,758,1,759,268,806,com.qiyi.video.pad,871,org.qiyi.android.tile.SearchTileService,927,16,1593,0]
09-24 03:14:16.648 I/sysui_multi_action( 1846): [757,268,758,1,759,268,806,com.qiyi.video.pad,871,org.qiyi.android.tile.ContinueTileService,927,17,1593,0]
09-24 03:14:16.648 I/sysui_multi_action( 1846): [757,268,758,1,759,268,806,com.qiyi.video.pad,871,org.qiyi.android.tile.CaptureTileService,927,18,1593,0]
09-24 03:14:16.648 I/sysui_multi_action( 1846): [757,268,758,1,759,268,806,com.qiyi.video.pad,871,org.qiyi.android.tile.TopVideoTileService,927,19,1593,0]
09-24 03:14:16.648 I/sysui_multi_action( 1846): [757,268,758,1,759,268,806,com.qiyi.video.pad,871,org.qiyi.android.tile.EntranceTileService,927,20,1593,0]
09-24 03:14:16.648 I/sysui_multi_action( 1846): [757,268,758,1,759,268,806,com.smile.gifmaker,871,com.kwai.gifshow.post.api.feature.record.RecordQuickSettingService,927,21,1593,0]
09-24 03:14:16.648 I/sysui_multi_action( 1846): [757,268,758,1,759,268,806,com.qiyi.video.pad,871,org.qiyi.android.tile.HistoryTileService,927,22,1593,0]
09-24 03:14:16.648 I/sysui_multi_action( 1846): [757,268,758,1,759,268,806,com.qiyi.video.pad,871,org.qiyi.android.tile.SportTileService,927,23,1593,0]
09-24 03:14:16.648 I/sysui_multi_action( 1846): [757,268,758,1,759,268,806,com.tencent.news,871,com.tencent.news.tile.Tile24Hours,927,24,1593,0]
09-24 03:14:16.648 I/sysui_multi_action( 1846): [757,268,758,1,759,268,806,com.ss.android.article.news,871,com.android.bytedance.search.tile.SearchTileService,927,25,1593,0]
09-24 03:14:16.648 I/sysui_multi_action( 1846): [757,268,758,1,759,268,806,com.ss.android.ugc.aweme,871,com.ss.android.ugc.aweme.tile.PublishTileService,927,26,1593,0]
09-24 03:14:16.648 I/sysui_multi_action( 1846): [757,268,758,1,759,268,806,com.tencent.news,871,com.tencent.news.tile.TileNewsVideo,927,27,1593,0]
09-24 03:14:16.648 I/sysui_multi_action( 1846): [757,111,758,1]
09-24 03:14:16.648 I/sysui_multi_action( 1846): [757,126,758,1,759,126,927,0,928,1,1593,1]
09-24 03:14:16.648 I/sysui_multi_action( 1846): [757,113,758,1,759,113,927,1,928,1,1593,1]
09-24 03:14:16.648 I/sysui_multi_action( 1846): [757,0,758,1,759,0,927,2,928,0,1593,1]
09-24 03:14:16.648 I/sysui_multi_action( 1846): [757,0,758,1,759,0,927,3,928,0,1593,1]
09-24 03:14:16.661 I/sysui_multi_action( 1846): [757,111,758,2]
09-24 03:14:16.661 I/sysui_multi_action( 1846): [757,111,758,2]
09-24 03:14:16.661 I/notification_enqueue( 1472): [10081,1846,com.android.systemui,2048,NULL,0,Notification(channel=updateNotification shortcut=null contentView=null vibrate=null sound=null defaults=0x0 flags=0x0 color=0x00000000 vis=PRIVATE),1]
09-24 03:14:16.663 I/sysui_multi_action( 1846): [757,111,758,1]
09-24 03:14:16.663 I/sysui_multi_action( 1846): [757,126,758,1,759,126,927,0,928,1,1593,1]
09-24 03:14:16.663 I/sysui_multi_action( 1846): [757,113,758,1,759,113,927,1,928,1,1593,1]
09-24 03:14:16.663 I/sysui_multi_action( 1846): [757,0,758,1,759,0,927,2,928,0,1593,1]
09-24 03:14:16.663 I/sysui_multi_action( 1846): [757,0,758,1,759,0,927,3,928,0,1593,1]
09-24 03:14:16.663 I/sysui_multi_action( 1846): [757,1706,758,1,759,1706,927,4,928,0,1593,1]
09-24 03:14:16.664 I/sysui_multi_action( 1846): [757,491,758,1,759,491,927,5,928,0,1311,-1,1593,1]
09-24 03:14:16.664 I/sysui_multi_action( 1846): [757,0,758,1,759,0,927,6,928,0,1593,1]
09-24 03:14:16.664 I/sysui_multi_action( 1846): [757,114,758,1,759,114,927,7,928,0,1593,1]
09-24 03:14:16.664 I/sysui_multi_action( 1846): [757,268,758,1,759,268,806,com.netease.cloudmusic,871,com.netease.cloudmusic.titleservice.PlayFavoriteMusicTitleService,927,8,1593,1]
09-24 03:14:16.664 I/sysui_multi_action( 1846): [757,268,758,1,759,268,806,com.netease.cloudmusic,871,com.netease.cloudmusic.titleservice.PrivateFmTitleService,927,9,1593,1]
09-24 03:14:16.664 I/sysui_multi_action( 1846): [757,268,758,1,759,268,806,com.netease.cloudmusic,871,com.netease.cloudmusic.music.biz.voice.tileservice.PopularPodCastService,927,10,1593,1]
09-24 03:14:16.664 I/sysui_multi_action( 1846): [757,268,758,1,759,268,806,com.netease.cloudmusic,871,com.netease.cloudmusic.music.biz.voice.tileservice.ListenBookService,927,11,1593,1]
09-24 03:14:16.664 I/sysui_multi_action( 1846): [757,268,758,1,759,268,806,com.netease.cloudmusic,871,com.netease.cloudmusic.titleservice.DailyRecommandTitleService,927,12,1593,1]
09-24 03:14:16.664 I/sysui_multi_action( 1846): [757,268,758,1,759,268,806,com.netease.cloudmusic,871,com.netease.cloudmusic.music.biz.voice.tileservice.SleepAidDecompressionService,927,13,1593,0]
09-24 03:14:16.664 I/sysui_multi_action( 1846): [757,268,758,1,759,268,806,com.netease.cloudmusic,871,com.netease.cloudmusic.titleservice.PrivateRadarTitleService,927,14,1593,0]
09-24 03:14:16.664 I/sysui_multi_action( 1846): [757,268,758,1,759,268,806,com.netease.cloudmusic,871,com.netease.cloudmusic.music.biz.voice.tileservice.BroadCastService,927,15,1593,0]
09-24 03:14:16.664 I/sysui_multi_action( 1846): [757,268,758,1,759,268,806,com.qiyi.video.pad,871,org.qiyi.android.tile.SearchTileService,927,16,1593,0]
09-24 03:14:16.664 I/sysui_multi_action( 1846): [757,268,758,1,759,268,806,com.qiyi.video.pad,871,org.qiyi.android.tile.ContinueTileService,927,17,1593,0]
09-24 03:14:16.664 I/sysui_multi_action( 1846): [757,268,758,1,759,268,806,com.qiyi.video.pad,871,org.qiyi.android.tile.CaptureTileService,927,18,1593,0]
09-24 03:14:16.664 I/sysui_multi_action( 1846): [757,268,758,1,759,268,806,com.qiyi.video.pad,871,org.qiyi.android.tile.TopVideoTileService,927,19,1593,0]
09-24 03:14:16.664 I/sysui_multi_action( 1846): [757,268,758,1,759,268,806,com.qiyi.video.pad,871,org.qiyi.android.tile.EntranceTileService,927,20,1593,0]
09-24 03:14:16.664 I/sysui_multi_action( 1846): [757,268,758,1,759,268,806,com.smile.gifmaker,871,com.kwai.gifshow.post.api.feature.record.RecordQuickSettingService,927,21,1593,0]
09-24 03:14:16.664 I/sysui_multi_action( 1846): [757,268,758,1,759,268,806,com.qiyi.video.pad,871,org.qiyi.android.tile.HistoryTileService,927,22,1593,0]
09-24 03:14:16.664 I/sysui_multi_action( 1846): [757,268,758,1,759,268,806,com.qiyi.video.pad,871,org.qiyi.android.tile.SportTileService,927,23,1593,0]
09-24 03:14:16.664 I/sysui_multi_action( 1846): [757,268,758,1,759,268,806,com.tencent.news,871,com.tencent.news.tile.Tile24Hours,927,24,1593,0]
09-24 03:14:16.664 I/sysui_multi_action( 1846): [757,268,758,1,759,268,806,com.ss.android.article.news,871,com.android.bytedance.search.tile.SearchTileService,927,25,1593,0]
09-24 03:14:16.664 I/sysui_multi_action( 1846): [757,268,758,1,759,268,806,com.ss.android.ugc.aweme,871,com.ss.android.ugc.aweme.tile.PublishTileService,927,26,1593,0]
09-24 03:14:16.664 I/sysui_multi_action( 1846): [757,268,758,1,759,268,806,com.tencent.news,871,com.tencent.news.tile.TileNewsVideo,927,27,1593,0]
09-24 03:14:16.664 I/sysui_multi_action( 1846): [757,111,758,1]
09-24 03:14:16.664 I/sysui_multi_action( 1846): [757,126,758,1,759,126,927,0,928,1,1593,1]
09-24 03:14:16.664 I/sysui_multi_action( 1846): [757,113,758,1,759,113,927,1,928,1,1593,1]
09-24 03:14:16.664 I/sysui_multi_action( 1846): [757,0,758,1,759,0,927,2,928,0,1593,1]
09-24 03:14:16.665 I/sysui_multi_action( 1846): [757,0,758,1,759,0,927,3,928,0,1593,1]
09-24 03:14:16.678 I/sysui_multi_action( 1846): [757,111,758,2]
09-24 03:14:16.678 I/sysui_multi_action( 1846): [757,111,758,2]
09-24 03:14:16.678 I/notification_enqueue( 1472): [10081,1846,com.android.systemui,2048,NULL,0,Notification(channel=updateNotification shortcut=null contentView=null vibrate=null sound=null defaults=0x0 flags=0x0 color=0x00000000 vis=PRIVATE),1]
09-24 03:14:16.680 I/sysui_multi_action( 1846): [757,111,758,1]
09-24 03:14:16.680 I/sysui_multi_action( 1846): [757,126,758,1,759,126,927,0,928,1,1593,1]
09-24 03:14:16.680 I/sysui_multi_action( 1846): [757,113,758,1,759,113,927,1,928,1,1593,1]
09-24 03:14:16.680 I/sysui_multi_action( 1846): [757,0,758,1,759,0,927,2,928,0,1593,1]
09-24 03:14:16.681 I/sysui_multi_action( 1846): [757,0,758,1,759,0,927,3,928,0,1593,1]
09-24 03:14:16.681 I/sysui_multi_action( 1846): [757,1706,758,1,759,1706,927,4,928,0,1593,1]
09-24 03:14:16.681 I/sysui_multi_action( 1846): [757,491,758,1,759,491,927,5,928,0,1311,-1,1593,1]
09-24 03:14:16.681 I/sysui_multi_action( 1846): [757,0,758,1,759,0,927,6,928,0,1593,1]
09-24 03:14:16.681 I/sysui_multi_action( 1846): [757,114,758,1,759,114,927,7,928,0,1593,1]
09-24 03:14:16.681 I/sysui_multi_action( 1846): [757,268,758,1,759,268,806,com.netease.cloudmusic,871,com.netease.cloudmusic.titleservice.PlayFavoriteMusicTitleService,927,8,1593,1]
09-24 03:14:16.681 I/sysui_multi_action( 1846): [757,268,758,1,759,268,806,com.netease.cloudmusic,871,com.netease.cloudmusic.titleservice.PrivateFmTitleService,927,9,1593,1]
09-24 03:14:16.681 I/sysui_multi_action( 1846): [757,268,758,1,759,268,806,com.netease.cloudmusic,871,com.netease.cloudmusic.music.biz.voice.tileservice.PopularPodCastService,927,10,1593,1]
09-24 03:14:16.681 I/sysui_multi_action( 1846): [757,268,758,1,759,268,806,com.netease.cloudmusic,871,com.netease.cloudmusic.music.biz.voice.tileservice.ListenBookService,927,11,1593,1]
09-24 03:14:16.681 I/sysui_multi_action( 1846): [757,268,758,1,759,268,806,com.netease.cloudmusic,871,com.netease.cloudmusic.titleservice.DailyRecommandTitleService,927,12,1593,1]
09-24 03:14:16.681 I/sysui_multi_action( 1846): [757,268,758,1,759,268,806,com.netease.cloudmusic,871,com.netease.cloudmusic.music.biz.voice.tileservice.SleepAidDecompressionService,927,13,1593,1]
09-24 03:14:16.681 I/sysui_multi_action( 1846): [757,268,758,1,759,268,806,com.netease.cloudmusic,871,com.netease.cloudmusic.titleservice.PrivateRadarTitleService,927,14,1593,1]
09-24 03:14:16.681 I/sysui_multi_action( 1846): [757,268,758,1,759,268,806,com.netease.cloudmusic,871,com.netease.cloudmusic.music.biz.voice.tileservice.BroadCastService,927,15,1593,1]
09-24 03:14:16.681 I/sysui_multi_action( 1846): [757,268,758,1,759,268,806,com.qiyi.video.pad,871,org.qiyi.android.tile.SearchTileService,927,16,1593,1]
09-24 03:14:16.681 I/sysui_multi_action( 1846): [757,268,758,1,759,268,806,com.qiyi.video.pad,871,org.qiyi.android.tile.ContinueTileService,927,17,1593,1]
09-24 03:14:16.681 I/sysui_multi_action( 1846): [757,268,758,1,759,268,806,com.qiyi.video.pad,871,org.qiyi.android.tile.CaptureTileService,927,18,1593,1]
09-24 03:14:16.681 I/sysui_multi_action( 1846): [757,268,758,1,759,268,806,com.qiyi.video.pad,871,org.qiyi.android.tile.TopVideoTileService,927,19,1593,1]
09-24 03:14:16.681 I/sysui_multi_action( 1846): [757,268,758,1,759,268,806,com.qiyi.video.pad,871,org.qiyi.android.tile.EntranceTileService,927,20,1593,1]
09-24 03:14:16.681 I/sysui_multi_action( 1846): [757,268,758,1,759,268,806,com.smile.gifmaker,871,com.kwai.gifshow.post.api.feature.record.RecordQuickSettingService,927,21,1593,1]
09-24 03:14:16.681 I/sysui_multi_action( 1846): [757,268,758,1,759,268,806,com.qiyi.video.pad,871,org.qiyi.android.tile.HistoryTileService,927,22,1593,1]
09-24 03:14:16.681 I/sysui_multi_action( 1846): [757,268,758,1,759,268,806,com.qiyi.video.pad,871,org.qiyi.android.tile.SportTileService,927,23,1593,1]
09-24 03:14:16.681 I/sysui_multi_action( 1846): [757,268,758,1,759,268,806,com.tencent.news,871,com.tencent.news.tile.Tile24Hours,927,24,1593,1]
09-24 03:14:16.682 I/sysui_multi_action( 1846): [757,268,758,1,759,268,806,com.ss.android.article.news,871,com.android.bytedance.search.tile.SearchTileService,927,25,1593,1]
09-24 03:14:16.682 I/sysui_multi_action( 1846): [757,268,758,1,759,268,806,com.ss.android.ugc.aweme,871,com.ss.android.ugc.aweme.tile.PublishTileService,927,26,1593,1]
09-24 03:14:16.682 I/sysui_multi_action( 1846): [757,268,758,1,759,268,806,com.tencent.news,871,com.tencent.news.tile.TileNewsVideo,927,27,1593,0]
09-24 03:14:16.682 I/sysui_multi_action( 1846): [757,111,758,1]
09-24 03:14:16.682 I/sysui_multi_action( 1846): [757,126,758,1,759,126,927,0,928,1,1593,1]
09-24 03:14:16.682 I/sysui_multi_action( 1846): [757,113,758,1,759,113,927,1,928,1,1593,1]
09-24 03:14:16.682 I/sysui_multi_action( 1846): [757,0,758,1,759,0,927,2,928,0,1593,1]
09-24 03:14:16.682 I/sysui_multi_action( 1846): [757,0,758,1,759,0,927,3,928,0,1593,1]
09-24 03:14:16.694 I/sysui_multi_action( 1846): [757,111,758,2]
09-24 03:14:16.694 I/sysui_multi_action( 1846): [757,111,758,2]
09-24 03:14:16.695 I/notification_enqueue( 1472): [10081,1846,com.android.systemui,2048,NULL,0,Notification(channel=updateNotification shortcut=null contentView=null vibrate=null sound=null defaults=0x0 flags=0x0 color=0x00000000 vis=PRIVATE),1]
09-24 03:14:16.697 I/sysui_multi_action( 1846): [757,111,758,1]
09-24 03:14:16.697 I/sysui_multi_action( 1846): [757,126,758,1,759,126,927,0,928,1,1593,1]
09-24 03:14:16.697 I/sysui_multi_action( 1846): [757,113,758,1,759,113,927,1,928,1,1593,1]
09-24 03:14:16.697 I/sysui_multi_action( 1846): [757,0,758,1,759,0,927,2,928,0,1593,1]
09-24 03:14:16.697 I/sysui_multi_action( 1846): [757,0,758,1,759,0,927,3,928,0,1593,1]
09-24 03:14:16.697 I/sysui_multi_action( 1846): [757,1706,758,1,759,1706,927,4,928,0,1593,1]
09-24 03:14:16.697 I/sysui_multi_action( 1846): [757,491,758,1,759,491,927,5,928,0,1311,-1,1593,1]
09-24 03:14:16.697 I/sysui_multi_action( 1846): [757,0,758,1,759,0,927,6,928,0,1593,1]
09-24 03:14:16.697 I/sysui_multi_action( 1846): [757,114,758,1,759,114,927,7,928,0,1593,1]
09-24 03:14:16.697 I/sysui_multi_action( 1846): [757,268,758,1,759,268,806,com.netease.cloudmusic,871,com.netease.cloudmusic.titleservice.PlayFavoriteMusicTitleService,927,8,1593,1]
09-24 03:14:16.697 I/sysui_multi_action( 1846): [757,268,758,1,759,268,806,com.netease.cloudmusic,871,com.netease.cloudmusic.titleservice.PrivateFmTitleService,927,9,1593,1]
09-24 03:14:16.697 I/sysui_multi_action( 1846): [757,268,758,1,759,268,806,com.netease.cloudmusic,871,com.netease.cloudmusic.music.biz.voice.tileservice.PopularPodCastService,927,10,1593,1]
09-24 03:14:16.697 I/sysui_multi_action( 1846): [757,268,758,1,759,268,806,com.netease.cloudmusic,871,com.netease.cloudmusic.music.biz.voice.tileservice.ListenBookService,927,11,1593,1]
09-24 03:14:16.697 I/sysui_multi_action( 1846): [757,268,758,1,759,268,806,com.netease.cloudmusic,871,com.netease.cloudmusic.titleservice.DailyRecommandTitleService,927,12,1593,1]
09-24 03:14:16.697 I/sysui_multi_action( 1846): [757,268,758,1,759,268,806,com.netease.cloudmusic,871,com.netease.cloudmusic.music.biz.voice.tileservice.SleepAidDecompressionService,927,13,1593,1]
09-24 03:14:16.697 I/sysui_multi_action( 1846): [757,268,758,1,759,268,806,com.netease.cloudmusic,871,com.netease.cloudmusic.titleservice.PrivateRadarTitleService,927,14,1593,1]
09-24 03:14:16.697 I/sysui_multi_action( 1846): [757,268,758,1,759,268,806,com.netease.cloudmusic,871,com.netease.cloudmusic.music.biz.voice.tileservice.BroadCastService,927,15,1593,1]
09-24 03:14:16.697 I/sysui_multi_action( 1846): [757,268,758,1,759,268,806,com.qiyi.video.pad,871,org.qiyi.android.tile.SearchTileService,927,16,1593,1]
09-24 03:14:16.697 I/sysui_multi_action( 1846): [757,268,758,1,759,268,806,com.qiyi.video.pad,871,org.qiyi.android.tile.ContinueTileService,927,17,1593,1]
09-24 03:14:16.697 I/sysui_multi_action( 1846): [757,268,758,1,759,268,806,com.qiyi.video.pad,871,org.qiyi.android.tile.CaptureTileService,927,18,1593,1]
09-24 03:14:16.698 I/sysui_multi_action( 1846): [757,268,758,1,759,268,806,com.qiyi.video.pad,871,org.qiyi.android.tile.TopVideoTileService,927,19,1593,1]
09-24 03:14:16.698 I/sysui_multi_action( 1846): [757,268,758,1,759,268,806,com.qiyi.video.pad,871,org.qiyi.android.tile.EntranceTileService,927,20,1593,1]
09-24 03:14:16.698 I/sysui_multi_action( 1846): [757,268,758,1,759,268,806,com.smile.gifmaker,871,com.kwai.gifshow.post.api.feature.record.RecordQuickSettingService,927,21,1593,1]
09-24 03:14:16.698 I/sysui_multi_action( 1846): [757,268,758,1,759,268,806,com.qiyi.video.pad,871,org.qiyi.android.tile.HistoryTileService,927,22,1593,1]
09-24 03:14:16.698 I/sysui_multi_action( 1846): [757,268,758,1,759,268,806,com.qiyi.video.pad,871,org.qiyi.android.tile.SportTileService,927,23,1593,1]
09-24 03:14:16.698 I/sysui_multi_action( 1846): [757,268,758,1,759,268,806,com.tencent.news,871,com.tencent.news.tile.Tile24Hours,927,24,1593,1]
09-24 03:14:16.698 I/sysui_multi_action( 1846): [757,268,758,1,759,268,806,com.ss.android.article.news,871,com.android.bytedance.search.tile.SearchTileService,927,25,1593,1]
09-24 03:14:16.698 I/sysui_multi_action( 1846): [757,268,758,1,759,268,806,com.ss.android.ugc.aweme,871,com.ss.android.ugc.aweme.tile.PublishTileService,927,26,1593,1]
09-24 03:14:16.698 I/sysui_multi_action( 1846): [757,268,758,1,759,268,806,com.tencent.news,871,com.tencent.news.tile.TileNewsVideo,927,27,1593,1]
09-24 03:14:16.698 I/sysui_multi_action( 1846): [757,111,758,1]
09-24 03:14:16.698 I/sysui_multi_action( 1846): [757,126,758,1,759,126,927,0,928,1,1593,1]
09-24 03:14:16.698 I/sysui_multi_action( 1846): [757,113,758,1,759,113,927,1,928,1,1593,1]
09-24 03:14:16.698 I/sysui_multi_action( 1846): [757,0,758,1,759,0,927,2,928,0,1593,1]
09-24 03:14:16.698 I/sysui_multi_action( 1846): [757,0,758,1,759,0,927,3,928,0,1593,1]
09-24 03:14:16.711 I/sysui_multi_action( 1846): [757,111,758,2]
09-24 03:14:16.711 I/sysui_multi_action( 1846): [757,111,758,2]
09-24 03:14:16.712 I/notification_enqueue( 1472): [10081,1846,com.android.systemui,2048,NULL,0,Notification(channel=updateNotification shortcut=null contentView=null vibrate=null sound=null defaults=0x0 flags=0x0 color=0x00000000 vis=PRIVATE),1]
09-24 03:14:16.713 I/sysui_multi_action( 1472): [757,1501,758,1,793,12967448,794,0,795,202,796,2048,806,com.android.systemui,857,updateNotification,858,3,947,0,1500,0,1688,1]
09-24 03:14:16.713 I/sysui_multi_action( 1472): [757,804,799,note_interruptive,801,0,802,1]
09-24 03:14:16.714 I/sysui_multi_action( 1472): [757,199,758,1,759,2,793,12967448,794,0,795,202,796,2048,806,com.android.systemui,857,updateNotification,858,3,947,0,1500,0,1688,1]
09-24 03:14:16.714 I/notification_alert( 1472): [0|com.android.systemui|2048|null|10081,0,1,0]
09-24 03:14:16.714 I/sysui_multi_action( 1846): [757,111,758,1]
09-24 03:14:16.715 I/sysui_multi_action( 1846): [757,126,758,1,759,126,927,0,928,1,1593,1]
09-24 03:14:16.715 I/sysui_multi_action( 1846): [757,113,758,1,759,113,927,1,928,1,1593,1]
09-24 03:14:16.715 I/sysui_multi_action( 1846): [757,0,758,1,759,0,927,2,928,0,1593,1]
09-24 03:14:16.715 I/sysui_multi_action( 1846): [757,0,758,1,759,0,927,3,928,0,1593,1]
09-24 03:14:16.715 I/sysui_multi_action( 1846): [757,1706,758,1,759,1706,927,4,928,0,1593,1]
09-24 03:14:16.715 I/sysui_multi_action( 1846): [757,491,758,1,759,491,927,5,928,0,1311,-1,1593,1]
09-24 03:14:16.715 I/sysui_multi_action( 1846): [757,0,758,1,759,0,927,6,928,0,1593,1]
09-24 03:14:16.715 I/sysui_multi_action( 1846): [757,114,758,1,759,114,927,7,928,0,1593,1]
09-24 03:14:16.715 I/sysui_multi_action( 1846): [757,268,758,1,759,268,806,com.netease.cloudmusic,871,com.netease.cloudmusic.titleservice.PlayFavoriteMusicTitleService,927,8,1593,1]
09-24 03:14:16.715 I/sysui_multi_action( 1846): [757,268,758,1,759,268,806,com.netease.cloudmusic,871,com.netease.cloudmusic.titleservice.PrivateFmTitleService,927,9,1593,1]
09-24 03:14:16.715 I/sysui_multi_action( 1846): [757,268,758,1,759,268,806,com.netease.cloudmusic,871,com.netease.cloudmusic.music.biz.voice.tileservice.PopularPodCastService,927,10,1593,1]
09-24 03:14:16.715 I/sysui_multi_action( 1846): [757,268,758,1,759,268,806,com.netease.cloudmusic,871,com.netease.cloudmusic.music.biz.voice.tileservice.ListenBookService,927,11,1593,1]
09-24 03:14:16.715 I/sysui_multi_action( 1846): [757,268,758,1,759,268,806,com.netease.cloudmusic,871,com.netease.cloudmusic.titleservice.DailyRecommandTitleService,927,12,1593,1]
09-24 03:14:16.715 I/sysui_multi_action( 1846): [757,268,758,1,759,268,806,com.netease.cloudmusic,871,com.netease.cloudmusic.music.biz.voice.tileservice.SleepAidDecompressionService,927,13,1593,1]
09-24 03:14:16.715 I/sysui_multi_action( 1846): [757,268,758,1,759,268,806,com.netease.cloudmusic,871,com.netease.cloudmusic.titleservice.PrivateRadarTitleService,927,14,1593,1]
09-24 03:14:16.715 I/sysui_multi_action( 1846): [757,268,758,1,759,268,806,com.netease.cloudmusic,871,com.netease.cloudmusic.music.biz.voice.tileservice.BroadCastService,927,15,1593,1]
09-24 03:14:16.715 I/sysui_multi_action( 1846): [757,268,758,1,759,268,806,com.qiyi.video.pad,871,org.qiyi.android.tile.SearchTileService,927,16,1593,1]
09-24 03:14:16.715 I/sysui_multi_action( 1846): [757,268,758,1,759,268,806,com.qiyi.video.pad,871,org.qiyi.android.tile.ContinueTileService,927,17,1593,1]
09-24 03:14:16.715 I/sysui_multi_action( 1846): [757,268,758,1,759,268,806,com.qiyi.video.pad,871,org.qiyi.android.tile.CaptureTileService,927,18,1593,1]
09-24 03:14:16.716 I/sysui_multi_action( 1846): [757,268,758,1,759,268,806,com.qiyi.video.pad,871,org.qiyi.android.tile.TopVideoTileService,927,19,1593,1]
09-24 03:14:16.716 I/sysui_multi_action( 1846): [757,268,758,1,759,268,806,com.qiyi.video.pad,871,org.qiyi.android.tile.EntranceTileService,927,20,1593,1]
09-24 03:14:16.716 I/sysui_multi_action( 1846): [757,268,758,1,759,268,806,com.smile.gifmaker,871,com.kwai.gifshow.post.api.feature.record.RecordQuickSettingService,927,21,1593,1]
09-24 03:14:16.716 I/sysui_multi_action( 1846): [757,268,758,1,759,268,806,com.qiyi.video.pad,871,org.qiyi.android.tile.HistoryTileService,927,22,1593,1]
09-24 03:14:16.716 I/sysui_multi_action( 1846): [757,268,758,1,759,268,806,com.qiyi.video.pad,871,org.qiyi.android.tile.SportTileService,927,23,1593,1]
09-24 03:14:16.716 I/sysui_multi_action( 1846): [757,268,758,1,759,268,806,com.tencent.news,871,com.tencent.news.tile.Tile24Hours,927,24,1593,1]
09-24 03:14:16.716 I/sysui_multi_action( 1846): [757,268,758,1,759,268,806,com.ss.android.article.news,871,com.android.bytedance.search.tile.SearchTileService,927,25,1593,1]
09-24 03:14:16.716 I/sysui_multi_action( 1846): [757,268,758,1,759,268,806,com.ss.android.ugc.aweme,871,com.ss.android.ugc.aweme.tile.PublishTileService,927,26,1593,1]
09-24 03:14:16.716 I/sysui_multi_action( 1846): [757,268,758,1,759,268,806,com.tencent.news,871,com.tencent.news.tile.TileNewsVideo,927,27,1593,1]
09-24 03:14:16.716 I/sysui_multi_action( 1846): [757,111,758,1]
09-24 03:14:16.716 I/sysui_multi_action( 1846): [757,126,758,1,759,126,927,0,928,1,1593,1]
09-24 03:14:16.716 I/sysui_multi_action( 1846): [757,113,758,1,759,113,927,1,928,1,1593,1]
09-24 03:14:16.716 I/sysui_multi_action( 1846): [757,0,758,1,759,0,927,2,928,0,1593,1]
09-24 03:14:16.716 I/sysui_multi_action( 1846): [757,0,758,1,759,0,927,3,928,0,1593,1]
09-24 03:14:16.724 I/sysui_multi_action( 1472): [757,128,758,2,793,11300059,794,4745,795,11300059,796,26,798,0,806,android,857,DEVELOPER_IMPORTANT,858,4,947,0,1395,3,1500,11299853,1688,1]
09-24 03:14:16.725 I/notification_visibility( 1472): [-1|android|26|null|1000,0,11300059,11300059,0,0]
09-24 03:14:16.725 I/sysui_multi_action( 1472): [757,128,758,2,793,621185,794,4744,795,621185,796,4273,798,1,806,com.android.systemui,857,screen_record,858,3,947,0,1395,3,1500,620982,1688,1,1745,680407814]
09-24 03:14:16.725 I/notification_visibility( 1472): [0|com.android.systemui|4273|null|10081,0,621185,621185,0,1]
09-24 03:14:16.725 I/sysui_multi_action( 1472): [757,128,758,2,793,11300062,794,4743,795,11300062,796,32,798,2,806,android,857,USB,858,1,947,0,1395,3,1500,11299859,1688,1]
09-24 03:14:16.725 I/notification_visibility( 1472): [-1|android|32|null|1000,0,11300062,11300062,0,2]
09-24 03:14:16.728 I/notification_enqueue( 1472): [10081,1846,com.android.systemui,2048,NULL,0,Notification(channel=updateNotification shortcut=null contentView=null vibrate=null sound=null defaults=0x0 flags=0x0 color=0x00000000 vis=PRIVATE),1]
09-24 03:14:16.729 I/sysui_multi_action( 1846): [757,111,758,2]
09-24 03:14:16.729 I/sysui_multi_action( 1846): [757,111,758,2]
09-24 03:14:16.732 I/sysui_multi_action( 1846): [757,111,758,1]
09-24 03:14:16.732 I/sysui_multi_action( 1846): [757,126,758,1,759,126,927,0,928,1,1593,1]
09-24 03:14:16.732 I/sysui_multi_action( 1846): [757,113,758,1,759,113,927,1,928,1,1593,1]
09-24 03:14:16.732 I/sysui_multi_action( 1846): [757,0,758,1,759,0,927,2,928,0,1593,1]
09-24 03:14:16.732 I/sysui_multi_action( 1846): [757,0,758,1,759,0,927,3,928,0,1593,1]
09-24 03:14:16.732 I/sysui_multi_action( 1846): [757,1706,758,1,759,1706,927,4,928,0,1593,1]
09-24 03:14:16.732 I/sysui_multi_action( 1846): [757,491,758,1,759,491,927,5,928,0,1311,-1,1593,1]
09-24 03:14:16.732 I/sysui_multi_action( 1846): [757,0,758,1,759,0,927,6,928,0,1593,1]
09-24 03:14:16.733 I/sysui_multi_action( 1846): [757,114,758,1,759,114,927,7,928,0,1593,1]
09-24 03:14:16.733 I/sysui_multi_action( 1846): [757,268,758,1,759,268,806,com.netease.cloudmusic,871,com.netease.cloudmusic.titleservice.PlayFavoriteMusicTitleService,927,8,1593,1]
09-24 03:14:16.733 I/sysui_multi_action( 1846): [757,268,758,1,759,268,806,com.netease.cloudmusic,871,com.netease.cloudmusic.titleservice.PrivateFmTitleService,927,9,1593,1]
09-24 03:14:16.733 I/sysui_multi_action( 1846): [757,268,758,1,759,268,806,com.netease.cloudmusic,871,com.netease.cloudmusic.music.biz.voice.tileservice.PopularPodCastService,927,10,1593,1]
09-24 03:14:16.733 I/sysui_multi_action( 1846): [757,268,758,1,759,268,806,com.netease.cloudmusic,871,com.netease.cloudmusic.music.biz.voice.tileservice.ListenBookService,927,11,1593,1]
09-24 03:14:16.733 I/sysui_multi_action( 1846): [757,268,758,1,759,268,806,com.netease.cloudmusic,871,com.netease.cloudmusic.titleservice.DailyRecommandTitleService,927,12,1593,1]
09-24 03:14:16.733 I/sysui_multi_action( 1846): [757,268,758,1,759,268,806,com.netease.cloudmusic,871,com.netease.cloudmusic.music.biz.voice.tileservice.SleepAidDecompressionService,927,13,1593,1]
09-24 03:14:16.733 I/sysui_multi_action( 1846): [757,268,758,1,759,268,806,com.netease.cloudmusic,871,com.netease.cloudmusic.titleservice.PrivateRadarTitleService,927,14,1593,1]
09-24 03:14:16.733 I/sysui_multi_action( 1846): [757,268,758,1,759,268,806,com.netease.cloudmusic,871,com.netease.cloudmusic.music.biz.voice.tileservice.BroadCastService,927,15,1593,1]
09-24 03:14:16.733 I/sysui_multi_action( 1846): [757,268,758,1,759,268,806,com.qiyi.video.pad,871,org.qiyi.android.tile.SearchTileService,927,16,1593,1]
09-24 03:14:16.733 I/sysui_multi_action( 1846): [757,268,758,1,759,268,806,com.qiyi.video.pad,871,org.qiyi.android.tile.ContinueTileService,927,17,1593,1]
09-24 03:14:16.733 I/sysui_multi_action( 1846): [757,268,758,1,759,268,806,com.qiyi.video.pad,871,org.qiyi.android.tile.CaptureTileService,927,18,1593,1]
09-24 03:14:16.733 I/sysui_multi_action( 1846): [757,268,758,1,759,268,806,com.qiyi.video.pad,871,org.qiyi.android.tile.TopVideoTileService,927,19,1593,1]
09-24 03:14:16.733 I/sysui_multi_action( 1846): [757,268,758,1,759,268,806,com.qiyi.video.pad,871,org.qiyi.android.tile.EntranceTileService,927,20,1593,1]
09-24 03:14:16.733 I/sysui_multi_action( 1846): [757,268,758,1,759,268,806,com.smile.gifmaker,871,com.kwai.gifshow.post.api.feature.record.RecordQuickSettingService,927,21,1593,1]
09-24 03:14:16.733 I/sysui_multi_action( 1846): [757,268,758,1,759,268,806,com.qiyi.video.pad,871,org.qiyi.android.tile.HistoryTileService,927,22,1593,1]
09-24 03:14:16.733 I/sysui_multi_action( 1846): [757,268,758,1,759,268,806,com.qiyi.video.pad,871,org.qiyi.android.tile.SportTileService,927,23,1593,1]
09-24 03:14:16.733 I/sysui_multi_action( 1846): [757,268,758,1,759,268,806,com.tencent.news,871,com.tencent.news.tile.Tile24Hours,927,24,1593,1]
09-24 03:14:16.733 I/sysui_multi_action( 1846): [757,268,758,1,759,268,806,com.ss.android.article.news,871,com.android.bytedance.search.tile.SearchTileService,927,25,1593,1]
09-24 03:14:16.733 I/sysui_multi_action( 1846): [757,268,758,1,759,268,806,com.ss.android.ugc.aweme,871,com.ss.android.ugc.aweme.tile.PublishTileService,927,26,1593,1]
09-24 03:14:16.733 I/sysui_multi_action( 1846): [757,268,758,1,759,268,806,com.tencent.news,871,com.tencent.news.tile.TileNewsVideo,927,27,1593,1]
09-24 03:14:16.734 I/sysui_multi_action( 1846): [757,111,758,1]
09-24 03:14:16.734 I/sysui_multi_action( 1846): [757,126,758,1,759,126,927,0,928,1,1593,1]
09-24 03:14:16.734 I/sysui_multi_action( 1846): [757,113,758,1,759,113,927,1,928,1,1593,1]
09-24 03:14:16.734 I/sysui_multi_action( 1846): [757,0,758,1,759,0,927,2,928,0,1593,1]
09-24 03:14:16.734 I/sysui_multi_action( 1846): [757,0,758,1,759,0,927,3,928,0,1593,1]
09-24 03:14:16.746 I/notification_enqueue( 1472): [10081,1846,com.android.systemui,2048,NULL,0,Notification(channel=updateNotification shortcut=null contentView=null vibrate=null sound=null defaults=0x0 flags=0x0 color=0x00000000 vis=PRIVATE),1]
09-24 03:14:16.746 I/sysui_multi_action( 1846): [757,111,758,2]
09-24 03:14:16.746 I/sysui_multi_action( 1846): [757,111,758,2]
09-24 03:14:16.748 I/sysui_multi_action( 1846): [757,111,758,1]
09-24 03:14:16.749 I/sysui_multi_action( 1846): [757,126,758,1,759,126,927,0,928,1,1593,1]
