09-24 03:19:04.223 I/sysui_multi_action( 1846): [757,111,758,1]
09-24 03:19:04.223 I/sysui_multi_action( 1846): [757,126,758,1,759,126,927,0,928,1,1593,0]
09-24 03:19:04.223 I/sysui_multi_action( 1846): [757,113,758,1,759,113,927,1,928,1,1593,0]
09-24 03:19:04.223 I/sysui_multi_action( 1846): [757,0,758,1,759,0,927,2,928,0,1593,0]
09-24 03:19:04.223 I/sysui_multi_action( 1846): [757,0,758,1,759,0,927,3,928,0,1593,0]
09-24 03:19:04.223 I/sysui_multi_action( 1846): [757,1706,758,1,759,1706,927,4,928,0,1593,0]
09-24 03:19:04.223 I/sysui_multi_action( 1846): [757,491,758,1,759,491,927,5,928,0,1311,-1,1593,0]
09-24 03:19:04.223 I/sysui_multi_action( 1846): [757,0,758,1,759,0,927,6,928,0,1593,0]
09-24 03:19:04.223 I/sysui_multi_action( 1846): [757,114,758,1,759,114,927,7,928,0,1593,0]
09-24 03:19:04.223 I/sysui_multi_action( 1846): [757,268,758,1,759,268,806,com.netease.cloudmusic,871,com.netease.cloudmusic.titleservice.PlayFavoriteMusicTitleService,927,8,1593,0]
09-24 03:19:04.223 I/sysui_multi_action( 1846): [757,268,758,1,759,268,806,com.netease.cloudmusic,871,com.netease.cloudmusic.titleservice.PrivateFmTitleService,927,9,1593,0]
09-24 03:19:04.224 I/sysui_multi_action( 1846): [757,268,758,1,759,268,806,com.netease.cloudmusic,871,com.netease.cloudmusic.music.biz.voice.tileservice.PopularPodCastService,927,10,1593,0]
09-24 03:19:04.224 I/sysui_multi_action( 1846): [757,268,758,1,759,268,806,com.netease.cloudmusic,871,com.netease.cloudmusic.music.biz.voice.tileservice.ListenBookService,927,11,1593,0]
09-24 03:19:04.224 I/sysui_multi_action( 1846): [757,268,758,1,759,268,806,com.netease.cloudmusic,871,com.netease.cloudmusic.titleservice.DailyRecommandTitleService,927,12,1593,0]
09-24 03:19:04.224 I/sysui_multi_action( 1846): [757,268,758,1,759,268,806,com.netease.cloudmusic,871,com.netease.cloudmusic.music.biz.voice.tileservice.SleepAidDecompressionService,927,13,1593,0]
09-24 03:19:04.224 I/sysui_multi_action( 1846): [757,268,758,1,759,268,806,com.netease.cloudmusic,871,com.netease.cloudmusic.titleservice.PrivateRadarTitleService,927,14,1593,0]
09-24 03:19:04.224 I/sysui_multi_action( 1846): [757,268,758,1,759,268,806,com.netease.cloudmusic,871,com.netease.cloudmusic.music.biz.voice.tileservice.BroadCastService,927,15,1593,0]
09-24 03:19:04.224 I/sysui_multi_action( 1846): [757,268,758,1,759,268,806,com.qiyi.video.pad,871,org.qiyi.android.tile.SearchTileService,927,16,1593,0]
09-24 03:19:04.224 I/sysui_multi_action( 1846): [757,268,758,1,759,268,806,com.qiyi.video.pad,871,org.qiyi.android.tile.ContinueTileService,927,17,1593,0]
09-24 03:19:04.224 I/sysui_multi_action( 1846): [757,268,758,1,759,268,806,com.qiyi.video.pad,871,org.qiyi.android.tile.CaptureTileService,927,18,1593,0]
09-24 03:19:04.224 I/sysui_multi_action( 1846): [757,268,758,1,759,268,806,com.qiyi.video.pad,871,org.qiyi.android.tile.TopVideoTileService,927,19,1593,0]
09-24 03:19:04.224 I/sysui_multi_action( 1846): [757,268,758,1,759,268,806,com.qiyi.video.pad,871,org.qiyi.android.tile.EntranceTileService,927,20,1593,0]
09-24 03:19:04.224 I/sysui_multi_action( 1846): [757,268,758,1,759,268,806,com.smile.gifmaker,871,com.kwai.gifshow.post.api.feature.record.RecordQuickSettingService,927,21,1593,0]
09-24 03:19:04.224 I/sysui_multi_action( 1846): [757,268,758,1,759,268,806,com.qiyi.video.pad,871,org.qiyi.android.tile.HistoryTileService,927,22,1593,0]
09-24 03:19:04.224 I/sysui_multi_action( 1846): [757,268,758,1,759,268,806,com.qiyi.video.pad,871,org.qiyi.android.tile.SportTileService,927,23,1593,0]
09-24 03:19:04.224 I/sysui_multi_action( 1846): [757,268,758,1,759,268,806,com.tencent.news,871,com.tencent.news.tile.Tile24Hours,927,24,1593,0]
09-24 03:19:04.224 I/sysui_multi_action( 1846): [757,268,758,1,759,268,806,com.ss.android.article.news,871,com.android.bytedance.search.tile.SearchTileService,927,25,1593,0]
09-24 03:19:04.224 I/sysui_multi_action( 1846): [757,268,758,1,759,268,806,com.ss.android.ugc.aweme,871,com.ss.android.ugc.aweme.tile.PublishTileService,927,26,1593,0]
09-24 03:19:04.225 I/sysui_multi_action( 1846): [757,268,758,1,759,268,806,com.tencent.news,871,com.tencent.news.tile.TileNewsVideo,927,27,1593,0]
09-24 03:19:04.225 I/sysui_multi_action( 1846): [757,111,758,1]
09-24 03:19:04.225 I/sysui_multi_action( 1846): [757,126,758,1,759,126,927,0,928,1,1593,0]
09-24 03:19:04.225 I/sysui_multi_action( 1846): [757,113,758,1,759,113,927,1,928,1,1593,0]
09-24 03:19:04.225 I/sysui_multi_action( 1846): [757,0,758,1,759,0,927,2,928,0,1593,0]
09-24 03:19:04.225 I/sysui_multi_action( 1846): [757,0,758,1,759,0,927,3,928,0,1593,0]
09-24 03:19:04.236 I/sysui_multi_action( 1846): [757,111,758,2]
09-24 03:19:04.237 I/sysui_multi_action( 1846): [757,111,758,2]
09-24 03:19:04.237 I/notification_enqueue( 1472): [10081,1846,com.android.systemui,2048,NULL,0,Notification(channel=updateNotification shortcut=null contentView=null vibrate=null sound=null defaults=0x0 flags=0x0 color=0x00000000 vis=PRIVATE),1]
09-24 03:19:04.242 I/sysui_multi_action( 1472): [757,1501,758,1,793,13254977,794,0,795,206,796,2048,806,com.android.systemui,857,updateNotification,858,3,947,0,1500,0,1688,1]
09-24 03:19:04.242 I/sysui_multi_action( 1472): [757,804,799,note_interruptive,801,0,802,1]
09-24 03:19:04.242 I/sysui_multi_action( 1472): [757,199,758,1,759,2,793,13254977,794,0,795,206,796,2048,806,com.android.systemui,857,updateNotification,858,3,947,0,1500,0,1688,1]
09-24 03:19:04.242 I/notification_alert( 1472): [0|com.android.systemui|2048|null|10081,0,1,0]
09-24 03:19:04.246 I/input_focus( 1472): [Focus request 590f61a com.android.settings/com.android.settings.Settings,reason=UpdateInputWindows]
09-24 03:19:04.248 I/sysui_multi_action( 1846): [757,111,758,1]
09-24 03:19:04.248 I/sysui_multi_action( 1846): [757,126,758,1,759,126,927,0,928,1,1593,0]
09-24 03:19:04.248 I/sysui_multi_action( 1846): [757,113,758,1,759,113,927,1,928,1,1593,0]
09-24 03:19:04.248 I/sysui_multi_action( 1846): [757,0,758,1,759,0,927,2,928,0,1593,0]
09-24 03:19:04.248 I/sysui_multi_action( 1846): [757,0,758,1,759,0,927,3,928,0,1593,0]
09-24 03:19:04.248 I/sysui_multi_action( 1846): [757,1706,758,1,759,1706,927,4,928,0,1593,0]
09-24 03:19:04.248 I/sysui_multi_action( 1846): [757,491,758,1,759,491,927,5,928,0,1311,-1,1593,0]
09-24 03:19:04.249 I/sysui_multi_action( 1846): [757,0,758,1,759,0,927,6,928,0,1593,0]
09-24 03:19:04.249 I/sysui_multi_action( 1846): [757,114,758,1,759,114,927,7,928,0,1593,0]
09-24 03:19:04.249 I/sysui_multi_action( 1846): [757,268,758,1,759,268,806,com.netease.cloudmusic,871,com.netease.cloudmusic.titleservice.PlayFavoriteMusicTitleService,927,8,1593,0]
09-24 03:19:04.249 I/sysui_multi_action( 1846): [757,268,758,1,759,268,806,com.netease.cloudmusic,871,com.netease.cloudmusic.titleservice.PrivateFmTitleService,927,9,1593,0]
09-24 03:19:04.249 I/sysui_multi_action( 1846): [757,268,758,1,759,268,806,com.netease.cloudmusic,871,com.netease.cloudmusic.music.biz.voice.tileservice.PopularPodCastService,927,10,1593,0]
09-24 03:19:04.249 I/sysui_multi_action( 1846): [757,268,758,1,759,268,806,com.netease.cloudmusic,871,com.netease.cloudmusic.music.biz.voice.tileservice.ListenBookService,927,11,1593,0]
09-24 03:19:04.249 I/sysui_multi_action( 1846): [757,268,758,1,759,268,806,com.netease.cloudmusic,871,com.netease.cloudmusic.titleservice.DailyRecommandTitleService,927,12,1593,0]
09-24 03:19:04.249 I/sysui_multi_action( 1846): [757,268,758,1,759,268,806,com.netease.cloudmusic,871,com.netease.cloudmusic.music.biz.voice.tileservice.SleepAidDecompressionService,927,13,1593,0]
09-24 03:19:04.249 I/sysui_multi_action( 1846): [757,268,758,1,759,268,806,com.netease.cloudmusic,871,com.netease.cloudmusic.titleservice.PrivateRadarTitleService,927,14,1593,0]
09-24 03:19:04.249 I/sysui_multi_action( 1846): [757,268,758,1,759,268,806,com.netease.cloudmusic,871,com.netease.cloudmusic.music.biz.voice.tileservice.BroadCastService,927,15,1593,0]
09-24 03:19:04.250 I/sysui_multi_action( 1846): [757,268,758,1,759,268,806,com.qiyi.video.pad,871,org.qiyi.android.tile.SearchTileService,927,16,1593,0]
09-24 03:19:04.250 I/sysui_multi_action( 1846): [757,268,758,1,759,268,806,com.qiyi.video.pad,871,org.qiyi.android.tile.ContinueTileService,927,17,1593,0]
09-24 03:19:04.250 I/sysui_multi_action( 1846): [757,268,758,1,759,268,806,com.qiyi.video.pad,871,org.qiyi.android.tile.CaptureTileService,927,18,1593,0]
09-24 03:19:04.250 I/sysui_multi_action( 1846): [757,268,758,1,759,268,806,com.qiyi.video.pad,871,org.qiyi.android.tile.TopVideoTileService,927,19,1593,0]
09-24 03:19:04.250 I/sysui_multi_action( 1846): [757,268,758,1,759,268,806,com.qiyi.video.pad,871,org.qiyi.android.tile.EntranceTileService,927,20,1593,0]
09-24 03:19:04.250 I/sysui_multi_action( 1846): [757,268,758,1,759,268,806,com.smile.gifmaker,871,com.kwai.gifshow.post.api.feature.record.RecordQuickSettingService,927,21,1593,0]
09-24 03:19:04.250 I/sysui_multi_action( 1846): [757,268,758,1,759,268,806,com.qiyi.video.pad,871,org.qiyi.android.tile.HistoryTileService,927,22,1593,0]
09-24 03:19:04.250 I/sysui_multi_action( 1846): [757,268,758,1,759,268,806,com.qiyi.video.pad,871,org.qiyi.android.tile.SportTileService,927,23,1593,0]
09-24 03:19:04.250 I/sysui_multi_action( 1846): [757,268,758,1,759,268,806,com.tencent.news,871,com.tencent.news.tile.Tile24Hours,927,24,1593,0]
09-24 03:19:04.250 I/sysui_multi_action( 1846): [757,268,758,1,759,268,806,com.ss.android.article.news,871,com.android.bytedance.search.tile.SearchTileService,927,25,1593,0]
09-24 03:19:04.250 I/sysui_multi_action( 1846): [757,268,758,1,759,268,806,com.ss.android.ugc.aweme,871,com.ss.android.ugc.aweme.tile.PublishTileService,927,26,1593,0]
09-24 03:19:04.251 I/sysui_multi_action( 1846): [757,268,758,1,759,268,806,com.tencent.news,871,com.tencent.news.tile.TileNewsVideo,927,27,1593,0]
09-24 03:19:04.251 I/sysui_multi_action( 1846): [757,111,758,1]
09-24 03:19:04.251 I/sysui_multi_action( 1846): [757,126,758,1,759,126,927,0,928,1,1593,0]
09-24 03:19:04.251 I/sysui_multi_action( 1846): [757,113,758,1,759,113,927,1,928,1,1593,0]
09-24 03:19:04.251 I/sysui_multi_action( 1846): [757,0,758,1,759,0,927,2,928,0,1593,0]
09-24 03:19:04.251 I/sysui_multi_action( 1846): [757,0,758,1,759,0,927,3,928,0,1593,0]
09-24 03:19:04.258 I/sysui_multi_action( 1846): [757,111,758,2]
09-24 03:19:04.259 I/sysui_multi_action( 1846): [757,111,758,2]
09-24 03:19:04.259 I/notification_enqueue( 1472): [10081,1846,com.android.systemui,2048,NULL,0,Notification(channel=updateNotification shortcut=null contentView=null vibrate=null sound=null defaults=0x0 flags=0x0 color=0x00000000 vis=PRIVATE),1]
09-24 03:19:04.260 I/sysui_multi_action( 1472): [757,128,758,2,793,11587595,794,779,795,11587595,796,26,798,0,806,android,857,DEVELOPER_IMPORTANT,858,4,947,0,1395,3,1500,11587389,1688,1]
09-24 03:19:04.260 I/notification_visibility( 1472): [-1|android|26|null|1000,0,11587595,11587595,0,0]
09-24 03:19:04.261 I/sysui_multi_action( 1472): [757,128,758,2,793,908721,794,779,795,908721,796,4273,798,1,806,com.android.systemui,857,screen_record,858,3,947,0,1395,3,1500,908518,1688,1,1745,680407814]
09-24 03:19:04.261 I/notification_visibility( 1472): [0|com.android.systemui|4273|null|10081,0,908721,908721,0,1]
09-24 03:19:04.261 I/sysui_multi_action( 1472): [757,128,758,2,793,11587598,794,779,795,11587598,796,32,798,2,806,android,857,USB,858,1,947,0,1395,3,1500,11587395,1688,1]
09-24 03:19:04.261 I/notification_visibility( 1472): [-1|android|32|null|1000,0,11587598,11587598,0,2]
09-24 03:19:04.262 I/sysui_multi_action( 1472): [757,127,758,2]
09-24 03:19:04.262 I/notification_panel_hidden( 1472):
09-24 03:19:04.270 I/input_focus( 1472): [Focus leaving 818159c NotificationShade (server),reason=NO_WINDOW]
09-24 03:19:04.270 I/input_focus( 1472): [Focus entering 590f61a com.android.settings/com.android.settings.Settings (server),reason=setFocusedWindow]
09-24 03:19:04.279 I/sysui_multi_action( 1846): [757,111,758,1]
09-24 03:19:04.279 I/sysui_multi_action( 1846): [757,126,758,1,759,126,927,0,928,1,1593,0]
09-24 03:19:04.279 I/sysui_multi_action( 1846): [757,113,758,1,759,113,927,1,928,1,1593,0]
09-24 03:19:04.279 I/sysui_multi_action( 1846): [757,0,758,1,759,0,927,2,928,0,1593,0]
09-24 03:19:04.279 I/sysui_multi_action( 1846): [757,0,758,1,759,0,927,3,928,0,1593,0]
09-24 03:19:04.279 I/sysui_multi_action( 1846): [757,1706,758,1,759,1706,927,4,928,0,1593,0]
09-24 03:19:04.280 I/sysui_multi_action( 1846): [757,491,758,1,759,491,927,5,928,0,1311,-1,1593,0]
09-24 03:19:04.280 I/sysui_multi_action( 1846): [757,0,758,1,759,0,927,6,928,0,1593,0]
09-24 03:19:04.280 I/sysui_multi_action( 1846): [757,114,758,1,759,114,927,7,928,0,1593,0]
09-24 03:19:04.280 I/sysui_multi_action( 1846): [757,268,758,1,759,268,806,com.netease.cloudmusic,871,com.netease.cloudmusic.titleservice.PlayFavoriteMusicTitleService,927,8,1593,0]
09-24 03:19:04.280 I/sysui_multi_action( 1846): [757,268,758,1,759,268,806,com.netease.cloudmusic,871,com.netease.cloudmusic.titleservice.PrivateFmTitleService,927,9,1593,0]
09-24 03:19:04.280 I/sysui_multi_action( 1846): [757,268,758,1,759,268,806,com.netease.cloudmusic,871,com.netease.cloudmusic.music.biz.voice.tileservice.PopularPodCastService,927,10,1593,0]
09-24 03:19:04.280 I/sysui_multi_action( 1846): [757,268,758,1,759,268,806,com.netease.cloudmusic,871,com.netease.cloudmusic.music.biz.voice.tileservice.ListenBookService,927,11,1593,0]
09-24 03:19:04.280 I/sysui_multi_action( 1846): [757,268,758,1,759,268,806,com.netease.cloudmusic,871,com.netease.cloudmusic.titleservice.DailyRecommandTitleService,927,12,1593,0]
09-24 03:19:04.280 I/sysui_multi_action( 1846): [757,268,758,1,759,268,806,com.netease.cloudmusic,871,com.netease.cloudmusic.music.biz.voice.tileservice.SleepAidDecompressionService,927,13,1593,0]
09-24 03:19:04.280 I/sysui_multi_action( 1846): [757,268,758,1,759,268,806,com.netease.cloudmusic,871,com.netease.cloudmusic.titleservice.PrivateRadarTitleService,927,14,1593,0]
09-24 03:19:04.280 I/sysui_multi_action( 1846): [757,268,758,1,759,268,806,com.netease.cloudmusic,871,com.netease.cloudmusic.music.biz.voice.tileservice.BroadCastService,927,15,1593,0]
09-24 03:19:04.280 I/sysui_multi_action( 1846): [757,268,758,1,759,268,806,com.qiyi.video.pad,871,org.qiyi.android.tile.SearchTileService,927,16,1593,0]
09-24 03:19:04.280 I/sysui_multi_action( 1846): [757,268,758,1,759,268,806,com.qiyi.video.pad,871,org.qiyi.android.tile.ContinueTileService,927,17,1593,0]
09-24 03:19:04.281 I/sysui_multi_action( 1846): [757,268,758,1,759,268,806,com.qiyi.video.pad,871,org.qiyi.android.tile.CaptureTileService,927,18,1593,0]
09-24 03:19:04.281 I/sysui_multi_action( 1846): [757,268,758,1,759,268,806,com.qiyi.video.pad,871,org.qiyi.android.tile.TopVideoTileService,927,19,1593,0]
09-24 03:19:04.281 I/sysui_multi_action( 1846): [757,268,758,1,759,268,806,com.qiyi.video.pad,871,org.qiyi.android.tile.EntranceTileService,927,20,1593,0]
09-24 03:19:04.281 I/sysui_multi_action( 1846): [757,268,758,1,759,268,806,com.smile.gifmaker,871,com.kwai.gifshow.post.api.feature.record.RecordQuickSettingService,927,21,1593,0]
09-24 03:19:04.281 I/sysui_multi_action( 1846): [757,268,758,1,759,268,806,com.qiyi.video.pad,871,org.qiyi.android.tile.HistoryTileService,927,22,1593,0]
09-24 03:19:04.281 I/sysui_multi_action( 1846): [757,268,758,1,759,268,806,com.qiyi.video.pad,871,org.qiyi.android.tile.SportTileService,927,23,1593,0]
09-24 03:19:04.281 I/sysui_multi_action( 1846): [757,268,758,1,759,268,806,com.tencent.news,871,com.tencent.news.tile.Tile24Hours,927,24,1593,0]
09-24 03:19:04.281 I/sysui_multi_action( 1846): [757,268,758,1,759,268,806,com.ss.android.article.news,871,com.android.bytedance.search.tile.SearchTileService,927,25,1593,0]
09-24 03:19:04.281 I/sysui_multi_action( 1846): [757,268,758,1,759,268,806,com.ss.android.ugc.aweme,871,com.ss.android.ugc.aweme.tile.PublishTileService,927,26,1593,0]
09-24 03:19:04.281 I/sysui_multi_action( 1846): [757,268,758,1,759,268,806,com.tencent.news,871,com.tencent.news.tile.TileNewsVideo,927,27,1593,0]
09-24 03:19:04.281 I/sysui_multi_action( 1846): [757,111,758,1]
09-24 03:19:04.281 I/sysui_multi_action( 1846): [757,126,758,1,759,126,927,0,928,1,1593,0]
09-24 03:19:04.281 I/sysui_multi_action( 1846): [757,113,758,1,759,113,927,1,928,1,1593,0]
09-24 03:19:04.281 I/sysui_multi_action( 1846): [757,0,758,1,759,0,927,2,928,0,1593,0]
09-24 03:19:04.281 I/sysui_multi_action( 1846): [757,0,758,1,759,0,927,3,928,0,1593,0]
09-24 03:19:04.794 I/sysui_multi_action( 1846): [757,803,799,panel_open,802,1]
09-24 03:19:04.795 I/sysui_multi_action( 1846): [757,1328,758,4,1326,42,1327,2,1329,0]
09-24 03:19:04.839 I/auditd (29422): type=1400 audit(0.0:2681): avc: granted { nlmsg_readpriv } for comm="pool-8-thread-1" scontext=u:r:untrusted_app_29:s0:c96,c256,c512,c768 tcontext=u:r:untrusted_app_29:s0:c96,c256,c512,c768 tclass=netlink_route_socket app=com.netease.cloudmusic
09-24 03:19:04.876 I/sysui_multi_action( 1472): [757,127,758,1]
09-24 03:19:04.876 I/sysui_multi_action( 1472): [757,804,799,note_load,801,3,802,1]
09-24 03:19:04.877 I/notification_panel_revealed( 1472): 3
09-24 03:19:04.879 I/sysui_multi_action( 1846): [757,111,758,2]
09-24 03:19:04.879 I/notification_enqueue( 1472): [10081,1846,com.android.systemui,2048,NULL,0,Notification(channel=updateNotification shortcut=null contentView=null vibrate=null sound=null defaults=0x0 flags=0x0 color=0x00000000 vis=PRIVATE),1]
09-24 03:19:04.879 I/sysui_multi_action( 1846): [757,111,758,2]
09-24 03:19:04.892 I/input_focus( 1472): [Focus request 818159c NotificationShade,reason=UpdateInputWindows]
09-24 03:19:04.898 I/sysui_multi_action( 1846): [757,111,758,1]
09-24 03:19:04.898 I/sysui_multi_action( 1846): [757,126,758,1,759,126,927,0,928,1,1593,0]
09-24 03:19:04.898 I/sysui_multi_action( 1846): [757,113,758,1,759,113,927,1,928,1,1593,0]
09-24 03:19:04.898 I/sysui_multi_action( 1846): [757,0,758,1,759,0,927,2,928,0,1593,0]
09-24 03:19:04.898 I/sysui_multi_action( 1846): [757,0,758,1,759,0,927,3,928,0,1593,0]
09-24 03:19:04.898 I/sysui_multi_action( 1846): [757,1706,758,1,759,1706,927,4,928,0,1593,0]
09-24 03:19:04.899 I/sysui_multi_action( 1846): [757,491,758,1,759,491,927,5,928,0,1311,-1,1593,0]
09-24 03:19:04.899 I/sysui_multi_action( 1846): [757,0,758,1,759,0,927,6,928,0,1593,0]
09-24 03:19:04.899 I/sysui_multi_action( 1846): [757,114,758,1,759,114,927,7,928,0,1593,0]
09-24 03:19:04.899 I/sysui_multi_action( 1846): [757,268,758,1,759,268,806,com.netease.cloudmusic,871,com.netease.cloudmusic.titleservice.PlayFavoriteMusicTitleService,927,8,1593,0]
09-24 03:19:04.899 I/sysui_multi_action( 1846): [757,268,758,1,759,268,806,com.netease.cloudmusic,871,com.netease.cloudmusic.titleservice.PrivateFmTitleService,927,9,1593,0]
09-24 03:19:04.899 I/sysui_multi_action( 1846): [757,268,758,1,759,268,806,com.netease.cloudmusic,871,com.netease.cloudmusic.music.biz.voice.tileservice.PopularPodCastService,927,10,1593,0]
09-24 03:19:04.899 I/sysui_multi_action( 1846): [757,268,758,1,759,268,806,com.netease.cloudmusic,871,com.netease.cloudmusic.music.biz.voice.tileservice.ListenBookService,927,11,1593,0]
09-24 03:19:04.899 I/sysui_multi_action( 1846): [757,268,758,1,759,268,806,com.netease.cloudmusic,871,com.netease.cloudmusic.titleservice.DailyRecommandTitleService,927,12,1593,0]
09-24 03:19:04.899 I/sysui_multi_action( 1846): [757,268,758,1,759,268,806,com.netease.cloudmusic,871,com.netease.cloudmusic.music.biz.voice.tileservice.SleepAidDecompressionService,927,13,1593,0]
09-24 03:19:04.899 I/sysui_multi_action( 1846): [757,268,758,1,759,268,806,com.netease.cloudmusic,871,com.netease.cloudmusic.titleservice.PrivateRadarTitleService,927,14,1593,0]
09-24 03:19:04.899 I/sysui_multi_action( 1846): [757,268,758,1,759,268,806,com.netease.cloudmusic,871,com.netease.cloudmusic.music.biz.voice.tileservice.BroadCastService,927,15,1593,0]
09-24 03:19:04.900 I/sysui_multi_action( 1846): [757,268,758,1,759,268,806,com.qiyi.video.pad,871,org.qiyi.android.tile.SearchTileService,927,16,1593,0]
09-24 03:19:04.900 I/sysui_multi_action( 1846): [757,268,758,1,759,268,806,com.qiyi.video.pad,871,org.qiyi.android.tile.ContinueTileService,927,17,1593,0]
09-24 03:19:04.900 I/sysui_multi_action( 1846): [757,268,758,1,759,268,806,com.qiyi.video.pad,871,org.qiyi.android.tile.CaptureTileService,927,18,1593,0]
09-24 03:19:04.900 I/sysui_multi_action( 1846): [757,268,758,1,759,268,806,com.qiyi.video.pad,871,org.qiyi.android.tile.TopVideoTileService,927,19,1593,0]
09-24 03:19:04.900 I/sysui_multi_action( 1846): [757,268,758,1,759,268,806,com.qiyi.video.pad,871,org.qiyi.android.tile.EntranceTileService,927,20,1593,0]
09-24 03:19:04.900 I/sysui_multi_action( 1846): [757,268,758,1,759,268,806,com.smile.gifmaker,871,com.kwai.gifshow.post.api.feature.record.RecordQuickSettingService,927,21,1593,0]
09-24 03:19:04.900 I/sysui_multi_action( 1846): [757,268,758,1,759,268,806,com.qiyi.video.pad,871,org.qiyi.android.tile.HistoryTileService,927,22,1593,0]
09-24 03:19:04.900 I/sysui_multi_action( 1846): [757,268,758,1,759,268,806,com.qiyi.video.pad,871,org.qiyi.android.tile.SportTileService,927,23,1593,0]
09-24 03:19:04.900 I/sysui_multi_action( 1846): [757,268,758,1,759,268,806,com.tencent.news,871,com.tencent.news.tile.Tile24Hours,927,24,1593,0]
09-24 03:19:04.900 I/sysui_multi_action( 1846): [757,268,758,1,759,268,806,com.ss.android.article.news,871,com.android.bytedance.search.tile.SearchTileService,927,25,1593,0]
09-24 03:19:04.900 I/sysui_multi_action( 1846): [757,268,758,1,759,268,806,com.ss.android.ugc.aweme,871,com.ss.android.ugc.aweme.tile.PublishTileService,927,26,1593,0]
09-24 03:19:04.901 I/sysui_multi_action( 1846): [757,268,758,1,759,268,806,com.tencent.news,871,com.tencent.news.tile.TileNewsVideo,927,27,1593,0]
09-24 03:19:04.901 I/sysui_multi_action( 1846): [757,111,758,1]
09-24 03:19:04.901 I/sysui_multi_action( 1846): [757,126,758,1,759,126,927,0,928,1,1593,0]
09-24 03:19:04.901 I/sysui_multi_action( 1846): [757,113,758,1,759,113,927,1,928,1,1593,0]
09-24 03:19:04.901 I/sysui_multi_action( 1846): [757,0,758,1,759,0,927,2,928,0,1593,0]
09-24 03:19:04.901 I/sysui_multi_action( 1846): [757,0,758,1,759,0,927,3,928,0,1593,0]
09-24 03:19:04.914 I/sysui_multi_action( 1846): [757,111,758,2]
09-24 03:19:04.914 I/sysui_multi_action( 1846): [757,111,758,2]
09-24 03:19:04.915 I/notification_enqueue( 1472): [10081,1846,com.android.systemui,2048,NULL,0,Notification(channel=updateNotification shortcut=null contentView=null vibrate=null sound=null defaults=0x0 flags=0x0 color=0x00000000 vis=PRIVATE),1]
09-24 03:19:04.918 I/sysui_multi_action( 1846): [757,111,758,1]
09-24 03:19:04.918 I/sysui_multi_action( 1846): [757,126,758,1,759,126,927,0,928,1,1593,0]
09-24 03:19:04.918 I/sysui_multi_action( 1846): [757,113,758,1,759,113,927,1,928,1,1593,0]
09-24 03:19:04.918 I/sysui_multi_action( 1846): [757,0,758,1,759,0,927,2,928,0,1593,0]
09-24 03:19:04.918 I/sysui_multi_action( 1846): [757,0,758,1,759,0,927,3,928,0,1593,0]
09-24 03:19:04.918 I/sysui_multi_action( 1846): [757,1706,758,1,759,1706,927,4,928,0,1593,0]
09-24 03:19:04.918 I/sysui_multi_action( 1846): [757,491,758,1,759,491,927,5,928,0,1311,-1,1593,0]
09-24 03:19:04.918 I/sysui_multi_action( 1846): [757,0,758,1,759,0,927,6,928,0,1593,0]
09-24 03:19:04.918 I/sysui_multi_action( 1846): [757,114,758,1,759,114,927,7,928,0,1593,0]
09-24 03:19:04.918 I/sysui_multi_action( 1846): [757,268,758,1,759,268,806,com.netease.cloudmusic,871,com.netease.cloudmusic.titleservice.PlayFavoriteMusicTitleService,927,8,1593,0]
09-24 03:19:04.918 I/sysui_multi_action( 1846): [757,268,758,1,759,268,806,com.netease.cloudmusic,871,com.netease.cloudmusic.titleservice.PrivateFmTitleService,927,9,1593,0]
09-24 03:19:04.919 I/sysui_multi_action( 1846): [757,268,758,1,759,268,806,com.netease.cloudmusic,871,com.netease.cloudmusic.music.biz.voice.tileservice.PopularPodCastService,927,10,1593,0]
09-24 03:19:04.919 I/sysui_multi_action( 1846): [757,268,758,1,759,268,806,com.netease.cloudmusic,871,com.netease.cloudmusic.music.biz.voice.tileservice.ListenBookService,927,11,1593,0]
09-24 03:19:04.919 I/sysui_multi_action( 1846): [757,268,758,1,759,268,806,com.netease.cloudmusic,871,com.netease.cloudmusic.titleservice.DailyRecommandTitleService,927,12,1593,0]
09-24 03:19:04.919 I/sysui_multi_action( 1846): [757,268,758,1,759,268,806,com.netease.cloudmusic,871,com.netease.cloudmusic.music.biz.voice.tileservice.SleepAidDecompressionService,927,13,1593,0]
09-24 03:19:04.919 I/sysui_multi_action( 1846): [757,268,758,1,759,268,806,com.netease.cloudmusic,871,com.netease.cloudmusic.titleservice.PrivateRadarTitleService,927,14,1593,0]
09-24 03:19:04.919 I/sysui_multi_action( 1846): [757,268,758,1,759,268,806,com.netease.cloudmusic,871,com.netease.cloudmusic.music.biz.voice.tileservice.BroadCastService,927,15,1593,0]
09-24 03:19:04.919 I/sysui_multi_action( 1846): [757,268,758,1,759,268,806,com.qiyi.video.pad,871,org.qiyi.android.tile.SearchTileService,927,16,1593,0]
09-24 03:19:04.919 I/sysui_multi_action( 1846): [757,268,758,1,759,268,806,com.qiyi.video.pad,871,org.qiyi.android.tile.ContinueTileService,927,17,1593,0]
09-24 03:19:04.919 I/sysui_multi_action( 1846): [757,268,758,1,759,268,806,com.qiyi.video.pad,871,org.qiyi.android.tile.CaptureTileService,927,18,1593,0]
09-24 03:19:04.919 I/sysui_multi_action( 1846): [757,268,758,1,759,268,806,com.qiyi.video.pad,871,org.qiyi.android.tile.TopVideoTileService,927,19,1593,0]
09-24 03:19:04.919 I/sysui_multi_action( 1846): [757,268,758,1,759,268,806,com.qiyi.video.pad,871,org.qiyi.android.tile.EntranceTileService,927,20,1593,0]
09-24 03:19:04.919 I/sysui_multi_action( 1846): [757,268,758,1,759,268,806,com.smile.gifmaker,871,com.kwai.gifshow.post.api.feature.record.RecordQuickSettingService,927,21,1593,0]
09-24 03:19:04.919 I/sysui_multi_action( 1846): [757,268,758,1,759,268,806,com.qiyi.video.pad,871,org.qiyi.android.tile.HistoryTileService,927,22,1593,0]
09-24 03:19:04.919 I/sysui_multi_action( 1846): [757,268,758,1,759,268,806,com.qiyi.video.pad,871,org.qiyi.android.tile.SportTileService,927,23,1593,0]
09-24 03:19:04.919 I/sysui_multi_action( 1846): [757,268,758,1,759,268,806,com.tencent.news,871,com.tencent.news.tile.Tile24Hours,927,24,1593,0]
09-24 03:19:04.919 I/sysui_multi_action( 1846): [757,268,758,1,759,268,806,com.ss.android.article.news,871,com.android.bytedance.search.tile.SearchTileService,927,25,1593,0]
09-24 03:19:04.919 I/sysui_multi_action( 1846): [757,268,758,1,759,268,806,com.ss.android.ugc.aweme,871,com.ss.android.ugc.aweme.tile.PublishTileService,927,26,1593,0]
09-24 03:19:04.920 I/sysui_multi_action( 1846): [757,268,758,1,759,268,806,com.tencent.news,871,com.tencent.news.tile.TileNewsVideo,927,27,1593,0]
09-24 03:19:04.920 I/sysui_multi_action( 1846): [757,111,758,1]
09-24 03:19:04.920 I/sysui_multi_action( 1846): [757,126,758,1,759,126,927,0,928,1,1593,0]
09-24 03:19:04.920 I/sysui_multi_action( 1846): [757,113,758,1,759,113,927,1,928,1,1593,0]
09-24 03:19:04.920 I/sysui_multi_action( 1846): [757,0,758,1,759,0,927,2,928,0,1593,0]
09-24 03:19:04.920 I/sysui_multi_action( 1846): [757,0,758,1,759,0,927,3,928,0,1593,0]
09-24 03:19:04.922 I/input_focus( 1472): [Focus leaving 590f61a com.android.settings/com.android.settings.Settings (server),reason=setFocusedWindow]
09-24 03:19:04.922 I/input_focus( 1472): [Focus entering 818159c NotificationShade (server),reason=setFocusedWindow]
09-24 03:19:04.933 I/sysui_multi_action( 1846): [757,111,758,2]
09-24 03:19:04.933 I/sysui_multi_action( 1846): [757,111,758,2]
09-24 03:19:04.933 I/notification_enqueue( 1472): [10081,1846,com.android.systemui,2048,NULL,0,Notification(channel=updateNotification shortcut=null contentView=null vibrate=null sound=null defaults=0x0 flags=0x0 color=0x00000000 vis=PRIVATE),1]
09-24 03:19:04.938 I/sysui_multi_action( 1846): [757,111,758,1]
09-24 03:19:04.939 I/sysui_multi_action( 1846): [757,126,758,1,759,126,927,0,928,1,1593,0]
09-24 03:19:04.939 I/sysui_multi_action( 1846): [757,113,758,1,759,113,927,1,928,1,1593,0]
09-24 03:19:04.939 I/sysui_multi_action( 1846): [757,0,758,1,759,0,927,2,928,0,1593,0]
09-24 03:19:04.939 I/sysui_multi_action( 1846): [757,0,758,1,759,0,927,3,928,0,1593,0]
09-24 03:19:04.939 I/sysui_multi_action( 1846): [757,1706,758,1,759,1706,927,4,928,0,1593,0]
09-24 03:19:04.939 I/sysui_multi_action( 1846): [757,491,758,1,759,491,927,5,928,0,1311,-1,1593,0]
09-24 03:19:04.939 I/sysui_multi_action( 1846): [757,0,758,1,759,0,927,6,928,0,1593,0]
09-24 03:19:04.939 I/sysui_multi_action( 1846): [757,114,758,1,759,114,927,7,928,0,1593,0]
09-24 03:19:04.939 I/sysui_multi_action( 1846): [757,268,758,1,759,268,806,com.netease.cloudmusic,871,com.netease.cloudmusic.titleservice.PlayFavoriteMusicTitleService,927,8,1593,0]
09-24 03:19:04.939 I/sysui_multi_action( 1846): [757,268,758,1,759,268,806,com.netease.cloudmusic,871,com.netease.cloudmusic.titleservice.PrivateFmTitleService,927,9,1593,0]
09-24 03:19:04.939 I/sysui_multi_action( 1846): [757,268,758,1,759,268,806,com.netease.cloudmusic,871,com.netease.cloudmusic.music.biz.voice.tileservice.PopularPodCastService,927,10,1593,0]
09-24 03:19:04.939 I/sysui_multi_action( 1846): [757,268,758,1,759,268,806,com.netease.cloudmusic,871,com.netease.cloudmusic.music.biz.voice.tileservice.ListenBookService,927,11,1593,0]
09-24 03:19:04.939 I/sysui_multi_action( 1846): [757,268,758,1,759,268,806,com.netease.cloudmusic,871,com.netease.cloudmusic.titleservice.DailyRecommandTitleService,927,12,1593,0]
09-24 03:19:04.940 I/sysui_multi_action( 1846): [757,268,758,1,759,268,806,com.netease.cloudmusic,871,com.netease.cloudmusic.music.biz.voice.tileservice.SleepAidDecompressionService,927,13,1593,0]
09-24 03:19:04.940 I/sysui_multi_action( 1846): [757,268,758,1,759,268,806,com.netease.cloudmusic,871,com.netease.cloudmusic.titleservice.PrivateRadarTitleService,927,14,1593,0]
09-24 03:19:04.940 I/sysui_multi_action( 1846): [757,268,758,1,759,268,806,com.netease.cloudmusic,871,com.netease.cloudmusic.music.biz.voice.tileservice.BroadCastService,927,15,1593,0]
09-24 03:19:04.940 I/sysui_multi_action( 1846): [757,268,758,1,759,268,806,com.qiyi.video.pad,871,org.qiyi.android.tile.SearchTileService,927,16,1593,0]
09-24 03:19:04.940 I/sysui_multi_action( 1846): [757,268,758,1,759,268,806,com.qiyi.video.pad,871,org.qiyi.android.tile.ContinueTileService,927,17,1593,0]
09-24 03:19:04.940 I/sysui_multi_action( 1846): [757,268,758,1,759,268,806,com.qiyi.video.pad,871,org.qiyi.android.tile.CaptureTileService,927,18,1593,0]
09-24 03:19:04.940 I/sysui_multi_action( 1846): [757,268,758,1,759,268,806,com.qiyi.video.pad,871,org.qiyi.android.tile.TopVideoTileService,927,19,1593,0]
09-24 03:19:04.940 I/sysui_multi_action( 1846): [757,268,758,1,759,268,806,com.qiyi.video.pad,871,org.qiyi.android.tile.EntranceTileService,927,20,1593,0]
09-24 03:19:04.940 I/sysui_multi_action( 1846): [757,268,758,1,759,268,806,com.smile.gifmaker,871,com.kwai.gifshow.post.api.feature.record.RecordQuickSettingService,927,21,1593,0]
09-24 03:19:04.940 I/sysui_multi_action( 1846): [757,268,758,1,759,268,806,com.qiyi.video.pad,871,org.qiyi.android.tile.HistoryTileService,927,22,1593,0]
09-24 03:19:04.940 I/sysui_multi_action( 1846): [757,268,758,1,759,268,806,com.qiyi.video.pad,871,org.qiyi.android.tile.SportTileService,927,23,1593,0]
09-24 03:19:04.940 I/sysui_multi_action( 1846): [757,268,758,1,759,268,806,com.tencent.news,871,com.tencent.news.tile.Tile24Hours,927,24,1593,0]
09-24 03:19:04.940 I/sysui_multi_action( 1846): [757,268,758,1,759,268,806,com.ss.android.article.news,871,com.android.bytedance.search.tile.SearchTileService,927,25,1593,0]
09-24 03:19:04.940 I/sysui_multi_action( 1846): [757,268,758,1,759,268,806,com.ss.android.ugc.aweme,871,com.ss.android.ugc.aweme.tile.PublishTileService,927,26,1593,0]
09-24 03:19:04.940 I/sysui_multi_action( 1846): [757,268,758,1,759,268,806,com.tencent.news,871,com.tencent.news.tile.TileNewsVideo,927,27,1593,0]
09-24 03:19:04.940 I/sysui_multi_action( 1846): [757,111,758,1]
09-24 03:19:04.940 I/sysui_multi_action( 1846): [757,126,758,1,759,126,927,0,928,1,1593,0]
09-24 03:19:04.940 I/sysui_multi_action( 1846): [757,113,758,1,759,113,927,1,928,1,1593,0]
09-24 03:19:04.941 I/sysui_multi_action( 1846): [757,0,758,1,759,0,927,2,928,0,1593,0]
09-24 03:19:04.941 I/sysui_multi_action( 1846): [757,0,758,1,759,0,927,3,928,0,1593,0]
09-24 03:19:04.950 I/sysui_multi_action( 1846): [757,111,758,2]
09-24 03:19:04.951 I/sysui_multi_action( 1846): [757,111,758,2]
09-24 03:19:04.951 I/notification_enqueue( 1472): [10081,1846,com.android.systemui,2048,NULL,0,Notification(channel=updateNotification shortcut=null contentView=null vibrate=null sound=null defaults=0x0 flags=0x0 color=0x00000000 vis=PRIVATE),1]
09-24 03:19:04.954 I/sysui_multi_action( 1846): [757,111,758,1]
09-24 03:19:04.954 I/sysui_multi_action( 1846): [757,126,758,1,759,126,927,0,928,1,1593,0]
09-24 03:19:04.954 I/sysui_multi_action( 1846): [757,113,758,1,759,113,927,1,928,1,1593,0]
09-24 03:19:04.954 I/sysui_multi_action( 1846): [757,0,758,1,759,0,927,2,928,0,1593,0]
09-24 03:19:04.954 I/sysui_multi_action( 1846): [757,0,758,1,759,0,927,3,928,0,1593,0]
09-24 03:19:04.954 I/sysui_multi_action( 1846): [757,1706,758,1,759,1706,927,4,928,0,1593,0]
09-24 03:19:04.954 I/sysui_multi_action( 1846): [757,491,758,1,759,491,927,5,928,0,1311,-1,1593,0]
09-24 03:19:04.954 I/sysui_multi_action( 1846): [757,0,758,1,759,0,927,6,928,0,1593,0]
09-24 03:19:04.954 I/sysui_multi_action( 1846): [757,114,758,1,759,114,927,7,928,0,1593,0]
09-24 03:19:04.955 I/sysui_multi_action( 1846): [757,268,758,1,759,268,806,com.netease.cloudmusic,871,com.netease.cloudmusic.titleservice.PlayFavoriteMusicTitleService,927,8,1593,0]
09-24 03:19:04.955 I/sysui_multi_action( 1846): [757,268,758,1,759,268,806,com.netease.cloudmusic,871,com.netease.cloudmusic.titleservice.PrivateFmTitleService,927,9,1593,0]
09-24 03:19:04.955 I/sysui_multi_action( 1846): [757,268,758,1,759,268,806,com.netease.cloudmusic,871,com.netease.cloudmusic.music.biz.voice.tileservice.PopularPodCastService,927,10,1593,0]
09-24 03:19:04.955 I/sysui_multi_action( 1846): [757,268,758,1,759,268,806,com.netease.cloudmusic,871,com.netease.cloudmusic.music.biz.voice.tileservice.ListenBookService,927,11,1593,0]
09-24 03:19:04.955 I/sysui_multi_action( 1846): [757,268,758,1,759,268,806,com.netease.cloudmusic,871,com.netease.cloudmusic.titleservice.DailyRecommandTitleService,927,12,1593,0]
09-24 03:19:04.955 I/sysui_multi_action( 1846): [757,268,758,1,759,268,806,com.netease.cloudmusic,871,com.netease.cloudmusic.music.biz.voice.tileservice.SleepAidDecompressionService,927,13,1593,0]
09-24 03:19:04.955 I/sysui_multi_action( 1846): [757,268,758,1,759,268,806,com.netease.cloudmusic,871,com.netease.cloudmusic.titleservice.PrivateRadarTitleService,927,14,1593,0]
09-24 03:19:04.955 I/sysui_multi_action( 1846): [757,268,758,1,759,268,806,com.netease.cloudmusic,871,com.netease.cloudmusic.music.biz.voice.tileservice.BroadCastService,927,15,1593,0]
09-24 03:19:04.955 I/sysui_multi_action( 1846): [757,268,758,1,759,268,806,com.qiyi.video.pad,871,org.qiyi.android.tile.SearchTileService,927,16,1593,0]
09-24 03:19:04.955 I/sysui_multi_action( 1846): [757,268,758,1,759,268,806,com.qiyi.video.pad,871,org.qiyi.android.tile.ContinueTileService,927,17,1593,0]
09-24 03:19:04.955 I/sysui_multi_action( 1846): [757,268,758,1,759,268,806,com.qiyi.video.pad,871,org.qiyi.android.tile.CaptureTileService,927,18,1593,0]
09-24 03:19:04.955 I/sysui_multi_action( 1846): [757,268,758,1,759,268,806,com.qiyi.video.pad,871,org.qiyi.android.tile.TopVideoTileService,927,19,1593,0]
09-24 03:19:04.955 I/sysui_multi_action( 1846): [757,268,758,1,759,268,806,com.qiyi.video.pad,871,org.qiyi.android.tile.EntranceTileService,927,20,1593,0]
09-24 03:19:04.955 I/sysui_multi_action( 1846): [757,268,758,1,759,268,806,com.smile.gifmaker,871,com.kwai.gifshow.post.api.feature.record.RecordQuickSettingService,927,21,1593,0]
09-24 03:19:04.955 I/sysui_multi_action( 1846): [757,268,758,1,759,268,806,com.qiyi.video.pad,871,org.qiyi.android.tile.HistoryTileService,927,22,1593,0]
09-24 03:19:04.955 I/sysui_multi_action( 1846): [757,268,758,1,759,268,806,com.qiyi.video.pad,871,org.qiyi.android.tile.SportTileService,927,23,1593,0]
09-24 03:19:04.955 I/sysui_multi_action( 1846): [757,268,758,1,759,268,806,com.tencent.news,871,com.tencent.news.tile.Tile24Hours,927,24,1593,0]
09-24 03:19:04.955 I/sysui_multi_action( 1846): [757,268,758,1,759,268,806,com.ss.android.article.news,871,com.android.bytedance.search.tile.SearchTileService,927,25,1593,0]
09-24 03:19:04.955 I/sysui_multi_action( 1846): [757,268,758,1,759,268,806,com.ss.android.ugc.aweme,871,com.ss.android.ugc.aweme.tile.PublishTileService,927,26,1593,0]
09-24 03:19:04.955 I/sysui_multi_action( 1846): [757,268,758,1,759,268,806,com.tencent.news,871,com.tencent.news.tile.TileNewsVideo,927,27,1593,0]
09-24 03:19:04.956 I/sysui_multi_action( 1846): [757,111,758,1]
09-24 03:19:04.956 I/sysui_multi_action( 1846): [757,126,758,1,759,126,927,0,928,1,1593,0]
09-24 03:19:04.956 I/sysui_multi_action( 1846): [757,113,758,1,759,113,927,1,928,1,1593,0]
09-24 03:19:04.956 I/sysui_multi_action( 1846): [757,0,758,1,759,0,927,2,928,0,1593,0]
09-24 03:19:04.956 I/sysui_multi_action( 1846): [757,0,758,1,759,0,927,3,928,0,1593,0]
09-24 03:19:04.965 I/sysui_multi_action( 1846): [757,111,758,2]
09-24 03:19:04.965 I/sysui_multi_action( 1846): [757,111,758,2]
09-24 03:19:04.965 I/notification_enqueue( 1472): [10081,1846,com.android.systemui,2048,NULL,0,Notification(channel=updateNotification shortcut=null contentView=null vibrate=null sound=null defaults=0x0 flags=0x0 color=0x00000000 vis=PRIVATE),1]
09-24 03:19:04.968 I/sysui_multi_action( 1846): [757,111,758,1]
09-24 03:19:04.968 I/sysui_multi_action( 1846): [757,126,758,1,759,126,927,0,928,1,1593,0]
09-24 03:19:04.968 I/sysui_multi_action( 1846): [757,113,758,1,759,113,927,1,928,1,1593,0]
09-24 03:19:04.968 I/sysui_multi_action( 1846): [757,0,758,1,759,0,927,2,928,0,1593,0]
09-24 03:19:04.968 I/sysui_multi_action( 1846): [757,0,758,1,759,0,927,3,928,0,1593,0]
09-24 03:19:04.968 I/sysui_multi_action( 1846): [757,1706,758,1,759,1706,927,4,928,0,1593,0]
09-24 03:19:04.968 I/sysui_multi_action( 1846): [757,491,758,1,759,491,927,5,928,0,1311,-1,1593,0]
09-24 03:19:04.968 I/sysui_multi_action( 1846): [757,0,758,1,759,0,927,6,928,0,1593,0]
09-24 03:19:04.969 I/sysui_multi_action( 1846): [757,114,758,1,759,114,927,7,928,0,1593,0]
09-24 03:19:04.969 I/sysui_multi_action( 1846): [757,268,758,1,759,268,806,com.netease.cloudmusic,871,com.netease.cloudmusic.titleservice.PlayFavoriteMusicTitleService,927,8,1593,0]
09-24 03:19:04.969 I/sysui_multi_action( 1846): [757,268,758,1,759,268,806,com.netease.cloudmusic,871,com.netease.cloudmusic.titleservice.PrivateFmTitleService,927,9,1593,0]
09-24 03:19:04.969 I/sysui_multi_action( 1846): [757,268,758,1,759,268,806,com.netease.cloudmusic,871,com.netease.cloudmusic.music.biz.voice.tileservice.PopularPodCastService,927,10,1593,0]
09-24 03:19:04.969 I/sysui_multi_action( 1846): [757,268,758,1,759,268,806,com.netease.cloudmusic,871,com.netease.cloudmusic.music.biz.voice.tileservice.ListenBookService,927,11,1593,0]
09-24 03:19:04.969 I/sysui_multi_action( 1846): [757,268,758,1,759,268,806,com.netease.cloudmusic,871,com.netease.cloudmusic.titleservice.DailyRecommandTitleService,927,12,1593,0]
09-24 03:19:04.969 I/sysui_multi_action( 1846): [757,268,758,1,759,268,806,com.netease.cloudmusic,871,com.netease.cloudmusic.music.biz.voice.tileservice.SleepAidDecompressionService,927,13,1593,0]
09-24 03:19:04.969 I/sysui_multi_action( 1846): [757,268,758,1,759,268,806,com.netease.cloudmusic,871,com.netease.cloudmusic.titleservice.PrivateRadarTitleService,927,14,1593,0]
09-24 03:19:04.969 I/sysui_multi_action( 1846): [757,268,758,1,759,268,806,com.netease.cloudmusic,871,com.netease.cloudmusic.music.biz.voice.tileservice.BroadCastService,927,15,1593,0]
09-24 03:19:04.969 I/sysui_multi_action( 1846): [757,268,758,1,759,268,806,com.qiyi.video.pad,871,org.qiyi.android.tile.SearchTileService,927,16,1593,0]
09-24 03:19:04.969 I/sysui_multi_action( 1846): [757,268,758,1,759,268,806,com.qiyi.video.pad,871,org.qiyi.android.tile.ContinueTileService,927,17,1593,0]
09-24 03:19:04.969 I/sysui_multi_action( 1846): [757,268,758,1,759,268,806,com.qiyi.video.pad,871,org.qiyi.android.tile.CaptureTileService,927,18,1593,0]
09-24 03:19:04.969 I/sysui_multi_action( 1846): [757,268,758,1,759,268,806,com.qiyi.video.pad,871,org.qiyi.android.tile.TopVideoTileService,927,19,1593,0]
09-24 03:19:04.969 I/sysui_multi_action( 1846): [757,268,758,1,759,268,806,com.qiyi.video.pad,871,org.qiyi.android.tile.EntranceTileService,927,20,1593,0]
09-24 03:19:04.969 I/sysui_multi_action( 1846): [757,268,758,1,759,268,806,com.smile.gifmaker,871,com.kwai.gifshow.post.api.feature.record.RecordQuickSettingService,927,21,1593,0]
09-24 03:19:04.969 I/sysui_multi_action( 1846): [757,268,758,1,759,268,806,com.qiyi.video.pad,871,org.qiyi.android.tile.HistoryTileService,927,22,1593,0]
09-24 03:19:04.969 I/sysui_multi_action( 1846): [757,268,758,1,759,268,806,com.qiyi.video.pad,871,org.qiyi.android.tile.SportTileService,927,23,1593,0]
09-24 03:19:04.969 I/sysui_multi_action( 1846): [757,268,758,1,759,268,806,com.tencent.news,871,com.tencent.news.tile.Tile24Hours,927,24,1593,0]
09-24 03:19:04.969 I/sysui_multi_action( 1846): [757,268,758,1,759,268,806,com.ss.android.article.news,871,com.android.bytedance.search.tile.SearchTileService,927,25,1593,0]
09-24 03:19:04.969 I/sysui_multi_action( 1846): [757,268,758,1,759,268,806,com.ss.android.ugc.aweme,871,com.ss.android.ugc.aweme.tile.PublishTileService,927,26,1593,0]
09-24 03:19:04.969 I/sysui_multi_action( 1846): [757,268,758,1,759,268,806,com.tencent.news,871,com.tencent.news.tile.TileNewsVideo,927,27,1593,0]
09-24 03:19:04.969 I/sysui_multi_action( 1846): [757,111,758,1]
09-24 03:19:04.970 I/sysui_multi_action( 1846): [757,126,758,1,759,126,927,0,928,1,1593,0]
09-24 03:19:04.970 I/sysui_multi_action( 1846): [757,113,758,1,759,113,927,1,928,1,1593,0]
09-24 03:19:04.970 I/sysui_multi_action( 1846): [757,0,758,1,759,0,927,2,928,0,1593,0]
09-24 03:19:04.970 I/sysui_multi_action( 1846): [757,0,758,1,759,0,927,3,928,0,1593,0]
09-24 03:19:04.978 I/sysui_multi_action( 1846): [757,111,758,2]
09-24 03:19:04.978 I/sysui_multi_action( 1846): [757,111,758,2]
09-24 03:19:04.978 I/notification_enqueue( 1472): [10081,1846,com.android.systemui,2048,NULL,0,Notification(channel=updateNotification shortcut=null contentView=null vibrate=null sound=null defaults=0x0 flags=0x0 color=0x00000000 vis=PRIVATE),1]
09-24 03:19:04.981 I/sysui_multi_action( 1846): [757,111,758,1]
09-24 03:19:04.981 I/sysui_multi_action( 1846): [757,126,758,1,759,126,927,0,928,1,1593,0]
09-24 03:19:04.981 I/sysui_multi_action( 1846): [757,113,758,1,759,113,927,1,928,1,1593,0]
09-24 03:19:04.981 I/sysui_multi_action( 1846): [757,0,758,1,759,0,927,2,928,0,1593,0]
09-24 03:19:04.981 I/sysui_multi_action( 1846): [757,0,758,1,759,0,927,3,928,0,1593,0]
09-24 03:19:04.981 I/sysui_multi_action( 1846): [757,1706,758,1,759,1706,927,4,928,0,1593,0]
09-24 03:19:04.981 I/sysui_multi_action( 1846): [757,491,758,1,759,491,927,5,928,0,1311,-1,1593,0]
09-24 03:19:04.981 I/sysui_multi_action( 1846): [757,0,758,1,759,0,927,6,928,0,1593,0]
09-24 03:19:04.982 I/sysui_multi_action( 1846): [757,114,758,1,759,114,927,7,928,0,1593,0]
09-24 03:19:04.982 I/sysui_multi_action( 1846): [757,268,758,1,759,268,806,com.netease.cloudmusic,871,com.netease.cloudmusic.titleservice.PlayFavoriteMusicTitleService,927,8,1593,0]
09-24 03:19:04.982 I/sysui_multi_action( 1846): [757,268,758,1,759,268,806,com.netease.cloudmusic,871,com.netease.cloudmusic.titleservice.PrivateFmTitleService,927,9,1593,0]
09-24 03:19:04.982 I/sysui_multi_action( 1846): [757,268,758,1,759,268,806,com.netease.cloudmusic,871,com.netease.cloudmusic.music.biz.voice.tileservice.PopularPodCastService,927,10,1593,0]
09-24 03:19:04.982 I/sysui_multi_action( 1846): [757,268,758,1,759,268,806,com.netease.cloudmusic,871,com.netease.cloudmusic.music.biz.voice.tileservice.ListenBookService,927,11,1593,0]
09-24 03:19:04.982 I/sysui_multi_action( 1846): [757,268,758,1,759,268,806,com.netease.cloudmusic,871,com.netease.cloudmusic.titleservice.DailyRecommandTitleService,927,12,1593,0]
09-24 03:19:04.982 I/sysui_multi_action( 1846): [757,268,758,1,759,268,806,com.netease.cloudmusic,871,com.netease.cloudmusic.music.biz.voice.tileservice.SleepAidDecompressionService,927,13,1593,0]
09-24 03:19:04.982 I/sysui_multi_action( 1846): [757,268,758,1,759,268,806,com.netease.cloudmusic,871,com.netease.cloudmusic.titleservice.PrivateRadarTitleService,927,14,1593,0]
09-24 03:19:04.982 I/sysui_multi_action( 1846): [757,268,758,1,759,268,806,com.netease.cloudmusic,871,com.netease.cloudmusic.music.biz.voice.tileservice.BroadCastService,927,15,1593,0]
09-24 03:19:04.982 I/sysui_multi_action( 1846): [757,268,758,1,759,268,806,com.qiyi.video.pad,871,org.qiyi.android.tile.SearchTileService,927,16,1593,0]
09-24 03:19:04.982 I/sysui_multi_action( 1846): [757,268,758,1,759,268,806,com.qiyi.video.pad,871,org.qiyi.android.tile.ContinueTileService,927,17,1593,0]
09-24 03:19:04.982 I/sysui_multi_action( 1846): [757,268,758,1,759,268,806,com.qiyi.video.pad,871,org.qiyi.android.tile.CaptureTileService,927,18,1593,0]
09-24 03:19:04.982 I/sysui_multi_action( 1846): [757,268,758,1,759,268,806,com.qiyi.video.pad,871,org.qiyi.android.tile.TopVideoTileService,927,19,1593,0]
09-24 03:19:04.982 I/sysui_multi_action( 1846): [757,268,758,1,759,268,806,com.qiyi.video.pad,871,org.qiyi.android.tile.EntranceTileService,927,20,1593,0]
09-24 03:19:04.982 I/sysui_multi_action( 1846): [757,268,758,1,759,268,806,com.smile.gifmaker,871,com.kwai.gifshow.post.api.feature.record.RecordQuickSettingService,927,21,1593,0]
09-24 03:19:04.982 I/sysui_multi_action( 1846): [757,268,758,1,759,268,806,com.qiyi.video.pad,871,org.qiyi.android.tile.HistoryTileService,927,22,1593,0]
09-24 03:19:04.982 I/sysui_multi_action( 1846): [757,268,758,1,759,268,806,com.qiyi.video.pad,871,org.qiyi.android.tile.SportTileService,927,23,1593,0]
09-24 03:19:04.982 I/sysui_multi_action( 1846): [757,268,758,1,759,268,806,com.tencent.news,871,com.tencent.news.tile.Tile24Hours,927,24,1593,0]
09-24 03:19:04.982 I/sysui_multi_action( 1846): [757,268,758,1,759,268,806,com.ss.android.article.news,871,com.android.bytedance.search.tile.SearchTileService,927,25,1593,0]
09-24 03:19:04.982 I/sysui_multi_action( 1846): [757,268,758,1,759,268,806,com.ss.android.ugc.aweme,871,com.ss.android.ugc.aweme.tile.PublishTileService,927,26,1593,0]
09-24 03:19:04.982 I/sysui_multi_action( 1846): [757,268,758,1,759,268,806,com.tencent.news,871,com.tencent.news.tile.TileNewsVideo,927,27,1593,0]
09-24 03:19:04.982 I/sysui_multi_action( 1846): [757,111,758,1]
09-24 03:19:04.983 I/sysui_multi_action( 1846): [757,126,758,1,759,126,927,0,928,1,1593,0]
09-24 03:19:04.983 I/sysui_multi_action( 1846): [757,113,758,1,759,113,927,1,928,1,1593,0]
09-24 03:19:04.983 I/sysui_multi_action( 1846): [757,0,758,1,759,0,927,2,928,0,1593,0]
09-24 03:19:04.983 I/sysui_multi_action( 1846): [757,0,758,1,759,0,927,3,928,0,1593,0]
09-24 03:19:04.991 I/sysui_multi_action( 1846): [757,111,758,2]
09-24 03:19:04.991 I/sysui_multi_action( 1846): [757,111,758,2]
09-24 03:19:04.991 I/notification_enqueue( 1472): [10081,1846,com.android.systemui,2048,NULL,0,Notification(channel=updateNotification shortcut=null contentView=null vibrate=null sound=null defaults=0x0 flags=0x0 color=0x00000000 vis=PRIVATE),1]
09-24 03:19:04.994 I/sysui_multi_action( 1846): [757,111,758,1]
09-24 03:19:04.994 I/sysui_multi_action( 1846): [757,126,758,1,759,126,927,0,928,1,1593,0]
09-24 03:19:04.994 I/sysui_multi_action( 1846): [757,113,758,1,759,113,927,1,928,1,1593,0]
09-24 03:19:04.994 I/sysui_multi_action( 1846): [757,0,758,1,759,0,927,2,928,0,1593,0]
09-24 03:19:04.994 I/sysui_multi_action( 1846): [757,0,758,1,759,0,927,3,928,0,1593,0]
09-24 03:19:04.994 I/sysui_multi_action( 1846): [757,1706,758,1,759,1706,927,4,928,0,1593,0]
09-24 03:19:04.994 I/sysui_multi_action( 1846): [757,491,758,1,759,491,927,5,928,0,1311,-1,1593,0]
09-24 03:19:04.994 I/sysui_multi_action( 1846): [757,0,758,1,759,0,927,6,928,0,1593,0]
09-24 03:19:04.994 I/sysui_multi_action( 1846): [757,114,758,1,759,114,927,7,928,0,1593,0]
09-24 03:19:04.994 I/sysui_multi_action( 1846): [757,268,758,1,759,268,806,com.netease.cloudmusic,871,com.netease.cloudmusic.titleservice.PlayFavoriteMusicTitleService,927,8,1593,0]
09-24 03:19:04.994 I/sysui_multi_action( 1846): [757,268,758,1,759,268,806,com.netease.cloudmusic,871,com.netease.cloudmusic.titleservice.PrivateFmTitleService,927,9,1593,0]
09-24 03:19:04.994 I/sysui_multi_action( 1846): [757,268,758,1,759,268,806,com.netease.cloudmusic,871,com.netease.cloudmusic.music.biz.voice.tileservice.PopularPodCastService,927,10,1593,0]
09-24 03:19:04.994 I/sysui_multi_action( 1846): [757,268,758,1,759,268,806,com.netease.cloudmusic,871,com.netease.cloudmusic.music.biz.voice.tileservice.ListenBookService,927,11,1593,0]
09-24 03:19:04.994 I/sysui_multi_action( 1846): [757,268,758,1,759,268,806,com.netease.cloudmusic,871,com.netease.cloudmusic.titleservice.DailyRecommandTitleService,927,12,1593,0]
09-24 03:19:04.994 I/sysui_multi_action( 1846): [757,268,758,1,759,268,806,com.netease.cloudmusic,871,com.netease.cloudmusic.music.biz.voice.tileservice.SleepAidDecompressionService,927,13,1593,0]
09-24 03:19:04.995 I/sysui_multi_action( 1846): [757,268,758,1,759,268,806,com.netease.cloudmusic,871,com.netease.cloudmusic.titleservice.PrivateRadarTitleService,927,14,1593,0]
09-24 03:19:04.995 I/sysui_multi_action( 1846): [757,268,758,1,759,268,806,com.netease.cloudmusic,871,com.netease.cloudmusic.music.biz.voice.tileservice.BroadCastService,927,15,1593,0]
09-24 03:19:04.995 I/sysui_multi_action( 1846): [757,268,758,1,759,268,806,com.qiyi.video.pad,871,org.qiyi.android.tile.SearchTileService,927,16,1593,0]
