09-24 03:14:46.875 I/sysui_multi_action( 1846): [757,268,758,1,759,268,806,com.smile.gifmaker,871,com.kwai.gifshow.post.api.feature.record.RecordQuickSettingService,927,21,1593,0]
09-24 03:14:46.875 I/sysui_multi_action( 1846): [757,268,758,1,759,268,806,com.qiyi.video.pad,871,org.qiyi.android.tile.HistoryTileService,927,22,1593,0]
09-24 03:14:46.875 I/sysui_multi_action( 1846): [757,268,758,1,759,268,806,com.qiyi.video.pad,871,org.qiyi.android.tile.SportTileService,927,23,1593,0]
09-24 03:14:46.875 I/sysui_multi_action( 1846): [757,268,758,1,759,268,806,com.tencent.news,871,com.tencent.news.tile.Tile24Hours,927,24,1593,0]
09-24 03:14:46.875 I/sysui_multi_action( 1846): [757,268,758,1,759,268,806,com.ss.android.article.news,871,com.android.bytedance.search.tile.SearchTileService,927,25,1593,0]
09-24 03:14:46.875 I/sysui_multi_action( 1846): [757,268,758,1,759,268,806,com.ss.android.ugc.aweme,871,com.ss.android.ugc.aweme.tile.PublishTileService,927,26,1593,0]
09-24 03:14:46.875 I/sysui_multi_action( 1846): [757,268,758,1,759,268,806,com.tencent.news,871,com.tencent.news.tile.TileNewsVideo,927,27,1593,0]
09-24 03:14:46.875 I/sysui_multi_action( 1846): [757,111,758,1]
09-24 03:14:46.875 I/sysui_multi_action( 1846): [757,126,758,1,759,126,927,0,928,1,1593,0]
09-24 03:14:46.876 I/sysui_multi_action( 1846): [757,113,758,1,759,113,927,1,928,1,1593,0]
09-24 03:14:46.876 I/sysui_multi_action( 1846): [757,0,758,1,759,0,927,2,928,0,1593,0]
09-24 03:14:46.876 I/sysui_multi_action( 1846): [757,0,758,1,759,0,927,3,928,0,1593,0]
09-24 03:14:46.886 I/sysui_multi_action( 1846): [757,111,758,2]
09-24 03:14:46.886 I/sysui_multi_action( 1846): [757,111,758,2]
09-24 03:14:46.886 I/notification_enqueue( 1472): [10081,1846,com.android.systemui,2048,NULL,0,Notification(channel=updateNotification shortcut=null contentView=null vibrate=null sound=null defaults=0x0 flags=0x0 color=0x00000000 vis=PRIVATE),1]
09-24 03:14:46.890 I/sysui_multi_action( 1846): [757,111,758,1]
09-24 03:14:46.890 I/sysui_multi_action( 1846): [757,126,758,1,759,126,927,0,928,1,1593,0]
09-24 03:14:46.890 I/sysui_multi_action( 1846): [757,113,758,1,759,113,927,1,928,1,1593,0]
09-24 03:14:46.890 I/sysui_multi_action( 1846): [757,0,758,1,759,0,927,2,928,0,1593,0]
09-24 03:14:46.890 I/sysui_multi_action( 1846): [757,0,758,1,759,0,927,3,928,0,1593,0]
09-24 03:14:46.890 I/sysui_multi_action( 1846): [757,1706,758,1,759,1706,927,4,928,0,1593,0]
09-24 03:14:46.890 I/sysui_multi_action( 1846): [757,491,758,1,759,491,927,5,928,0,1311,-1,1593,0]
09-24 03:14:46.890 I/sysui_multi_action( 1846): [757,0,758,1,759,0,927,6,928,0,1593,0]
09-24 03:14:46.891 I/sysui_multi_action( 1846): [757,114,758,1,759,114,927,7,928,0,1593,0]
09-24 03:14:46.891 I/sysui_multi_action( 1846): [757,268,758,1,759,268,806,com.netease.cloudmusic,871,com.netease.cloudmusic.titleservice.PlayFavoriteMusicTitleService,927,8,1593,0]
09-24 03:14:46.891 I/sysui_multi_action( 1846): [757,268,758,1,759,268,806,com.netease.cloudmusic,871,com.netease.cloudmusic.titleservice.PrivateFmTitleService,927,9,1593,0]
09-24 03:14:46.891 I/sysui_multi_action( 1846): [757,268,758,1,759,268,806,com.netease.cloudmusic,871,com.netease.cloudmusic.music.biz.voice.tileservice.PopularPodCastService,927,10,1593,0]
09-24 03:14:46.891 I/sysui_multi_action( 1846): [757,268,758,1,759,268,806,com.netease.cloudmusic,871,com.netease.cloudmusic.music.biz.voice.tileservice.ListenBookService,927,11,1593,0]
09-24 03:14:46.891 I/sysui_multi_action( 1846): [757,268,758,1,759,268,806,com.netease.cloudmusic,871,com.netease.cloudmusic.titleservice.DailyRecommandTitleService,927,12,1593,0]
09-24 03:14:46.891 I/sysui_multi_action( 1846): [757,268,758,1,759,268,806,com.netease.cloudmusic,871,com.netease.cloudmusic.music.biz.voice.tileservice.SleepAidDecompressionService,927,13,1593,0]
09-24 03:14:46.891 I/sysui_multi_action( 1846): [757,268,758,1,759,268,806,com.netease.cloudmusic,871,com.netease.cloudmusic.titleservice.PrivateRadarTitleService,927,14,1593,0]
09-24 03:14:46.891 I/sysui_multi_action( 1846): [757,268,758,1,759,268,806,com.netease.cloudmusic,871,com.netease.cloudmusic.music.biz.voice.tileservice.BroadCastService,927,15,1593,0]
09-24 03:14:46.891 I/sysui_multi_action( 1846): [757,268,758,1,759,268,806,com.qiyi.video.pad,871,org.qiyi.android.tile.SearchTileService,927,16,1593,0]
09-24 03:14:46.891 I/sysui_multi_action( 1846): [757,268,758,1,759,268,806,com.qiyi.video.pad,871,org.qiyi.android.tile.ContinueTileService,927,17,1593,0]
09-24 03:14:46.891 I/sysui_multi_action( 1846): [757,268,758,1,759,268,806,com.qiyi.video.pad,871,org.qiyi.android.tile.CaptureTileService,927,18,1593,0]
09-24 03:14:46.891 I/sysui_multi_action( 1846): [757,268,758,1,759,268,806,com.qiyi.video.pad,871,org.qiyi.android.tile.TopVideoTileService,927,19,1593,0]
09-24 03:14:46.891 I/sysui_multi_action( 1846): [757,268,758,1,759,268,806,com.qiyi.video.pad,871,org.qiyi.android.tile.EntranceTileService,927,20,1593,0]
09-24 03:14:46.892 I/sysui_multi_action( 1846): [757,268,758,1,759,268,806,com.smile.gifmaker,871,com.kwai.gifshow.post.api.feature.record.RecordQuickSettingService,927,21,1593,0]
09-24 03:14:46.892 I/sysui_multi_action( 1846): [757,268,758,1,759,268,806,com.qiyi.video.pad,871,org.qiyi.android.tile.HistoryTileService,927,22,1593,0]
09-24 03:14:46.892 I/sysui_multi_action( 1846): [757,268,758,1,759,268,806,com.qiyi.video.pad,871,org.qiyi.android.tile.SportTileService,927,23,1593,0]
09-24 03:14:46.892 I/sysui_multi_action( 1846): [757,268,758,1,759,268,806,com.tencent.news,871,com.tencent.news.tile.Tile24Hours,927,24,1593,0]
09-24 03:14:46.892 I/sysui_multi_action( 1846): [757,268,758,1,759,268,806,com.ss.android.article.news,871,com.android.bytedance.search.tile.SearchTileService,927,25,1593,0]
09-24 03:14:46.892 I/sysui_multi_action( 1846): [757,268,758,1,759,268,806,com.ss.android.ugc.aweme,871,com.ss.android.ugc.aweme.tile.PublishTileService,927,26,1593,0]
09-24 03:14:46.892 I/sysui_multi_action( 1846): [757,268,758,1,759,268,806,com.tencent.news,871,com.tencent.news.tile.TileNewsVideo,927,27,1593,0]
09-24 03:14:46.892 I/sysui_multi_action( 1846): [757,111,758,1]
09-24 03:14:46.892 I/sysui_multi_action( 1846): [757,126,758,1,759,126,927,0,928,1,1593,0]
09-24 03:14:46.892 I/sysui_multi_action( 1846): [757,113,758,1,759,113,927,1,928,1,1593,0]
09-24 03:14:46.892 I/sysui_multi_action( 1846): [757,0,758,1,759,0,927,2,928,0,1593,0]
09-24 03:14:46.892 I/sysui_multi_action( 1846): [757,0,758,1,759,0,927,3,928,0,1593,0]
09-24 03:14:46.901 I/sysui_multi_action( 1472): [757,1501,758,1,793,12997636,794,0,795,210,796,2048,806,com.android.systemui,857,updateNotification,858,3,947,0,1500,0,1688,1]
09-24 03:14:46.901 I/sysui_multi_action( 1472): [757,804,799,note_interruptive,801,0,802,1]
09-24 03:14:46.901 I/sysui_multi_action( 1472): [757,199,758,1,759,2,793,12997636,794,0,795,210,796,2048,806,com.android.systemui,857,updateNotification,858,3,947,0,1500,0,1688,1]
09-24 03:14:46.901 I/notification_alert( 1472): [0|com.android.systemui|2048|null|10081,0,1,0]
09-24 03:14:47.244 I/sysui_multi_action( 1472): [757,128,758,1,793,11330579,794,0,795,11330579,796,26,798,0,806,android,857,DEVELOPER_IMPORTANT,858,4,947,0,1395,3,1500,11330373,1688,1]
09-24 03:14:47.244 I/sysui_multi_action( 1472): [757,804,799,note_freshness,801,11330579,802,1]
09-24 03:14:47.244 I/notification_visibility( 1472): [-1|android|26|null|1000,1,11330579,11330579,0,0]
09-24 03:14:47.245 I/sysui_multi_action( 1472): [757,128,758,1,793,651705,794,0,795,651705,796,4273,798,1,806,com.android.systemui,857,screen_record,858,3,947,0,1395,3,1500,651502,1688,1,1745,680407814]
09-24 03:14:47.245 I/sysui_multi_action( 1472): [757,804,799,note_freshness,801,651705,802,1]
09-24 03:14:47.245 I/notification_visibility( 1472): [0|com.android.systemui|4273|null|10081,1,651705,651705,0,1]
09-24 03:14:47.245 I/sysui_multi_action( 1472): [757,128,758,1,793,11330582,794,0,795,11330582,796,32,798,2,806,android,857,USB,858,1,947,0,1395,3,1500,11330379,1688,1]
09-24 03:14:47.246 I/sysui_multi_action( 1472): [757,804,799,note_freshness,801,11330582,802,1]
09-24 03:14:47.246 I/notification_visibility( 1472): [-1|android|32|null|1000,1,11330582,11330582,0,2]
09-24 03:14:47.999 I/auditd (29422): type=1400 audit(0.0:2540): avc: granted { nlmsg_readpriv } for comm="pool-8-thread-1" scontext=u:r:untrusted_app_29:s0:c96,c256,c512,c768 tcontext=u:r:untrusted_app_29:s0:c96,c256,c512,c768 tclass=netlink_route_socket app=com.netease.cloudmusic
09-24 03:14:48.691 I/input_interaction( 1472): Interaction with: 818159c NotificationShade (server), edge-swipe (server), swipe-up (server), PointerEventDispatcher0 (server),
09-24 03:14:49.033 I/commit_sys_config_file( 1472): [settings-1-0,4]
09-24 03:14:50.683 I/sysui_multi_action( 1846): [757,111,758,2]
09-24 03:14:50.684 I/notification_enqueue( 1472): [10081,1846,com.android.systemui,2048,NULL,0,Notification(channel=updateNotification shortcut=null contentView=null vibrate=null sound=null defaults=0x0 flags=0x0 color=0x00000000 vis=PRIVATE),1]
09-24 03:14:50.684 I/sysui_multi_action( 1846): [757,111,758,2]
09-24 03:14:50.687 I/sysui_multi_action( 1846): [757,111,758,1]
09-24 03:14:50.687 I/sysui_multi_action( 1846): [757,126,758,1,759,126,927,0,928,1,1593,0]
09-24 03:14:50.687 I/sysui_multi_action( 1846): [757,113,758,1,759,113,927,1,928,1,1593,0]
09-24 03:14:50.688 I/sysui_multi_action( 1846): [757,0,758,1,759,0,927,2,928,0,1593,0]
09-24 03:14:50.688 I/sysui_multi_action( 1846): [757,0,758,1,759,0,927,3,928,0,1593,0]
09-24 03:14:50.688 I/sysui_multi_action( 1846): [757,1706,758,1,759,1706,927,4,928,0,1593,0]
09-24 03:14:50.688 I/sysui_multi_action( 1846): [757,491,758,1,759,491,927,5,928,0,1311,-1,1593,0]
09-24 03:14:50.688 I/sysui_multi_action( 1846): [757,0,758,1,759,0,927,6,928,0,1593,0]
09-24 03:14:50.688 I/sysui_multi_action( 1846): [757,114,758,1,759,114,927,7,928,0,1593,0]
09-24 03:14:50.689 I/sysui_multi_action( 1846): [757,268,758,1,759,268,806,com.netease.cloudmusic,871,com.netease.cloudmusic.titleservice.PlayFavoriteMusicTitleService,927,8,1593,0]
09-24 03:14:50.689 I/sysui_multi_action( 1846): [757,268,758,1,759,268,806,com.netease.cloudmusic,871,com.netease.cloudmusic.titleservice.PrivateFmTitleService,927,9,1593,0]
09-24 03:14:50.689 I/sysui_multi_action( 1846): [757,268,758,1,759,268,806,com.netease.cloudmusic,871,com.netease.cloudmusic.music.biz.voice.tileservice.PopularPodCastService,927,10,1593,0]
09-24 03:14:50.689 I/sysui_multi_action( 1846): [757,268,758,1,759,268,806,com.netease.cloudmusic,871,com.netease.cloudmusic.music.biz.voice.tileservice.ListenBookService,927,11,1593,0]
09-24 03:14:50.689 I/sysui_multi_action( 1846): [757,268,758,1,759,268,806,com.netease.cloudmusic,871,com.netease.cloudmusic.titleservice.DailyRecommandTitleService,927,12,1593,0]
09-24 03:14:50.689 I/sysui_multi_action( 1846): [757,268,758,1,759,268,806,com.netease.cloudmusic,871,com.netease.cloudmusic.music.biz.voice.tileservice.SleepAidDecompressionService,927,13,1593,0]
09-24 03:14:50.690 I/sysui_multi_action( 1846): [757,268,758,1,759,268,806,com.netease.cloudmusic,871,com.netease.cloudmusic.titleservice.PrivateRadarTitleService,927,14,1593,0]
09-24 03:14:50.690 I/sysui_multi_action( 1846): [757,268,758,1,759,268,806,com.netease.cloudmusic,871,com.netease.cloudmusic.music.biz.voice.tileservice.BroadCastService,927,15,1593,0]
09-24 03:14:50.690 I/sysui_multi_action( 1846): [757,268,758,1,759,268,806,com.qiyi.video.pad,871,org.qiyi.android.tile.SearchTileService,927,16,1593,0]
09-24 03:14:50.690 I/sysui_multi_action( 1846): [757,268,758,1,759,268,806,com.qiyi.video.pad,871,org.qiyi.android.tile.ContinueTileService,927,17,1593,0]
09-24 03:14:50.690 I/sysui_multi_action( 1846): [757,268,758,1,759,268,806,com.qiyi.video.pad,871,org.qiyi.android.tile.CaptureTileService,927,18,1593,0]
09-24 03:14:50.690 I/sysui_multi_action( 1846): [757,268,758,1,759,268,806,com.qiyi.video.pad,871,org.qiyi.android.tile.TopVideoTileService,927,19,1593,0]
09-24 03:14:50.690 I/sysui_multi_action( 1846): [757,268,758,1,759,268,806,com.qiyi.video.pad,871,org.qiyi.android.tile.EntranceTileService,927,20,1593,0]
09-24 03:14:50.691 I/sysui_multi_action( 1846): [757,268,758,1,759,268,806,com.smile.gifmaker,871,com.kwai.gifshow.post.api.feature.record.RecordQuickSettingService,927,21,1593,0]
09-24 03:14:50.691 I/sysui_multi_action( 1846): [757,268,758,1,759,268,806,com.qiyi.video.pad,871,org.qiyi.android.tile.HistoryTileService,927,22,1593,0]
09-24 03:14:50.691 I/sysui_multi_action( 1846): [757,268,758,1,759,268,806,com.qiyi.video.pad,871,org.qiyi.android.tile.SportTileService,927,23,1593,0]
09-24 03:14:50.691 I/sysui_multi_action( 1846): [757,268,758,1,759,268,806,com.tencent.news,871,com.tencent.news.tile.Tile24Hours,927,24,1593,0]
09-24 03:14:50.691 I/sysui_multi_action( 1846): [757,268,758,1,759,268,806,com.ss.android.article.news,871,com.android.bytedance.search.tile.SearchTileService,927,25,1593,0]
09-24 03:14:50.691 I/sysui_multi_action( 1846): [757,268,758,1,759,268,806,com.ss.android.ugc.aweme,871,com.ss.android.ugc.aweme.tile.PublishTileService,927,26,1593,0]
09-24 03:14:50.691 I/sysui_multi_action( 1846): [757,268,758,1,759,268,806,com.tencent.news,871,com.tencent.news.tile.TileNewsVideo,927,27,1593,0]
09-24 03:14:50.692 I/sysui_multi_action( 1846): [757,111,758,1]
09-24 03:14:50.692 I/sysui_multi_action( 1846): [757,126,758,1,759,126,927,0,928,1,1593,1]
09-24 03:14:50.692 I/sysui_multi_action( 1846): [757,113,758,1,759,113,927,1,928,1,1593,1]
09-24 03:14:50.692 I/sysui_multi_action( 1846): [757,0,758,1,759,0,927,2,928,0,1593,1]
09-24 03:14:50.692 I/sysui_multi_action( 1846): [757,0,758,1,759,0,927,3,928,0,1593,1]
09-24 03:14:50.706 I/sysui_multi_action( 1846): [757,111,758,2]
09-24 03:14:50.706 I/sysui_multi_action( 1846): [757,111,758,2]
09-24 03:14:50.706 I/notification_enqueue( 1472): [10081,1846,com.android.systemui,2048,NULL,0,Notification(channel=updateNotification shortcut=null contentView=null vibrate=null sound=null defaults=0x0 flags=0x0 color=0x00000000 vis=PRIVATE),1]
09-24 03:14:50.711 I/sysui_multi_action( 1846): [757,111,758,1]
09-24 03:14:50.711 I/sysui_multi_action( 1846): [757,126,758,1,759,126,927,0,928,1,1593,1]
09-24 03:14:50.711 I/sysui_multi_action( 1846): [757,113,758,1,759,113,927,1,928,1,1593,1]
09-24 03:14:50.711 I/sysui_multi_action( 1846): [757,0,758,1,759,0,927,2,928,0,1593,1]
09-24 03:14:50.711 I/sysui_multi_action( 1846): [757,0,758,1,759,0,927,3,928,0,1593,1]
09-24 03:14:50.712 I/sysui_multi_action( 1846): [757,1706,758,1,759,1706,927,4,928,0,1593,1]
09-24 03:14:50.712 I/sysui_multi_action( 1846): [757,491,758,1,759,491,927,5,928,0,1311,-1,1593,1]
09-24 03:14:50.712 I/sysui_multi_action( 1846): [757,0,758,1,759,0,927,6,928,0,1593,1]
09-24 03:14:50.712 I/sysui_multi_action( 1846): [757,114,758,1,759,114,927,7,928,0,1593,1]
09-24 03:14:50.712 I/sysui_multi_action( 1846): [757,268,758,1,759,268,806,com.netease.cloudmusic,871,com.netease.cloudmusic.titleservice.PlayFavoriteMusicTitleService,927,8,1593,1]
09-24 03:14:50.713 I/sysui_multi_action( 1846): [757,268,758,1,759,268,806,com.netease.cloudmusic,871,com.netease.cloudmusic.titleservice.PrivateFmTitleService,927,9,1593,1]
09-24 03:14:50.713 I/sysui_multi_action( 1846): [757,268,758,1,759,268,806,com.netease.cloudmusic,871,com.netease.cloudmusic.music.biz.voice.tileservice.PopularPodCastService,927,10,1593,1]
09-24 03:14:50.713 I/sysui_multi_action( 1846): [757,268,758,1,759,268,806,com.netease.cloudmusic,871,com.netease.cloudmusic.music.biz.voice.tileservice.ListenBookService,927,11,1593,1]
09-24 03:14:50.713 I/sysui_multi_action( 1846): [757,268,758,1,759,268,806,com.netease.cloudmusic,871,com.netease.cloudmusic.titleservice.DailyRecommandTitleService,927,12,1593,1]
09-24 03:14:50.713 I/sysui_multi_action( 1846): [757,268,758,1,759,268,806,com.netease.cloudmusic,871,com.netease.cloudmusic.music.biz.voice.tileservice.SleepAidDecompressionService,927,13,1593,1]
09-24 03:14:50.713 I/sysui_multi_action( 1846): [757,268,758,1,759,268,806,com.netease.cloudmusic,871,com.netease.cloudmusic.titleservice.PrivateRadarTitleService,927,14,1593,1]
09-24 03:14:50.713 I/sysui_multi_action( 1846): [757,268,758,1,759,268,806,com.netease.cloudmusic,871,com.netease.cloudmusic.music.biz.voice.tileservice.BroadCastService,927,15,1593,1]
09-24 03:14:50.713 I/sysui_multi_action( 1846): [757,268,758,1,759,268,806,com.qiyi.video.pad,871,org.qiyi.android.tile.SearchTileService,927,16,1593,1]
09-24 03:14:50.713 I/sysui_multi_action( 1846): [757,268,758,1,759,268,806,com.qiyi.video.pad,871,org.qiyi.android.tile.ContinueTileService,927,17,1593,1]
09-24 03:14:50.713 I/sysui_multi_action( 1846): [757,268,758,1,759,268,806,com.qiyi.video.pad,871,org.qiyi.android.tile.CaptureTileService,927,18,1593,1]
09-24 03:14:50.713 I/sysui_multi_action( 1846): [757,268,758,1,759,268,806,com.qiyi.video.pad,871,org.qiyi.android.tile.TopVideoTileService,927,19,1593,1]
09-24 03:14:50.714 I/sysui_multi_action( 1846): [757,268,758,1,759,268,806,com.qiyi.video.pad,871,org.qiyi.android.tile.EntranceTileService,927,20,1593,1]
09-24 03:14:50.714 I/sysui_multi_action( 1846): [757,268,758,1,759,268,806,com.smile.gifmaker,871,com.kwai.gifshow.post.api.feature.record.RecordQuickSettingService,927,21,1593,1]
09-24 03:14:50.714 I/sysui_multi_action( 1846): [757,268,758,1,759,268,806,com.qiyi.video.pad,871,org.qiyi.android.tile.HistoryTileService,927,22,1593,1]
09-24 03:14:50.714 I/sysui_multi_action( 1846): [757,268,758,1,759,268,806,com.qiyi.video.pad,871,org.qiyi.android.tile.SportTileService,927,23,1593,1]
09-24 03:14:50.714 I/sysui_multi_action( 1846): [757,268,758,1,759,268,806,com.tencent.news,871,com.tencent.news.tile.Tile24Hours,927,24,1593,1]
09-24 03:14:50.714 I/sysui_multi_action( 1846): [757,268,758,1,759,268,806,com.ss.android.article.news,871,com.android.bytedance.search.tile.SearchTileService,927,25,1593,1]
09-24 03:14:50.714 I/sysui_multi_action( 1846): [757,268,758,1,759,268,806,com.ss.android.ugc.aweme,871,com.ss.android.ugc.aweme.tile.PublishTileService,927,26,1593,1]
09-24 03:14:50.714 I/sysui_multi_action( 1846): [757,268,758,1,759,268,806,com.tencent.news,871,com.tencent.news.tile.TileNewsVideo,927,27,1593,0]
09-24 03:14:50.714 I/sysui_multi_action( 1846): [757,111,758,1]
09-24 03:14:50.715 I/sysui_multi_action( 1846): [757,126,758,1,759,126,927,0,928,1,1593,1]
09-24 03:14:50.715 I/sysui_multi_action( 1846): [757,113,758,1,759,113,927,1,928,1,1593,1]
09-24 03:14:50.715 I/sysui_multi_action( 1846): [757,0,758,1,759,0,927,2,928,0,1593,1]
09-24 03:14:50.715 I/sysui_multi_action( 1846): [757,0,758,1,759,0,927,3,928,0,1593,1]
09-24 03:14:50.724 I/notification_enqueue( 1472): [10081,1846,com.android.systemui,2048,NULL,0,Notification(channel=updateNotification shortcut=null contentView=null vibrate=null sound=null defaults=0x0 flags=0x0 color=0x00000000 vis=PRIVATE),1]
09-24 03:14:50.725 I/sysui_multi_action( 1846): [757,111,758,2]
09-24 03:14:50.725 I/sysui_multi_action( 1846): [757,111,758,2]
09-24 03:14:50.729 I/sysui_multi_action( 1846): [757,111,758,1]
09-24 03:14:50.729 I/sysui_multi_action( 1846): [757,126,758,1,759,126,927,0,928,1,1593,0]
09-24 03:14:50.730 I/sysui_multi_action( 1846): [757,113,758,1,759,113,927,1,928,1,1593,0]
09-24 03:14:50.730 I/sysui_multi_action( 1846): [757,0,758,1,759,0,927,2,928,0,1593,0]
09-24 03:14:50.730 I/sysui_multi_action( 1846): [757,0,758,1,759,0,927,3,928,0,1593,0]
09-24 03:14:50.730 I/sysui_multi_action( 1846): [757,1706,758,1,759,1706,927,4,928,0,1593,0]
09-24 03:14:50.730 I/sysui_multi_action( 1846): [757,491,758,1,759,491,927,5,928,0,1311,-1,1593,0]
09-24 03:14:50.730 I/sysui_multi_action( 1846): [757,0,758,1,759,0,927,6,928,0,1593,0]
09-24 03:14:50.730 I/sysui_multi_action( 1846): [757,114,758,1,759,114,927,7,928,0,1593,0]
09-24 03:14:50.730 I/sysui_multi_action( 1846): [757,268,758,1,759,268,806,com.netease.cloudmusic,871,com.netease.cloudmusic.titleservice.PlayFavoriteMusicTitleService,927,8,1593,0]
09-24 03:14:50.730 I/sysui_multi_action( 1846): [757,268,758,1,759,268,806,com.netease.cloudmusic,871,com.netease.cloudmusic.titleservice.PrivateFmTitleService,927,9,1593,0]
09-24 03:14:50.730 I/sysui_multi_action( 1846): [757,268,758,1,759,268,806,com.netease.cloudmusic,871,com.netease.cloudmusic.music.biz.voice.tileservice.PopularPodCastService,927,10,1593,0]
09-24 03:14:50.730 I/sysui_multi_action( 1846): [757,268,758,1,759,268,806,com.netease.cloudmusic,871,com.netease.cloudmusic.music.biz.voice.tileservice.ListenBookService,927,11,1593,0]
09-24 03:14:50.730 I/sysui_multi_action( 1846): [757,268,758,1,759,268,806,com.netease.cloudmusic,871,com.netease.cloudmusic.titleservice.DailyRecommandTitleService,927,12,1593,0]
09-24 03:14:50.730 I/sysui_multi_action( 1846): [757,268,758,1,759,268,806,com.netease.cloudmusic,871,com.netease.cloudmusic.music.biz.voice.tileservice.SleepAidDecompressionService,927,13,1593,0]
09-24 03:14:50.730 I/sysui_multi_action( 1846): [757,268,758,1,759,268,806,com.netease.cloudmusic,871,com.netease.cloudmusic.titleservice.PrivateRadarTitleService,927,14,1593,0]
09-24 03:14:50.731 I/sysui_multi_action( 1846): [757,268,758,1,759,268,806,com.netease.cloudmusic,871,com.netease.cloudmusic.music.biz.voice.tileservice.BroadCastService,927,15,1593,0]
09-24 03:14:50.731 I/sysui_multi_action( 1846): [757,268,758,1,759,268,806,com.qiyi.video.pad,871,org.qiyi.android.tile.SearchTileService,927,16,1593,0]
09-24 03:14:50.731 I/sysui_multi_action( 1846): [757,268,758,1,759,268,806,com.qiyi.video.pad,871,org.qiyi.android.tile.ContinueTileService,927,17,1593,0]
09-24 03:14:50.731 I/sysui_multi_action( 1846): [757,268,758,1,759,268,806,com.qiyi.video.pad,871,org.qiyi.android.tile.CaptureTileService,927,18,1593,0]
09-24 03:14:50.731 I/sysui_multi_action( 1846): [757,268,758,1,759,268,806,com.qiyi.video.pad,871,org.qiyi.android.tile.TopVideoTileService,927,19,1593,0]
09-24 03:14:50.731 I/sysui_multi_action( 1846): [757,268,758,1,759,268,806,com.qiyi.video.pad,871,org.qiyi.android.tile.EntranceTileService,927,20,1593,0]
09-24 03:14:50.731 I/sysui_multi_action( 1846): [757,268,758,1,759,268,806,com.smile.gifmaker,871,com.kwai.gifshow.post.api.feature.record.RecordQuickSettingService,927,21,1593,0]
09-24 03:14:50.731 I/sysui_multi_action( 1846): [757,268,758,1,759,268,806,com.qiyi.video.pad,871,org.qiyi.android.tile.HistoryTileService,927,22,1593,0]
09-24 03:14:50.731 I/sysui_multi_action( 1846): [757,268,758,1,759,268,806,com.qiyi.video.pad,871,org.qiyi.android.tile.SportTileService,927,23,1593,0]
09-24 03:14:50.731 I/sysui_multi_action( 1846): [757,268,758,1,759,268,806,com.tencent.news,871,com.tencent.news.tile.Tile24Hours,927,24,1593,0]
09-24 03:14:50.731 I/sysui_multi_action( 1846): [757,268,758,1,759,268,806,com.ss.android.article.news,871,com.android.bytedance.search.tile.SearchTileService,927,25,1593,0]
09-24 03:14:50.731 I/sysui_multi_action( 1846): [757,268,758,1,759,268,806,com.ss.android.ugc.aweme,871,com.ss.android.ugc.aweme.tile.PublishTileService,927,26,1593,0]
09-24 03:14:50.731 I/sysui_multi_action( 1846): [757,268,758,1,759,268,806,com.tencent.news,871,com.tencent.news.tile.TileNewsVideo,927,27,1593,0]
09-24 03:14:50.731 I/sysui_multi_action( 1846): [757,111,758,1]
09-24 03:14:50.731 I/sysui_multi_action( 1846): [757,126,758,1,759,126,927,0,928,1,1593,0]
09-24 03:14:50.731 I/sysui_multi_action( 1846): [757,113,758,1,759,113,927,1,928,1,1593,0]
09-24 03:14:50.731 I/sysui_multi_action( 1846): [757,0,758,1,759,0,927,2,928,0,1593,0]
09-24 03:14:50.731 I/sysui_multi_action( 1846): [757,0,758,1,759,0,927,3,928,0,1593,0]
09-24 03:14:50.740 I/sysui_multi_action( 1846): [757,111,758,2]
09-24 03:14:50.740 I/notification_enqueue( 1472): [10081,1846,com.android.systemui,2048,NULL,0,Notification(channel=updateNotification shortcut=null contentView=null vibrate=null sound=null defaults=0x0 flags=0x0 color=0x00000000 vis=PRIVATE),1]
09-24 03:14:50.740 I/sysui_multi_action( 1846): [757,111,758,2]
09-24 03:14:50.742 I/sysui_multi_action( 1846): [757,111,758,1]
09-24 03:14:50.743 I/sysui_multi_action( 1846): [757,126,758,1,759,126,927,0,928,1,1593,1]
09-24 03:14:50.743 I/sysui_multi_action( 1846): [757,113,758,1,759,113,927,1,928,1,1593,1]
09-24 03:14:50.743 I/sysui_multi_action( 1846): [757,0,758,1,759,0,927,2,928,0,1593,1]
09-24 03:14:50.743 I/sysui_multi_action( 1846): [757,0,758,1,759,0,927,3,928,0,1593,1]
09-24 03:14:50.743 I/sysui_multi_action( 1846): [757,1706,758,1,759,1706,927,4,928,0,1593,1]
09-24 03:14:50.743 I/sysui_multi_action( 1846): [757,491,758,1,759,491,927,5,928,0,1311,-1,1593,1]
09-24 03:14:50.743 I/sysui_multi_action( 1846): [757,0,758,1,759,0,927,6,928,0,1593,1]
09-24 03:14:50.743 I/sysui_multi_action( 1846): [757,114,758,1,759,114,927,7,928,0,1593,1]
09-24 03:14:50.743 I/sysui_multi_action( 1846): [757,268,758,1,759,268,806,com.netease.cloudmusic,871,com.netease.cloudmusic.titleservice.PlayFavoriteMusicTitleService,927,8,1593,1]
09-24 03:14:50.743 I/sysui_multi_action( 1846): [757,268,758,1,759,268,806,com.netease.cloudmusic,871,com.netease.cloudmusic.titleservice.PrivateFmTitleService,927,9,1593,1]
09-24 03:14:50.743 I/sysui_multi_action( 1846): [757,268,758,1,759,268,806,com.netease.cloudmusic,871,com.netease.cloudmusic.music.biz.voice.tileservice.PopularPodCastService,927,10,1593,1]
09-24 03:14:50.743 I/sysui_multi_action( 1846): [757,268,758,1,759,268,806,com.netease.cloudmusic,871,com.netease.cloudmusic.music.biz.voice.tileservice.ListenBookService,927,11,1593,1]
09-24 03:14:50.743 I/sysui_multi_action( 1846): [757,268,758,1,759,268,806,com.netease.cloudmusic,871,com.netease.cloudmusic.titleservice.DailyRecommandTitleService,927,12,1593,1]
09-24 03:14:50.743 I/sysui_multi_action( 1846): [757,268,758,1,759,268,806,com.netease.cloudmusic,871,com.netease.cloudmusic.music.biz.voice.tileservice.SleepAidDecompressionService,927,13,1593,1]
09-24 03:14:50.743 I/sysui_multi_action( 1846): [757,268,758,1,759,268,806,com.netease.cloudmusic,871,com.netease.cloudmusic.titleservice.PrivateRadarTitleService,927,14,1593,1]
09-24 03:14:50.743 I/sysui_multi_action( 1846): [757,268,758,1,759,268,806,com.netease.cloudmusic,871,com.netease.cloudmusic.music.biz.voice.tileservice.BroadCastService,927,15,1593,1]
09-24 03:14:50.743 I/sysui_multi_action( 1846): [757,268,758,1,759,268,806,com.qiyi.video.pad,871,org.qiyi.android.tile.SearchTileService,927,16,1593,1]
09-24 03:14:50.743 I/sysui_multi_action( 1846): [757,268,758,1,759,268,806,com.qiyi.video.pad,871,org.qiyi.android.tile.ContinueTileService,927,17,1593,1]
09-24 03:14:50.743 I/sysui_multi_action( 1846): [757,268,758,1,759,268,806,com.qiyi.video.pad,871,org.qiyi.android.tile.CaptureTileService,927,18,1593,1]
09-24 03:14:50.743 I/sysui_multi_action( 1846): [757,268,758,1,759,268,806,com.qiyi.video.pad,871,org.qiyi.android.tile.TopVideoTileService,927,19,1593,1]
09-24 03:14:50.743 I/sysui_multi_action( 1846): [757,268,758,1,759,268,806,com.qiyi.video.pad,871,org.qiyi.android.tile.EntranceTileService,927,20,1593,1]
09-24 03:14:50.743 I/sysui_multi_action( 1846): [757,268,758,1,759,268,806,com.smile.gifmaker,871,com.kwai.gifshow.post.api.feature.record.RecordQuickSettingService,927,21,1593,1]
09-24 03:14:50.743 I/sysui_multi_action( 1846): [757,268,758,1,759,268,806,com.qiyi.video.pad,871,org.qiyi.android.tile.HistoryTileService,927,22,1593,1]
09-24 03:14:50.744 I/sysui_multi_action( 1846): [757,268,758,1,759,268,806,com.qiyi.video.pad,871,org.qiyi.android.tile.SportTileService,927,23,1593,1]
09-24 03:14:50.744 I/sysui_multi_action( 1846): [757,268,758,1,759,268,806,com.tencent.news,871,com.tencent.news.tile.Tile24Hours,927,24,1593,1]
09-24 03:14:50.744 I/sysui_multi_action( 1846): [757,268,758,1,759,268,806,com.ss.android.article.news,871,com.android.bytedance.search.tile.SearchTileService,927,25,1593,1]
09-24 03:14:50.744 I/sysui_multi_action( 1846): [757,268,758,1,759,268,806,com.ss.android.ugc.aweme,871,com.ss.android.ugc.aweme.tile.PublishTileService,927,26,1593,1]
09-24 03:14:50.744 I/sysui_multi_action( 1846): [757,268,758,1,759,268,806,com.tencent.news,871,com.tencent.news.tile.TileNewsVideo,927,27,1593,1]
09-24 03:14:50.744 I/sysui_multi_action( 1846): [757,111,758,1]
09-24 03:14:50.744 I/sysui_multi_action( 1846): [757,126,758,1,759,126,927,0,928,1,1593,1]
09-24 03:14:50.744 I/sysui_multi_action( 1846): [757,113,758,1,759,113,927,1,928,1,1593,1]
09-24 03:14:50.744 I/sysui_multi_action( 1846): [757,0,758,1,759,0,927,2,928,0,1593,1]
09-24 03:14:50.744 I/sysui_multi_action( 1846): [757,0,758,1,759,0,927,3,928,0,1593,1]
09-24 03:14:50.754 I/sysui_multi_action( 1846): [757,111,758,2]
09-24 03:14:50.754 I/sysui_multi_action( 1846): [757,111,758,2]
09-24 03:14:50.754 I/notification_enqueue( 1472): [10081,1846,com.android.systemui,2048,NULL,0,Notification(channel=updateNotification shortcut=null contentView=null vibrate=null sound=null defaults=0x0 flags=0x0 color=0x00000000 vis=PRIVATE),1]
09-24 03:14:50.757 I/sysui_multi_action( 1846): [757,111,758,1]
09-24 03:14:50.757 I/sysui_multi_action( 1846): [757,126,758,1,759,126,927,0,928,1,1593,1]
09-24 03:14:50.757 I/sysui_multi_action( 1846): [757,113,758,1,759,113,927,1,928,1,1593,1]
09-24 03:14:50.757 I/sysui_multi_action( 1846): [757,0,758,1,759,0,927,2,928,0,1593,1]
09-24 03:14:50.757 I/sysui_multi_action( 1846): [757,0,758,1,759,0,927,3,928,0,1593,1]
09-24 03:14:50.757 I/sysui_multi_action( 1846): [757,1706,758,1,759,1706,927,4,928,0,1593,1]
09-24 03:14:50.757 I/sysui_multi_action( 1846): [757,491,758,1,759,491,927,5,928,0,1311,-1,1593,1]
09-24 03:14:50.757 I/sysui_multi_action( 1846): [757,0,758,1,759,0,927,6,928,0,1593,1]
09-24 03:14:50.757 I/sysui_multi_action( 1846): [757,114,758,1,759,114,927,7,928,0,1593,1]
09-24 03:14:50.757 I/sysui_multi_action( 1846): [757,268,758,1,759,268,806,com.netease.cloudmusic,871,com.netease.cloudmusic.titleservice.PlayFavoriteMusicTitleService,927,8,1593,1]
09-24 03:14:50.757 I/sysui_multi_action( 1846): [757,268,758,1,759,268,806,com.netease.cloudmusic,871,com.netease.cloudmusic.titleservice.PrivateFmTitleService,927,9,1593,1]
09-24 03:14:50.757 I/sysui_multi_action( 1846): [757,268,758,1,759,268,806,com.netease.cloudmusic,871,com.netease.cloudmusic.music.biz.voice.tileservice.PopularPodCastService,927,10,1593,1]
09-24 03:14:50.757 I/sysui_multi_action( 1846): [757,268,758,1,759,268,806,com.netease.cloudmusic,871,com.netease.cloudmusic.music.biz.voice.tileservice.ListenBookService,927,11,1593,1]
09-24 03:14:50.757 I/sysui_multi_action( 1846): [757,268,758,1,759,268,806,com.netease.cloudmusic,871,com.netease.cloudmusic.titleservice.DailyRecommandTitleService,927,12,1593,1]
09-24 03:14:50.757 I/sysui_multi_action( 1846): [757,268,758,1,759,268,806,com.netease.cloudmusic,871,com.netease.cloudmusic.music.biz.voice.tileservice.SleepAidDecompressionService,927,13,1593,1]
09-24 03:14:50.757 I/sysui_multi_action( 1846): [757,268,758,1,759,268,806,com.netease.cloudmusic,871,com.netease.cloudmusic.titleservice.PrivateRadarTitleService,927,14,1593,1]
09-24 03:14:50.757 I/sysui_multi_action( 1846): [757,268,758,1,759,268,806,com.netease.cloudmusic,871,com.netease.cloudmusic.music.biz.voice.tileservice.BroadCastService,927,15,1593,1]
09-24 03:14:50.757 I/sysui_multi_action( 1846): [757,268,758,1,759,268,806,com.qiyi.video.pad,871,org.qiyi.android.tile.SearchTileService,927,16,1593,1]
09-24 03:14:50.757 I/sysui_multi_action( 1846): [757,268,758,1,759,268,806,com.qiyi.video.pad,871,org.qiyi.android.tile.ContinueTileService,927,17,1593,1]
09-24 03:14:50.758 I/sysui_multi_action( 1846): [757,268,758,1,759,268,806,com.qiyi.video.pad,871,org.qiyi.android.tile.CaptureTileService,927,18,1593,1]
09-24 03:14:50.758 I/sysui_multi_action( 1846): [757,268,758,1,759,268,806,com.qiyi.video.pad,871,org.qiyi.android.tile.TopVideoTileService,927,19,1593,1]
09-24 03:14:50.758 I/sysui_multi_action( 1846): [757,268,758,1,759,268,806,com.qiyi.video.pad,871,org.qiyi.android.tile.EntranceTileService,927,20,1593,1]
09-24 03:14:50.758 I/sysui_multi_action( 1846): [757,268,758,1,759,268,806,com.smile.gifmaker,871,com.kwai.gifshow.post.api.feature.record.RecordQuickSettingService,927,21,1593,1]
09-24 03:14:50.758 I/sysui_multi_action( 1846): [757,268,758,1,759,268,806,com.qiyi.video.pad,871,org.qiyi.android.tile.HistoryTileService,927,22,1593,1]
09-24 03:14:50.758 I/sysui_multi_action( 1846): [757,268,758,1,759,268,806,com.qiyi.video.pad,871,org.qiyi.android.tile.SportTileService,927,23,1593,1]
09-24 03:14:50.758 I/sysui_multi_action( 1846): [757,268,758,1,759,268,806,com.tencent.news,871,com.tencent.news.tile.Tile24Hours,927,24,1593,1]
09-24 03:14:50.758 I/sysui_multi_action( 1846): [757,268,758,1,759,268,806,com.ss.android.article.news,871,com.android.bytedance.search.tile.SearchTileService,927,25,1593,1]
09-24 03:14:50.758 I/sysui_multi_action( 1846): [757,268,758,1,759,268,806,com.ss.android.ugc.aweme,871,com.ss.android.ugc.aweme.tile.PublishTileService,927,26,1593,1]
09-24 03:14:50.758 I/sysui_multi_action( 1846): [757,268,758,1,759,268,806,com.tencent.news,871,com.tencent.news.tile.TileNewsVideo,927,27,1593,1]
09-24 03:14:50.758 I/sysui_multi_action( 1846): [757,111,758,1]
09-24 03:14:50.758 I/sysui_multi_action( 1846): [757,126,758,1,759,126,927,0,928,1,1593,1]
09-24 03:14:50.758 I/sysui_multi_action( 1846): [757,113,758,1,759,113,927,1,928,1,1593,1]
09-24 03:14:50.758 I/sysui_multi_action( 1846): [757,0,758,1,759,0,927,2,928,0,1593,1]
09-24 03:14:50.758 I/sysui_multi_action( 1846): [757,0,758,1,759,0,927,3,928,0,1593,1]
09-24 03:14:50.766 I/notification_enqueue( 1472): [10081,1846,com.android.systemui,2048,NULL,0,Notification(channel=updateNotification shortcut=null contentView=null vibrate=null sound=null defaults=0x0 flags=0x0 color=0x00000000 vis=PRIVATE),1]
09-24 03:14:50.767 I/sysui_multi_action( 1846): [757,111,758,2]
09-24 03:14:50.767 I/sysui_multi_action( 1846): [757,111,758,2]
09-24 03:14:50.770 I/sysui_multi_action( 1846): [757,111,758,1]
09-24 03:14:50.770 I/sysui_multi_action( 1846): [757,126,758,1,759,126,927,0,928,1,1593,1]
09-24 03:14:50.770 I/sysui_multi_action( 1846): [757,113,758,1,759,113,927,1,928,1,1593,1]
09-24 03:14:50.770 I/sysui_multi_action( 1846): [757,0,758,1,759,0,927,2,928,0,1593,1]
09-24 03:14:50.770 I/sysui_multi_action( 1846): [757,0,758,1,759,0,927,3,928,0,1593,1]
09-24 03:14:50.770 I/sysui_multi_action( 1846): [757,1706,758,1,759,1706,927,4,928,0,1593,1]
09-24 03:14:50.771 I/sysui_multi_action( 1846): [757,491,758,1,759,491,927,5,928,0,1311,-1,1593,1]
09-24 03:14:50.771 I/sysui_multi_action( 1846): [757,0,758,1,759,0,927,6,928,0,1593,1]
09-24 03:14:50.771 I/sysui_multi_action( 1846): [757,114,758,1,759,114,927,7,928,0,1593,1]
09-24 03:14:50.771 I/sysui_multi_action( 1846): [757,268,758,1,759,268,806,com.netease.cloudmusic,871,com.netease.cloudmusic.titleservice.PlayFavoriteMusicTitleService,927,8,1593,1]
09-24 03:14:50.771 I/sysui_multi_action( 1846): [757,268,758,1,759,268,806,com.netease.cloudmusic,871,com.netease.cloudmusic.titleservice.PrivateFmTitleService,927,9,1593,1]
09-24 03:14:50.771 I/sysui_multi_action( 1846): [757,268,758,1,759,268,806,com.netease.cloudmusic,871,com.netease.cloudmusic.music.biz.voice.tileservice.PopularPodCastService,927,10,1593,1]
09-24 03:14:50.771 I/sysui_multi_action( 1846): [757,268,758,1,759,268,806,com.netease.cloudmusic,871,com.netease.cloudmusic.music.biz.voice.tileservice.ListenBookService,927,11,1593,1]
09-24 03:14:50.771 I/sysui_multi_action( 1846): [757,268,758,1,759,268,806,com.netease.cloudmusic,871,com.netease.cloudmusic.titleservice.DailyRecommandTitleService,927,12,1593,1]
09-24 03:14:50.771 I/sysui_multi_action( 1846): [757,268,758,1,759,268,806,com.netease.cloudmusic,871,com.netease.cloudmusic.music.biz.voice.tileservice.SleepAidDecompressionService,927,13,1593,1]
09-24 03:14:50.771 I/sysui_multi_action( 1846): [757,268,758,1,759,268,806,com.netease.cloudmusic,871,com.netease.cloudmusic.titleservice.PrivateRadarTitleService,927,14,1593,1]
09-24 03:14:50.771 I/sysui_multi_action( 1846): [757,268,758,1,759,268,806,com.netease.cloudmusic,871,com.netease.cloudmusic.music.biz.voice.tileservice.BroadCastService,927,15,1593,1]
09-24 03:14:50.771 I/sysui_multi_action( 1846): [757,268,758,1,759,268,806,com.qiyi.video.pad,871,org.qiyi.android.tile.SearchTileService,927,16,1593,1]
09-24 03:14:50.771 I/sysui_multi_action( 1846): [757,268,758,1,759,268,806,com.qiyi.video.pad,871,org.qiyi.android.tile.ContinueTileService,927,17,1593,1]
09-24 03:14:50.771 I/sysui_multi_action( 1846): [757,268,758,1,759,268,806,com.qiyi.video.pad,871,org.qiyi.android.tile.CaptureTileService,927,18,1593,1]
09-24 03:14:50.771 I/sysui_multi_action( 1846): [757,268,758,1,759,268,806,com.qiyi.video.pad,871,org.qiyi.android.tile.TopVideoTileService,927,19,1593,1]
09-24 03:14:50.771 I/sysui_multi_action( 1846): [757,268,758,1,759,268,806,com.qiyi.video.pad,871,org.qiyi.android.tile.EntranceTileService,927,20,1593,1]
09-24 03:14:50.771 I/sysui_multi_action( 1846): [757,268,758,1,759,268,806,com.smile.gifmaker,871,com.kwai.gifshow.post.api.feature.record.RecordQuickSettingService,927,21,1593,1]
09-24 03:14:50.771 I/sysui_multi_action( 1846): [757,268,758,1,759,268,806,com.qiyi.video.pad,871,org.qiyi.android.tile.HistoryTileService,927,22,1593,1]
09-24 03:14:50.771 I/sysui_multi_action( 1846): [757,268,758,1,759,268,806,com.qiyi.video.pad,871,org.qiyi.android.tile.SportTileService,927,23,1593,1]
09-24 03:14:50.771 I/sysui_multi_action( 1846): [757,268,758,1,759,268,806,com.tencent.news,871,com.tencent.news.tile.Tile24Hours,927,24,1593,1]
09-24 03:14:50.771 I/sysui_multi_action( 1846): [757,268,758,1,759,268,806,com.ss.android.article.news,871,com.android.bytedance.search.tile.SearchTileService,927,25,1593,1]
09-24 03:14:50.771 I/sysui_multi_action( 1846): [757,268,758,1,759,268,806,com.ss.android.ugc.aweme,871,com.ss.android.ugc.aweme.tile.PublishTileService,927,26,1593,1]
09-24 03:14:50.771 I/sysui_multi_action( 1846): [757,268,758,1,759,268,806,com.tencent.news,871,com.tencent.news.tile.TileNewsVideo,927,27,1593,1]
09-24 03:14:50.771 I/sysui_multi_action( 1846): [757,111,758,1]
09-24 03:14:50.771 I/sysui_multi_action( 1846): [757,126,758,1,759,126,927,0,928,1,1593,1]
09-24 03:14:50.772 I/sysui_multi_action( 1846): [757,113,758,1,759,113,927,1,928,1,1593,1]
09-24 03:14:50.772 I/sysui_multi_action( 1846): [757,0,758,1,759,0,927,2,928,0,1593,1]
09-24 03:14:50.772 I/sysui_multi_action( 1846): [757,0,758,1,759,0,927,3,928,0,1593,1]
09-24 03:14:50.779 I/sysui_multi_action( 1846): [757,111,758,2]
09-24 03:14:50.779 I/notification_enqueue( 1472): [10081,1846,com.android.systemui,2048,NULL,0,Notification(channel=updateNotification shortcut=null contentView=null vibrate=null sound=null defaults=0x0 flags=0x0 color=0x00000000 vis=PRIVATE),1]
09-24 03:14:50.779 I/sysui_multi_action( 1846): [757,111,758,2]
09-24 03:14:50.781 I/sysui_multi_action( 1846): [757,111,758,1]
09-24 03:14:50.781 I/sysui_multi_action( 1846): [757,126,758,1,759,126,927,0,928,1,1593,1]
09-24 03:14:50.781 I/sysui_multi_action( 1846): [757,113,758,1,759,113,927,1,928,1,1593,1]
09-24 03:14:50.781 I/sysui_multi_action( 1846): [757,0,758,1,759,0,927,2,928,0,1593,1]
09-24 03:14:50.781 I/sysui_multi_action( 1846): [757,0,758,1,759,0,927,3,928,0,1593,1]
09-24 03:14:50.782 I/sysui_multi_action( 1846): [757,1706,758,1,759,1706,927,4,928,0,1593,1]
09-24 03:14:50.782 I/sysui_multi_action( 1846): [757,491,758,1,759,491,927,5,928,0,1311,-1,1593,1]
09-24 03:14:50.782 I/sysui_multi_action( 1846): [757,0,758,1,759,0,927,6,928,0,1593,1]
09-24 03:14:50.782 I/sysui_multi_action( 1846): [757,114,758,1,759,114,927,7,928,0,1593,1]
09-24 03:14:50.782 I/sysui_multi_action( 1846): [757,268,758,1,759,268,806,com.netease.cloudmusic,871,com.netease.cloudmusic.titleservice.PlayFavoriteMusicTitleService,927,8,1593,1]
09-24 03:14:50.782 I/sysui_multi_action( 1846): [757,268,758,1,759,268,806,com.netease.cloudmusic,871,com.netease.cloudmusic.titleservice.PrivateFmTitleService,927,9,1593,1]
09-24 03:14:50.782 I/sysui_multi_action( 1846): [757,268,758,1,759,268,806,com.netease.cloudmusic,871,com.netease.cloudmusic.music.biz.voice.tileservice.PopularPodCastService,927,10,1593,1]
09-24 03:14:50.782 I/sysui_multi_action( 1846): [757,268,758,1,759,268,806,com.netease.cloudmusic,871,com.netease.cloudmusic.music.biz.voice.tileservice.ListenBookService,927,11,1593,1]
09-24 03:14:50.782 I/sysui_multi_action( 1846): [757,268,758,1,759,268,806,com.netease.cloudmusic,871,com.netease.cloudmusic.titleservice.DailyRecommandTitleService,927,12,1593,1]
09-24 03:14:50.782 I/sysui_multi_action( 1846): [757,268,758,1,759,268,806,com.netease.cloudmusic,871,com.netease.cloudmusic.music.biz.voice.tileservice.SleepAidDecompressionService,927,13,1593,1]
09-24 03:14:50.782 I/sysui_multi_action( 1846): [757,268,758,1,759,268,806,com.netease.cloudmusic,871,com.netease.cloudmusic.titleservice.PrivateRadarTitleService,927,14,1593,1]
09-24 03:14:50.782 I/sysui_multi_action( 1846): [757,268,758,1,759,268,806,com.netease.cloudmusic,871,com.netease.cloudmusic.music.biz.voice.tileservice.BroadCastService,927,15,1593,0]
09-24 03:14:50.782 I/sysui_multi_action( 1846): [757,268,758,1,759,268,806,com.qiyi.video.pad,871,org.qiyi.android.tile.SearchTileService,927,16,1593,0]
09-24 03:14:50.782 I/sysui_multi_action( 1846): [757,268,758,1,759,268,806,com.qiyi.video.pad,871,org.qiyi.android.tile.ContinueTileService,927,17,1593,0]
09-24 03:14:50.782 I/sysui_multi_action( 1846): [757,268,758,1,759,268,806,com.qiyi.video.pad,871,org.qiyi.android.tile.CaptureTileService,927,18,1593,0]
09-24 03:14:50.782 I/sysui_multi_action( 1846): [757,268,758,1,759,268,806,com.qiyi.video.pad,871,org.qiyi.android.tile.TopVideoTileService,927,19,1593,0]
09-24 03:14:50.782 I/sysui_multi_action( 1846): [757,268,758,1,759,268,806,com.qiyi.video.pad,871,org.qiyi.android.tile.EntranceTileService,927,20,1593,0]
09-24 03:14:50.782 I/sysui_multi_action( 1846): [757,268,758,1,759,268,806,com.smile.gifmaker,871,com.kwai.gifshow.post.api.feature.record.RecordQuickSettingService,927,21,1593,0]
09-24 03:14:50.782 I/sysui_multi_action( 1846): [757,268,758,1,759,268,806,com.qiyi.video.pad,871,org.qiyi.android.tile.HistoryTileService,927,22,1593,0]
09-24 03:14:50.782 I/sysui_multi_action( 1846): [757,268,758,1,759,268,806,com.qiyi.video.pad,871,org.qiyi.android.tile.SportTileService,927,23,1593,0]
09-24 03:14:50.782 I/sysui_multi_action( 1846): [757,268,758,1,759,268,806,com.tencent.news,871,com.tencent.news.tile.Tile24Hours,927,24,1593,0]
09-24 03:14:50.782 I/sysui_multi_action( 1846): [757,268,758,1,759,268,806,com.ss.android.article.news,871,com.android.bytedance.search.tile.SearchTileService,927,25,1593,0]
09-24 03:14:50.782 I/sysui_multi_action( 1846): [757,268,758,1,759,268,806,com.ss.android.ugc.aweme,871,com.ss.android.ugc.aweme.tile.PublishTileService,927,26,1593,0]
09-24 03:14:50.782 I/sysui_multi_action( 1846): [757,268,758,1,759,268,806,com.tencent.news,871,com.tencent.news.tile.TileNewsVideo,927,27,1593,0]
09-24 03:14:50.782 I/sysui_multi_action( 1846): [757,111,758,1]
09-24 03:14:50.782 I/sysui_multi_action( 1846): [757,126,758,1,759,126,927,0,928,1,1593,1]
09-24 03:14:50.782 I/sysui_multi_action( 1846): [757,113,758,1,759,113,927,1,928,1,1593,1]
09-24 03:14:50.782 I/sysui_multi_action( 1846): [757,0,758,1,759,0,927,2,928,0,1593,1]
09-24 03:14:50.782 I/sysui_multi_action( 1846): [757,0,758,1,759,0,927,3,928,0,1593,1]
09-24 03:14:50.793 I/notification_enqueue( 1472): [10081,1846,com.android.systemui,2048,NULL,0,Notification(channel=updateNotification shortcut=null contentView=null vibrate=null sound=null defaults=0x0 flags=0x0 color=0x00000000 vis=PRIVATE),1]
09-24 03:14:50.793 I/sysui_multi_action( 1846): [757,111,758,2]
09-24 03:14:50.793 I/sysui_multi_action( 1846): [757,111,758,2]
09-24 03:14:50.796 I/sysui_multi_action( 1846): [757,111,758,1]
09-24 03:14:50.796 I/sysui_multi_action( 1846): [757,126,758,1,759,126,927,0,928,1,1593,1]
09-24 03:14:50.796 I/sysui_multi_action( 1846): [757,113,758,1,759,113,927,1,928,1,1593,1]
09-24 03:14:50.796 I/sysui_multi_action( 1846): [757,0,758,1,759,0,927,2,928,0,1593,1]
09-24 03:14:50.796 I/sysui_multi_action( 1846): [757,0,758,1,759,0,927,3,928,0,1593,1]
09-24 03:14:50.796 I/sysui_multi_action( 1846): [757,1706,758,1,759,1706,927,4,928,0,1593,1]
09-24 03:14:50.796 I/sysui_multi_action( 1846): [757,491,758,1,759,491,927,5,928,0,1311,-1,1593,1]
09-24 03:14:50.796 I/sysui_multi_action( 1846): [757,0,758,1,759,0,927,6,928,0,1593,1]
09-24 03:14:50.796 I/sysui_multi_action( 1846): [757,114,758,1,759,114,927,7,928,0,1593,1]
09-24 03:14:50.796 I/sysui_multi_action( 1846): [757,268,758,1,759,268,806,com.netease.cloudmusic,871,com.netease.cloudmusic.titleservice.PlayFavoriteMusicTitleService,927,8,1593,1]
09-24 03:14:50.796 I/sysui_multi_action( 1846): [757,268,758,1,759,268,806,com.netease.cloudmusic,871,com.netease.cloudmusic.titleservice.PrivateFmTitleService,927,9,1593,0]
09-24 03:14:50.796 I/sysui_multi_action( 1846): [757,268,758,1,759,268,806,com.netease.cloudmusic,871,com.netease.cloudmusic.music.biz.voice.tileservice.PopularPodCastService,927,10,1593,0]
09-24 03:14:50.796 I/sysui_multi_action( 1846): [757,268,758,1,759,268,806,com.netease.cloudmusic,871,com.netease.cloudmusic.music.biz.voice.tileservice.ListenBookService,927,11,1593,0]
09-24 03:14:50.796 I/sysui_multi_action( 1846): [757,268,758,1,759,268,806,com.netease.cloudmusic,871,com.netease.cloudmusic.titleservice.DailyRecommandTitleService,927,12,1593,0]
09-24 03:14:50.796 I/sysui_multi_action( 1846): [757,268,758,1,759,268,806,com.netease.cloudmusic,871,com.netease.cloudmusic.music.biz.voice.tileservice.SleepAidDecompressionService,927,13,1593,0]
09-24 03:14:50.796 I/sysui_multi_action( 1846): [757,268,758,1,759,268,806,com.netease.cloudmusic,871,com.netease.cloudmusic.titleservice.PrivateRadarTitleService,927,14,1593,0]
09-24 03:14:50.796 I/sysui_multi_action( 1846): [757,268,758,1,759,268,806,com.netease.cloudmusic,871,com.netease.cloudmusic.music.biz.voice.tileservice.BroadCastService,927,15,1593,0]
09-24 03:14:50.796 I/sysui_multi_action( 1846): [757,268,758,1,759,268,806,com.qiyi.video.pad,871,org.qiyi.android.tile.SearchTileService,927,16,1593,0]
09-24 03:14:50.796 I/sysui_multi_action( 1846): [757,268,758,1,759,268,806,com.qiyi.video.pad,871,org.qiyi.android.tile.ContinueTileService,927,17,1593,0]
09-24 03:14:50.797 I/sysui_multi_action( 1846): [757,268,758,1,759,268,806,com.qiyi.video.pad,871,org.qiyi.android.tile.CaptureTileService,927,18,1593,0]
09-24 03:14:50.797 I/sysui_multi_action( 1846): [757,268,758,1,759,268,806,com.qiyi.video.pad,871,org.qiyi.android.tile.TopVideoTileService,927,19,1593,0]
09-24 03:14:50.797 I/sysui_multi_action( 1846): [757,268,758,1,759,268,806,com.qiyi.video.pad,871,org.qiyi.android.tile.EntranceTileService,927,20,1593,0]
09-24 03:14:50.797 I/sysui_multi_action( 1846): [757,268,758,1,759,268,806,com.smile.gifmaker,871,com.kwai.gifshow.post.api.feature.record.RecordQuickSettingService,927,21,1593,0]
09-24 03:14:50.797 I/sysui_multi_action( 1846): [757,268,758,1,759,268,806,com.qiyi.video.pad,871,org.qiyi.android.tile.HistoryTileService,927,22,1593,0]
09-24 03:14:50.797 I/sysui_multi_action( 1846): [757,268,758,1,759,268,806,com.qiyi.video.pad,871,org.qiyi.android.tile.SportTileService,927,23,1593,0]
09-24 03:14:50.797 I/sysui_multi_action( 1846): [757,268,758,1,759,268,806,com.tencent.news,871,com.tencent.news.tile.Tile24Hours,927,24,1593,0]
09-24 03:14:50.797 I/sysui_multi_action( 1846): [757,268,758,1,759,268,806,com.ss.android.article.news,871,com.android.bytedance.search.tile.SearchTileService,927,25,1593,0]
09-24 03:14:50.797 I/sysui_multi_action( 1846): [757,268,758,1,759,268,806,com.ss.android.ugc.aweme,871,com.ss.android.ugc.aweme.tile.PublishTileService,927,26,1593,0]
09-24 03:14:50.797 I/sysui_multi_action( 1846): [757,268,758,1,759,268,806,com.tencent.news,871,com.tencent.news.tile.TileNewsVideo,927,27,1593,0]
09-24 03:14:50.797 I/sysui_multi_action( 1846): [757,111,758,1]
09-24 03:14:50.797 I/sysui_multi_action( 1846): [757,126,758,1,759,126,927,0,928,1,1593,1]
09-24 03:14:50.797 I/sysui_multi_action( 1846): [757,113,758,1,759,113,927,1,928,1,1593,1]
09-24 03:14:50.797 I/sysui_multi_action( 1846): [757,0,758,1,759,0,927,2,928,0,1593,1]
09-24 03:14:50.797 I/sysui_multi_action( 1846): [757,0,758,1,759,0,927,3,928,0,1593,1]
09-24 03:14:50.810 I/notification_enqueue( 1472): [10081,1846,com.android.systemui,2048,NULL,0,Notification(channel=updateNotification shortcut=null contentView=null vibrate=null sound=null defaults=0x0 flags=0x0 color=0x00000000 vis=PRIVATE),1]
09-24 03:14:50.810 I/sysui_multi_action( 1846): [757,111,758,2]
09-24 03:14:50.810 I/sysui_multi_action( 1846): [757,111,758,2]
09-24 03:14:50.813 I/sysui_multi_action( 1846): [757,111,758,1]
09-24 03:14:50.813 I/sysui_multi_action( 1846): [757,126,758,1,759,126,927,0,928,1,1593,1]
09-24 03:14:50.813 I/sysui_multi_action( 1846): [757,113,758,1,759,113,927,1,928,1,1593,1]
09-24 03:14:50.813 I/sysui_multi_action( 1846): [757,0,758,1,759,0,927,2,928,0,1593,1]
09-24 03:14:50.813 I/sysui_multi_action( 1846): [757,0,758,1,759,0,927,3,928,0,1593,1]
09-24 03:14:50.813 I/sysui_multi_action( 1846): [757,1706,758,1,759,1706,927,4,928,0,1593,1]
09-24 03:14:50.813 I/sysui_multi_action( 1846): [757,491,758,1,759,491,927,5,928,0,1311,-1,1593,1]
09-24 03:14:50.813 I/sysui_multi_action( 1846): [757,0,758,1,759,0,927,6,928,0,1593,1]
09-24 03:14:50.813 I/sysui_multi_action( 1846): [757,114,758,1,759,114,927,7,928,0,1593,1]
09-24 03:14:50.813 I/sysui_multi_action( 1846): [757,268,758,1,759,268,806,com.netease.cloudmusic,871,com.netease.cloudmusic.titleservice.PlayFavoriteMusicTitleService,927,8,1593,1]
09-24 03:14:50.813 I/sysui_multi_action( 1846): [757,268,758,1,759,268,806,com.netease.cloudmusic,871,com.netease.cloudmusic.titleservice.PrivateFmTitleService,927,9,1593,1]
