09-24 03:14:00.005 I/sysui_multi_action( 1846): [757,111,758,2]
09-24 03:14:00.005 I/sysui_multi_action( 1846): [757,111,758,2]
09-24 03:14:00.008 I/sysui_multi_action( 1846): [757,111,758,1]
09-24 03:14:00.008 I/sysui_multi_action( 1846): [757,126,758,1,759,126,927,0,928,1,1593,1]
09-24 03:14:00.008 I/sysui_multi_action( 1846): [757,113,758,1,759,113,927,1,928,1,1593,1]
09-24 03:14:00.008 I/sysui_multi_action( 1846): [757,0,758,1,759,0,927,2,928,0,1593,1]
09-24 03:14:00.008 I/sysui_multi_action( 1846): [757,0,758,1,759,0,927,3,928,0,1593,1]
09-24 03:14:00.008 I/sysui_multi_action( 1846): [757,1706,758,1,759,1706,927,4,928,0,1593,1]
09-24 03:14:00.008 I/sysui_multi_action( 1846): [757,491,758,1,759,491,927,5,928,0,1311,-1,1593,1]
09-24 03:14:00.009 I/sysui_multi_action( 1846): [757,0,758,1,759,0,927,6,928,0,1593,1]
09-24 03:14:00.009 I/sysui_multi_action( 1846): [757,114,758,1,759,114,927,7,928,0,1593,1]
09-24 03:14:00.009 I/sysui_multi_action( 1846): [757,268,758,1,759,268,806,com.netease.cloudmusic,871,com.netease.cloudmusic.titleservice.PlayFavoriteMusicTitleService,927,8,1593,1]
09-24 03:14:00.009 I/sysui_multi_action( 1846): [757,268,758,1,759,268,806,com.netease.cloudmusic,871,com.netease.cloudmusic.titleservice.PrivateFmTitleService,927,9,1593,1]
09-24 03:14:00.009 I/sysui_multi_action( 1846): [757,268,758,1,759,268,806,com.netease.cloudmusic,871,com.netease.cloudmusic.music.biz.voice.tileservice.PopularPodCastService,927,10,1593,1]
09-24 03:14:00.009 I/sysui_multi_action( 1846): [757,268,758,1,759,268,806,com.netease.cloudmusic,871,com.netease.cloudmusic.music.biz.voice.tileservice.ListenBookService,927,11,1593,0]
09-24 03:14:00.009 I/sysui_multi_action( 1846): [757,268,758,1,759,268,806,com.netease.cloudmusic,871,com.netease.cloudmusic.titleservice.DailyRecommandTitleService,927,12,1593,0]
09-24 03:14:00.009 I/sysui_multi_action( 1846): [757,268,758,1,759,268,806,com.netease.cloudmusic,871,com.netease.cloudmusic.music.biz.voice.tileservice.SleepAidDecompressionService,927,13,1593,0]
09-24 03:14:00.009 I/sysui_multi_action( 1846): [757,268,758,1,759,268,806,com.netease.cloudmusic,871,com.netease.cloudmusic.titleservice.PrivateRadarTitleService,927,14,1593,0]
09-24 03:14:00.009 I/sysui_multi_action( 1846): [757,268,758,1,759,268,806,com.netease.cloudmusic,871,com.netease.cloudmusic.music.biz.voice.tileservice.BroadCastService,927,15,1593,0]
09-24 03:14:00.009 I/sysui_multi_action( 1846): [757,268,758,1,759,268,806,com.qiyi.video.pad,871,org.qiyi.android.tile.SearchTileService,927,16,1593,0]
09-24 03:14:00.009 I/sysui_multi_action( 1846): [757,268,758,1,759,268,806,com.qiyi.video.pad,871,org.qiyi.android.tile.ContinueTileService,927,17,1593,0]
09-24 03:14:00.009 I/sysui_multi_action( 1846): [757,268,758,1,759,268,806,com.qiyi.video.pad,871,org.qiyi.android.tile.CaptureTileService,927,18,1593,0]
09-24 03:14:00.009 I/sysui_multi_action( 1846): [757,268,758,1,759,268,806,com.qiyi.video.pad,871,org.qiyi.android.tile.TopVideoTileService,927,19,1593,0]
09-24 03:14:00.009 I/sysui_multi_action( 1846): [757,268,758,1,759,268,806,com.qiyi.video.pad,871,org.qiyi.android.tile.EntranceTileService,927,20,1593,0]
09-24 03:14:00.009 I/sysui_multi_action( 1846): [757,268,758,1,759,268,806,com.smile.gifmaker,871,com.kwai.gifshow.post.api.feature.record.RecordQuickSettingService,927,21,1593,0]
09-24 03:14:00.009 I/sysui_multi_action( 1846): [757,268,758,1,759,268,806,com.qiyi.video.pad,871,org.qiyi.android.tile.HistoryTileService,927,22,1593,0]
09-24 03:14:00.009 I/sysui_multi_action( 1846): [757,268,758,1,759,268,806,com.qiyi.video.pad,871,org.qiyi.android.tile.SportTileService,927,23,1593,0]
09-24 03:14:00.009 I/sysui_multi_action( 1846): [757,268,758,1,759,268,806,com.tencent.news,871,com.tencent.news.tile.Tile24Hours,927,24,1593,0]
09-24 03:14:00.009 I/sysui_multi_action( 1846): [757,268,758,1,759,268,806,com.ss.android.article.news,871,com.android.bytedance.search.tile.SearchTileService,927,25,1593,0]
09-24 03:14:00.009 I/sysui_multi_action( 1846): [757,268,758,1,759,268,806,com.ss.android.ugc.aweme,871,com.ss.android.ugc.aweme.tile.PublishTileService,927,26,1593,0]
09-24 03:14:00.009 I/sysui_multi_action( 1846): [757,268,758,1,759,268,806,com.tencent.news,871,com.tencent.news.tile.TileNewsVideo,927,27,1593,0]
09-24 03:14:00.009 I/sysui_multi_action( 1846): [757,111,758,1]
09-24 03:14:00.009 I/sysui_multi_action( 1846): [757,126,758,1,759,126,927,0,928,1,1593,0]
09-24 03:14:00.009 I/sysui_multi_action( 1846): [757,113,758,1,759,113,927,1,928,1,1593,0]
09-24 03:14:00.009 I/sysui_multi_action( 1846): [757,0,758,1,759,0,927,2,928,0,1593,0]
09-24 03:14:00.009 I/sysui_multi_action( 1846): [757,0,758,1,759,0,927,3,928,0,1593,0]
09-24 03:14:00.021 I/notification_enqueue( 1472): [10081,1846,com.android.systemui,2048,NULL,0,Notification(channel=updateNotification shortcut=null contentView=null vibrate=null sound=null defaults=0x0 flags=0x0 color=0x00000000 vis=PRIVATE),1]
09-24 03:14:00.021 I/sysui_multi_action( 1846): [757,111,758,2]
09-24 03:14:00.021 I/sysui_multi_action( 1846): [757,111,758,2]
09-24 03:14:00.024 I/sysui_multi_action( 1846): [757,111,758,1]
09-24 03:14:00.024 I/sysui_multi_action( 1846): [757,126,758,1,759,126,927,0,928,1,1593,0]
09-24 03:14:00.024 I/sysui_multi_action( 1846): [757,113,758,1,759,113,927,1,928,1,1593,0]
09-24 03:14:00.024 I/sysui_multi_action( 1846): [757,0,758,1,759,0,927,2,928,0,1593,0]
09-24 03:14:00.024 I/sysui_multi_action( 1846): [757,0,758,1,759,0,927,3,928,0,1593,0]
09-24 03:14:00.024 I/sysui_multi_action( 1846): [757,1706,758,1,759,1706,927,4,928,0,1593,0]
09-24 03:14:00.024 I/sysui_multi_action( 1846): [757,491,758,1,759,491,927,5,928,0,1311,-1,1593,0]
09-24 03:14:00.024 I/sysui_multi_action( 1846): [757,0,758,1,759,0,927,6,928,0,1593,0]
09-24 03:14:00.024 I/sysui_multi_action( 1846): [757,114,758,1,759,114,927,7,928,0,1593,0]
09-24 03:14:00.024 I/sysui_multi_action( 1846): [757,268,758,1,759,268,806,com.netease.cloudmusic,871,com.netease.cloudmusic.titleservice.PlayFavoriteMusicTitleService,927,8,1593,0]
09-24 03:14:00.024 I/sysui_multi_action( 1846): [757,268,758,1,759,268,806,com.netease.cloudmusic,871,com.netease.cloudmusic.titleservice.PrivateFmTitleService,927,9,1593,0]
09-24 03:14:00.025 I/sysui_multi_action( 1846): [757,268,758,1,759,268,806,com.netease.cloudmusic,871,com.netease.cloudmusic.music.biz.voice.tileservice.PopularPodCastService,927,10,1593,0]
09-24 03:14:00.025 I/sysui_multi_action( 1846): [757,268,758,1,759,268,806,com.netease.cloudmusic,871,com.netease.cloudmusic.music.biz.voice.tileservice.ListenBookService,927,11,1593,0]
09-24 03:14:00.025 I/sysui_multi_action( 1846): [757,268,758,1,759,268,806,com.netease.cloudmusic,871,com.netease.cloudmusic.titleservice.DailyRecommandTitleService,927,12,1593,0]
09-24 03:14:00.025 I/sysui_multi_action( 1846): [757,268,758,1,759,268,806,com.netease.cloudmusic,871,com.netease.cloudmusic.music.biz.voice.tileservice.SleepAidDecompressionService,927,13,1593,0]
09-24 03:14:00.025 I/sysui_multi_action( 1846): [757,268,758,1,759,268,806,com.netease.cloudmusic,871,com.netease.cloudmusic.titleservice.PrivateRadarTitleService,927,14,1593,0]
09-24 03:14:00.025 I/sysui_multi_action( 1846): [757,268,758,1,759,268,806,com.netease.cloudmusic,871,com.netease.cloudmusic.music.biz.voice.tileservice.BroadCastService,927,15,1593,0]
09-24 03:14:00.025 I/sysui_multi_action( 1846): [757,268,758,1,759,268,806,com.qiyi.video.pad,871,org.qiyi.android.tile.SearchTileService,927,16,1593,0]
09-24 03:14:00.025 I/sysui_multi_action( 1846): [757,268,758,1,759,268,806,com.qiyi.video.pad,871,org.qiyi.android.tile.ContinueTileService,927,17,1593,0]
09-24 03:14:00.025 I/sysui_multi_action( 1846): [757,268,758,1,759,268,806,com.qiyi.video.pad,871,org.qiyi.android.tile.CaptureTileService,927,18,1593,0]
09-24 03:14:00.025 I/sysui_multi_action( 1846): [757,268,758,1,759,268,806,com.qiyi.video.pad,871,org.qiyi.android.tile.TopVideoTileService,927,19,1593,0]
09-24 03:14:00.025 I/sysui_multi_action( 1846): [757,268,758,1,759,268,806,com.qiyi.video.pad,871,org.qiyi.android.tile.EntranceTileService,927,20,1593,0]
09-24 03:14:00.025 I/sysui_multi_action( 1846): [757,268,758,1,759,268,806,com.smile.gifmaker,871,com.kwai.gifshow.post.api.feature.record.RecordQuickSettingService,927,21,1593,0]
09-24 03:14:00.025 I/sysui_multi_action( 1846): [757,268,758,1,759,268,806,com.qiyi.video.pad,871,org.qiyi.android.tile.HistoryTileService,927,22,1593,0]
09-24 03:14:00.025 I/sysui_multi_action( 1846): [757,268,758,1,759,268,806,com.qiyi.video.pad,871,org.qiyi.android.tile.SportTileService,927,23,1593,0]
09-24 03:14:00.025 I/sysui_multi_action( 1846): [757,268,758,1,759,268,806,com.tencent.news,871,com.tencent.news.tile.Tile24Hours,927,24,1593,0]
09-24 03:14:00.025 I/sysui_multi_action( 1846): [757,268,758,1,759,268,806,com.ss.android.article.news,871,com.android.bytedance.search.tile.SearchTileService,927,25,1593,0]
09-24 03:14:00.025 I/sysui_multi_action( 1846): [757,268,758,1,759,268,806,com.ss.android.ugc.aweme,871,com.ss.android.ugc.aweme.tile.PublishTileService,927,26,1593,0]
09-24 03:14:00.025 I/sysui_multi_action( 1846): [757,268,758,1,759,268,806,com.tencent.news,871,com.tencent.news.tile.TileNewsVideo,927,27,1593,0]
09-24 03:14:00.025 I/sysui_multi_action( 1846): [757,111,758,1]
09-24 03:14:00.025 I/sysui_multi_action( 1846): [757,126,758,1,759,126,927,0,928,1,1593,1]
09-24 03:14:00.025 I/sysui_multi_action( 1846): [757,113,758,1,759,113,927,1,928,1,1593,1]
09-24 03:14:00.025 I/sysui_multi_action( 1846): [757,0,758,1,759,0,927,2,928,0,1593,1]
09-24 03:14:00.025 I/sysui_multi_action( 1846): [757,0,758,1,759,0,927,3,928,0,1593,1]
09-24 03:14:00.038 I/sysui_multi_action( 1846): [757,111,758,2]
09-24 03:14:00.038 I/sysui_multi_action( 1846): [757,111,758,2]
09-24 03:14:00.040 I/notification_enqueue( 1472): [10081,1846,com.android.systemui,2048,NULL,0,Notification(channel=updateNotification shortcut=null contentView=null vibrate=null sound=null defaults=0x0 flags=0x0 color=0x00000000 vis=PRIVATE),1]
09-24 03:14:00.040 I/sysui_multi_action( 1846): [757,111,758,1]
09-24 03:14:00.040 I/sysui_multi_action( 1846): [757,126,758,1,759,126,927,0,928,1,1593,0]
09-24 03:14:00.040 I/sysui_multi_action( 1846): [757,113,758,1,759,113,927,1,928,1,1593,0]
09-24 03:14:00.040 I/sysui_multi_action( 1846): [757,0,758,1,759,0,927,2,928,0,1593,0]
09-24 03:14:00.040 I/sysui_multi_action( 1846): [757,0,758,1,759,0,927,3,928,0,1593,0]
09-24 03:14:00.040 I/sysui_multi_action( 1846): [757,1706,758,1,759,1706,927,4,928,0,1593,0]
09-24 03:14:00.041 I/sysui_multi_action( 1846): [757,491,758,1,759,491,927,5,928,0,1311,-1,1593,0]
09-24 03:14:00.041 I/sysui_multi_action( 1846): [757,0,758,1,759,0,927,6,928,0,1593,0]
09-24 03:14:00.041 I/sysui_multi_action( 1846): [757,114,758,1,759,114,927,7,928,0,1593,0]
09-24 03:14:00.041 I/sysui_multi_action( 1846): [757,268,758,1,759,268,806,com.netease.cloudmusic,871,com.netease.cloudmusic.titleservice.PlayFavoriteMusicTitleService,927,8,1593,0]
09-24 03:14:00.041 I/sysui_multi_action( 1846): [757,268,758,1,759,268,806,com.netease.cloudmusic,871,com.netease.cloudmusic.titleservice.PrivateFmTitleService,927,9,1593,0]
09-24 03:14:00.041 I/sysui_multi_action( 1846): [757,268,758,1,759,268,806,com.netease.cloudmusic,871,com.netease.cloudmusic.music.biz.voice.tileservice.PopularPodCastService,927,10,1593,0]
09-24 03:14:00.041 I/sysui_multi_action( 1846): [757,268,758,1,759,268,806,com.netease.cloudmusic,871,com.netease.cloudmusic.music.biz.voice.tileservice.ListenBookService,927,11,1593,0]
09-24 03:14:00.041 I/sysui_multi_action( 1846): [757,268,758,1,759,268,806,com.netease.cloudmusic,871,com.netease.cloudmusic.titleservice.DailyRecommandTitleService,927,12,1593,0]
09-24 03:14:00.041 I/sysui_multi_action( 1846): [757,268,758,1,759,268,806,com.netease.cloudmusic,871,com.netease.cloudmusic.music.biz.voice.tileservice.SleepAidDecompressionService,927,13,1593,0]
09-24 03:14:00.041 I/sysui_multi_action( 1846): [757,268,758,1,759,268,806,com.netease.cloudmusic,871,com.netease.cloudmusic.titleservice.PrivateRadarTitleService,927,14,1593,0]
09-24 03:14:00.041 I/sysui_multi_action( 1846): [757,268,758,1,759,268,806,com.netease.cloudmusic,871,com.netease.cloudmusic.music.biz.voice.tileservice.BroadCastService,927,15,1593,0]
09-24 03:14:00.041 I/sysui_multi_action( 1846): [757,268,758,1,759,268,806,com.qiyi.video.pad,871,org.qiyi.android.tile.SearchTileService,927,16,1593,0]
09-24 03:14:00.041 I/sysui_multi_action( 1846): [757,268,758,1,759,268,806,com.qiyi.video.pad,871,org.qiyi.android.tile.ContinueTileService,927,17,1593,0]
09-24 03:14:00.041 I/sysui_multi_action( 1846): [757,268,758,1,759,268,806,com.qiyi.video.pad,871,org.qiyi.android.tile.CaptureTileService,927,18,1593,0]
09-24 03:14:00.041 I/sysui_multi_action( 1846): [757,268,758,1,759,268,806,com.qiyi.video.pad,871,org.qiyi.android.tile.TopVideoTileService,927,19,1593,0]
09-24 03:14:00.041 I/sysui_multi_action( 1846): [757,268,758,1,759,268,806,com.qiyi.video.pad,871,org.qiyi.android.tile.EntranceTileService,927,20,1593,0]
09-24 03:14:00.041 I/sysui_multi_action( 1846): [757,268,758,1,759,268,806,com.smile.gifmaker,871,com.kwai.gifshow.post.api.feature.record.RecordQuickSettingService,927,21,1593,0]
09-24 03:14:00.041 I/sysui_multi_action( 1846): [757,268,758,1,759,268,806,com.qiyi.video.pad,871,org.qiyi.android.tile.HistoryTileService,927,22,1593,0]
09-24 03:14:00.041 I/sysui_multi_action( 1846): [757,268,758,1,759,268,806,com.qiyi.video.pad,871,org.qiyi.android.tile.SportTileService,927,23,1593,0]
09-24 03:14:00.041 I/sysui_multi_action( 1846): [757,268,758,1,759,268,806,com.tencent.news,871,com.tencent.news.tile.Tile24Hours,927,24,1593,0]
09-24 03:14:00.041 I/sysui_multi_action( 1846): [757,268,758,1,759,268,806,com.ss.android.article.news,871,com.android.bytedance.search.tile.SearchTileService,927,25,1593,0]
09-24 03:14:00.041 I/sysui_multi_action( 1846): [757,268,758,1,759,268,806,com.ss.android.ugc.aweme,871,com.ss.android.ugc.aweme.tile.PublishTileService,927,26,1593,0]
09-24 03:14:00.041 I/sysui_multi_action( 1846): [757,268,758,1,759,268,806,com.tencent.news,871,com.tencent.news.tile.TileNewsVideo,927,27,1593,0]
09-24 03:14:00.041 I/sysui_multi_action( 1846): [757,111,758,1]
09-24 03:14:00.041 I/sysui_multi_action( 1846): [757,126,758,1,759,126,927,0,928,1,1593,1]
09-24 03:14:00.041 I/sysui_multi_action( 1846): [757,113,758,1,759,113,927,1,928,1,1593,1]
09-24 03:14:00.041 I/sysui_multi_action( 1846): [757,0,758,1,759,0,927,2,928,0,1593,1]
09-24 03:14:00.042 I/sysui_multi_action( 1846): [757,0,758,1,759,0,927,3,928,0,1593,1]
09-24 03:14:00.054 I/sysui_multi_action( 1846): [757,111,758,2]
09-24 03:14:00.055 I/sysui_multi_action( 1846): [757,111,758,2]
09-24 03:14:00.055 I/notification_enqueue( 1472): [10081,1846,com.android.systemui,2048,NULL,0,Notification(channel=updateNotification shortcut=null contentView=null vibrate=null sound=null defaults=0x0 flags=0x0 color=0x00000000 vis=PRIVATE),1]
09-24 03:14:00.057 I/sysui_multi_action( 1846): [757,111,758,1]
09-24 03:14:00.057 I/sysui_multi_action( 1846): [757,126,758,1,759,126,927,0,928,1,1593,0]
09-24 03:14:00.057 I/sysui_multi_action( 1846): [757,113,758,1,759,113,927,1,928,1,1593,0]
09-24 03:14:00.057 I/sysui_multi_action( 1846): [757,0,758,1,759,0,927,2,928,0,1593,0]
09-24 03:14:00.057 I/sysui_multi_action( 1846): [757,0,758,1,759,0,927,3,928,0,1593,0]
09-24 03:14:00.057 I/sysui_multi_action( 1846): [757,1706,758,1,759,1706,927,4,928,0,1593,0]
09-24 03:14:00.057 I/sysui_multi_action( 1846): [757,491,758,1,759,491,927,5,928,0,1311,-1,1593,0]
09-24 03:14:00.057 I/sysui_multi_action( 1846): [757,0,758,1,759,0,927,6,928,0,1593,0]
09-24 03:14:00.057 I/sysui_multi_action( 1846): [757,114,758,1,759,114,927,7,928,0,1593,0]
09-24 03:14:00.057 I/sysui_multi_action( 1846): [757,268,758,1,759,268,806,com.netease.cloudmusic,871,com.netease.cloudmusic.titleservice.PlayFavoriteMusicTitleService,927,8,1593,0]
09-24 03:14:00.057 I/sysui_multi_action( 1846): [757,268,758,1,759,268,806,com.netease.cloudmusic,871,com.netease.cloudmusic.titleservice.PrivateFmTitleService,927,9,1593,0]
09-24 03:14:00.058 I/sysui_multi_action( 1846): [757,268,758,1,759,268,806,com.netease.cloudmusic,871,com.netease.cloudmusic.music.biz.voice.tileservice.PopularPodCastService,927,10,1593,0]
09-24 03:14:00.058 I/sysui_multi_action( 1846): [757,268,758,1,759,268,806,com.netease.cloudmusic,871,com.netease.cloudmusic.music.biz.voice.tileservice.ListenBookService,927,11,1593,0]
09-24 03:14:00.058 I/sysui_multi_action( 1846): [757,268,758,1,759,268,806,com.netease.cloudmusic,871,com.netease.cloudmusic.titleservice.DailyRecommandTitleService,927,12,1593,0]
09-24 03:14:00.058 I/sysui_multi_action( 1846): [757,268,758,1,759,268,806,com.netease.cloudmusic,871,com.netease.cloudmusic.music.biz.voice.tileservice.SleepAidDecompressionService,927,13,1593,0]
09-24 03:14:00.058 I/sysui_multi_action( 1846): [757,268,758,1,759,268,806,com.netease.cloudmusic,871,com.netease.cloudmusic.titleservice.PrivateRadarTitleService,927,14,1593,0]
09-24 03:14:00.058 I/sysui_multi_action( 1846): [757,268,758,1,759,268,806,com.netease.cloudmusic,871,com.netease.cloudmusic.music.biz.voice.tileservice.BroadCastService,927,15,1593,0]
09-24 03:14:00.058 I/sysui_multi_action( 1846): [757,268,758,1,759,268,806,com.qiyi.video.pad,871,org.qiyi.android.tile.SearchTileService,927,16,1593,0]
09-24 03:14:00.058 I/sysui_multi_action( 1846): [757,268,758,1,759,268,806,com.qiyi.video.pad,871,org.qiyi.android.tile.ContinueTileService,927,17,1593,0]
09-24 03:14:00.058 I/sysui_multi_action( 1846): [757,268,758,1,759,268,806,com.qiyi.video.pad,871,org.qiyi.android.tile.CaptureTileService,927,18,1593,0]
09-24 03:14:00.058 I/sysui_multi_action( 1846): [757,268,758,1,759,268,806,com.qiyi.video.pad,871,org.qiyi.android.tile.TopVideoTileService,927,19,1593,0]
09-24 03:14:00.058 I/sysui_multi_action( 1846): [757,268,758,1,759,268,806,com.qiyi.video.pad,871,org.qiyi.android.tile.EntranceTileService,927,20,1593,0]
09-24 03:14:00.058 I/sysui_multi_action( 1846): [757,268,758,1,759,268,806,com.smile.gifmaker,871,com.kwai.gifshow.post.api.feature.record.RecordQuickSettingService,927,21,1593,0]
09-24 03:14:00.058 I/sysui_multi_action( 1846): [757,268,758,1,759,268,806,com.qiyi.video.pad,871,org.qiyi.android.tile.HistoryTileService,927,22,1593,0]
09-24 03:14:00.058 I/sysui_multi_action( 1846): [757,268,758,1,759,268,806,com.qiyi.video.pad,871,org.qiyi.android.tile.SportTileService,927,23,1593,0]
09-24 03:14:00.058 I/sysui_multi_action( 1846): [757,268,758,1,759,268,806,com.tencent.news,871,com.tencent.news.tile.Tile24Hours,927,24,1593,0]
09-24 03:14:00.058 I/sysui_multi_action( 1846): [757,268,758,1,759,268,806,com.ss.android.article.news,871,com.android.bytedance.search.tile.SearchTileService,927,25,1593,0]
09-24 03:14:00.058 I/sysui_multi_action( 1846): [757,268,758,1,759,268,806,com.ss.android.ugc.aweme,871,com.ss.android.ugc.aweme.tile.PublishTileService,927,26,1593,0]
09-24 03:14:00.058 I/sysui_multi_action( 1846): [757,268,758,1,759,268,806,com.tencent.news,871,com.tencent.news.tile.TileNewsVideo,927,27,1593,0]
09-24 03:14:00.058 I/sysui_multi_action( 1846): [757,111,758,1]
09-24 03:14:00.058 I/sysui_multi_action( 1846): [757,126,758,1,759,126,927,0,928,1,1593,1]
09-24 03:14:00.058 I/sysui_multi_action( 1846): [757,113,758,1,759,113,927,1,928,1,1593,1]
09-24 03:14:00.058 I/sysui_multi_action( 1846): [757,0,758,1,759,0,927,2,928,0,1593,1]
09-24 03:14:00.058 I/sysui_multi_action( 1846): [757,0,758,1,759,0,927,3,928,0,1593,1]
09-24 03:14:00.071 I/notification_enqueue( 1472): [10081,1846,com.android.systemui,2048,NULL,0,Notification(channel=updateNotification shortcut=null contentView=null vibrate=null sound=null defaults=0x0 flags=0x0 color=0x00000000 vis=PRIVATE),1]
09-24 03:14:00.071 I/sysui_multi_action( 1846): [757,111,758,2]
09-24 03:14:00.071 I/sysui_multi_action( 1846): [757,111,758,2]
09-24 03:14:00.080 I/sysui_multi_action( 1846): [757,111,758,1]
09-24 03:14:00.080 I/sysui_multi_action( 1846): [757,126,758,1,759,126,927,0,928,1,1593,0]
09-24 03:14:00.080 I/sysui_multi_action( 1846): [757,113,758,1,759,113,927,1,928,1,1593,0]
09-24 03:14:00.080 I/sysui_multi_action( 1846): [757,0,758,1,759,0,927,2,928,0,1593,0]
09-24 03:14:00.080 I/sysui_multi_action( 1846): [757,0,758,1,759,0,927,3,928,0,1593,0]
09-24 03:14:00.080 I/sysui_multi_action( 1846): [757,1706,758,1,759,1706,927,4,928,0,1593,0]
09-24 03:14:00.080 I/sysui_multi_action( 1846): [757,491,758,1,759,491,927,5,928,0,1311,-1,1593,0]
09-24 03:14:00.080 I/sysui_multi_action( 1846): [757,0,758,1,759,0,927,6,928,0,1593,0]
09-24 03:14:00.080 I/sysui_multi_action( 1846): [757,114,758,1,759,114,927,7,928,0,1593,0]
09-24 03:14:00.080 I/sysui_multi_action( 1846): [757,268,758,1,759,268,806,com.netease.cloudmusic,871,com.netease.cloudmusic.titleservice.PlayFavoriteMusicTitleService,927,8,1593,0]
09-24 03:14:00.081 I/sysui_multi_action( 1846): [757,268,758,1,759,268,806,com.netease.cloudmusic,871,com.netease.cloudmusic.titleservice.PrivateFmTitleService,927,9,1593,0]
09-24 03:14:00.081 I/sysui_multi_action( 1846): [757,268,758,1,759,268,806,com.netease.cloudmusic,871,com.netease.cloudmusic.music.biz.voice.tileservice.PopularPodCastService,927,10,1593,0]
09-24 03:14:00.081 I/sysui_multi_action( 1846): [757,268,758,1,759,268,806,com.netease.cloudmusic,871,com.netease.cloudmusic.music.biz.voice.tileservice.ListenBookService,927,11,1593,0]
09-24 03:14:00.081 I/sysui_multi_action( 1846): [757,268,758,1,759,268,806,com.netease.cloudmusic,871,com.netease.cloudmusic.titleservice.DailyRecommandTitleService,927,12,1593,0]
09-24 03:14:00.081 I/sysui_multi_action( 1846): [757,268,758,1,759,268,806,com.netease.cloudmusic,871,com.netease.cloudmusic.music.biz.voice.tileservice.SleepAidDecompressionService,927,13,1593,0]
09-24 03:14:00.081 I/sysui_multi_action( 1846): [757,268,758,1,759,268,806,com.netease.cloudmusic,871,com.netease.cloudmusic.titleservice.PrivateRadarTitleService,927,14,1593,0]
09-24 03:14:00.081 I/sysui_multi_action( 1846): [757,268,758,1,759,268,806,com.netease.cloudmusic,871,com.netease.cloudmusic.music.biz.voice.tileservice.BroadCastService,927,15,1593,0]
09-24 03:14:00.081 I/sysui_multi_action( 1846): [757,268,758,1,759,268,806,com.qiyi.video.pad,871,org.qiyi.android.tile.SearchTileService,927,16,1593,0]
09-24 03:14:00.081 I/sysui_multi_action( 1846): [757,268,758,1,759,268,806,com.qiyi.video.pad,871,org.qiyi.android.tile.ContinueTileService,927,17,1593,0]
09-24 03:14:00.081 I/sysui_multi_action( 1846): [757,268,758,1,759,268,806,com.qiyi.video.pad,871,org.qiyi.android.tile.CaptureTileService,927,18,1593,0]
09-24 03:14:00.081 I/sysui_multi_action( 1846): [757,268,758,1,759,268,806,com.qiyi.video.pad,871,org.qiyi.android.tile.TopVideoTileService,927,19,1593,0]
09-24 03:14:00.081 I/sysui_multi_action( 1846): [757,268,758,1,759,268,806,com.qiyi.video.pad,871,org.qiyi.android.tile.EntranceTileService,927,20,1593,0]
09-24 03:14:00.081 I/sysui_multi_action( 1846): [757,268,758,1,759,268,806,com.smile.gifmaker,871,com.kwai.gifshow.post.api.feature.record.RecordQuickSettingService,927,21,1593,0]
09-24 03:14:00.081 I/sysui_multi_action( 1846): [757,268,758,1,759,268,806,com.qiyi.video.pad,871,org.qiyi.android.tile.HistoryTileService,927,22,1593,0]
09-24 03:14:00.081 I/sysui_multi_action( 1846): [757,268,758,1,759,268,806,com.qiyi.video.pad,871,org.qiyi.android.tile.SportTileService,927,23,1593,0]
09-24 03:14:00.081 I/sysui_multi_action( 1846): [757,268,758,1,759,268,806,com.tencent.news,871,com.tencent.news.tile.Tile24Hours,927,24,1593,0]
09-24 03:14:00.081 I/sysui_multi_action( 1846): [757,268,758,1,759,268,806,com.ss.android.article.news,871,com.android.bytedance.search.tile.SearchTileService,927,25,1593,0]
09-24 03:14:00.081 I/sysui_multi_action( 1846): [757,268,758,1,759,268,806,com.ss.android.ugc.aweme,871,com.ss.android.ugc.aweme.tile.PublishTileService,927,26,1593,0]
09-24 03:14:00.081 I/sysui_multi_action( 1846): [757,268,758,1,759,268,806,com.tencent.news,871,com.tencent.news.tile.TileNewsVideo,927,27,1593,0]
09-24 03:14:00.081 I/sysui_multi_action( 1846): [757,111,758,1]
09-24 03:14:00.081 I/sysui_multi_action( 1846): [757,126,758,1,759,126,927,0,928,1,1593,1]
09-24 03:14:00.081 I/sysui_multi_action( 1846): [757,113,758,1,759,113,927,1,928,1,1593,1]
09-24 03:14:00.081 I/sysui_multi_action( 1846): [757,0,758,1,759,0,927,2,928,0,1593,1]
09-24 03:14:00.081 I/sysui_multi_action( 1846): [757,0,758,1,759,0,927,3,928,0,1593,1]
09-24 03:14:00.092 I/notification_enqueue( 1472): [10081,1846,com.android.systemui,2048,NULL,0,Notification(channel=updateNotification shortcut=null contentView=null vibrate=null sound=null defaults=0x0 flags=0x0 color=0x00000000 vis=PRIVATE),1]
09-24 03:14:00.092 I/sysui_multi_action( 1846): [757,111,758,2]
09-24 03:14:00.092 I/sysui_multi_action( 1846): [757,111,758,2]
09-24 03:14:00.093 I/sysui_multi_action( 1472): [757,127,758,2]
09-24 03:14:00.093 I/notification_panel_hidden( 1472):
09-24 03:14:00.102 I/sysui_multi_action( 1846): [757,111,758,1]
09-24 03:14:00.102 I/sysui_multi_action( 1846): [757,126,758,1,759,126,927,0,928,1,1593,0]
09-24 03:14:00.102 I/sysui_multi_action( 1846): [757,113,758,1,759,113,927,1,928,1,1593,0]
09-24 03:14:00.102 I/sysui_multi_action( 1846): [757,0,758,1,759,0,927,2,928,0,1593,0]
09-24 03:14:00.102 I/sysui_multi_action( 1846): [757,0,758,1,759,0,927,3,928,0,1593,0]
09-24 03:14:00.102 I/sysui_multi_action( 1846): [757,1706,758,1,759,1706,927,4,928,0,1593,0]
09-24 03:14:00.102 I/sysui_multi_action( 1846): [757,491,758,1,759,491,927,5,928,0,1311,-1,1593,0]
09-24 03:14:00.102 I/sysui_multi_action( 1846): [757,0,758,1,759,0,927,6,928,0,1593,0]
09-24 03:14:00.102 I/sysui_multi_action( 1846): [757,114,758,1,759,114,927,7,928,0,1593,0]
09-24 03:14:00.102 I/sysui_multi_action( 1846): [757,268,758,1,759,268,806,com.netease.cloudmusic,871,com.netease.cloudmusic.titleservice.PlayFavoriteMusicTitleService,927,8,1593,0]
09-24 03:14:00.102 I/sysui_multi_action( 1846): [757,268,758,1,759,268,806,com.netease.cloudmusic,871,com.netease.cloudmusic.titleservice.PrivateFmTitleService,927,9,1593,0]
09-24 03:14:00.102 I/sysui_multi_action( 1846): [757,268,758,1,759,268,806,com.netease.cloudmusic,871,com.netease.cloudmusic.music.biz.voice.tileservice.PopularPodCastService,927,10,1593,0]
09-24 03:14:00.102 I/sysui_multi_action( 1846): [757,268,758,1,759,268,806,com.netease.cloudmusic,871,com.netease.cloudmusic.music.biz.voice.tileservice.ListenBookService,927,11,1593,0]
09-24 03:14:00.103 I/sysui_multi_action( 1846): [757,268,758,1,759,268,806,com.netease.cloudmusic,871,com.netease.cloudmusic.titleservice.DailyRecommandTitleService,927,12,1593,0]
09-24 03:14:00.103 I/sysui_multi_action( 1846): [757,268,758,1,759,268,806,com.netease.cloudmusic,871,com.netease.cloudmusic.music.biz.voice.tileservice.SleepAidDecompressionService,927,13,1593,0]
09-24 03:14:00.103 I/sysui_multi_action( 1846): [757,268,758,1,759,268,806,com.netease.cloudmusic,871,com.netease.cloudmusic.titleservice.PrivateRadarTitleService,927,14,1593,0]
09-24 03:14:00.103 I/sysui_multi_action( 1846): [757,268,758,1,759,268,806,com.netease.cloudmusic,871,com.netease.cloudmusic.music.biz.voice.tileservice.BroadCastService,927,15,1593,0]
09-24 03:14:00.103 I/sysui_multi_action( 1846): [757,268,758,1,759,268,806,com.qiyi.video.pad,871,org.qiyi.android.tile.SearchTileService,927,16,1593,0]
09-24 03:14:00.103 I/sysui_multi_action( 1846): [757,268,758,1,759,268,806,com.qiyi.video.pad,871,org.qiyi.android.tile.ContinueTileService,927,17,1593,0]
09-24 03:14:00.103 I/sysui_multi_action( 1846): [757,268,758,1,759,268,806,com.qiyi.video.pad,871,org.qiyi.android.tile.CaptureTileService,927,18,1593,0]
09-24 03:14:00.103 I/sysui_multi_action( 1846): [757,268,758,1,759,268,806,com.qiyi.video.pad,871,org.qiyi.android.tile.TopVideoTileService,927,19,1593,0]
09-24 03:14:00.103 I/sysui_multi_action( 1846): [757,268,758,1,759,268,806,com.qiyi.video.pad,871,org.qiyi.android.tile.EntranceTileService,927,20,1593,0]
09-24 03:14:00.103 I/sysui_multi_action( 1846): [757,268,758,1,759,268,806,com.smile.gifmaker,871,com.kwai.gifshow.post.api.feature.record.RecordQuickSettingService,927,21,1593,0]
09-24 03:14:00.103 I/sysui_multi_action( 1846): [757,268,758,1,759,268,806,com.qiyi.video.pad,871,org.qiyi.android.tile.HistoryTileService,927,22,1593,0]
09-24 03:14:00.103 I/sysui_multi_action( 1846): [757,268,758,1,759,268,806,com.qiyi.video.pad,871,org.qiyi.android.tile.SportTileService,927,23,1593,0]
09-24 03:14:00.103 I/sysui_multi_action( 1846): [757,268,758,1,759,268,806,com.tencent.news,871,com.tencent.news.tile.Tile24Hours,927,24,1593,0]
09-24 03:14:00.103 I/sysui_multi_action( 1846): [757,268,758,1,759,268,806,com.ss.android.article.news,871,com.android.bytedance.search.tile.SearchTileService,927,25,1593,0]
09-24 03:14:00.103 I/sysui_multi_action( 1846): [757,268,758,1,759,268,806,com.ss.android.ugc.aweme,871,com.ss.android.ugc.aweme.tile.PublishTileService,927,26,1593,0]
09-24 03:14:00.103 I/sysui_multi_action( 1846): [757,268,758,1,759,268,806,com.tencent.news,871,com.tencent.news.tile.TileNewsVideo,927,27,1593,0]
09-24 03:14:00.103 I/sysui_multi_action( 1846): [757,111,758,1]
09-24 03:14:00.103 I/sysui_multi_action( 1846): [757,126,758,1,759,126,927,0,928,1,1593,1]
09-24 03:14:00.103 I/sysui_multi_action( 1846): [757,113,758,1,759,113,927,1,928,1,1593,1]
09-24 03:14:00.103 I/sysui_multi_action( 1846): [757,0,758,1,759,0,927,2,928,0,1593,1]
09-24 03:14:00.103 I/sysui_multi_action( 1846): [757,0,758,1,759,0,927,3,928,0,1593,1]
09-24 03:14:00.105 I/input_focus( 1472): [Focus leaving 818159c NotificationShade (server),reason=NO_WINDOW]
09-24 03:14:00.274 I/wm_task_moved( 1472): [115,1,8]
09-24 03:14:00.275 I/wm_focused_root_task( 1472): [0,0,115,121,startActivityFromRecents]
09-24 03:14:00.275 I/wm_on_top_resumed_lost_called( 4383): [256617940,com.android.settings.Settings,topStateChangedWhenResumed]
09-24 03:14:00.306 I/wm_task_moved( 1472): [73,1,8]
09-24 03:14:00.306 I/wm_task_to_front( 1472): [0,73]
09-24 03:14:00.306 I/wm_focused_root_task( 1472): [0,0,73,115,reuseOrNewTask]
09-24 03:14:00.306 I/wm_create_activity( 1472): [0,139887304,73,com.netease.cloudmusic/.activity.LoadingActivity,android.intent.action.MAIN,NULL,NULL,269484032]
09-24 03:14:00.307 I/wm_pause_activity( 1472): [0,256617940,com.android.settings/.Settings,userLeaving=true,pauseBackTasks]
09-24 03:14:00.308 I/input_focus( 1472): [Focus request 258de5e com.android.launcher3/com.android.launcher3.uioverrides.QuickstepLauncher,reason=UpdateInputWindows]
09-24 03:14:00.309 I/sysui_multi_action( 4383): [757,35,758,2,1089,28328]
09-24 03:14:00.309 I/sysui_multi_action( 4383): [757,1381,758,2,1089,8834]
09-24 03:14:00.309 I/wm_on_paused_called( 4383): [256617940,com.android.settings.Settings,performPause]
09-24 03:14:00.310 I/wm_add_to_stopping( 1472): [0,256617940,com.android.settings/.Settings,makeInvisible]
09-24 03:14:00.314 I/wm_restart_activity( 1472): [0,139887304,73,com.netease.cloudmusic/.activity.LoadingActivity]
09-24 03:14:00.315 I/wm_set_resumed_activity( 1472): [0,com.netease.cloudmusic/.activity.LoadingActivity,minimalResumeActivityLocked]
09-24 03:14:00.317 I/am_uid_active( 1472): 10096
09-24 03:14:00.319 I/sysui_multi_action( 1472): [757,803,799,window_time_0,802,28]
09-24 03:14:00.327 I/input_focus( 1472): [Focus entering 258de5e com.android.launcher3/com.android.launcher3.uioverrides.QuickstepLauncher (server),reason=setFocusedWindow]
09-24 03:14:00.349 I/am_pss ( 1472): [29070,10062,com.android.music,7127040,4751360,65536,85508096,0,19,6]
09-24 03:14:00.356 I/am_pss ( 1472): [29069,10069,com.android.gallery3d,8174592,5701632,65536,88358912,0,19,5]
09-24 03:14:00.362 I/am_pss ( 1472): [29068,10031,com.android.documentsui,13006848,9883648,65536,100593664,0,19,5]
09-24 03:14:00.370 I/wm_on_create_called( 5049): [139887304,com.netease.cloudmusic.activity.LoadingActivity,performCreate]
09-24 03:14:00.382 I/wm_task_moved( 1472): [115,0,6]
09-24 03:14:00.383 I/wm_add_to_stopping( 1472): [0,196649408,com.android.launcher3/.uioverrides.QuickstepLauncher,makeInvisible]
09-24 03:14:00.385 I/wm_stop_activity( 1472): [0,196649408,com.android.launcher3/.uioverrides.QuickstepLauncher]
09-24 03:14:00.385 I/wm_stop_activity( 1472): [0,256617940,com.android.settings/.Settings]
09-24 03:14:00.396 I/wm_on_stop_called( 4383): [256617940,com.android.settings.Settings,STOP_ACTIVITY_ITEM]
09-24 03:14:00.398 I/wm_on_stop_called( 2335): [196649408,com.android.launcher3.uioverrides.QuickstepLauncher,STOP_ACTIVITY_ITEM]
09-24 03:14:00.405 I/input_focus( 1472): [Focus leaving 258de5e com.android.launcher3/com.android.launcher3.uioverrides.QuickstepLauncher (server),reason=NO_WINDOW]
09-24 03:14:00.413 I/configuration_changed( 1472): 536872064
09-24 03:14:00.435 I/service_manager_slow( 1472): [12,platform_compat]
09-24 03:14:00.439 I/service_manager_stats( 1472): [100,63,177460]
09-24 03:14:00.439 I/sysui_multi_action( 1472): [757,1659,758,4,759,1,1660,0]
09-24 03:14:00.484 I/service_manager_stats( 5049): [200,159,12973973]
09-24 03:14:00.484 I/wm_on_start_called( 5049): [139887304,com.netease.cloudmusic.activity.LoadingActivity,handleStartActivity]
09-24 03:14:00.509 I/wm_on_resume_called( 5049): [139887304,com.netease.cloudmusic.activity.LoadingActivity,RESUME_ACTIVITY]
09-24 03:14:00.526 I/wm_on_top_resumed_gained_called( 5049): [139887304,com.netease.cloudmusic.activity.LoadingActivity,topStateChangedWhenResumed]
09-24 03:14:00.560 I/input_focus( 1472): [Focus request c2492b8 com.netease.cloudmusic/com.netease.cloudmusic.activity.LoadingActivity,reason=UpdateInputWindows]
09-24 03:14:00.607 I/input_focus( 1472): [Focus entering c2492b8 com.netease.cloudmusic/com.netease.cloudmusic.activity.LoadingActivity (server),reason=Window became focusable. Previous reason: NOT_VISIBLE]
09-24 03:14:00.622 I/sysui_multi_action( 1472): [319,96,321,95,322,325,325,12973,757,761,758,8,759,1,806,com.netease.cloudmusic,871,com.netease.cloudmusic.activity.LoadingActivity,904,com.android.packageinstaller,905,0,1320,21,1321,5]
09-24 03:14:00.622 I/sysui_multi_action( 1846): [757,111,758,2]
09-24 03:14:00.623 I/sysui_multi_action( 1846): [757,111,758,2]
09-24 03:14:00.624 I/notification_enqueue( 1472): [10081,1846,com.android.systemui,2048,NULL,0,Notification(channel=updateNotification shortcut=null contentView=null vibrate=null sound=null defaults=0x0 flags=0x0 color=0x00000000 vis=PRIVATE),1]
09-24 03:14:00.624 I/wm_activity_launch_time( 1472): [0,139887304,com.netease.cloudmusic/.activity.LoadingActivity,325]
09-24 03:14:00.652 I/sysui_multi_action( 1846): [757,111,758,1]
09-24 03:14:00.652 I/sysui_multi_action( 1846): [757,126,758,1,759,126,927,0,928,1,1593,0]
09-24 03:14:00.652 I/sysui_multi_action( 1846): [757,113,758,1,759,113,927,1,928,1,1593,0]
09-24 03:14:00.652 I/sysui_multi_action( 1846): [757,0,758,1,759,0,927,2,928,0,1593,0]
09-24 03:14:00.652 I/sysui_multi_action( 1846): [757,0,758,1,759,0,927,3,928,0,1593,0]
09-24 03:14:00.653 I/sysui_multi_action( 1846): [757,1706,758,1,759,1706,927,4,928,0,1593,0]
09-24 03:14:00.653 I/sysui_multi_action( 1846): [757,491,758,1,759,491,927,5,928,0,1311,-1,1593,0]
09-24 03:14:00.653 I/sysui_multi_action( 1846): [757,0,758,1,759,0,927,6,928,0,1593,0]
09-24 03:14:00.653 I/sysui_multi_action( 1846): [757,114,758,1,759,114,927,7,928,0,1593,0]
09-24 03:14:00.653 I/sysui_multi_action( 1846): [757,268,758,1,759,268,806,com.netease.cloudmusic,871,com.netease.cloudmusic.titleservice.PlayFavoriteMusicTitleService,927,8,1593,0]
09-24 03:14:00.653 I/sysui_multi_action( 1846): [757,268,758,1,759,268,806,com.netease.cloudmusic,871,com.netease.cloudmusic.titleservice.PrivateFmTitleService,927,9,1593,0]
09-24 03:14:00.653 I/sysui_multi_action( 1846): [757,268,758,1,759,268,806,com.netease.cloudmusic,871,com.netease.cloudmusic.music.biz.voice.tileservice.PopularPodCastService,927,10,1593,0]
09-24 03:14:00.653 I/sysui_multi_action( 1846): [757,268,758,1,759,268,806,com.netease.cloudmusic,871,com.netease.cloudmusic.music.biz.voice.tileservice.ListenBookService,927,11,1593,0]
09-24 03:14:00.653 I/sysui_multi_action( 1846): [757,268,758,1,759,268,806,com.netease.cloudmusic,871,com.netease.cloudmusic.titleservice.DailyRecommandTitleService,927,12,1593,0]
09-24 03:14:00.653 I/sysui_multi_action( 1846): [757,268,758,1,759,268,806,com.netease.cloudmusic,871,com.netease.cloudmusic.music.biz.voice.tileservice.SleepAidDecompressionService,927,13,1593,0]
09-24 03:14:00.653 I/sysui_multi_action( 1846): [757,268,758,1,759,268,806,com.netease.cloudmusic,871,com.netease.cloudmusic.titleservice.PrivateRadarTitleService,927,14,1593,0]
09-24 03:14:00.653 I/sysui_multi_action( 1846): [757,268,758,1,759,268,806,com.netease.cloudmusic,871,com.netease.cloudmusic.music.biz.voice.tileservice.BroadCastService,927,15,1593,0]
09-24 03:14:00.653 I/sysui_multi_action( 1846): [757,268,758,1,759,268,806,com.qiyi.video.pad,871,org.qiyi.android.tile.SearchTileService,927,16,1593,0]
09-24 03:14:00.653 I/sysui_multi_action( 1846): [757,268,758,1,759,268,806,com.qiyi.video.pad,871,org.qiyi.android.tile.ContinueTileService,927,17,1593,0]
09-24 03:14:00.653 I/sysui_multi_action( 1846): [757,268,758,1,759,268,806,com.qiyi.video.pad,871,org.qiyi.android.tile.CaptureTileService,927,18,1593,0]
09-24 03:14:00.653 I/sysui_multi_action( 1846): [757,268,758,1,759,268,806,com.qiyi.video.pad,871,org.qiyi.android.tile.TopVideoTileService,927,19,1593,0]
09-24 03:14:00.653 I/sysui_multi_action( 1846): [757,268,758,1,759,268,806,com.qiyi.video.pad,871,org.qiyi.android.tile.EntranceTileService,927,20,1593,0]
09-24 03:14:00.653 I/sysui_multi_action( 1846): [757,268,758,1,759,268,806,com.smile.gifmaker,871,com.kwai.gifshow.post.api.feature.record.RecordQuickSettingService,927,21,1593,0]
09-24 03:14:00.654 I/sysui_multi_action( 1846): [757,268,758,1,759,268,806,com.qiyi.video.pad,871,org.qiyi.android.tile.HistoryTileService,927,22,1593,0]
09-24 03:14:00.654 I/sysui_multi_action( 1846): [757,268,758,1,759,268,806,com.qiyi.video.pad,871,org.qiyi.android.tile.SportTileService,927,23,1593,0]
09-24 03:14:00.654 I/sysui_multi_action( 1846): [757,268,758,1,759,268,806,com.tencent.news,871,com.tencent.news.tile.Tile24Hours,927,24,1593,0]
09-24 03:14:00.654 I/sysui_multi_action( 1846): [757,268,758,1,759,268,806,com.ss.android.article.news,871,com.android.bytedance.search.tile.SearchTileService,927,25,1593,0]
09-24 03:14:00.654 I/sysui_multi_action( 1846): [757,268,758,1,759,268,806,com.ss.android.ugc.aweme,871,com.ss.android.ugc.aweme.tile.PublishTileService,927,26,1593,0]
09-24 03:14:00.654 I/sysui_multi_action( 1846): [757,268,758,1,759,268,806,com.tencent.news,871,com.tencent.news.tile.TileNewsVideo,927,27,1593,0]
09-24 03:14:00.654 I/sysui_multi_action( 1846): [757,111,758,1]
09-24 03:14:00.654 I/sysui_multi_action( 1846): [757,126,758,1,759,126,927,0,928,1,1593,0]
09-24 03:14:00.654 I/sysui_multi_action( 1846): [757,113,758,1,759,113,927,1,928,1,1593,0]
09-24 03:14:00.654 I/sysui_multi_action( 1846): [757,0,758,1,759,0,927,2,928,0,1593,0]
09-24 03:14:00.654 I/sysui_multi_action( 1846): [757,0,758,1,759,0,927,3,928,0,1593,0]
09-24 03:14:01.630 I/input_interaction( 1472): Interaction with: c2492b8 com.netease.cloudmusic/com.netease.cloudmusic.activity.LoadingActivity (server), edge-swipe (server), swipe-up (server), PointerEventDispatcher0 (server),
09-24 03:14:01.635 I/sysui_multi_action( 1472): [757,803,799,window_time_0,802,2]
09-24 03:14:02.407 I/auditd ( 5049): type=1400 audit(0.0:2507): avc: granted { nlmsg_readpriv } for comm="pool-8-thread-1" scontext=u:r:untrusted_app_29:s0:c96,c256,c512,c768 tcontext=u:r:untrusted_app_29:s0:c96,c256,c512,c768 tclass=netlink_route_socket app=com.netease.cloudmusic
09-24 03:14:03.039 I/view_enqueue_input_event( 5049): [Motion - Cancel,com.netease.cloudmusic/com.netease.cloudmusic.activity.LoadingActivity]
09-24 03:14:03.051 I/input_interaction( 1472): Interaction with: edge-swipe (server), swipe-up (server), PointerEventDispatcher0 (server),
09-24 03:14:03.328 I/sysui_multi_action( 1472): [757,803,799,key_back_press,802,1]
09-24 03:14:03.333 I/input_interaction( 1472): Interaction with: c2492b8 com.netease.cloudmusic/com.netease.cloudmusic.activity.LoadingActivity (server), PointerEventDispatcher0 (server),
09-24 03:14:03.340 I/wm_task_moved( 1472): [73,0,0]
09-24 03:14:03.343 I/wm_focused_root_task( 1472): [0,0,121,73,moveTaskToBackLocked]
09-24 03:14:03.344 I/wm_on_top_resumed_lost_called( 5049): [139887304,com.netease.cloudmusic.activity.LoadingActivity,topStateChangedWhenResumed]
09-24 03:14:03.345 I/wm_add_to_stopping( 1472): [0,139887304,com.netease.cloudmusic/.activity.LoadingActivity,makeInvisible]
09-24 03:14:03.398 I/configuration_changed( 1472): 536871936
09-24 03:14:03.423 I/wm_set_resumed_activity( 1472): [0,com.android.settings/.Settings,resumeTopActivityInnerLocked]
09-24 03:14:03.427 I/wm_resume_activity( 1472): [0,256617940,121,com.android.settings/.Settings]
09-24 03:14:03.446 I/am_kill ( 1472): [0,5049,com.netease.cloudmusic,900,resetConfig]
09-24 03:14:03.459 I/am_schedule_service_restart( 1472): [0,com.netease.cloudmusic/org.chromium.url.WowIPCService,1000]
09-24 03:14:03.459 I/am_schedule_service_restart( 1472): [0,com.netease.cloudmusic/.push.GeTuiIntentService,11000]
09-24 03:14:03.459 I/am_schedule_service_restart( 1472): [0,com.netease.cloudmusic/com.netease.android.extension.servicekeeper.service.ipc.server.IPCCommunicationAndroidService,21000]
09-24 03:14:03.467 I/wm_on_restart_called( 4383): [256617940,com.android.settings.Settings,performRestartActivity]
09-24 03:14:03.472 I/wm_on_start_called( 4383): [256617940,com.android.settings.Settings,handleStartActivity]
09-24 03:14:03.473 I/snet_event_log( 4383): [120484087,-1,]
09-24 03:14:03.474 I/wm_on_resume_called( 4383): [256617940,com.android.settings.Settings,RESUME_ACTIVITY]
09-24 03:14:03.475 I/sysui_multi_action( 4383): [757,35,758,1,833,0,1089,0]
09-24 03:14:03.476 I/sysui_multi_action( 4383): [757,1381,758,1,833,0,1089,0]
09-24 03:14:03.477 I/wm_on_top_resumed_gained_called( 4383): [256617940,com.android.settings.Settings,topStateChangedWhenResumed]
09-24 03:14:03.489 I/input_focus( 1472): [Focus request f2c54b8 com.android.settings/com.android.settings.Settings,reason=UpdateInputWindows]
09-24 03:14:03.507 I/wm_relaunch_resume_activity( 1472): [0,256617940,121,com.android.settings/.Settings]
09-24 03:14:03.543 I/wm_on_top_resumed_lost_called( 4383): [256617940,com.android.settings.Settings,pausing]
09-24 03:14:03.543 I/sysui_multi_action( 4383): [757,35,758,2,1089,68]
09-24 03:14:03.543 I/sysui_multi_action( 4383): [757,1381,758,2,1089,68]
09-24 03:14:03.543 I/wm_on_paused_called( 4383): [256617940,com.android.settings.Settings,performPause]
09-24 03:14:03.545 I/wm_on_stop_called( 4383): [256617940,com.android.settings.Settings,handleRelaunchActivity]
09-24 03:14:03.549 I/wm_on_destroy_called( 4383): [256617940,com.android.settings.Settings,performDestroy]
09-24 03:14:03.558 I/sysui_multi_action( 1472): [324,1,757,1090,758,13,806,com.android.settings,871,com.android.settings.Settings,1091,31628]
09-24 03:14:03.606 I/wm_on_create_called( 4383): [256617940,com.android.settings.Settings,performCreate]
09-24 03:14:03.606 I/am_uid_running( 1472): 10082
09-24 03:14:03.614 I/am_proc_start( 1472): [0,29405,10082,com.qualcomm.qti.qccauthmgr,content provider,{com.qualcomm.qti.qccauthmgr/com.qualcomm.qti.qccauthmgr.providers.SMQContentProvider}]
09-24 03:14:03.633 I/wm_on_start_called( 4383): [256617940,com.android.settings.Settings,handleStartActivity]
09-24 03:14:03.633 I/snet_event_log( 4383): [120484087,-1,]
09-24 03:14:03.634 I/wm_on_resume_called( 4383): [256617940,com.android.settings.Settings,RESUME_ACTIVITY]
09-24 03:14:03.634 I/sysui_multi_action( 4383): [757,1381,758,1,833,0,1089,44]
09-24 03:14:03.634 I/am_proc_bound( 1472): [0,29405,com.qualcomm.qti.qccauthmgr]
09-24 03:14:03.634 I/sysui_multi_action( 4383): [757,1729,758,4,854,isParalleledControllers:false,1089,44]
09-24 03:14:03.634 I/sysui_multi_action( 4383): [757,35,758,1,833,0,1089,21]
09-24 03:14:03.635 I/sysui_multi_action( 4383): [757,1729,758,4,854,isParalleledControllers:false,1089,21]
09-24 03:14:03.637 I/am_uid_active( 1472): 10082
09-24 03:14:03.639 I/wm_on_top_resumed_gained_called( 4383): [256617940,com.android.settings.Settings,topWhenResuming]
09-24 03:14:03.644 I/am_proc_start( 1472): [0,29422,10096,com.netease.cloudmusic,service,{com.netease.cloudmusic/com.netease.android.extension.servicekeeper.service.ipc.server.IPCCommunicationAndroidService}]
09-24 03:14:03.657 I/am_proc_bound( 1472): [0,29422,com.netease.cloudmusic]
09-24 03:14:03.671 I/input_focus( 1472): [Focus request 7d5f372 com.android.settings/com.android.settings.Settings,reason=UpdateInputWindows]
09-24 03:14:03.697 I/input_focus( 1472): [Focus entering 7d5f372 com.android.settings/com.android.settings.Settings (server),reason=setFocusedWindow]
09-24 03:14:03.888 I/configuration_changed( 1472): 536872064
09-24 03:14:03.908 I/sysui_multi_action( 1472): [757,1659,758,4,759,2,1660,0]
09-24 03:14:03.908 I/wm_relaunch_resume_activity( 1472): [0,256617940,121,com.android.settings/.Settings]
09-24 03:14:03.912 I/wm_on_top_resumed_lost_called( 4383): [256617940,com.android.settings.Settings,pausing]
09-24 03:14:03.912 I/sysui_multi_action( 4383): [757,1381,758,2,1089,279]
09-24 03:14:03.913 I/sysui_multi_action( 4383): [757,35,758,2,1089,278]
09-24 03:14:03.913 I/wm_on_paused_called( 4383): [256617940,com.android.settings.Settings,performPause]
09-24 03:14:03.926 I/wm_on_stop_called( 4383): [256617940,com.android.settings.Settings,handleRelaunchActivity]
09-24 03:14:03.928 I/wm_on_destroy_called( 4383): [256617940,com.android.settings.Settings,performDestroy]
09-24 03:14:03.978 I/wm_on_create_called( 4383): [256617940,com.android.settings.Settings,performCreate]
09-24 03:14:03.994 I/wm_on_start_called( 4383): [256617940,com.android.settings.Settings,handleStartActivity]
09-24 03:14:03.994 I/snet_event_log( 4383): [120484087,-1,]
09-24 03:14:03.995 I/wm_on_resume_called( 4383): [256617940,com.android.settings.Settings,RESUME_ACTIVITY]
09-24 03:14:03.995 I/sysui_multi_action( 4383): [757,1381,758,1,833,0,1089,35]
09-24 03:14:03.995 I/sysui_multi_action( 4383): [757,1729,758,4,854,isParalleledControllers:false,1089,36]
09-24 03:14:03.996 I/sysui_multi_action( 4383): [757,35,758,1,833,0,1089,11]
09-24 03:14:03.996 I/sysui_multi_action( 4383): [757,1729,758,4,854,isParalleledControllers:false,1089,11]
09-24 03:14:03.997 I/wm_on_top_resumed_gained_called( 4383): [256617940,com.android.settings.Settings,topWhenResuming]
09-24 03:14:04.027 I/input_focus( 1472): [Focus request 590f61a com.android.settings/com.android.settings.Settings,reason=UpdateInputWindows]
09-24 03:14:04.052 I/input_focus( 1472): [Focus entering 590f61a com.android.settings/com.android.settings.Settings (server),reason=setFocusedWindow]
09-24 03:14:04.379 I/auditd (29422): type=1400 audit(0.0:2508): avc: granted { bind } for comm="DnsConfigServic" scontext=u:r:untrusted_app_29:s0:c96,c256,c512,c768 tcontext=u:r:untrusted_app_29:s0:c96,c256,c512,c768 tclass=netlink_route_socket app=com.netease.cloudmusic
09-24 03:14:04.383 I/auditd (29507): type=1400 audit(0.0:2509): avc: granted { bind } for comm="ip" scontext=u:r:untrusted_app_29:s0:c96,c256,c512,c768 tcontext=u:r:untrusted_app_29:s0:c96,c256,c512,c768 tclass=netlink_route_socket
09-24 03:14:04.383 I/auditd (29507): type=1400 audit(0.0:2510): avc: granted { nlmsg_readpriv } for comm="ip" scontext=u:r:untrusted_app_29:s0:c96,c256,c512,c768 tcontext=u:r:untrusted_app_29:s0:c96,c256,c512,c768 tclass=netlink_route_socket
09-24 03:14:04.383 I/auditd (29422): type=1400 audit(0.0:2511): avc: granted { nlmsg_readpriv } for comm="DnsConfigServic" scontext=u:r:untrusted_app_29:s0:c96,c256,c512,c768 tcontext=u:r:untrusted_app_29:s0:c96,c256,c512,c768 tclass=netlink_route_socket app=com.netease.cloudmusic
09-24 03:14:04.415 I/auditd (29522): type=1400 audit(0.0:2512): avc: granted { bind } for comm="ip" scontext=u:r:untrusted_app_29:s0:c96,c256,c512,c768 tcontext=u:r:untrusted_app_29:s0:c96,c256,c512,c768 tclass=netlink_route_socket app=com.netease.cloudmusic
09-24 03:14:04.646 I/am_proc_start( 1472): [0,29579,10096,com.netease.cloudmusic:browser,service,{com.netease.cloudmusic/com.netease.cloudmusic.module.webview.BrowserPreService}]
09-24 03:14:04.680 I/am_proc_bound( 1472): [0,29579,com.netease.cloudmusic:browser]
09-24 03:14:05.512 I/am_uid_running( 1472): 99001
09-24 03:14:05.529 I/am_proc_start( 1472): [0,29707,99001,com.android.webview:sandboxed_process0:org.chromium.content.app.SandboxedProcessService0:0,,{com.netease.cloudmusic/org.chromium.content.app.SandboxedProcessService0:0}]
09-24 03:14:05.552 I/am_proc_bound( 1472): [0,29707,com.android.webview:sandboxed_process0:org.chromium.content.app.SandboxedProcessService0:0]
09-24 03:14:05.586 I/auditd ( 512): avc: denied { find } for pid=29707 uid=99001 name=content_capture scontext=u:r:isolated_app:s0:c512,c768 tcontext=u:object_r:content_capture_service:s0 tclass=service_manager permissive=0
09-24 03:14:05.707 I/input_interaction( 1472): Interaction with: 590f61a com.android.settings/com.android.settings.Settings (server), edge-swipe (server), swipe-up (server), PointerEventDispatcher0 (server),
09-24 03:14:05.856 I/sysui_multi_action( 4383): [757,1381,758,2,1089,1861]
09-24 03:14:05.874 I/sysui_multi_action( 4383): [757,46,758,1,833,0,1089,1933]
09-24 03:14:05.878 I/sysui_multi_action( 4383): [757,1729,758,4,854,isParalleledControllers:false,1089,1937]
09-24 03:14:06.455 I/auditd (29422): type=1400 audit(0.0:2523): avc: granted { nlmsg_readpriv } for comm="pool-8-thread-1" scontext=u:r:untrusted_app_29:s0:c96,c256,c512,c768 tcontext=u:r:untrusted_app_29:s0:c96,c256,c512,c768 tclass=netlink_route_socket app=com.netease.cloudmusic
09-24 03:14:09.432 I/sysui_multi_action( 4383): [757,830,758,4,833,0,854,auto_brightness_entry,1089,0]
