09-23 23:38:09.012 W/System.err( 3476): Caused by: android.system.ErrnoException: open failed: EACCES (Permission denied)
09-23 23:38:09.012 W/System.err( 3476): at libcore.io.Linux.open(Native Method)
09-23 23:38:09.012 W/System.err( 3476): at libcore.io.ForwardingOs.open(ForwardingOs.java:567)
09-23 23:38:09.012 W/System.err( 3476): at libcore.io.BlockGuardOs.open(BlockGuardOs.java:273)
09-23 23:38:09.012 W/System.err( 3476): at libcore.io.ForwardingOs.open(ForwardingOs.java:567)
09-23 23:38:09.012 W/System.err( 3476): at android.app.ActivityThread$AndroidOs.open(ActivityThread.java:7766)
09-23 23:38:09.012 W/System.err( 3476): at libcore.io.IoBridge.open(IoBridge.java:561)
09-23 23:38:09.012 W/System.err( 3476): ... 25 more
09-23 23:38:09.012 W/System.err( 3476): java.io.FileNotFoundException: /proc/stat: open failed: EACCES (Permission denied)
09-23 23:38:09.012 W/System.err( 3476): at libcore.io.IoBridge.open(IoBridge.java:575)
09-23 23:38:09.012 W/System.err( 3476): at java.io.RandomAccessFile.(RandomAccessFile.java:289)
09-23 23:38:09.012 W/System.err( 3476): at java.io.RandomAccessFile.(RandomAccessFile.java:152)
09-23 23:38:09.012 W/System.err( 3476): at com.yxcorp.utility.SystemUtil.b0(kSourceFile:1179656)
09-23 23:38:09.012 W/System.err( 3476): at com.yxcorp.utility.SystemUtil.a0(kSourceFile:983048)
09-23 23:38:09.012 W/System.err( 3476): at mo5.a.a(kSourceFile:2687078)
09-23 23:38:09.012 W/System.err( 3476): at mo5.a.e(kSourceFile:17170483)
09-23 23:38:09.012 W/System.err( 3476): at mo5.a.d(kSourceFile:65553)
09-23 23:38:09.012 W/System.err( 3476): at mo5.a.j(kSourceFile:196627)
09-23 23:38:09.012 W/System.err( 3476): at com.kwai.framework.logger.LogManagerInitModule.I0(kSourceFile:16908304)
09-23 23:38:09.012 W/System.err( 3476): at com.kwai.framework.logger.LogManagerInitModule.s0(Unknown Source:0)
09-23 23:38:09.012 W/System.err( 3476): at lo5.i.accept(Unknown Source:2)
09-23 23:38:09.012 W/System.err( 3476): at io.reactivex.internal.observers.LambdaObserver.onNext(kSourceFile:16908296)
09-23 23:38:09.012 W/System.err( 3476): at io.reactivex.internal.operators.observable.ObservableSubscribeOn$SubscribeOnObserver.onNext(kSourceFile:16908290)
09-23 23:38:09.012 W/System.err( 3476): at io.reactivex.internal.operators.observable.ObservableCreate$CreateEmitter.onNext(kSourceFile:16908309)
09-23 23:38:09.012 W/System.err( 3476): at qk5.a$b.subscribe(kSourceFile:16908316)
09-23 23:38:09.012 W/System.err( 3476): at io.reactivex.internal.operators.observable.ObservableCreate.subscribeActual(kSourceFile:16908298)
09-23 23:38:09.012 W/System.err( 3476): at ync.u.subscribe(kSourceFile:17170446)
09-23 23:38:09.012 W/System.err( 3476): at io.reactivex.internal.operators.observable.ObservableSubscribeOn$a.run(kSourceFile:458758)
09-23 23:38:09.012 W/System.err( 3476): at io.reactivex.internal.schedulers.ScheduledDirectTask.call(kSourceFile:458761)
09-23 23:38:09.012 W/System.err( 3476): at io.reactivex.internal.schedulers.ScheduledDirectTask.call(kSourceFile:3014656)
09-23 23:38:09.012 W/System.err( 3476): at java.util.concurrent.FutureTask.run(FutureTask.java:266)
09-23 23:38:09.012 W/System.err( 3476): at com.smile.gifmaker.thread.task.ElasticTask.run(kSourceFile:458761)
09-23 23:38:09.012 W/System.err( 3476): at java.util.concurrent.ThreadPoolExecutor.runWorker(ThreadPoolExecutor.java:1167)
09-23 23:38:09.012 W/System.err( 3476): at java.util.concurrent.ThreadPoolExecutor$Worker.run(ThreadPoolExecutor.java:641)
09-23 23:38:09.012 W/System.err( 3476): at java.lang.Thread.run(Thread.java:920)
09-23 23:38:09.013 I/unknown ( 3476): khook pthread_attr_init_callback set thread stack from 1008 to 256 KB
09-23 23:38:09.013 I/unknown ( 3476): khook setstacksize __addr 0xff994758, from 1040 KB to 256 KB
09-23 23:38:09.016 W/System.err( 3476): Caused by: android.system.ErrnoException: open failed: EACCES (Permission denied)
09-23 23:38:09.016 W/System.err( 3476): at libcore.io.Linux.open(Native Method)
09-23 23:38:09.016 W/System.err( 3476): at libcore.io.ForwardingOs.open(ForwardingOs.java:567)
09-23 23:38:09.016 W/System.err( 3476): at libcore.io.BlockGuardOs.open(BlockGuardOs.java:273)
09-23 23:38:09.016 W/System.err( 3476): at libcore.io.ForwardingOs.open(ForwardingOs.java:567)
09-23 23:38:09.016 W/System.err( 3476): at android.app.ActivityThread$AndroidOs.open(ActivityThread.java:7766)
09-23 23:38:09.016 W/System.err( 3476): at libcore.io.IoBridge.open(IoBridge.java:561)
09-23 23:38:09.016 W/System.err( 3476): ... 25 more
09-23 23:38:09.016 W/System.err( 3476): java.io.FileNotFoundException: /proc/stat: open failed: EACCES (Permission denied)
09-23 23:38:09.017 W/System.err( 3476): at libcore.io.IoBridge.open(IoBridge.java:575)
09-23 23:38:09.017 W/System.err( 3476): at java.io.RandomAccessFile.(RandomAccessFile.java:289)
09-23 23:38:09.017 W/System.err( 3476): at java.io.RandomAccessFile.(RandomAccessFile.java:152)
09-23 23:38:09.017 W/System.err( 3476): at com.yxcorp.utility.SystemUtil.b0(kSourceFile:1179656)
09-23 23:38:09.017 W/System.err( 3476): at com.yxcorp.utility.SystemUtil.a0(kSourceFile:983048)
09-23 23:38:09.017 W/System.err( 3476): at mo5.a.a(kSourceFile:2687078)
09-23 23:38:09.017 W/System.err( 3476): at mo5.a.e(kSourceFile:17170483)
09-23 23:38:09.017 W/System.err( 3476): at mo5.a.d(kSourceFile:65553)
09-23 23:38:09.017 W/System.err( 3476): at mo5.a.j(kSourceFile:196627)
09-23 23:38:09.017 W/System.err( 3476): at com.kwai.framework.logger.LogManagerInitModule.I0(kSourceFile:16908304)
09-23 23:38:09.017 W/System.err( 3476): at com.kwai.framework.logger.LogManagerInitModule.s0(Unknown Source:0)
09-23 23:38:09.017 W/System.err( 3476): at lo5.i.accept(Unknown Source:2)
09-23 23:38:09.017 W/System.err( 3476): at io.reactivex.internal.observers.LambdaObserver.onNext(kSourceFile:16908296)
09-23 23:38:09.017 W/System.err( 3476): at io.reactivex.internal.operators.observable.ObservableSubscribeOn$SubscribeOnObserver.onNext(kSourceFile:16908290)
09-23 23:38:09.017 W/System.err( 3476): at io.reactivex.internal.operators.observable.ObservableCreate$CreateEmitter.onNext(kSourceFile:16908309)
09-23 23:38:09.017 W/System.err( 3476): at qk5.a$b.subscribe(kSourceFile:16908316)
09-23 23:38:09.017 W/System.err( 3476): at io.reactivex.internal.operators.observable.ObservableCreate.subscribeActual(kSourceFile:16908298)
09-23 23:38:09.017 W/System.err( 3476): at ync.u.subscribe(kSourceFile:17170446)
09-23 23:38:09.017 W/System.err( 3476): at io.reactivex.internal.operators.observable.ObservableSubscribeOn$a.run(kSourceFile:458758)
09-23 23:38:09.017 W/System.err( 3476): at io.reactivex.internal.schedulers.ScheduledDirectTask.call(kSourceFile:458761)
09-23 23:38:09.017 W/System.err( 3476): at io.reactivex.internal.schedulers.ScheduledDirectTask.call(kSourceFile:3014656)
09-23 23:38:09.017 W/System.err( 3476): at java.util.concurrent.FutureTask.run(FutureTask.java:266)
09-23 23:38:09.017 W/System.err( 3476): at com.smile.gifmaker.thread.task.ElasticTask.run(kSourceFile:458761)
09-23 23:38:09.017 W/System.err( 3476): at java.util.concurrent.ThreadPoolExecutor.runWorker(ThreadPoolExecutor.java:1167)
09-23 23:38:09.017 W/System.err( 3476): at java.util.concurrent.ThreadPoolExecutor$Worker.run(ThreadPoolExecutor.java:641)
09-23 23:38:09.017 W/System.err( 3476): at java.lang.Thread.run(Thread.java:920)
09-23 23:38:09.017 W/System.err( 3476): Caused by: android.system.ErrnoException: open failed: EACCES (Permission denied)
09-23 23:38:09.017 W/System.err( 3476): at libcore.io.Linux.open(Native Method)
09-23 23:38:09.017 W/System.err( 3476): at libcore.io.ForwardingOs.open(ForwardingOs.java:567)
09-23 23:38:09.017 W/System.err( 3476): at libcore.io.BlockGuardOs.open(BlockGuardOs.java:273)
09-23 23:38:09.017 W/System.err( 3476): at libcore.io.ForwardingOs.open(ForwardingOs.java:567)
09-23 23:38:09.017 W/System.err( 3476): at android.app.ActivityThread$AndroidOs.open(ActivityThread.java:7766)
09-23 23:38:09.017 W/System.err( 3476): at libcore.io.IoBridge.open(IoBridge.java:561)
09-23 23:38:09.017 W/System.err( 3476): ... 25 more
09-23 23:38:09.022 W/System.err( 3476): java.lang.NullPointerException: Attempt to read from field 'java.util.List pk5.d.mInnerPackage' on a null object reference
09-23 23:38:09.022 W/System.err( 3476): at com.kwai.framework.cache.initmodule.CheckDiskModule.P0(kSourceFile:1572982)
09-23 23:38:09.022 W/System.err( 3476): at mo5.a.a(kSourceFile:2687207)
09-23 23:38:09.022 W/System.err( 3476): at mo5.a.e(kSourceFile:17170483)
09-23 23:38:09.022 W/System.err( 3476): at mo5.a.d(kSourceFile:65553)
09-23 23:38:09.022 W/System.err( 3476): at mo5.a.j(kSourceFile:196627)
09-23 23:38:09.022 W/System.err( 3476): at com.kwai.framework.logger.LogManagerInitModule.I0(kSourceFile:16908304)
09-23 23:38:09.022 W/System.err( 3476): at com.kwai.framework.logger.LogManagerInitModule.s0(Unknown Source:0)
09-23 23:38:09.022 W/System.err( 3476): at lo5.i.accept(Unknown Source:2)
09-23 23:38:09.022 W/System.err( 3476): at io.reactivex.internal.observers.LambdaObserver.onNext(kSourceFile:16908296)
09-23 23:38:09.022 W/System.err( 3476): at io.reactivex.internal.operators.observable.ObservableSubscribeOn$SubscribeOnObserver.onNext(kSourceFile:16908290)
09-23 23:38:09.022 W/System.err( 3476): at io.reactivex.internal.operators.observable.ObservableCreate$CreateEmitter.onNext(kSourceFile:16908309)
09-23 23:38:09.022 W/System.err( 3476): at qk5.a$b.subscribe(kSourceFile:16908316)
09-23 23:38:09.022 W/System.err( 3476): at io.reactivex.internal.operators.observable.ObservableCreate.subscribeActual(kSourceFile:16908298)
09-23 23:38:09.022 W/System.err( 3476): at ync.u.subscribe(kSourceFile:17170446)
09-23 23:38:09.022 W/System.err( 3476): at io.reactivex.internal.operators.observable.ObservableSubscribeOn$a.run(kSourceFile:458758)
09-23 23:38:09.022 W/System.err( 3476): at io.reactivex.internal.schedulers.ScheduledDirectTask.call(kSourceFile:458761)
09-23 23:38:09.022 W/System.err( 3476): at io.reactivex.internal.schedulers.ScheduledDirectTask.call(kSourceFile:3014656)
09-23 23:38:09.022 W/System.err( 3476): at java.util.concurrent.FutureTask.run(FutureTask.java:266)
09-23 23:38:09.022 W/System.err( 3476): at com.smile.gifmaker.thread.task.ElasticTask.run(kSourceFile:458761)
09-23 23:38:09.022 W/System.err( 3476): at java.util.concurrent.ThreadPoolExecutor.runWorker(ThreadPoolExecutor.java:1167)
09-23 23:38:09.022 W/System.err( 3476): at java.util.concurrent.ThreadPoolExecutor$Worker.run(ThreadPoolExecutor.java:641)
09-23 23:38:09.022 W/System.err( 3476): at java.lang.Thread.run(Thread.java:920)
09-23 23:38:09.031 W/libc ( 3476): Access denied finding property "ro.vendor.oplus.regionmark"
09-23 23:38:09.032 W/libc ( 3476): Access denied finding property "ro.vendor.oplus.regionmark"
09-23 23:38:09.036 I/DpmTcmClient( 3476): RegisterTcmMonitor from: $Proxy2
09-23 23:38:09.039 W/VideoCapabilities( 3476): Unsupported mime image/vnd.android.heic
09-23 23:38:09.041 W/VideoCapabilities( 3476): Unrecognized profile/level 0/3 for video/mpeg2
09-23 23:38:09.041 W/VideoCapabilities( 3476): Unrecognized profile/level 0/3 for video/mpeg2
09-23 23:38:09.124 I/sysui_multi_action( 1487): [757,1501,758,1,793,203,794,0,795,203,796,2048,806,com.android.systemui,857,updateNotification,858,3,947,0,1500,0,1688,1]
09-23 23:38:09.124 I/sysui_multi_action( 1487): [757,804,799,note_interruptive,801,0,802,1]
09-23 23:38:09.126 I/sysui_multi_action( 1487): [757,1501,758,1,793,205,794,0,795,205,796,2048,806,com.android.systemui,857,updateNotification,858,3,947,0,1500,0,1688,1]
09-23 23:38:09.127 I/sysui_multi_action( 1487): [757,804,799,note_interruptive,801,0,802,1]
09-23 23:38:09.127 I/sysui_multi_action( 1487): [757,199,758,1,759,2,793,206,794,0,795,206,796,2048,806,com.android.systemui,857,updateNotification,858,3,947,0,1500,1,1688,1]
09-23 23:38:09.127 I/notification_alert( 1487): [0|com.android.systemui|2048|null|10081,0,1,0]
09-23 23:38:09.133 D/Avrcp_ext( 1836): AudioManager Player: AudioPlaybackConfiguration piid:103 deviceId:0 type:android.media.SoundPool u/pid:10081/1843 state:idle attr:AudioAttributes: usage=USAGE_ASSISTANCE_SONIFICATION content=CONTENT_TYPE_SONIFICATION flags=0x800 tags= bundle=null sessionId:0
09-23 23:38:09.133 D/Avrcp_ext( 1836): AudioManager Player: AudioPlaybackConfiguration piid:119 deviceId:0 type:android.media.MediaPlayer u/pid:10081/1843 state:idle attr:AudioAttributes: usage=USAGE_NOTIFICATION content=CONTENT_TYPE_SONIFICATION flags=0x800 tags= bundle=null sessionId:0
09-23 23:38:09.134 D/Avrcp_ext( 1836): AudioManager Player: AudioPlaybackConfiguration piid:95 deviceId:0 type:android.media.SoundPool u/pid:1000/1487 state:idle attr:AudioAttributes: usage=USAGE_ASSISTANCE_SONIFICATION content=CONTENT_TYPE_SONIFICATION flags=0x800 tags= bundle=null sessionId:0
09-23 23:38:09.134 D/Avrcp_ext( 1836): AudioManager isPlaying: false, mAudioPlaybackIsActive = false
09-23 23:38:09.134 D/Avrcp_ext( 1836): AudioManager Reset Active Player
09-23 23:38:09.138 D/InterruptionStateProvider( 1843): No bubble up: not allowed to bubble: 0|com.android.systemui|2048|null|10081
09-23 23:38:09.139 D/InterruptionStateProvider( 1843): No heads up: unimportant notification: 0|com.android.systemui|2048|null|10081
09-23 23:38:09.139 D/PeopleSpaceWidgetMgr( 1843): Sbn doesn't contain valid PeopleTileKey: null/0/com.android.systemui
09-23 23:38:09.139 W/MediaProvider( 2672): Failed to fetch original file descriptor
09-23 23:38:09.139 W/MediaProvider( 2672): java.io.IOException: stat failed: EACCES (Permission denied)
09-23 23:38:09.139 W/MediaProvider( 2672): at com.android.providers.media.MediaProvider.getFileFromFileDescriptor(MediaProvider.java:5794)
09-23 23:38:09.139 W/MediaProvider( 2672): at com.android.providers.media.MediaProvider.getOriginalMediaFormatFileDescriptor(MediaProvider.java:5711)
09-23 23:38:09.139 W/MediaProvider( 2672): at com.android.providers.media.MediaProvider.openTypedAssetFileCommon(MediaProvider.java:7134)
09-23 23:38:09.139 W/MediaProvider( 2672): at com.android.providers.media.MediaProvider.openTypedAssetFile(MediaProvider.java:7115)
09-23 23:38:09.139 W/MediaProvider( 2672): at android.content.ContentProvider$Transport.openTypedAssetFile(ContentProvider.java:548)
09-23 23:38:09.139 W/MediaProvider( 2672): at android.content.ContentProviderNative.onTransact(ContentProviderNative.java:327)
09-23 23:38:09.139 W/MediaProvider( 2672): at android.os.Binder.execTransactInternal(Binder.java:1184)
09-23 23:38:09.139 W/MediaProvider( 2672): at android.os.Binder.execTransact(Binder.java:1143)
09-23 23:38:09.139 W/MediaProvider( 2672): Caused by: android.system.ErrnoException: stat failed: EACCES (Permission denied)
09-23 23:38:09.139 W/MediaProvider( 2672): at libcore.io.Linux.stat(Native Method)
09-23 23:38:09.139 W/MediaProvider( 2672): at libcore.io.ForwardingOs.stat(ForwardingOs.java:853)
09-23 23:38:09.139 W/MediaProvider( 2672): at libcore.io.BlockGuardOs.stat(BlockGuardOs.java:420)
09-23 23:38:09.139 W/MediaProvider( 2672): at libcore.io.ForwardingOs.stat(ForwardingOs.java:853)
09-23 23:38:09.139 W/MediaProvider( 2672): at android.app.ActivityThread$AndroidOs.stat(ActivityThread.java:7780)
09-23 23:38:09.139 W/MediaProvider( 2672): at android.system.Os.stat(Os.java:919)
09-23 23:38:09.139 W/MediaProvider( 2672): at com.android.providers.media.MediaProvider.getFileFromFileDescriptor(MediaProvider.java:5788)
09-23 23:38:09.139 W/MediaProvider( 2672): ... 7 more
09-23 23:38:09.141 D/NuPlayerDriver( 1208): NuPlayerDriver(0xf1301370) created, clientPid(1843)
09-23 23:38:09.143 I/MMKV ( 3782): open fd[0x61], /data/user/0/com.smile.gifmaker/files/mmkv/io_detector_sp
09-23 23:38:09.143 I/MMKV ( 3782): open fd[0x97], /data/user/0/com.smile.gifmaker/files/mmkv/io_detector_sp.crc
09-23 23:38:09.143 I/MMKV ( 3782): loading [io_detector_sp] with 31 actual size, file size 4096, InterProcess 1, meta info version:3
09-23 23:38:09.143 I/MMKV ( 3782): loading [io_detector_sp] with crc 963343194 sequence 1 version 3
09-23 23:38:09.143 I/MMKV ( 3782): loaded [io_detector_sp] with 1 key-values
09-23 23:38:09.146 I/ExtendedNuUtils( 1208): printFileName fd(8) -> /data/system_de/0/ringtones/notification_sound_cache
09-23 23:38:09.151 D/GenericSource( 1208): FileSource remote
09-23 23:38:09.153 I/MMParserExtractor( 1203): Created(0xb400007420297150)
09-23 23:38:09.153 E/MM_OSAL ( 1203): FileSource::FileSource
09-23 23:38:09.153 E/MM_OSAL ( 1203): FileSource::FileSource m_bEveryThingOK 1
09-23 23:38:09.155 D/MediaBufferGroup( 1203): creating MemoryDealer
09-23 23:38:09.161 I/MediaFocusControl( 1487): requestAudioFocus() from uid/pid 10081/1843 AA=USAGE_NOTIFICATION/CONTENT_TYPE_SONIFICATION clientId=android.media.AudioManager@327d3ed callingPack=com.android.systemui req=3 flags=0x0 sdk=31
09-23 23:38:09.161 I/AudioService.FadeOutManager( 1487): unfadeOutUid() uid:10081
09-23 23:38:09.214 W/System.err( 3499): java.io.FileNotFoundException: /data/user/0/com.qiyi.video.pad/files/pp_net_monitor_config: open failed: ENOENT (No such file or directory)
09-23 23:38:09.214 W/System.err( 3499): at libcore.io.IoBridge.open(IoBridge.java:575)
09-23 23:38:09.214 W/System.err( 3499): at java.io.FileInputStream.(FileInputStream.java:160)
09-23 23:38:09.214 W/System.err( 3499): at android.app.ContextImpl.openFileInput(ContextImpl.java:698)
09-23 23:38:09.214 W/System.err( 3499): at android.content.ContextWrapper.openFileInput(ContextWrapper.java:224)
09-23 23:38:09.214 W/System.err( 3499): at com.iqiyi.paopao.tool.uitls.u.a(Unknown Source:25)
09-23 23:38:09.214 W/System.err( 3499): at com.iqiyi.paopao.middlecommon.monitor.l$1.run(Unknown Source:20)
09-23 23:38:09.214 W/System.err( 3499): at org.qiyi.basecore.jobquequ.JobManagerUtils$1.onRun(Unknown Source:30)
09-23 23:38:09.214 W/System.err( 3499): at org.qiyi.basecore.jobquequ.BaseJob.safeRun(Unknown Source:38)
09-23 23:38:09.214 W/System.err( 3499): at org.qiyi.basecore.jobquequ.JobHolder.safeRun(Unknown Source:2)
09-23 23:38:09.214 W/System.err( 3499): at org.qiyi.basecore.jobquequ.JobConsumerExecutor$c.call(Unknown Source:8)
09-23 23:38:09.214 W/System.err( 3499): at java.util.concurrent.FutureTask.run(FutureTask.java:266)
09-23 23:38:09.214 W/System.err( 3499): at org.qiyi.basecore.jobquequ.JobConsumerExecutor$b.run(Unknown Source:115)
09-23 23:38:09.214 W/System.err( 3499): at java.lang.Thread.run(Thread.java:920)
09-23 23:38:09.214 W/System.err( 3499): Caused by: android.system.ErrnoException: open failed: ENOENT (No such file or directory)
09-23 23:38:09.215 W/System.err( 3499): at libcore.io.Linux.open(Native Method)
09-23 23:38:09.215 W/System.err( 3499): at libcore.io.ForwardingOs.open(ForwardingOs.java:567)
09-23 23:38:09.215 W/System.err( 3499): at libcore.io.BlockGuardOs.open(BlockGuardOs.java:273)
09-23 23:38:09.215 W/System.err( 3499): at libcore.io.ForwardingOs.open(ForwardingOs.java:567)
09-23 23:38:09.215 W/System.err( 3499): at android.app.ActivityThread$AndroidOs.open(ActivityThread.java:7766)
09-23 23:38:09.215 W/System.err( 3499): at libcore.io.IoBridge.open(IoBridge.java:561)
09-23 23:38:09.215 W/System.err( 3499): ... 12 more
09-23 23:38:09.373 I/hwservicemanager( 514): getTransport: Cannot find entry android.hardware.light@2.0::ILight/default in either framework or device VINTF manifest.
09-23 23:38:09.376 E/light ( 4167): light_open lights keyboard failed: -22
09-23 23:38:09.376 E/light ( 4167): Light passthrough failed to load legacy HAL.
09-23 23:38:09.376 E/light ( 4167): light_open lights buttons failed: -22
09-23 23:38:09.376 E/light ( 4167): Light passthrough failed to load legacy HAL.
09-23 23:38:09.378 E/light ( 4167): light_open lights bluetooth failed: -22
09-23 23:38:09.378 E/light ( 4167): Light passthrough failed to load legacy HAL.
09-23 23:38:09.378 E/light ( 4167): light_open lights wifi failed: -22
09-23 23:38:09.378 E/light ( 4167): Light passthrough failed to load legacy HAL.
09-23 23:38:09.378 I/hwservicemanager( 514): getTransport: Cannot find entry android.hardware.light@2.0::ILight/default in either framework or device VINTF manifest.
09-23 23:38:09.379 E/HidlServiceManagement( 4167): Service android.hardware.light@2.0::ILight/default must be in VINTF manifest in order to register/get.
09-23 23:38:09.379 E/LegacySupport( 4167): Could not register service android.hardware.light@2.0::ILight/default (-2147483648).
09-23 23:38:09.422 E/.smile.gifmake( 3476): No implementation found for void com.kwai.kmalloc.KMalloc.recordLaunchSuccess() (tried Java_com_kwai_kmalloc_KMalloc_recordLaunchSuccess and Java_com_kwai_kmalloc_KMalloc_recordLaunchSuccess__)
09-23 23:38:09.424 I/service_manager_stats( 3476): [493,270,5192]
09-23 23:38:09.454 I/unknown ( 3476): khook pthread_attr_init_callback set thread stack from 1008 to 256 KB
09-23 23:38:09.454 I/unknown ( 3476): khook setstacksize __addr 0xb2741bc8, from 1040 KB to 256 KB
09-23 23:38:09.663 I/GenericSource( 1208): start
09-23 23:38:09.664 D/MediaRouter( 1843): onRestoreRoute() : route=RouteInfo{ name=å¹³æ¿ç”µè„‘, description=null, status=null, category=RouteCategory{ name=系统 types=ROUTE_TYPE_LIVE_AUDIO ROUTE_TYPE_LIVE_VIDEO groupable=false }, supportedTypes=ROUTE_TYPE_LIVE_AUDIO ROUTE_TYPE_LIVE_VIDEO , presentationDisplay=null }
09-23 23:38:09.665 V/MediaRouter( 1843): Selecting route: RouteInfo{ name=å¹³æ¿ç”µè„‘, description=null, status=null, category=RouteCategory{ name=系统 types=ROUTE_TYPE_LIVE_AUDIO ROUTE_TYPE_LIVE_VIDEO groupable=false }, supportedTypes=ROUTE_TYPE_LIVE_AUDIO ROUTE_TYPE_LIVE_VIDEO , presentationDisplay=null }
09-23 23:38:09.665 D/Avrcp_ext( 1836): AudioManager Player: AudioPlaybackConfiguration piid:103 deviceId:0 type:android.media.SoundPool u/pid:10081/1843 state:idle attr:AudioAttributes: usage=USAGE_ASSISTANCE_SONIFICATION content=CONTENT_TYPE_SONIFICATION flags=0x800 tags= bundle=null sessionId:0
09-23 23:38:09.665 D/Avrcp_ext( 1836): AudioManager Player: AudioPlaybackConfiguration piid:119 deviceId:0 type:android.media.MediaPlayer u/pid:10081/1843 state:started attr:AudioAttributes: usage=USAGE_NOTIFICATION content=CONTENT_TYPE_SONIFICATION flags=0x800 tags= bundle=null sessionId:0
09-23 23:38:09.667 W/Utils ( 1208): track of type 'audio/vorbis' does not publish channel mask, channel count 1
09-23 23:38:09.669 D/Avrcp_ext( 1836): AudioManager Player in started state: com.android.systemui
09-23 23:38:09.669 D/Avrcp_ext( 1836): AudioManager Active Player: com.android.systemui
09-23 23:38:09.669 D/Avrcp_ext( 1836): AudioManager Player: AudioPlaybackConfiguration piid:95 deviceId:0 type:android.media.SoundPool u/pid:1000/1487 state:idle attr:AudioAttributes: usage=USAGE_ASSISTANCE_SONIFICATION content=CONTENT_TYPE_SONIFICATION flags=0x800 tags= bundle=null sessionId:0
09-23 23:38:09.669 D/Avrcp_ext( 1836): AudioManager isPlaying: true, mAudioPlaybackIsActive = false
09-23 23:38:09.671 V/Avrcp_ext( 1836): updateCurrentMediaState: mMediaController: MediaController (com.android.systemui@86ec610) null
09-23 23:38:09.671 W/Avrcp_ext( 1836): isMusicActive: false getBluetoothPlayState: 2 A2dp State: 11 mAudioPlaybackIsActive: true
09-23 23:38:09.671 D/Avrcp_ext( 1836): isMusicActive = false mAudioPlaybackIsActive = true player state = null
09-23 23:38:09.672 I/Avrcp_ext( 1836): Skipping update due to invalid playback state
09-23 23:38:09.672 W/Utils ( 1208): track of type 'audio/vorbis' does not publish channel mask, channel count 1
09-23 23:38:09.672 V/Avrcp_ext( 1836): updatePlaybackState, state: null device: null
09-23 23:38:09.672 V/Avrcp_ext( 1836): Device: no name:
09-23 23:38:09.672 V/Avrcp_ext( 1836): Device: no name:
09-23 23:38:09.672 V/Avrcp_ext( 1836): Device: no name:
09-23 23:38:09.672 V/Avrcp_ext( 1836): Device: no name:
09-23 23:38:09.672 V/Avrcp_ext( 1836): Device: no name:
09-23 23:38:09.672 V/Avrcp_ext( 1836): updatePlayerStateAndPosition, old=PlaybackState {state=2, position=-1, buffered position=0, speed=0.0, updated=17278, actions=0, custom actions=[], active item id=-1, error=null}, state=null
09-23 23:38:09.672 I/Avrcp_ext( 1836): updatePlayerStateAndPosition: device: state = null
09-23 23:38:09.673 D/audio_hw_primary( 815): adev_get_parameters:is_hw_dec_session_available
09-23 23:38:09.673 D/audio_hw_spkr_prot( 815): fbsp_get_parameters: Speaker protection disabled
09-23 23:38:09.673 D/soundtrigger( 815): audio_extn_sound_trigger_get_parameters input string
09-23 23:38:09.673 D/soundtrigger( 815): extract_sm_handle input string param string
09-23 23:38:09.674 D/audio_hw_extn( 815): audio_extn_fm_get_parameters: Enter
09-23 23:38:09.674 D/audio_hw_extn( 815): audio_extn_get_parameters: returns
09-23 23:38:09.674 D/audio_hw_primary( 815): adev_get_parameters: exit: returns -
09-23 23:38:09.674 I/hash_map_utils( 987): system/bt/osi/src/hash_map_utils.cc:81 hash_map_utils_dump_string_keys_string_values: key: 'is_hw_dec_session_available' value: 'audio/vorbis'
09-23 23:38:09.676 D/CCodec ( 1208): allocate(c2.android.vorbis.decoder)
09-23 23:38:09.679 I/CCodec ( 1208): setting up 'default' as default (vendor) store
09-23 23:38:09.680 V/C2Store ( 1249): in init
09-23 23:38:09.680 V/C2Store ( 1249): loading dll
09-23 23:38:09.686 I/CCodec ( 1208): Created component [c2.android.vorbis.decoder]
09-23 23:38:09.687 D/CCodecConfig( 1208): read media type: audio/vorbis
09-23 23:38:09.692 D/ReflectedParamUpdater( 1208): extent() != 1 for single value type: algo.buffers.max-count.values
09-23 23:38:09.692 D/ReflectedParamUpdater( 1208): extent() != 1 for single value type: output.subscribed-indices.values
09-23 23:38:09.693 D/ReflectedParamUpdater( 1208): extent() != 1 for single value type: input.buffers.allocator-ids.values
09-23 23:38:09.693 D/ReflectedParamUpdater( 1208): extent() != 1 for single value type: output.buffers.allocator-ids.values
09-23 23:38:09.693 D/ReflectedParamUpdater( 1208): extent() != 1 for single value type: algo.buffers.allocator-ids.values
09-23 23:38:09.693 D/ReflectedParamUpdater( 1208): extent() != 1 for single value type: output.buffers.pool-ids.values
09-23 23:38:09.693 D/ReflectedParamUpdater( 1208): extent() != 1 for single value type: algo.buffers.pool-ids.values
09-23 23:38:09.697 I/CCodecConfig( 1208): query failed after returning 7 values (BAD_INDEX)
09-23 23:38:09.697 D/CCodecConfig( 1208): c2 config diff is Dict {
09-23 23:38:09.697 D/CCodecConfig( 1208): c2::u32 coded.bitrate.value = 64000
09-23 23:38:09.697 D/CCodecConfig( 1208): c2::u32 input.buffers.max-size.value = 32768
09-23 23:38:09.697 D/CCodecConfig( 1208): c2::u32 input.delay.value = 0
09-23 23:38:09.697 D/CCodecConfig( 1208): string input.media-type.value = "audio/vorbis"
09-23 23:38:09.697 D/CCodecConfig( 1208): string output.media-type.value = "audio/raw"
09-23 23:38:09.697 D/CCodecConfig( 1208): c2::u32 raw.channel-count.value = 1
09-23 23:38:09.697 D/CCodecConfig( 1208): c2::u32 raw.sample-rate.value = 48000
09-23 23:38:09.697 D/CCodecConfig( 1208): }
09-23 23:38:09.699 D/CCodec ( 1208): [c2.android.vorbis.decoder] buffers are bound to CCodec for this session
09-23 23:38:09.699 D/CCodecConfig( 1208): no c2 equivalents for durationUs
09-23 23:38:09.699 D/CCodecConfig( 1208): no c2 equivalents for csd-1
09-23 23:38:09.699 D/CCodecConfig( 1208): no c2 equivalents for language
09-23 23:38:09.699 D/CCodecConfig( 1208): no c2 equivalents for file-format
09-23 23:38:09.699 D/CCodecConfig( 1208): no c2 equivalents for flags
09-23 23:38:09.700 D/CCodecConfig( 1208): config failed => CORRUPTED
09-23 23:38:09.700 D/CCodecConfig( 1208): c2 config diff is c2::u32 coded.bitrate.value = 70000
09-23 23:38:09.702 W/Codec2Client( 1208): query -- param skipped: index = 1107298332.
09-23 23:38:09.702 D/CCodec ( 1208): setup formats input: AMessage(what = 0x00000000) = {
09-23 23:38:09.702 D/CCodec ( 1208): int32_t bitrate = 70000
09-23 23:38:09.702 D/CCodec ( 1208): int32_t channel-count = 1
09-23 23:38:09.702 D/CCodec ( 1208): int32_t max-input-size = 65307
09-23 23:38:09.702 D/CCodec ( 1208): string mime = "audio/vorbis"
09-23 23:38:09.702 D/CCodec ( 1208): int32_t sample-rate = 48000
09-23 23:38:09.702 D/CCodec ( 1208): }
09-23 23:38:09.702 D/CCodec ( 1208): setup formats output: AMessage(what = 0x00000000) = {
09-23 23:38:09.702 D/CCodec ( 1208): int32_t channel-count = 1
09-23 23:38:09.702 D/CCodec ( 1208): string mime = "audio/raw"
09-23 23:38:09.702 D/CCodec ( 1208): int32_t sample-rate = 48000
09-23 23:38:09.702 D/CCodec ( 1208): int32_t android._config-pcm-encoding = 2
09-23 23:38:09.702 D/CCodec ( 1208): }
09-23 23:38:09.702 I/CCodecConfig( 1208): query failed after returning 7 values (BAD_INDEX)
09-23 23:38:09.703 I/MediaCodec( 1208): MediaCodec will operate in async mode
09-23 23:38:09.703 D/MediaCodec( 1208): keep callback message for reclaim
09-23 23:38:09.704 W/Codec2Client( 1208): query -- param skipped: index = 1342179345.
09-23 23:38:09.704 W/Codec2Client( 1208): query -- param skipped: index = 2415921170.
09-23 23:38:09.705 D/CCodecBufferChannel( 1208): [c2.android.vorbis.decoder#242] Created input block pool with allocatorID 16 => poolID 18 - OK (0)
09-23 23:38:09.705 D/BufferPoolAccessor2.0( 1249): Destruction - bufferpool2 0xb400007860ed4068 cached: 0/0M, 0/0% in use; allocs: 97, 96% recycled; transfers: 96, 96% unfetched
09-23 23:38:09.707 D/BufferPoolAccessor2.0( 1208): Destruction - bufferpool2 0xf0cc29c8 cached: 0/0M, 0/0% in use; allocs: 103, 92% recycled; transfers: 198, 96% unfetched
09-23 23:38:09.708 D/BufferPoolAccessor2.0( 1487): bufferpool2 0xb4000072e591a5b8 : 0(0 size) total buffers - 0(0 size) used buffers - 2/7 (recycle/alloc) - 7/24 (fetch/transfer)
09-23 23:38:09.708 D/BufferPoolAccessor2.0( 1487): Destruction - bufferpool2 0xb4000072e591a5b8 cached: 0/0M, 0/0% in use; allocs: 7, 29% recycled; transfers: 24, 71% unfetched
09-23 23:38:09.708 D/BufferPoolAccessor2.0( 1487): Destruction - bufferpool2 0xb4000072e5919ec8 cached: 0/0M, 0/0% in use; allocs: 7, 14% recycled; transfers: 18, 67% unfetched
09-23 23:38:09.708 D/BufferPoolAccessor2.0( 1487): Destruction - bufferpool2 0xb4000072e592d008 cached: 0/0M, 0/0% in use; allocs: 7, 43% recycled; transfers: 26, 77% unfetched
09-23 23:38:09.708 D/BufferPoolAccessor2.0( 1487): Destruction - bufferpool2 0xb4000072e591c3c8 cached: 0/0M, 0/0% in use; allocs: 7, 14% recycled; transfers: 24, 67% unfetched
09-23 23:38:09.708 D/BufferPoolAccessor2.0( 1487): Destruction - bufferpool2 0xb4000072e591dae8 cached: 0/0M, 0/0% in use; allocs: 7, 29% recycled; transfers: 34, 74% unfetched
09-23 23:38:09.709 D/BufferPoolAccessor2.0( 1487): Destruction - bufferpool2 0xb4000072e591fd98 cached: 0/0M, 0/0% in use; allocs: 7, 43% recycled; transfers: 34, 88% unfetched
09-23 23:38:09.709 D/BufferPoolAccessor2.0( 1843): Destruction - bufferpool2 0xb4000072e58fa8f8 cached: 0/0M, 0/0% in use; allocs: 7, 43% recycled; transfers: 36, 83% unfetched
09-23 23:38:09.709 D/BufferPoolAccessor2.0( 1843): bufferpool2 0xb4000072e5909288 : 0(0 size) total buffers - 0(0 size) used buffers - 2/7 (recycle/alloc) - 6/38 (fetch/transfer)
09-23 23:38:09.709 D/BufferPoolAccessor2.0( 1843): Destruction - bufferpool2 0xb4000072e5909288 cached: 0/0M, 0/0% in use; allocs: 7, 29% recycled; transfers: 38, 84% unfetched
09-23 23:38:09.709 I/CCodecBufferChannel( 1208): [c2.android.vorbis.decoder#242] Created output block pool with allocatorID 16 => poolID 27 - OK
09-23 23:38:09.709 D/BufferPoolAccessor2.0( 1843): Destruction - bufferpool2 0xb4000072e58fde28 cached: 0/0M, 0/0% in use; allocs: 7, 14% recycled; transfers: 18, 67% unfetched
09-23 23:38:09.710 D/CCodecBufferChannel( 1208): [c2.android.vorbis.decoder#242] Configured output block pool ids 27 => OK
09-23 23:38:09.710 D/CCodecBufferChannel( 1208): [c2.android.vorbis.decoder#242] start: updating output delay 0
09-23 23:38:09.711 I/CCodecBufferChannel( 1208): pipelineRoom(3) is <= numClientBuffers(3). Not signalling any more buffers to client
09-23 23:38:09.711 D/SimpleC2Component( 1249): Using output block pool with poolID 27 => got 27 - 0
09-23 23:38:09.712 I/CCodecBufferChannel( 1208): pipelineRoom(2) is <= numClientBuffers(2). Not signalling any more buffers to client
09-23 23:38:09.713 I/CCodecBufferChannel( 1208): pipelineRoom(1) is <= numClientBuffers(1). Not signalling any more buffers to client
09-23 23:38:09.716 I/ExtendedNuUtils( 1208): Both src and dst missing for bit-width
09-23 23:38:09.716 I/ExtendedNuUtils( 1208): Overriding durationUs: with 64 bit src value 1728000
09-23 23:38:09.716 I/ExtendedNuUtils( 1208): Both src and dst missing for channel-mask
09-23 23:38:09.719 D/audio_hw_primary( 815): adev_get_parameters:vr_audio_mode_on
09-23 23:38:09.719 I/audio_hw_primary( 815): getting vr mode to 0
09-23 23:38:09.719 D/audio_hw_primary( 815): adev_get_parameters: exit: returns - vr_audio_mode_on=false
09-23 23:38:09.719 I/hash_map_utils( 987): system/bt/osi/src/hash_map_utils.cc:81 hash_map_utils_dump_string_keys_string_values: key: 'vr_audio_mode_on' value: ''
09-23 23:38:09.720 D/AudioFlinger( 987): Client defaulted notificationFrames to 12000 for frameCount 24000
09-23 23:38:09.721 D/AF::TrackHandle( 987): OpPlayAudio: track:56 usage:5 not muted
09-23 23:38:09.728 I/EffectsFactory( 815): EffectCreate() create_effect
09-23 23:38:09.732 E/volume_listener( 815): check_and_set_gain_dep_cal: Failed to set gain dep cal level
09-23 23:38:09.732 D/audio_hw_primary( 815): start_output_stream: enter: stream(0xe5dc0010)usecase(1: low-latency-playback) devices(0x2) is_haptic_usecase(0)
09-23 23:38:09.732 E/ANDR-PERF-TARGET( 873): Error: Invalid logical cluster id 0
09-23 23:38:09.732 E/ANDR-PERF-REQUEST( 873): invalid request
09-23 23:38:09.732 E/ANDR-PERF-MPCTL( 873): invalid request, no optimizations performed
09-23 23:38:09.732 E/audio_hw_extn( 815): audio_extn_perf_lock_acquire: Failed to acquire perf lock, err: -1
09-23 23:38:09.733 D/audio_hw_primary( 815): select_devices for use case (low-latency-playback)
09-23 23:38:09.733 I/msm8974_platform( 815): platform_check_and_set_codec_backend_cfg:becf: afe: bitwidth 16, samplerate 48000 channels 2, backend_idx 0 usecase = 1 device (speaker)
09-23 23:38:09.733 D/msm8974_platform( 815): platform_split_snd_device: snd_device(2) num devices(1) new_snd_devices(0)
09-23 23:38:09.733 I/msm8974_platform( 815): platform_check_and_set_codec_backend_cfg: new_snd_devices[0] is 2
09-23 23:38:09.733 I/msm8974_platform( 815): platform_check_codec_backend_cfg:becf: afe: bitwidth 16, samplerate 48000 channels 2, backend_idx 0 usecase = 1 device (speaker)
09-23 23:38:09.735 D/audio_hw_extn( 815): audio_extn_enable_hifi_filter: mixer_value set 0
09-23 23:38:09.735 D/msm8974_platform( 815): platform_check_codec_backend_cfg:becf: updated afe: bitwidth 16, samplerate 48000 channels 2,backend_idx 0 usecase = 1 device (speaker)
09-23 23:38:09.735 D/msm8974_platform( 815): platform_check_codec_backend_cfg:becf: afe: playback on codec device not supporting native playback set default Sample Rate(48k)
09-23 23:38:09.735 I/msm8974_platform( 815): platform_check_codec_backend_cfg:becf: afe: Codec selected backend: 0 updated bit width: 16 and sample rate: 48000
09-23 23:38:09.735 D/audio_hw_primary( 815): check_usecases_codec_backend:becf: force routing 0
09-23 23:38:09.735 E/msm8974_platform( 815): platform_check_backends_match: Invalid snd_device =
09-23 23:38:09.735 D/audio_hw_primary( 815): check_usecases_codec_backend:becf: (78) check_usecases curr device: speaker, usecase device: backends match 0
09-23 23:38:09.735 D/audio_hw_primary( 815): check_usecases_codec_backend:becf: check_usecases num.of Usecases to switch 0
09-23 23:38:09.735 D/hardware_info( 815): hw_info_append_hw_type : device_name = speaker
09-23 23:38:09.735 D/msm8974_platform( 815): platform_split_snd_device: snd_device(2) num devices(0) new_snd_devices(0)
09-23 23:38:09.735 D/audio_hw_primary( 815): enable_snd_device: snd_device(2: speaker)
09-23 23:38:09.735 D/msm8974_platform( 815): platform_get_island_cfg_on_device:island cfg status on snd_device = (speaker 0)
09-23 23:38:09.735 I/soundtrigger( 815): audio_extn_sound_trigger_update_device_status: device 0x2 of type 0 for Event 1, with Raise=0
09-23 23:38:09.735 D/audio_route( 815): Apply path: speaker
09-23 23:38:09.735 I/audio_hw_utils( 815): audio_extn_utils_update_stream_output_app_type_cfg Allowing 24 and above bits playback on speaker ONLY at default sampling rate
09-23 23:38:09.735 E/soundtrigger( 815): audio_extn_sound_trigger_update_stream_status: invalid input device 0x0, for event 3
09-23 23:38:09.735 D/soundtrigger( 815): audio_extn_sound_trigger_update_stream_status: uc_info->id 1 of type 0 for Event 3, with Raise=0
09-23 23:38:09.735 D/audio_hw_utils( 815): audio_extn_utils_send_app_type_cfg: usecase->out_snd_device speaker
09-23 23:38:09.735 D/msm8974_platform( 815): platform_split_snd_device: snd_device(2) num devices(0) new_snd_devices(0)
09-23 23:38:09.735 D/audio_hw_utils( 815): audio_extn_btsco_get_sample_rate:Not a BT SCO device, need not update sampling rate
09-23 23:38:09.735 I/audio_hw_utils( 815): send_app_type_cfg_for_device PLAYBACK app_type 69937, acdb_dev_id 15, sample_rate 48000, snd_device_be_idx 179
09-23 23:38:09.735 D/msm8974_platform( 815): platform_split_snd_device: snd_device(2) num devices(1) new_snd_devices(0)
09-23 23:38:09.735 D/audio_hw_utils( 815): audio_extn_btsco_get_sample_rate:Not a BT SCO device, need not update sampling rate
09-23 23:38:09.735 D/ACDB-LOADER( 815): ACDB -> send_audio_cal, acdb_id = 15, path = 0, app id = 0x11131, sample rate = 48000, afe_sample_rate = 48000
09-23 23:38:09.735 D/ACDB-LOADER( 815): ACDB -> send_asm_topology
09-23 23:38:09.735 D/ACDB-LOADER( 815): ACDB -> ACDB_CMD_GET_AUDPROC_STREAM_TOPOLOGY_ID
09-23 23:38:09.735 D/ACDB-LOADER( 815): ACDB -> send_adm_topology
09-23 23:38:09.735 D/ACDB-LOADER( 815): ACDB -> ACDB_CMD_GET_AUDPROC_COMMON_TOPOLOGY_ID
09-23 23:38:09.736 D/ACDB-LOADER( 815): ACDB -> send_audtable
09-23 23:38:09.736 D/ACDB-LOADER( 815): ACDB -> ACDB_CMD_GET_AUDPROC_INSTANCE_COMMON_TABLE_SIZE
09-23 23:38:09.736 D/ACDB-LOADER( 815): ACDB -> ACDB_CMD_GET_AUDPROC_INSTANCE_COMMON_TABLE
09-23 23:38:09.736 D/ACDB-LOADER( 815): ACDB -> AUDIO_SET_AUDPROC_CAL cal_type[11] acdb_id[15] app_type[69937]
09-23 23:38:09.736 D/Avrcp_ext( 1836): AudioManager Player: AudioPlaybackConfiguration piid:103 deviceId:0 type:android.media.SoundPool u/pid:10081/1843 state:idle attr:AudioAttributes: usage=USAGE_ASSISTANCE_SONIFICATION content=CONTENT_TYPE_SONIFICATION flags=0x800 tags= bundle=null sessionId:0
09-23 23:38:09.736 D/ACDB-LOADER( 815): ACDB -> send_audvoltable
09-23 23:38:09.736 D/ACDB-LOADER( 815): ACDB -> ACDB_CMD_GET_AUDPROC_INSTANCE_GAIN_DEP_STEP_TABLE_SIZE
09-23 23:38:09.736 D/ACDB-LOADER( 815): ACDB -> ACDB_CMD_GET_AUDPROC_INSTANCE_GAIN_DEP_STEP_TABLE, vol index 0
09-23 23:38:09.736 D/Avrcp_ext( 1836): AudioManager Player: AudioPlaybackConfiguration piid:119 deviceId:3 type:android.media.MediaPlayer u/pid:10081/1843 state:started attr:AudioAttributes: usage=USAGE_NOTIFICATION content=CONTENT_TYPE_SONIFICATION flags=0x800 tags= bundle=null sessionId:0
09-23 23:38:09.736 D/ACDB-LOADER( 815): ACDB -> AUDIO_SET_VOL_CAL cal type = 12
09-23 23:38:09.736 D/ACDB-LOADER( 815): ACDB -> ACDB_CMD_GET_AUDPROC_INSTANCE_STREAM_TABLE_SIZE
09-23 23:38:09.736 D/ACDB-LOADER( 815): ACDB -> send_audstrmtable
09-23 23:38:09.736 D/ACDB-LOADER( 815): ACDB -> ACDB_CMD_GET_AUDPROC_INSTANCE_STREAM_TABLE
09-23 23:38:09.736 D/ACDB-LOADER( 815): ACDB -> audstrm_cal->cal_type.cal_data.cal_size = 20
09-23 23:38:09.736 D/ACDB-LOADER( 815): ACDB -> send_afe_topology
09-23 23:38:09.736 D/ACDB-LOADER( 815): ACDB -> ACDB_CMD_GET_AFE_TOPOLOGY_ID
09-23 23:38:09.736 D/ACDB-LOADER( 815): ACDB -> GET_AFE_TOPOLOGY_ID for adcd_id 15, Topology Id 112fc
09-23 23:38:09.736 D/ACDB-LOADER( 815): ACDB -> send_afe_cal
09-23 23:38:09.736 D/ACDB-LOADER( 815): ACDB -> ACDB_CMD_GET_AFE_INSTANCE_COMMON_TABLE_SIZE
09-23 23:38:09.736 D/android.hardware.audio.service( 815): Failed to fetch the lookup information of the device 0000000F
09-23 23:38:09.736 D/ACDB-LOADER( 815): Error: ACDB_CMD_GET_AFE_INSTANCE_COMMON_TABLE_SIZE Returned = -19
09-23 23:38:09.736 D/ACDB-LOADER( 815): ACDB -> ACDB_CMD_GET_AFE_INSTANCE_COMMON_TABLE
09-23 23:38:09.736 D/android.hardware.audio.service( 815): Failed to fetch the lookup information of the device 0000000F
09-23 23:38:09.736 D/ACDB-LOADER( 815): Error: ACDB AFE returned = -19
09-23 23:38:09.736 D/ACDB-LOADER( 815): ACDB -> AUDIO_SET_AFE_CAL cal_type[16] acdb_id[15]
09-23 23:38:09.736 D/ACDB-LOADER( 815): ACDB -> send_hw_delay : acdb_id = 15 path = 0
09-23 23:38:09.736 D/ACDB-LOADER( 815): ACDB -> ACDB_AVSYNC_INFO: ACDB_CMD_GET_DEVICE_PROPERTY
09-23 23:38:09.736 D/msm8974_platform( 815): platform_split_snd_device: snd_device(2) num devices(0) new_snd_devices(0)
09-23 23:38:09.736 I/msm8974_platform( 815): platform_get_custom_mtmx_params: no matching param with id 0 ip_ch 2 op_ch 2 uc_id 1 snd_dev 2
09-23 23:38:09.736 D/audio_hw_primary( 815): enable_audio_route: apply mixer and update path: low-latency-playback
09-23 23:38:09.736 D/audio_route( 815): Apply path: low-latency-playback
09-23 23:38:09.737 D/Avrcp_ext( 1836): AudioManager Player in started state: com.android.systemui
09-23 23:38:09.737 D/Avrcp_ext( 1836): AudioManager Active Player: com.android.systemui
09-23 23:38:09.737 D/Avrcp_ext( 1836): AudioManager Player: AudioPlaybackConfiguration piid:95 deviceId:0 type:android.media.SoundPool u/pid:1000/1487 state:idle attr:AudioAttributes: usage=USAGE_ASSISTANCE_SONIFICATION content=CONTENT_TYPE_SONIFICATION flags=0x800 tags= bundle=null sessionId:0
09-23 23:38:09.737 D/Avrcp_ext( 1836): AudioManager isPlaying: true, mAudioPlaybackIsActive = true
09-23 23:38:09.737 D/audio_hw_primary( 815): select_devices: done
09-23 23:38:09.762 D/msm8974_platform( 815): platform_set_channel_map mixer_ctl_name:Playback Channel Map9
09-23 23:38:09.762 D/msm8974_platform( 815): platform_set_channel_map: set mapping(1 2 0 0 0 0 0 0) for channel:2
09-23 23:38:09.763 E/audio_hw_extn( 815): audio_extn_perf_lock_release: Perf lock release error
09-23 23:38:09.763 D/audio_hw_primary( 815): start_output_stream: exit
09-23 23:38:09.763 D/audio_hw_primary( 815): out_write: retry previous failed cal level set
09-23 23:38:09.763 D/msm8974_platform( 815): platform_split_snd_device: snd_device(2) num devices(1) new_snd_devices(0)
09-23 23:38:09.763 D/ACDB-LOADER( 815): ACDB -> send_audvoltable
09-23 23:38:09.763 D/ACDB-LOADER( 815): ACDB -> ACDB_CMD_GET_AUDPROC_INSTANCE_GAIN_DEP_STEP_TABLE_SIZE
09-23 23:38:09.763 D/ACDB-LOADER( 815): ACDB -> ACDB_CMD_GET_AUDPROC_INSTANCE_GAIN_DEP_STEP_TABLE, vol index 5
09-23 23:38:09.763 D/ACDB-LOADER( 815): ACDB -> AUDIO_SET_VOL_CAL cal type = 40
09-23 23:38:09.774 D/msm8974_platform( 815): platform_split_snd_device: snd_device(2) num devices(1) new_snd_devices(0)
09-23 23:38:09.774 D/ACDB-LOADER( 815): ACDB -> send_audvoltable
09-23 23:38:09.774 D/ACDB-LOADER( 815): ACDB -> ACDB_CMD_GET_AUDPROC_INSTANCE_GAIN_DEP_STEP_TABLE_SIZE
09-23 23:38:09.774 D/ACDB-LOADER( 815): ACDB -> ACDB_CMD_GET_AUDPROC_INSTANCE_GAIN_DEP_STEP_TABLE, vol index 2
09-23 23:38:09.774 D/ACDB-LOADER( 815): ACDB -> AUDIO_SET_VOL_CAL cal type = 40
09-23 23:38:09.901 I/mpu_uart( 654): [MSG-P:RECV]:No message received in 1000 ms
09-23 23:38:10.117 W/CamX ( 825): [ WARN][NCS ] camxncsintfqsee.cpp:628 ProbeSensor() Timed out for probing sensor 8!
09-23 23:38:10.118 W/CamX ( 825): [ WARN][NCS ] camxncsintfqsee.cpp:270 GetListOfSensors() Probe sensor 8 with error 9
09-23 23:38:10.153 I/unknown ( 3476): khook pthread_attr_init_callback set thread stack from 1008 to 256 KB
09-23 23:38:10.153 I/unknown ( 3476): khook setstacksize __addr 0xaf305068, from 1040 KB to 256 KB
09-23 23:38:10.269 I/unknown ( 3476): khook pthread_attr_init_callback set thread stack from 1008 to 256 KB
09-23 23:38:10.270 I/unknown ( 3476): khook setstacksize __addr 0xb1847358, from 1040 KB to 256 KB
09-23 23:38:10.284 I/unknown ( 3476): khook pthread_attr_init_callback set thread stack from 1008 to 256 KB
09-23 23:38:10.284 I/unknown ( 3476): khook setstacksize __addr 0xb195b868, from 1040 KB to 256 KB
09-23 23:38:10.290 I/unknown ( 3476): khook pthread_attr_init_callback set thread stack from 1008 to 256 KB
09-23 23:38:10.290 I/unknown ( 3476): khook setstacksize __addr 0xaf48e6d8, from 1040 KB to 256 KB
09-23 23:38:10.309 I/unknown ( 3476): khook pthread_attr_init_callback set thread stack from 1008 to 256 KB
09-23 23:38:10.310 I/unknown ( 3476): khook setstacksize __addr 0xff994418, from 1040 KB to 256 KB
09-23 23:38:10.416 F/linker ( 4182): CANNOT LINK EXECUTABLE "/vendor/bin/hw/qvrservice": library "vendor.qti.hardware.qxr-V1-ndk_platform.so" not found: needed by /vendor/lib64/libqvrservice.so in namespace (default)
09-23 23:38:10.422 F/linker ( 4185): CANNOT LINK EXECUTABLE "/vendor/bin/hw/sxrservice": library "vendor.qti.hardware.qxr-V1-ndk_platform.so" not found: needed by main executable
09-23 23:38:10.625 D/CompatibilityChangeReporter( 1487): Compat change id reported: 149924527; UID 10106; state: ENABLED
09-23 23:38:10.626 D/CompatibilityChangeReporter( 1487): Compat change id reported: 132649864; UID 10106; state: DISABLED
09-23 23:38:10.627 I/unknown ( 3476): khook pthread_attr_init_callback set thread stack from 1008 to 256 KB
09-23 23:38:10.627 I/unknown ( 3476): khook setstacksize __addr 0xad07b8e8, from 1040 KB to 256 KB
09-23 23:38:10.648 I/unknown ( 3476): khook pthread_attr_init_callback set thread stack from 1008 to 256 KB
09-23 23:38:10.648 I/unknown ( 3476): khook setstacksize __addr 0xad07ac58, from 1040 KB to 256 KB
09-23 23:38:10.650 I/unknown ( 3476): khook pthread_attr_init_callback set thread stack from 1008 to 256 KB
09-23 23:38:10.650 I/unknown ( 3476): khook setstacksize __addr 0xad07acd8, from 1040 KB to 256 KB
09-23 23:38:10.656 I/unknown ( 3476): khook pthread_attr_init_callback set thread stack from 1008 to 256 KB
09-23 23:38:10.656 I/unknown ( 3476): khook setstacksize __addr 0xae530ea8, from 1040 KB to 256 KB
09-23 23:38:10.657 I/unknown ( 3476): khook pthread_attr_init_callback set thread stack from 1008 to 256 KB
09-23 23:38:10.657 I/unknown ( 3476): khook setstacksize __addr 0xae531348, from 1040 KB to 256 KB
09-23 23:38:10.660 I/unknown ( 3476): khook pthread_attr_init_callback set thread stack from 1008 to 256 KB
09-23 23:38:10.660 I/unknown ( 3476): khook pthread_attr_init_callback set thread stack from 1008 to 256 KB
09-23 23:38:10.660 I/unknown ( 3476): khook setstacksize __addr 0xac128fa8, from 1040 KB to 256 KB
09-23 23:38:10.660 I/unknown ( 3476): khook setstacksize __addr 0xae4ebfa8, from 1040 KB to 256 KB
09-23 23:38:10.661 I/unknown ( 3476): khook pthread_attr_init_callback set thread stack from 1008 to 256 KB
09-23 23:38:10.661 I/unknown ( 3476): khook setstacksize __addr 0xae4ebfa8, from 1040 KB to 256 KB
09-23 23:38:10.661 I/unknown ( 3476): khook pthread_attr_init_callback set thread stack from 1008 to 256 KB
09-23 23:38:10.661 I/unknown ( 3476): khook setstacksize __addr 0xac128fa8, from 1040 KB to 256 KB
09-23 23:38:10.867 I/unknown ( 3476): khook pthread_attr_init_callback set thread stack from 1008 to 256 KB
09-23 23:38:10.867 I/unknown ( 3476): khook setstacksize __addr 0xaf305608, from 1040 KB to 256 KB
09-23 23:38:10.870 I/unknown ( 3476): khook pthread_attr_init_callback set thread stack from 1008 to 256 KB
09-23 23:38:10.870 I/unknown ( 3476): khook setstacksize __addr 0xa9183c88, from 1040 KB to 256 KB
09-23 23:38:10.881 I/unknown ( 3476): khook pthread_attr_init_callback set thread stack from 1008 to 256 KB
09-23 23:38:10.881 I/unknown ( 3476): khook setstacksize __addr 0xa9184638, from 1040 KB to 256 KB
09-23 23:38:10.902 I/mpu_uart( 654): [MSG-P:RECV]:No message received in 1000 ms
09-23 23:38:11.075 D/CCodecBufferChannel( 1208): [c2.android.vorbis.decoder#242] buffers after EOS ignored (0 us)
09-23 23:38:11.075 D/CCodecBufferChannel( 1208): [c2.android.vorbis.decoder#242] buffers after EOS ignored (0 us)
09-23 23:38:11.077 D/AudioTrack( 1208): stop(32): called with 82980 frames delivered
09-23 23:38:11.142 I/protect ( 3499): protect qdsc start
09-23 23:38:11.143 I/protect ( 3499): protect qdsc end
09-23 23:38:11.515 D/audio_hw_primary( 815): out_set_parameters: enter: usecase(1: low-latency-playback) kvpairs: suspend_playback=true
09-23 23:38:11.515 D/audio_hw_extn( 815): audio_extn_fm_set_parameters: Enter
09-23 23:38:11.526 D/audio_hw_primary( 815): out_set_parameters: enter: usecase(1: low-latency-playback) kvpairs: suspend_playback=false
09-23 23:38:11.526 D/audio_hw_extn( 815): audio_extn_fm_set_parameters: Enter
09-23 23:38:11.529 D/audio_hw_primary( 815): out_set_parameters: enter: usecase(1: low-latency-playback) kvpairs: suspend_playback=true
09-23 23:38:11.529 D/audio_hw_extn( 815): audio_extn_fm_set_parameters: Enter
09-23 23:38:11.540 D/audio_hw_primary( 815): out_set_parameters: enter: usecase(1: low-latency-playback) kvpairs: suspend_playback=false
09-23 23:38:11.540 D/audio_hw_extn( 815): audio_extn_fm_set_parameters: Enter
09-23 23:38:11.544 D/audio_hw_primary( 815): out_set_parameters: enter: usecase(1: low-latency-playback) kvpairs: suspend_playback=true
09-23 23:38:11.545 D/audio_hw_extn( 815): audio_extn_fm_set_parameters: Enter
09-23 23:38:11.545 I/MediaFocusControl( 1487): abandonAudioFocus() from uid/pid 10081/1843 clientId=android.media.AudioManager@327d3ed
09-23 23:38:11.546 D/Avrcp_ext( 1836): AudioManager Player: AudioPlaybackConfiguration piid:103 deviceId:0 type:android.media.SoundPool u/pid:10081/1843 state:idle attr:AudioAttributes: usage=USAGE_ASSISTANCE_SONIFICATION content=CONTENT_TYPE_SONIFICATION flags=0x800 tags= bundle=null sessionId:0
09-23 23:38:11.546 D/Avrcp_ext( 1836): AudioManager Player: AudioPlaybackConfiguration piid:119 deviceId:3 type:android.media.MediaPlayer u/pid:10081/1843 state:stopped attr:AudioAttributes: usage=USAGE_NOTIFICATION content=CONTENT_TYPE_SONIFICATION flags=0x800 tags= bundle=null sessionId:0
