09-23 23:38:02.286 D/LOWI-9.0.0.87.a( 1344): [LOWI-ROME-RTT] allowed_dwell_time_min(20) allowed_dwell_time_max(40)curr_dwell_time_min(0) curr_dwell_time_max(0)supported_bands(3) num_channels(0)
09-23 23:38:02.287 I/WifiHAL ( 859): send_nl_data: sent cld80211 msg of len: 32 to driver
09-23 23:38:02.287 I/WifiHAL ( 859): send oem msg of len : 1608 to apps
09-23 23:38:02.287 D/LOWI-9.0.0.87.a( 1344): [LOWI-ROME-RTT] send_oem_nl_msg: sent cld80211 message with subcmd: 4
09-23 23:38:02.287 D/LOWI-9.0.0.87.a( 1344): [LOWIRangingFSM] FSM: New FSM state: STATE_WAITING_FOR_WIPHY_INFO
09-23 23:38:02.287 D/LOWI-9.0.0.87.a( 1344): [LOWI-ROME-RTT] RomeWaitOnActivityOnSocketOrPipe: issue timed select: TO: 5
09-23 23:38:02.287 D/LOWI-9.0.0.87.a( 1344): [LOWI-ROME-RTT] RomeWaitOnActivityOnSocketOrPipe: timed select over: TO: 5 retVal: 1
09-23 23:38:02.287 D/LOWI-9.0.0.87.a( 1344): [LOWI-ROME-RTT] event_handler: Valid data with length 1576
09-23 23:38:02.287 D/LOWI-9.0.0.87.a( 1344): [LOWI-HELIUM-RTT] RomeNLRecvMessage: The Received RomeMsgType: ROME_CHANNEL_INFO_MSG
09-23 23:38:02.287 D/LOWI-9.0.0.87.a( 1344): [LOWIRangingFSM] FSM: Received Event EVENT_CHANNEL_INFO, Current state: STATE_WAITING_FOR_WIPHY_INFO
09-23 23:38:02.287 I/LOWI-9.0.0.87.a( 1344): [LOWI-ROME-RTT] ExtractNLChannelInfo: NumChan = 26
09-23 23:38:02.287 I/WifiHAL ( 859): send_nl_data: sent cld80211 msg of len: 64 to driver
09-23 23:38:02.287 D/LOWI-9.0.0.87.a( 1344): [LOWI-ROME-RTT] send_oem_nl_msg: sent cld80211 message with subcmd: 5
09-23 23:38:02.287 D/LOWI-9.0.0.87.a( 1344): [LOWIRangingFSM] FSM: New FSM state: STATE_WAITING_FOR_RANGING_CAP
09-23 23:38:02.287 D/LOWI-9.0.0.87.a( 1344): [LOWI-ROME-RTT] RomeWaitOnActivityOnSocketOrPipe: issue timed select: TO: 5
09-23 23:38:02.288 D/LOWI-9.0.0.87.a( 1344): [LOWI-Scan] Creating the pipe
09-23 23:38:02.288 D/LOWI-9.0.0.87.a( 1344): [LOWIScanResultReceiver] Enter passive listening mode
09-23 23:38:02.288 D/LOWI-9.0.0.87.a( 1344): [LOWIWifiDriverInterface] getMeasurements - Passive listening mode
09-23 23:38:02.288 D/LOWI-9.0.0.87.a( 1344): [LOWI-Scan] WipsScanUsingNL:wait -1 sec for netlink message
09-23 23:38:02.292 D/WifiDiags( 1487): startLogging() iface list is {wlan0} after adding wlan0
09-23 23:38:02.368 I/MSP-JNI ( 3425): JNI_OnLoad called
09-23 23:38:02.369 E/MSP-JNI ( 3425): Failed to get class in Jload
09-23 23:38:02.369 I/MSP-JNI ( 3425): FindClass - com/qualcomm/ltebc/LTEBroadcastService JNI EXCEPTION CLEARED
09-23 23:38:02.369 I/MSP-JNI ( 3425): JNI_OnLoad: Initializing File Delivery references
09-23 23:38:02.369 I/MSP-JNI ( 3425): FindClass CARRIER_SPECIFIC_CLASS_DEFINITION JNI EXCEPTION CLEARED
09-23 23:38:02.369 I/MSP-JNI ( 3425): JNI_OnLoad: Completed File Delivery initialization
09-23 23:38:02.371 I/LTE Application( 3425): LTEApplicationCreate
09-23 23:38:02.372 I/LTE Application( 3425): applicationContext : com.qualcomm.ltebc.LTEQTIApplication@48d8b60
09-23 23:38:02.374 I/LTE QMI Link( 3425): Creating QMI Link
09-23 23:38:02.375 D/LTE Application( 3425): packageName = com.qti.ltebc versionCode = 5401010 versionName = MSDC_LA_5.4.01.01.0
09-23 23:38:02.375 I/LTE Application( 3425): LTE Broadcast Library Release Version = MSDC_LA_5.4.01.01.0
09-23 23:38:02.375 D/LTE Application( 3425): IntentSender : Last intent Status NOT_SENT forcedBroadcast flag = true
09-23 23:38:02.375 D/LTE Application( 3425): sendBroadcastIntent IntentAction : Sending com.qualcomm.intent.EMBMS_STATUS ACTIVE = false
09-23 23:38:02.377 W/SOCKET ( 3425): ConnectionManager constructor has been initialised
09-23 23:38:02.377 E/System ( 3425): Ignoring attempt to set property "java.net.preferIPv6Addresses" to value "false".
09-23 23:38:02.379 D/LTE Application( 3425): Android API Version 31
09-23 23:38:02.379 I/LTE Application( 3425): Package Name : com.qti.ltebc
09-23 23:38:02.380 I/LTE Application( 3425): app is not whitelisted
09-23 23:38:02.382 I/LTE Broadcast Receiver( 3425): Broadcast Receiver Received intent : Intent { act=android.intent.action.BOOT_COMPLETED flg=0x89000010 cmp=com.qti.ltebc/com.qualcomm.ltebc.LTEBroadcastBootReceiver (has extras) }
09-23 23:38:02.382 I/LTE Broadcast Receiver( 3425): Received intent : android.intent.action.BOOT_COMPLETED isBindCalled = false
09-23 23:38:02.382 I/LTE Application( 3425): startRootServiceASync true
09-23 23:38:02.383 I/LTE Application( 3425): startRootServiceSync true
09-23 23:38:02.383 I/LTE Application( 3425): startRootServiceSync initState LTEBC_MSP_NOT_INITIALIZED
09-23 23:38:02.383 I/LTE Application( 3425): setWakeupMode - mode :WAKEUP_MODE_BG
09-23 23:38:02.383 I/LTE Application( 3425): startRootServiceSync(): Started from BOOT
09-23 23:38:02.383 I/LTE Application( 3425): startRootServiceSync(): setting alarm wake up and exit from BOOT 1663947482883
09-23 23:38:02.383 I/LTE Application( 3425): scheduleNextWakeup appName: null wakeupInFg: false
09-23 23:38:02.383 I/LTE Application( 3425): wakeupTime is 1663947482883
09-23 23:38:02.383 I/LTE Application( 3425): Next wakeup will be due to boot
09-23 23:38:02.384 D/CompatibilityChangeReporter( 3425): Compat change id reported: 160794467; UID 10072; state: ENABLED
09-23 23:38:02.385 D/CompatibilityChangeReporter( 1487): Compat change id reported: 171306433; UID 10072; state: ENABLED
09-23 23:38:02.385 D/CompatibilityChangeReporter( 1487): Compat change id reported: 168419799; UID 10054; state: DISABLED
09-23 23:38:02.385 D/CompatibilityInfo( 1487): mCompatibilityFlags - 4
09-23 23:38:02.385 D/CompatibilityInfo( 1487): applicationDensity - 240
09-23 23:38:02.386 D/CompatibilityInfo( 1487): applicationScale - 1.0
09-23 23:38:02.388 D/PASRReceiver( 2736): Received Intent Intent { act=android.intent.action.BOOT_COMPLETED flg=0x89000010 cmp=com.qti.pasrservice/.PASRReceiver (has extras) }
09-23 23:38:02.389 D/CompatibilityInfo( 1487): mCompatibilityFlags - 4
09-23 23:38:02.389 D/CompatibilityInfo( 1487): applicationDensity - 240
09-23 23:38:02.389 D/CompatibilityInfo( 1487): applicationScale - 1.0
09-23 23:38:02.390 D/PASRReceiver( 2736): PASRService Auto Boot Started Successfully
09-23 23:38:02.391 E/PASRService( 2736): onCreate
09-23 23:38:02.391 I/LTE Application( 3425): Alarm Set to 1663947482883
09-23 23:38:02.391 D/CompatibilityInfo( 1487): mCompatibilityFlags - 4
09-23 23:38:02.391 D/CompatibilityInfo( 1487): applicationDensity - 240
09-23 23:38:02.391 D/CompatibilityInfo( 1487): applicationScale - 1.0
09-23 23:38:02.392 I/com.qti.ltebc( 3425): System.exit called, status: 0
09-23 23:38:02.392 I/AndroidRuntime( 3425): VM exiting with result code 0, cleanup skipped.
09-23 23:38:02.392 D/PASRService( 2736): PASRService started
09-23 23:38:02.393 I/MStatsReceiver( 2094): prop ==
09-23 23:38:02.393 I/MStatsReceiver( 2094): Received intent but prop is not set.
09-23 23:38:02.394 D/CompatibilityChangeReporter( 1487): Compat change id reported: 168419799; UID 10071; state: DISABLED
09-23 23:38:02.394 D/CompatibilityInfo( 1487): mCompatibilityFlags - 4
09-23 23:38:02.394 D/CompatibilityInfo( 1487): applicationDensity - 240
09-23 23:38:02.394 D/CompatibilityInfo( 1487): applicationScale - 1.0
09-23 23:38:02.399 D/CompatibilityChangeReporter( 1487): Compat change id reported: 168419799; UID 10074; state: DISABLED
09-23 23:38:02.399 D/CompatibilityInfo( 1487): mCompatibilityFlags - 4
09-23 23:38:02.399 D/CompatibilityInfo( 1487): applicationDensity - 240
09-23 23:38:02.399 D/CompatibilityInfo( 1487): applicationScale - 1.0
09-23 23:38:02.402 D/CompatibilityInfo( 1487): mCompatibilityFlags - 4
09-23 23:38:02.402 D/CompatibilityInfo( 1487): applicationDensity - 240
09-23 23:38:02.402 D/CompatibilityInfo( 1487): applicationScale - 1.0
09-23 23:38:02.403 I/QCCAuthMgr( 2351): BootReceiver - onReceive
09-23 23:38:02.403 I/QCCAuthMgr( 2351): android.intent.action.BOOT_COMPLETED intent received
09-23 23:38:02.404 D/QCCAuthMgr( 2351): SMQContentProvider query uri: content://com.qti.smq.Feedback.provider/smq_settings, selection: key=?, uri_matcher: 1
09-23 23:38:02.404 D/QCCAuthMgr( 2351): SMQContentProvider query tableName: smq_settings
09-23 23:38:02.404 I/QCCAuthMgr( 2351): BootReceiver - db is not initial
09-23 23:38:02.407 D/CompatibilityChangeReporter( 1487): Compat change id reported: 168419799; UID 10083; state: DISABLED
09-23 23:38:02.407 D/CompatibilityInfo( 1487): mCompatibilityFlags - 4
09-23 23:38:02.407 D/CompatibilityInfo( 1487): applicationDensity - 240
09-23 23:38:02.407 D/CompatibilityInfo( 1487): applicationScale - 1.0
09-23 23:38:02.409 I/QCC-Netstat:BootReceiver( 2835): android.intent.action.BOOT_COMPLETED received
09-23 23:38:02.410 D/CompatibilityInfo( 1487): mCompatibilityFlags - 4
09-23 23:38:02.410 D/CompatibilityInfo( 1487): applicationDensity - 240
09-23 23:38:02.410 D/CompatibilityInfo( 1487): applicationScale - 1.0
09-23 23:38:02.411 I/am_uid_running( 1487): 10055
09-23 23:38:02.412 D/CompatibilityChangeReporter( 1487): Compat change id reported: 135634846; UID 10055; state: DISABLED
09-23 23:38:02.412 D/CompatibilityChangeReporter( 1487): Compat change id reported: 143937733; UID 10055; state: DISABLED
09-23 23:38:02.416 I/ActivityManager( 1487): Process com.qti.ltebc (pid 3425) has died: cch+5 CEM
09-23 23:38:02.416 I/libprocessgroup( 1487): Successfully killed process cgroup uid 10072 pid 3425 in 0ms
09-23 23:38:02.416 I/Zygote ( 674): Process 3425 exited cleanly (0)
09-23 23:38:02.416 I/am_proc_died( 1487): [0,3425,com.qti.ltebc,905,19]
09-23 23:38:02.417 I/am_uid_stopped( 1487): 10072
09-23 23:38:02.418 I/am_uid_active( 1487): 10055
09-23 23:38:02.424 D/Zygote ( 675): Forked child process 3455
09-23 23:38:02.424 I/am_proc_start( 1487): [0,3455,10055,com.qualcomm.qti.qms.service.connectionsecurity,broadcast,{com.qualcomm.qti.qms.service.connectionsecurity/com.qualcomm.qti.qms.service.connectionsecurity.ConnSecBroadcastReceiver}]
09-23 23:38:02.424 I/ActivityManager( 1487): Start proc 3455:com.qualcomm.qti.qms.service.connectionsecurity/u0a55 for broadcast {com.qualcomm.qti.qms.service.connectionsecurity/com.qualcomm.qti.qms.service.connectionsecurity.ConnSecBroadcastReceiver}
09-23 23:38:02.444 W/nectionsecurit( 3455): Using default instruction set features for ARM CPU variant (cortex-a9) using conservative defaults
09-23 23:38:02.448 E/nectionsecurit( 3455): Not starting debugger since process cannot load the jdwp agent.
09-23 23:38:02.448 I/WifiHAL ( 859): send oem msg of len : 112 to apps
09-23 23:38:02.449 D/LOWI-9.0.0.87.a( 1344): [LOWI-ROME-RTT] RomeWaitOnActivityOnSocketOrPipe: timed select over: TO: 5 retVal: 1
09-23 23:38:02.449 D/LOWI-9.0.0.87.a( 1344): [LOWI-ROME-RTT] event_handler: Valid data with length 80
09-23 23:38:02.449 D/LOWI-9.0.0.87.a( 1344): [LOWI-HELIUM-RTT] storeNLFragment: new fragment group, tokenid(2), adding 72 chars @position 0
09-23 23:38:02.449 D/LOWI-9.0.0.87.a( 1344): [LOWI-HELIUM-RTT] RomeNLRecvMessage: The Received OEMSubType: RTT_MSG_SUBTYPE_CAPABILITY_RSP
09-23 23:38:02.449 D/LOWI-9.0.0.87.a( 1344): [LOWI-HELIUM-RTT] RomeNLRecvMessage: The Received RomeMsgType: ROME_RANGING_CAP_MSG
09-23 23:38:02.449 D/LOWI-9.0.0.87.a( 1344): [LOWIRangingFSM] FSM: Received Event EVENT_RANGING_CAP_INFO, Current state: STATE_WAITING_FOR_RANGING_CAP
09-23 23:38:02.449 D/LOWI-9.0.0.87.a( 1344): [LOWIWifiTlvHandler] processRspHeadTlv: reqId(1) measDone(1) rttStatus(RTT_STATUS_SUCCESS) subtype(RTT_MSG_SUBTYPE_CAPABILITY_RSP) isFrag(0) fragIdx(0) fragLen(0) tknId(0)
09-23 23:38:02.449 D/LOWI-9.0.0.87.a( 1344): [LOWIWifiTlvHandler] checkTlvTag: Processing idx(0) received TLV: wmi_rtt_oem_rsp_head
09-23 23:38:02.449 D/LOWI-9.0.0.87.a( 1344): [LOWIWifiTlvHandler] processIfPeerEvtHdrTag: Invalid Tag(33), not added to vector mPeerIdx(0)
09-23 23:38:02.449 D/LOWI-9.0.0.87.a( 1344): [LOWIWifiTlvHandler] processIfPerFrmInfoTag: Invalid Tag(33) measurement not added for peer(0)
09-23 23:38:02.449 D/LOWI-9.0.0.87.a( 1344): [LOWIWifiTlvHandler] checkTlvTag: Processing idx(1) received TLV: wmi_rtt_oem_cap_rsp_head
09-23 23:38:02.449 D/LOWI-9.0.0.87.a( 1344): [LOWIWifiTlvHandler] processIfPeerEvtHdrTag: Invalid Tag(35), not added to vector mPeerIdx(0)
09-23 23:38:02.449 D/LOWI-9.0.0.87.a( 1344): [LOWIWifiTlvHandler] processIfPerFrmInfoTag: Invalid Tag(35) measurement not added for peer(0)
09-23 23:38:02.449 D/LOWI-9.0.0.87.a( 1344): [LOWIWifiTlvHandler] checkTlvTag: Processing idx(2) received TLV: wmi_rtt_oem_cap_rsp_event
09-23 23:38:02.449 D/LOWI-9.0.0.87.a( 1344): [LOWIWifiTlvHandler] processIfPeerEvtHdrTag: Invalid Tag(36), not added to vector mPeerIdx(0)
09-23 23:38:02.449 D/LOWI-9.0.0.87.a( 1344): [LOWIWifiTlvHandler] processIfPerFrmInfoTag: Invalid Tag(36) measurement not added for peer(0)
09-23 23:38:02.449 D/LOWI-9.0.0.87.a( 1344): [LOWIWifiTlvHandler] printBssidInfo: No peer info from processing TLVs
09-23 23:38:02.449 D/LOWI-9.0.0.87.a( 1344): [LOWI-HELIUM-RTT] parseRttCapabilitiesMsg: Skipping wmi_rtt_oem_rsp_head
09-23 23:38:02.449 D/LOWI-9.0.0.87.a( 1344): [LOWI-HELIUM-RTT] parseRttCapabilitiesMsg: parsing wmi_rtt_oem_cap_rsp_head TLVversion(0x3) major(0x0) minor(0x10001) serviceBitMask[0](0x0) serviceBitMask[1](0x0) serviceBitMask[2](0x0) serviceBitMask[3](0x0)
09-23 23:38:02.449 D/LOWI-9.0.0.87.a( 1344): [LOWI-HELIUM-RTT] parseRttCapabilitiesMsg: parsing wmi_rtt_oem_cap_rsp_event TLVrangingTypeMask(5) supportedFramesMask(11) maxDestPerReq(10) maxMeasPerDest(31) maxChannelsAllowed(1) maxBwAllowed(2) preambleSupportedMask(7) reportTypeSupportedMask(15) maxRfChains(3) facTypeMask(2) numPhys(1) fwMultiBurstSupport(1)
09-23 23:38:02.449 D/LOWI-9.0.0.87.a( 1344): [LOWIRangingFSM] FSM: New FSM state: STATE_READY_AND_IDLE
09-23 23:38:02.449 D/LOWI-9.0.0.87.a( 1344): [LOWI-ROME-RTT] RomeWaitOnActivityOnSocketOrPipe: issue blocking select
09-23 23:38:02.450 D/ProcessState( 3455): Binder ioctl to enable oneway spam detection failed: Invalid argument
09-23 23:38:02.455 I/am_proc_bound( 1487): [0,3455,com.qualcomm.qti.qms.service.connectionsecurity]
09-23 23:38:02.456 W/BatteryExternalStatsWorker( 1487): error reading modem stats:ERROR_PHONE_NOT_AVAILABLE
09-23 23:38:02.457 D/CompatibilityChangeReporter( 1487): Compat change id reported: 168419799; UID 10055; state: DISABLED
09-23 23:38:02.457 D/CompatibilityInfo( 1487): mCompatibilityFlags - 4
09-23 23:38:02.457 D/CompatibilityInfo( 1487): applicationDensity - 240
09-23 23:38:02.457 D/CompatibilityInfo( 1487): applicationScale - 1.0
09-23 23:38:02.460 D/CompatibilityInfo( 1487): mCompatibilityFlags - 4
09-23 23:38:02.460 D/CompatibilityInfo( 1487): applicationDensity - 240
09-23 23:38:02.460 D/CompatibilityInfo( 1487): applicationScale - 1.0
09-23 23:38:02.460 W/Looper ( 1487): Slow dispatch took 275ms main h=android.app.ActivityThread$H c=android.app.LoadedApk$ReceiverDispatcher$Args$$ExternalSyntheticLambda0@7b42b3a m=0
09-23 23:38:02.461 W/Looper ( 1487): Slow delivery took 276ms main h=android.app.ActivityThread$H c=android.app.LoadedApk$ReceiverDispatcher$Args$$ExternalSyntheticLambda0@5be43eb m=0
09-23 23:38:02.461 D/CompatibilityChangeReporter( 3455): Compat change id reported: 171979766; UID 10055; state: DISABLED
09-23 23:38:02.461 D/BluetoothAdapterService( 1836): Soft AP is on band: 1
09-23 23:38:02.463 W/Looper ( 1487): Drained
09-23 23:38:02.466 D/ApplicationLoaders( 3455): Returning zygote-cached class loader: /system/framework/android.test.base.jar
09-23 23:38:02.473 D/WifiConfigStore( 1487): Writing to stores completed in 2 ms.
09-23 23:38:02.475 D/WifiNetworkFactory( 1487): got request NetworkRequest [ REQUEST id=24, [ Capabilities: INTERNET&NOT_RESTRICTED&TRUSTED&NOT_VCN_MANAGED Uid: 10081 RequestorUid: 10081 RequestorPkg: com.android.systemui] ]
09-23 23:38:02.476 D/WifiConnectivityHelper( 1487): Firmware supported feature set: d8fca935dd
09-23 23:38:02.477 D/WifiConnectivityHelper( 1487): Firmware roaming supported with capabilities: max num blocklist bssid=16 max num allowlist ssid=8
09-23 23:38:02.477 D/nativeloader( 3455): classloader namespace configured for unbundled vendor apk. library_path=/vendor/app/ConnectionSecurityService/lib/arm:/vendor/app/ConnectionSecurityService/ConnectionSecurityService.apk!/lib/armeabi-v7a:/vendor/lib
09-23 23:38:02.478 D/OsAgent ( 2691): [wifi_supplicant_status_update][3202] [HC] =>> [HS]
09-23 23:38:02.478 V/LocSvc_HIDL_IzatSubscription( 831): [wifiSupplicantStatusUpdate][682] [HS] <<<<= [HC]
09-23 23:38:02.479 D/OsAgent ( 2691): [wifi_supplicant_status_update][3202] [HC] =>> [HS]
09-23 23:38:02.479 V/LocSvc_HIDL_IzatSubscription( 831): [wifiSupplicantStatusUpdate][682] [HS] <<<<= [HC]
09-23 23:38:02.484 D/ControlsListingControllerImpl( 1843): Subscribing callback, service count: 0
09-23 23:38:02.485 E/WifiScoringParams( 1487): Invalid frequency(-1), using 5G as default rssi array
09-23 23:38:02.486 D/WifiNetworkFactory( 1487): got request NetworkRequest [ REQUEST id=27, [ Capabilities: INTERNET&NOT_RESTRICTED&TRUSTED&NOT_VCN_MANAGED Uid: 1000 RequestorUid: 1000 RequestorPkg: android] ]
09-23 23:38:02.486 D/ControlsListingControllerImpl( 1843): Subscribing callback, service count: 0
09-23 23:38:02.487 D/WifiNetworkFactory( 1487): got request NetworkRequest [ REQUEST id=15, [ Capabilities: INTERNET&NOT_RESTRICTED&TRUSTED&NOT_VCN_MANAGED Uid: 1000 RequestorUid: 1000 RequestorPkg: android] ]
09-23 23:38:02.487 D/WifiNetworkFactory( 1487): got request NetworkRequest [ REQUEST id=1, [ Capabilities: INTERNET&NOT_RESTRICTED&TRUSTED&NOT_VPN&NOT_VCN_MANAGED RequestorUid: 1000 RequestorPkg: android] ]
09-23 23:38:02.488 D/WifiNetworkFactory( 1487): got request NetworkRequest [ REQUEST id=17, [ Capabilities: INTERNET&NOT_RESTRICTED&TRUSTED&NOT_VCN_MANAGED Uid: 1073 RequestorUid: 1073 RequestorPkg: com.android.networkstack] ]
09-23 23:38:02.488 D/WifiNetworkFactory( 1487): got request NetworkRequest [ REQUEST id=7, [ Capabilities: INTERNET&NOT_RESTRICTED&TRUSTED&NOT_VCN_MANAGED Uid: 1000 RequestorUid: 1000 RequestorPkg: android] ]
09-23 23:38:02.488 D/WifiNetworkFactory( 1487): got request NetworkRequest [ REQUEST id=22, [ Capabilities: INTERNET&NOT_RESTRICTED&TRUSTED&NOT_VCN_MANAGED Uid: 10081 RequestorUid: 10081 RequestorPkg: com.android.systemui] ]
09-23 23:38:02.488 D/WifiNetworkFactory( 1487): got request NetworkRequest [ REQUEST id=29, [ Capabilities: INTERNET&NOT_RESTRICTED&TRUSTED&NOT_VCN_MANAGED Uid: 1001 RequestorUid: 1001 RequestorPkg: com.qti.dpmserviceapp] ]
09-23 23:38:02.488 D/UntrustedWifiNetworkFactory( 1487): got request NetworkRequest [ REQUEST id=24, [ Capabilities: INTERNET&NOT_RESTRICTED&TRUSTED&NOT_VCN_MANAGED Uid: 10081 RequestorUid: 10081 RequestorPkg: com.android.systemui] ]
09-23 23:38:02.488 D/UntrustedWifiNetworkFactory( 1487): got request NetworkRequest [ REQUEST id=27, [ Capabilities: INTERNET&NOT_RESTRICTED&TRUSTED&NOT_VCN_MANAGED Uid: 1000 RequestorUid: 1000 RequestorPkg: android] ]
09-23 23:38:02.488 D/UntrustedWifiNetworkFactory( 1487): got request NetworkRequest [ REQUEST id=15, [ Capabilities: INTERNET&NOT_RESTRICTED&TRUSTED&NOT_VCN_MANAGED Uid: 1000 RequestorUid: 1000 RequestorPkg: android] ]
09-23 23:38:02.489 D/UntrustedWifiNetworkFactory( 1487): got request NetworkRequest [ REQUEST id=1, [ Capabilities: INTERNET&NOT_RESTRICTED&TRUSTED&NOT_VPN&NOT_VCN_MANAGED RequestorUid: 1000 RequestorPkg: android] ]
09-23 23:38:02.489 D/UntrustedWifiNetworkFactory( 1487): got request NetworkRequest [ REQUEST id=17, [ Capabilities: INTERNET&NOT_RESTRICTED&TRUSTED&NOT_VCN_MANAGED Uid: 1073 RequestorUid: 1073 RequestorPkg: com.android.networkstack] ]
09-23 23:38:02.489 D/UntrustedWifiNetworkFactory( 1487): got request NetworkRequest [ REQUEST id=7, [ Capabilities: INTERNET&NOT_RESTRICTED&TRUSTED&NOT_VCN_MANAGED Uid: 1000 RequestorUid: 1000 RequestorPkg: android] ]
09-23 23:38:02.489 D/UntrustedWifiNetworkFactory( 1487): got request NetworkRequest [ REQUEST id=22, [ Capabilities: INTERNET&NOT_RESTRICTED&TRUSTED&NOT_VCN_MANAGED Uid: 10081 RequestorUid: 10081 RequestorPkg: com.android.systemui] ]
09-23 23:38:02.489 D/UntrustedWifiNetworkFactory( 1487): got request NetworkRequest [ REQUEST id=29, [ Capabilities: INTERNET&NOT_RESTRICTED&TRUSTED&NOT_VCN_MANAGED Uid: 1001 RequestorUid: 1001 RequestorPkg: com.qti.dpmserviceapp] ]
09-23 23:38:02.489 D/OemPaidWifiNetworkFactory( 1487): got request NetworkRequest [ REQUEST id=24, [ Capabilities: INTERNET&NOT_RESTRICTED&TRUSTED&NOT_VCN_MANAGED Uid: 10081 RequestorUid: 10081 RequestorPkg: com.android.systemui] ]
09-23 23:38:02.489 D/OemPaidWifiNetworkFactory( 1487): got request NetworkRequest [ REQUEST id=27, [ Capabilities: INTERNET&NOT_RESTRICTED&TRUSTED&NOT_VCN_MANAGED Uid: 1000 RequestorUid: 1000 RequestorPkg: android] ]
09-23 23:38:02.489 D/ControlsListingControllerImpl( 1843): Unsubscribing callback
09-23 23:38:02.489 D/OemPaidWifiNetworkFactory( 1487): got request NetworkRequest [ REQUEST id=15, [ Capabilities: INTERNET&NOT_RESTRICTED&TRUSTED&NOT_VCN_MANAGED Uid: 1000 RequestorUid: 1000 RequestorPkg: android] ]
09-23 23:38:02.489 D/OemPaidWifiNetworkFactory( 1487): got request NetworkRequest [ REQUEST id=1, [ Capabilities: INTERNET&NOT_RESTRICTED&TRUSTED&NOT_VPN&NOT_VCN_MANAGED RequestorUid: 1000 RequestorPkg: android] ]
09-23 23:38:02.489 D/OemPaidWifiNetworkFactory( 1487): got request NetworkRequest [ REQUEST id=17, [ Capabilities: INTERNET&NOT_RESTRICTED&TRUSTED&NOT_VCN_MANAGED Uid: 1073 RequestorUid: 1073 RequestorPkg: com.android.networkstack] ]
09-23 23:38:02.490 D/OemPaidWifiNetworkFactory( 1487): got request NetworkRequest [ REQUEST id=7, [ Capabilities: INTERNET&NOT_RESTRICTED&TRUSTED&NOT_VCN_MANAGED Uid: 1000 RequestorUid: 1000 RequestorPkg: android] ]
09-23 23:38:02.490 D/ControlsListingControllerImpl( 1843): Subscribing callback, service count: 0
09-23 23:38:02.490 D/OemPaidWifiNetworkFactory( 1487): got request NetworkRequest [ REQUEST id=22, [ Capabilities: INTERNET&NOT_RESTRICTED&TRUSTED&NOT_VCN_MANAGED Uid: 10081 RequestorUid: 10081 RequestorPkg: com.android.systemui] ]
09-23 23:38:02.490 D/OemPaidWifiNetworkFactory( 1487): got request NetworkRequest [ REQUEST id=29, [ Capabilities: INTERNET&NOT_RESTRICTED&TRUSTED&NOT_VCN_MANAGED Uid: 1001 RequestorUid: 1001 RequestorPkg: com.qti.dpmserviceapp] ]
09-23 23:38:02.491 D/BluetoothVendorService( 1836): getPowerBackoff
09-23 23:38:02.491 D/BluetoothVendorService( 1836): setPowerBackoff to: true
09-23 23:38:02.492 I/BluetoothVendorJni( 1836): setPowerBackoffNative
09-23 23:38:02.492 I/bt_btif_vendor( 1836): setPowerBackOffState :1
09-23 23:38:02.492 I/BtOppService( 1836): handleMessage :300
09-23 23:38:02.492 W/bt_btm ( 1836): btm_cb.is_power_backoff = 1
09-23 23:38:02.492 W/bt_device_profile( 1836): max_radiated_power_fetch:profile 4
09-23 23:38:02.492 W/bt_device_profile( 1836): max_radiated_power_fetch:profile 4
09-23 23:38:02.492 W/bt_device_profile( 1836): max_radiated_power_fetch:profile 4
09-23 23:38:02.493 I/notification_cancel_all( 1487): [1002,1836,com.android.bluetooth,0,0,64,9,NULL]
09-23 23:38:02.493 D/LOWI-9.0.0.87.a( 1344): [LOWI-Scan] wait_event:Wait done with Cmd 33
09-23 23:38:02.493 D/LOWI-9.0.0.87.a( 1344): [LOWI-Scan] do_listen_events: Rcvd valid Netlink Cmd 0 Err 0
09-23 23:38:02.494 I/BluetoothAdapterService( 1836): isIgnoreDevice false device name Baseus Encok W04 addr 50:C0:F0:71:EB:E4
09-23 23:38:02.497 D/BluetoothHeadset( 1487): Proxy object connected
09-23 23:38:02.497 D/BluetoothHeadset( 1487): Proxy object connected
09-23 23:38:02.497 I/AS.BtHelper( 1487): In onServiceConnected(), profile: 1, proxy: android.bluetooth.BluetoothHeadset@9826baf
09-23 23:38:02.497 D/AvrcpBipRsp( 1836): action: android.bluetooth.adapter.action.STATE_CHANGED
09-23 23:38:02.497 D/AvrcpBipRsp( 1836): state:12
09-23 23:38:02.497 D/BtOppService( 1836): action : android.bluetooth.adapter.action.STATE_CHANGED
09-23 23:38:02.497 I/Telecom ( 1487): BluetoothDeviceManager: Got BluetoothHeadset: com.android.server.telecom.BluetoothHeadsetProxy@1df8745: BMSL.oSC@ABY
09-23 23:38:02.498 D/BluetoothActiveDeviceManager( 1836): handleMessage(MESSAGE_ADAPTER_ACTION_STATE_CHANGED): newState=12
09-23 23:38:02.499 I/Perf ( 3455): Connecting to perf service.
09-23 23:38:02.500 I/AS.BtHelper( 1487): setBtScoActiveDevice: (null) -> (null)
09-23 23:38:02.500 I/AS.BtHelper( 1487): In checkScoAudioState(), mScoAudioState: 0
09-23 23:38:02.501 D/BluetoothAdapterService( 1836): android.net.wifi.WIFI_STATE_CHANGED
09-23 23:38:02.504 V/GraphicsEnvironment( 3455): ANGLE Developer option for 'com.qualcomm.qti.qms.service.connectionsecurity' set to: 'default'
09-23 23:38:02.505 V/GraphicsEnvironment( 3455): ANGLE GameManagerService for com.qualcomm.qti.qms.service.connectionsecurity: false
09-23 23:38:02.505 D/NetworkSecurityConfig( 3455): No Network Security Config specified, using platform default
09-23 23:38:02.506 D/NetworkSecurityConfig( 3455): No Network Security Config specified, using platform default
09-23 23:38:02.509 D/CompatibilityChangeReporter( 1487): Compat change id reported: 168419799; UID 1001; state: DISABLED
09-23 23:38:02.509 D/CompatibilityInfo( 1487): mCompatibilityFlags - 4
09-23 23:38:02.509 D/CompatibilityInfo( 1487): applicationDensity - 240
09-23 23:38:02.509 D/CompatibilityInfo( 1487): applicationScale - 1.0
09-23 23:38:02.510 D/RCSService BC-Receiver( 1984): Boot Complete Event Received. Is IMS RCS Single Reg enabled0
09-23 23:38:02.510 D/RCSService BC-Receiver( 1984): START RCS SERVICE ON BOOTUP
09-23 23:38:02.511 I/QRCSService( 1984): onStartCommand- Call
09-23 23:38:02.511 I/QRCSService( 1984): Already HIDL-IUceService is Started
09-23 23:38:02.512 D/ControlsListingControllerImpl( 1843): Unsubscribing callback
09-23 23:38:02.512 D/ControlsListingControllerImpl( 1843): Subscribing callback, service count: 0
09-23 23:38:02.512 D/ControlsListingControllerImpl( 1843): Subscribing callback, service count: 0
09-23 23:38:02.513 D/CompatibilityChangeReporter( 1487): Compat change id reported: 168419799; UID 10085; state: DISABLED
09-23 23:38:02.513 D/CompatibilityInfo( 1487): mCompatibilityFlags - 4
09-23 23:38:02.513 D/CompatibilityInfo( 1487): applicationDensity - 240
09-23 23:38:02.513 D/CompatibilityInfo( 1487): applicationScale - 1.0
09-23 23:38:02.515 D/hw-ProcessState( 2863): Binder ioctl to enable oneway spam detection failed: Invalid argument
09-23 23:38:02.522 D/CompatibilityChangeReporter( 1487): Compat change id reported: 168419799; UID 10088; state: DISABLED
09-23 23:38:02.523 D/CompatibilityInfo( 1487): mCompatibilityFlags - 4
09-23 23:38:02.523 D/CompatibilityInfo( 1487): applicationDensity - 240
09-23 23:38:02.523 D/CompatibilityInfo( 1487): applicationScale - 1.0
09-23 23:38:02.524 D/CompatibilityInfo( 1487): mCompatibilityFlags - 4
09-23 23:38:02.524 D/CompatibilityInfo( 1487): applicationDensity - 240
09-23 23:38:02.524 D/CompatibilityInfo( 1487): applicationScale - 1.0
09-23 23:38:02.526 D/CompatibilityInfo( 1487): mCompatibilityFlags - 4
09-23 23:38:02.526 D/CompatibilityInfo( 1487): applicationDensity - 240
09-23 23:38:02.526 D/CompatibilityInfo( 1487): applicationScale - 1.0
09-23 23:38:02.528 D/CompatibilityInfo( 1487): mCompatibilityFlags - 4
09-23 23:38:02.528 D/CompatibilityInfo( 1487): applicationDensity - 240
09-23 23:38:02.528 D/CompatibilityInfo( 1487): applicationScale - 1.0
09-23 23:38:02.529 W/BroadcastQueue( 1487): Permission Denial: receiving Intent { act=android.intent.action.BOOT_COMPLETED flg=0x89000010 (has extras) } to com.netease.cloudmusic/com.netease.nimlib.service.NimReceiver requires android.permission.RECEIVE_BOOT_COMPLETED due to sender null (uid 1000)
09-23 23:38:02.530 W/BroadcastQueue( 1487): Permission Denial: receiving Intent { act=android.intent.action.BOOT_COMPLETED flg=0x89000010 (has extras) } to com.qiyi.video.pad/androidx.work.impl.background.systemalarm.RescheduleReceiver requires android.permission.RECEIVE_BOOT_COMPLETED due to sender null (uid 1000)
09-23 23:38:02.530 I/am_uid_running( 1487): 10106
09-23 23:38:02.531 D/CompatibilityChangeReporter( 1487): Compat change id reported: 135634846; UID 10106; state: DISABLED
09-23 23:38:02.531 D/CompatibilityChangeReporter( 1487): Compat change id reported: 143937733; UID 10106; state: DISABLED
09-23 23:38:02.544 D/Zygote ( 675): Forked child process 3476
09-23 23:38:02.545 I/am_proc_start( 1487): [0,3476,10106,com.smile.gifmaker,broadcast,{com.smile.gifmaker/androidx.work.impl.background.systemalarm.RescheduleReceiver}]
09-23 23:38:02.545 I/ActivityManager( 1487): Start proc 3476:com.smile.gifmaker/u0a106 for broadcast {com.smile.gifmaker/androidx.work.impl.background.systemalarm.RescheduleReceiver}
09-23 23:38:02.566 W/.smile.gifmake( 3476): Using default instruction set features for ARM CPU variant (cortex-a9) using conservative defaults
09-23 23:38:02.568 D/BluetoothAdapterService( 1836): Soft AP is on band: 1
09-23 23:38:02.570 D/BluetoothVendorService( 1836): getPowerBackoff
09-23 23:38:02.570 D/BluetoothAdapterService( 1836): android.net.wifi.WIFI_STATE_CHANGED
09-23 23:38:02.571 E/.smile.gifmake( 3476): Not starting debugger since process cannot load the jdwp agent.
09-23 23:38:02.573 D/BluetoothAdapterService( 1836): Soft AP is on band: 1
09-23 23:38:02.574 D/ProcessState( 3476): Binder ioctl to enable oneway spam detection failed: Invalid argument
09-23 23:38:02.574 D/BluetoothVendorService( 1836): getPowerBackoff
09-23 23:38:02.575 I/BluetoothPhonePolicy( 1836): delay auto connect by 500 ms
09-23 23:38:02.575 D/BluetoothAdapterService( 1836): isQuetModeEnabled() - Enabled = false
09-23 23:38:02.575 D/AvrcpBipRsp( 1836): Handler(): got msg=1
09-23 23:38:02.575 D/AvrcpBipRsp( 1836): startL2capListener
09-23 23:38:02.575 D/AvrcpBipRsp( 1836): closeServerSocket
09-23 23:38:02.575 D/ObexServerSockets( 1836): create(rfcomm = -1, l2capPsm = 4129)
09-23 23:38:02.577 W/bt_l2cap( 1836): L2CAP - L2CA_Register() called for PSM: 0x1021
09-23 23:38:02.578 D/ObexServerSockets( 1836): Succeed to create listening sockets
09-23 23:38:02.578 D/ObexServerSockets2( 1836): startAccept()
09-23 23:38:02.579 I/BtOppService( 1836): handleMessage :1
09-23 23:38:02.579 D/BtOppService( 1836): start Socket Listeners
09-23 23:38:02.579 D/BtOppService( 1836): stopListeners: mServerSocket is null
09-23 23:38:02.579 D/ObexServerSockets( 1836): create(rfcomm = 12, l2capPsm = 4131)
09-23 23:38:02.579 E/KernelCpuSpeedReader( 1487): Failed to read cpu-freq: /sys/devices/system/cpu/cpu4/cpufreq/stats/time_in_state: open failed: ENOENT (No such file or directory)
09-23 23:38:02.580 E/KernelCpuSpeedReader( 1487): Failed to read cpu-freq: /sys/devices/system/cpu/cpu0/cpufreq/stats/time_in_state: open failed: ENOENT (No such file or directory)
09-23 23:38:02.581 I/am_proc_bound( 1487): [0,3476,com.smile.gifmaker]
09-23 23:38:02.581 W/BatteryStatsImpl( 1487): Attempted to remove untracked isolated uid (1037)
09-23 23:38:02.581 I/bt_stack( 1836): [INFO:port_api.cc(123)] RFCOMM_CreateConnection BDA: ff:ff:ff:ff:ff:ff
09-23 23:38:02.581 D/BluetoothAdapter( 1836): listenUsingInsecureL2capOn: port=4131
09-23 23:38:02.582 D/CompatibilityChangeReporter( 1487): Compat change id reported: 168419799; UID 10106; state: DISABLED
09-23 23:38:02.582 D/CompatibilityInfo( 1487): mCompatibilityFlags - 4
09-23 23:38:02.582 D/CompatibilityInfo( 1487): applicationDensity - 240
09-23 23:38:02.582 D/CompatibilityInfo( 1487): applicationScale - 1.0
09-23 23:38:02.583 D/ObexServerSockets2( 1836): Accepting socket connection...
09-23 23:38:02.584 W/bt_l2cap( 1836): L2CAP - L2CA_Register() called for PSM: 0x1023
09-23 23:38:02.584 I/am_uid_active( 1487): 10106
09-23 23:38:02.585 D/CompatibilityInfo( 1487): mCompatibilityFlags - 4
09-23 23:38:02.585 D/CompatibilityInfo( 1487): applicationDensity - 240
09-23 23:38:02.585 D/CompatibilityInfo( 1487): applicationScale - 1.0
09-23 23:38:02.586 D/ObexServerSockets( 1836): Succeed to create listening sockets
09-23 23:38:02.586 D/ObexServerSockets3( 1836): startAccept()
09-23 23:38:02.587 D/ObexServerSockets3( 1836): Accepting socket connection...
09-23 23:38:02.588 D/CompatibilityChangeReporter( 3476): Compat change id reported: 171979766; UID 10106; state: DISABLED
09-23 23:38:02.590 D/BluetoothSdpJni( 1836): sdpCreateOppOpsRecordNative
09-23 23:38:02.590 D/BluetoothSdpJni( 1836): SDP Create record success - handle: 3
09-23 23:38:02.590 D/BtOppService( 1836): mOppSdpHandle :3
09-23 23:38:02.590 I/BluetoothPhonePolicy( 1836): Received ACTION_UUID for device 50:C0:F0:71:EB:E4
09-23 23:38:02.590 I/BluetoothPhonePolicy( 1836): index=0uuid=00001101-0000-1000-8000-00805f9b34fb
09-23 23:38:02.590 I/BluetoothPhonePolicy( 1836): index=1uuid=0000111e-0000-1000-8000-00805f9b34fb
09-23 23:38:02.590 I/BluetoothPhonePolicy( 1836): index=2uuid=0000110b-0000-1000-8000-00805f9b34fb
09-23 23:38:02.590 W/bt_device_profile( 1836): profile_feature_fetch:profile 5
09-23 23:38:02.590 I/BluetoothPhonePolicy( 1836): index=3uuid=0000110e-0000-1000-8000-00805f9b34fb
09-23 23:38:02.590 W/bt_device_profile( 1836): profile_feature_fetch:opp_0100_support found 0
09-23 23:38:02.590 I/BluetoothPhonePolicy( 1836): index=4uuid=00000000-0000-1000-8000-00805f9b34fb
09-23 23:38:02.590 I/BluetoothPhonePolicy( 1836): index=5uuid=00000000-0000-1000-8000-00805f9b34fb
09-23 23:38:02.590 I/BluetoothPhonePolicy( 1836): index=6uuid=00000000-0000-0000-0000-000000000000
09-23 23:38:02.590 I/BluetoothPhonePolicy( 1836): index=7uuid=00000000-0000-0000-0000-000000000000
09-23 23:38:02.590 I/BluetoothPhonePolicy( 1836): index=8uuid=00000000-0000-0000-0000-000000000000
09-23 23:38:02.590 I/BluetoothPhonePolicy( 1836): index=9uuid=00000000-0000-0000-0000-000000000000
09-23 23:38:02.590 I/BluetoothPhonePolicy( 1836): index=10uuid=00000000-0000-0000-0000-000000000000
09-23 23:38:02.590 I/BluetoothPhonePolicy( 1836): index=11uuid=00000000-0000-0000-0000-000000000000
09-23 23:38:02.590 I/BluetoothPhonePolicy( 1836): index=12uuid=00000000-0000-0000-0000-000000000000
09-23 23:38:02.590 I/BluetoothPhonePolicy( 1836): index=13uuid=00000000-0000-0000-0000-000000000000
09-23 23:38:02.590 I/BluetoothPhonePolicy( 1836): index=14uuid=00000000-0000-0000-0000-000000000000
09-23 23:38:02.590 I/BluetoothPhonePolicy( 1836): index=15uuid=00000000-0000-0000-0000-000000000000
09-23 23:38:02.590 I/BluetoothPhonePolicy( 1836): index=16uuid=00000000-0000-0000-0000-000000000000
09-23 23:38:02.590 I/BluetoothPhonePolicy( 1836): index=17uuid=00000000-0000-0000-0000-000000000000
09-23 23:38:02.590 I/BluetoothPhonePolicy( 1836): index=18uuid=00000000-0000-0000-0000-000000000000
09-23 23:38:02.590 I/BluetoothPhonePolicy( 1836): index=19uuid=00000000-0000-0000-0000-000000000000
09-23 23:38:02.590 I/BluetoothPhonePolicy( 1836): index=20uuid=00000000-0000-0000-0000-000000000000
09-23 23:38:02.590 I/BluetoothPhonePolicy( 1836): index=21uuid=00000000-0000-0000-0000-000000000000
09-23 23:38:02.590 I/BluetoothPhonePolicy( 1836): index=22uuid=00000000-0000-0000-0000-000000000000
09-23 23:38:02.590 I/BluetoothPhonePolicy( 1836): index=23uuid=00000000-0000-0000-0000-000000000000
09-23 23:38:02.590 I/BluetoothPhonePolicy( 1836): index=24uuid=00000000-0000-0000-0000-000000000000
09-23 23:38:02.590 I/BluetoothPhonePolicy( 1836): index=25uuid=00000000-0000-0000-0000-000000000000
09-23 23:38:02.590 I/BluetoothPhonePolicy( 1836): index=26uuid=00000000-0000-0000-0000-000000000000
09-23 23:38:02.590 I/BluetoothPhonePolicy( 1836): index=27uuid=00000000-0000-0000-0000-000000000000
09-23 23:38:02.590 I/BluetoothPhonePolicy( 1836): index=28uuid=00000000-0000-0000-0000-000000000000
09-23 23:38:02.590 I/BluetoothPhonePolicy( 1836): index=29uuid=00000000-0000-0000-0000-000000000000
09-23 23:38:02.590 I/BluetoothPhonePolicy( 1836): index=30uuid=00000000-0000-0000-0000-000000000000
09-23 23:38:02.590 I/BluetoothPhonePolicy( 1836): index=31uuid=00000000-0000-0000-0000-000000000000
09-23 23:38:02.590 I/BluetoothPhonePolicy( 1836): processInitProfilePriorities() - device 50:C0:F0:71:EB:E4
09-23 23:38:02.590 D/HeadsetService( 1836): getHeadsetService(): returning com.android.bluetooth.hfp.HeadsetService@5954711
09-23 23:38:02.590 V/BluetoothDatabase( 1836): getProfileConnectionPolicy: 50:C0:F0:71:EB:E4, profile=1, connectionPolicy = 100
09-23 23:38:02.590 V/BluetoothDatabase( 1836): getProfileConnectionPolicy: 50:C0:F0:71:EB:E4, profile=2, connectionPolicy = 100
09-23 23:38:02.590 D/vendor.qti.bluetooth@1.0-ibs_handler( 821): SerialClockVote: vote for UART CLK ON
09-23 23:38:02.591 D/ObexServerSockets3( 1836): Accepting socket connection...
09-23 23:38:02.591 D/vendor.qti.bluetooth@1.0-wake_lock( 821): Acquire wakelock is acquired
09-23 23:38:02.591 I/vendor.qti.bluetooth@1.0-ibs_handler( 821): DeviceWakeUp: Writing IBS_WAKE_IND
09-23 23:38:02.591 I/tflite ( 2863): Initialized TensorFlow Lite runtime.
09-23 23:38:02.595 D/ApplicationLoaders( 3476): Returning zygote-cached class loader: /system/framework/android.test.base.jar
09-23 23:38:02.596 I/vendor.qti.bluetooth@1.0-ibs_handler( 821): ProcessIbsCmd: Received IBS_WAKE_ACK: 0xFC
09-23 23:38:02.596 I/vendor.qti.bluetooth@1.0-ibs_handler( 821): ProcessIbsCmd: Signal wack_cond_
09-23 23:38:02.597 D/vendor.qti.bluetooth@1.0-ibs_handler( 821): DeviceWakeUp: Unblocked from waiting for FC, pthread_cond_timedwait ret = 0
09-23 23:38:02.598 I/vendor.qti.bluetooth@1.0-ibs_handler( 821): ProcessIbsCmd: Received IBS_WAKE_IND: 0xFD
09-23 23:38:02.598 I/vendor.qti.bluetooth@1.0-ibs_handler( 821): ProcessIbsCmd: Writing IBS_WAKE_ACK
09-23 23:38:02.649 D/PeopleSpaceWidgetMgr( 1843): Sbn doesn't contain valid PeopleTileKey: null/0/com.android.systemui
09-23 23:38:02.649 D/PeopleSpaceWidgetMgr( 1843): Sbn doesn't contain valid PeopleTileKey: null/-1/android
09-23 23:38:02.650 D/PeopleSpaceWidgetMgr( 1843): Sbn doesn't contain valid PeopleTileKey: null/-1/android
09-23 23:38:02.654 D/PeopleSpaceWidgetMgr( 1843): Sbn doesn't contain valid PeopleTileKey: null/-1/android
09-23 23:38:02.655 D/LocalBluetoothProfileManager( 1843): Adding local A2DP profile
09-23 23:38:02.655 D/BluetoothA2dp( 1843): Binding service...
09-23 23:38:02.656 D/LocalBluetoothProfileManager( 1843): Adding local HEADSET profile
09-23 23:38:02.656 D/BluetoothHeadset( 1843): Binding service...
09-23 23:38:02.657 W/BluetoothManagerService( 1487): psc is not null in bindBluetoothProfileService
09-23 23:38:02.657 D/LocalBluetoothProfileManager( 1843): Adding local MAP profile
09-23 23:38:02.657 D/BluetoothMap( 1843): Create BluetoothMap proxy object
09-23 23:38:02.657 D/BluetoothMap( 1843): Binding service...
09-23 23:38:02.658 D/LocalBluetoothProfileManager( 1843): Adding local OPP profile
09-23 23:38:02.658 D/LocalBluetoothProfileManager( 1843): Adding local HID_HOST profile
09-23 23:38:02.658 D/BluetoothHidHost( 1843): Binding service...
09-23 23:38:02.660 D/LocalBluetoothProfileManager( 1843): Adding local PAN profile
09-23 23:38:02.661 D/BluetoothPan( 1843): Binding service...
09-23 23:38:02.661 D/LocalBluetoothProfileManager( 1843): Adding local PBAP profile
09-23 23:38:02.662 D/LocalBluetoothProfileManager( 1843): Adding local SAP profile
09-23 23:38:02.662 D/BluetoothSap( 1843): Create BluetoothSap proxy object
09-23 23:38:02.662 D/BluetoothSap( 1843): Binding service...
09-23 23:38:02.666 D/LocalBluetoothProfileManager( 1843): Current Profiles[]
09-23 23:38:02.666 D/LocalBluetoothProfileManager( 1843): New Profiles[HEADSET, A2DP, PBAP Server]
09-23 23:38:02.667 D/CachedBluetoothDevice( 1843): updating profiles for Baseus Encok W04
09-23 23:38:02.667 V/CachedBluetoothDevice( 1843): Class: 240404
09-23 23:38:02.667 V/CachedBluetoothDevice( 1843): UUID:
09-23 23:38:02.667 V/CachedBluetoothDevice( 1843): 00001101-0000-1000-8000-00805f9b34fb
09-23 23:38:02.667 V/CachedBluetoothDevice( 1843): 0000111e-0000-1000-8000-00805f9b34fb
09-23 23:38:02.667 V/CachedBluetoothDevice( 1843): 0000110b-0000-1000-8000-00805f9b34fb
09-23 23:38:02.667 V/CachedBluetoothDevice( 1843): 0000110e-0000-1000-8000-00805f9b34fb
09-23 23:38:02.667 V/CachedBluetoothDevice( 1843): 00000000-0000-1000-8000-00805f9b34fb
09-23 23:38:02.667 V/CachedBluetoothDevice( 1843): 00000000-0000-1000-8000-00805f9b34fb
09-23 23:38:02.667 V/CachedBluetoothDevice( 1843): 00000000-0000-0000-0000-000000000000
09-23 23:38:02.667 V/CachedBluetoothDevice( 1843): 00000000-0000-0000-0000-000000000000
09-23 23:38:02.667 V/CachedBluetoothDevice( 1843): 00000000-0000-0000-0000-000000000000
09-23 23:38:02.667 V/CachedBluetoothDevice( 1843): 00000000-0000-0000-0000-000000000000
09-23 23:38:02.667 V/CachedBluetoothDevice( 1843): 00000000-0000-0000-0000-000000000000
09-23 23:38:02.667 V/CachedBluetoothDevice( 1843): 00000000-0000-0000-0000-000000000000
09-23 23:38:02.667 V/CachedBluetoothDevice( 1843): 00000000-0000-0000-0000-000000000000
09-23 23:38:02.667 V/CachedBluetoothDevice( 1843): 00000000-0000-0000-0000-000000000000
09-23 23:38:02.667 V/CachedBluetoothDevice( 1843): 00000000-0000-0000-0000-000000000000
09-23 23:38:02.667 V/CachedBluetoothDevice( 1843): 00000000-0000-0000-0000-000000000000
09-23 23:38:02.667 V/CachedBluetoothDevice( 1843): 00000000-0000-0000-0000-000000000000
09-23 23:38:02.667 V/CachedBluetoothDevice( 1843): 00000000-0000-0000-0000-000000000000
09-23 23:38:02.667 V/CachedBluetoothDevice( 1843): 00000000-0000-0000-0000-000000000000
09-23 23:38:02.667 V/CachedBluetoothDevice( 1843): 00000000-0000-0000-0000-000000000000
09-23 23:38:02.667 V/CachedBluetoothDevice( 1843): 00000000-0000-0000-0000-000000000000
09-23 23:38:02.667 V/CachedBluetoothDevice( 1843): 00000000-0000-0000-0000-000000000000
09-23 23:38:02.667 V/CachedBluetoothDevice( 1843): 00000000-0000-0000-0000-000000000000
09-23 23:38:02.667 V/CachedBluetoothDevice( 1843): 00000000-0000-0000-0000-000000000000
09-23 23:38:02.667 V/CachedBluetoothDevice( 1843): 00000000-0000-0000-0000-000000000000
09-23 23:38:02.667 V/CachedBluetoothDevice( 1843): 00000000-0000-0000-0000-000000000000
09-23 23:38:02.667 V/CachedBluetoothDevice( 1843): 00000000-0000-0000-0000-000000000000
09-23 23:38:02.667 V/CachedBluetoothDevice( 1843): 00000000-0000-0000-0000-000000000000
09-23 23:38:02.667 V/CachedBluetoothDevice( 1843): 00000000-0000-0000-0000-000000000000
09-23 23:38:02.667 V/CachedBluetoothDevice( 1843): 00000000-0000-0000-0000-000000000000
09-23 23:38:02.667 V/CachedBluetoothDevice( 1843): 00000000-0000-0000-0000-000000000000
09-23 23:38:02.667 V/CachedBluetoothDevice( 1843): 00000000-0000-0000-0000-000000000000
09-23 23:38:02.668 V/MediaTimeout( 1843): processState 0|com.android.systemui|1|empty_media|10081: null
09-23 23:38:02.668 V/MediaTimeout( 1843): schedule timeout for 0|com.android.systemui|1|empty_media|10081 playing false, false
09-23 23:38:02.668 D/MediaResumeListener( 1843): Checking for service component for com.android.systemui
09-23 23:38:02.668 D/HearingAidService( 1836): getActiveDevices
09-23 23:38:02.670 D/BluetoothA2dp( 1843): Proxy object connected
09-23 23:38:02.676 D/BluetoothMap( 1843): Proxy object connected
09-23 23:38:02.676 D/BluetoothMap( 1843): getConnectedDevices()
09-23 23:38:02.678 I/vendor.qti.bluetooth@1.0-ibs_handler( 821): ProcessIbsCmd: Received IBS_SLEEP_IND: 0xFE
09-23 23:38:02.679 D/BluetoothHidHost( 1843): Proxy object connected
09-23 23:38:02.680 D/BluetoothHidHostService( 1836): getDevicesMatchingConnectionStates()
09-23 23:38:02.680 D/BluetoothPan( 1843): Proxy object connected
09-23 23:38:02.680 D/BluetoothSap( 1843): Proxy object connected
09-23 23:38:02.680 D/BluetoothSap( 1843): getConnectedDevices()
09-23 23:38:02.680 V/SapService( 1836): getConnectedDevices()
09-23 23:38:02.682 D/BluetoothPbapService( 1836): getConnectionState: 50:C0:F0:71:EB:E4
09-23 23:38:02.683 D/BluetoothPbapService( 1836): getConnectionState: 50:C0:F0:71:EB:E4
09-23 23:38:02.684 D/BluetoothPbapService( 1836): getConnectionState: 50:C0:F0:71:EB:E4
09-23 23:38:02.690 D/LocalBluetoothProfileManager( 1843): Current Profiles[HEADSET, A2DP, PBAP Server]
09-23 23:38:02.690 D/BluetoothMap( 1843): getConnectionState(50:C0:F0:71:EB:E4)
09-23 23:38:02.690 D/LocalBluetoothProfileManager( 1843): New Profiles[HEADSET, A2DP, PBAP Server]
09-23 23:38:02.691 D/CachedBluetoothDevice( 1843): updating profiles for Baseus Encok W04
09-23 23:38:02.691 V/CachedBluetoothDevice( 1843): Class: 240404
09-23 23:38:02.691 V/CachedBluetoothDevice( 1843): UUID:
09-23 23:38:02.691 V/CachedBluetoothDevice( 1843): 00001101-0000-1000-8000-00805f9b34fb
09-23 23:38:02.691 V/CachedBluetoothDevice( 1843): 0000111e-0000-1000-8000-00805f9b34fb
09-23 23:38:02.691 V/CachedBluetoothDevice( 1843): 0000110b-0000-1000-8000-00805f9b34fb
09-23 23:38:02.691 V/CachedBluetoothDevice( 1843): 0000110e-0000-1000-8000-00805f9b34fb
09-23 23:38:02.691 V/CachedBluetoothDevice( 1843): 00000000-0000-1000-8000-00805f9b34fb
09-23 23:38:02.691 V/CachedBluetoothDevice( 1843): 00000000-0000-1000-8000-00805f9b34fb
09-23 23:38:02.691 V/CachedBluetoothDevice( 1843): 00000000-0000-0000-0000-000000000000
09-23 23:38:02.691 V/CachedBluetoothDevice( 1843): 00000000-0000-0000-0000-000000000000
09-23 23:38:02.691 V/CachedBluetoothDevice( 1843): 00000000-0000-0000-0000-000000000000
09-23 23:38:02.691 V/CachedBluetoothDevice( 1843): 00000000-0000-0000-0000-000000000000
09-23 23:38:02.691 V/CachedBluetoothDevice( 1843): 00000000-0000-0000-0000-000000000000
09-23 23:38:02.691 V/CachedBluetoothDevice( 1843): 00000000-0000-0000-0000-000000000000
09-23 23:38:02.691 V/CachedBluetoothDevice( 1843): 00000000-0000-0000-0000-000000000000
09-23 23:38:02.691 V/CachedBluetoothDevice( 1843): 00000000-0000-0000-0000-000000000000
09-23 23:38:02.691 V/CachedBluetoothDevice( 1843): 00000000-0000-0000-0000-000000000000
09-23 23:38:02.691 V/CachedBluetoothDevice( 1843): 00000000-0000-0000-0000-000000000000
09-23 23:38:02.691 V/CachedBluetoothDevice( 1843): 00000000-0000-0000-0000-000000000000
09-23 23:38:02.691 V/CachedBluetoothDevice( 1843): 00000000-0000-0000-0000-000000000000
09-23 23:38:02.692 V/CachedBluetoothDevice( 1843): 00000000-0000-0000-0000-000000000000
09-23 23:38:02.692 V/CachedBluetoothDevice( 1843): 00000000-0000-0000-0000-000000000000
09-23 23:38:02.692 V/CachedBluetoothDevice( 1843): 00000000-0000-0000-0000-000000000000
09-23 23:38:02.692 V/CachedBluetoothDevice( 1843): 00000000-0000-0000-0000-000000000000
09-23 23:38:02.692 V/CachedBluetoothDevice( 1843): 00000000-0000-0000-0000-000000000000
09-23 23:38:02.692 V/CachedBluetoothDevice( 1843): 00000000-0000-0000-0000-000000000000
09-23 23:38:02.692 V/CachedBluetoothDevice( 1843): 00000000-0000-0000-0000-000000000000
09-23 23:38:02.692 V/CachedBluetoothDevice( 1843): 00000000-0000-0000-0000-000000000000
09-23 23:38:02.692 V/CachedBluetoothDevice( 1843): 00000000-0000-0000-0000-000000000000
09-23 23:38:02.692 V/CachedBluetoothDevice( 1843): 00000000-0000-0000-0000-000000000000
09-23 23:38:02.692 V/CachedBluetoothDevice( 1843): 00000000-0000-0000-0000-000000000000
09-23 23:38:02.692 V/CachedBluetoothDevice( 1843): 00000000-0000-0000-0000-000000000000
09-23 23:38:02.692 V/CachedBluetoothDevice( 1843): 00000000-0000-0000-0000-000000000000
09-23 23:38:02.692 V/CachedBluetoothDevice( 1843): 00000000-0000-0000-0000-000000000000
09-23 23:38:02.692 D/CachedBluetoothDevice( 1843): onUuidChanged: Time since last connect=19082
09-23 23:38:02.693 D/BluetoothPbapService( 1836): getConnectionState: 50:C0:F0:71:EB:E4
09-23 23:38:02.693 D/BluetoothPbapService( 1836): getConnectionState: 50:C0:F0:71:EB:E4
09-23 23:38:02.694 D/BluetoothPbapService( 1836): getConnectionState: 50:C0:F0:71:EB:E4
09-23 23:38:02.699 I/OpenGLRenderer( 1843): Davey! duration=9223372017787ms; Flags=0, FrameTimelineVsyncId=510, IntendedVsync=19066716095, Vsync=19066716095, InputEventId=0, HandleInputStart=19076206814, AnimationStart=19076208585, PerformTraversalsStart=19076209939, DrawStart=19079640825, FrameDeadline=19083382761, FrameInterval=19076201762, FrameStartTime=16666666, SyncQueued=19079812804, SyncStart=19079878064, IssueDrawCommandsStart=19079984210, SwapBuffers=19080837387, FrameCompleted=9223372036854775807, DequeueBufferDuration=31719, QueueBufferDuration=910365, GpuCompleted=9223372036854775807, SwapBuffersCompleted=19083042700, DisplayPresentTime=0,
09-23 23:38:02.700 I/am_uid_running( 1487): 10100
09-23 23:38:02.700 D/CompatibilityChangeReporter( 1487): Compat change id reported: 135634846; UID 10100; state: DISABLED
09-23 23:38:02.701 D/CompatibilityChangeReporter( 1487): Compat change id reported: 143937733; UID 10100; state: ENABLED
09-23 23:38:02.710 D/KeyguardUpdateMonitor( 1843): received broadcast android.intent.action.TIME_TICK
09-23 23:38:02.711 D/TouchInteractionService( 2348): Touch service destroyed: user=0
09-23 23:38:02.711 W/InputManager-JNI( 1487): Input channel object 'recents_animation_input_consumer (client)' was disposed without first being removed with the input manager!
09-23 23:38:02.712 I/InputDispatcher( 1487): Erasing monitor swipe-up (server) on display 0, pid=2348
09-23 23:38:02.715 D/Zygote ( 675): Forked child process 3499
09-23 23:38:02.716 I/am_proc_start( 1487): [0,3499,10100,com.qiyi.video.pad,service,{com.qiyi.video.pad/org.qiyi.android.tile.SearchTileService}]
09-23 23:38:02.716 I/ActivityManager( 1487): Start proc 3499:com.qiyi.video.pad/u0a100 for service {com.qiyi.video.pad/org.qiyi.android.tile.SearchTileService}
09-23 23:38:02.719 D/CompatibilityInfo( 1487): mCompatibilityFlags - 4
09-23 23:38:02.719 D/CompatibilityInfo( 1487): applicationDensity - 240
09-23 23:38:02.719 D/CompatibilityInfo( 1487): applicationScale - 1.0
09-23 23:38:02.721 D/KeyguardUpdateMonitor( 1843): handleTimeUpdate
09-23 23:38:02.725 I/InputDispatcher( 1487): Created monitor swipe-up for display 0, gesture=true, pid=2348
09-23 23:38:02.725 I/InputDispatcher( 1487): Created monitor swipe-up for display 0, gesture=true, pid=2348
09-23 23:38:02.725 D/TouchInteractionService( 2348): Touch service connected: user=0
09-23 23:38:02.726 I/InputDispatcher( 1487): Erasing monitor swipe-up (server) on display 0, pid=2348
09-23 23:38:02.730 W/.qiyi.video.pa( 3499): Using default instruction set features for ARM CPU variant (cortex-a9) using conservative defaults
