09-23 23:38:03.901 D/SupplicantStaIfaceHal( 1487): connectToNetwork "H3C_350304_5G"WPA_PSK isMixedGbkUtf=false
09-23 23:38:03.901 D/LOWI-9.0.0.87.a( 1344): [LOWIWpaInterface] OpenCtrl]61 Success for mCtrl
09-23 23:38:03.901 D/LOWI-9.0.0.87.a( 1344): [LOWI-Scan] nl80211_init:SUCCESS
09-23 23:38:03.902 I/SupplicantStaIfaceHal( 1487): addSupplicantStaNetwork via HIDL
09-23 23:38:03.903 D/LOWI-9.0.0.87.a( 1344): [LOWI-Scan] nl_get_wiphy_info, done err = 0
09-23 23:38:03.903 I/LOWI-9.0.0.87.a( 1344): [LOWI-Scan] WipsGetSupportedChannels: return err = 0 num_2g_ch = 13 num_5g_ch = 13 num_6g_ch = 0
09-23 23:38:03.903 I/LOWI-9.0.0.87.a( 1344): [LOWIWifiDriverUtils] set the band mask from wiphy 3
09-23 23:38:03.903 D/LOWI-9.0.0.87.a( 1344): [LOWIWifiDriverUtils] getWiFiIdentityFromIoctl: ioctl(GET_MAC_ADDR) return: 0, Mac = 0e:2d:7e:7d:fb:d4
09-23 23:38:03.904 I/LOWI-9.0.0.87.a( 1344): [LOWI-ROME-RTT] RomeWipsOpen: libCld80211 found, load the symbols..
09-23 23:38:03.904 I/CLD80211( 1344): lowi-server: initialized exit socket pair
09-23 23:38:03.904 D/LOWI-9.0.0.87.a( 1344): [LOWI-ROME-RTT] cld80211InitAndRegister: Init and Registration done
09-23 23:38:03.905 D/LOWI-9.0.0.87.a( 1344): [LOWIController] createWifiDriver: wifi driver created.
09-23 23:38:03.905 D/LOWI-9.0.0.87.a( 1344): [LOWIController] getWifiCapabilities
09-23 23:38:03.905 D/LOWI-9.0.0.87.a( 1344): [LOWIController] passContConfig
09-23 23:38:03.905 I/LOWI-9.0.0.87.a( 1344): [LOWIWifiDriverUtils] return band_mask based on wiphy 3
09-23 23:38:03.905 D/LOWI-9.0.0.87.a( 1344): [LOWIControllerExtn] createScanResultReceiver: scanbitmask(0x26)
09-23 23:38:03.905 D/LOWI-9.0.0.87.a( 1344): [LOWIController] createScanResultReceiver: Capabilities: discovery(1), ranging(1), bgscan(0), scanbitmask(0x26)
09-23 23:38:03.905 D/LOWI-9.0.0.87.a( 1344): [LOWIController] created scanReceiver successfully
09-23 23:38:03.905 D/LOWI-9.0.0.87.a( 1344): [LOWIController] created scanReceiver successfully
09-23 23:38:03.905 D/LOWI-9.0.0.87.a( 1344): [LOWI-ROME-RTT] Creating pipe to Ranging Thread
09-23 23:38:03.905 D/LOWI-9.0.0.87.a( 1344): [LOWIScanResultReceiver] Enter passive listening mode
09-23 23:38:03.905 D/LOWI-9.0.0.87.a( 1344): [LOWIRangingFSM] FSM: Received Event EVENT_START_THREAD, Current state: STATE_IDLE_START
09-23 23:38:03.905 I/WifiHAL ( 859): send_nl_data: sent cld80211 msg of len: 48 to driver
09-23 23:38:03.905 I/WifiHAL ( 859): send oem msg of len : 40 to apps
09-23 23:38:03.905 D/LOWI-9.0.0.87.a( 1344): [LOWI-Scan] Creating the pipe
09-23 23:38:03.905 D/LOWI-9.0.0.87.a( 1344): [LOWIScanResultReceiver] Enter passive listening mode
09-23 23:38:03.905 D/LOWI-9.0.0.87.a( 1344): [LOWIWifiDriverInterface] getMeasurements - Passive listening mode
09-23 23:38:03.905 D/LOWI-9.0.0.87.a( 1344): [LOWI-ROME-RTT] send_cld80211_nlmsg: sent cld80211 message for pid 1344
09-23 23:38:03.906 D/LOWI-9.0.0.87.a( 1344): [LOWIRangingFSM] FSM: New FSM state: STATE_IDLE_START
09-23 23:38:03.906 D/LOWI-9.0.0.87.a( 1344): [LOWI-ROME-RTT] RomeWaitOnActivityOnSocketOrPipe: issue timed select: TO: 5
09-23 23:38:03.906 D/LOWI-9.0.0.87.a( 1344): [LOWI-ROME-RTT] RomeWaitOnActivityOnSocketOrPipe: timed select over: TO: 5 retVal: 1
09-23 23:38:03.906 D/LOWI-9.0.0.87.a( 1344): [LOWI-Scan] WipsScanUsingNL:wait -1 sec for netlink message
09-23 23:38:03.906 D/LOWI-9.0.0.87.a( 1344): [LOWI-ROME-RTT] event_handler: Valid data with length 11
09-23 23:38:03.906 D/LOWI-9.0.0.87.a( 1344): [LOWI-HELIUM-RTT] RomeNLRecvMessage: The Received RomeMsgType: ROME_REG_RSP_MSG
09-23 23:38:03.906 D/LOWI-9.0.0.87.a( 1344): [LOWIRangingFSM] FSM: Received Event EVENT_REGISTRATION_SUCCESS, Current state: STATE_IDLE_START
09-23 23:38:03.906 D/LOWI-9.0.0.87.a( 1344): [LOWI-ROME-RTT] RomeExtractRegRsp: driver support nl packing for oem data
09-23 23:38:03.906 I/LOWI-9.0.0.87.a( 1344): [LOWI-ROME-RTT] RomeExtractRegRsp: nl format oem data enabled
09-23 23:38:03.906 D/LOWI-9.0.0.87.a( 1344): [LOWI-ROME-RTT] RomeExtractRegRsp: Registered with CLD, 1 vDevs. Using 0 for STA
09-23 23:38:03.906 I/WifiHAL ( 859): send_nl_data: sent cld80211 msg of len: 32 to driver
09-23 23:38:03.906 I/WifiHAL ( 859): send oem msg of len : 148 to apps
09-23 23:38:03.907 D/LOWI-9.0.0.87.a( 1344): [LOWI-ROME-RTT] send_oem_nl_msg: sent cld80211 message with subcmd: 3
09-23 23:38:03.907 D/LOWI-9.0.0.87.a( 1344): [LOWIRangingFSM] FSM: New FSM state: STATE_WAITING_OEM_CAP
09-23 23:38:03.907 D/LOWI-9.0.0.87.a( 1344): [LOWI-ROME-RTT] RomeWaitOnActivityOnSocketOrPipe: issue timed select: TO: 5
09-23 23:38:03.907 D/LOWI-9.0.0.87.a( 1344): [LOWI-ROME-RTT] RomeWaitOnActivityOnSocketOrPipe: timed select over: TO: 5 retVal: 1
09-23 23:38:03.907 D/LOWI-9.0.0.87.a( 1344): [LOWI-ROME-RTT] event_handler: Valid data with length 116
09-23 23:38:03.907 D/LOWI-9.0.0.87.a( 1344): [LOWI-HELIUM-RTT] RomeNLRecvMessage: The Received RomeMsgType: ROME_OEM_CAP_MSG
09-23 23:38:03.907 D/LOWI-9.0.0.87.a( 1344): [LOWIRangingFSM] FSM: Received Event EVENT_OEM_CAP_INFO, Current state: STATE_WAITING_OEM_CAP
09-23 23:38:03.907 D/LOWI-9.0.0.87.a( 1344): [LOWI-ROME-RTT] RomeExtractOemCapabilities: oem_target_signature(QUALCOMM) oem_target_type(23)oem_fw_version(270140705) driver_version(0xa120205)
09-23 23:38:03.907 D/LOWI-9.0.0.87.a( 1344): [LOWI-ROME-RTT] allowed_dwell_time_min(20) allowed_dwell_time_max(40)curr_dwell_time_min(0) curr_dwell_time_max(0)supported_bands(3) num_channels(0)
09-23 23:38:03.907 I/hwservicemanager( 514): getTransport: Cannot find entry android.hardware.wifi.supplicant@1.4::ISupplicant/default in either framework or device VINTF manifest.
09-23 23:38:03.907 I/MMKV ( 3476): open fd[0xd6], /data/user/0/com.smile.gifmaker/files/mmkv/pref_id_filter_configs
09-23 23:38:03.907 I/WifiHAL ( 859): send_nl_data: sent cld80211 msg of len: 32 to driver
09-23 23:38:03.907 I/WifiHAL ( 859): send oem msg of len : 1608 to apps
09-23 23:38:03.907 I/hwservicemanager( 514): getTransport: Cannot find entry android.hardware.wifi.supplicant@1.4::ISupplicant/default in either framework or device VINTF manifest.
09-23 23:38:03.907 D/LOWI-9.0.0.87.a( 1344): [LOWI-ROME-RTT] send_oem_nl_msg: sent cld80211 message with subcmd: 4
09-23 23:38:03.907 D/LOWI-9.0.0.87.a( 1344): [LOWIRangingFSM] FSM: New FSM state: STATE_WAITING_FOR_WIPHY_INFO
09-23 23:38:03.907 D/LOWI-9.0.0.87.a( 1344): [LOWI-ROME-RTT] RomeWaitOnActivityOnSocketOrPipe: issue timed select: TO: 5
09-23 23:38:03.907 D/LOWI-9.0.0.87.a( 1344): [LOWI-ROME-RTT] RomeWaitOnActivityOnSocketOrPipe: timed select over: TO: 5 retVal: 1
09-23 23:38:03.907 D/LOWI-9.0.0.87.a( 1344): [LOWI-ROME-RTT] event_handler: Valid data with length 1576
09-23 23:38:03.907 D/LOWI-9.0.0.87.a( 1344): [LOWI-HELIUM-RTT] RomeNLRecvMessage: The Received RomeMsgType: ROME_CHANNEL_INFO_MSG
09-23 23:38:03.907 D/LOWI-9.0.0.87.a( 1344): [LOWIRangingFSM] FSM: Received Event EVENT_CHANNEL_INFO, Current state: STATE_WAITING_FOR_WIPHY_INFO
09-23 23:38:03.907 I/LOWI-9.0.0.87.a( 1344): [LOWI-ROME-RTT] ExtractNLChannelInfo: NumChan = 26
09-23 23:38:03.907 I/WifiHAL ( 859): send_nl_data: sent cld80211 msg of len: 64 to driver
09-23 23:38:03.907 D/LOWI-9.0.0.87.a( 1344): [LOWI-ROME-RTT] send_oem_nl_msg: sent cld80211 message with subcmd: 5
09-23 23:38:03.907 D/LOWI-9.0.0.87.a( 1344): [LOWIRangingFSM] FSM: New FSM state: STATE_WAITING_FOR_RANGING_CAP
09-23 23:38:03.907 D/LOWI-9.0.0.87.a( 1344): [LOWI-ROME-RTT] RomeWaitOnActivityOnSocketOrPipe: issue timed select: TO: 5
09-23 23:38:03.908 I/System.out( 1487): stanetwork getId >>0
09-23 23:38:03.908 E/SupplicantStaNetworkHal( 1487): set ISupplicantVendorStaNetwork successfull
09-23 23:38:03.909 D/SupplicantStaNetworkHal( 1487): The target security params: Security Parameters:
09-23 23:38:03.909 D/SupplicantStaNetworkHal( 1487): Type: 2
09-23 23:38:03.909 D/SupplicantStaNetworkHal( 1487): Enabled: true
09-23 23:38:03.909 D/SupplicantStaNetworkHal( 1487): KeyMgmt: WPA_PSK
09-23 23:38:03.909 D/SupplicantStaNetworkHal( 1487): Protocols: WPA RSN
09-23 23:38:03.909 D/SupplicantStaNetworkHal( 1487): AuthAlgorithms:
09-23 23:38:03.909 D/SupplicantStaNetworkHal( 1487): PairwiseCiphers: TKIP CCMP
09-23 23:38:03.909 D/SupplicantStaNetworkHal( 1487): GroupCiphers: WEP40 WEP104 TKIP CCMP
09-23 23:38:03.909 D/SupplicantStaNetworkHal( 1487): GroupMgmtCiphers:
09-23 23:38:03.909 D/SupplicantStaNetworkHal( 1487): SuiteBCiphers:
09-23 23:38:03.909 D/SupplicantStaNetworkHal( 1487): RequirePmf: false
09-23 23:38:03.909 D/SupplicantStaNetworkHal( 1487): IsAddedByAutoUpgrade: false
09-23 23:38:03.909 D/SupplicantStaNetworkHal( 1487): IsSaeH2eOnlyMode: false
09-23 23:38:03.909 D/SupplicantStaNetworkHal( 1487): IsSaePkOnlyMode: false
09-23 23:38:03.916 I/wpa_supplicant( 3444): wlan0: Trying to associate with SSID 'H3C_350304_5G'
09-23 23:38:03.918 I/MMKV ( 3476): open fd[0xd7], /data/user/0/com.smile.gifmaker/files/mmkv/pref_id_filter_configs.crc
09-23 23:38:03.918 D/WifiCountryCode( 1487): evaluateAllCmmStateAndApplyIfAllReady: {ConcreteClientModeManager{id=14791 iface=wlan0 role=ROLE_CLIENT_PRIMARY}=false}
09-23 23:38:03.918 D/WifiClientModeImpl[wlan0]( 1487): Start Connecting Watchdog 1
09-23 23:38:03.919 I/MMKV ( 3476): loading [pref_id_filter_configs] with 0 actual size, file size 4096, InterProcess 1, meta info version:1
09-23 23:38:03.919 I/MMKV ( 3476): loaded [pref_id_filter_configs] with 0 key-values
09-23 23:38:03.920 D/OsAgent ( 2691): [wifi_supplicant_status_update][3202] [HC] =>> [HS]
09-23 23:38:03.920 V/LocSvc_HIDL_IzatSubscription( 831): [wifiSupplicantStatusUpdate][682] [HS] <<<<= [HC]
09-23 23:38:03.921 D/OsAgent ( 2691): [wifi_supplicant_status_update][3202] [HC] =>> [HS]
09-23 23:38:03.921 V/LocSvc_HIDL_IzatSubscription( 831): [wifiSupplicantStatusUpdate][682] [HS] <<<<= [HC]
09-23 23:38:03.923 D/BluetoothAdapterService( 1836): android.net.wifi.STATE_CHANGE
09-23 23:38:03.923 D/SettingMicroservices( 1981): WifiReceiver:
09-23 23:38:03.923 D/SettingMicroservices( 1981): doNetworkSync: mIDCMNetworkState: -1 mIsFSEMNetworkWiFi: false
09-23 23:38:03.923 D/SettingMicroservices( 1981): Change Network Preference to TYPE_ETHERNET.
09-23 23:38:03.924 D/OsAgent ( 2691): [wifi_supplicant_status_update][3202] [HC] =>> [HS]
09-23 23:38:03.924 V/LocSvc_HIDL_IzatSubscription( 831): [wifiSupplicantStatusUpdate][682] [HS] <<<<= [HC]
09-23 23:38:03.926 W/BluetoothAdapterService( 1836): fetchWifiState - isWifiConnected =false
09-23 23:38:03.926 D/BluetoothVendorService( 1836): setWifiState to: false
09-23 23:38:03.926 I/BluetoothVendorJni( 1836): setWifiStateNative
09-23 23:38:03.926 I/bt_btif_vendor( 1836): setWifiState :0
09-23 23:38:03.941 I/MMKV ( 3782): current API level = 31, libc++_shared=1
09-23 23:38:03.942 I/MMKV ( 3782): version v1.2.13, page size 4096, arch armeabi-v7a/NEON
09-23 23:38:03.942 I/MMKV ( 3782): root dir: /data/user/0/com.smile.gifmaker/files/mmkv
09-23 23:38:03.943 I/unknown ( 3476): khook pthread_attr_init_callback set thread stack from 1008 to 256 KB
09-23 23:38:03.943 I/unknown ( 3476): khook setstacksize __addr 0xb2741bc8, from 1040 KB to 256 KB
09-23 23:38:03.944 I/MMKV ( 3782): open fd[0x40], /data/user/0/com.smile.gifmaker/files/mmkv/gifshow
09-23 23:38:03.944 I/MMKV ( 3782): open fd[0x41], /data/user/0/com.smile.gifmaker/files/mmkv/gifshow.crc
09-23 23:38:03.944 I/MMKV ( 3782): loading [gifshow] with 11363 actual size, file size 16384, InterProcess 1, meta info version:3
09-23 23:38:03.944 I/MMKV ( 3782): loading [gifshow] with crc 1445968900 sequence 6 version 3
09-23 23:38:03.945 I/MMKV ( 3782): loaded [gifshow] with 105 key-values
09-23 23:38:03.963 I/MMKV ( 3782): open fd[0x46], /data/user/0/com.smile.gifmaker/files/mmkv/pref_id_OpenNetworkTypeCache
09-23 23:38:03.963 I/MMKV ( 3782): open fd[0x47], /data/user/0/com.smile.gifmaker/files/mmkv/pref_id_OpenNetworkTypeCache.crc
09-23 23:38:03.963 I/MMKV ( 3782): loading [pref_id_OpenNetworkTypeCache] with 73 actual size, file size 4096, InterProcess 1, meta info version:3
09-23 23:38:03.963 I/MMKV ( 3782): loading [pref_id_OpenNetworkTypeCache] with crc 607395360 sequence 1 version 3
09-23 23:38:03.963 I/MMKV ( 3782): loaded [pref_id_OpenNetworkTypeCache] with 1 key-values
09-23 23:38:03.978 I/MMKV ( 3476): open fd[0xdc], /data/user/0/com.smile.gifmaker/files/mmkv/nearby_usage_feature_cache
09-23 23:38:03.980 I/MMKV ( 3476): open fd[0xde], /data/user/0/com.smile.gifmaker/files/mmkv/nearby_usage_feature_cache.crc
09-23 23:38:03.981 I/MMKV ( 3476): loading [nearby_usage_feature_cache] with 0 actual size, file size 4096, InterProcess 1, meta info version:1
09-23 23:38:03.981 I/MMKV ( 3476): loaded [nearby_usage_feature_cache] with 0 key-values
09-23 23:38:03.990 W/System ( 3782): ClassLoader referenced unknown path:
09-23 23:38:03.990 W/ifmaker:push_v( 3782): Unsupported class loader
09-23 23:38:03.991 I/MMKV ( 3782): open fd[0x48], /data/user/0/com.smile.gifmaker/files/mmkv/dva
09-23 23:38:03.991 I/MMKV ( 3782): open fd[0x49], /data/user/0/com.smile.gifmaker/files/mmkv/dva.crc
09-23 23:38:03.992 I/MMKV ( 3782): loading [dva] with 78704 actual size, file size 131072, InterProcess 1, meta info version:3
09-23 23:38:03.992 I/MMKV ( 3782): loading [dva] with crc 3059216378 sequence 2 version 3
09-23 23:38:03.993 I/MMKV ( 3782): loaded [dva] with 1 key-values
09-23 23:38:04.019 W/System ( 3782): ClassLoader referenced unknown path:
09-23 23:38:04.019 W/ifmaker:push_v( 3782): Unsupported class loader
09-23 23:38:04.033 I/MMKV ( 3782): open fd[0x4d], /data/user/0/com.smile.gifmaker/files/mmkv/com.smile.gifmaker_switches
09-23 23:38:04.033 I/MMKV ( 3782): open fd[0x4e], /data/user/0/com.smile.gifmaker/files/mmkv/com.smile.gifmaker_switches.crc
09-23 23:38:04.033 I/MMKV ( 3782): loading [com.smile.gifmaker_switches] with 34 actual size, file size 4096, InterProcess 1, meta info version:3
09-23 23:38:04.033 I/MMKV ( 3782): loading [com.smile.gifmaker_switches] with crc 900039922 sequence 1 version 3
09-23 23:38:04.033 I/MMKV ( 3782): loaded [com.smile.gifmaker_switches] with 1 key-values
09-23 23:38:04.033 I/MMKV ( 3782): open fd[0x4f], /data/user/0/com.smile.gifmaker/files/mmkv/com.smile.gifmaker_switches_1
09-23 23:38:04.033 I/MMKV ( 3782): open fd[0x50], /data/user/0/com.smile.gifmaker/files/mmkv/com.smile.gifmaker_switches_1.crc
09-23 23:38:04.034 I/MMKV ( 3782): loading [com.smile.gifmaker_switches_1] with 0 actual size, file size 4096, InterProcess 1, meta info version:1
09-23 23:38:04.034 I/MMKV ( 3782): loaded [com.smile.gifmaker_switches_1] with 0 key-values
09-23 23:38:04.034 I/MMKV ( 3782): open fd[0x51], /data/user/0/com.smile.gifmaker/files/mmkv/se_config
09-23 23:38:04.034 I/MMKV ( 3782): open fd[0x52], /data/user/0/com.smile.gifmaker/files/mmkv/se_config.crc
09-23 23:38:04.034 I/MMKV ( 3782): loading [se_config] with 148 actual size, file size 4096, InterProcess 1, meta info version:3
09-23 23:38:04.034 I/MMKV ( 3782): loading [se_config] with crc 1724292854 sequence 1 version 3
09-23 23:38:04.034 I/MMKV ( 3782): loaded [se_config] with 1 key-values
09-23 23:38:04.056 I/MMKV ( 3782): open fd[0x53], /data/user/0/com.smile.gifmaker/files/mmkv/com.smile.gifmaker_abtest
09-23 23:38:04.056 I/MMKV ( 3782): open fd[0x54], /data/user/0/com.smile.gifmaker/files/mmkv/com.smile.gifmaker_abtest.crc
09-23 23:38:04.056 I/MMKV ( 3782): loading [com.smile.gifmaker_abtest] with 0 actual size, file size 4096, InterProcess 1, meta info version:1
09-23 23:38:04.056 I/MMKV ( 3782): loaded [com.smile.gifmaker_abtest] with 0 key-values
09-23 23:38:04.057 I/MMKV ( 3782): open fd[0x55], /data/user/0/com.smile.gifmaker/files/mmkv/com.smile.gifmaker_user_0_abtest
09-23 23:38:04.057 I/MMKV ( 3782): open fd[0x56], /data/user/0/com.smile.gifmaker/files/mmkv/com.smile.gifmaker_user_0_abtest.crc
09-23 23:38:04.057 I/MMKV ( 3782): loading [com.smile.gifmaker_user_0_abtest] with 0 actual size, file size 4096, InterProcess 1, meta info version:1
09-23 23:38:04.057 I/MMKV ( 3782): loaded [com.smile.gifmaker_user_0_abtest] with 0 key-values
09-23 23:38:04.057 I/MMKV ( 3782): open fd[0x57], /data/user/0/com.smile.gifmaker/files/mmkv/com.smile.gifmaker_device_abtest
09-23 23:38:04.057 I/MMKV ( 3782): open fd[0x58], /data/user/0/com.smile.gifmaker/files/mmkv/com.smile.gifmaker_device_abtest.crc
09-23 23:38:04.057 I/MMKV ( 3782): loading [com.smile.gifmaker_device_abtest] with 0 actual size, file size 4096, InterProcess 1, meta info version:1
09-23 23:38:04.057 I/MMKV ( 3782): loaded [com.smile.gifmaker_device_abtest] with 0 key-values
09-23 23:38:04.058 I/MMKV ( 3782): open fd[0x59], /data/user/0/com.smile.gifmaker/files/mmkv/exception
09-23 23:38:04.058 I/MMKV ( 3782): open fd[0x5a], /data/user/0/com.smile.gifmaker/files/mmkv/exception.crc
09-23 23:38:04.058 I/MMKV ( 3782): loading [exception] with 848 actual size, file size 4096, InterProcess 1, meta info version:3
09-23 23:38:04.058 I/MMKV ( 3782): loading [exception] with crc 1684249136 sequence 1 version 3
09-23 23:38:04.058 I/MMKV ( 3782): loaded [exception] with 14 key-values
09-23 23:38:04.063 I/WifiHAL ( 859): send oem msg of len : 112 to apps
09-23 23:38:04.064 D/LOWI-9.0.0.87.a( 1344): [LOWI-ROME-RTT] RomeWaitOnActivityOnSocketOrPipe: timed select over: TO: 5 retVal: 1
09-23 23:38:04.064 D/LOWI-9.0.0.87.a( 1344): [LOWI-ROME-RTT] event_handler: Valid data with length 80
09-23 23:38:04.064 D/LOWI-9.0.0.87.a( 1344): [LOWI-HELIUM-RTT] storeNLFragment: new fragment group, tokenid(2), adding 72 chars @position 0
09-23 23:38:04.064 D/LOWI-9.0.0.87.a( 1344): [LOWI-HELIUM-RTT] RomeNLRecvMessage: The Received OEMSubType: RTT_MSG_SUBTYPE_CAPABILITY_RSP
09-23 23:38:04.064 D/LOWI-9.0.0.87.a( 1344): [LOWI-HELIUM-RTT] RomeNLRecvMessage: The Received RomeMsgType: ROME_RANGING_CAP_MSG
09-23 23:38:04.064 D/LOWI-9.0.0.87.a( 1344): [LOWIRangingFSM] FSM: Received Event EVENT_RANGING_CAP_INFO, Current state: STATE_WAITING_FOR_RANGING_CAP
09-23 23:38:04.064 D/LOWI-9.0.0.87.a( 1344): [LOWIWifiTlvHandler] processRspHeadTlv: reqId(1) measDone(1) rttStatus(RTT_STATUS_SUCCESS) subtype(RTT_MSG_SUBTYPE_CAPABILITY_RSP) isFrag(0) fragIdx(0) fragLen(0) tknId(0)
09-23 23:38:04.064 D/LOWI-9.0.0.87.a( 1344): [LOWIWifiTlvHandler] checkTlvTag: Processing idx(0) received TLV: wmi_rtt_oem_rsp_head
09-23 23:38:04.064 D/LOWI-9.0.0.87.a( 1344): [LOWIWifiTlvHandler] processIfPeerEvtHdrTag: Invalid Tag(33), not added to vector mPeerIdx(0)
09-23 23:38:04.064 D/LOWI-9.0.0.87.a( 1344): [LOWIWifiTlvHandler] processIfPerFrmInfoTag: Invalid Tag(33) measurement not added for peer(0)
09-23 23:38:04.064 D/LOWI-9.0.0.87.a( 1344): [LOWIWifiTlvHandler] checkTlvTag: Processing idx(1) received TLV: wmi_rtt_oem_cap_rsp_head
09-23 23:38:04.064 D/LOWI-9.0.0.87.a( 1344): [LOWIWifiTlvHandler] processIfPeerEvtHdrTag: Invalid Tag(35), not added to vector mPeerIdx(0)
09-23 23:38:04.064 D/LOWI-9.0.0.87.a( 1344): [LOWIWifiTlvHandler] processIfPerFrmInfoTag: Invalid Tag(35) measurement not added for peer(0)
09-23 23:38:04.064 D/LOWI-9.0.0.87.a( 1344): [LOWIWifiTlvHandler] checkTlvTag: Processing idx(2) received TLV: wmi_rtt_oem_cap_rsp_event
09-23 23:38:04.064 D/LOWI-9.0.0.87.a( 1344): [LOWIWifiTlvHandler] processIfPeerEvtHdrTag: Invalid Tag(36), not added to vector mPeerIdx(0)
09-23 23:38:04.064 D/LOWI-9.0.0.87.a( 1344): [LOWIWifiTlvHandler] processIfPerFrmInfoTag: Invalid Tag(36) measurement not added for peer(0)
09-23 23:38:04.064 D/LOWI-9.0.0.87.a( 1344): [LOWIWifiTlvHandler] printBssidInfo: No peer info from processing TLVs
09-23 23:38:04.064 D/LOWI-9.0.0.87.a( 1344): [LOWI-HELIUM-RTT] parseRttCapabilitiesMsg: Skipping wmi_rtt_oem_rsp_head
09-23 23:38:04.064 D/LOWI-9.0.0.87.a( 1344): [LOWI-HELIUM-RTT] parseRttCapabilitiesMsg: parsing wmi_rtt_oem_cap_rsp_head TLVversion(0x3) major(0x0) minor(0x10001) serviceBitMask[0](0x0) serviceBitMask[1](0x0) serviceBitMask[2](0x0) serviceBitMask[3](0x0)
09-23 23:38:04.064 D/LOWI-9.0.0.87.a( 1344): [LOWI-HELIUM-RTT] parseRttCapabilitiesMsg: parsing wmi_rtt_oem_cap_rsp_event TLVrangingTypeMask(5) supportedFramesMask(11) maxDestPerReq(10) maxMeasPerDest(31) maxChannelsAllowed(1) maxBwAllowed(2) preambleSupportedMask(7) reportTypeSupportedMask(15) maxRfChains(3) facTypeMask(2) numPhys(1) fwMultiBurstSupport(1)
09-23 23:38:04.064 D/LOWI-9.0.0.87.a( 1344): [LOWIRangingFSM] FSM: New FSM state: STATE_READY_AND_IDLE
09-23 23:38:04.064 D/LOWI-9.0.0.87.a( 1344): [LOWI-ROME-RTT] RomeWaitOnActivityOnSocketOrPipe: issue blocking select
09-23 23:38:04.094 I/MMKV ( 3782): open fd[0x5b], /data/user/0/com.smile.gifmaker/files/mmkv/webviewCrashCount
09-23 23:38:04.094 I/MMKV ( 3782): open fd[0x5c], /data/user/0/com.smile.gifmaker/files/mmkv/webviewCrashCount.crc
09-23 23:38:04.094 I/MMKV ( 3782): loading [webviewCrashCount] with 0 actual size, file size 4096, InterProcess 1, meta info version:1
09-23 23:38:04.094 I/MMKV ( 3782): loaded [webviewCrashCount] with 0 key-values
09-23 23:38:04.096 E/ifmaker:push_v( 3782): No implementation found for void com.kwai.kmalloc.KMalloc.recordLaunchSuccessAsync() (tried Java_com_kwai_kmalloc_KMalloc_recordLaunchSuccessAsync and Java_com_kwai_kmalloc_KMalloc_recordLaunchSuccessAsync__)
09-23 23:38:04.098 I/exception_handler( 3782): Native DumpCallback Run lck
09-23 23:38:04.098 I/exception_handler( 3782): Native DumpCallback Run wait
09-23 23:38:04.098 I/exception_handler( 3782): ANR DumpCallback Run lck
09-23 23:38:04.098 I/exception_handler( 3782): ANR DumpCallback Run wait
09-23 23:38:04.100 W/CamX ( 825): [ WARN][NCS ] camxncsintfqsee.cpp:628 ProbeSensor() Timed out for probing sensor 2!
09-23 23:38:04.100 I/unknown ( 3476): khook pthread_attr_init_callback set thread stack from 1008 to 256 KB
09-23 23:38:04.100 I/unknown ( 3476): khook setstacksize __addr 0xb2741bc8, from 1040 KB to 256 KB
09-23 23:38:04.100 W/CamX ( 825): [ WARN][NCS ] camxncsintfqsee.cpp:270 GetListOfSensors() Probe sensor 2 with error 9
09-23 23:38:04.103 I/AegonNative( 3782): Update config: {}, storage path: /data/user/0/com.smile.gifmaker/app_aegon/aegon
09-23 23:38:04.103 I/AegonNative( 3782): Enable features: PartitionConnectionsByNetworkIsolationKey,PartitionSSLSessionsByNetworkIsolationKey,
09-23 23:38:04.103 I/AegonNative( 3782): Disable features:
09-23 23:38:04.109 I/unknown ( 3476): khook pthread_attr_init_callback set thread stack from 1008 to 256 KB
09-23 23:38:04.109 I/unknown ( 3476): khook setstacksize __addr 0xab9829b8, from 1040 KB to 256 KB
09-23 23:38:04.112 I/MMKV ( 3782): open fd[0x5f], /data/user/0/com.smile.gifmaker/files/mmkv/TEST_CONFIG
09-23 23:38:04.112 I/MMKV ( 3782): open fd[0x60], /data/user/0/com.smile.gifmaker/files/mmkv/TEST_CONFIG.crc
09-23 23:38:04.112 I/MMKV ( 3782): loading [TEST_CONFIG] with 114 actual size, file size 4096, InterProcess 1, meta info version:3
09-23 23:38:04.112 I/MMKV ( 3782): loading [TEST_CONFIG] with crc 995895484 sequence 1 version 3
09-23 23:38:04.112 I/MMKV ( 3782): loaded [TEST_CONFIG] with 5 key-values
09-23 23:38:04.118 D/ConnectivityService( 1487): requestNetwork for uid/pid:10106/3782 activeRequest: null callbackRequest: 38 [NetworkRequest [ REQUEST id=39, [ Capabilities: INTERNET&NOT_RESTRICTED&TRUSTED&NOT_VCN_MANAGED Uid: 10106 RequestorUid: 10106 RequestorPkg: com.smile.gifmaker] ]] callback flags: 0 priority: 2147483647
09-23 23:38:04.119 D/ConnectivityService( 1487): NetReassign [no changes]
09-23 23:38:04.119 D/Ethernet( 1487): got request NetworkRequest [ REQUEST id=39, [ Capabilities: INTERNET&NOT_RESTRICTED&TRUSTED&NOT_VCN_MANAGED Uid: 10106 RequestorUid: 10106 RequestorPkg: com.smile.gifmaker] ]
09-23 23:38:04.119 D/EthernetNetworkFactory( 1487): acceptRequest, request: NetworkRequest [ REQUEST id=39, [ Capabilities: INTERNET&NOT_RESTRICTED&TRUSTED&NOT_VCN_MANAGED Uid: 10106 RequestorUid: 10106 RequestorPkg: com.smile.gifmaker] ]
09-23 23:38:04.119 I/EthernetNetworkFactory( 1487): networkForRequest, request: NetworkRequest [ REQUEST id=39, [ Capabilities: INTERNET&NOT_RESTRICTED&TRUSTED&NOT_VCN_MANAGED Uid: 10106 RequestorUid: 10106 RequestorPkg: com.smile.gifmaker] ], network: null
09-23 23:38:04.120 D/WifiNetworkFactory( 1487): got request NetworkRequest [ REQUEST id=39, [ Capabilities: INTERNET&NOT_RESTRICTED&TRUSTED&NOT_VCN_MANAGED Uid: 10106 RequestorUid: 10106 RequestorPkg: com.smile.gifmaker] ]
09-23 23:38:04.120 D/UntrustedWifiNetworkFactory( 1487): got request NetworkRequest [ REQUEST id=39, [ Capabilities: INTERNET&NOT_RESTRICTED&TRUSTED&NOT_VCN_MANAGED Uid: 10106 RequestorUid: 10106 RequestorPkg: com.smile.gifmaker] ]
09-23 23:38:04.120 D/OemPaidWifiNetworkFactory( 1487): got request NetworkRequest [ REQUEST id=39, [ Capabilities: INTERNET&NOT_RESTRICTED&TRUSTED&NOT_VCN_MANAGED Uid: 10106 RequestorUid: 10106 RequestorPkg: com.smile.gifmaker] ]
09-23 23:38:04.129 I/MMKV ( 3476): open fd[0xdf], /data/user/0/com.smile.gifmaker/files/mmkv/ChannelDelayedState
09-23 23:38:04.132 D/ConnectivityService( 1487): NetReassign [no changes]
09-23 23:38:04.137 D/CompatibilityChangeReporter( 3782): Compat change id reported: 147600208; UID 10106; state: ENABLED
09-23 23:38:04.139 I/MMKV ( 3782): open fd[0x70], /data/user/0/com.smile.gifmaker/files/mmkv/push_sdk_v3
09-23 23:38:04.139 I/MMKV ( 3782): open fd[0x71], /data/user/0/com.smile.gifmaker/files/mmkv/push_sdk_v3.crc
09-23 23:38:04.139 I/MMKV ( 3782): loading [push_sdk_v3] with 0 actual size, file size 4096, InterProcess 1, meta info version:1
09-23 23:38:04.139 I/MMKV ( 3782): loaded [push_sdk_v3] with 0 key-values
09-23 23:38:04.155 I/MMKV ( 3476): open fd[0xe1], /data/user/0/com.smile.gifmaker/files/mmkv/ChannelDelayedState.crc
09-23 23:38:04.155 W/libc ( 3476): Access denied finding property "ro.vendor.product.manufacturer"
09-23 23:38:04.155 W/libc ( 3476): Access denied finding property "ro.vendor.product.model"
09-23 23:38:04.156 W/libc ( 3476): Access denied finding property "ro.serialno"
09-23 23:38:04.160 I/MMKV ( 3782): open fd[0x73], /data/user/0/com.smile.gifmaker/files/mmkv/pref_id_router
09-23 23:38:04.160 I/MMKV ( 3782): open fd[0x74], /data/user/0/com.smile.gifmaker/files/mmkv/pref_id_router.crc
09-23 23:38:04.160 I/MMKV ( 3782): loading [pref_id_router] with 15739 actual size, file size 16384, InterProcess 1, meta info version:3
09-23 23:38:04.160 I/MMKV ( 3782): loading [pref_id_router] with crc 1645730653 sequence 3 version 3
09-23 23:38:04.160 I/MMKV ( 3476): loading [ChannelDelayedState] with 0 actual size, file size 4096, InterProcess 1, meta info version:1
09-23 23:38:04.160 I/MMKV ( 3476): loaded [ChannelDelayedState] with 0 key-values
09-23 23:38:04.161 I/unknown ( 3476): khook pthread_attr_init_callback set thread stack from 1008 to 256 KB
09-23 23:38:04.161 I/unknown ( 3476): khook setstacksize __addr 0xab9829b8, from 1040 KB to 256 KB
09-23 23:38:04.161 I/unknown ( 3476): khook pthread_attr_init_callback set thread stack from 1008 to 256 KB
09-23 23:38:04.161 I/unknown ( 3476): khook setstacksize __addr 0xab9829b8, from 1040 KB to 256 KB
09-23 23:38:04.161 I/MMKV ( 3782): loaded [pref_id_router] with 143 key-values
09-23 23:38:04.161 I/unknown ( 3476): khook pthread_attr_init_callback set thread stack from 1008 to 256 KB
09-23 23:38:04.161 I/unknown ( 3476): khook setstacksize __addr 0xab982ad8, from 1040 KB to 256 KB
09-23 23:38:04.162 I/unknown ( 3476): khook pthread_attr_init_callback set thread stack from 1008 to 256 KB
09-23 23:38:04.162 I/unknown ( 3476): khook setstacksize __addr 0xab982b58, from 1040 KB to 256 KB
09-23 23:38:04.165 I/sysui_multi_action( 1487): [757,1717,758,1,759,0]
09-23 23:38:04.165 I/sysui_multi_action( 1487): [757,1717,758,2,759,0]
09-23 23:38:04.165 I/sysui_multi_action( 1487): [757,1717,758,3,759,0]
09-23 23:38:04.173 I/service_manager_slow( 3476): [51,isub]
09-23 23:38:04.179 I/MSP-JNI ( 3781): JNI_OnLoad called
09-23 23:38:04.179 E/MSP-JNI ( 3781): Failed to get class in Jload
09-23 23:38:04.179 I/MSP-JNI ( 3781): FindClass - com/qualcomm/ltebc/LTEBroadcastService JNI EXCEPTION CLEARED
09-23 23:38:04.179 I/MSP-JNI ( 3781): JNI_OnLoad: Initializing File Delivery references
09-23 23:38:04.179 I/MSP-JNI ( 3781): FindClass CARRIER_SPECIFIC_CLASS_DEFINITION JNI EXCEPTION CLEARED
09-23 23:38:04.179 I/MSP-JNI ( 3781): JNI_OnLoad: Completed File Delivery initialization
09-23 23:38:04.181 I/LTE Application( 3781): LTEApplicationCreate
09-23 23:38:04.182 I/LTE Application( 3781): applicationContext : com.qualcomm.ltebc.LTEQTIApplication@48d8b60
09-23 23:38:04.186 I/LTE QMI Link( 3781): Creating QMI Link
09-23 23:38:04.187 D/LTE Application( 3781): packageName = com.qti.ltebc versionCode = 5401010 versionName = MSDC_LA_5.4.01.01.0
09-23 23:38:04.187 I/LTE Application( 3781): LTE Broadcast Library Release Version = MSDC_LA_5.4.01.01.0
09-23 23:38:04.187 D/LTE Application( 3781): IntentSender : Last intent Status NOT_SENT forcedBroadcast flag = true
09-23 23:38:04.188 D/LTE Application( 3781): sendBroadcastIntent IntentAction : Sending com.qualcomm.intent.EMBMS_STATUS ACTIVE = false
09-23 23:38:04.190 W/SOCKET ( 3781): ConnectionManager constructor has been initialised
09-23 23:38:04.190 E/System ( 3781): Ignoring attempt to set property "java.net.preferIPv6Addresses" to value "false".
09-23 23:38:04.191 D/LTE Application( 3781): Android API Version 31
09-23 23:38:04.191 I/LTE Application( 3781): Package Name : com.qti.ltebc
09-23 23:38:04.192 I/LTE Application( 3781): app is not whitelisted
09-23 23:38:04.195 I/LTE Broadcast Receiver( 3781): Broadcast Receiver Received intent : Intent { act=android.intent.action.MEDIA_MOUNTED dat=file:///storage/emulated/0 flg=0x5000010 cmp=com.qti.ltebc/com.qualcomm.ltebc.LTEBroadcastReceiver (has extras) }
09-23 23:38:04.195 I/LTE Broadcast Receiver( 3781): Handled media mounted or unmounted event
09-23 23:38:04.195 E/LTE Broadcast Receiver( 3781): Received media mounted event when MSP is not initialized
09-23 23:38:04.196 I/LTE Application( 3781): getStartupReason - startup_reason: STARTUP_REASON_NOTSET
09-23 23:38:04.196 I/LTE Broadcast Receiver( 3781): Middleware is started due to media event..exiting app
09-23 23:38:04.205 I/WifiHAL ( 859): send oem msg of len : 140 to apps
09-23 23:38:04.205 D/LOWI-9.0.0.87.a( 1344): [LOWI-ROME-RTT] event_handler: Valid data with length 108
09-23 23:38:04.205 D/LOWI-9.0.0.87.a( 1344): [LOWI-HELIUM-RTT] RomeNLRecvMessage: The Received RomeMsgType: ROME_P2P_PEER_EVENT_MSG
09-23 23:38:04.205 D/LOWI-9.0.0.87.a( 1344): [LOWIRangingFSM] FSM: Received Event EVENT_P2P_STATUS_UPDATE, Current state: STATE_READY_AND_IDLE
09-23 23:38:04.205 D/LOWI-9.0.0.87.a( 1344): [LOWI-ROME-RTT] RomeExtractP2PInfo - P2P EVENT Received!
09-23 23:38:04.205 D/LOWI-9.0.0.87.a( 1344): [LOWI-ROME-RTT] ExtractNLP2PInfo: Entered
09-23 23:38:04.205 D/LOWI-9.0.0.87.a( 1344): [LOWI-P2P-RTT] p2pStoreStatusInfo: Peer status = PEER_STATUS_CONNECTED Mac:38:a9:1c:35:03:09
09-23 23:38:04.205 D/LOWI-9.0.0.87.a( 1344): [LOWIRangingFSM] FSM: New FSM state: STATE_READY_AND_IDLE
09-23 23:38:04.205 D/LOWI-9.0.0.87.a( 1344): [LOWI-ROME-RTT] RomeWaitOnActivityOnSocketOrPipe: issue blocking select
09-23 23:38:04.209 D/LOWI-9.0.0.87.a( 1344): [LOWINetlinkSocketReceiver] unpackRTMLinkMessage: RTM_NEWLINK - ifname wlan0, flags 0x1003 ([UP])
09-23 23:38:04.209 D/LOWI-9.0.0.87.a( 1344): [LOWINetlinkSocketReceiver] processNetlinkPacket: ifname(wlan0) status(1)
09-23 23:38:04.209 D/LOWI-9.0.0.87.a( 1344): [LOWIController] intfStateReceived: ifname(wlan0) state(1)
09-23 23:38:04.209 D/LOWI-9.0.0.87.a( 1344): [LOWINetlinkSocketReceiver] unpackRTMLinkMessage: RTM_NEWLINK - ifname wlan0, flags 0x11003 ([UP])
09-23 23:38:04.209 D/LOWI-9.0.0.87.a( 1344): [LOWINetlinkSocketReceiver] processNetlinkPacket: ifname(wlan0) status(1)
09-23 23:38:04.209 D/LOWI-9.0.0.87.a( 1344): [LOWIController] intfStateReceived: ifname(wlan0) state(1)
09-23 23:38:04.209 D/LOWI-9.0.0.87.a( 1344): [LOWIEventReceiver] handleEvent:FROM:NA, TO:NA, REQ:NA, IREQ:NA, REQ_ID:0, RESP:NA, INFO:INTF-STATUS-UPDATE
09-23 23:38:04.209 D/LOWI-9.0.0.87.a( 1344): [LOWIEventReceiver] Info to [INTF-STATUS-UPDATE]
09-23 23:38:04.209 D/LOWI-9.0.0.87.a( 1344): [LOWIController] updateIntfState: WIFI enabled 1 mNlWifiStatus 1 mWifiStateEnabled 1
09-23 23:38:04.209 D/LOWI-9.0.0.87.a( 1344): [LOWIController] isWifiEnabled: mNlWifiStatus 1 mWifiStateEnabled 1
09-23 23:38:04.209 D/LOWI-9.0.0.87.a( 1344): [LOWIEventReceiver] handleEvent:FROM:NA, TO:NA, REQ:NA, IREQ:NA, REQ_ID:0, RESP:NA, INFO:INTF-STATUS-UPDATE
09-23 23:38:04.209 D/LOWI-9.0.0.87.a( 1344): [LOWIEventReceiver] Info to [INTF-STATUS-UPDATE]
09-23 23:38:04.209 D/LOWI-9.0.0.87.a( 1344): [LOWIController] updateIntfState: WIFI enabled 1 mNlWifiStatus 1 mWifiStateEnabled 1
09-23 23:38:04.209 D/LOWI-9.0.0.87.a( 1344): [LOWIController] isWifiEnabled: mNlWifiStatus 1 mWifiStateEnabled 1
09-23 23:38:04.210 I/EthernetTracker( 1487): interfaceLinkStateChanged, iface: wlan0, up: false
09-23 23:38:04.210 I/EthernetTracker( 1487): interfaceLinkStateChanged, iface: wlan0, up: true
09-23 23:38:04.213 I/wpa_supplicant( 3444): wlan0: Associated with 38:a9:1c:35:03:09
09-23 23:38:04.213 I/wpa_supplicant( 3444): wlan0: CTRL-EVENT-SUBNET-STATUS-UPDATE status=0
09-23 23:38:04.214 I/wpa_supplicant( 3444): wlan0: WPA: RX message 1 of 4-Way Handshake from 38:a9:1c:35:03:09 (ver=2)
09-23 23:38:04.215 I/wpa_supplicant( 3444): wlan0: WPA: Sending EAPOL-Key 2/4
09-23 23:38:04.215 I/hwservicemanager( 514): getTransport: Cannot find entry android.hardware.wifi.supplicant@1.4::ISupplicant/default in either framework or device VINTF manifest.
09-23 23:38:04.216 I/com.qti.ltebc( 3781): System.exit called, status: 0
09-23 23:38:04.216 I/AndroidRuntime( 3781): VM exiting with result code 0, cleanup skipped.
09-23 23:38:04.219 D/OsAgent ( 2691): [wifi_supplicant_status_update][3202] [HC] =>> [HS]
09-23 23:38:04.219 V/LocSvc_HIDL_IzatSubscription( 831): [wifiSupplicantStatusUpdate][682] [HS] <<<<= [HC]
09-23 23:38:04.220 D/BluetoothAdapterService( 1836): android.net.wifi.STATE_CHANGE
09-23 23:38:04.220 D/SettingMicroservices( 1981): WifiReceiver:
09-23 23:38:04.220 D/SettingMicroservices( 1981): doNetworkSync: mIDCMNetworkState: -1 mIsFSEMNetworkWiFi: false
09-23 23:38:04.220 D/SettingMicroservices( 1981): Change Network Preference to TYPE_ETHERNET.
09-23 23:38:04.222 D/OsAgent ( 2691): [wifi_supplicant_status_update][3202] [HC] =>> [HS]
09-23 23:38:04.222 V/LocSvc_HIDL_IzatSubscription( 831): [wifiSupplicantStatusUpdate][682] [HS] <<<<= [HC]
09-23 23:38:04.223 W/BluetoothAdapterService( 1836): fetchWifiState - isWifiConnected =false
09-23 23:38:04.223 D/BluetoothVendorService( 1836): setWifiState to: false
09-23 23:38:04.223 I/BluetoothVendorJni( 1836): setWifiStateNative
09-23 23:38:04.223 I/bt_btif_vendor( 1836): setWifiState :0
09-23 23:38:04.225 I/MMKV ( 3782): open fd[0x79], /data/user/0/com.smile.gifmaker/files/mmkv/pref_id_king_data
09-23 23:38:04.225 I/MMKV ( 3782): open fd[0x7a], /data/user/0/com.smile.gifmaker/files/mmkv/pref_id_king_data.crc
09-23 23:38:04.225 I/MMKV ( 3782): loading [pref_id_king_data] with 0 actual size, file size 4096, InterProcess 1, meta info version:1
09-23 23:38:04.225 I/MMKV ( 3782): loaded [pref_id_king_data] with 0 key-values
09-23 23:38:04.231 I/wpa_supplicant( 3444): wlan0: WPA: RX message 3 of 4-Way Handshake from 38:a9:1c:35:03:09 (ver=2)
09-23 23:38:04.231 I/wpa_supplicant( 3444): wlan0: WPA: Sending EAPOL-Key 4/4
09-23 23:38:04.232 I/MMKV ( 3782): open fd[0x7b], /data/user/0/com.smile.gifmaker/files/mmkv/log_store
09-23 23:38:04.232 I/MMKV ( 3782): open fd[0x7c], /data/user/0/com.smile.gifmaker/files/mmkv/log_store.crc
09-23 23:38:04.232 I/MMKV ( 3782): loading [log_store] with 96 actual size, file size 4096, InterProcess 1, meta info version:3
09-23 23:38:04.232 I/MMKV ( 3782): loading [log_store] with crc 3045546344 sequence 1 version 3
09-23 23:38:04.232 I/MMKV ( 3782): loaded [log_store] with 2 key-values
09-23 23:38:04.233 I/service_manager_stats( 3476): [200,172,20622]
09-23 23:38:04.248 I/cnss-daemon( 1257): nl80211 response handler invoked
09-23 23:38:04.248 I/cnss-daemon( 1257): nl80211_response_handler: cmd 103, vendorID 4980, subcmd 165 received
09-23 23:38:04.248 I/WifiHAL ( 859): event received NL80211_CMD_VENDOR, vendor_id = 0x1374, subcmd = 0xa5
09-23 23:38:04.249 D/LOWI-9.0.0.87.a( 1344): [LOWI-Scan] wait_event:Wait done with Cmd 103
09-23 23:38:04.249 D/LOWI-9.0.0.87.a( 1344): [LOWI-Scan] do_listen_events: Rcvd valid Netlink Cmd 0 Err 0
09-23 23:38:04.252 D/OsAgent ( 2691): [wifi_supplicant_status_update][3202] [HC] =>> [HS]
09-23 23:38:04.252 V/LocSvc_HIDL_IzatSubscription( 831): [wifiSupplicantStatusUpdate][682] [HS] <<<<= [HC]
09-23 23:38:04.264 I/MMKV ( 3782): open fd[0x7d], /data/user/0/com.smile.gifmaker/files/mmkv/log_switch_config
09-23 23:38:04.275 I/MMKV ( 3782): open fd[0x7e], /data/user/0/com.smile.gifmaker/files/mmkv/log_switch_config.crc
09-23 23:38:04.275 I/MMKV ( 3782): loading [log_switch_config] with 0 actual size, file size 4096, InterProcess 1, meta info version:1
09-23 23:38:04.275 I/MMKV ( 3782): loaded [log_switch_config] with 0 key-values
09-23 23:38:04.277 I/wpa_supplicant( 3444): wlan0: WPA: Key negotiation completed with 38:a9:1c:35:03:09 [PTK=CCMP GTK=CCMP]
09-23 23:38:04.277 I/wpa_supplicant( 3444): wlan0: CTRL-EVENT-CONNECTED - Connection to 38:a9:1c:35:03:09 completed [id=0 id_str=%7B%22configKey%22%3A%22%5C%22H3C_350304_5G%5C%22WPA_PSK%22%2C%22creatorUid%22%3A%221000%22%7D]
09-23 23:38:04.277 D/LOWI-9.0.0.87.a( 1344): [LOWINetlinkSocketReceiver] unpackRTMLinkMessage: RTM_NEWLINK - ifname wlan0, flags 0x11043 ([UP][RUNNING])
09-23 23:38:04.277 D/LOWI-9.0.0.87.a( 1344): [LOWINetlinkSocketReceiver] processNetlinkPacket: ifname(wlan0) status(2)
09-23 23:38:04.277 D/LOWI-9.0.0.87.a( 1344): [LOWIController] intfStateReceived: ifname(wlan0) state(2)
09-23 23:38:04.278 D/LOWI-9.0.0.87.a( 1344): [LOWIEventReceiver] handleEvent:FROM:NA, TO:NA, REQ:NA, IREQ:NA, REQ_ID:0, RESP:NA, INFO:INTF-STATUS-UPDATE
09-23 23:38:04.278 D/LOWI-9.0.0.87.a( 1344): [LOWIEventReceiver] Info to [INTF-STATUS-UPDATE]
09-23 23:38:04.278 D/LOWI-9.0.0.87.a( 1344): [LOWIController] updateIntfState: WIFI enabled 2 mNlWifiStatus 1 mWifiStateEnabled 1
09-23 23:38:04.278 D/LOWI-9.0.0.87.a( 1344): [LOWIController] isWifiEnabled: mNlWifiStatus 2 mWifiStateEnabled 1
09-23 23:38:04.278 D/LOWI-9.0.0.87.a( 1344): [LOWIController] notifyWlanInterfaceStatusChange: Send Interface state request LOWIController_1
09-23 23:38:04.278 D/LOWI-9.0.0.87.a( 1344): [LOWIController] isWifiEnabled: mNlWifiStatus 2 mWifiStateEnabled 1
09-23 23:38:04.278 D/LOWI-9.0.0.87.a( 1344): [LOWIController] requestMeasurements: Internal Message 2 sent to driver
09-23 23:38:04.278 D/LOWI-9.0.0.87.a( 1344): [LOWIController] issueRequest: LOWIController_1 sent to driver request - SUCCESS
09-23 23:38:04.278 D/LOWI-9.0.0.87.a( 1344): [LOWI-Scan] wips_wait_on_nl_socket: read returned 6, Received string: Close
09-23 23:38:04.278 D/LOWI-9.0.0.87.a( 1344): [LOWI-Scan] do_listen_events: Select Error return - -301
09-23 23:38:04.278 D/LOWI-9.0.0.87.a( 1344): [LOWI-Scan] No dump done. Error -301
09-23 23:38:04.278 D/LOWI-9.0.0.87.a( 1344): [LOWI-Scan] WipsScanUsingNL: passive scan cached 0, took 373 ms, err -301
09-23 23:38:04.278 D/LOWI-9.0.0.87.a( 1344): [LOWI-Scan] lowi_proc_req_passive_scan_with_live_meas - No WLAN Frames to be parsed
09-23 23:38:04.278 D/LOWI-9.0.0.87.a( 1344): [LOWIWifiDriverInterface] Scan terminated for passive listening request
09-23 23:38:04.278 D/LOWI-9.0.0.87.a( 1344): [LOWIScanResultReceiver] run:Execute new request LOWIController_1
09-23 23:38:04.280 I/EthernetTracker( 1487): interfaceLinkStateChanged, iface: wlan0, up: true
09-23 23:38:04.287 I/LOWI-9.0.0.87.a( 1344): [LOWI-Scan] get_intf_mode: WLAN interface type 2, err 0
09-23 23:38:04.287 I/WifiHAL ( 859): send_nl_data: sent gennl msg of len: 44 to driver
09-23 23:38:04.288 D/LOWI-9.0.0.87.a( 1344): [LOWIScanResultReceiver] Send scan meas to listener
09-23 23:38:04.288 D/LOWI-9.0.0.87.a( 1344): [LOWIScanResultReceiver] Enter passive listening mode
09-23 23:38:04.288 D/LOWI-9.0.0.87.a( 1344): [LOWIWifiDriverInterface] getMeasurements - Passive listening mode
09-23 23:38:04.288 D/LOWI-9.0.0.87.a( 1344): [LOWI-Scan] WipsScanUsingNL:wait -1 sec for netlink message
09-23 23:38:04.289 D/LOWI-9.0.0.87.a( 1344): [LOWIEventReceiver] handleEvent:FROM:NA, TO:NA, REQ:NA, IREQ:NA, REQ_ID:0, RESP:NA, INFO:NA
09-23 23:38:04.289 D/LOWI-9.0.0.87.a( 1344): [LOWIBackgroundScanMgr] isRspForBgScanMgr: req(LOWI_INTERNAL_MESSAGE) -- not handled
09-23 23:38:04.289 D/LOWI-9.0.0.87.a( 1344): [LOWIController] Measurements received
09-23 23:38:04.289 I/MMKV ( 3782): open fd[0x7f], /data/user/0/com.smile.gifmaker/files/mmkv/PRIVACY_KIT
09-23 23:38:04.289 I/MMKV ( 3782): open fd[0x80], /data/user/0/com.smile.gifmaker/files/mmkv/PRIVACY_KIT.crc
09-23 23:38:04.289 I/MMKV ( 3782): loading [PRIVACY_KIT] with 175 actual size, file size 4096, InterProcess 1, meta info version:3
09-23 23:38:04.289 I/MMKV ( 3782): loading [PRIVACY_KIT] with crc 2214384873 sequence 1 version 3
09-23 23:38:04.289 I/MMKV ( 3782): loaded [PRIVACY_KIT] with 2 key-values
09-23 23:38:04.291 D/BluetoothAdapterService( 1836): android.net.wifi.STATE_CHANGE
09-23 23:38:04.291 D/SettingMicroservices( 1981): WifiReceiver:
09-23 23:38:04.291 D/SettingMicroservices( 1981): doNetworkSync: mIDCMNetworkState: -1 mIsFSEMNetworkWiFi: false
09-23 23:38:04.291 D/SettingMicroservices( 1981): Change Network Preference to TYPE_ETHERNET.
09-23 23:38:04.295 D/ConnectivityService( 1487): registerNetworkAgent NetworkAgentInfo{network{100} handle{432902426637} ni{WIFI CONNECTING extra: } Score(60 ; KeepConnected : 0 ; Policies : IS_UNMETERED) lp{{LinkAddresses: [ ] DnsAddresses: [ ] Domains: null MTU: 0 Routes: [ ]}} nc{[ Transports: WIFI Capabilities: NOT_METERED&INTERNET&NOT_RESTRICTED&TRUSTED&NOT_VPN&NOT_ROAMING&FOREGROUND&NOT_CONGESTED&NOT_SUSPENDED&NOT_VCN_MANAGED LinkUpBandwidth>=433000Kbps LinkDnBandwidth>=433000Kbps Specifier: TransportInfo: OwnerUid: 1000 AdminUids: [1000] SSID: "H3C_350304_5G"]}}
09-23 23:38:04.299 D/SettingMicroservices( 1981): WifiReceiver:
09-23 23:38:04.299 D/SettingMicroservices( 1981): doNetworkSync: mIDCMNetworkState: -1 mIsFSEMNetworkWiFi: false
09-23 23:38:04.299 D/SettingMicroservices( 1981): Change Network Preference to TYPE_ETHERNET.
09-23 23:38:04.302 W/Looper ( 3782): Loop again would have the queued messages be executed before this one completed.
09-23 23:38:04.302 D/BufferPoolAccessor2.0( 1487): bufferpool2 0xb4000072e591a5b8 : 0(0 size) total buffers - 0(0 size) used buffers - 2/7 (recycle/alloc) - 7/24 (fetch/transfer)
09-23 23:38:04.302 D/BufferPoolAccessor2.0( 1487): evictor expired: 1, evicted: 1
09-23 23:38:04.302 I/cnss-daemon( 1257): wlan_has_npt : has_npt is 0
09-23 23:38:04.302 D/BufferPoolAccessor2.0( 1249): bufferpool2 0xb400007860ed7c88 : 0(0 size) total buffers - 0(0 size) used buffers - 8/10 (recycle/alloc) - 2/9 (fetch/transfer)
09-23 23:38:04.302 D/BufferPoolAccessor2.0( 1249): evictor expired: 1, evicted: 1
09-23 23:38:04.304 W/System.err( 3476): java.lang.Exception: com.kwai.plugin.dva.install.error.PluginInstallException: plugin raven with http://keep-so.kwd.inkuai.com/bs2/fes/client_raven_armeabi-v7a_55f5e4.vsv download fail -> com.kwai.plugin.dva.install.error.PluginDownloadException: plugin raven with http://keep-so.kwd.inkuai.com/bs2/fes/client_raven_armeabi-v7a_55f5e4.vsv download fail
09-23 23:38:04.304 W/System.err( 3476): at com.kwai.plugin.dva.install.remote.InnerInstallWork.a(kSourceFile:20710162)
09-23 23:38:04.304 W/System.err( 3476): at com.kwai.plugin.dva.install.remote.InnerInstallWork$doWork$1.invokeSuspend(Unknown Source:24)
09-23 23:38:04.304 W/System.err( 3476): at kotlin.coroutines.jvm.internal.BaseContinuationImpl.resumeWith(kSourceFile:16908297)
09-23 23:38:04.304 W/System.err( 3476): at cqc.w0.run(kSourceFile:1441884)
09-23 23:38:04.304 W/System.err( 3476): at com.smile.gifmaker.thread.task.ElasticTask.run(kSourceFile:458761)
09-23 23:38:04.304 W/System.err( 3476): at java.util.concurrent.ThreadPoolExecutor.runWorker(ThreadPoolExecutor.java:1167)
09-23 23:38:04.304 W/System.err( 3476): at java.util.concurrent.ThreadPoolExecutor$Worker.run(ThreadPoolExecutor.java:641)
09-23 23:38:04.304 W/System.err( 3476): at java.lang.Thread.run(Thread.java:920)
09-23 23:38:04.304 W/System.err( 3476): Caused by: java.lang.Throwable: -4106
09-23 23:38:04.304 W/System.err( 3476): at com.yxcorp.download.DownloadTask$a.s(kSourceFile:16908292)
09-23 23:38:04.304 W/System.err( 3476): at com.yxcorp.download.DownloadTask$a.g(Unknown Source:0)
09-23 23:38:04.304 W/System.err( 3476): at f38.j.run(Unknown Source:4)
09-23 23:38:04.304 W/System.err( 3476): at android.os.Handler.handleCallback(Handler.java:938)
09-23 23:38:04.304 W/System.err( 3476): at android.os.Handler.dispatchMessage(Handler.java:99)
09-23 23:38:04.304 W/System.err( 3476): at android.os.Looper.loopOnce(Looper.java:201)
09-23 23:38:04.304 W/System.err( 3476): at android.os.Looper.loop(Looper.java:288)
09-23 23:38:04.304 W/System.err( 3476): at fl5.e.e(kSourceFile:65536)
09-23 23:38:04.304 W/System.err( 3476): at fl5.e.a(Unknown Source:0)
09-23 23:38:04.304 W/System.err( 3476): at fl5.d.run(Unknown Source:2)
09-23 23:38:04.304 W/System.err( 3476): at android.os.Handler.handleCallback(Handler.java:938)
09-23 23:38:04.304 W/System.err( 3476): at android.os.Handler.dispatchMessage(Handler.java:99)
09-23 23:38:04.304 W/System.err( 3476): at android.os.Looper.loopOnce(Looper.java:201)
09-23 23:38:04.304 W/System.err( 3476): at android.os.Looper.loop(Looper.java:288)
09-23 23:38:04.304 W/System.err( 3476): at android.app.ActivityThread.main(ActivityThread.java:7880)
09-23 23:38:04.304 W/System.err( 3476): at java.lang.reflect.Method.invoke(Native Method)
09-23 23:38:04.304 W/System.err( 3476): at com.android.internal.os.RuntimeInit$MethodAndArgsCaller.run(RuntimeInit.java:548)
09-23 23:38:04.304 W/System.err( 3476): at com.android.internal.os.ZygoteInit.main(ZygoteInit.java:1009)
09-23 23:38:04.304 W/System.err( 3476): at com.kwai.plugin.dva.install.SuspendInstallWork.l(kSourceFile:20710429)
09-23 23:38:04.304 W/System.err( 3476): at com.kwai.plugin.dva.install.SuspendInstallWork$suspendRun$1.invokeSuspend(Unknown Source:24)
09-23 23:38:04.304 W/System.err( 3476): at kotlin.coroutines.jvm.internal.BaseContinuationImpl.resumeWith(kSourceFile:16908297)
09-23 23:38:04.304 W/System.err( 3476): at cqc.w0.run(kSourceFile:1441884)
09-23 23:38:04.304 W/System.err( 3476): at com.smile.gifmaker.thread.task.ElasticTask.run(kSourceFile:458761)
09-23 23:38:04.304 W/System.err( 3476): at java.util.concurrent.ThreadPoolExecutor.runWorker(ThreadPoolExecutor.java:1167)
09-23 23:38:04.304 W/System.err( 3476): at java.util.concurrent.ThreadPoolExecutor$Worker.run(ThreadPoolExecutor.java:641)
09-23 23:38:04.304 W/System.err( 3476): at java.lang.Thread.run(Thread.java:920)
09-23 23:38:04.304 W/System.err( 3476): Caused by: com.kwai.plugin.dva.install.error.PluginInstallException: plugin raven with http://keep-so.kwd.inkuai.com/bs2/fes/client_raven_armeabi-v7a_55f5e4.vsv download fail -> com.kwai.plugin.dva.install.error.PluginDownloadException: plugin raven with http://keep-so.kwd.inkuai.com/bs2/fes/client_raven_armeabi-v7a_55f5e4.vsv download fail
09-23 23:38:04.304 W/System.err( 3476): at com.kwai.plugin.dva.install.remote.InnerInstallWork.a(kSourceFile:20710162)
09-23 23:38:04.304 W/System.err( 3476): at com.kwai.plugin.dva.install.remote.InnerInstallWork$doWork$1.invokeSuspend(Unknown Source:24)
09-23 23:38:04.304 W/System.err( 3476): at kotlin.coroutines.jvm.internal.BaseContinuationImpl.resumeWith(kSourceFile:16908297)
09-23 23:38:04.304 W/System.err( 3476): at cqc.w0.run(kSourceFile:1441884)
09-23 23:38:04.304 W/System.err( 3476): at com.smile.gifmaker.thread.task.ElasticTask.run(kSourceFile:458761)
09-23 23:38:04.304 W/System.err( 3476): at java.util.concurrent.ThreadPoolExecutor.runWorker(ThreadPoolExecutor.java:1167)
09-23 23:38:04.304 W/System.err( 3476): at java.util.concurrent.ThreadPoolExecutor$Worker.run(ThreadPoolExecutor.java:641)
09-23 23:38:04.304 W/System.err( 3476): at java.lang.Thread.run(Thread.java:920)
09-23 23:38:04.304 W/System.err( 3476): Caused by: java.lang.Throwable: -4106
09-23 23:38:04.304 W/System.err( 3476): at com.yxcorp.download.DownloadTask$a.s(kSourceFile:16908292)
09-23 23:38:04.304 W/System.err( 3476): at com.yxcorp.download.DownloadTask$a.g(Unknown Source:0)
09-23 23:38:04.304 W/System.err( 3476): at f38.j.run(Unknown Source:4)
09-23 23:38:04.304 W/System.err( 3476): at android.os.Handler.handleCallback(Handler.java:938)
09-23 23:38:04.304 W/System.err( 3476): at android.os.Handler.dispatchMessage(Handler.java:99)
09-23 23:38:04.304 W/System.err( 3476): at android.os.Looper.loopOnce(Looper.java:201)
09-23 23:38:04.304 W/System.err( 3476): at android.os.Looper.loop(Looper.java:288)
09-23 23:38:04.304 W/System.err( 3476): at fl5.e.e(kSourceFile:65536)
09-23 23:38:04.304 W/System.err( 3476): at fl5.e.a(Unknown Source:0)
09-23 23:38:04.304 W/System.err( 3476): at fl5.d.run(Unknown Source:2)
09-23 23:38:04.304 W/System.err( 3476): at android.os.Handler.handleCallback(Handler.java:938)
09-23 23:38:04.304 W/System.err( 3476): at android.os.Handler.dispatchMessage(Handler.java:99)
09-23 23:38:04.304 W/System.err( 3476): at android.os.Looper.loopOnce(Looper.java:201)
09-23 23:38:04.304 W/System.err( 3476): at android.os.Looper.loop(Looper.java:288)
09-23 23:38:04.304 W/System.err( 3476): at android.app.ActivityThread.main(ActivityThread.java:7880)
09-23 23:38:04.304 W/System.err( 3476): at java.lang.reflect.Method.invoke(Native Method)
09-23 23:38:04.304 W/System.err( 3476): at com.android.internal.os.RuntimeInit$MethodAndArgsCaller.run(RuntimeInit.java:548)
09-23 23:38:04.304 W/System.err( 3476): at com.android.internal.os.ZygoteInit.main(ZygoteInit.java:1009)
09-23 23:38:04.304 W/System.err( 3476): at com.kwai.plugin.dva.install.SuspendInstallWork$b.onFailed(kSourceFile:33947707)
09-23 23:38:04.304 W/System.err( 3476): at com.kwai.plugin.dva.install.e$a.onFail(kSourceFile:33816601)
