09-23 23:41:37.506 D/LOWI-9.0.0.87.a( 1344): [LOWI-Scan] BSS 6e:b1:58:a8:a2:d4 FREQ: 2412, cFreq1[40:80:160] = [2422:0:0] cFreq2 = 0 Country Code = CN
09-23 23:41:37.506 D/LOWI-9.0.0.87.a( 1344): [LOWI-Scan] BSS 6e:b1:58:a8:a2:d4 (wlan0) ASSO: NO AddInfo: 0x1, TSF 0, 00:03:51.937, RSSI: -154, CPL: 127, AGE: 1952, SSID , TSFDelta: 0x2ec70d22, TXRate: 0
09-23 23:41:37.507 D/LOWI-9.0.0.87.a( 1344): [LOWI-Scan]
09-23 23:41:37.507 D/LOWI-9.0.0.87.a( 1344): [LOWI-Scan] print_bss_handler: Report beacon TSF 231951302 as it greater than probe TSF 231951302
09-23 23:41:37.507 D/LOWI-9.0.0.87.a( 1344): [LOWI-Scan] decode_rsn_wpa_ie: LOWI_ENCRYPTION_TYPE_WPA_PSK
09-23 23:41:37.507 D/LOWI-9.0.0.87.a( 1344): [LOWI-Scan] is_qcom_ie, bss_age: 0
09-23 23:41:37.507 D/LOWI-9.0.0.87.a( 1344): [LOWI-Scan] BSS 18:6f:2d:81:16:e0 LOWI_PHY_MODE_11NG_HT20(5), Beacon Interval: 100, LOWI_ENCRYPTION_TYPE_WPA_PSK 11mcRanging: No, ANQP: No, LCI: No, Civic: No, capability(0x0531): ESS Privacy ShortPreamble SpectrumMgmt ShortSlotTime
09-23 23:41:37.507 D/LOWI-9.0.0.87.a( 1344): [LOWI-Scan] BSS 18:6f:2d:81:16:e0 FREQ: 2412, cFreq1[40:80:160] = [2412:0:0] cFreq2 = 0 Country Code = CN
09-23 23:41:37.512 I/liblog ( 1344): 88
09-23 23:41:37.512 D/LOWI-9.0.0.87.a( 1344): [LOWICacheManager] putInCache:Num of Meas to add: 71
09-23 23:41:37.516 D/LOWI-9.0.0.87.a( 1344): [LOWIController] processMeasurementResults: No current Request. Cache measurements
09-23 23:41:37.516 D/LOWI-9.0.0.87.a( 1344): [LOWIController] sendAsyncScanResponse: Request FreeWifiScanObserver_0 is from a different client.
09-23 23:41:37.517 D/LOWI-9.0.0.87.a( 1344): [LOWIController] generateResponse: Type (ASYNC_DISCOVERY_SCAN_RESULTS) ScanStatus (1) request FreeWifiScanObserver_0
09-23 23:41:37.517 D/LOWI-9.0.0.87.a( 1344): [LOWIEventDispatcher] sendResponse - originator = FreeWifiScanObserver
09-23 23:41:37.517 D/LOWI-9.0.0.87.a( 1344): [LOWIUtils] injectScanMeasurements - num of APs = 71
09-23 23:41:37.519 I/LOWI-9.0.0.87.a( 1344): [LOWIUtils] responseToOutPostcard - TO: FreeWifiScanObserver, FROM: LOWI-SERVER, RESP: LOWI_ASYNC_DISCOVERY_SCAN_RESULTS
09-23 23:41:37.520 D/LOWI-9.0.0.87.a( 1344): [LOWIControllerExtn] sendLOWILpDiscoveryScanResponse: Not a discovery scan response
09-23 23:41:37.557 D/PasspointManager( 1487): ANQP entry not found for: d8:32:14:df:f6:03:
09-23 23:41:37.757 I/OMX-VENC: venc_dev( 1222): stats: avg. fps 46.67, bitrate 589170
09-23 23:41:37.977 I/mpu_uart( 654): [MSG-P:RECV]:No message received in 1000 ms
09-23 23:41:38.255 D/audio_hw_primary( 815): out_set_parameters: enter: usecase(1: low-latency-playback) kvpairs: suspend_playback=false
09-23 23:41:38.256 D/audio_hw_extn( 815): audio_extn_fm_set_parameters: Enter
09-23 23:41:38.256 W/audio_hw_primary( 815): out_write: underrun(9) frames_by_time(48238) > out->last_fifo_frames_remaining(384)
09-23 23:41:38.296 D/audio_hw_primary( 815): out_set_parameters: enter: usecase(1: low-latency-playback) kvpairs: suspend_playback=true
09-23 23:41:38.297 D/audio_hw_extn( 815): audio_extn_fm_set_parameters: Enter
09-23 23:41:38.520 I/unknown ( 3476): khook pthread_attr_init_callback set thread stack from 1008 to 256 KB
09-23 23:41:38.520 I/unknown ( 3476): khook setstacksize __addr 0xb257eba8, from 1040 KB to 256 KB
09-23 23:41:38.677 D/NetworkMonitor/100( 1956): isDataStall: result=1, tcp packets received=0, latest tcp fail rate=0, consecutive dns timeout count=190
09-23 23:41:38.677 D/NetworkMonitor/100( 1956): Suspecting data stall, reevaluate
09-23 23:41:38.677 D/ConnectivityService( 1487): Data stall detected with methods: 1
09-23 23:41:38.679 D/NetworkMonitor/100( 1956): Validation disabled.
09-23 23:41:38.686 D/ConnectivityService( 1487): [100 WIFI] validation passed
09-23 23:41:38.757 I/OMX-VENC: venc_dev( 1222): stats: avg. fps 55.98, bitrate 299560
09-23 23:41:38.977 I/mpu_uart( 654): [MSG-P:RECV]:No message received in 1000 ms
09-23 23:41:39.122 I/mpu_uart( 654): [MSG-P:R]:recv sync frame timeout
09-23 23:41:39.297 D/audio_hw_primary( 815): out_set_parameters: enter: usecase(1: low-latency-playback) kvpairs: suspend_playback=false
09-23 23:41:39.297 D/audio_hw_extn( 815): audio_extn_fm_set_parameters: Enter
09-23 23:41:39.298 W/audio_hw_primary( 815): out_write: underrun(10) frames_by_time(48221) > out->last_fifo_frames_remaining(384)
09-23 23:41:39.339 D/audio_hw_primary( 815): out_set_parameters: enter: usecase(1: low-latency-playback) kvpairs: suspend_playback=true
09-23 23:41:39.339 D/audio_hw_extn( 815): audio_extn_fm_set_parameters: Enter
09-23 23:41:39.768 I/OMX-VENC: venc_dev( 1222): stats: avg. fps 59.34, bitrate 164825
09-23 23:41:39.774 I/hwservicemanager( 514): getTransport: Cannot find entry android.hardware.light@2.0::ILight/default in either framework or device VINTF manifest.
09-23 23:41:39.776 E/light ( 5138): light_open lights keyboard failed: -22
09-23 23:41:39.776 E/light ( 5138): Light passthrough failed to load legacy HAL.
09-23 23:41:39.777 E/light ( 5138): light_open lights buttons failed: -22
09-23 23:41:39.777 E/light ( 5138): Light passthrough failed to load legacy HAL.
09-23 23:41:39.778 E/light ( 5138): light_open lights bluetooth failed: -22
09-23 23:41:39.778 E/light ( 5138): Light passthrough failed to load legacy HAL.
09-23 23:41:39.778 E/light ( 5138): light_open lights wifi failed: -22
09-23 23:41:39.778 E/light ( 5138): Light passthrough failed to load legacy HAL.
09-23 23:41:39.779 I/hwservicemanager( 514): getTransport: Cannot find entry android.hardware.light@2.0::ILight/default in either framework or device VINTF manifest.
09-23 23:41:39.781 E/HidlServiceManagement( 5138): Service android.hardware.light@2.0::ILight/default must be in VINTF manifest in order to register/get.
09-23 23:41:39.781 E/LegacySupport( 5138): Could not register service android.hardware.light@2.0::ILight/default (-2147483648).
09-23 23:41:39.977 I/mpu_uart( 654): [MSG-P:RECV]:No message received in 1000 ms
09-23 23:41:40.340 D/audio_hw_primary( 815): out_set_parameters: enter: usecase(1: low-latency-playback) kvpairs: suspend_playback=false
09-23 23:41:40.340 D/audio_hw_extn( 815): audio_extn_fm_set_parameters: Enter
09-23 23:41:40.340 D/audio_hw_primary( 815): out_standby: enter: stream (0xe5dc0010) usecase(1: low-latency-playback)
09-23 23:41:40.359 D/audio_hw_primary( 815): disable_audio_route: reset and update mixer path: low-latency-playback
09-23 23:41:40.360 E/soundtrigger( 815): audio_extn_sound_trigger_update_stream_status: invalid input device 0x0, for event 2
09-23 23:41:40.360 D/soundtrigger( 815): audio_extn_sound_trigger_update_stream_status: uc_info->id 1 of type 0 for Event 2, with Raise=0
09-23 23:41:40.360 D/msm8974_platform( 815): platform_split_snd_device: snd_device(2) num devices(0) new_snd_devices(0)
09-23 23:41:40.361 I/msm8974_platform( 815): platform_get_custom_mtmx_params: no matching param with id 0 ip_ch 2 op_ch 2 uc_id 1 snd_dev 2
09-23 23:41:40.361 D/hardware_info( 815): hw_info_append_hw_type : device_name = speaker
09-23 23:41:40.361 D/audio_hw_primary( 815): disable_snd_device: snd_device(2: speaker)
09-23 23:41:40.361 D/msm8974_platform( 815): platform_split_snd_device: snd_device(2) num devices(0) new_snd_devices(0)
09-23 23:41:40.361 I/soundtrigger( 815): audio_extn_sound_trigger_update_device_status: device 0x2 of type 0 for Event 0, with Raise=0
09-23 23:41:40.361 D/audio_hw_primary( 815): out_standby: exit
09-23 23:41:40.472 I/CNSS ( 1195): cnss_open_log_file: directory /data/vendor/wifi/wlan_logs/ created
09-23 23:41:40.765 F/linker ( 5141): CANNOT LINK EXECUTABLE "/vendor/bin/hw/qvrservice": library "vendor.qti.hardware.qxr-V1-ndk_platform.so" not found: needed by /vendor/lib64/libqvrservice.so in namespace (default)
09-23 23:41:40.767 F/linker ( 5142): CANNOT LINK EXECUTABLE "/vendor/bin/hw/sxrservice": library "vendor.qti.hardware.qxr-V1-ndk_platform.so" not found: needed by main executable
09-23 23:41:40.779 I/OMX-VENC: venc_dev( 1222): stats: avg. fps 25.73, bitrate 198240
09-23 23:41:40.977 I/mpu_uart( 654): [MSG-P:RECV]:No message received in 1000 ms
09-23 23:41:41.047 W/SntpClient( 1487): Unknown host: time.android.com
09-23 23:41:41.047 I/ntp_failure( 1487): [time.android.com,java.net.UnknownHostException: Unable to resolve host "time.android.com": No address associated with hostname]
09-23 23:41:41.047 D/SntpClient( 1487): request time failed
09-23 23:41:41.051 D/NetworkMonitor/100( 1956): isDataStall: result=1, tcp packets received=0, latest tcp fail rate=0, consecutive dns timeout count=191
09-23 23:41:41.052 D/NetworkMonitor/100( 1956): Suspecting data stall, reevaluate
09-23 23:41:41.053 D/NetworkMonitor/100( 1956): Validation disabled.
09-23 23:41:41.053 D/ConnectivityService( 1487): Data stall detected with methods: 1
09-23 23:41:41.063 D/ConnectivityService( 1487): [100 WIFI] validation passed
09-23 23:41:41.784 I/OMX-VENC: venc_dev( 1222): stats: avg. fps 50.73, bitrate 941110
09-23 23:41:41.978 I/mpu_uart( 654): [MSG-P:RECV]:No message received in 1000 ms
09-23 23:41:42.123 I/mpu_uart( 654): [MSG-P:R]:recv sync frame timeout
09-23 23:41:42.789 I/OMX-VENC: venc_dev( 1222): stats: avg. fps 58.75, bitrate 668119
09-23 23:41:42.807 D/NetworkMonitor/100( 1956): isDataStall: result=1, tcp packets received=0, latest tcp fail rate=0, consecutive dns timeout count=192
09-23 23:41:42.807 D/NetworkMonitor/100( 1956): Suspecting data stall, reevaluate
09-23 23:41:42.807 D/ConnectivityService( 1487): Data stall detected with methods: 1
09-23 23:41:42.808 D/NetworkMonitor/100( 1956): Validation disabled.
09-23 23:41:42.814 D/ConnectivityService( 1487): [100 WIFI] validation passed
09-23 23:41:42.979 I/mpu_uart( 654): [MSG-P:RECV]:No message received in 1000 ms
09-23 23:41:43.806 I/OMX-VENC: venc_dev( 1222): stats: avg. fps 42.27, bitrate 926604
09-23 23:41:43.979 I/mpu_uart( 654): [MSG-P:RECV]:No message received in 1000 ms
09-23 23:41:44.777 I/hwservicemanager( 514): getTransport: Cannot find entry android.hardware.light@2.0::ILight/default in either framework or device VINTF manifest.
09-23 23:41:44.780 E/light ( 5145): light_open lights keyboard failed: -22
09-23 23:41:44.780 E/light ( 5145): Light passthrough failed to load legacy HAL.
09-23 23:41:44.781 E/light ( 5145): light_open lights buttons failed: -22
09-23 23:41:44.781 E/light ( 5145): Light passthrough failed to load legacy HAL.
09-23 23:41:44.782 E/light ( 5145): light_open lights bluetooth failed: -22
09-23 23:41:44.782 E/light ( 5145): Light passthrough failed to load legacy HAL.
09-23 23:41:44.783 E/light ( 5145): light_open lights wifi failed: -22
09-23 23:41:44.783 E/light ( 5145): Light passthrough failed to load legacy HAL.
09-23 23:41:44.783 I/hwservicemanager( 514): getTransport: Cannot find entry android.hardware.light@2.0::ILight/default in either framework or device VINTF manifest.
09-23 23:41:44.783 E/HidlServiceManagement( 5145): Service android.hardware.light@2.0::ILight/default must be in VINTF manifest in order to register/get.
09-23 23:41:44.783 E/LegacySupport( 5145): Could not register service android.hardware.light@2.0::ILight/default (-2147483648).
09-23 23:41:44.806 I/OMX-VENC: venc_dev( 1222): stats: avg. fps 34.98, bitrate 582754
09-23 23:41:44.979 I/mpu_uart( 654): [MSG-P:RECV]:No message received in 1000 ms
09-23 23:41:45.126 I/mpu_uart( 654): [MSG-P:R]:recv sync frame timeout
09-23 23:41:45.778 F/linker ( 5146): CANNOT LINK EXECUTABLE "/vendor/bin/hw/qvrservice": library "vendor.qti.hardware.qxr-V1-ndk_platform.so" not found: needed by /vendor/lib64/libqvrservice.so in namespace (default)
09-23 23:41:45.779 F/linker ( 5147): CANNOT LINK EXECUTABLE "/vendor/bin/hw/sxrservice": library "vendor.qti.hardware.qxr-V1-ndk_platform.so" not found: needed by main executable
09-23 23:41:45.862 I/OMX-VENC: venc_dev( 1222): stats: avg. fps 35.05, bitrate 692044
09-23 23:41:45.979 I/mpu_uart( 654): [MSG-P:RECV]:No message received in 1000 ms
09-23 23:41:46.980 I/mpu_uart( 654): [MSG-P:RECV]:No message received in 1000 ms
09-23 23:41:47.187 I/WifiService( 1487): startScan uid=1000
09-23 23:41:47.201 D/LOWI-9.0.0.87.a( 1344): [LOWI-Scan] wait_event:Wait done with Cmd 33
09-23 23:41:47.201 D/LOWI-9.0.0.87.a( 1344): [LOWI-Scan] do_listen_events: Rcvd valid Netlink Cmd 0 Err 0
09-23 23:41:47.980 I/mpu_uart( 654): [MSG-P:RECV]:No message received in 1000 ms
09-23 23:41:48.129 I/mpu_uart( 654): [MSG-P:R]:recv sync frame timeout
09-23 23:41:48.416 I/OpenGLRenderer( 2219): Davey! duration=9223371792081ms; Flags=0, FrameTimelineVsyncId=5751, IntendedVsync=244773026332, Vsync=244773026332, InputEventId=-893979614, HandleInputStart=244773860582, AnimationStart=244775055686, PerformTraversalsStart=244775084749, DrawStart=244775272353, FrameDeadline=244794359664, FrameInterval=244773855270, FrameStartTime=16666666, SyncQueued=244775933551, SyncStart=244776156884, IssueDrawCommandsStart=244778468499, SwapBuffers=244787868707, FrameCompleted=9223372036854775807, DequeueBufferDuration=69635, QueueBufferDuration=1347448, GpuCompleted=9223372036854775807, SwapBuffersCompleted=244790082249, DisplayPresentTime=0,
09-23 23:41:48.422 I/OMX-VENC: venc_dev( 1222): stats: avg. fps 3.51, bitrate 20395
09-23 23:41:48.578 I/unknown ( 3476): khook pthread_attr_init_callback set thread stack from 1008 to 256 KB
09-23 23:41:48.579 I/unknown ( 3476): khook setstacksize __addr 0xb1c5eba8, from 1040 KB to 256 KB
09-23 23:41:48.708 D/NetworkMonitor/100( 1956): isDataStall: result=1, tcp packets received=0, latest tcp fail rate=0, consecutive dns timeout count=193
09-23 23:41:48.708 D/NetworkMonitor/100( 1956): Suspecting data stall, reevaluate
09-23 23:41:48.709 D/NetworkMonitor/100( 1956): Validation disabled.
09-23 23:41:48.709 D/ConnectivityService( 1487): Data stall detected with methods: 1
09-23 23:41:48.714 D/ConnectivityService( 1487): [100 WIFI] validation passed
09-23 23:41:48.913 W/System.err( 3476): java.lang.Throwable: -4118
09-23 23:41:48.913 W/System.err( 3476): at com.yxcorp.download.DownloadTask$a.s(kSourceFile:16908292)
09-23 23:41:48.913 W/System.err( 3476): at com.yxcorp.download.DownloadTask$a.g(Unknown Source:0)
09-23 23:41:48.913 W/System.err( 3476): at f38.j.run(Unknown Source:4)
09-23 23:41:48.913 W/System.err( 3476): at android.os.Handler.handleCallback(Handler.java:938)
09-23 23:41:48.913 W/System.err( 3476): at android.os.Handler.dispatchMessage(Handler.java:99)
09-23 23:41:48.913 W/System.err( 3476): at android.os.Looper.loopOnce(Looper.java:201)
09-23 23:41:48.913 W/System.err( 3476): at android.os.Looper.loop(Looper.java:288)
09-23 23:41:48.913 W/System.err( 3476): at fl5.e.e(kSourceFile:65536)
09-23 23:41:48.914 W/System.err( 3476): at fl5.e.a(Unknown Source:0)
09-23 23:41:48.914 W/System.err( 3476): at fl5.d.run(Unknown Source:2)
09-23 23:41:48.914 W/System.err( 3476): at android.os.Handler.handleCallback(Handler.java:938)
09-23 23:41:48.914 W/System.err( 3476): at android.os.Handler.dispatchMessage(Handler.java:99)
09-23 23:41:48.914 W/System.err( 3476): at android.os.Looper.loopOnce(Looper.java:201)
09-23 23:41:48.914 W/System.err( 3476): at android.os.Looper.loop(Looper.java:288)
09-23 23:41:48.914 W/System.err( 3476): at android.app.ActivityThread.main(ActivityThread.java:7880)
09-23 23:41:48.914 W/System.err( 3476): at java.lang.reflect.Method.invoke(Native Method)
09-23 23:41:48.914 W/System.err( 3476): at com.android.internal.os.RuntimeInit$MethodAndArgsCaller.run(RuntimeInit.java:548)
09-23 23:41:48.914 W/System.err( 3476): at com.android.internal.os.ZygoteInit.main(ZygoteInit.java:1009)
09-23 23:41:48.915 I/unknown ( 3476): khook pthread_attr_init_callback set thread stack from 1008 to 256 KB
09-23 23:41:48.915 I/unknown ( 3476): khook setstacksize __addr 0xb2741bc8, from 1040 KB to 256 KB
09-23 23:41:48.915 I/unknown ( 3476): khook pthread_attr_init_callback set thread stack from 1008 to 256 KB
09-23 23:41:48.915 I/unknown ( 3476): khook setstacksize __addr 0xb2741bc8, from 1040 KB to 256 KB
09-23 23:41:48.916 I/unknown ( 3476): khook pthread_attr_init_callback set thread stack from 1008 to 256 KB
09-23 23:41:48.916 I/unknown ( 3476): khook setstacksize __addr 0xb2741bc8, from 1040 KB to 256 KB
09-23 23:41:48.981 I/mpu_uart( 654): [MSG-P:RECV]:No message received in 1000 ms
09-23 23:41:49.340 D/LOWI-9.0.0.87.a( 1344): [LOWI-Scan] wait_event:Wait done with Cmd 34
09-23 23:41:49.340 D/LOWI-9.0.0.87.a( 1344): [LOWI-Scan] do_listen_events: Rcvd valid Netlink Cmd 34 Err 0
09-23 23:41:49.340 D/LOWI-9.0.0.87.a( 1344): [LOWI-Scan]
09-23 23:41:49.340 D/LOWI-9.0.0.87.a( 1344): [LOWI-Scan] print_bss_handler: Report Probe TSF 243687286 as it greater than Beacon TSF 18976884
09-23 23:41:49.340 D/LOWI-9.0.0.87.a( 1344): [LOWI-Scan] is_qcom_ie, bss_age: 0
09-23 23:41:49.341 D/LOWI-9.0.0.87.a( 1344): [LOWI-Scan] BSS 38:a9:1c:35:03:0b LOWI_PHY_MODE_11AC_VHT80(10), Beacon Interval: 100, LOWI_ENCRYPTION_TYPE_OPEN 11mcRanging: No, ANQP: No, LCI: No, Civic: No, capability(0x0501): ESS SpectrumMgmt ShortSlotTime
09-23 23:41:49.341 D/LOWI-9.0.0.87.a( 1344): [LOWI-Scan] BSS 38:a9:1c:35:03:0b FREQ: 5180, cFreq1[40:80:160] = [5190:5210:0] cFreq2 = 0 Country Code = US
09-23 23:41:49.341 D/LOWI-9.0.0.87.a( 1344): [LOWI-Scan] BSS 38:a9:1c:35:03:0b (wlan0) ASSO: NO AddInfo: 0x0, TSF 0, 00:04:03.687, RSSI: -104, CPL: 127, AGE: 2044, SSID , TSFDelta: 0xd4a4720b, TXRate: 0
09-23 23:41:49.341 D/LOWI-9.0.0.87.a( 1344): [LOWI-Scan] -- associated
09-23 23:41:49.341 D/LOWI-9.0.0.87.a( 1344): [LOWI-Scan]
09-23 23:41:49.341 D/LOWI-9.0.0.87.a( 1344): [LOWI-Scan] print_bss_handler: Report beacon TSF 245547078 as it greater than probe TSF 243687649
09-23 23:41:49.341 D/LOWI-9.0.0.87.a( 1344): [LOWI-Scan] decode_rsn_wpa_ie: LOWI_ENCRYPTION_TYPE_WPA_PSK
09-23 23:41:49.341 D/LOWI-9.0.0.87.a( 1344): [LOWI-Scan] is_qcom_ie, bss_age: 0
09-23 23:41:49.341 D/LOWI-9.0.0.87.a( 1344): [LOWI-Scan] BSS 38:a9:1c:35:03:09 LOWI_PHY_MODE_11AC_VHT80(10), Beacon Interval: 100, LOWI_ENCRYPTION_TYPE_WPA_PSK 11mcRanging: No, ANQP: No, LCI: No, Civic: No, capability(0x0111): ESS Privacy SpectrumMgmt
09-23 23:41:49.341 D/LOWI-9.0.0.87.a( 1344): [LOWI-Scan] BSS 38:a9:1c:35:03:09 FREQ: 5180, cFreq1[40:80:160] = [5190:5210:0] cFreq2 = 0 Country Code = US
09-23 23:41:49.341 D/LOWI-9.0.0.87.a( 1344): [LOWI-Scan] BSS 38:a9:1c:35:03:09 (wlan0) ASSO: YES AddInfo: 0x1, TSF 0, 00:04:05.547, RSSI: -112, CPL: 127, AGE: 0, SSID H3C_350304_5G, TSFDelta: 0xd4a7d814, TXRate: 0
09-23 23:41:49.341 D/LOWI-9.0.0.87.a( 1344): [LOWI-Scan]
09-23 23:41:49.341 D/LOWI-9.0.0.87.a( 1344): [LOWI-Scan] print_bss_handler: Report beacon TSF 231954212 as it greater than probe TSF 231954212
09-23 23:41:49.341 D/LOWI-9.0.0.87.a( 1344): [LOWI-Scan] decode_rsn_wpa_ie: LOWI_ENCRYPTION_TYPE_WPA_PSK
09-23 23:41:49.341 D/LOWI-9.0.0.87.a( 1344): [LOWI-Scan] is_qcom_ie, bss_age: 0
09-23 23:41:49.341 D/LOWI-9.0.0.87.a( 1344): [LOWI-Scan] adjust_age:AP AGE upper limit reached. Dont store
09-23 23:41:49.341 D/LOWI-9.0.0.87.a( 1344): [LOWI-Scan] BSS 18:6f:2d:81:16:e2 LOWI_PHY_MODE_11NG_HT20(5), Beacon Interval: 100, LOWI_ENCRYPTION_TYPE_WPA_PSK 11mcRanging: No, ANQP: No, LCI: No, Civic: No, capability(0x0531): ESS Privacy ShortPreamble SpectrumMgmt ShortSlotTime
09-23 23:41:49.341 D/LOWI-9.0.0.87.a( 1344): [LOWI-Scan] BSS 18:6f:2d:81:16:e2 FREQ: 2412, cFreq1[40:80:160] = [2412:0:0] cFreq2 = 0 Country Code = CN
09-23 23:41:49.341 D/LOWI-9.0.0.87.a( 1344): [LOWI-Scan] BSS 18:6f:2d:81:16:e2 (wlan0) ASSO: NO AddInfo: 0x1, TSF 0, 00:03:51.954, RSSI: -136, CPL: 127, AGE: 13776, SSID ThunderSoft_2.4G, TSFDelta: 0x89d665c2, TXRate: 0
09-23 23:41:49.341 D/LOWI-9.0.0.87.a( 1344): [LOWI-Scan]
09-23 23:41:49.341 D/LOWI-9.0.0.87.a( 1344): [LOWI-Scan] print_bss_handler: Report beacon TSF 243738998 as it greater than probe TSF 243738998
09-23 23:41:49.341 D/LOWI-9.0.0.87.a( 1344): [LOWI-Scan] decode_rsn_wpa_ie: LOWI_ENCRYPTION_TYPE_WPA_PSK
09-23 23:41:49.341 D/LOWI-9.0.0.87.a( 1344): [LOWI-Scan] is_qcom_ie, bss_age: 0
09-23 23:41:49.341 D/LOWI-9.0.0.87.a( 1344): [LOWI-Scan] BSS 18:6f:2d:81:16:e3 LOWI_PHY_MODE_11NG_HT20(5), Beacon Interval: 100, LOWI_ENCRYPTION_TYPE_WPA_PSK 11mcRanging: No, ANQP: No, LCI: No, Civic: No, capability(0x0531): ESS Privacy ShortPreamble SpectrumMgmt ShortSlotTime
09-23 23:41:49.341 D/LOWI-9.0.0.87.a( 1344): [LOWI-Scan] BSS 18:6f:2d:81:16:e3 FREQ: 2412, cFreq1[40:80:160] = [2412:0:0] cFreq2 = 0 Country Code = CN
09-23 23:41:49.341 D/LOWI-9.0.0.87.a( 1344): [LOWI-Scan] BSS 18:6f:2d:81:16:e3 (wlan0) ASSO: NO AddInfo: 0x1, TSF 0, 00:04:03.738, RSSI: -142, CPL: 127, AGE: 1992, SSID ZXHY, TSFDelta: 0x89a21856, TXRate: 0
09-23 23:41:49.341 D/LOWI-9.0.0.87.a( 1344): [LOWI-Scan]
09-23 23:41:49.341 D/LOWI-9.0.0.87.a( 1344): [LOWI-Scan] print_bss_handler: Report beacon TSF 232009953 as it greater than probe TSF 18984475
09-23 23:41:49.341 D/LOWI-9.0.0.87.a( 1344): [LOWI-Scan] decode_rsn_wpa_ie: LOWI_ENCRYPTION_TYPE_WPA_PSK
09-23 23:41:49.341 D/LOWI-9.0.0.87.a( 1344): [LOWI-Scan] is_qcom_ie, bss_age: 0
09-23 23:41:49.341 D/LOWI-9.0.0.87.a( 1344): [LOWI-Scan] adjust_age:AP AGE upper limit reached. Dont store
09-23 23:41:49.341 D/LOWI-9.0.0.87.a( 1344): [LOWI-Scan] BSS 7c:b5:9b:12:ab:2e LOWI_PHY_MODE_11NG_HT40(7), Beacon Interval: 100, LOWI_ENCRYPTION_TYPE_WPA_PSK 11mcRanging: No, ANQP: No, LCI: No, Civic: No, capability(0x1411): ESS Privacy ShortSlotTime
09-23 23:41:49.341 D/LOWI-9.0.0.87.a( 1344): [LOWI-Scan] BSS 7c:b5:9b:12:ab:2e FREQ: 2412, cFreq1[40:80:160] = [2422:0:0] cFreq2 = 0 Country Code = CN
09-23 23:41:49.341 D/LOWI-9.0.0.87.a( 1344): [LOWI-Scan] BSS 7c:b5:9b:12:ab:2e (wlan0) ASSO: NO AddInfo: 0x1, TSF 0, 00:03:52.009, RSSI: -142, CPL: 127, AGE: 13720, SSID TP-LINK_AB2E, TSFDelta: 0x507c7bdb, TXRate: 0
09-23 23:41:49.341 D/LOWI-9.0.0.87.a( 1344): [LOWI-Scan]
09-23 23:41:49.341 D/LOWI-9.0.0.87.a( 1344): [LOWI-Scan] print_bss_handler: Report beacon TSF 231939872 as it greater than probe TSF 231915754
09-23 23:41:49.341 D/LOWI-9.0.0.87.a( 1344): [LOWI-Scan] is_qcom_ie, bss_age: 0
09-23 23:41:49.341 D/LOWI-9.0.0.87.a( 1344): [LOWI-Scan] adjust_age:AP AGE upper limit reached. Dont store
09-23 23:41:49.341 D/LOWI-9.0.0.87.a( 1344): [LOWI-Scan] BSS 38:a9:1c:35:03:04 LOWI_PHY_MODE_11NG_HT20(5), Beacon Interval: 100, LOWI_ENCRYPTION_TYPE_OPEN 11mcRanging: No, ANQP: No, LCI: No, Civic: No, capability(0x0401): ESS ShortSlotTime
09-23 23:41:49.341 D/LOWI-9.0.0.87.a( 1344): [LOWI-Scan] BSS 38:a9:1c:35:03:04 FREQ: 2412, cFreq1[40:80:160] = [0:0:0] cFreq2 = 0 Country Code =
09-23 23:41:49.341 D/LOWI-9.0.0.87.a( 1344): [LOWI-Scan] BSS 38:a9:1c:35:03:04 (wlan0) ASSO: NO AddInfo: 0x1, TSF 0, 00:03:51.939, RSSI: -100, CPL: 127, AGE: 13792, SSID , TSFDelta: 0xd2559344, TXRate: 0
09-23 23:41:49.341 D/LOWI-9.0.0.87.a( 1344): [LOWI-Scan]
09-23 23:41:49.341 D/LOWI-9.0.0.87.a( 1344): [LOWI-Scan] print_bss_handler: Report Probe TSF 231916615 as it greater than Beacon TSF 19001272
09-23 23:41:49.341 D/LOWI-9.0.0.87.a( 1344): [LOWI-Scan] decode_rsn_wpa_ie: LOWI_ENCRYPTION_TYPE_WPA_PSK
09-23 23:41:49.341 D/LOWI-9.0.0.87.a( 1344): [LOWI-Scan] is_qcom_ie, bss_age: 0
09-23 23:41:49.342 D/LOWI-9.0.0.87.a( 1344): [LOWI-Scan] adjust_age:AP AGE upper limit reached. Dont store
09-23 23:41:49.342 D/LOWI-9.0.0.87.a( 1344): [LOWI-Scan] BSS 38:a9:1c:35:03:06 LOWI_PHY_MODE_11NG_HT20(5), Beacon Interval: 100, LOWI_ENCRYPTION_TYPE_WPA_PSK 11mcRanging: No, ANQP: No, LCI: No, Civic: No, capability(0x0411): ESS Privacy ShortSlotTime
09-23 23:41:49.342 D/LOWI-9.0.0.87.a( 1344): [LOWI-Scan] BSS 38:a9:1c:35:03:06 FREQ: 2412, cFreq1[40:80:160] = [0:0:0] cFreq2 = 0 Country Code =
09-23 23:41:49.342 D/LOWI-9.0.0.87.a( 1344): [LOWI-Scan] BSS 38:a9:1c:35:03:06 (wlan0) ASSO: NO AddInfo: 0x0, TSF 0, 00:03:51.916, RSSI: -100, CPL: 127, AGE: 13812, SSID H3C_350304, TSFDelta: 0xd2638555, TXRate: 0
09-23 23:41:49.342 D/LOWI-9.0.0.87.a( 1344): [LOWI-Scan]
09-23 23:41:49.342 D/LOWI-9.0.0.87.a( 1344): [LOWI-Scan] print_bss_handler: Report beacon TSF 244259117 as it greater than probe TSF 244259117
09-23 23:41:49.342 D/LOWI-9.0.0.87.a( 1344): [LOWI-Scan] decode_rsn_wpa_ie: LOWI_ENCRYPTION_TYPE_WPA_PSK
09-23 23:41:49.342 D/LOWI-9.0.0.87.a( 1344): [LOWI-Scan] is_qcom_ie, bss_age: 0
09-23 23:41:49.342 D/LOWI-9.0.0.87.a( 1344): [LOWI-Scan] BSS 8c:de:f9:3f:0d:ab LOWI_PHY_MODE_11AC_VHT80(10), Beacon Interval: 100, LOWI_ENCRYPTION_TYPE_WPA_PSK 11mcRanging: No, ANQP: No, LCI: No, Civic: No, capability(0x0031): ESS Privacy ShortPreamble
09-23 23:41:49.342 D/LOWI-9.0.0.87.a( 1344): [LOWI-Scan] BSS 8c:de:f9:3f:0d:ab FREQ: 5745, cFreq1[40:80:160] = [5755:5775:0] cFreq2 = 0 Country Code = CN
09-23 23:41:49.342 D/LOWI-9.0.0.87.a( 1344): [LOWI-Scan] BSS 8c:de:f9:3f:0d:ab (wlan0) ASSO: NO AddInfo: 0x1, TSF 0, 00:04:04.259, RSSI: -162, CPL: 127, AGE: 1472, SSID Xiaomi_0DA9_5G, TSFDelta: 0xc0c499ea, TXRate: 0
09-23 23:41:49.342 D/LOWI-9.0.0.87.a( 1344): [LOWI-Scan]
09-23 23:41:49.342 D/LOWI-9.0.0.87.a( 1344): [LOWI-Scan] print_bss_handler: Report beacon TSF 244021279 as it greater than probe TSF 19276272
09-23 23:41:49.342 D/LOWI-9.0.0.87.a( 1344): [LOWI-Scan] decode_rsn_wpa_ie: LOWI_ENCRYPTION_TYPE_WPA_PSK
09-23 23:41:49.342 D/LOWI-9.0.0.87.a( 1344): [LOWI-Scan] is_qcom_ie, bss_age: 0
09-23 23:41:49.342 D/LOWI-9.0.0.87.a( 1344): [LOWI-Scan] BSS 18:6f:2d:0a:b8:40 LOWI_PHY_MODE_11NG_HT20(5), Beacon Interval: 100, LOWI_ENCRYPTION_TYPE_WPA_PSK 11mcRanging: No, ANQP: No, LCI: No, Civic: No, capability(0x0531): ESS Privacy ShortPreamble SpectrumMgmt ShortSlotTime
09-23 23:41:49.342 D/LOWI-9.0.0.87.a( 1344): [LOWI-Scan] BSS 18:6f:2d:0a:b8:40 FREQ: 2427, cFreq1[40:80:160] = [2427:0:0] cFreq2 = 0 Country Code = CN
09-23 23:41:49.342 D/LOWI-9.0.0.87.a( 1344): [LOWI-Scan] BSS 18:6f:2d:0a:b8:40 (wlan0) ASSO: NO AddInfo: 0x1, TSF 0, 00:04:04.021, RSSI: -142, CPL: 127, AGE: 1708, SSID Testing , TSFDelta: 0xa6e43259, TXRate: 0
09-23 23:41:49.342 D/LOWI-9.0.0.87.a( 1344): [LOWI-Scan]
09-23 23:41:49.342 D/LOWI-9.0.0.87.a( 1344): [LOWI-Scan] print_bss_handler: Report beacon TSF 232240404 as it greater than probe TSF 19277678
09-23 23:41:49.342 D/LOWI-9.0.0.87.a( 1344): [LOWI-Scan] decode_rsn_wpa_ie: LOWI_ENCRYPTION_TYPE_WPA_PSK
09-23 23:41:49.342 D/LOWI-9.0.0.87.a( 1344): [LOWI-Scan] is_qcom_ie, bss_age: 0
09-23 23:41:49.342 D/LOWI-9.0.0.87.a( 1344): [LOWI-Scan] adjust_age:AP AGE upper limit reached. Dont store
09-23 23:41:49.342 D/LOWI-9.0.0.87.a( 1344): [LOWI-Scan] BSS 18:6f:2d:0a:b8:42 LOWI_PHY_MODE_11NG_HT20(5), Beacon Interval: 100, LOWI_ENCRYPTION_TYPE_WPA_PSK 11mcRanging: No, ANQP: No, LCI: No, Civic: No, capability(0x0531): ESS Privacy ShortPreamble SpectrumMgmt ShortSlotTime
09-23 23:41:49.342 D/LOWI-9.0.0.87.a( 1344): [LOWI-Scan] BSS 18:6f:2d:0a:b8:42 FREQ: 2427, cFreq1[40:80:160] = [2427:0:0] cFreq2 = 0 Country Code = CN
09-23 23:41:49.342 D/LOWI-9.0.0.87.a( 1344): [LOWI-Scan] BSS 18:6f:2d:0a:b8:42 (wlan0) ASSO: NO AddInfo: 0x1, TSF 0, 00:03:52.240, RSSI: -126, CPL: 127, AGE: 13488, SSID ThunderSoft_2.4G, TSFDelta: 0xa6ee6556, TXRate: 0
09-23 23:41:49.342 D/LOWI-9.0.0.87.a( 1344): [LOWI-Scan]
09-23 23:41:49.342 D/LOWI-9.0.0.87.a( 1344): [LOWI-Scan] print_bss_handler: Report beacon TSF 244024405 as it greater than probe TSF 244024405
09-23 23:41:49.342 D/LOWI-9.0.0.87.a( 1344): [LOWI-Scan] decode_rsn_wpa_ie: LOWI_ENCRYPTION_TYPE_WPA_PSK
09-23 23:41:49.342 D/LOWI-9.0.0.87.a( 1344): [LOWI-Scan] is_qcom_ie, bss_age: 0
09-23 23:41:49.342 D/LOWI-9.0.0.87.a( 1344): [LOWI-Scan] BSS 18:6f:2d:0a:b8:43 LOWI_PHY_MODE_11NG_HT20(5), Beacon Interval: 100, LOWI_ENCRYPTION_TYPE_WPA_PSK 11mcRanging: No, ANQP: No, LCI: No, Civic: No, capability(0x0531): ESS Privacy ShortPreamble SpectrumMgmt ShortSlotTime
09-23 23:41:49.342 D/LOWI-9.0.0.87.a( 1344): [LOWI-Scan] BSS 18:6f:2d:0a:b8:43 FREQ: 2427, cFreq1[40:80:160] = [2427:0:0] cFreq2 = 0 Country Code = CN
09-23 23:41:49.342 D/LOWI-9.0.0.87.a( 1344): [LOWI-Scan] BSS 18:6f:2d:0a:b8:43 (wlan0) ASSO: NO AddInfo: 0x1, TSF 0, 00:04:04.024, RSSI: -134, CPL: 127, AGE: 1704, SSID ZXHY, TSFDelta: 0x9aedeca4, TXRate: 0
09-23 23:41:49.342 D/LOWI-9.0.0.87.a( 1344): [LOWI-Scan]
09-23 23:41:49.342 D/LOWI-9.0.0.87.a( 1344): [LOWI-Scan] print_bss_handler: Report beacon TSF 244026600 as it greater than probe TSF 244026600
09-23 23:41:49.342 D/LOWI-9.0.0.87.a( 1344): [LOWI-Scan] decode_rsn_wpa_ie: LOWI_ENCRYPTION_TYPE_WPA_PSK
09-23 23:41:49.342 D/LOWI-9.0.0.87.a( 1344): [LOWI-Scan] is_qcom_ie, bss_age: 0
09-23 23:41:49.342 D/LOWI-9.0.0.87.a( 1344): [LOWI-Scan] BSS 18:6f:2d:0a:b8:44 LOWI_PHY_MODE_11NG_HT20(5), Beacon Interval: 100, LOWI_ENCRYPTION_TYPE_WPA_PSK 11mcRanging: No, ANQP: No, LCI: No, Civic: No, capability(0x0531): ESS Privacy ShortPreamble SpectrumMgmt ShortSlotTime
09-23 23:41:49.345 D/LOWI-9.0.0.87.a( 1344): [LOWI-Scan] BSS 18:6f:2d:0a:b8:44 FREQ: 2427, cFreq1[40:80:160] = [2427:0:0] cFreq2 = 0 Country Code = CN
09-23 23:41:49.345 D/LOWI-9.0.0.87.a( 1344): [LOWI-Scan] BSS 18:6f:2d:0a:b8:44 (wlan0) ASSO: NO AddInfo: 0x1, TSF 0, 00:04:04.026, RSSI: -140, CPL: 127, AGE: 1704, SSID Fanya, TSFDelta: 0x9afe3cc1, TXRate: 0
09-23 23:41:49.346 D/LOWI-9.0.0.87.a( 1344): [LOWI-Scan]
09-23 23:41:49.346 D/LOWI-9.0.0.87.a( 1344): [LOWI-Scan] print_bss_handler: Report beacon TSF 244027310 as it greater than probe TSF 244027310
09-23 23:41:49.346 D/LOWI-9.0.0.87.a( 1344): [LOWI-Scan] is_qcom_ie, bss_age: 0
09-23 23:41:49.346 D/LOWI-9.0.0.87.a( 1344): [LOWI-Scan] BSS 18:6f:2d:0a:b8:45 LOWI_PHY_MODE_11NG_HT20(5), Beacon Interval: 100, LOWI_ENCRYPTION_TYPE_OPEN 11mcRanging: No, ANQP: No, LCI: No, Civic: No, capability(0x0521): ESS ShortPreamble SpectrumMgmt ShortSlotTime
09-23 23:41:49.346 D/LOWI-9.0.0.87.a( 1344): [LOWI-Scan] BSS 18:6f:2d:0a:b8:45 FREQ: 2427, cFreq1[40:80:160] = [2427:0:0] cFreq2 = 0 Country Code = CN
09-23 23:41:49.346 D/LOWI-9.0.0.87.a( 1344): [LOWI-Scan] BSS 18:6f:2d:0a:b8:45 (wlan0) ASSO: NO AddInfo: 0x1, TSF 0, 00:04:04.027, RSSI: -138, CPL: 127, AGE: 1704, SSID IT, TSFDelta: 0x9b0381ad, TXRate: 0
09-23 23:41:49.346 D/LOWI-9.0.0.87.a( 1344): [LOWI-Scan]
09-23 23:41:49.346 D/LOWI-9.0.0.87.a( 1344): [LOWI-Scan] print_bss_handler: Report beacon TSF 232239623 as it greater than probe TSF 19276949
09-23 23:41:49.346 D/LOWI-9.0.0.87.a( 1344): [LOWI-Scan] is_qcom_ie, bss_age: 0
09-23 23:41:49.346 D/LOWI-9.0.0.87.a( 1344): [LOWI-Scan] adjust_age:AP AGE upper limit reached. Dont store
09-23 23:41:49.346 D/LOWI-9.0.0.87.a( 1344): [LOWI-Scan] BSS 18:6f:2d:0a:b8:41 LOWI_PHY_MODE_11NG_HT20(5), Beacon Interval: 100, LOWI_ENCRYPTION_TYPE_OPEN 11mcRanging: No, ANQP: No, LCI: No, Civic: No, capability(0x0521): ESS ShortPreamble SpectrumMgmt ShortSlotTime
09-23 23:41:49.346 D/LOWI-9.0.0.87.a( 1344): [LOWI-Scan] BSS 18:6f:2d:0a:b8:41 FREQ: 2427, cFreq1[40:80:160] = [2427:0:0] cFreq2 = 0 Country Code = CN
09-23 23:41:49.346 D/LOWI-9.0.0.87.a( 1344): [LOWI-Scan] BSS 18:6f:2d:0a:b8:41 (wlan0) ASSO: NO AddInfo: 0x1, TSF 0, 00:03:52.239, RSSI: -134, CPL: 127, AGE: 13492, SSID Guest, TSFDelta: 0xa6e96540, TXRate: 0
09-23 23:41:49.346 D/LOWI-9.0.0.87.a( 1344): [LOWI-Scan]
09-23 23:41:49.346 D/LOWI-9.0.0.87.a( 1344): [LOWI-Scan] print_bss_handler: Report beacon TSF 244148226 as it greater than probe TSF 232429957
09-23 23:41:49.346 D/LOWI-9.0.0.87.a( 1344): [LOWI-Scan] decode_rsn_wpa_ie: LOWI_ENCRYPTION_TYPE_WPA_PSK
09-23 23:41:49.346 D/LOWI-9.0.0.87.a( 1344): [LOWI-Scan] is_qcom_ie, bss_age: 0
09-23 23:41:49.346 D/LOWI-9.0.0.87.a( 1344): [LOWI-Scan] BSS 18:6f:2d:81:25:40 LOWI_PHY_MODE_11NG_HT20(5), Beacon Interval: 100, LOWI_ENCRYPTION_TYPE_WPA_PSK 11mcRanging: No, ANQP: No, LCI: No, Civic: No, capability(0x0531): ESS Privacy ShortPreamble SpectrumMgmt ShortSlotTime
09-23 23:41:49.346 D/LOWI-9.0.0.87.a( 1344): [LOWI-Scan] BSS 18:6f:2d:81:25:40 FREQ: 2437, cFreq1[40:80:160] = [2437:0:0] cFreq2 = 0 Country Code = CN
09-23 23:41:49.346 D/LOWI-9.0.0.87.a( 1344): [LOWI-Scan] BSS 18:6f:2d:81:25:40 (wlan0) ASSO: NO AddInfo: 0x1, TSF 0, 00:04:04.148, RSSI: -80, CPL: 127, AGE: 1580, SSID Testing , TSFDelta: 0x61309d5f, TXRate: 0
09-23 23:41:49.346 D/LOWI-9.0.0.87.a( 1344): [LOWI-Scan]
09-23 23:41:49.346 D/LOWI-9.0.0.87.a( 1344): [LOWI-Scan] print_bss_handler: Report beacon TSF 244154363 as it greater than probe TSF 232433785
09-23 23:41:49.346 D/LOWI-9.0.0.87.a( 1344): [LOWI-Scan] is_qcom_ie, bss_age: 0
09-23 23:41:49.346 D/LOWI-9.0.0.87.a( 1344): [LOWI-Scan] BSS 18:6f:2d:81:25:41 LOWI_PHY_MODE_11NG_HT20(5), Beacon Interval: 100, LOWI_ENCRYPTION_TYPE_OPEN 11mcRanging: No, ANQP: No, LCI: No, Civic: No, capability(0x0521): ESS ShortPreamble SpectrumMgmt ShortSlotTime
09-23 23:41:49.346 D/LOWI-9.0.0.87.a( 1344): [LOWI-Scan] BSS 18:6f:2d:81:25:41 FREQ: 2437, cFreq1[40:80:160] = [2437:0:0] cFreq2 = 0 Country Code = CN
09-23 23:41:49.346 D/LOWI-9.0.0.87.a( 1344): [LOWI-Scan] BSS 18:6f:2d:81:25:41 (wlan0) ASSO: NO AddInfo: 0x1, TSF 0, 00:04:04.154, RSSI: -80, CPL: 127, AGE: 1576, SSID Guest, TSFDelta: 0x614c0f16, TXRate: 0
09-23 23:41:49.346 D/LOWI-9.0.0.87.a( 1344): [LOWI-Scan]
09-23 23:41:49.346 D/LOWI-9.0.0.87.a( 1344): [LOWI-Scan] print_bss_handler: Report beacon TSF 244159145 as it greater than probe TSF 232446504
09-23 23:41:49.346 D/LOWI-9.0.0.87.a( 1344): [LOWI-Scan] decode_rsn_wpa_ie: LOWI_ENCRYPTION_TYPE_WPA_PSK
09-23 23:41:49.347 D/LOWI-9.0.0.87.a( 1344): [LOWI-Scan] is_qcom_ie, bss_age: 0
09-23 23:41:49.347 D/LOWI-9.0.0.87.a( 1344): [LOWI-Scan] BSS 18:6f:2d:81:25:42 LOWI_PHY_MODE_11NG_HT20(5), Beacon Interval: 100, LOWI_ENCRYPTION_TYPE_WPA_PSK 11mcRanging: No, ANQP: No, LCI: No, Civic: No, capability(0x0531): ESS Privacy ShortPreamble SpectrumMgmt ShortSlotTime
09-23 23:41:49.347 D/LOWI-9.0.0.87.a( 1344): [LOWI-Scan] BSS 18:6f:2d:81:25:42 FREQ: 2437, cFreq1[40:80:160] = [2437:0:0] cFreq2 = 0 Country Code = CN
09-23 23:41:49.347 D/LOWI-9.0.0.87.a( 1344): [LOWI-Scan] BSS 18:6f:2d:81:25:42 (wlan0) ASSO: NO AddInfo: 0x1, TSF 0, 00:04:04.159, RSSI: -82, CPL: 127, AGE: 1572, SSID ThunderSoft_2.4G, TSFDelta: 0x61589c53, TXRate: 0
09-23 23:41:49.347 D/LOWI-9.0.0.87.a( 1344): [LOWI-Scan]
09-23 23:41:49.347 D/LOWI-9.0.0.87.a( 1344): [LOWI-Scan] print_bss_handler: Report beacon TSF 244186816 as it greater than probe TSF 232423843
09-23 23:41:49.347 D/LOWI-9.0.0.87.a( 1344): [LOWI-Scan] decode_rsn_wpa_ie: LOWI_ENCRYPTION_TYPE_WPA_PSK
09-23 23:41:49.347 D/LOWI-9.0.0.87.a( 1344): [LOWI-Scan] is_qcom_ie, bss_age: 0
09-23 23:41:49.347 D/LOWI-9.0.0.87.a( 1344): [LOWI-Scan] BSS 18:6f:2d:81:25:43 LOWI_PHY_MODE_11NG_HT20(5), Beacon Interval: 100, LOWI_ENCRYPTION_TYPE_WPA_PSK 11mcRanging: No, ANQP: No, LCI: No, Civic: No, capability(0x0531): ESS Privacy ShortPreamble SpectrumMgmt ShortSlotTime
09-23 23:41:49.347 D/LOWI-9.0.0.87.a( 1344): [LOWI-Scan] BSS 18:6f:2d:81:25:43 FREQ: 2437, cFreq1[40:80:160] = [2437:0:0] cFreq2 = 0 Country Code = CN
09-23 23:41:49.347 D/LOWI-9.0.0.87.a( 1344): [LOWI-Scan] BSS 18:6f:2d:81:25:43 (wlan0) ASSO: NO AddInfo: 0x1, TSF 0, 00:04:04.186, RSSI: -82, CPL: 127, AGE: 1544, SSID ZXHY, TSFDelta: 0x6104e61b, TXRate: 0
09-23 23:41:49.347 D/LOWI-9.0.0.87.a( 1344): [LOWI-Scan]
09-23 23:41:49.347 D/LOWI-9.0.0.87.a( 1344): [LOWI-Scan] print_bss_handler: Report beacon TSF 244193351 as it greater than probe TSF 232425622
09-23 23:41:49.347 D/LOWI-9.0.0.87.a( 1344): [LOWI-Scan] decode_rsn_wpa_ie: LOWI_ENCRYPTION_TYPE_WPA_PSK
09-23 23:41:49.347 D/LOWI-9.0.0.87.a( 1344): [LOWI-Scan] is_qcom_ie, bss_age: 0
09-23 23:41:49.347 D/LOWI-9.0.0.87.a( 1344): [LOWI-Scan] BSS 18:6f:2d:81:25:44 LOWI_PHY_MODE_11NG_HT20(5), Beacon Interval: 100, LOWI_ENCRYPTION_TYPE_WPA_PSK 11mcRanging: No, ANQP: No, LCI: No, Civic: No, capability(0x0531): ESS Privacy ShortPreamble SpectrumMgmt ShortSlotTime
09-23 23:41:49.347 D/LOWI-9.0.0.87.a( 1344): [LOWI-Scan] BSS 18:6f:2d:81:25:44 FREQ: 2437, cFreq1[40:80:160] = [2437:0:0] cFreq2 = 0 Country Code = CN
09-23 23:41:49.347 D/LOWI-9.0.0.87.a( 1344): [LOWI-Scan] BSS 18:6f:2d:81:25:44 (wlan0) ASSO: NO AddInfo: 0x1, TSF 0, 00:04:04.193, RSSI: -80, CPL: 127, AGE: 1536, SSID Fanya, TSFDelta: 0x6112f80d, TXRate: 0
09-23 23:41:49.347 D/LOWI-9.0.0.87.a( 1344): [LOWI-Scan]
09-23 23:41:49.347 D/LOWI-9.0.0.87.a( 1344): [LOWI-Scan] print_bss_handler: Report beacon TSF 244211568 as it greater than probe TSF 232427418
09-23 23:41:49.347 D/LOWI-9.0.0.87.a( 1344): [LOWI-Scan] is_qcom_ie, bss_age: 0
09-23 23:41:49.347 D/LOWI-9.0.0.87.a( 1344): [LOWI-Scan] BSS 18:6f:2d:81:25:45 LOWI_PHY_MODE_11NG_HT20(5), Beacon Interval: 100, LOWI_ENCRYPTION_TYPE_OPEN 11mcRanging: No, ANQP: No, LCI: No, Civic: No, capability(0x0521): ESS ShortPreamble SpectrumMgmt ShortSlotTime
09-23 23:41:49.347 D/LOWI-9.0.0.87.a( 1344): [LOWI-Scan] BSS 18:6f:2d:81:25:45 FREQ: 2437, cFreq1[40:80:160] = [2437:0:0] cFreq2 = 0 Country Code = CN
09-23 23:41:49.347 D/LOWI-9.0.0.87.a( 1344): [LOWI-Scan] BSS 18:6f:2d:81:25:45 (wlan0) ASSO: NO AddInfo: 0x1, TSF 0, 00:04:04.211, RSSI: -82, CPL: 127, AGE: 1520, SSID IT, TSFDelta: 0x61211230, TXRate: 0
09-23 23:41:49.348 D/LOWI-9.0.0.87.a( 1344): [LOWI-Scan]
09-23 23:41:49.348 D/LOWI-9.0.0.87.a( 1344): [LOWI-Scan] print_bss_handler: Report Probe TSF 245068205 as it greater than Beacon TSF 233291689
09-23 23:41:49.348 D/LOWI-9.0.0.87.a( 1344): [LOWI-Scan] decode_rsn_wpa_ie: LOWI_ENCRYPTION_TYPE_WPA_PSK
09-23 23:41:49.348 D/LOWI-9.0.0.87.a( 1344): [LOWI-Scan] is_qcom_ie, bss_age: 0
09-23 23:41:49.348 D/LOWI-9.0.0.87.a( 1344): [LOWI-Scan] BSS 18:6f:2d:81:18:50 LOWI_PHY_MODE_11AC_VHT20(8), Beacon Interval: 100, LOWI_ENCRYPTION_TYPE_WPA_PSK 11mcRanging: No, ANQP: No, LCI: No, Civic: No, capability(0x0111): ESS Privacy SpectrumMgmt
09-23 23:41:49.348 D/LOWI-9.0.0.87.a( 1344): [LOWI-Scan] BSS 18:6f:2d:81:18:50 FREQ: 5260, cFreq1[40:80:160] = [5260:0:0] cFreq2 = 0 Country Code = CN
09-23 23:41:49.348 D/LOWI-9.0.0.87.a( 1344): [LOWI-Scan] BSS 18:6f:2d:81:18:50 (wlan0) ASSO: NO AddInfo: 0x0, TSF 0, 00:04:05.068, RSSI: -170, CPL: 127, AGE: 660, SSID Testing , TSFDelta: 0x908cab7a, TXRate: 0
09-23 23:41:49.348 D/LOWI-9.0.0.87.a( 1344): [LOWI-Scan]
09-23 23:41:49.348 D/LOWI-9.0.0.87.a( 1344): [LOWI-Scan] print_bss_handler: Report Probe TSF 245089609 as it greater than Beacon TSF 245059864
09-23 23:41:49.348 D/LOWI-9.0.0.87.a( 1344): [LOWI-Scan] is_qcom_ie, bss_age: 0
09-23 23:41:49.348 D/LOWI-9.0.0.87.a( 1344): [LOWI-Scan] BSS 18:6f:2d:81:18:51 LOWI_PHY_MODE_11AC_VHT20(8), Beacon Interval: 100, LOWI_ENCRYPTION_TYPE_OPEN 11mcRanging: No, ANQP: No, LCI: No, Civic: No, capability(0x0101): ESS SpectrumMgmt
09-23 23:41:49.348 D/LOWI-9.0.0.87.a( 1344): [LOWI-Scan] BSS 18:6f:2d:81:18:51 FREQ: 5260, cFreq1[40:80:160] = [5260:0:0] cFreq2 = 0 Country Code = CN
09-23 23:41:49.348 D/LOWI-9.0.0.87.a( 1344): [LOWI-Scan] BSS 18:6f:2d:81:18:51 (wlan0) ASSO: NO AddInfo: 0x0, TSF 0, 00:04:05.089, RSSI: -168, CPL: 127, AGE: 640, SSID Guest, TSFDelta: 0x9125368b, TXRate: 0
09-23 23:41:49.348 D/LOWI-9.0.0.87.a( 1344): [LOWI-Scan]
09-23 23:41:49.348 D/LOWI-9.0.0.87.a( 1344): [LOWI-Scan] print_bss_handler: Report Probe TSF 245068290 as it greater than Beacon TSF 245060700
09-23 23:41:49.348 D/LOWI-9.0.0.87.a( 1344): [LOWI-Scan] decode_rsn_wpa_ie: LOWI_ENCRYPTION_TYPE_WPA_PSK
09-23 23:41:49.348 D/LOWI-9.0.0.87.a( 1344): [LOWI-Scan] is_qcom_ie, bss_age: 0
09-23 23:41:49.348 D/LOWI-9.0.0.87.a( 1344): [LOWI-Scan] BSS 18:6f:2d:81:18:52 LOWI_PHY_MODE_11AC_VHT20(8), Beacon Interval: 100, LOWI_ENCRYPTION_TYPE_WPA_PSK 11mcRanging: No, ANQP: No, LCI: No, Civic: No, capability(0x0111): ESS Privacy SpectrumMgmt
09-23 23:41:49.348 D/LOWI-9.0.0.87.a( 1344): [LOWI-Scan] BSS 18:6f:2d:81:18:52 FREQ: 5260, cFreq1[40:80:160] = [5260:0:0] cFreq2 = 0 Country Code = CN
09-23 23:41:49.348 D/LOWI-9.0.0.87.a( 1344): [LOWI-Scan] BSS 18:6f:2d:81:18:52 (wlan0) ASSO: NO AddInfo: 0x0, TSF 0, 00:04:05.068, RSSI: -168, CPL: 127, AGE: 660, SSID ZXHY, TSFDelta: 0x9097aa5b, TXRate: 0
09-23 23:41:49.348 D/LOWI-9.0.0.87.a( 1344): [LOWI-Scan]
09-23 23:41:49.348 D/LOWI-9.0.0.87.a( 1344): [LOWI-Scan] print_bss_handler: Report Probe TSF 245068327 as it greater than Beacon TSF 233291986
09-23 23:41:49.348 D/LOWI-9.0.0.87.a( 1344): [LOWI-Scan] decode_rsn_wpa_ie: LOWI_ENCRYPTION_TYPE_WPA_PSK
09-23 23:41:49.348 D/LOWI-9.0.0.87.a( 1344): [LOWI-Scan] is_qcom_ie, bss_age: 0
09-23 23:41:49.348 D/LOWI-9.0.0.87.a( 1344): [LOWI-Scan] BSS 18:6f:2d:81:18:53 LOWI_PHY_MODE_11AC_VHT20(8), Beacon Interval: 100, LOWI_ENCRYPTION_TYPE_WPA_PSK 11mcRanging: No, ANQP: No, LCI: No, Civic: No, capability(0x0111): ESS Privacy SpectrumMgmt
09-23 23:41:49.348 D/LOWI-9.0.0.87.a( 1344): [LOWI-Scan] BSS 18:6f:2d:81:18:53 FREQ: 5260, cFreq1[40:80:160] = [5260:0:0] cFreq2 = 0 Country Code = CN
09-23 23:41:49.348 D/LOWI-9.0.0.87.a( 1344): [LOWI-Scan] BSS 18:6f:2d:81:18:53 (wlan0) ASSO: NO AddInfo: 0x0, TSF 0, 00:04:05.068, RSSI: -168, CPL: 127, AGE: 660, SSID Fanya, TSFDelta: 0x909cdc24, TXRate: 0
09-23 23:41:49.348 D/LOWI-9.0.0.87.a( 1344): [LOWI-Scan]
09-23 23:41:49.348 D/LOWI-9.0.0.87.a( 1344): [LOWI-Scan] print_bss_handler: Report Probe TSF 245089733 as it greater than Beacon TSF 233292119
09-23 23:41:49.348 D/LOWI-9.0.0.87.a( 1344): [LOWI-Scan] decode_rsn_wpa_ie: LOWI_ENCRYPTION_TYPE_WPA_PSK
09-23 23:41:49.348 D/LOWI-9.0.0.87.a( 1344): [LOWI-Scan] is_qcom_ie, bss_age: 0
09-23 23:41:49.348 D/LOWI-9.0.0.87.a( 1344): [LOWI-Scan] BSS 18:6f:2d:81:18:54 LOWI_PHY_MODE_11AC_VHT20(8), Beacon Interval: 100, LOWI_ENCRYPTION_TYPE_WPA_PSK 11mcRanging: No, ANQP: No, LCI: No, Civic: No, capability(0x0111): ESS Privacy SpectrumMgmt
09-23 23:41:49.348 D/LOWI-9.0.0.87.a( 1344): [LOWI-Scan] BSS 18:6f:2d:81:18:54 FREQ: 5260, cFreq1[40:80:160] = [5260:0:0] cFreq2 = 0 Country Code = CN
09-23 23:41:49.348 D/LOWI-9.0.0.87.a( 1344): [LOWI-Scan] BSS 18:6f:2d:81:18:54 (wlan0) ASSO: NO AddInfo: 0x0, TSF 0, 00:04:05.089, RSSI: -168, CPL: 127, AGE: 640, SSID ThunderSoft, TSFDelta: 0x9141e139, TXRate: 0
09-23 23:41:49.348 D/LOWI-9.0.0.87.a( 1344): [LOWI-Scan]
09-23 23:41:49.348 D/LOWI-9.0.0.87.a( 1344): [LOWI-Scan] print_bss_handler: Report Probe TSF 245069105 as it greater than Beacon TSF 233292183
09-23 23:41:49.348 D/LOWI-9.0.0.87.a( 1344): [LOWI-Scan] decode_rsn_wpa_ie: LOWI_ENCRYPTION_TYPE_WPA_PSK
09-23 23:41:49.348 D/LOWI-9.0.0.87.a( 1344): [LOWI-Scan] is_qcom_ie, bss_age: 0
09-23 23:41:49.348 D/LOWI-9.0.0.87.a( 1344): [LOWI-Scan] BSS 18:6f:2d:81:18:55 LOWI_PHY_MODE_11AC_VHT20(8), Beacon Interval: 100, LOWI_ENCRYPTION_TYPE_WPA_PSK 11mcRanging: No, ANQP: No, LCI: No, Civic: No, capability(0x0111): ESS Privacy SpectrumMgmt
09-23 23:41:49.348 D/LOWI-9.0.0.87.a( 1344): [LOWI-Scan] BSS 18:6f:2d:81:18:55 FREQ: 5260, cFreq1[40:80:160] = [5260:0:0] cFreq2 = 0 Country Code = CN
09-23 23:41:49.348 D/LOWI-9.0.0.87.a( 1344): [LOWI-Scan] BSS 18:6f:2d:81:18:55 (wlan0) ASSO: NO AddInfo: 0x0, TSF 0, 00:04:05.069, RSSI: -168, CPL: 127, AGE: 660, SSID GM, TSFDelta: 0x90a8275b, TXRate: 0
09-23 23:41:49.348 D/LOWI-9.0.0.87.a( 1344): [LOWI-Scan]
09-23 23:41:49.348 D/LOWI-9.0.0.87.a( 1344): [LOWI-Scan] print_bss_handler: Report Probe TSF 245069154 as it greater than Beacon TSF 245060744
09-23 23:41:49.348 D/LOWI-9.0.0.87.a( 1344): [LOWI-Scan] is_qcom_ie, bss_age: 0
09-23 23:41:49.348 D/LOWI-9.0.0.87.a( 1344): [LOWI-Scan] BSS 18:6f:2d:81:18:56 LOWI_PHY_MODE_11AC_VHT20(8), Beacon Interval: 100, LOWI_ENCRYPTION_TYPE_OPEN 11mcRanging: No, ANQP: No, LCI: No, Civic: No, capability(0x0101): ESS SpectrumMgmt
09-23 23:41:49.348 D/LOWI-9.0.0.87.a( 1344): [LOWI-Scan] BSS 18:6f:2d:81:18:56 FREQ: 5260, cFreq1[40:80:160] = [5260:0:0] cFreq2 = 0 Country Code = CN
09-23 23:41:49.348 D/LOWI-9.0.0.87.a( 1344): [LOWI-Scan] BSS 18:6f:2d:81:18:56 (wlan0) ASSO: NO AddInfo: 0x0, TSF 0, 00:04:05.069, RSSI: -170, CPL: 127, AGE: 660, SSID IT, TSFDelta: 0x90acbcc0, TXRate: 0
09-23 23:41:49.348 D/LOWI-9.0.0.87.a( 1344): [LOWI-Scan]
09-23 23:41:49.348 D/LOWI-9.0.0.87.a( 1344): [LOWI-Scan] print_bss_handler: Report Probe TSF 245089660 as it greater than Beacon TSF 245080337
09-23 23:41:49.348 D/LOWI-9.0.0.87.a( 1344): [LOWI-Scan] is_qcom_ie, bss_age: 0
09-23 23:41:49.348 D/LOWI-9.0.0.87.a( 1344): [LOWI-Scan] BSS 18:6f:2d:0a:b8:51 LOWI_PHY_MODE_11AC_VHT20(8), Beacon Interval: 100, LOWI_ENCRYPTION_TYPE_OPEN 11mcRanging: No, ANQP: No, LCI: No, Civic: No, capability(0x0101): ESS SpectrumMgmt
09-23 23:41:49.348 D/LOWI-9.0.0.87.a( 1344): [LOWI-Scan] BSS 18:6f:2d:0a:b8:51 FREQ: 5260, cFreq1[40:80:160] = [5260:0:0] cFreq2 = 0 Country Code = CN
09-23 23:41:49.349 D/LOWI-9.0.0.87.a( 1344): [LOWI-Scan] BSS 18:6f:2d:0a:b8:51 (wlan0) ASSO: NO AddInfo: 0x0, TSF 0, 00:04:05.089, RSSI: -156, CPL: 127, AGE: 640, SSID Guest, TSFDelta: 0x908ea138, TXRate: 0
09-23 23:41:49.349 D/LOWI-9.0.0.87.a( 1344): [LOWI-Scan]
09-23 23:41:49.349 D/LOWI-9.0.0.87.a( 1344): [LOWI-Scan] print_bss_handler: Report Probe TSF 245089698 as it greater than Beacon TSF 245080502
09-23 23:41:49.349 D/LOWI-9.0.0.87.a( 1344): [LOWI-Scan] decode_rsn_wpa_ie: LOWI_ENCRYPTION_TYPE_WPA_PSK
09-23 23:41:49.349 D/LOWI-9.0.0.87.a( 1344): [LOWI-Scan] is_qcom_ie, bss_age: 0
09-23 23:41:49.349 D/LOWI-9.0.0.87.a( 1344): [LOWI-Scan] BSS 18:6f:2d:0a:b8:52 LOWI_PHY_MODE_11AC_VHT20(8), Beacon Interval: 100, LOWI_ENCRYPTION_TYPE_WPA_PSK 11mcRanging: No, ANQP: No, LCI: No, Civic: No, capability(0x0111): ESS Privacy SpectrumMgmt
09-23 23:41:49.349 D/LOWI-9.0.0.87.a( 1344): [LOWI-Scan] BSS 18:6f:2d:0a:b8:52 FREQ: 5260, cFreq1[40:80:160] = [5260:0:0] cFreq2 = 0 Country Code = CN
09-23 23:41:49.349 D/LOWI-9.0.0.87.a( 1344): [LOWI-Scan] BSS 18:6f:2d:0a:b8:52 (wlan0) ASSO: NO AddInfo: 0x0, TSF 0, 00:04:05.089, RSSI: -156, CPL: 127, AGE: 640, SSID ZXHY, TSFDelta: 0x909888b6, TXRate: 0
09-23 23:41:49.349 D/LOWI-9.0.0.87.a( 1344): [LOWI-Scan]
09-23 23:41:49.349 D/LOWI-9.0.0.87.a( 1344): [LOWI-Scan] print_bss_handler: Report beacon TSF 245080553 as it greater than probe TSF 19512653
09-23 23:41:49.349 D/LOWI-9.0.0.87.a( 1344): [LOWI-Scan] decode_rsn_wpa_ie: LOWI_ENCRYPTION_TYPE_WPA_PSK
09-23 23:41:49.349 D/LOWI-9.0.0.87.a( 1344): [LOWI-Scan] is_qcom_ie, bss_age: 0
09-23 23:41:49.349 D/LOWI-9.0.0.87.a( 1344): [LOWI-Scan] BSS 18:6f:2d:0a:b8:53 LOWI_PHY_MODE_11AC_VHT20(8), Beacon Interval: 100, LOWI_ENCRYPTION_TYPE_WPA_PSK 11mcRanging: No, ANQP: No, LCI: No, Civic: No, capability(0x0111): ESS Privacy SpectrumMgmt
09-23 23:41:49.349 D/LOWI-9.0.0.87.a( 1344): [LOWI-Scan] BSS 18:6f:2d:0a:b8:53 FREQ: 5260, cFreq1[40:80:160] = [5260:0:0] cFreq2 = 0 Country Code = CN
09-23 23:41:49.349 D/LOWI-9.0.0.87.a( 1344): [LOWI-Scan] BSS 18:6f:2d:0a:b8:53 (wlan0) ASSO: NO AddInfo: 0x1, TSF 0, 00:04:05.080, RSSI: -156, CPL: 127, AGE: 648, SSID Fanya, TSFDelta: 0x8251422a, TXRate: 0
09-23 23:41:49.349 D/LOWI-9.0.0.87.a( 1344): [LOWI-Scan]
09-23 23:41:49.349 D/LOWI-9.0.0.87.a( 1344): [LOWI-Scan] print_bss_handler: Report beacon TSF 245080595 as it greater than probe TSF 233317699
09-23 23:41:49.349 D/LOWI-9.0.0.87.a( 1344): [LOWI-Scan] decode_rsn_wpa_ie: LOWI_ENCRYPTION_TYPE_WPA_PSK
09-23 23:41:49.349 D/LOWI-9.0.0.87.a( 1344): [LOWI-Scan] is_qcom_ie, bss_age: 0
09-23 23:41:49.349 D/WifiNl80211Manager( 1487): Scan result ready event
09-23 23:41:49.350 D/WifiNative( 1487): Scan result ready event
09-23 23:41:49.354 D/LOWI-9.0.0.87.a( 1344): [LOWI-Scan] BSS 18:6f:2d:0a:b8:54 LOWI_PHY_MODE_11AC_VHT20(8), Beacon Interval: 100, LOWI_ENCRYPTION_TYPE_WPA_PSK 11mcRanging: No, ANQP: No, LCI: No, Civic: No, capability(0x0111): ESS Privacy SpectrumMgmt
09-23 23:41:49.354 D/LOWI-9.0.0.87.a( 1344): [LOWI-Scan] BSS 18:6f:2d:0a:b8:54 FREQ: 5260, cFreq1[40:80:160] = [5260:0:0] cFreq2 = 0 Country Code = CN
09-23 23:41:49.354 D/LOWI-9.0.0.87.a( 1344): [LOWI-Scan] BSS 18:6f:2d:0a:b8:54 (wlan0) ASSO: NO AddInfo: 0x1, TSF 0, 00:04:05.080, RSSI: -156, CPL: 127, AGE: 648, SSID ThunderSoft, TSFDelta: 0x945dcecd, TXRate: 0
09-23 23:41:49.354 D/LOWI-9.0.0.87.a( 1344): [LOWI-Scan]
09-23 23:41:49.354 D/LOWI-9.0.0.87.a( 1344): [LOWI-Scan] print_bss_handler: Report Probe TSF 245092420 as it greater than Beacon TSF 245080637
09-23 23:41:49.354 D/LOWI-9.0.0.87.a( 1344): [LOWI-Scan] decode_rsn_wpa_ie: LOWI_ENCRYPTION_TYPE_WPA_PSK
09-23 23:41:49.354 D/LOWI-9.0.0.87.a( 1344): [LOWI-Scan] is_qcom_ie, bss_age: 0
09-23 23:41:49.354 D/LOWI-9.0.0.87.a( 1344): [LOWI-Scan] BSS 18:6f:2d:0a:b8:55 LOWI_PHY_MODE_11AC_VHT20(8), Beacon Interval: 100, LOWI_ENCRYPTION_TYPE_WPA_PSK 11mcRanging: No, ANQP: No, LCI: No, Civic: No, capability(0x0111): ESS Privacy SpectrumMgmt
09-23 23:41:49.354 D/LOWI-9.0.0.87.a( 1344): [LOWI-Scan] BSS 18:6f:2d:0a:b8:55 FREQ: 5260, cFreq1[40:80:160] = [5260:0:0] cFreq2 = 0 Country Code = CN
09-23 23:41:49.354 D/LOWI-9.0.0.87.a( 1344): [LOWI-Scan] BSS 18:6f:2d:0a:b8:55 (wlan0) ASSO: NO AddInfo: 0x0, TSF 0, 00:04:05.092, RSSI: -152, CPL: 127, AGE: 636, SSID GM, TSFDelta: 0x90b5000f, TXRate: 0
09-23 23:41:49.354 D/LOWI-9.0.0.87.a( 1344): [LOWI-Scan]
09-23 23:41:49.354 D/LOWI-9.0.0.87.a( 1344): [LOWI-Scan] print_bss_handler: Report Probe TSF 245092667 as it greater than Beacon TSF 245080705
09-23 23:41:49.354 D/LOWI-9.0.0.87.a( 1344): [LOWI-Scan] is_qcom_ie, bss_age: 0
09-23 23:41:49.354 D/LOWI-9.0.0.87.a( 1344): [LOWI-Scan] BSS 18:6f:2d:0a:b8:56 LOWI_PHY_MODE_11AC_VHT20(8), Beacon Interval: 100, LOWI_ENCRYPTION_TYPE_OPEN 11mcRanging: No, ANQP: No, LCI: No, Civic: No, capability(0x0101): ESS SpectrumMgmt
09-23 23:41:49.354 D/LOWI-9.0.0.87.a( 1344): [LOWI-Scan] BSS 18:6f:2d:0a:b8:56 FREQ: 5260, cFreq1[40:80:160] = [5260:0:0] cFreq2 = 0 Country Code = CN
09-23 23:41:49.354 D/LOWI-9.0.0.87.a( 1344): [LOWI-Scan] BSS 18:6f:2d:0a:b8:56 (wlan0) ASSO: NO AddInfo: 0x0, TSF 0, 00:04:05.092, RSSI: -156, CPL: 127, AGE: 636, SSID IT, TSFDelta: 0x90b7880d, TXRate: 0
09-23 23:41:49.354 D/LOWI-9.0.0.87.a( 1344): [LOWI-Scan]
09-23 23:41:49.354 D/LOWI-9.0.0.87.a( 1344): [LOWI-Scan] print_bss_handler: Report Probe TSF 245274053 as it greater than Beacon TSF 245250030
09-23 23:41:49.354 D/LOWI-9.0.0.87.a( 1344): [LOWI-Scan] decode_rsn_wpa_ie: LOWI_ENCRYPTION_TYPE_WPA_PSK
09-23 23:41:49.354 D/LOWI-9.0.0.87.a( 1344): [LOWI-Scan] is_qcom_ie, bss_age: 0
