09-23 23:38:02.128 D/wpa_supplicant( 3444): nl80211: Supports Probe Response offload in AP mode
09-23 23:38:02.128 D/wpa_supplicant( 3444): nl80211: Using driver-based off-channel TX
09-23 23:38:02.128 D/wpa_supplicant( 3444): nl80211: Supported vendor command: vendor_id=0x1374 subcmd=11
09-23 23:38:02.128 D/wpa_supplicant( 3444): nl80211: Supported vendor command: vendor_id=0x1374 subcmd=22
09-23 23:38:02.128 D/wpa_supplicant( 3444): nl80211: Supported vendor command: vendor_id=0x1374 subcmd=13
09-23 23:38:02.128 D/wpa_supplicant( 3444): nl80211: Supported vendor command: vendor_id=0x1374 subcmd=16
09-23 23:38:02.128 D/wpa_supplicant( 3444): nl80211: Supported vendor command: vendor_id=0x1374 subcmd=14
09-23 23:38:02.128 D/wpa_supplicant( 3444): nl80211: Supported vendor command: vendor_id=0x1374 subcmd=15
09-23 23:38:02.128 D/wpa_supplicant( 3444): nl80211: Supported vendor command: vendor_id=0x1374 subcmd=34
09-23 23:38:02.128 D/wpa_supplicant( 3444): nl80211: Supported vendor command: vendor_id=0x1374 subcmd=35
09-23 23:38:02.128 D/wpa_supplicant( 3444): nl80211: Supported vendor command: vendor_id=0x1374 subcmd=36
09-23 23:38:02.128 D/wpa_supplicant( 3444): nl80211: Supported vendor command: vendor_id=0x1374 subcmd=38
09-23 23:38:02.128 D/wpa_supplicant( 3444): nl80211: Supported vendor command: vendor_id=0x1374 subcmd=39
09-23 23:38:02.128 D/wpa_supplicant( 3444): nl80211: Supported vendor command: vendor_id=0x1374 subcmd=42
09-23 23:38:02.128 D/wpa_supplicant( 3444): nl80211: Supported vendor command: vendor_id=0x1374 subcmd=40
09-23 23:38:02.128 D/wpa_supplicant( 3444): nl80211: Supported vendor command: vendor_id=0x1374 subcmd=120
09-23 23:38:02.128 D/wpa_supplicant( 3444): nl80211: Supported vendor command: vendor_id=0x1374 subcmd=121
09-23 23:38:02.128 D/wpa_supplicant( 3444): nl80211: Supported vendor command: vendor_id=0x1374 subcmd=186
09-23 23:38:02.128 D/wpa_supplicant( 3444): nl80211: Supported vendor command: vendor_id=0x1374 subcmd=54
09-23 23:38:02.128 D/wpa_supplicant( 3444): nl80211: Supported vendor command: vendor_id=0x1374 subcmd=55
09-23 23:38:02.128 D/wpa_supplicant( 3444): nl80211: Supported vendor command: vendor_id=0x1374 subcmd=50
09-23 23:38:02.128 D/wpa_supplicant( 3444): nl80211: Supported vendor command: vendor_id=0x1374 subcmd=61
09-23 23:38:02.128 D/wpa_supplicant( 3444): nl80211: Supported vendor command: vendor_id=0x1374 subcmd=74
09-23 23:38:02.128 D/wpa_supplicant( 3444): nl80211: Supported vendor command: vendor_id=0x1374 subcmd=75
09-23 23:38:02.128 D/wpa_supplicant( 3444): nl80211: Supported vendor command: vendor_id=0x1374 subcmd=169
09-23 23:38:02.128 D/wpa_supplicant( 3444): nl80211: Supported vendor command: vendor_id=0x1374 subcmd=64
09-23 23:38:02.128 D/wpa_supplicant( 3444): nl80211: Supported vendor command: vendor_id=0x1374 subcmd=62
09-23 23:38:02.128 D/wpa_supplicant( 3444): nl80211: Supported vendor command: vendor_id=0x1374 subcmd=77
09-23 23:38:02.128 D/wpa_supplicant( 3444): nl80211: Supported vendor command: vendor_id=0x1374 subcmd=103
09-23 23:38:02.128 D/wpa_supplicant( 3444): nl80211: Supported vendor command: vendor_id=0x1374 subcmd=104
09-23 23:38:02.128 D/wpa_supplicant( 3444): nl80211: Supported vendor command: vendor_id=0x1374 subcmd=119
09-23 23:38:02.128 D/wpa_supplicant( 3444): nl80211: Supported vendor command: vendor_id=0x1374 subcmd=78
09-23 23:38:02.128 D/wpa_supplicant( 3444): nl80211: Supported vendor command: vendor_id=0x1374 subcmd=79
09-23 23:38:02.128 D/wpa_supplicant( 3444): nl80211: Supported vendor command: vendor_id=0x1374 subcmd=80
09-23 23:38:02.128 D/wpa_supplicant( 3444): nl80211: Supported vendor command: vendor_id=0x1374 subcmd=182
09-23 23:38:02.128 D/wpa_supplicant( 3444): nl80211: Supported vendor command: vendor_id=0x1374 subcmd=181
09-23 23:38:02.128 D/wpa_supplicant( 3444): nl80211: Supported vendor command: vendor_id=0x1374 subcmd=82
09-23 23:38:02.128 D/wpa_supplicant( 3444): nl80211: Supported vendor command: vendor_id=0x1374 subcmd=76
09-23 23:38:02.128 D/wpa_supplicant( 3444): nl80211: Supported vendor command: vendor_id=0x1374 subcmd=106
09-23 23:38:02.128 D/wpa_supplicant( 3444): nl80211: Supported vendor command: vendor_id=0x1374 subcmd=145
09-23 23:38:02.128 D/wpa_supplicant( 3444): nl80211: Supported vendor command: vendor_id=0x1374 subcmd=92
09-23 23:38:02.128 D/wpa_supplicant( 3444): nl80211: Supported vendor command: vendor_id=0x1374 subcmd=93
09-23 23:38:02.128 D/wpa_supplicant( 3444): nl80211: Supported vendor command: vendor_id=0x1374 subcmd=94
09-23 23:38:02.128 D/wpa_supplicant( 3444): nl80211: Supported vendor command: vendor_id=0x1374 subcmd=95
09-23 23:38:02.128 D/wpa_supplicant( 3444): nl80211: Supported vendor command: vendor_id=0x1374 subcmd=96
09-23 23:38:02.128 D/wpa_supplicant( 3444): nl80211: Supported vendor command: vendor_id=0x1374 subcmd=97
09-23 23:38:02.128 D/wpa_supplicant( 3444): nl80211: Supported vendor command: vendor_id=0x1374 subcmd=98
09-23 23:38:02.128 D/wpa_supplicant( 3444): nl80211: Supported vendor command: vendor_id=0x1374 subcmd=99
09-23 23:38:02.128 D/wpa_supplicant( 3444): nl80211: Supported vendor command: vendor_id=0x1374 subcmd=101
09-23 23:38:02.128 D/wpa_supplicant( 3444): nl80211: Supported vendor command: vendor_id=0x1374 subcmd=108
09-23 23:38:02.128 D/wpa_supplicant( 3444): nl80211: Supported vendor command: vendor_id=0x1374 subcmd=102
09-23 23:38:02.128 D/wpa_supplicant( 3444): nl80211: Supported vendor command: vendor_id=0x1374 subcmd=109
09-23 23:38:02.128 D/wpa_supplicant( 3444): nl80211: Supported vendor command: vendor_id=0x1374 subcmd=115
09-23 23:38:02.128 D/wpa_supplicant( 3444): nl80211: Supported vendor command: vendor_id=0x1374 subcmd=83
09-23 23:38:02.128 D/wpa_supplicant( 3444): nl80211: Supported vendor command: vendor_id=0x1374 subcmd=116
09-23 23:38:02.128 D/wpa_supplicant( 3444): nl80211: Supported vendor command: vendor_id=0x1374 subcmd=117
09-23 23:38:02.128 D/wpa_supplicant( 3444): nl80211: Supported vendor command: vendor_id=0x1374 subcmd=10
09-23 23:38:02.128 D/wpa_supplicant( 3444): nl80211: Supported vendor command: vendor_id=0x1374 subcmd=118
09-23 23:38:02.128 D/wpa_supplicant( 3444): nl80211: Supported vendor command: vendor_id=0x1374 subcmd=122
09-23 23:38:02.128 D/wpa_supplicant( 3444): nl80211: Supported vendor command: vendor_id=0x1374 subcmd=123
09-23 23:38:02.128 D/wpa_supplicant( 3444): nl80211: Supported vendor command: vendor_id=0x1374 subcmd=124
09-23 23:38:02.128 D/wpa_supplicant( 3444): nl80211: Supported vendor command: vendor_id=0x1374 subcmd=85
09-23 23:38:02.128 D/wpa_supplicant( 3444): nl80211: Supported vendor command: vendor_id=0x1374 subcmd=84
09-23 23:38:02.128 D/wpa_supplicant( 3444): nl80211: Supported vendor command: vendor_id=0x1374 subcmd=147
09-23 23:38:02.128 D/wpa_supplicant( 3444): nl80211: Supported vendor command: vendor_id=0x1374 subcmd=105
09-23 23:38:02.128 D/wpa_supplicant( 3444): nl80211: Supported vendor command: vendor_id=0x1374 subcmd=192
09-23 23:38:02.128 D/wpa_supplicant( 3444): nl80211: Supported vendor command: vendor_id=0x1374 subcmd=9
09-23 23:38:02.128 D/wpa_supplicant( 3444): nl80211: Supported vendor command: vendor_id=0x1374 subcmd=137
09-23 23:38:02.128 D/wpa_supplicant( 3444): nl80211: Supported vendor command: vendor_id=0x1374 subcmd=143
09-23 23:38:02.129 D/wpa_supplicant( 3444): nl80211: Supported vendor command: vendor_id=0x1374 subcmd=164
09-23 23:38:02.129 D/wpa_supplicant( 3444): nl80211: Supported vendor command: vendor_id=0x1374 subcmd=180
09-23 23:38:02.129 D/wpa_supplicant( 3444): nl80211: Supported vendor command: vendor_id=0x1374 subcmd=146
09-23 23:38:02.129 D/wpa_supplicant( 3444): nl80211: Supported vendor command: vendor_id=0x1374 subcmd=152
09-23 23:38:02.129 D/wpa_supplicant( 3444): nl80211: Supported vendor command: vendor_id=0x1374 subcmd=127
09-23 23:38:02.129 D/wpa_supplicant( 3444): nl80211: Supported vendor command: vendor_id=0x1374 subcmd=149
09-23 23:38:02.129 D/wpa_supplicant( 3444): nl80211: Supported vendor command: vendor_id=0x1374 subcmd=150
09-23 23:38:02.129 D/wpa_supplicant( 3444): nl80211: Supported vendor command: vendor_id=0x1374 subcmd=151
09-23 23:38:02.129 D/wpa_supplicant( 3444): nl80211: Supported vendor command: vendor_id=0x1374 subcmd=154
09-23 23:38:02.129 D/wpa_supplicant( 3444): nl80211: Supported vendor command: vendor_id=0x1374 subcmd=155
09-23 23:38:02.129 D/wpa_supplicant( 3444): nl80211: Supported vendor command: vendor_id=0x1374 subcmd=158
09-23 23:38:02.129 D/wpa_supplicant( 3444): nl80211: Supported vendor command: vendor_id=0x1374 subcmd=159
09-23 23:38:02.129 D/wpa_supplicant( 3444): nl80211: Supported vendor command: vendor_id=0x1374 subcmd=160
09-23 23:38:02.129 D/wpa_supplicant( 3444): nl80211: Supported vendor command: vendor_id=0x1374 subcmd=161
09-23 23:38:02.129 D/wpa_supplicant( 3444): nl80211: Supported vendor command: vendor_id=0x1374 subcmd=144
09-23 23:38:02.129 D/wpa_supplicant( 3444): nl80211: Supported vendor command: vendor_id=0x1374 subcmd=138
09-23 23:38:02.129 D/wpa_supplicant( 3444): nl80211: Supported vendor command: vendor_id=0x1374 subcmd=156
09-23 23:38:02.129 D/wpa_supplicant( 3444): nl80211: Supported vendor command: vendor_id=0x1374 subcmd=171
09-23 23:38:02.129 D/wpa_supplicant( 3444): nl80211: Supported vendor command: vendor_id=0x1374 subcmd=81
09-23 23:38:02.129 D/wpa_supplicant( 3444): nl80211: Supported vendor command: vendor_id=0x1374 subcmd=177
09-23 23:38:02.129 D/wpa_supplicant( 3444): nl80211: Supported vendor command: vendor_id=0x1374 subcmd=167
09-23 23:38:02.129 D/wpa_supplicant( 3444): nl80211: Supported vendor command: vendor_id=0x1374 subcmd=125
09-23 23:38:02.129 D/wpa_supplicant( 3444): nl80211: Supported vendor event: vendor_id=0x1374 subcmd=10
09-23 23:38:02.129 D/wpa_supplicant( 3444): nl80211: Supported vendor event: vendor_id=0x1374 subcmd=12
09-23 23:38:02.129 D/wpa_supplicant( 3444): nl80211: Supported vendor event: vendor_id=0x1374 subcmd=13
09-23 23:38:02.129 D/wpa_supplicant( 3444): nl80211: Supported vendor event: vendor_id=0x1374 subcmd=14
09-23 23:38:02.129 D/wpa_supplicant( 3444): nl80211: Supported vendor event: vendor_id=0x1374 subcmd=15
09-23 23:38:02.129 D/wpa_supplicant( 3444): nl80211: Supported vendor event: vendor_id=0x1374 subcmd=16
09-23 23:38:02.129 D/wpa_supplicant( 3444): nl80211: Supported vendor event: vendor_id=0x1374 subcmd=17
09-23 23:38:02.129 D/wpa_supplicant( 3444): nl80211: Supported vendor event: vendor_id=0x1374 subcmd=18
09-23 23:38:02.129 D/wpa_supplicant( 3444): nl80211: Supported vendor event: vendor_id=0x1374 subcmd=19
09-23 23:38:02.129 D/wpa_supplicant( 3444): nl80211: Supported vendor event: vendor_id=0x1374 subcmd=127
09-23 23:38:02.129 D/wpa_supplicant( 3444): nl80211: Supported vendor event: vendor_id=0x1374 subcmd=37
09-23 23:38:02.129 D/wpa_supplicant( 3444): nl80211: Supported vendor event: vendor_id=0x1374 subcmd=54
09-23 23:38:02.129 D/wpa_supplicant( 3444): nl80211: Supported vendor event: vendor_id=0x1374 subcmd=51
09-23 23:38:02.129 D/wpa_supplicant( 3444): nl80211: Supported vendor event: vendor_id=0x1374 subcmd=56
09-23 23:38:02.129 D/wpa_supplicant( 3444): nl80211: Supported vendor event: vendor_id=0x1374 subcmd=57
09-23 23:38:02.129 D/wpa_supplicant( 3444): nl80211: Supported vendor event: vendor_id=0x1374 subcmd=58
09-23 23:38:02.129 D/wpa_supplicant( 3444): nl80211: Supported vendor event: vendor_id=0x1374 subcmd=59
09-23 23:38:02.129 D/wpa_supplicant( 3444): nl80211: Supported vendor event: vendor_id=0x1374 subcmd=60
09-23 23:38:02.129 D/wpa_supplicant( 3444): nl80211: Supported vendor event: vendor_id=0x0 subcmd=0
09-23 23:38:02.129 D/wpa_supplicant( 3444): nl80211: Supported vendor event: vendor_id=0x1374 subcmd=80
09-23 23:38:02.129 D/wpa_supplicant( 3444): nl80211: Supported vendor event: vendor_id=0x1374 subcmd=100
09-23 23:38:02.129 D/wpa_supplicant( 3444): nl80211: Supported vendor event: vendor_id=0x1374 subcmd=106
09-23 23:38:02.129 D/wpa_supplicant( 3444): nl80211: Supported vendor event: vendor_id=0x1374 subcmd=107
09-23 23:38:02.129 D/wpa_supplicant( 3444): nl80211: Supported vendor event: vendor_id=0x1374 subcmd=102
09-23 23:38:02.129 D/wpa_supplicant( 3444): nl80211: Supported vendor event: vendor_id=0x1374 subcmd=181
09-23 23:38:02.129 D/wpa_supplicant( 3444): nl80211: Supported vendor event: vendor_id=0x1374 subcmd=119
09-23 23:38:02.129 D/wpa_supplicant( 3444): nl80211: Supported vendor event: vendor_id=0x1374 subcmd=81
09-23 23:38:02.129 D/wpa_supplicant( 3444): nl80211: Supported vendor event: vendor_id=0x1374 subcmd=123
09-23 23:38:02.129 D/wpa_supplicant( 3444): nl80211: Supported vendor event: vendor_id=0x1374 subcmd=124
09-23 23:38:02.129 D/wpa_supplicant( 3444): nl80211: Supported vendor event: vendor_id=0x1374 subcmd=147
09-23 23:38:02.129 D/wpa_supplicant( 3444): nl80211: Supported vendor event: vendor_id=0x1374 subcmd=148
09-23 23:38:02.129 D/wpa_supplicant( 3444): nl80211: Supported vendor event: vendor_id=0x1374 subcmd=150
09-23 23:38:02.129 D/wpa_supplicant( 3444): nl80211: Supported vendor event: vendor_id=0x1374 subcmd=157
09-23 23:38:02.129 D/wpa_supplicant( 3444): nl80211: Supported vendor event: vendor_id=0x0 subcmd=0
09-23 23:38:02.129 D/wpa_supplicant( 3444): nl80211: Supported vendor event: vendor_id=0x1374 subcmd=165
09-23 23:38:02.129 D/wpa_supplicant( 3444): nl80211: Supported vendor event: vendor_id=0x1374 subcmd=171
09-23 23:38:02.129 D/wpa_supplicant( 3444): nl80211: Supported vendor event: vendor_id=0x1374 subcmd=174
09-23 23:38:02.129 D/wpa_supplicant( 3444): nl80211: Supported vendor event: vendor_id=0x1374 subcmd=101
09-23 23:38:02.129 D/wpa_supplicant( 3444): nl80211: Supported vendor event: vendor_id=0x0 subcmd=0
09-23 23:38:02.129 D/wpa_supplicant( 3444): nl80211: Supported vendor event: vendor_id=0x1374 subcmd=180
09-23 23:38:02.129 D/wpa_supplicant( 3444): nl80211: Supported vendor event: vendor_id=0x1374 subcmd=64
09-23 23:38:02.129 D/wpa_supplicant( 3444): nl80211: Supported vendor event: vendor_id=0x1374 subcmd=182
09-23 23:38:02.129 D/wpa_supplicant( 3444): nl80211: Supported vendor event: vendor_id=0x1374 subcmd=187
09-23 23:38:02.129 D/wpa_supplicant( 3444): nl80211: Supported vendor event: vendor_id=0x1374 subcmd=188
09-23 23:38:02.129 D/wpa_supplicant( 3444): nl80211: STATION supported key_mgmt 0x3fff6f
09-23 23:38:02.129 D/wpa_supplicant( 3444): nl80211: P2P_CLIENT supported key_mgmt 0x3fff6f
09-23 23:38:02.129 D/wpa_supplicant( 3444): nl80211: AP supported key_mgmt 0x1040c
09-23 23:38:02.129 D/wpa_supplicant( 3444): nl80211: P2P_GO supported key_mgmt 0x1040c
09-23 23:38:02.129 D/wpa_supplicant( 3444): nl80211: Use separate P2P group interface (driver advertised support)
09-23 23:38:02.129 D/wpa_supplicant( 3444): nl80211: Enable multi-channel concurrent (driver advertised support)
09-23 23:38:02.130 D/wpa_supplicant( 3444): nl80211: key_mgmt=0x3fff6f enc=0x76f auth=0x7 flags=0x10ad7a769abcfbc4 rrm_flags=0x0 probe_resp_offloads=0x0 max_stations=32 max_remain_on_chan=5000 max_scan_ssids=10
09-23 23:38:02.130 D/wpa_supplicant( 3444): nl80211: interface wlan0 in phy phy0
09-23 23:38:02.130 D/wpa_supplicant( 3444): nl80211: Set mode ifindex 17 iftype 2 (STATION)
09-23 23:38:02.130 D/wpa_supplicant( 3444): nl80211: Subscribe to mgmt frames with non-AP handle 0xb400007114a5a320
09-23 23:38:02.130 D/wpa_supplicant( 3444): nl80211: Register frame type=0xb0 (WLAN_FC_STYPE_AUTH) nl_handle=0xb400007114a5a320 match=0300 multicast=0
09-23 23:38:02.130 D/wpa_supplicant( 3444): nl80211: Register frame type=0xd0 (WLAN_FC_STYPE_ACTION) nl_handle=0xb400007114a5a320 match=0104 multicast=0
09-23 23:38:02.130 D/wpa_supplicant( 3444): nl80211: Register frame type=0xd0 (WLAN_FC_STYPE_ACTION) nl_handle=0xb400007114a5a320 match=040a multicast=0
09-23 23:38:02.130 D/wpa_supplicant( 3444): nl80211: Register frame type=0xd0 (WLAN_FC_STYPE_ACTION) nl_handle=0xb400007114a5a320 match=040b multicast=0
09-23 23:38:02.130 D/wpa_supplicant( 3444): nl80211: Register frame type=0xd0 (WLAN_FC_STYPE_ACTION) nl_handle=0xb400007114a5a320 match=040c multicast=0
09-23 23:38:02.130 D/wpa_supplicant( 3444): nl80211: Register frame type=0xd0 (WLAN_FC_STYPE_ACTION) nl_handle=0xb400007114a5a320 match=040d multicast=0
09-23 23:38:02.130 D/wpa_supplicant( 3444): nl80211: Register frame type=0xd0 (WLAN_FC_STYPE_ACTION) nl_handle=0xb400007114a5a320 match=090a multicast=0
09-23 23:38:02.130 D/wpa_supplicant( 3444): nl80211: Register frame type=0xd0 (WLAN_FC_STYPE_ACTION) nl_handle=0xb400007114a5a320 match=090b multicast=0
09-23 23:38:02.130 D/wpa_supplicant( 3444): nl80211: Register frame type=0xd0 (WLAN_FC_STYPE_ACTION) nl_handle=0xb400007114a5a320 match=090c multicast=0
09-23 23:38:02.130 D/wpa_supplicant( 3444): nl80211: Register frame type=0xd0 (WLAN_FC_STYPE_ACTION) nl_handle=0xb400007114a5a320 match=090d multicast=0
09-23 23:38:02.130 D/wpa_supplicant( 3444): nl80211: Register frame type=0xd0 (WLAN_FC_STYPE_ACTION) nl_handle=0xb400007114a5a320 match=0409506f9a09 multicast=0
09-23 23:38:02.130 D/wpa_supplicant( 3444): nl80211: Register frame type=0xd0 (WLAN_FC_STYPE_ACTION) nl_handle=0xb400007114a5a320 match=7f506f9a09 multicast=0
09-23 23:38:02.130 D/wpa_supplicant( 3444): nl80211: Register frame type=0xd0 (WLAN_FC_STYPE_ACTION) nl_handle=0xb400007114a5a320 match=0409506f9a1a multicast=0
09-23 23:38:02.130 D/wpa_supplicant( 3444): nl80211: Register frame type=0xd0 (WLAN_FC_STYPE_ACTION) nl_handle=0xb400007114a5a320 match=0801 multicast=0
09-23 23:38:02.130 D/wpa_supplicant( 3444): nl80211: Register frame type=0xd0 (WLAN_FC_STYPE_ACTION) nl_handle=0xb400007114a5a320 match=040e multicast=0
09-23 23:38:02.130 D/wpa_supplicant( 3444): nl80211: Register frame type=0xd0 (WLAN_FC_STYPE_ACTION) nl_handle=0xb400007114a5a320 match=12 multicast=0
09-23 23:38:02.130 D/wpa_supplicant( 3444): nl80211: Register frame type=0xd0 (WLAN_FC_STYPE_ACTION) nl_handle=0xb400007114a5a320 match=06 multicast=0
09-23 23:38:02.130 D/wpa_supplicant( 3444): nl80211: Register frame type=0xd0 (WLAN_FC_STYPE_ACTION) nl_handle=0xb400007114a5a320 match=0a07 multicast=0
09-23 23:38:02.130 D/wpa_supplicant( 3444): nl80211: Register frame type=0xd0 (WLAN_FC_STYPE_ACTION) nl_handle=0xb400007114a5a320 match=0a11 multicast=0
09-23 23:38:02.130 D/wpa_supplicant( 3444): nl80211: Register frame type=0xd0 (WLAN_FC_STYPE_ACTION) nl_handle=0xb400007114a5a320 match=0a0b multicast=0
09-23 23:38:02.130 D/wpa_supplicant( 3444): nl80211: Register frame type=0xd0 (WLAN_FC_STYPE_ACTION) nl_handle=0xb400007114a5a320 match=0a1a multicast=0
09-23 23:38:02.130 D/wpa_supplicant( 3444): nl80211: Register frame type=0xd0 (WLAN_FC_STYPE_ACTION) nl_handle=0xb400007114a5a320 match=1101 multicast=0
09-23 23:38:02.130 D/wpa_supplicant( 3444): nl80211: Register frame type=0xd0 (WLAN_FC_STYPE_ACTION) nl_handle=0xb400007114a5a320 match=1102 multicast=0
09-23 23:38:02.131 D/wpa_supplicant( 3444): nl80211: Register frame type=0xd0 (WLAN_FC_STYPE_ACTION) nl_handle=0xb400007114a5a320 match=0505 multicast=0
09-23 23:38:02.131 D/wpa_supplicant( 3444): nl80211: Register frame type=0xd0 (WLAN_FC_STYPE_ACTION) nl_handle=0xb400007114a5a320 match=1305 multicast=0
09-23 23:38:02.131 I/wpa_supplicant( 3444): rfkill: Cannot open RFKILL control device
09-23 23:38:02.131 D/wpa_supplicant( 3444): nl80211: RFKILL status not available
09-23 23:38:02.131 D/wpa_supplicant( 3444): netlink: Operstate: ifindex=17 linkmode=1 (userspace-control), operstate=5 (IF_OPER_DORMANT)
09-23 23:38:02.132 D/LOWI-9.0.0.87.a( 1344): [LOWINetlinkSocketReceiver] unpackRTMLinkMessage: RTM_NEWLINK - ifname wlan0, flags 0x1003 ([UP])
09-23 23:38:02.132 D/LOWI-9.0.0.87.a( 1344): [LOWINetlinkSocketReceiver] processNetlinkPacket: ifname(wlan0) status(1)
09-23 23:38:02.132 D/LOWI-9.0.0.87.a( 1344): [LOWIController] intfStateReceived: ifname(wlan0) state(1)
09-23 23:38:02.132 D/LOWI-9.0.0.87.a( 1344): [LOWIEventReceiver] handleEvent:FROM:NA, TO:NA, REQ:NA, IREQ:NA, REQ_ID:0, RESP:NA, INFO:INTF-STATUS-UPDATE
09-23 23:38:02.132 D/LOWI-9.0.0.87.a( 1344): [LOWIEventReceiver] Info to [INTF-STATUS-UPDATE]
09-23 23:38:02.132 D/LOWI-9.0.0.87.a( 1344): [LOWIController] updateIntfState: WIFI enabled 1 mNlWifiStatus 1 mWifiStateEnabled 1
09-23 23:38:02.132 D/LOWI-9.0.0.87.a( 1344): [LOWIController] isWifiEnabled: mNlWifiStatus 1 mWifiStateEnabled 1
09-23 23:38:02.133 I/EthernetTracker( 1487): interfaceLinkStateChanged, iface: wlan0, up: false
09-23 23:38:02.133 D/wpa_supplicant( 3444): nl80211: driver param='"no_rrm=1"'
09-23 23:38:02.133 D/wpa_supplicant( 3444): nl80211: Unsubscribe mgmt frames handle 0x3c8888f99c2d2ba9 (no_rrm=1)
09-23 23:38:02.134 D/wpa_supplicant( 3444): nl80211: Subscribe to mgmt frames with non-AP handle 0xb400007114a5a320
09-23 23:38:02.134 D/wpa_supplicant( 3444): nl80211: Register frame type=0xb0 (WLAN_FC_STYPE_AUTH) nl_handle=0xb400007114a5a320 match=0300 multicast=0
09-23 23:38:02.134 D/wpa_supplicant( 3444): nl80211: Register frame type=0xd0 (WLAN_FC_STYPE_ACTION) nl_handle=0xb400007114a5a320 match=0104 multicast=0
09-23 23:38:02.134 D/wpa_supplicant( 3444): nl80211: Register frame type=0xd0 (WLAN_FC_STYPE_ACTION) nl_handle=0xb400007114a5a320 match=040a multicast=0
09-23 23:38:02.135 D/wpa_supplicant( 3444): nl80211: Register frame type=0xd0 (WLAN_FC_STYPE_ACTION) nl_handle=0xb400007114a5a320 match=040b multicast=0
09-23 23:38:02.135 D/wpa_supplicant( 3444): nl80211: Register frame type=0xd0 (WLAN_FC_STYPE_ACTION) nl_handle=0xb400007114a5a320 match=040c multicast=0
09-23 23:38:02.135 D/wpa_supplicant( 3444): nl80211: Register frame type=0xd0 (WLAN_FC_STYPE_ACTION) nl_handle=0xb400007114a5a320 match=040d multicast=0
09-23 23:38:02.135 D/wpa_supplicant( 3444): nl80211: Register frame type=0xd0 (WLAN_FC_STYPE_ACTION) nl_handle=0xb400007114a5a320 match=090a multicast=0
09-23 23:38:02.135 D/wpa_supplicant( 3444): nl80211: Register frame type=0xd0 (WLAN_FC_STYPE_ACTION) nl_handle=0xb400007114a5a320 match=090b multicast=0
09-23 23:38:02.135 D/wpa_supplicant( 3444): nl80211: Register frame type=0xd0 (WLAN_FC_STYPE_ACTION) nl_handle=0xb400007114a5a320 match=090c multicast=0
09-23 23:38:02.135 D/wpa_supplicant( 3444): nl80211: Register frame type=0xd0 (WLAN_FC_STYPE_ACTION) nl_handle=0xb400007114a5a320 match=090d multicast=0
09-23 23:38:02.135 D/wpa_supplicant( 3444): nl80211: Register frame type=0xd0 (WLAN_FC_STYPE_ACTION) nl_handle=0xb400007114a5a320 match=0409506f9a09 multicast=0
09-23 23:38:02.135 D/wpa_supplicant( 3444): nl80211: Register frame type=0xd0 (WLAN_FC_STYPE_ACTION) nl_handle=0xb400007114a5a320 match=7f506f9a09 multicast=0
09-23 23:38:02.135 D/wpa_supplicant( 3444): nl80211: Register frame type=0xd0 (WLAN_FC_STYPE_ACTION) nl_handle=0xb400007114a5a320 match=0409506f9a1a multicast=0
09-23 23:38:02.135 D/wpa_supplicant( 3444): nl80211: Register frame type=0xd0 (WLAN_FC_STYPE_ACTION) nl_handle=0xb400007114a5a320 match=0801 multicast=0
09-23 23:38:02.135 D/wpa_supplicant( 3444): nl80211: Register frame type=0xd0 (WLAN_FC_STYPE_ACTION) nl_handle=0xb400007114a5a320 match=040e multicast=0
09-23 23:38:02.135 D/wpa_supplicant( 3444): nl80211: Register frame type=0xd0 (WLAN_FC_STYPE_ACTION) nl_handle=0xb400007114a5a320 match=12 multicast=0
09-23 23:38:02.135 D/wpa_supplicant( 3444): nl80211: Register frame type=0xd0 (WLAN_FC_STYPE_ACTION) nl_handle=0xb400007114a5a320 match=06 multicast=0
09-23 23:38:02.135 D/wpa_supplicant( 3444): nl80211: Register frame type=0xd0 (WLAN_FC_STYPE_ACTION) nl_handle=0xb400007114a5a320 match=0a07 multicast=0
09-23 23:38:02.135 D/wpa_supplicant( 3444): nl80211: Register frame type=0xd0 (WLAN_FC_STYPE_ACTION) nl_handle=0xb400007114a5a320 match=0a11 multicast=0
09-23 23:38:02.135 D/wpa_supplicant( 3444): nl80211: Register frame type=0xd0 (WLAN_FC_STYPE_ACTION) nl_handle=0xb400007114a5a320 match=0a0b multicast=0
09-23 23:38:02.135 D/wpa_supplicant( 3444): nl80211: Register frame type=0xd0 (WLAN_FC_STYPE_ACTION) nl_handle=0xb400007114a5a320 match=0a1a multicast=0
09-23 23:38:02.135 D/wpa_supplicant( 3444): nl80211: Register frame type=0xd0 (WLAN_FC_STYPE_ACTION) nl_handle=0xb400007114a5a320 match=1101 multicast=0
09-23 23:38:02.135 D/wpa_supplicant( 3444): nl80211: Register frame type=0xd0 (WLAN_FC_STYPE_ACTION) nl_handle=0xb400007114a5a320 match=1102 multicast=0
09-23 23:38:02.135 D/wpa_supplicant( 3444): nl80211: Register frame type=0xd0 (WLAN_FC_STYPE_ACTION) nl_handle=0xb400007114a5a320 match=0505 multicast=0
09-23 23:38:02.135 D/wpa_supplicant( 3444): nl80211: Register frame type=0xd0 (WLAN_FC_STYPE_ACTION) nl_handle=0xb400007114a5a320 match=1305 multicast=0
09-23 23:38:02.135 D/wpa_supplicant( 3444): Add interface wlan0 to a new radio phy0
09-23 23:38:02.136 D/wpa_supplicant( 3444): nl80211: Regulatory information - country=CN
09-23 23:38:02.136 D/wpa_supplicant( 3444): nl80211: 2402-2482 @ 40 MHz 20 mBm
09-23 23:38:02.136 D/wpa_supplicant( 3444): nl80211: 5170-5250 @ 80 MHz 23 mBm
09-23 23:38:02.136 D/wpa_supplicant( 3444): nl80211: 5250-5330 @ 80 MHz 23 mBm (DFS)
09-23 23:38:02.136 D/wpa_supplicant( 3444): nl80211: 5735-5835 @ 80 MHz 33 mBm
09-23 23:38:02.136 D/wpa_supplicant( 3444): nl80211: Added 802.11b mode based on 802.11g information
09-23 23:38:02.136 D/wpa_supplicant( 3444): nl80211: Mode IEEE 802.11g: 2412 2417 2422 2427 2432 2437 2442 2447 2452 2457 2462 2467 2472 2484[DISABLED]
09-23 23:38:02.136 D/wpa_supplicant( 3444): nl80211: Mode IEEE 802.11a: 5180 5200 5220 5240 5260[RADAR] 5280[RADAR] 5300[RADAR] 5320[RADAR] 5500[DISABLED] 5520[DISABLED] 5540[DISABLED] 5560[DISABLED] 5580[DISABLED] 5600[DISABLED] 5620[DISABLED] 5640[DISABLED]
09-23 23:38:02.136 D/wpa_supplicant( 3444): nl80211: Mode IEEE 802.11b: 2412 2417 2422 2427 2432 2437 2442 2447 2452 2457 2462 2467 2472 2484[DISABLED]
09-23 23:38:02.138 D/wpa_supplicant( 3444): wlan0: Own MAC address: 00:03:7f:12:28:71
09-23 23:38:02.138 D/wpa_supplicant( 3444): wpa_driver_nl80211_set_key: ifindex=17 (wlan0) alg=0 addr=0x0 key_idx=0 set_tx=0 seq_len=0 key_len=0 key_flag=0x10
09-23 23:38:02.138 D/wpa_supplicant( 3444): nl80211: DEL_KEY
09-23 23:38:02.138 D/wpa_supplicant( 3444): broadcast key
09-23 23:38:02.138 D/wpa_supplicant( 3444): wpa_driver_nl80211_set_key: ifindex=17 (wlan0) alg=0 addr=0x0 key_idx=1 set_tx=0 seq_len=0 key_len=0 key_flag=0x10
09-23 23:38:02.138 D/wpa_supplicant( 3444): nl80211: DEL_KEY
09-23 23:38:02.138 D/wpa_supplicant( 3444): broadcast key
09-23 23:38:02.138 D/wpa_supplicant( 3444): wpa_driver_nl80211_set_key: ifindex=17 (wlan0) alg=0 addr=0x0 key_idx=2 set_tx=0 seq_len=0 key_len=0 key_flag=0x10
09-23 23:38:02.138 D/wpa_supplicant( 3444): nl80211: DEL_KEY
09-23 23:38:02.138 D/wpa_supplicant( 3444): broadcast key
09-23 23:38:02.138 D/wpa_supplicant( 3444): wpa_driver_nl80211_set_key: ifindex=17 (wlan0) alg=0 addr=0x0 key_idx=3 set_tx=0 seq_len=0 key_len=0 key_flag=0x10
09-23 23:38:02.138 D/wpa_supplicant( 3444): nl80211: DEL_KEY
09-23 23:38:02.138 D/wpa_supplicant( 3444): broadcast key
09-23 23:38:02.138 D/wpa_supplicant( 3444): wpa_driver_nl80211_set_key: ifindex=17 (wlan0) alg=0 addr=0x0 key_idx=4 set_tx=0 seq_len=0 key_len=0 key_flag=0x10
09-23 23:38:02.138 D/wpa_supplicant( 3444): nl80211: DEL_KEY
09-23 23:38:02.138 D/wpa_supplicant( 3444): broadcast key
09-23 23:38:02.138 D/wpa_supplicant( 3444): wpa_driver_nl80211_set_key: ifindex=17 (wlan0) alg=0 addr=0x0 key_idx=5 set_tx=0 seq_len=0 key_len=0 key_flag=0x10
09-23 23:38:02.139 D/wpa_supplicant( 3444): nl80211: DEL_KEY
09-23 23:38:02.139 D/wpa_supplicant( 3444): broadcast key
09-23 23:38:02.139 D/wpa_supplicant( 3444): wlan0: RSN: flushing PMKID list in the driver
09-23 23:38:02.139 D/wpa_supplicant( 3444): nl80211: Flush PMKIDs
09-23 23:38:02.139 D/wpa_supplicant( 3444): wlan0: State: DISCONNECTED -> INACTIVE
09-23 23:38:02.139 D/wpa_supplicant( 3444): Notifying state change event to hidl control: 2
09-23 23:38:02.139 D/wpa_supplicant( 3444): TDLS: TDLS operation supported by driver
09-23 23:38:02.139 D/wpa_supplicant( 3444): TDLS: Driver uses external link setup
09-23 23:38:02.139 D/wpa_supplicant( 3444): TDLS: Driver does not support TDLS channel switching
09-23 23:38:02.146 D/wpa_supplicant( 3444): wlan0: WPS: UUID based on MAC address: d29dba5e-a5f8-5fbe-bdda-1365a370f13e
09-23 23:38:02.146 D/wpa_supplicant( 3444): EAPOL: SUPP_PAE entering state DISCONNECTED
09-23 23:38:02.146 D/wpa_supplicant( 3444): EAPOL: Supplicant port status: Unauthorized
09-23 23:38:02.146 D/wpa_supplicant( 3444): nl80211: Skip set_supp_port(unauthorized) while not associated
09-23 23:38:02.146 D/wpa_supplicant( 3444): EAPOL: KEY_RX entering state NO_KEY_RECEIVE
09-23 23:38:02.146 D/wpa_supplicant( 3444): EAPOL: SUPP_BE entering state INITIALIZE
09-23 23:38:02.146 D/wpa_supplicant( 3444): EAP: EAP entering state DISABLED
09-23 23:38:02.147 D/wpa_supplicant( 3444): Using existing control interface directory.
09-23 23:38:02.147 D/wpa_supplicant( 3444): nl80211: Setting wowlan
09-23 23:38:02.147 D/wpa_supplicant( 3444): MBO: Update non-preferred channels, non_pref_chan=N/A
09-23 23:38:02.147 D/wpa_supplicant( 3444): nl80211: Scan default IEs - hexdump(len=30): 7f 0b 00 00 0a 82 00 40 00 00 00 01 20 ff 03 02 00 ff dd 0a 50 6f 9a 16 03 01 03 65 01 01
09-23 23:38:02.147 D/wpa_supplicant( 3444): Registering interface to hidl control: wlan0
09-23 23:38:02.147 I/wpa_supplicant( 3444): Mapping to vendor sta iface
09-23 23:38:02.147 D/wpa_supplicant( 3444): wlan0: Added interface wlan0
09-23 23:38:02.147 D/wpa_supplicant( 3444): wlan0: State: INACTIVE -> DISCONNECTED
09-23 23:38:02.147 D/wpa_supplicant( 3444): nl80211: Set wlan0 operstate 0->0 (DORMANT)
09-23 23:38:02.147 D/wpa_supplicant( 3444): netlink: Operstate: ifindex=17 linkmode=-1 (no change), operstate=5 (IF_OPER_DORMANT)
09-23 23:38:02.147 D/wpa_supplicant( 3444): Notifying state change event to hidl control: 0
09-23 23:38:02.147 D/wpa_supplicant( 3444): RTM_NEWLINK: ifi_index=17 ifname=wlan0 operstate=2 linkmode=1 ifi_family=0 ifi_flags=0x1003 ([UP])
09-23 23:38:02.151 I/hwservicemanager( 514): getTransport: Cannot find entry android.hardware.wifi.supplicant@1.4::ISupplicant/default in either framework or device VINTF manifest.
09-23 23:38:02.153 D/SupplicantStaIfaceHal( 1487): Newer HAL is found, skip V1_2 remaining init flow.
09-23 23:38:02.153 D/SupplicantStaIfaceHal( 1487): Newer HAL is found, skip V1_1 remaining init flow.
09-23 23:38:02.153 D/SupplicantStaIfaceHal( 1487): Newer HAL is found, skip V1_0 remaining init flow.
09-23 23:38:02.153 E/SupplicantStaIfaceHal( 1487): Can't call vendor_setupIface, ISupplicantVendorStaIface is null
09-23 23:38:02.155 I/android_os_HwBinder( 1487): HwBinder: Starting thread pool for getting: vendor.qti.hardware.wifi.supplicant@2.0::ISupplicantVendor/default
09-23 23:38:02.155 E/SupplicantStaIfaceHal( 1487): Try to get Vendor HIDL@2.0 interface
09-23 23:38:02.156 I/wpa_supplicant( 3444): get vendor sta iface object
09-23 23:38:02.157 E/SupplicantStaIfaceHal( 1487): Successful get Vendor sta interface
09-23 23:38:02.158 I/hwservicemanager( 514): getTransport: Cannot find entry android.hardware.wifi.supplicant@1.4::ISupplicant/default in either framework or device VINTF manifest.
09-23 23:38:02.158 I/hwservicemanager( 514): getTransport: Cannot find entry android.hardware.wifi.supplicant@1.4::ISupplicant/default in either framework or device VINTF manifest.
09-23 23:38:02.160 I/hwservicemanager( 514): getTransport: Cannot find entry android.hardware.wifi.supplicant@1.4::ISupplicant/default in either framework or device VINTF manifest.
09-23 23:38:02.161 D/wpa_supplicant( 3444): Driver capability mask: 0x3
09-23 23:38:02.161 I/WifiNative( 1487): Successfully switched to connectivity mode on iface=Iface:{Name=wlan0,Id=0,Type=STA_CONNECTIVITY}
09-23 23:38:02.162 D/WifiClientModeManager[wlan0]( 1487): entering ConnectModeState, starting ClientModeImpl
09-23 23:38:02.168 D/WifiScoreReport( 1487): setShouldReduceNetworkScore=false mNetworkAgent is null? true
09-23 23:38:02.169 V/WifiClientModeManager[wlan0]( 1487): ClientModeManager started in role: Role: ROLE_CLIENT_PRIMARY, RequestorWs: WorkSource{1000 com.android.settings}, ModeListener: com.android.server.wifi.ActiveModeWarden$ClientListener@dd5e40b
09-23 23:38:02.170 D/WifiScanRequestProxy( 1487): Sending scan available broadcast: true
09-23 23:38:02.171 I/WifiScanRequestProxy( 1487): Scanning is enabled
09-23 23:38:02.171 I/WifiScanRequestProxy( 1487): Scanning for hidden networks is enabled
09-23 23:38:02.172 I/WifiScanningService( 1487): Received a request to enable scanning, UID = 1000
09-23 23:38:02.173 E/WifiHAL ( 859): wifi_get_gscan_capabilities: GSCAN is not supported by driver
09-23 23:38:02.174 E/WifiVendorHal( 1487): getBgScanCapabilities(l.853) failed {.code = ERROR_NOT_SUPPORTED, .description = }
09-23 23:38:02.178 I/WifiHAL ( 859): send oem msg of len : 112 to apps
09-23 23:38:02.178 D/WifiCountryCode( 1487): evaluateAllCmmStateAndApplyIfAllReady: {ConcreteClientModeManager{id=14791 iface=wlan0 role=ROLE_CLIENT_PRIMARY}=true}
09-23 23:38:02.179 D/LOWI-9.0.0.87.a( 1344): [LOWI-ROME-RTT] RomeWaitOnActivityOnSocketOrPipe: timed select over: TO: 5 retVal: 1
09-23 23:38:02.179 D/LOWI-9.0.0.87.a( 1344): [LOWI-ROME-RTT] event_handler: Valid data with length 80
09-23 23:38:02.179 D/LOWI-9.0.0.87.a( 1344): [LOWI-HELIUM-RTT] storeNLFragment: new fragment group, tokenid(2), adding 72 chars @position 0
09-23 23:38:02.179 D/LOWI-9.0.0.87.a( 1344): [LOWI-HELIUM-RTT] RomeNLRecvMessage: The Received OEMSubType: RTT_MSG_SUBTYPE_CAPABILITY_RSP
09-23 23:38:02.179 D/LOWI-9.0.0.87.a( 1344): [LOWI-HELIUM-RTT] RomeNLRecvMessage: The Received RomeMsgType: ROME_RANGING_CAP_MSG
09-23 23:38:02.179 D/LOWI-9.0.0.87.a( 1344): [LOWIRangingFSM] FSM: Received Event EVENT_RANGING_CAP_INFO, Current state: STATE_WAITING_FOR_RANGING_CAP
09-23 23:38:02.179 D/LOWI-9.0.0.87.a( 1344): [LOWIWifiTlvHandler] processRspHeadTlv: reqId(1) measDone(1) rttStatus(RTT_STATUS_SUCCESS) subtype(RTT_MSG_SUBTYPE_CAPABILITY_RSP) isFrag(0) fragIdx(0) fragLen(0) tknId(0)
09-23 23:38:02.179 D/LOWI-9.0.0.87.a( 1344): [LOWIWifiTlvHandler] checkTlvTag: Processing idx(0) received TLV: wmi_rtt_oem_rsp_head
09-23 23:38:02.179 D/LOWI-9.0.0.87.a( 1344): [LOWIWifiTlvHandler] processIfPeerEvtHdrTag: Invalid Tag(33), not added to vector mPeerIdx(0)
09-23 23:38:02.179 D/LOWI-9.0.0.87.a( 1344): [LOWIWifiTlvHandler] processIfPerFrmInfoTag: Invalid Tag(33) measurement not added for peer(0)
09-23 23:38:02.179 D/LOWI-9.0.0.87.a( 1344): [LOWIWifiTlvHandler] checkTlvTag: Processing idx(1) received TLV: wmi_rtt_oem_cap_rsp_head
09-23 23:38:02.179 D/LOWI-9.0.0.87.a( 1344): [LOWIWifiTlvHandler] processIfPeerEvtHdrTag: Invalid Tag(35), not added to vector mPeerIdx(0)
09-23 23:38:02.179 D/LOWI-9.0.0.87.a( 1344): [LOWIWifiTlvHandler] processIfPerFrmInfoTag: Invalid Tag(35) measurement not added for peer(0)
09-23 23:38:02.179 D/LOWI-9.0.0.87.a( 1344): [LOWIWifiTlvHandler] checkTlvTag: Processing idx(2) received TLV: wmi_rtt_oem_cap_rsp_event
09-23 23:38:02.179 D/LOWI-9.0.0.87.a( 1344): [LOWIWifiTlvHandler] processIfPeerEvtHdrTag: Invalid Tag(36), not added to vector mPeerIdx(0)
09-23 23:38:02.179 D/LOWI-9.0.0.87.a( 1344): [LOWIWifiTlvHandler] processIfPerFrmInfoTag: Invalid Tag(36) measurement not added for peer(0)
09-23 23:38:02.179 D/LOWI-9.0.0.87.a( 1344): [LOWIWifiTlvHandler] printBssidInfo: No peer info from processing TLVs
09-23 23:38:02.179 D/LOWI-9.0.0.87.a( 1344): [LOWI-HELIUM-RTT] parseRttCapabilitiesMsg: Skipping wmi_rtt_oem_rsp_head
09-23 23:38:02.179 D/LOWI-9.0.0.87.a( 1344): [LOWI-HELIUM-RTT] parseRttCapabilitiesMsg: parsing wmi_rtt_oem_cap_rsp_head TLVversion(0x3) major(0x0) minor(0x10001) serviceBitMask[0](0x0) serviceBitMask[1](0x0) serviceBitMask[2](0x0) serviceBitMask[3](0x0)
09-23 23:38:02.179 D/LOWI-9.0.0.87.a( 1344): [LOWI-HELIUM-RTT] parseRttCapabilitiesMsg: parsing wmi_rtt_oem_cap_rsp_event TLVrangingTypeMask(5) supportedFramesMask(11) maxDestPerReq(10) maxMeasPerDest(31) maxChannelsAllowed(1) maxBwAllowed(2) preambleSupportedMask(7) reportTypeSupportedMask(15) maxRfChains(3) facTypeMask(2) numPhys(1) fwMultiBurstSupport(1)
09-23 23:38:02.179 D/LOWI-9.0.0.87.a( 1344): [LOWIRangingFSM] FSM: New FSM state: STATE_READY_AND_IDLE
09-23 23:38:02.179 D/LOWI-9.0.0.87.a( 1344): [LOWI-ROME-RTT] RomeWaitOnActivityOnSocketOrPipe: issue blocking select
09-23 23:38:02.179 D/WifiCountryCode( 1487): Reading country code from telephony
09-23 23:38:02.182 D/WifiCountryCode( 1487): Set telephony country code to:
09-23 23:38:02.182 D/wpa_supplicant( 3444): nl80211: Event message available
09-23 23:38:02.182 D/WifiCountryCode( 1487): updateCountryCode to null
09-23 23:38:02.182 D/wpa_supplicant( 3444): nl80211: Drv Event 103 (NL80211_CMD_VENDOR) received for wlan0
09-23 23:38:02.182 D/wpa_supplicant( 3444): nl80211: Vendor event: wiphy=0 vendor_id=0x1374 subcmd=12
09-23 23:38:02.182 D/wpa_supplicant( 3444): nl80211: Vendor data - hexdump(len=92): 5c 00 02 00 21 02 58 00 00 00 03 00 00 00 00 00 00 00 00 00 01 00 00 00 06 00 00 00 06 00 00 00 ...
09-23 23:38:02.182 D/wpa_supplicant( 3444): nl80211: Ignore unsupported QCA vendor event 12
09-23 23:38:02.182 D/LOWI-9.0.0.87.a( 1344): [LOWI-Scan] wait_event:Wait done with Cmd 103
09-23 23:38:02.182 D/LOWI-9.0.0.87.a( 1344): [LOWI-Scan] do_listen_events: Rcvd valid Netlink Cmd 0 Err 0
09-23 23:38:02.182 I/cnss-daemon( 1257): nl80211 response handler invoked
09-23 23:38:02.182 D/WakeupController( 1487): onWifiEnabled()
09-23 23:38:02.182 I/cnss-daemon( 1257): nl80211_response_handler: cmd 103, vendorID 4980, subcmd 12 received
09-23 23:38:02.182 I/WifiHAL ( 859): event received NL80211_CMD_VENDOR, vendor_id = 0x1374, subcmd = 0xc
09-23 23:38:02.182 D/WifiHAL ( 859): NanErrorTranslation: Status: 0 Error Info[value 0]: NAN status success
09-23 23:38:02.182 I/WifiHAL ( 859): handleNanResponse ret:0 status:0 value:NAN status success response_type:12
09-23 23:38:02.182 W/WifiClientModeImpl( 1487): No cached packet filter to apply
09-23 23:38:02.183 I/WifiScanningService( 1487): Created a new impl for wlan0
09-23 23:38:02.185 D/WifiP2pService( 1487): Wifi enabled=true
09-23 23:38:02.185 D/wpa_supplicant( 3444): parse_get_feature_info: driver supported feature info = 2523
09-23 23:38:02.185 D/WifiClientModeManager( 1487): output of doDriverCmd for concurrent band = 2523
09-23 23:38:02.186 D/WifiClientModeImpl[wlan0]( 1487): entering ConnectableState: ifaceName = wlan0
09-23 23:38:02.186 D/SettingMicroservices( 1981): WifiReceiver:
09-23 23:38:02.186 D/SettingMicroservices( 1981): WifiReceiver WIFI_STATE_ENABLED:
09-23 23:38:02.186 D/wpa_supplicant( 3444): wpa_driver_nl80211_driver_cmd SETSUSPENDMODE 1 len = 0, 4096
09-23 23:38:02.187 D/WifiClientModeImpl[wlan0]( 1487): Start makeIpClient ifaceName = wlan0
09-23 23:38:02.187 E/WifiHAL ( 859): error_handler_nan: Error code:-22 (Invalid argument)
09-23 23:38:02.187 E/WifiHAL ( 859): nan_disable_request: requestEvent Error:-5
09-23 23:38:02.187 E/WifiHAL ( 859): error_handler_nan: Error code:-22 (Invalid argument)
09-23 23:38:02.187 E/WifiHAL ( 859): nan_data_interface_delete: requestEvent Error:-5
09-23 23:38:02.187 E/WifiHAL ( 859): error_handler_nan: Error code:-22 (Invalid argument)
09-23 23:38:02.187 E/WifiHAL ( 859): nan_data_interface_delete: requestEvent Error:-5
09-23 23:38:02.189 I/WifiScanningService( 1487): wifi driver loaded with scan capabilities: max buckets=16
09-23 23:38:02.199 I/WifiClientModeImpl[wlan0]( 1487): disconnectedstate enter
09-23 23:38:02.199 D/WifiClientModeImpl[wlan0]( 1487): setupClientMode() ifacename = wlan0
09-23 23:38:02.217 D/LOWI-9.0.0.87.a( 1344): [LOWINetlinkSocketReceiver] unpackRTMLinkMessage: RTM_NEWLINK - ifname wifi-aware0, flags 0x1002 ()
09-23 23:38:02.218 I/EthernetTracker( 1487): interfaceLinkStateChanged, iface: wifi-aware0, up: false
09-23 23:38:02.221 E/IpClient.wlan0( 1956): Failed to set accept_ra to 2
09-23 23:38:02.261 D/LOWI-9.0.0.87.a( 1344): [LOWINetlinkSocketReceiver] unpackRTMLinkMessage: RTM_NEWLINK - ifname wlan0, flags 0x1002 ()
09-23 23:38:02.261 D/LOWI-9.0.0.87.a( 1344): [LOWINetlinkSocketReceiver] processNetlinkPacket: ifname(wlan0) status(0)
09-23 23:38:02.261 D/LOWI-9.0.0.87.a( 1344): [LOWIController] intfStateReceived: ifname(wlan0) state(0)
09-23 23:38:02.262 D/LOWI-9.0.0.87.a( 1344): [LOWIEventReceiver] handleEvent:FROM:NA, TO:NA, REQ:NA, IREQ:NA, REQ_ID:0, RESP:NA, INFO:INTF-STATUS-UPDATE
09-23 23:38:02.262 D/LOWI-9.0.0.87.a( 1344): [LOWIEventReceiver] Info to [INTF-STATUS-UPDATE]
09-23 23:38:02.262 D/LOWI-9.0.0.87.a( 1344): [LOWIController] updateIntfState: WIFI enabled 0 mNlWifiStatus 1 mWifiStateEnabled 1
09-23 23:38:02.262 D/LOWI-9.0.0.87.a( 1344): [LOWIController] isWifiEnabled: mNlWifiStatus 0 mWifiStateEnabled 1
09-23 23:38:02.262 I/LOWI-9.0.0.87.a( 1344): [LOWIController] isWifiEnabled: Wifi is now disabled
09-23 23:38:02.262 D/LOWI-9.0.0.87.a( 1344): [LOWIController] terminateScanResultReceiver
09-23 23:38:02.262 I/EthernetTracker( 1487): interfaceLinkStateChanged, iface: wlan0, up: false
09-23 23:38:02.263 D/LOWI-9.0.0.87.a( 1344): [LOWI-Scan] wips_wait_on_nl_socket: read returned 6, Received string: Close
09-23 23:38:02.263 D/LOWI-9.0.0.87.a( 1344): [LOWI-Scan] do_listen_events: Select Error return - -301
09-23 23:38:02.263 D/LOWI-9.0.0.87.a( 1344): [LOWI-Scan] No dump done. Error -301
09-23 23:38:02.263 D/LOWI-9.0.0.87.a( 1344): [LOWI-Scan] WipsScanUsingNL: passive scan cached 0, took 316 ms, err -301
09-23 23:38:02.263 D/LOWI-9.0.0.87.a( 1344): [LOWI-Scan] lowi_proc_req_passive_scan_with_live_meas - No WLAN Frames to be parsed
09-23 23:38:02.263 D/LOWI-9.0.0.87.a( 1344): [LOWIWifiDriverInterface] Scan terminated for passive listening request
09-23 23:38:02.263 I/LOWI-9.0.0.87.a( 1344): [LOWIScanResultReceiver] Thread terminate was requested
09-23 23:38:02.263 D/LOWI-9.0.0.87.a( 1344): [LOWI-Scan] Closing the pipe
09-23 23:38:02.263 D/LOWI-9.0.0.87.a( 1344): [LOWIScanResultReceiver] After join complete
09-23 23:38:02.263 D/LOWI-9.0.0.87.a( 1344): [LOWI-ROME-RTT] RomeUnblockRangingThread
09-23 23:38:02.263 D/LOWI-9.0.0.87.a( 1344): [LOWI-ROME-RTT] RomeWaitOnActivityOnSocketOrPipe: Ranging thread Received string: Close, request socket shutdown
09-23 23:38:02.264 D/LOWI-9.0.0.87.a( 1344): [LOWIRangingFSM] FSM: Received Terminate Thread request from Controller
09-23 23:38:02.264 I/LOWI-9.0.0.87.a( 1344): [LOWIScanResultReceiver] Thread terminate was requested
09-23 23:38:02.264 D/LOWI-9.0.0.87.a( 1344): [LOWI-ROME-RTT] Closing the Ranging pipe
09-23 23:38:02.264 D/LOWI-9.0.0.87.a( 1344): [LOWIScanResultReceiver] After join complete
09-23 23:38:02.264 D/LOWI-9.0.0.87.a( 1344): [LOWIController] terminateWifiDriver
09-23 23:38:02.264 I/CLD80211( 1344): lowi-server: Sent msg on exit sock to unblock poll()
09-23 23:38:02.269 D/LOWI-9.0.0.87.a( 1344): [LOWINetlinkSocketReceiver] unpackRTMLinkMessage: RTM_NEWLINK - ifname wlan0, flags 0x1002 ()
09-23 23:38:02.269 D/LOWI-9.0.0.87.a( 1344): [LOWINetlinkSocketReceiver] processNetlinkPacket: ifname(wlan0) status(0)
09-23 23:38:02.269 D/LOWI-9.0.0.87.a( 1344): [LOWIController] intfStateReceived: ifname(wlan0) state(0)
09-23 23:38:02.269 D/LOWI-9.0.0.87.a( 1344): [LOWIEventReceiver] handleEvent:FROM:NA, TO:NA, REQ:NA, IREQ:NA, REQ_ID:0, RESP:NA, INFO:INTF-STATUS-UPDATE
09-23 23:38:02.269 D/LOWI-9.0.0.87.a( 1344): [LOWIEventReceiver] Info to [INTF-STATUS-UPDATE]
09-23 23:38:02.269 D/LOWI-9.0.0.87.a( 1344): [LOWIController] updateIntfState: WIFI enabled 0 mNlWifiStatus 0 mWifiStateEnabled 0
09-23 23:38:02.269 D/LOWI-9.0.0.87.a( 1344): [LOWIController] isWifiEnabled: mNlWifiStatus 0 mWifiStateEnabled 0
09-23 23:38:02.270 I/EthernetTracker( 1487): interfaceLinkStateChanged, iface: wlan0, up: false
09-23 23:38:02.272 D/LOWI-9.0.0.87.a( 1344): [LOWINetlinkSocketReceiver] unpackRTMLinkMessage: RTM_NEWLINK - ifname wlan0, flags 0x1003 ([UP])
09-23 23:38:02.272 D/LOWI-9.0.0.87.a( 1344): [LOWINetlinkSocketReceiver] processNetlinkPacket: ifname(wlan0) status(1)
09-23 23:38:02.272 D/LOWI-9.0.0.87.a( 1344): [LOWIController] intfStateReceived: ifname(wlan0) state(1)
09-23 23:38:02.272 D/LOWI-9.0.0.87.a( 1344): [LOWIEventReceiver] handleEvent:FROM:NA, TO:NA, REQ:NA, IREQ:NA, REQ_ID:0, RESP:NA, INFO:INTF-STATUS-UPDATE
09-23 23:38:02.272 D/LOWI-9.0.0.87.a( 1344): [LOWIEventReceiver] Info to [INTF-STATUS-UPDATE]
09-23 23:38:02.272 D/LOWI-9.0.0.87.a( 1344): [LOWIController] updateIntfState: WIFI enabled 1 mNlWifiStatus 0 mWifiStateEnabled 0
09-23 23:38:02.272 D/LOWI-9.0.0.87.a( 1344): [LOWIController] isWifiEnabled: mNlWifiStatus 1 mWifiStateEnabled 0
09-23 23:38:02.272 I/LOWI-9.0.0.87.a( 1344): [LOWIController] isWifiEnabled: Wifi is now enabled
09-23 23:38:02.272 D/LOWI-9.0.0.87.a( 1344): [LOWIController] terminateScanResultReceiver
09-23 23:38:02.273 I/EthernetTracker( 1487): interfaceLinkStateChanged, iface: wlan0, up: false
09-23 23:38:02.279 D/LOWI-9.0.0.87.a( 1344): [LOWIWpaInterface] OpenCtrl]61 Success for mCtrl
09-23 23:38:02.279 D/LOWI-9.0.0.87.a( 1344): [LOWI-Scan] nl80211_init:SUCCESS
09-23 23:38:02.282 D/LOWI-9.0.0.87.a( 1344): [LOWI-Scan] nl_get_wiphy_info, done err = 0
09-23 23:38:02.282 I/LOWI-9.0.0.87.a( 1344): [LOWI-Scan] WipsGetSupportedChannels: return err = 0 num_2g_ch = 13 num_5g_ch = 13 num_6g_ch = 0
09-23 23:38:02.282 I/LOWI-9.0.0.87.a( 1344): [LOWIWifiDriverUtils] set the band mask from wiphy 3
09-23 23:38:02.282 D/LOWI-9.0.0.87.a( 1344): [LOWIWifiDriverUtils] getWiFiIdentityFromIoctl: ioctl(GET_MAC_ADDR) return: 0, Mac = ba:a0:ac:d2:9e:77
09-23 23:38:02.284 I/LOWI-9.0.0.87.a( 1344): [LOWI-ROME-RTT] RomeWipsOpen: libCld80211 found, load the symbols..
09-23 23:38:02.284 I/CLD80211( 1344): lowi-server: initialized exit socket pair
09-23 23:38:02.284 D/LOWI-9.0.0.87.a( 1344): [LOWI-ROME-RTT] cld80211InitAndRegister: Init and Registration done
09-23 23:38:02.284 D/LOWI-9.0.0.87.a( 1344): [LOWIController] createWifiDriver: wifi driver created.
09-23 23:38:02.284 D/LOWI-9.0.0.87.a( 1344): [LOWIController] getWifiCapabilities
09-23 23:38:02.284 D/LOWI-9.0.0.87.a( 1344): [LOWIController] passContConfig
09-23 23:38:02.284 I/LOWI-9.0.0.87.a( 1344): [LOWIWifiDriverUtils] return band_mask based on wiphy 3
09-23 23:38:02.284 D/LOWI-9.0.0.87.a( 1344): [LOWIControllerExtn] createScanResultReceiver: scanbitmask(0x26)
09-23 23:38:02.284 D/LOWI-9.0.0.87.a( 1344): [LOWIController] createScanResultReceiver: Capabilities: discovery(1), ranging(1), bgscan(0), scanbitmask(0x26)
09-23 23:38:02.284 I/WifiVendorHal( 1487): Driver: 5.2.022.10G Firmware: FW:1.0.1.0.1313.0 HW:HW_VERSION=ffffffff.
09-23 23:38:02.285 D/LOWI-9.0.0.87.a( 1344): [LOWIController] created scanReceiver successfully
09-23 23:38:02.285 D/LOWI-9.0.0.87.a( 1344): [LOWIController] created scanReceiver successfully
09-23 23:38:02.285 D/LOWI-9.0.0.87.a( 1344): [LOWI-ROME-RTT] Creating pipe to Ranging Thread
09-23 23:38:02.285 D/LOWI-9.0.0.87.a( 1344): [LOWIScanResultReceiver] Enter passive listening mode
09-23 23:38:02.285 D/CCodecBufferChannel( 1208): [c2.android.vorbis.decoder#882] buffers after EOS ignored (0 us)
09-23 23:38:02.285 D/LOWI-9.0.0.87.a( 1344): [LOWIRangingFSM] FSM: Received Event EVENT_START_THREAD, Current state: STATE_IDLE_START
09-23 23:38:02.285 I/WifiHAL ( 859): send_nl_data: sent cld80211 msg of len: 48 to driver
09-23 23:38:02.286 D/CCodecBufferChannel( 1208): [c2.android.vorbis.decoder#882] buffers after EOS ignored (0 us)
09-23 23:38:02.286 I/WifiHAL ( 859): send oem msg of len : 40 to apps
09-23 23:38:02.286 D/LOWI-9.0.0.87.a( 1344): [LOWI-ROME-RTT] send_cld80211_nlmsg: sent cld80211 message for pid 1344
09-23 23:38:02.286 D/LOWI-9.0.0.87.a( 1344): [LOWIRangingFSM] FSM: New FSM state: STATE_IDLE_START
09-23 23:38:02.286 D/LOWI-9.0.0.87.a( 1344): [LOWI-ROME-RTT] RomeWaitOnActivityOnSocketOrPipe: issue timed select: TO: 5
09-23 23:38:02.286 D/LOWI-9.0.0.87.a( 1344): [LOWI-ROME-RTT] RomeWaitOnActivityOnSocketOrPipe: timed select over: TO: 5 retVal: 1
09-23 23:38:02.286 D/LOWI-9.0.0.87.a( 1344): [LOWI-ROME-RTT] event_handler: Valid data with length 11
09-23 23:38:02.286 D/LOWI-9.0.0.87.a( 1344): [LOWI-HELIUM-RTT] RomeNLRecvMessage: The Received RomeMsgType: ROME_REG_RSP_MSG
09-23 23:38:02.286 D/LOWI-9.0.0.87.a( 1344): [LOWIRangingFSM] FSM: Received Event EVENT_REGISTRATION_SUCCESS, Current state: STATE_IDLE_START
09-23 23:38:02.286 D/LOWI-9.0.0.87.a( 1344): [LOWI-ROME-RTT] RomeExtractRegRsp: driver support nl packing for oem data
09-23 23:38:02.286 I/LOWI-9.0.0.87.a( 1344): [LOWI-ROME-RTT] RomeExtractRegRsp: nl format oem data enabled
09-23 23:38:02.286 D/LOWI-9.0.0.87.a( 1344): [LOWI-ROME-RTT] RomeExtractRegRsp: Registered with CLD, 1 vDevs. Using 0 for STA
09-23 23:38:02.286 I/WifiHAL ( 859): send_nl_data: sent cld80211 msg of len: 32 to driver
09-23 23:38:02.286 I/WifiHAL ( 859): send oem msg of len : 148 to apps
09-23 23:38:02.286 D/LOWI-9.0.0.87.a( 1344): [LOWI-ROME-RTT] send_oem_nl_msg: sent cld80211 message with subcmd: 3
09-23 23:38:02.286 D/LOWI-9.0.0.87.a( 1344): [LOWIRangingFSM] FSM: New FSM state: STATE_WAITING_OEM_CAP
09-23 23:38:02.286 D/LOWI-9.0.0.87.a( 1344): [LOWI-ROME-RTT] RomeWaitOnActivityOnSocketOrPipe: issue timed select: TO: 5
09-23 23:38:02.286 D/AudioTrack( 1208): stop(31): called with 82980 frames delivered
09-23 23:38:02.286 D/LOWI-9.0.0.87.a( 1344): [LOWI-ROME-RTT] RomeWaitOnActivityOnSocketOrPipe: timed select over: TO: 5 retVal: 1
09-23 23:38:02.286 D/LOWI-9.0.0.87.a( 1344): [LOWI-ROME-RTT] event_handler: Valid data with length 116
09-23 23:38:02.286 D/LOWI-9.0.0.87.a( 1344): [LOWI-HELIUM-RTT] RomeNLRecvMessage: The Received RomeMsgType: ROME_OEM_CAP_MSG
09-23 23:38:02.286 D/LOWI-9.0.0.87.a( 1344): [LOWIRangingFSM] FSM: Received Event EVENT_OEM_CAP_INFO, Current state: STATE_WAITING_OEM_CAP
09-23 23:38:02.286 D/LOWI-9.0.0.87.a( 1344): [LOWI-ROME-RTT] RomeExtractOemCapabilities: oem_target_signature(QUALCOMM) oem_target_type(23)oem_fw_version(270140705) driver_version(0xa120205)
