09-23 23:39:01.122 I/EffectsFactory( 815): EffectCreate() create_effect
09-23 23:39:01.125 E/volume_listener( 815): check_and_set_gain_dep_cal: Failed to set gain dep cal level
09-23 23:39:01.126 D/audio_hw_primary( 815): start_output_stream: enter: stream(0xe5dc0010)usecase(1: low-latency-playback) devices(0x2) is_haptic_usecase(0)
09-23 23:39:01.126 E/ANDR-PERF-TARGET( 873): Error: Invalid logical cluster id 0
09-23 23:39:01.126 E/ANDR-PERF-REQUEST( 873): invalid request
09-23 23:39:01.126 E/ANDR-PERF-MPCTL( 873): invalid request, no optimizations performed
09-23 23:39:01.126 E/audio_hw_extn( 815): audio_extn_perf_lock_acquire: Failed to acquire perf lock, err: -1
09-23 23:39:01.126 D/audio_hw_primary( 815): select_devices for use case (low-latency-playback)
09-23 23:39:01.126 I/msm8974_platform( 815): platform_check_and_set_codec_backend_cfg:becf: afe: bitwidth 16, samplerate 48000 channels 2, backend_idx 0 usecase = 1 device (speaker)
09-23 23:39:01.126 D/msm8974_platform( 815): platform_split_snd_device: snd_device(2) num devices(1) new_snd_devices(0)
09-23 23:39:01.126 I/msm8974_platform( 815): platform_check_and_set_codec_backend_cfg: new_snd_devices[0] is 2
09-23 23:39:01.126 I/msm8974_platform( 815): platform_check_codec_backend_cfg:becf: afe: bitwidth 16, samplerate 48000 channels 2, backend_idx 0 usecase = 1 device (speaker)
09-23 23:39:01.128 D/audio_hw_extn( 815): audio_extn_enable_hifi_filter: mixer_value set 0
09-23 23:39:01.128 D/msm8974_platform( 815): platform_check_codec_backend_cfg:becf: updated afe: bitwidth 16, samplerate 48000 channels 2,backend_idx 0 usecase = 1 device (speaker)
09-23 23:39:01.128 D/msm8974_platform( 815): platform_check_codec_backend_cfg:becf: afe: playback on codec device not supporting native playback set default Sample Rate(48k)
09-23 23:39:01.128 I/msm8974_platform( 815): platform_check_codec_backend_cfg:becf: afe: Codec selected backend: 0 updated bit width: 16 and sample rate: 48000
09-23 23:39:01.128 D/audio_hw_primary( 815): check_usecases_codec_backend:becf: force routing 0
09-23 23:39:01.128 E/msm8974_platform( 815): platform_check_backends_match: Invalid snd_device =
09-23 23:39:01.128 D/audio_hw_primary( 815): check_usecases_codec_backend:becf: (78) check_usecases curr device: speaker, usecase device: backends match 0
09-23 23:39:01.128 D/audio_hw_primary( 815): check_usecases_codec_backend:becf: check_usecases num.of Usecases to switch 0
09-23 23:39:01.128 D/hardware_info( 815): hw_info_append_hw_type : device_name = speaker
09-23 23:39:01.128 D/msm8974_platform( 815): platform_split_snd_device: snd_device(2) num devices(0) new_snd_devices(0)
09-23 23:39:01.128 D/audio_hw_primary( 815): enable_snd_device: snd_device(2: speaker)
09-23 23:39:01.128 D/msm8974_platform( 815): platform_get_island_cfg_on_device:island cfg status on snd_device = (speaker 0)
09-23 23:39:01.128 I/soundtrigger( 815): audio_extn_sound_trigger_update_device_status: device 0x2 of type 0 for Event 1, with Raise=0
09-23 23:39:01.128 D/audio_route( 815): Apply path: speaker
09-23 23:39:01.128 I/audio_hw_utils( 815): audio_extn_utils_update_stream_output_app_type_cfg Allowing 24 and above bits playback on speaker ONLY at default sampling rate
09-23 23:39:01.128 E/soundtrigger( 815): audio_extn_sound_trigger_update_stream_status: invalid input device 0x0, for event 3
09-23 23:39:01.128 D/soundtrigger( 815): audio_extn_sound_trigger_update_stream_status: uc_info->id 1 of type 0 for Event 3, with Raise=0
09-23 23:39:01.128 D/audio_hw_utils( 815): audio_extn_utils_send_app_type_cfg: usecase->out_snd_device speaker
09-23 23:39:01.128 D/msm8974_platform( 815): platform_split_snd_device: snd_device(2) num devices(0) new_snd_devices(0)
09-23 23:39:01.128 D/audio_hw_utils( 815): audio_extn_btsco_get_sample_rate:Not a BT SCO device, need not update sampling rate
09-23 23:39:01.128 I/audio_hw_utils( 815): send_app_type_cfg_for_device PLAYBACK app_type 69937, acdb_dev_id 15, sample_rate 48000, snd_device_be_idx 179
09-23 23:39:01.129 D/msm8974_platform( 815): platform_split_snd_device: snd_device(2) num devices(1) new_snd_devices(0)
09-23 23:39:01.129 D/audio_hw_utils( 815): audio_extn_btsco_get_sample_rate:Not a BT SCO device, need not update sampling rate
09-23 23:39:01.129 D/ACDB-LOADER( 815): ACDB -> send_audio_cal, acdb_id = 15, path = 0, app id = 0x11131, sample rate = 48000, afe_sample_rate = 48000
09-23 23:39:01.129 D/ACDB-LOADER( 815): ACDB -> send_asm_topology
09-23 23:39:01.129 D/ACDB-LOADER( 815): ACDB -> ACDB_CMD_GET_AUDPROC_STREAM_TOPOLOGY_ID
09-23 23:39:01.129 D/ACDB-LOADER( 815): ACDB -> send_adm_topology
09-23 23:39:01.129 D/ACDB-LOADER( 815): ACDB -> ACDB_CMD_GET_AUDPROC_COMMON_TOPOLOGY_ID
09-23 23:39:01.129 D/ACDB-LOADER( 815): ACDB -> send_audtable
09-23 23:39:01.129 D/ACDB-LOADER( 815): ACDB -> ACDB_CMD_GET_AUDPROC_INSTANCE_COMMON_TABLE_SIZE
09-23 23:39:01.129 D/ACDB-LOADER( 815): ACDB -> ACDB_CMD_GET_AUDPROC_INSTANCE_COMMON_TABLE
09-23 23:39:01.129 D/ACDB-LOADER( 815): ACDB -> AUDIO_SET_AUDPROC_CAL cal_type[11] acdb_id[15] app_type[69937]
09-23 23:39:01.129 D/ACDB-LOADER( 815): ACDB -> send_audvoltable
09-23 23:39:01.129 D/ACDB-LOADER( 815): ACDB -> ACDB_CMD_GET_AUDPROC_INSTANCE_GAIN_DEP_STEP_TABLE_SIZE
09-23 23:39:01.129 D/ACDB-LOADER( 815): ACDB -> ACDB_CMD_GET_AUDPROC_INSTANCE_GAIN_DEP_STEP_TABLE, vol index 0
09-23 23:39:01.129 D/ACDB-LOADER( 815): ACDB -> AUDIO_SET_VOL_CAL cal type = 12
09-23 23:39:01.129 D/ACDB-LOADER( 815): ACDB -> ACDB_CMD_GET_AUDPROC_INSTANCE_STREAM_TABLE_SIZE
09-23 23:39:01.129 D/ACDB-LOADER( 815): ACDB -> send_audstrmtable
09-23 23:39:01.129 D/ACDB-LOADER( 815): ACDB -> ACDB_CMD_GET_AUDPROC_INSTANCE_STREAM_TABLE
09-23 23:39:01.129 D/ACDB-LOADER( 815): ACDB -> audstrm_cal->cal_type.cal_data.cal_size = 20
09-23 23:39:01.129 D/ACDB-LOADER( 815): ACDB -> send_afe_topology
09-23 23:39:01.129 D/ACDB-LOADER( 815): ACDB -> ACDB_CMD_GET_AFE_TOPOLOGY_ID
09-23 23:39:01.129 D/ACDB-LOADER( 815): ACDB -> GET_AFE_TOPOLOGY_ID for adcd_id 15, Topology Id 112fc
09-23 23:39:01.129 D/ACDB-LOADER( 815): ACDB -> send_afe_cal
09-23 23:39:01.129 D/ACDB-LOADER( 815): ACDB -> ACDB_CMD_GET_AFE_INSTANCE_COMMON_TABLE_SIZE
09-23 23:39:01.129 D/android.hardware.audio.service( 815): Failed to fetch the lookup information of the device 0000000F
09-23 23:39:01.129 D/ACDB-LOADER( 815): Error: ACDB_CMD_GET_AFE_INSTANCE_COMMON_TABLE_SIZE Returned = -19
09-23 23:39:01.129 D/ACDB-LOADER( 815): ACDB -> ACDB_CMD_GET_AFE_INSTANCE_COMMON_TABLE
09-23 23:39:01.129 D/android.hardware.audio.service( 815): Failed to fetch the lookup information of the device 0000000F
09-23 23:39:01.129 D/ACDB-LOADER( 815): Error: ACDB AFE returned = -19
09-23 23:39:01.129 D/ACDB-LOADER( 815): ACDB -> AUDIO_SET_AFE_CAL cal_type[16] acdb_id[15]
09-23 23:39:01.129 D/ACDB-LOADER( 815): ACDB -> send_hw_delay : acdb_id = 15 path = 0
09-23 23:39:01.129 D/ACDB-LOADER( 815): ACDB -> ACDB_AVSYNC_INFO: ACDB_CMD_GET_DEVICE_PROPERTY
09-23 23:39:01.129 D/msm8974_platform( 815): platform_split_snd_device: snd_device(2) num devices(0) new_snd_devices(0)
09-23 23:39:01.129 I/msm8974_platform( 815): platform_get_custom_mtmx_params: no matching param with id 0 ip_ch 2 op_ch 2 uc_id 1 snd_dev 2
09-23 23:39:01.129 D/audio_hw_primary( 815): enable_audio_route: apply mixer and update path: low-latency-playback
09-23 23:39:01.129 D/audio_route( 815): Apply path: low-latency-playback
09-23 23:39:01.130 D/Avrcp_ext( 1836): AudioManager Player: AudioPlaybackConfiguration piid:103 deviceId:0 type:android.media.SoundPool u/pid:10081/1843 state:idle attr:AudioAttributes: usage=USAGE_ASSISTANCE_SONIFICATION content=CONTENT_TYPE_SONIFICATION flags=0x800 tags= bundle=null sessionId:0
09-23 23:39:01.130 D/Avrcp_ext( 1836): AudioManager Player: AudioPlaybackConfiguration piid:95 deviceId:0 type:android.media.SoundPool u/pid:1000/1487 state:idle attr:AudioAttributes: usage=USAGE_ASSISTANCE_SONIFICATION content=CONTENT_TYPE_SONIFICATION flags=0x800 tags= bundle=null sessionId:0
09-23 23:39:01.130 D/Avrcp_ext( 1836): AudioManager Player: AudioPlaybackConfiguration piid:127 deviceId:3 type:android.media.MediaPlayer u/pid:10081/1843 state:started attr:AudioAttributes: usage=USAGE_NOTIFICATION content=CONTENT_TYPE_SONIFICATION flags=0x800 tags= bundle=null sessionId:0
09-23 23:39:01.130 D/audio_hw_primary( 815): select_devices: done
09-23 23:39:01.131 D/Avrcp_ext( 1836): AudioManager Player in started state: com.android.systemui
09-23 23:39:01.131 D/Avrcp_ext( 1836): AudioManager Active Player: com.android.systemui
09-23 23:39:01.131 D/Avrcp_ext( 1836): AudioManager isPlaying: true, mAudioPlaybackIsActive = true
09-23 23:39:01.155 D/msm8974_platform( 815): platform_set_channel_map mixer_ctl_name:Playback Channel Map9
09-23 23:39:01.155 D/msm8974_platform( 815): platform_set_channel_map: set mapping(1 2 0 0 0 0 0 0) for channel:2
09-23 23:39:01.156 E/audio_hw_extn( 815): audio_extn_perf_lock_release: Perf lock release error
09-23 23:39:01.156 D/audio_hw_primary( 815): start_output_stream: exit
09-23 23:39:01.156 D/audio_hw_primary( 815): out_write: retry previous failed cal level set
09-23 23:39:01.156 D/msm8974_platform( 815): platform_split_snd_device: snd_device(2) num devices(1) new_snd_devices(0)
09-23 23:39:01.156 D/ACDB-LOADER( 815): ACDB -> send_audvoltable
09-23 23:39:01.156 D/ACDB-LOADER( 815): ACDB -> ACDB_CMD_GET_AUDPROC_INSTANCE_GAIN_DEP_STEP_TABLE_SIZE
09-23 23:39:01.156 D/ACDB-LOADER( 815): ACDB -> ACDB_CMD_GET_AUDPROC_INSTANCE_GAIN_DEP_STEP_TABLE, vol index 5
09-23 23:39:01.156 D/ACDB-LOADER( 815): ACDB -> AUDIO_SET_VOL_CAL cal type = 40
09-23 23:39:01.167 D/msm8974_platform( 815): platform_split_snd_device: snd_device(2) num devices(1) new_snd_devices(0)
09-23 23:39:01.167 D/ACDB-LOADER( 815): ACDB -> send_audvoltable
09-23 23:39:01.167 D/ACDB-LOADER( 815): ACDB -> ACDB_CMD_GET_AUDPROC_INSTANCE_GAIN_DEP_STEP_TABLE_SIZE
09-23 23:39:01.167 D/ACDB-LOADER( 815): ACDB -> ACDB_CMD_GET_AUDPROC_INSTANCE_GAIN_DEP_STEP_TABLE, vol index 2
09-23 23:39:01.167 D/ACDB-LOADER( 815): ACDB -> AUDIO_SET_VOL_CAL cal type = 40
09-23 23:39:01.398 D/NetworkMonitor/100( 1956): isDataStall: result=1, tcp packets received=0, latest tcp fail rate=50, consecutive dns timeout count=122
09-23 23:39:01.398 D/NetworkMonitor/100( 1956): Suspecting data stall, reevaluate
09-23 23:39:01.398 D/ConnectivityService( 1487): Data stall detected with methods: 1
09-23 23:39:01.400 D/NetworkMonitor/100( 1956): Validation disabled.
09-23 23:39:01.411 D/ConnectivityService( 1487): [100 WIFI] validation passed
09-23 23:39:01.838 D/NetworkMonitor/100( 1956): isDataStall: result=1, tcp packets received=0, latest tcp fail rate=0, consecutive dns timeout count=123
09-23 23:39:01.838 D/NetworkMonitor/100( 1956): Suspecting data stall, reevaluate
09-23 23:39:01.838 D/ConnectivityService( 1487): Data stall detected with methods: 1
09-23 23:39:01.840 D/NetworkMonitor/100( 1956): Validation disabled.
09-23 23:39:01.849 D/ConnectivityService( 1487): [100 WIFI] validation passed
09-23 23:39:01.915 I/mpu_uart( 654): [MSG-P:RECV]:No message received in 1000 ms
09-23 23:39:02.476 D/CCodecBufferChannel( 1208): [c2.android.vorbis.decoder#433] buffers after EOS ignored (0 us)
09-23 23:39:02.479 D/AudioTrack( 1208): stop(33): called with 82980 frames delivered
09-23 23:39:02.908 D/audio_hw_primary( 815): out_set_parameters: enter: usecase(1: low-latency-playback) kvpairs: suspend_playback=true
09-23 23:39:02.908 D/audio_hw_extn( 815): audio_extn_fm_set_parameters: Enter
09-23 23:39:02.916 I/mpu_uart( 654): [MSG-P:RECV]:No message received in 1000 ms
09-23 23:39:02.919 D/audio_hw_primary( 815): out_set_parameters: enter: usecase(1: low-latency-playback) kvpairs: suspend_playback=false
09-23 23:39:02.919 D/audio_hw_extn( 815): audio_extn_fm_set_parameters: Enter
09-23 23:39:02.923 D/audio_hw_primary( 815): out_set_parameters: enter: usecase(1: low-latency-playback) kvpairs: suspend_playback=true
09-23 23:39:02.923 D/audio_hw_extn( 815): audio_extn_fm_set_parameters: Enter
09-23 23:39:02.933 D/audio_hw_primary( 815): out_set_parameters: enter: usecase(1: low-latency-playback) kvpairs: suspend_playback=false
09-23 23:39:02.933 D/audio_hw_extn( 815): audio_extn_fm_set_parameters: Enter
09-23 23:39:02.938 D/audio_hw_primary( 815): out_set_parameters: enter: usecase(1: low-latency-playback) kvpairs: suspend_playback=true
09-23 23:39:02.938 D/audio_hw_extn( 815): audio_extn_fm_set_parameters: Enter
09-23 23:39:02.945 I/MediaFocusControl( 1487): abandonAudioFocus() from uid/pid 10081/1843 clientId=android.media.AudioManager@4192d9a
09-23 23:39:02.945 V/MediaPlayer( 1843): resetDrmState: mDrmInfo=null mDrmProvisioningThread=null mPrepareDrmInProgress=false mActiveDrmScheme=false
09-23 23:39:02.946 D/Avrcp_ext( 1836): AudioManager Player: AudioPlaybackConfiguration piid:103 deviceId:0 type:android.media.SoundPool u/pid:10081/1843 state:idle attr:AudioAttributes: usage=USAGE_ASSISTANCE_SONIFICATION content=CONTENT_TYPE_SONIFICATION flags=0x800 tags= bundle=null sessionId:0
09-23 23:39:02.946 V/MediaPlayer( 1843): cleanDrmObj: mDrmObj=null mDrmSessionId=null
09-23 23:39:02.946 D/Avrcp_ext( 1836): AudioManager Player: AudioPlaybackConfiguration piid:95 deviceId:0 type:android.media.SoundPool u/pid:1000/1487 state:idle attr:AudioAttributes: usage=USAGE_ASSISTANCE_SONIFICATION content=CONTENT_TYPE_SONIFICATION flags=0x800 tags= bundle=null sessionId:0
09-23 23:39:02.946 D/Avrcp_ext( 1836): AudioManager Player: AudioPlaybackConfiguration piid:127 deviceId:3 type:android.media.MediaPlayer u/pid:10081/1843 state:stopped attr:AudioAttributes: usage=USAGE_NOTIFICATION content=CONTENT_TYPE_SONIFICATION flags=0x800 tags= bundle=null sessionId:0
09-23 23:39:02.946 D/Avrcp_ext( 1836): AudioManager isPlaying: false, mAudioPlaybackIsActive = true
09-23 23:39:02.946 D/Avrcp_ext( 1836): AudioManager Reset Active Player
09-23 23:39:02.946 D/NuPlayerDriver( 1208): reset(0xf13015f0) at state 6
09-23 23:39:02.948 D/audio_hw_primary( 815): out_set_parameters: enter: usecase(1: low-latency-playback) kvpairs: suspend_playback=false
09-23 23:39:02.948 D/audio_hw_extn( 815): audio_extn_fm_set_parameters: Enter
09-23 23:39:02.949 V/Avrcp_ext( 1836): updateCurrentMediaState: mMediaController: MediaController (com.android.systemui@86ec610) null
09-23 23:39:02.949 W/Avrcp_ext( 1836): isMusicActive: false getBluetoothPlayState: 2 A2dp State: 11 mAudioPlaybackIsActive: false
09-23 23:39:02.949 D/Avrcp_ext( 1836): isMusicActive = false mAudioPlaybackIsActive = false player state = null
09-23 23:39:02.950 I/Avrcp_ext( 1836): Skipping update due to invalid playback state
09-23 23:39:02.950 V/Avrcp_ext( 1836): updatePlaybackState, state: null device: null
09-23 23:39:02.950 V/Avrcp_ext( 1836): Device: no name:
09-23 23:39:02.950 V/Avrcp_ext( 1836): Device: no name:
09-23 23:39:02.950 V/Avrcp_ext( 1836): Device: no name:
09-23 23:39:02.950 V/Avrcp_ext( 1836): Device: no name:
09-23 23:39:02.950 V/Avrcp_ext( 1836): Device: no name:
09-23 23:39:02.950 V/Avrcp_ext( 1836): updatePlayerStateAndPosition, old=PlaybackState {state=2, position=-1, buffered position=0, speed=0.0, updated=17278, actions=0, custom actions=[], active item id=-1, error=null}, state=null
09-23 23:39:02.950 I/Avrcp_ext( 1836): updatePlayerStateAndPosition: device: state = null
09-23 23:39:02.950 I/hw-BpHwBinder( 1208): onLastStrongRef automatically unlinking death recipients
09-23 23:39:02.950 D/Avrcp_ext( 1836): AudioManager Player: AudioPlaybackConfiguration piid:103 deviceId:0 type:android.media.SoundPool u/pid:10081/1843 state:idle attr:AudioAttributes: usage=USAGE_ASSISTANCE_SONIFICATION content=CONTENT_TYPE_SONIFICATION flags=0x800 tags= bundle=null sessionId:0
09-23 23:39:02.950 D/Avrcp_ext( 1836): AudioManager Player: AudioPlaybackConfiguration piid:95 deviceId:0 type:android.media.SoundPool u/pid:1000/1487 state:idle attr:AudioAttributes: usage=USAGE_ASSISTANCE_SONIFICATION content=CONTENT_TYPE_SONIFICATION flags=0x800 tags= bundle=null sessionId:0
09-23 23:39:02.950 I/hw-BpHwBinder( 1249): onLastStrongRef automatically unlinking death recipients
09-23 23:39:02.950 D/Avrcp_ext( 1836): AudioManager isPlaying: false, mAudioPlaybackIsActive = false
09-23 23:39:02.950 D/Avrcp_ext( 1836): AudioManager Reset Active Player
09-23 23:39:02.953 V/C2Store ( 1249): in ~ComponentModule
09-23 23:39:02.953 V/C2Store ( 1249): unloading dll
09-23 23:39:02.956 D/NuPlayerDriver( 1208): notifyResetComplete(0xf13015f0)
09-23 23:39:02.960 I/mpu_uart( 654): [MSG-P:R]:recv sync frame timeout
09-23 23:39:02.962 W/AMessage( 1208): failed to post message as target looper for handler 0 is gone.
09-23 23:39:02.988 D/audio_hw_primary( 815): out_set_parameters: enter: usecase(1: low-latency-playback) kvpairs: suspend_playback=true
09-23 23:39:02.988 D/audio_hw_extn( 815): audio_extn_fm_set_parameters: Enter
09-23 23:39:02.989 D/msm8974_platform( 815): platform_split_snd_device: snd_device(2) num devices(1) new_snd_devices(0)
09-23 23:39:02.989 D/ACDB-LOADER( 815): ACDB -> send_audvoltable
09-23 23:39:02.989 D/ACDB-LOADER( 815): ACDB -> ACDB_CMD_GET_AUDPROC_INSTANCE_GAIN_DEP_STEP_TABLE_SIZE
09-23 23:39:02.989 D/ACDB-LOADER( 815): ACDB -> ACDB_CMD_GET_AUDPROC_INSTANCE_GAIN_DEP_STEP_TABLE, vol index 0
09-23 23:39:02.989 D/ACDB-LOADER( 815): ACDB -> AUDIO_SET_VOL_CAL cal type = 40
09-23 23:39:02.990 D/msm8974_platform( 815): platform_split_snd_device: snd_device(2) num devices(1) new_snd_devices(0)
09-23 23:39:03.467 W/System.err( 3499): java.io.IOException: No such file or directory
09-23 23:39:03.468 W/System.err( 3499): at java.io.UnixFileSystem.createFileExclusively0(Native Method)
09-23 23:39:03.468 W/System.err( 3499): at java.io.UnixFileSystem.createFileExclusively(UnixFileSystem.java:317)
09-23 23:39:03.468 W/System.err( 3499): at java.io.File.createNewFile(File.java:1006)
09-23 23:39:03.468 W/System.err( 3499): at org.qiyi.video.v2.c.b.a(Unknown Source:38)
09-23 23:39:03.468 W/System.err( 3499): at org.qiyi.video.v2.c.b.a(Unknown Source:11)
09-23 23:39:03.468 W/System.err( 3499): at org.qiyi.video.v2.c.b.a(Unknown Source:0)
09-23 23:39:03.468 W/System.err( 3499): at org.qiyi.video.v2.d.b.e(Unknown Source:11)
09-23 23:39:03.468 W/System.err( 3499): at org.qiyi.video.util.oaid.b.a(Unknown Source:111)
09-23 23:39:03.468 W/System.err( 3499): at org.qiyi.video.util.oaid.b.a(Unknown Source:0)
09-23 23:39:03.468 W/System.err( 3499): at org.qiyi.video.util.oaid.b$2.run(Unknown Source:8)
09-23 23:39:03.468 W/System.err( 3499): at java.util.TimerThread.mainLoop(Timer.java:562)
09-23 23:39:03.468 W/System.err( 3499): at java.util.TimerThread.run(Timer.java:512)
09-23 23:39:03.916 I/mpu_uart( 654): [MSG-P:RECV]:No message received in 1000 ms
09-23 23:39:03.989 D/audio_hw_primary( 815): out_set_parameters: enter: usecase(1: low-latency-playback) kvpairs: suspend_playback=false
09-23 23:39:03.989 D/audio_hw_extn( 815): audio_extn_fm_set_parameters: Enter
09-23 23:39:03.992 W/audio_hw_primary( 815): out_write: underrun(5) frames_by_time(48331) > out->last_fifo_frames_remaining(384)
09-23 23:39:04.031 D/audio_hw_primary( 815): out_set_parameters: enter: usecase(1: low-latency-playback) kvpairs: suspend_playback=true
09-23 23:39:04.031 D/audio_hw_extn( 815): audio_extn_fm_set_parameters: Enter
09-23 23:39:04.035 I/auditd ( 3476): type=1400 audit(0.0:316): avc: denied { read } for comm=5468726561642D32202D2031323835 name="tcp" dev="proc" ino=4026532283 scontext=u:r:untrusted_app_29:s0:c106,c256,c512,c768 tcontext=u:object_r:proc_net_tcp_udp:s0 tclass=file permissive=0 app=com.smile.gifmaker
09-23 23:39:04.035 W/com.smile.gifmaker( 3476): type=1400 audit(0.0:316): avc: denied { read } for comm=5468726561642D32202D2031323835 name="tcp" dev="proc" ino=4026532283 scontext=u:r:untrusted_app_29:s0:c106,c256,c512,c768 tcontext=u:object_r:proc_net_tcp_udp:s0 tclass=file permissive=0 app=com.smile.gifmaker
09-23 23:39:04.472 I/hwservicemanager( 514): getTransport: Cannot find entry android.hardware.light@2.0::ILight/default in either framework or device VINTF manifest.
09-23 23:39:04.475 E/light ( 4701): light_open lights keyboard failed: -22
09-23 23:39:04.475 E/light ( 4701): Light passthrough failed to load legacy HAL.
09-23 23:39:04.476 E/light ( 4701): light_open lights buttons failed: -22
09-23 23:39:04.476 E/light ( 4701): Light passthrough failed to load legacy HAL.
09-23 23:39:04.477 E/light ( 4701): light_open lights bluetooth failed: -22
09-23 23:39:04.477 E/light ( 4701): Light passthrough failed to load legacy HAL.
09-23 23:39:04.477 E/light ( 4701): light_open lights wifi failed: -22
09-23 23:39:04.477 E/light ( 4701): Light passthrough failed to load legacy HAL.
09-23 23:39:04.478 I/hwservicemanager( 514): getTransport: Cannot find entry android.hardware.light@2.0::ILight/default in either framework or device VINTF manifest.
09-23 23:39:04.478 E/HidlServiceManagement( 4701): Service android.hardware.light@2.0::ILight/default must be in VINTF manifest in order to register/get.
09-23 23:39:04.478 E/LegacySupport( 4701): Could not register service android.hardware.light@2.0::ILight/default (-2147483648).
09-23 23:39:04.916 I/mpu_uart( 654): [MSG-P:RECV]:No message received in 1000 ms
09-23 23:39:05.031 D/audio_hw_primary( 815): out_set_parameters: enter: usecase(1: low-latency-playback) kvpairs: suspend_playback=false
09-23 23:39:05.032 D/audio_hw_extn( 815): audio_extn_fm_set_parameters: Enter
09-23 23:39:05.032 W/audio_hw_primary( 815): out_write: underrun(6) frames_by_time(48234) > out->last_fifo_frames_remaining(384)
09-23 23:39:05.074 D/audio_hw_primary( 815): out_set_parameters: enter: usecase(1: low-latency-playback) kvpairs: suspend_playback=true
09-23 23:39:05.074 D/audio_hw_extn( 815): audio_extn_fm_set_parameters: Enter
09-23 23:39:05.079 I/auditd ( 3782): type=1400 audit(0.0:317): avc: denied { read } for comm="pool-2-thread-6" name="tcp" dev="proc" ino=4026532283 scontext=u:r:untrusted_app_29:s0:c106,c256,c512,c768 tcontext=u:object_r:proc_net_tcp_udp:s0 tclass=file permissive=0 app=com.smile.gifmaker
09-23 23:39:05.079 W/pool-2-thread-6( 3782): type=1400 audit(0.0:317): avc: denied { read } for name="tcp" dev="proc" ino=4026532283 scontext=u:r:untrusted_app_29:s0:c106,c256,c512,c768 tcontext=u:object_r:proc_net_tcp_udp:s0 tclass=file permissive=0 app=com.smile.gifmaker
09-23 23:39:05.510 F/linker ( 4706): CANNOT LINK EXECUTABLE "/vendor/bin/hw/qvrservice": library "vendor.qti.hardware.qxr-V1-ndk_platform.so" not found: needed by /vendor/lib64/libqvrservice.so in namespace (default)
09-23 23:39:05.510 F/linker ( 4707): CANNOT LINK EXECUTABLE "/vendor/bin/hw/sxrservice": library "vendor.qti.hardware.qxr-V1-ndk_platform.so" not found: needed by main executable
09-23 23:39:05.836 D/NetworkMonitor/100( 1956): isDataStall: result=3, tcp packets received=0, latest tcp fail rate=200, consecutive dns timeout count=124
09-23 23:39:05.836 D/NetworkMonitor/100( 1956): Suspecting data stall, reevaluate
09-23 23:39:05.838 D/ConnectivityService( 1487): Data stall detected with methods: 3
09-23 23:39:05.838 D/NetworkMonitor/100( 1956): Validation disabled.
09-23 23:39:05.844 D/ConnectivityService( 1487): [100 WIFI] validation passed
09-23 23:39:05.917 I/mpu_uart( 654): [MSG-P:RECV]:No message received in 1000 ms
09-23 23:39:05.964 I/mpu_uart( 654): [MSG-P:R]:recv sync frame timeout
09-23 23:39:06.075 D/audio_hw_primary( 815): out_set_parameters: enter: usecase(1: low-latency-playback) kvpairs: suspend_playback=false
09-23 23:39:06.075 D/audio_hw_extn( 815): audio_extn_fm_set_parameters: Enter
09-23 23:39:06.075 D/audio_hw_primary( 815): out_standby: enter: stream (0xe5dc0010) usecase(1: low-latency-playback)
09-23 23:39:06.097 D/audio_hw_primary( 815): disable_audio_route: reset and update mixer path: low-latency-playback
09-23 23:39:06.098 D/BufferPoolAccessor2.0( 1249): evictor expired: 1, evicted: 0
09-23 23:39:06.099 E/soundtrigger( 815): audio_extn_sound_trigger_update_stream_status: invalid input device 0x0, for event 2
09-23 23:39:06.099 D/soundtrigger( 815): audio_extn_sound_trigger_update_stream_status: uc_info->id 1 of type 0 for Event 2, with Raise=0
09-23 23:39:06.099 D/msm8974_platform( 815): platform_split_snd_device: snd_device(2) num devices(0) new_snd_devices(0)
09-23 23:39:06.099 I/msm8974_platform( 815): platform_get_custom_mtmx_params: no matching param with id 0 ip_ch 2 op_ch 2 uc_id 1 snd_dev 2
09-23 23:39:06.099 D/hardware_info( 815): hw_info_append_hw_type : device_name = speaker
09-23 23:39:06.099 D/audio_hw_primary( 815): disable_snd_device: snd_device(2: speaker)
09-23 23:39:06.099 D/msm8974_platform( 815): platform_split_snd_device: snd_device(2) num devices(0) new_snd_devices(0)
09-23 23:39:06.099 I/soundtrigger( 815): audio_extn_sound_trigger_update_device_status: device 0x2 of type 0 for Event 0, with Raise=0
09-23 23:39:06.099 D/audio_hw_primary( 815): out_standby: exit
09-23 23:39:06.555 I/am_pss ( 1487): [2672,10093,com.android.providers.media.module,18562048,15056896,0,120463360,0,0,13]
09-23 23:39:06.917 I/mpu_uart( 654): [MSG-P:RECV]:No message received in 1000 ms
09-23 23:39:07.098 D/BufferPoolAccessor2.0( 1208): evictor expired: 1, evicted: 0
09-23 23:39:07.506 I/am_uid_idle( 1487): 10018
09-23 23:39:07.857 I/unknown ( 3476): khook pthread_attr_init_callback set thread stack from 1008 to 256 KB
09-23 23:39:07.857 I/unknown ( 3476): khook setstacksize __addr 0xb1c5eba8, from 1040 KB to 256 KB
09-23 23:39:07.917 I/mpu_uart( 654): [MSG-P:RECV]:No message received in 1000 ms
09-23 23:39:07.933 I/OpenGLRenderer( 1843): Davey! duration=9223371952558ms; Flags=0, FrameTimelineVsyncId=2882, IntendedVsync=84295603897, Vsync=84295603897, InputEventId=0, HandleInputStart=84296580331, AnimationStart=84296585018, PerformTraversalsStart=84296589133, DrawStart=84303618716, FrameDeadline=84312270563, FrameInterval=84296564550, FrameStartTime=16666666, SyncQueued=84303911529, SyncStart=84304160800, IssueDrawCommandsStart=84304350539, SwapBuffers=84305640018, FrameCompleted=9223372036854775807, DequeueBufferDuration=69219, QueueBufferDuration=1296250, GpuCompleted=9223372036854775807, SwapBuffersCompleted=84307870695, DisplayPresentTime=0,
09-23 23:39:08.098 D/BufferPoolAccessor2.0( 1208): bufferpool2 0xf0cc0ec8 : 0(0 size) total buffers - 0(0 size) used buffers - 94/102 (recycle/alloc) - 8/198 (fetch/transfer)
09-23 23:39:08.098 D/BufferPoolAccessor2.0( 1208): evictor expired: 1, evicted: 1
09-23 23:39:08.099 D/BufferPoolAccessor2.0( 1249): bufferpool2 0xb400007860ed4068 : 0(0 size) total buffers - 0(0 size) used buffers - 93/97 (recycle/alloc) - 4/96 (fetch/transfer)
09-23 23:39:08.099 D/BufferPoolAccessor2.0( 1249): evictor expired: 1, evicted: 1
09-23 23:39:08.586 I/am_pss ( 1487): [2691,10071,com.qualcomm.location,10342400,7610368,0,103833600,0,0,11]
09-23 23:39:08.700 D/NetworkMonitor/100( 1956): isDataStall: result=3, tcp packets received=0, latest tcp fail rate=100, consecutive dns timeout count=125
09-23 23:39:08.700 D/NetworkMonitor/100( 1956): Suspecting data stall, reevaluate
09-23 23:39:08.702 D/NetworkMonitor/100( 1956): Validation disabled.
09-23 23:39:08.702 D/ConnectivityService( 1487): Data stall detected with methods: 3
09-23 23:39:08.710 D/ConnectivityService( 1487): [100 WIFI] validation passed
09-23 23:39:08.918 I/mpu_uart( 654): [MSG-P:RECV]:No message received in 1000 ms
09-23 23:39:08.954 D/NetworkMonitor/100( 1956): isDataStall: result=3, tcp packets received=0, latest tcp fail rate=100, consecutive dns timeout count=126
09-23 23:39:08.954 D/NetworkMonitor/100( 1956): Suspecting data stall, reevaluate
09-23 23:39:08.956 D/ConnectivityService( 1487): Data stall detected with methods: 3
09-23 23:39:08.956 D/NetworkMonitor/100( 1956): Validation disabled.
09-23 23:39:08.963 D/ConnectivityService( 1487): [100 WIFI] validation passed
09-23 23:39:08.967 I/mpu_uart( 654): [MSG-P:R]:recv sync frame timeout
09-23 23:39:09.480 I/hwservicemanager( 514): getTransport: Cannot find entry android.hardware.light@2.0::ILight/default in either framework or device VINTF manifest.
09-23 23:39:09.482 E/light ( 4714): light_open lights keyboard failed: -22
09-23 23:39:09.482 E/light ( 4714): Light passthrough failed to load legacy HAL.
09-23 23:39:09.482 E/light ( 4714): light_open lights buttons failed: -22
09-23 23:39:09.482 E/light ( 4714): Light passthrough failed to load legacy HAL.
09-23 23:39:09.483 E/light ( 4714): light_open lights bluetooth failed: -22
09-23 23:39:09.483 E/light ( 4714): Light passthrough failed to load legacy HAL.
09-23 23:39:09.484 E/light ( 4714): light_open lights wifi failed: -22
09-23 23:39:09.484 E/light ( 4714): Light passthrough failed to load legacy HAL.
09-23 23:39:09.484 I/hwservicemanager( 514): getTransport: Cannot find entry android.hardware.light@2.0::ILight/default in either framework or device VINTF manifest.
09-23 23:39:09.484 E/HidlServiceManagement( 4714): Service android.hardware.light@2.0::ILight/default must be in VINTF manifest in order to register/get.
09-23 23:39:09.484 E/LegacySupport( 4714): Could not register service android.hardware.light@2.0::ILight/default (-2147483648).
09-23 23:39:09.918 I/mpu_uart( 654): [MSG-P:RECV]:No message received in 1000 ms
09-23 23:39:10.516 F/linker ( 4717): CANNOT LINK EXECUTABLE "/vendor/bin/hw/qvrservice": library "vendor.qti.hardware.qxr-V1-ndk_platform.so" not found: needed by /vendor/lib64/libqvrservice.so in namespace (default)
09-23 23:39:10.520 F/linker ( 4719): CANNOT LINK EXECUTABLE "/vendor/bin/hw/sxrservice": library "vendor.qti.hardware.qxr-V1-ndk_platform.so" not found: needed by main executable
09-23 23:39:10.570 D/InterruptionStateProvider( 1843): No bubble up: not allowed to bubble: -1|android|26|null|1000
09-23 23:39:10.571 D/InterruptionStateProvider( 1843): No alerting: filtered notification: 0|com.android.systemui|1|empty_media|10081
09-23 23:39:10.571 D/InterruptionStateProvider( 1843): No bubble up: not allowed to bubble: 0|com.android.systemui|2048|null|10081
09-23 23:39:10.571 D/InterruptionStateProvider( 1843): No bubble up: not allowed to bubble: -1|android|32|null|1000
09-23 23:39:10.919 I/mpu_uart( 654): [MSG-P:RECV]:No message received in 1000 ms
09-23 23:39:10.923 D/NetworkMonitor/100( 1956): isDataStall: result=1, tcp packets received=0, latest tcp fail rate=0, consecutive dns timeout count=127
09-23 23:39:10.923 D/NetworkMonitor/100( 1956): Suspecting data stall, reevaluate
09-23 23:39:10.925 D/NetworkMonitor/100( 1956): Validation disabled.
09-23 23:39:10.925 D/ConnectivityService( 1487): Data stall detected with methods: 1
09-23 23:39:10.931 D/ConnectivityService( 1487): [100 WIFI] validation passed
09-23 23:39:11.028 D/CompatibilityChangeReporter( 1487): Compat change id reported: 168419799; UID 10106; state: DISABLED
09-23 23:39:11.028 D/CompatibilityInfo( 1487): mCompatibilityFlags - 4
09-23 23:39:11.028 D/CompatibilityInfo( 1487): applicationDensity - 240
09-23 23:39:11.028 D/CompatibilityInfo( 1487): applicationScale - 1.0
09-23 23:39:11.039 I/am_pss ( 1487): [2545,10067,com.android.deskclock,53376000,45977600,0,170229760,0,2,13]
09-23 23:39:11.066 I/unknown ( 3476): khook pthread_attr_init_callback set thread stack from 1008 to 256 KB
09-23 23:39:11.066 I/unknown ( 3476): khook setstacksize __addr 0xb2741bc8, from 1040 KB to 256 KB
09-23 23:39:11.070 I/service_manager_stats( 3476): [200,105,29049]
09-23 23:39:11.074 I/unknown ( 3476): khook pthread_attr_init_callback set thread stack from 1008 to 256 KB
09-23 23:39:11.074 I/unknown ( 3476): khook setstacksize __addr 0xb2741bc8, from 1040 KB to 256 KB
09-23 23:39:11.075 I/unknown ( 3476): khook pthread_attr_init_callback set thread stack from 1008 to 256 KB
09-23 23:39:11.075 I/unknown ( 3476): khook setstacksize __addr 0xb2741bc8, from 1040 KB to 256 KB
09-23 23:39:11.076 I/unknown ( 3476): khook pthread_attr_init_callback set thread stack from 1008 to 256 KB
09-23 23:39:11.076 I/unknown ( 3476): khook setstacksize __addr 0xb2741bc8, from 1040 KB to 256 KB
09-23 23:39:11.079 I/unknown ( 3476): khook pthread_attr_init_callback set thread stack from 1008 to 256 KB
09-23 23:39:11.079 I/unknown ( 3476): khook setstacksize __addr 0xb2741bc8, from 1040 KB to 256 KB
09-23 23:39:11.081 I/unknown ( 3476): khook pthread_attr_init_callback set thread stack from 1008 to 256 KB
09-23 23:39:11.081 I/unknown ( 3476): khook setstacksize __addr 0xb2741bc8, from 1040 KB to 256 KB
09-23 23:39:11.086 I/unknown ( 3476): khook pthread_attr_init_callback set thread stack from 1008 to 256 KB
09-23 23:39:11.086 I/unknown ( 3476): khook setstacksize __addr 0xb2741bc8, from 1040 KB to 256 KB
09-23 23:39:11.088 I/unknown ( 3476): khook pthread_attr_init_callback set thread stack from 1008 to 256 KB
09-23 23:39:11.088 I/unknown ( 3476): khook setstacksize __addr 0xb2741bc8, from 1040 KB to 256 KB
09-23 23:39:11.110 I/unknown ( 3476): khook pthread_attr_init_callback set thread stack from 1008 to 256 KB
09-23 23:39:11.110 I/unknown ( 3476): khook setstacksize __addr 0xb2741bc8, from 1040 KB to 256 KB
09-23 23:39:11.144 I/unknown ( 3476): khook pthread_attr_init_callback set thread stack from 1008 to 256 KB
09-23 23:39:11.144 I/unknown ( 3476): khook setstacksize __addr 0xb2741bc8, from 1040 KB to 256 KB
09-23 23:39:11.410 D/NetworkMonitor/100( 1956): isDataStall: result=3, tcp packets received=0, latest tcp fail rate=100, consecutive dns timeout count=128
09-23 23:39:11.410 D/NetworkMonitor/100( 1956): Suspecting data stall, reevaluate
09-23 23:39:11.412 D/ConnectivityService( 1487): Data stall detected with methods: 3
09-23 23:39:11.413 D/NetworkMonitor/100( 1956): Validation disabled.
09-23 23:39:11.418 D/ConnectivityService( 1487): [100 WIFI] validation passed
09-23 23:39:11.919 I/mpu_uart( 654): [MSG-P:RECV]:No message received in 1000 ms
09-23 23:39:11.970 I/mpu_uart( 654): [MSG-P:R]:recv sync frame timeout
09-23 23:39:12.920 I/mpu_uart( 654): [MSG-P:RECV]:No message received in 1000 ms
09-23 23:39:13.559 I/unknown ( 3476): khook pthread_attr_init_callback set thread stack from 1008 to 256 KB
09-23 23:39:13.559 I/unknown ( 3476): khook setstacksize __addr 0xb2741bc8, from 1040 KB to 256 KB
09-23 23:39:13.561 I/unknown ( 3476): khook pthread_attr_init_callback set thread stack from 1008 to 256 KB
09-23 23:39:13.561 I/unknown ( 3476): khook setstacksize __addr 0xb2741bc8, from 1040 KB to 256 KB
09-23 23:39:13.584 D/NetworkMonitor/100( 1956): isDataStall: result=1, tcp packets received=0, latest tcp fail rate=0, consecutive dns timeout count=129
09-23 23:39:13.584 D/NetworkMonitor/100( 1956): Suspecting data stall, reevaluate
09-23 23:39:13.585 D/ConnectivityService( 1487): Data stall detected with methods: 1
09-23 23:39:13.585 D/NetworkMonitor/100( 1956): Validation disabled.
09-23 23:39:13.589 D/ConnectivityService( 1487): [100 WIFI] validation passed
09-23 23:39:13.920 I/mpu_uart( 654): [MSG-P:RECV]:No message received in 1000 ms
09-23 23:39:14.471 D/NetworkMonitor/100( 1956): isDataStall: result=3, tcp packets received=0, latest tcp fail rate=100, consecutive dns timeout count=130
09-23 23:39:14.472 D/NetworkMonitor/100( 1956): Suspecting data stall, reevaluate
09-23 23:39:14.474 D/ConnectivityService( 1487): Data stall detected with methods: 3
09-23 23:39:14.474 D/NetworkMonitor/100( 1956): Validation disabled.
09-23 23:39:14.483 D/ConnectivityService( 1487): [100 WIFI] validation passed
09-23 23:39:14.500 I/hwservicemanager( 514): getTransport: Cannot find entry android.hardware.light@2.0::ILight/default in either framework or device VINTF manifest.
09-23 23:39:14.503 E/light ( 4740): light_open lights keyboard failed: -22
09-23 23:39:14.503 E/light ( 4740): Light passthrough failed to load legacy HAL.
09-23 23:39:14.503 E/light ( 4740): light_open lights buttons failed: -22
09-23 23:39:14.503 E/light ( 4740): Light passthrough failed to load legacy HAL.
09-23 23:39:14.504 E/light ( 4740): light_open lights bluetooth failed: -22
09-23 23:39:14.504 E/light ( 4740): Light passthrough failed to load legacy HAL.
09-23 23:39:14.505 E/light ( 4740): light_open lights wifi failed: -22
09-23 23:39:14.505 E/light ( 4740): Light passthrough failed to load legacy HAL.
09-23 23:39:14.505 I/hwservicemanager( 514): getTransport: Cannot find entry android.hardware.light@2.0::ILight/default in either framework or device VINTF manifest.
09-23 23:39:14.505 E/HidlServiceManagement( 4740): Service android.hardware.light@2.0::ILight/default must be in VINTF manifest in order to register/get.
09-23 23:39:14.505 E/LegacySupport( 4740): Could not register service android.hardware.light@2.0::ILight/default (-2147483648).
09-23 23:39:14.921 I/mpu_uart( 654): [MSG-P:RECV]:No message received in 1000 ms
09-23 23:39:14.974 I/mpu_uart( 654): [MSG-P:R]:recv sync frame timeout
09-23 23:39:15.529 F/linker ( 4743): CANNOT LINK EXECUTABLE "/vendor/bin/hw/sxrservice": library "vendor.qti.hardware.qxr-V1-ndk_platform.so" not found: needed by main executable
09-23 23:39:15.529 F/linker ( 4742): CANNOT LINK EXECUTABLE "/vendor/bin/hw/qvrservice": library "vendor.qti.hardware.qxr-V1-ndk_platform.so" not found: needed by /vendor/lib64/libqvrservice.so in namespace (default)
09-23 23:39:15.921 I/mpu_uart( 654): [MSG-P:RECV]:No message received in 1000 ms
09-23 23:39:16.922 I/mpu_uart( 654): [MSG-P:RECV]:No message received in 1000 ms
09-23 23:39:17.521 I/service_manager_stats( 3476): [875,229,6451]
09-23 23:39:17.903 I/unknown ( 3476): khook pthread_attr_init_callback set thread stack from 1008 to 256 KB
09-23 23:39:17.903 I/unknown ( 3476): khook setstacksize __addr 0xacf72ba8, from 1040 KB to 256 KB
09-23 23:39:17.922 I/mpu_uart( 654): [MSG-P:RECV]:No message received in 1000 ms
09-23 23:39:17.977 I/mpu_uart( 654): [MSG-P:R]:recv sync frame timeout
09-23 23:39:18.923 I/mpu_uart( 654): [MSG-P:RECV]:No message received in 1000 ms
09-23 23:39:18.963 D/NetworkMonitor/100( 1956): isDataStall: result=1, tcp packets received=0, latest tcp fail rate=0, consecutive dns timeout count=131
09-23 23:39:18.963 D/NetworkMonitor/100( 1956): Suspecting data stall, reevaluate
09-23 23:39:18.965 D/NetworkMonitor/100( 1956): Validation disabled.
09-23 23:39:18.966 D/ConnectivityService( 1487): Data stall detected with methods: 1
09-23 23:39:18.974 D/ConnectivityService( 1487): [100 WIFI] validation passed
09-23 23:39:19.500 I/hwservicemanager( 514): getTransport: Cannot find entry android.hardware.light@2.0::ILight/default in either framework or device VINTF manifest.
09-23 23:39:19.503 E/light ( 4754): light_open lights keyboard failed: -22
09-23 23:39:19.503 E/light ( 4754): Light passthrough failed to load legacy HAL.
09-23 23:39:19.503 E/light ( 4754): light_open lights buttons failed: -22
09-23 23:39:19.503 E/light ( 4754): Light passthrough failed to load legacy HAL.
09-23 23:39:19.505 E/light ( 4754): light_open lights bluetooth failed: -22
09-23 23:39:19.505 E/light ( 4754): Light passthrough failed to load legacy HAL.
09-23 23:39:19.505 E/light ( 4754): light_open lights wifi failed: -22
09-23 23:39:19.505 E/light ( 4754): Light passthrough failed to load legacy HAL.
09-23 23:39:19.505 I/hwservicemanager( 514): getTransport: Cannot find entry android.hardware.light@2.0::ILight/default in either framework or device VINTF manifest.
09-23 23:39:19.505 E/HidlServiceManagement( 4754): Service android.hardware.light@2.0::ILight/default must be in VINTF manifest in order to register/get.
09-23 23:39:19.505 E/LegacySupport( 4754): Could not register service android.hardware.light@2.0::ILight/default (-2147483648).
09-23 23:39:19.923 I/mpu_uart( 654): [MSG-P:RECV]:No message received in 1000 ms
09-23 23:39:20.535 F/linker ( 4756): CANNOT LINK EXECUTABLE "/vendor/bin/hw/sxrservice": library "vendor.qti.hardware.qxr-V1-ndk_platform.so" not found: needed by main executable
09-23 23:39:20.536 F/linker ( 4755): CANNOT LINK EXECUTABLE "/vendor/bin/hw/qvrservice": library "vendor.qti.hardware.qxr-V1-ndk_platform.so" not found: needed by /vendor/lib64/libqvrservice.so in namespace (default)
09-23 23:39:20.780 I/am_uid_idle( 1487): 10032
09-23 23:39:20.923 I/mpu_uart( 654): [MSG-P:RECV]:No message received in 1000 ms
09-23 23:39:20.980 I/mpu_uart( 654): [MSG-P:R]:recv sync frame timeout
09-23 23:39:20.987 D/NetworkMonitor/100( 1956): isDataStall: result=3, tcp packets received=0, latest tcp fail rate=100, consecutive dns timeout count=133
09-23 23:39:20.988 D/NetworkMonitor/100( 1956): Suspecting data stall, reevaluate
09-23 23:39:20.990 D/NetworkMonitor/100( 1956): Validation disabled.
09-23 23:39:20.990 D/ConnectivityService( 1487): Data stall detected with methods: 3
09-23 23:39:20.996 D/ConnectivityService( 1487): [100 WIFI] validation passed
09-23 23:39:21.021 I/am_uid_idle( 1487): 10061
09-23 23:39:21.224 I/am_uid_idle( 1487): 10024
09-23 23:39:21.326 I/am_uid_idle( 1487): 10057
09-23 23:39:21.408 I/am_uid_idle( 1487): 10033
09-23 23:39:21.422 D/NetworkMonitor/100( 1956): isDataStall: result=1, tcp packets received=0, latest tcp fail rate=0, consecutive dns timeout count=134
09-23 23:39:21.422 D/NetworkMonitor/100( 1956): Suspecting data stall, reevaluate
09-23 23:39:21.424 D/ConnectivityService( 1487): Data stall detected with methods: 1
09-23 23:39:21.424 D/NetworkMonitor/100( 1956): Validation disabled.
09-23 23:39:21.430 D/ConnectivityService( 1487): [100 WIFI] validation passed
09-23 23:39:21.629 I/am_uid_idle( 1487): 10028
09-23 23:39:21.729 I/am_uid_idle( 1487): 10025
09-23 23:39:21.749 I/am_uid_idle( 1487): 2000
09-23 23:39:21.924 I/mpu_uart( 654): [MSG-P:RECV]:No message received in 1000 ms
09-23 23:39:22.403 I/am_uid_idle( 1487): 10082
09-23 23:39:22.412 I/am_uid_idle( 1487): 10055
09-23 23:39:22.518 I/am_uid_idle( 1487): 10088
09-23 23:39:22.534 I/am_uid_idle( 1487): 10106
09-23 23:39:22.924 I/mpu_uart( 654): [MSG-P:RECV]:No message received in 1000 ms
09-23 23:39:23.594 D/NetworkMonitor/100( 1956): isDataStall: result=1, tcp packets received=0, latest tcp fail rate=0, consecutive dns timeout count=135
09-23 23:39:23.594 D/NetworkMonitor/100( 1956): Suspecting data stall, reevaluate
09-23 23:39:23.595 D/ConnectivityService( 1487): Data stall detected with methods: 1
09-23 23:39:23.597 D/NetworkMonitor/100( 1956): Validation disabled.
09-23 23:39:23.610 D/ConnectivityService( 1487): [100 WIFI] validation passed
09-23 23:39:23.723 D/NetworkMonitor/100( 1956): isDataStall: result=1, tcp packets received=0, latest tcp fail rate=0, consecutive dns timeout count=136
09-23 23:39:23.724 D/NetworkMonitor/100( 1956): Suspecting data stall, reevaluate
09-23 23:39:23.725 D/NetworkMonitor/100( 1956): Validation disabled.
09-23 23:39:23.726 D/ConnectivityService( 1487): Data stall detected with methods: 1
09-23 23:39:23.733 D/ConnectivityService( 1487): [100 WIFI] validation passed
09-23 23:39:23.925 I/mpu_uart( 654): [MSG-P:RECV]:No message received in 1000 ms
09-23 23:39:23.984 I/mpu_uart( 654): [MSG-P:R]:recv sync frame timeout
09-23 23:39:24.515 I/hwservicemanager( 514): getTransport: Cannot find entry android.hardware.light@2.0::ILight/default in either framework or device VINTF manifest.
09-23 23:39:24.519 E/light ( 4771): light_open lights keyboard failed: -22
09-23 23:39:24.519 E/light ( 4771): Light passthrough failed to load legacy HAL.
09-23 23:39:24.520 E/light ( 4771): light_open lights buttons failed: -22
09-23 23:39:24.520 E/light ( 4771): Light passthrough failed to load legacy HAL.
09-23 23:39:24.521 E/light ( 4771): light_open lights bluetooth failed: -22
09-23 23:39:24.521 E/light ( 4771): Light passthrough failed to load legacy HAL.
09-23 23:39:24.522 E/light ( 4771): light_open lights wifi failed: -22
09-23 23:39:24.522 E/light ( 4771): Light passthrough failed to load legacy HAL.
09-23 23:39:24.522 I/hwservicemanager( 514): getTransport: Cannot find entry android.hardware.light@2.0::ILight/default in either framework or device VINTF manifest.
09-23 23:39:24.522 E/HidlServiceManagement( 4771): Service android.hardware.light@2.0::ILight/default must be in VINTF manifest in order to register/get.
09-23 23:39:24.522 E/LegacySupport( 4771): Could not register service android.hardware.light@2.0::ILight/default (-2147483648).
09-23 23:39:24.925 I/mpu_uart( 654): [MSG-P:RECV]:No message received in 1000 ms
09-23 23:39:25.546 F/linker ( 4772): CANNOT LINK EXECUTABLE "/vendor/bin/hw/qvrservice": library "vendor.qti.hardware.qxr-V1-ndk_platform.so" not found: needed by /vendor/lib64/libqvrservice.so in namespace (default)
09-23 23:39:25.547 F/linker ( 4773): CANNOT LINK EXECUTABLE "/vendor/bin/hw/sxrservice": library "vendor.qti.hardware.qxr-V1-ndk_platform.so" not found: needed by main executable
09-23 23:39:25.926 I/mpu_uart( 654): [MSG-P:RECV]:No message received in 1000 ms
09-23 23:39:26.618 I/unknown ( 3476): khook pthread_attr_init_callback set thread stack from 1008 to 256 KB
09-23 23:39:26.618 I/unknown ( 3476): khook setstacksize __addr 0xb2741bc8, from 1040 KB to 256 KB
09-23 23:39:26.619 I/unknown ( 3476): khook pthread_attr_init_callback set thread stack from 1008 to 256 KB
09-23 23:39:26.619 I/unknown ( 3476): khook setstacksize __addr 0xb2741bc8, from 1040 KB to 256 KB
09-23 23:39:26.621 I/unknown ( 3476): khook pthread_attr_init_callback set thread stack from 1008 to 256 KB
09-23 23:39:26.621 I/unknown ( 3476): khook setstacksize __addr 0xb2741bc8, from 1040 KB to 256 KB
09-23 23:39:26.624 I/unknown ( 3476): khook pthread_attr_init_callback set thread stack from 1008 to 256 KB
09-23 23:39:26.624 I/unknown ( 3476): khook setstacksize __addr 0xb2741bc8, from 1040 KB to 256 KB
09-23 23:39:26.632 I/unknown ( 3476): khook pthread_attr_init_callback set thread stack from 1008 to 256 KB
09-23 23:39:26.632 I/unknown ( 3476): khook setstacksize __addr 0xb2741bc8, from 1040 KB to 256 KB
09-23 23:39:26.632 W/System.err( 3476): java.lang.Exception: com.kwai.plugin.dva.install.error.PluginInstallException: plugin secenv with https://static.inkuai.com/bs2/fes/secenv-master_2cfabb5ba9c1d34d06bbc1702d5b9745.apk download fail -> com.kwai.plugin.dva.install.error.PluginDownloadException: plugin secenv with https://static.inkuai.com/bs2/fes/secenv-master_2cfabb5ba9c1d34d06bbc1702d5b9745.apk download fail
09-23 23:39:26.632 W/System.err( 3476): at com.kwai.plugin.dva.install.remote.InnerInstallWork.a(kSourceFile:20710162)
09-23 23:39:26.632 W/System.err( 3476): at com.kwai.plugin.dva.install.remote.InnerInstallWork$doWork$1.invokeSuspend(Unknown Source:24)
09-23 23:39:26.633 W/System.err( 3476): at kotlin.coroutines.jvm.internal.BaseContinuationImpl.resumeWith(kSourceFile:16908297)
09-23 23:39:26.633 W/System.err( 3476): at cqc.w0.run(kSourceFile:1441884)
09-23 23:39:26.633 W/System.err( 3476): at com.smile.gifmaker.thread.task.ElasticTask.run(kSourceFile:458761)
09-23 23:39:26.633 W/System.err( 3476): at java.util.concurrent.ThreadPoolExecutor.runWorker(ThreadPoolExecutor.java:1167)
09-23 23:39:26.633 W/System.err( 3476): at java.util.concurrent.ThreadPoolExecutor$Worker.run(ThreadPoolExecutor.java:641)
09-23 23:39:26.633 W/System.err( 3476): at java.lang.Thread.run(Thread.java:920)
09-23 23:39:26.633 W/System.err( 3476): Caused by: java.lang.Throwable: -4118
09-23 23:39:26.633 W/System.err( 3476): at com.yxcorp.download.DownloadTask$a.s(kSourceFile:16908292)
09-23 23:39:26.633 W/System.err( 3476): at com.yxcorp.download.DownloadTask$a.g(Unknown Source:0)
09-23 23:39:26.633 W/System.err( 3476): at f38.j.run(Unknown Source:4)
09-23 23:39:26.633 W/System.err( 3476): at android.os.Handler.handleCallback(Handler.java:938)
09-23 23:39:26.633 W/System.err( 3476): at android.os.Handler.dispatchMessage(Handler.java:99)
09-23 23:39:26.633 W/System.err( 3476): at android.os.Looper.loopOnce(Looper.java:201)
09-23 23:39:26.633 W/System.err( 3476): at android.os.Looper.loop(Looper.java:288)
09-23 23:39:26.633 W/System.err( 3476): at fl5.e.e(kSourceFile:65536)
09-23 23:39:26.633 W/System.err( 3476): at fl5.e.a(Unknown Source:0)
09-23 23:39:26.633 W/System.err( 3476): at fl5.d.run(Unknown Source:2)
09-23 23:39:26.633 W/System.err( 3476): at android.os.Handler.handleCallback(Handler.java:938)
09-23 23:39:26.633 W/System.err( 3476): at android.os.Handler.dispatchMessage(Handler.java:99)
09-23 23:39:26.633 W/System.err( 3476): at android.os.Looper.loopOnce(Looper.java:201)
09-23 23:39:26.633 W/System.err( 3476): at android.os.Looper.loop(Looper.java:288)
09-23 23:39:26.633 W/System.err( 3476): at android.app.ActivityThread.main(ActivityThread.java:7880)
09-23 23:39:26.633 W/System.err( 3476): at java.lang.reflect.Method.invoke(Native Method)
09-23 23:39:26.633 W/System.err( 3476): at com.android.internal.os.RuntimeInit$MethodAndArgsCaller.run(RuntimeInit.java:548)
09-23 23:39:26.633 W/System.err( 3476): at com.android.internal.os.ZygoteInit.main(ZygoteInit.java:1009)
09-23 23:39:26.636 W/System.err( 3476): at com.kwai.plugin.dva.install.SuspendInstallWork.l(kSourceFile:20710429)
09-23 23:39:26.636 W/System.err( 3476): at com.kwai.plugin.dva.install.SuspendInstallWork$suspendRun$1.invokeSuspend(Unknown Source:24)
09-23 23:39:26.636 W/System.err( 3476): at kotlin.coroutines.jvm.internal.BaseContinuationImpl.resumeWith(kSourceFile:16908297)
09-23 23:39:26.636 W/System.err( 3476): at cqc.w0.run(kSourceFile:1441884)
09-23 23:39:26.636 W/System.err( 3476): at com.smile.gifmaker.thread.task.ElasticTask.run(kSourceFile:458761)
09-23 23:39:26.636 W/System.err( 3476): at java.util.concurrent.ThreadPoolExecutor.runWorker(ThreadPoolExecutor.java:1167)
09-23 23:39:26.636 W/System.err( 3476): at java.util.concurrent.ThreadPoolExecutor$Worker.run(ThreadPoolExecutor.java:641)
09-23 23:39:26.636 W/System.err( 3476): at java.lang.Thread.run(Thread.java:920)
