09-23 23:38:00.343 I/am_proc_start( 1487): [0,2873,10025,android.process.media,broadcast,{com.android.mtp/com.android.mtp.MtpReceiver}]
09-23 23:38:00.343 I/ActivityManager( 1487): Start proc 2873:android.process.media/u0a25 for broadcast {com.android.mtp/com.android.mtp.MtpReceiver}
09-23 23:38:00.346 D/CompatibilityChangeReporter( 1487): Compat change id reported: 168419799; UID 10082; state: DISABLED
09-23 23:38:00.351 D/CompatibilityChangeReporter( 1487): Compat change id reported: 168419799; UID 1000; state: DISABLED
09-23 23:38:00.366 I/am_proc_bound( 1487): [0,2873,android.process.media]
09-23 23:38:00.368 D/CompatibilityChangeReporter( 1487): Compat change id reported: 168419799; UID 10025; state: DISABLED --------- beginning of main
09-23 23:38:00.368 D/CompatibilityInfo( 1487): applicationDensity - 240
09-23 23:38:00.368 D/CompatibilityInfo( 1487): applicationScale - 1.0
09-23 23:38:00.368 D/MediaBufferGroup( 1203): creating MemoryDealer
09-23 23:38:00.368 I/EthernetTracker( 1487): interfaceLinkStateChanged, iface: vlan1, up: false
09-23 23:38:00.369 I/adbd ( 2562): adbd_auth: loading keys from /data/misc/adb/adb_keys
09-23 23:38:00.369 D/ProcessState( 2863): Binder ioctl to enable oneway spam detection failed: Invalid argument
09-23 23:38:00.371 I/adbd ( 2562): adb client authorized
09-23 23:38:00.371 V/GraphicsEnvironment( 2835): ANGLE Developer option for 'com.qualcomm.qti.qccnetstat' set to: 'default'
09-23 23:38:00.372 V/GraphicsEnvironment( 2835): ANGLE GameManagerService for com.qualcomm.qti.qccnetstat: false
09-23 23:38:00.372 I/QCC:OmaDMNative( 2190): qcc_hidl_update_vendor_dropbox(), path=/data/misc/qdma/down/3 isEnabled=0
09-23 23:38:00.372 D/QCC:qccvndhal( 874): /data/vendor/qdma/down/3 is null
09-23 23:38:00.372 I/QCC:OmaDMNative( 2190): qcc_hidl_update_vendor_dropbox() res=0
09-23 23:38:00.372 I/QCC:Collector( 2190): deleteDir: /data/misc/qdma/down/1500 already disabled
09-23 23:38:00.372 D/NetworkSecurityConfig( 2835): Using Network Security Config from resource network_security_config debugBuild: false
09-23 23:38:00.372 D/CompatibilityInfo( 1487): mCompatibilityFlags - 4
09-23 23:38:00.372 D/CompatibilityInfo( 1487): applicationDensity - 240
09-23 23:38:00.372 D/CompatibilityInfo( 1487): applicationScale - 1.0
09-23 23:38:00.373 I/android_os_HwBinder( 2691): HwBinder: Starting thread pool for getting: vendor.qti.gnss@4.0::ILocHidlGnss/gnss_vendor
09-23 23:38:00.373 D/NetworkSecurityConfig( 2835): Using Network Security Config from resource network_security_config debugBuild: false
09-23 23:38:00.374 D/CompatibilityChangeReporter( 2873): Compat change id reported: 171979766; UID 10025; state: ENABLED
09-23 23:38:00.375 I/SDM ( 865): HWCDisplay::GetColorModeCount: Supported color mode count = 1
09-23 23:38:00.375 I/SDM ( 865): HWCDisplay::GetColorModes: Color mode = 0 is supported
09-23 23:38:00.375 E/HWComposer( 996): getSupportedContentTypes: getSupportedContentTypes failed for display 4630946370410392961: Unsupported (8)
09-23 23:38:00.375 D/hw-ProcessState( 2348): Binder ioctl to enable oneway spam detection failed: Invalid argument
09-23 23:38:00.376 E/RilInfoMonitorAidlClient( 2691): ILocAidlGnss handle is null
09-23 23:38:00.376 I/hwservicemanager( 514): getTransport: Cannot find entry android.hardware.graphics.mapper@4.0::IMapper/default in either framework or device VINTF manifest.
09-23 23:38:00.376 D/RilInfoMonitor( 2691): ILocHidlGnss.getService(), service = vendor.qti.gnss@4.0::ILocHidlGnss@Proxy
09-23 23:38:00.376 I/Gralloc4( 2348): mapper 4.x is not supported
09-23 23:38:00.376 V/LocSvc_HIDL_HidlGnss( 831): [getExtensionLocHidlIzatSubscription_1_1][395] [HS] <<<<= [HC]
09-23 23:38:00.377 I/hwservicemanager( 514): Since vendor.qti.hardware.iop@2.0::IIop/default is not registered, trying to start it as a lazy HAL.
09-23 23:38:00.377 I/QCC:OmaDMNative( 2190): qcc_hidl_update_vendor_dropbox(), path=/data/misc/qdma/down/1500 isEnabled=0
09-23 23:38:00.377 D/QCC:qccvndhal( 874): /data/vendor/qdma/down/1500 is null
09-23 23:38:00.377 I/QCC:OmaDMNative( 2190): qcc_hidl_update_vendor_dropbox() res=0
09-23 23:38:00.377 E/ANDR-IOP( 1218): IIop:: Iop HAL Service is not available.
09-23 23:38:00.377 I/QCC:Collector( 2190): deleteDir: /data/misc/qdma/down/1504 already disabled
09-23 23:38:00.377 V/LocSvc_HIDL_HidlGnss( 831): [getExtensionLocHidlRilInfoMonitor][306] [HS] <<<<= [HC]
09-23 23:38:00.378 I/QCC-Netstat( 2835): qccnetstat initiated
09-23 23:38:00.378 D/vendor.qti.bluetooth@1.0-patch_dl_manager( 821): ReadHciEvent: Expected CC
09-23 23:38:00.378 I/vendor.qti.bluetooth@1.0-patch_dl_manager( 821): GetAddOnFeatureList: param_len 13, cmd_status = 0
09-23 23:38:00.378 I/vendor.qti.bluetooth@1.0-patch_dl_manager( 821): GetAddOnFeatureList: feat_mask_len 5 product_id = 16, rsp_version = 1
09-23 23:38:00.378 I/vendor.qti.bluetooth@1.0-patch_dl_manager( 821): GetOTPBytesInfo: Sending HCI_VS_PERSIST_ACCESS_OTP_GET cmd
09-23 23:38:00.379 D/vendor.qti.bluetooth@1.0-patch_dl_manager( 821): ReadHciEvent: Expected CC
09-23 23:38:00.379 E/vendor.qti.bluetooth@1.0-patch_dl_manager( 821): GetVsHciEvent: HCI_VS_PERSIST_ACCESS_OTP_GET cmd failed config_type: 0xa subopcode: 0x0 status: 0x12
09-23 23:38:00.379 I/vendor.qti.bluetooth@1.0-patch_dl_manager( 821): EnableEnhControllerLog: disabled(0)
09-23 23:38:00.379 V/LocSvc_HIDL_IzatSubscription( 831): [init][171] [HS] <<<<= [HC]
09-23 23:38:00.379 V/LocSvc_HIDL_IzatSubscription( 831): [updateSubscribe][58] [HS] =>>>> [HC]
09-23 23:38:00.379 D/RilInfoMonitor( 2691): getRilInfoMonitorIface, mRilInfoMonitor=vendor.qti.gnss@1.1::ILocHidlRilInfoMonitor@Proxy
09-23 23:38:00.379 D/vendor.qti.bluetooth@1.0-patch_dl_manager( 821): ReadHciEvent: Expected CC
09-23 23:38:00.379 I/vendor.qti.bluetooth@1.0-patch_dl_manager( 821): HciReset: HCI RESET
09-23 23:38:00.380 W/libc ( 514): Unable to set property "ctl.interface_start" to "vendor.qti.hardware.iop@2.0::IIop/default": error code: 0x20
09-23 23:38:00.380 I/hwservicemanager( 514): Tried to start vendor.qti.hardware.iop@2.0::IIop/default as a lazy service, but was unable to. Usually this happens when a service is not installed, but if the service is intended to be used as a lazy service, then it may be configured incorrectly.
09-23 23:38:00.380 D/QCC-Netstats:native( 2835): JNI_OnLoad()
09-23 23:38:00.379 I/auditd ( 821): type=1400 audit(0.0:211): avc: denied { read write } for comm="bluetooth@1.0-s" name="diag" dev="tmpfs" ino=13425 scontext=u:r:hal_bluetooth_default:s0 tcontext=u:object_r:vendor_diag_device:s0 tclass=chr_file permissive=0
09-23 23:38:00.380 I/QCC-NetstatCollector( 2835): Loaded libqcc_netstats.so
09-23 23:38:00.380 I/QCC-NetstatCollector( 2835): init
09-23 23:38:00.380 D/QCC-NetstatCollector( 2835): QCCNetstatCollectServerSocket()
09-23 23:38:00.381 D/QCC-NetstatCollector( 2835): QCCNetstatCollectServerSocket() address qdma_app.qdma-netstat
09-23 23:38:00.382 I/MediaFocusControl( 1487): requestAudioFocus() from uid/pid 10081/1843 AA=USAGE_NOTIFICATION/CONTENT_TYPE_SONIFICATION clientId=android.media.AudioManager@a1b7d20 callingPack=com.android.systemui req=3 flags=0x0 sdk=31
09-23 23:38:00.382 D/OsAgent ( 2691): [updateSubscribe][2914] [HC] <<= [HS]
09-23 23:38:00.382 V/LocSvc_HIDL_IzatSubscription( 831): [requestData][88] [HS] =>>>> [HC]
09-23 23:38:00.382 D/OsAgent ( 2691): [requestData][2904] [HC] <<= [HS]
09-23 23:38:00.382 V/LocSvc_HIDL_IzatSubscription( 831): [updateSubscribe][58] [HS] =>>>> [HC]
09-23 23:38:00.383 D/OsAgent ( 2691): [updateSubscribe][2914] [HC] <<= [HS]
09-23 23:38:00.383 I/AudioService.FadeOutManager( 1487): unfadeOutUid() uid:10081
09-23 23:38:00.383 D/vendor.qti.bluetooth@1.0-patch_dl_manager( 821): ReadCmdCmplEvent: Cmd Cmpl received for opcode c03
09-23 23:38:00.383 D/vendor.qti.bluetooth@1.0-uart_controller( 821): add on features read true
09-23 23:38:00.383 E/Diag_Lib( 821): Diag_LSM_Init: Failed to open handle to diag driver, error = 13
09-23 23:38:00.383 E/vendor.qti.bluetooth@1.0-diag_interface( 821): Init:Failed to Init diag
09-23 23:38:00.383 D/vendor.qti.bluetooth@1.0-power_manager( 821): SetPower: enable: 1
09-23 23:38:00.383 E/vendor.qti.bluetooth@1.0-power_manager( 821):
09-23 23:38:00.383 E/vendor.qti.bluetooth@1.0-power_manager( 821): PowerUpChip enable(1) retentionMode(1)
09-23 23:38:00.383 D/vendor.qti.bluetooth@1.0-uart_controller( 821): Init succeded
09-23 23:38:00.383 I/vendor.qti.bluetooth@1.0-data_handler( 821): SetHostAddOnFeatures: chip_ver: (0x400a020000100200), chip_ver_str: HASTINGS_VER_2_0
09-23 23:38:00.383 I/vendor.qti.bluetooth@1.0-data_handler( 821): SetHostAddOnFeatures: before get_soc_info call
09-23 23:38:00.383 I/vendor.qti.bluetooth@1.0-data_handler( 821): SetHostAddOnFeatures: after get_soc_info call
09-23 23:38:00.383 W/vendor.qti.bluetooth@1.0-data_handler( 821): SetHostAddOnFeatures: failed to get soc info or feat not req for this chip
09-23 23:38:00.383 D/vendor.qti.bluetooth@1.0-data_handler( 821): StopInitTimer: InitTimer Stopped
09-23 23:38:00.383 D/vendor.qti.bluetooth@1.0-data_handler( 821): Firmware download succeded.
09-23 23:38:00.383 I/vendor.qti.bluetooth@1.0-bluetooth_hci( 821): operator(): Set callbacks received from BT client inorder to provide status and data through them
09-23 23:38:00.384 I/bt_hci ( 1836): event_finish_startup
09-23 23:38:00.384 I/bt_core_module( 1836): module_start_up Started module "hci_module"
09-23 23:38:00.384 I/QCC:OmaDMNative( 2190): qcc_hidl_update_vendor_dropbox(), path=/data/misc/qdma/down/1504 isEnabled=0
09-23 23:38:00.384 V/LocSvc_HIDL_RilInfoMonitor( 831): [init][18] [HS] <<<<= [HC]
09-23 23:38:00.384 D/RilInfoMonitor( 2691): RilInfoMonitorHidlClient hidl init
09-23 23:38:00.384 D/QCC:qccvndhal( 874): /data/vendor/qdma/down/1504 is null
09-23 23:38:00.385 I/QCC:OmaDMNative( 2190): qcc_hidl_update_vendor_dropbox() res=0
09-23 23:38:00.385 I/QCC:Collector( 2190): deleteDir: /data/misc/qdma/down/6 already disabled
09-23 23:38:00.385 I/hwservicemanager( 514): getTransport: Cannot find entry android.hardware.graphics.allocator@4.0::IAllocator/default in either framework or device VINTF manifest.
09-23 23:38:00.379 W/bluetooth@1.0-s( 821): type=1400 audit(0.0:211): avc: denied { read write } for name="diag" dev="tmpfs" ino=13425 scontext=u:r:hal_bluetooth_default:s0 tcontext=u:object_r:vendor_diag_device:s0 tclass=chr_file permissive=0
09-23 23:38:00.387 D/QCC-NetstatCollector( 2835): QCCNetstatCollectServerSocket recv thread start
09-23 23:38:00.387 W/Gralloc4( 2348): allocator 4.x is not supported
09-23 23:38:00.387 D/QCC-NetstatCollector( 2835): QCCNetstatCollectServerSocket begins to accept()
09-23 23:38:00.388 D/vendor.qti.bluetooth@1.0-data_handler( 821): operator(): init thread exited now
09-23 23:38:00.390 D/CompatibilityChangeReporter( 2691): Compat change id reported: 147600208; UID 10071; state: ENABLED
09-23 23:38:00.390 I/am_proc_bound( 1487): [0,2863,com.qualcomm.qti.workloadclassifier]
09-23 23:38:00.391 I/auditd ( 2634): type=1400 audit(0.0:212): avc: denied { read } for comm="ethod.sogou.car" name="anr" dev="dm-10" ino=34 scontext=u:r:priv_app:s0:c512,c768 tcontext=u:object_r:anr_data_file:s0 tclass=dir permissive=0 app=com.sohu.inputmethod.sogou.car
09-23 23:38:00.391 W/ethod.sogou.car( 2634): type=1400 audit(0.0:212): avc: denied { read } for name="anr" dev="dm-10" ino=34 scontext=u:r:priv_app:s0:c512,c768 tcontext=u:object_r:anr_data_file:s0 tclass=dir permissive=0 app=com.sohu.inputmethod.sogou.car
09-23 23:38:00.391 D/CompatibilityChangeReporter( 1487): Compat change id reported: 168419799; UID 10085; state: DISABLED
09-23 23:38:00.392 D/CompatibilityInfo( 1487): mCompatibilityFlags - 4
09-23 23:38:00.392 D/CompatibilityInfo( 1487): applicationDensity - 240
09-23 23:38:00.392 D/CompatibilityInfo( 1487): applicationScale - 1.0
09-23 23:38:00.392 I/hwservicemanager( 514): Since vendor.qti.hardware.iop@2.0::IIop/default is not registered, trying to start it as a lazy HAL.
09-23 23:38:00.392 E/ANDR-IOP( 1218): IIop:: Iop HAL Service is not available.
09-23 23:38:00.393 I/am_uid_active( 1487): 10085
09-23 23:38:00.393 I/QCC:OmaDMNative( 2190): qcc_hidl_update_vendor_dropbox(), path=/data/misc/qdma/down/6 isEnabled=0
09-23 23:38:00.394 D/QCC:qccvndhal( 874): /data/vendor/qdma/down/6 is null
09-23 23:38:00.394 I/QCC:OmaDMNative( 2190): qcc_hidl_update_vendor_dropbox() res=0
09-23 23:38:00.394 I/QCC:Collector( 2190): deleteDir: /data/misc/qdma/down/51 already disabled
09-23 23:38:00.395 I/Perf ( 2873): Connecting to perf service.
09-23 23:38:00.396 I/QCC:OmaDMNative( 2190): qcc_hidl_update_vendor_dropbox(), path=/data/misc/qdma/down/51 isEnabled=0
09-23 23:38:00.396 D/QCC:qccvndhal( 874): /data/vendor/qdma/down/51 is null
09-23 23:38:00.396 I/QCC:OmaDMNative( 2190): qcc_hidl_update_vendor_dropbox() res=0
09-23 23:38:00.396 I/QCC:Collector( 2190): deleteDir: /data/misc/qdma/down/102 already disabled
09-23 23:38:00.396 I/bt_osi_thread( 1836): run_thread: thread id 2920, thread name bt_workqueue started
09-23 23:38:00.396 V/LocSvc_HIDL_HidlGnss( 831): [getExtensionLocHidlIzatNetworkProvider][266] [HS] <<<<= [HC]
09-23 23:38:00.397 I/droid.bluetoot( 1836): [0923/233800.396995:INFO:btu_task.cc(107)] Bluetooth chip preload is complete
09-23 23:38:00.397 I/QCC:Collector( 2190): deleteDir: /data/misc/qdma/down/104 already disabled
09-23 23:38:00.397 W/bt_l2cap( 1836): L2CAP - L2CA_Register() called for PSM: 0x0001
09-23 23:38:00.397 I/QCC:Collector( 2190): deleteDir: /data/misc/qdma/down/1501 already disabled
09-23 23:38:00.397 W/bt_l2cap( 1836): L2CAP - L2CA_Register() called for PSM: 0x001f
09-23 23:38:00.397 I/droid.bluetoot( 1836): [0923/233800.397354:INFO:gatt_api.cc(1223)] GATT_Register 81818181-8181-8181-8181-818181818181
09-23 23:38:00.397 I/droid.bluetoot( 1836): [0923/233800.397379:INFO:gatt_api.cc(1244)] allocated gatt_if=1
09-23 23:38:00.397 I/droid.bluetoot( 1836): [0923/233800.397404:INFO:gatt_api.cc(166)] GATTS_AddService
09-23 23:38:00.397 I/droid.bluetoot( 1836): [0923/233800.397423:INFO:gatt_api.cc(269)] GATTS_AddService: service parsed correctly, now starting
09-23 23:38:00.397 W/bt_l2cap( 1836): L2CAP - L2CA_Register() called for PSM: 0x0003
09-23 23:38:00.397 I/droid.bluetoot( 1836): [0923/233800.397487:INFO:gatt_api.cc(1223)] GATT_Register 82828282-8282-8282-8282-828282828282
09-23 23:38:00.397 I/droid.bluetoot( 1836): [0923/233800.397507:INFO:gatt_api.cc(1244)] allocated gatt_if=2
09-23 23:38:00.397 V/LocSvc_HIDL_IzatProvider( 831): [init][138] [HS] <<<<= [HC]
09-23 23:38:00.397 I/droid.bluetoot( 1836): [0923/233800.397525:INFO:gatt_api.cc(166)] GATTS_AddService
09-23 23:38:00.397 I/droid.bluetoot( 1836): [0923/233800.397541:INFO:gatt_api.cc(269)] GATTS_AddService: service parsed correctly, now starting
09-23 23:38:00.398 I/bt_osi_thread( 1836): run_thread: thread id 2928, thread name btu message loop started
09-23 23:38:00.398 I/QCC:OmaDMNative( 2190): qcc_hidl_update_vendor_dropbox(), path=/data/misc/qdma/down/1501 isEnabled=0
09-23 23:38:00.398 D/QCC:qccvndhal( 874): /data/vendor/qdma/down/1501 is null
09-23 23:38:00.398 I/QCC:OmaDMNative( 2190): qcc_hidl_update_vendor_dropbox() res=0
09-23 23:38:00.398 I/QCC:Collector( 2190): deleteDir: /data/misc/qdma/down/1502 already disabled
09-23 23:38:00.399 I/QCC:OmaDMNative( 2190): qcc_hidl_update_vendor_dropbox(), path=/data/misc/qdma/down/1502 isEnabled=0
09-23 23:38:00.399 D/QCC:qccvndhal( 874): /data/vendor/qdma/down/1502 is null
09-23 23:38:00.399 I/QCC:OmaDMNative( 2190): qcc_hidl_update_vendor_dropbox() res=0
09-23 23:38:00.399 I/QCC:Collector( 2190): deleteDir: /data/misc/qdma/down/1503 already disabled
09-23 23:38:00.400 E/FrameEvents( 2348): updateAcquireFence: Did not find frame.
09-23 23:38:00.400 I/QCC:OmaDMNative( 2190): qcc_hidl_update_vendor_dropbox(), path=/data/misc/qdma/down/1503 isEnabled=0
09-23 23:38:00.400 D/QCC:qccvndhal( 874): /data/vendor/qdma/down/1503 is null
09-23 23:38:00.400 I/QCC:OmaDMNative( 2190): qcc_hidl_update_vendor_dropbox() res=0
09-23 23:38:00.400 I/bt_osi_thread( 1836): run_thread: thread id 2930, thread name module_wrapper started
09-23 23:38:00.401 I/bt_core_module( 1836): module_start_up Starting module "controller_module"
09-23 23:38:00.400 D/XTProxy ( 2691): XTProxy ctor
09-23 23:38:00.401 D/CompatibilityChangeReporter( 2863): Compat change id reported: 171979766; UID 10085; state: ENABLED
09-23 23:38:00.401 E/XTProxy ( 2691): XTProxy binderDied
09-23 23:38:00.401 I/QCC:OperationMode( 2190): bQDMAUIEnabled : false
09-23 23:38:00.401 I/bt_stack( 1836): [INFO:controller.cc(1326)] load_bt_configstore_lib loaded HAL: bt_configstore_interface_t=0x71804d8970, bt_configstore_lib_handle=0x6d78c853d927485d
09-23 23:38:00.401 I/bt_config_store( 1836): getVendorProperties
09-23 23:38:00.403 I/am_uid_running( 1487): 10074
09-23 23:38:00.403 E/FrameEvents( 2348): updateAcquireFence: Did not find frame.
09-23 23:38:00.403 F/linker ( 2924): CANNOT LINK EXECUTABLE "/vendor/bin/hw/sxrservice": library "vendor.qti.hardware.qxr-V1-ndk_platform.so" not found: needed by main executable
09-23 23:38:00.404 I/vendor.qti.hardware.btconfigstore@2.0-BTConfigStore( 821): getVendorProperties:: Bluetooth soc type set to: hastings, ret: 8
09-23 23:38:00.404 I/vendor.qti.hardware.btconfigstore@2.0-BTConfigStore( 821): getVendorProperties:: persist.vendor.qcom.bluetooth.enable.splita2dp: true, ret: 4
09-23 23:38:00.404 I/vendor.qti.hardware.btconfigstore@2.0-BTConfigStore( 821): getVendorProperties:: persist.vendor.qcom.bluetooth.a2dp_offload_cap: sbc-aptx-aptxtws-aptxhd-aac-ldac-aptxadaptiver2, ret: 47
09-23 23:38:00.404 I/vendor.qti.hardware.btconfigstore@2.0-BTConfigStore( 821): getVendorProperties:: ro.vendor.bluetooth.wipower: false, ret: 5
09-23 23:38:00.404 I/vendor.qti.hardware.btconfigstore@2.0-BTConfigStore( 821): getVendorProperties:: persist.vendor.qcom.bluetooth.aac_frm_ctl.enabled: true, ret: 4
09-23 23:38:00.404 I/vendor.qti.hardware.btconfigstore@2.0-BTConfigStore( 821): getVendorProperties:: persist.vendor.qcom.bluetooth.enable.swb: true, ret: 4
09-23 23:38:00.404 I/vendor.qti.hardware.btconfigstore@2.0-BTConfigStore( 821): getVendorProperties:: persist.vendor.qcom.bluetooth.enable.swbpm: true, ret: 4
09-23 23:38:00.404 I/vendor.qti.hardware.btconfigstore@2.0-BTConfigStore( 821): getVendorProperties:: persist.vendor.qcom.bluetooth.a2dp_mcast_test.enabled: false, ret: 5
09-23 23:38:00.404 I/vendor.qti.hardware.btconfigstore@2.0-BTConfigStore( 821): getVendorProperties:: persist.vendor.qcom.bluetooth.twsp_state.enabled: false, ret: 5
09-23 23:38:00.404 I/vendor.qti.hardware.btconfigstore@2.0-BTConfigStore( 821): getVendorProperties:: persist.vendor.qcom.bluetooth.max_power_support: false, ret: 5
09-23 23:38:00.404 I/bt_config_store( 1836): prop type: BT_PROP_SOC_TYPE, prop_value: hastings
09-23 23:38:00.404 I/bt_config_store( 1836): prop type: BT_PROP_SPILT_A2DP, prop_value: true
09-23 23:38:00.404 I/bt_config_store( 1836): prop type: BT_PROP_A2DP_OFFLOAD_CAP, prop_value: sbc-aptx-aptxtws-aptxhd-aac-ldac-aptxadaptiver2
09-23 23:38:00.404 I/bt_config_store( 1836): prop type: BT_PROP_WIPOWER, prop_value: false
09-23 23:38:00.404 I/bt_config_store( 1836): prop type: BT_PROP_AAC_FRAME_CTL, prop_value: true
09-23 23:38:00.404 I/bt_config_store( 1836): not handled propType = 6
09-23 23:38:00.404 I/bt_config_store( 1836): prop type: not handled, prop_value: true
09-23 23:38:00.404 I/bt_config_store( 1836): not handled propType = 7
09-23 23:38:00.404 I/bt_config_store( 1836): prop type: not handled, prop_value: true
09-23 23:38:00.404 I/bt_config_store( 1836): not handled propType = 8
09-23 23:38:00.404 I/bt_config_store( 1836): prop type: not handled, prop_value: false
09-23 23:38:00.404 I/bt_config_store( 1836): not handled propType = 9
09-23 23:38:00.404 I/bt_config_store( 1836): prop type: not handled, prop_value: false
09-23 23:38:00.404 I/bt_config_store( 1836): not handled propType = 11
09-23 23:38:00.404 I/bt_config_store( 1836): prop type: not handled, prop_value: false
09-23 23:38:00.404 I/bt_config_store( 1836): soc_name: hastings, soc_type = 0004
09-23 23:38:00.404 I/bt_controller( 1836): start_up:: soc_name:hastings, soc_type = 4
09-23 23:38:00.404 I/bt_controller( 1836): start_up:: spilt_a2dp_supported = 1
09-23 23:38:00.404 I/bt_controller( 1836): start_up:: a2dp_offload_Cap = sbc-aptx-aptxtws-aptxhd-aac-ldac-aptxadaptiver2
09-23 23:38:00.404 I/bt_controller( 1836): start_up:: wipower_supported = 0
09-23 23:38:00.404 I/bt_controller( 1836): start_up:: aac_frame_ctl_enabled = 1
09-23 23:38:00.404 I/bt_controller( 1836): start_up:: a2dp_multicast_supported = 0
09-23 23:38:00.404 I/bt_controller( 1836): start_up:: twsp_state_supported = 0
09-23 23:38:00.404 I/bt_controller( 1836): decode_max_power_values: MAX POW property is not set
09-23 23:38:00.404 I/bt_controller( 1836): start_up:: max_power_prop_enabled = 0
09-23 23:38:00.404 W/libc ( 514): Unable to set property "ctl.interface_start" to "vendor.qti.hardware.iop@2.0::IIop/default": error code: 0x20
09-23 23:38:00.404 I/hwservicemanager( 514): Tried to start vendor.qti.hardware.iop@2.0::IIop/default as a lazy service, but was unable to. Usually this happens when a service is not installed, but if the service is intended to be used as a lazy service, then it may be configured incorrectly.
09-23 23:38:00.404 I/vendor.qti.bluetooth@1.0-ibs_handler( 821): DeviceWakeUp: Writing IBS_WAKE_IND
09-23 23:38:00.405 D/CompatibilityChangeReporter( 1487): Compat change id reported: 135634846; UID 10074; state: DISABLED
09-23 23:38:00.405 D/CompatibilityChangeReporter( 1487): Compat change id reported: 177438394; UID 10074; state: DISABLED
09-23 23:38:00.405 I/vendor.qti.bluetooth@1.0-ibs_handler( 821): ProcessIbsCmd: Received IBS_WAKE_ACK: 0xFC
09-23 23:38:00.405 I/vendor.qti.bluetooth@1.0-ibs_handler( 821): ProcessIbsCmd: Signal wack_cond_
09-23 23:38:00.405 D/vendor.qti.bluetooth@1.0-ibs_handler( 821): DeviceWakeUp: Unblocked from waiting for FC, pthread_cond_timedwait ret = 0
09-23 23:38:00.406 E/FrameEvents( 2348): updateAcquireFence: Did not find frame.
09-23 23:38:00.406 D/CompatibilityChangeReporter( 1487): Compat change id reported: 135772972; UID 10074; state: DISABLED
09-23 23:38:00.406 D/CompatibilityChangeReporter( 1487): Compat change id reported: 135754954; UID 10074; state: ENABLED
09-23 23:38:00.406 V/GraphicsEnvironment( 2873): ANGLE Developer option for 'com.android.mtp' set to: 'default'
09-23 23:38:00.406 D/CompatibilityChangeReporter( 1487): Compat change id reported: 143937733; UID 10074; state: ENABLED
09-23 23:38:00.407 D/XTProxy ( 2691): setNppLoaded
09-23 23:38:00.408 V/GraphicsEnvironment( 2873): ANGLE GameManagerService for com.android.mtp: false
09-23 23:38:00.410 E/FrameEvents( 2348): updateAcquireFence: Did not find frame.
09-23 23:38:00.411 D/NetworkSecurityConfig( 2873): No Network Security Config specified, using platform default
09-23 23:38:00.411 I/QCC:OperationMode( 2190): prepareProvisioned nProvisioned = 1
09-23 23:38:00.411 D/IzatProvider_network( 2691): [onEnableProvider][671] [HC] =>> [HS]
09-23 23:38:00.411 I/QCC:OperationMode( 2190): readOpMode operationMode: 1
09-23 23:38:00.411 I/QCC:OperationMode( 2190): DEVICE_PROVISIONED done or need to opmode as 3
09-23 23:38:00.411 V/LocSvc_HIDL_IzatProvider( 831): [onEnable][169] [HS] <<<<= [HC]
09-23 23:38:00.412 W/ContextImpl( 2190): Calling a method in the system process without a qualified user: android.app.ContextImpl.startService:1816 android.content.ContextWrapper.startService:774 android.content.ContextWrapper.startService:774 com.qualcomm.qti.qdma.app.BootReceiver.onBootReceived:115 com.qualcomm.qti.innodme.InnoBootReceiver.onReceive:22
09-23 23:38:00.413 D/NetworkSecurityConfig( 2873): No Network Security Config specified, using platform default
09-23 23:38:00.414 D/vendor.qti.bluetooth@1.0-data_handler( 821): operator(): Resetting Rx thread stuck prop
09-23 23:38:00.414 I/Perf ( 2863): Connecting to perf service.
09-23 23:38:00.414 D/Zygote ( 674): Forked child process 2940
09-23 23:38:00.414 I/am_proc_start( 1487): [0,2940,10074,com.qualcomm.location.XT,service,{com.qualcomm.location.XT/com.qualcomm.location.XT.XTSrv}]
09-23 23:38:00.414 I/ActivityManager( 1487): Start proc 2940:com.qualcomm.location.XT/u0a74 for service {com.qualcomm.location.XT/com.qualcomm.location.XT.XTSrv}
09-23 23:38:00.415 D/CompatibilityInfo( 1487): mCompatibilityFlags - 4
09-23 23:38:00.415 D/CompatibilityInfo( 1487): applicationDensity - 240
09-23 23:38:00.415 D/CompatibilityInfo( 1487): applicationScale - 1.0
09-23 23:38:00.415 F/linker ( 2919): CANNOT LINK EXECUTABLE "/vendor/bin/hw/qvrservice": library "vendor.qti.hardware.qxr-V1-ndk_platform.so" not found: needed by /vendor/lib64/libqvrservice.so in namespace (default)
09-23 23:38:00.417 D/vendor.qti.bluetooth@1.0-data_handler( 821): operator(): Resetting Rx thread stuck prop completed
09-23 23:38:00.418 V/LocSvc_HIDL_HidlGnss( 831): [getExtensionLocHidlFlpService_4_0][512] [HS] <<<<= [HC]
09-23 23:38:00.418 D/CompatibilityInfo( 1487): mCompatibilityFlags - 4
09-23 23:38:00.418 D/CompatibilityInfo( 1487): applicationDensity - 240
09-23 23:38:00.418 D/CompatibilityInfo( 1487): applicationScale - 1.0
09-23 23:38:00.418 V/LocSvc_HIDL_HidlGnss( 831): [getExtensionLocHidlFlpService_4_0][512] [HS] <<<<= [HC]
09-23 23:38:00.419 V/LocSvc_HIDL_FlpService( 831): [init_4_0][122] [HS] <<<<= [HC]
09-23 23:38:00.419 V/GraphicsEnvironment( 2863): ANGLE Developer option for 'com.qualcomm.qti.workloadclassifier' set to: 'default'
09-23 23:38:00.420 D/RCSService BC-Receiver( 1984): Boot Complete Event Received. Is IMS RCS Single Reg enabled0
09-23 23:38:00.420 D/RCSService BC-Receiver( 1984): START RCS SERVICE ON BOOTUP
09-23 23:38:00.420 V/GraphicsEnvironment( 2863): ANGLE GameManagerService for com.qualcomm.qti.workloadclassifier: false
09-23 23:38:00.422 D/NetworkSecurityConfig( 2863): No Network Security Config specified, using platform default
09-23 23:38:00.422 D/NetworkSecurityConfig( 2863): No Network Security Config specified, using platform default
09-23 23:38:00.424 D/CompatibilityInfo( 1487): mCompatibilityFlags - 4
09-23 23:38:00.424 D/CompatibilityInfo( 1487): applicationDensity - 240
09-23 23:38:00.424 D/CompatibilityInfo( 1487): applicationScale - 1.0
09-23 23:38:00.424 I/hwservicemanager( 514): Since vendor.qti.hardware.iop@2.0::IIop/default is not registered, trying to start it as a lazy HAL.
09-23 23:38:00.424 E/ANDR-IOP( 1218): IIop:: Iop HAL Service is not available.
09-23 23:38:00.425 I/QRCSService( 1984): onCreate: Attempt to start service
09-23 23:38:00.429 I/DrmHal ( 2190): found instance=clearkey version=android.hardware.drm@1.3::IDrmFactory
09-23 23:38:00.429 I/DrmHal ( 2190): found instance=wfdhdcp version=android.hardware.drm@1.3::IDrmFactory
09-23 23:38:00.429 I/QCC:ActiveCareService( 2190): onStartCommand :Intent: Intent { act=com.qualcomm.qti.qdma.DEVICE_BOOTED cmp=com.qualcomm.qti.qdma/.app.ActiveCareService }
09-23 23:38:00.429 D/HDCPManagerAdapter( 1219): getHDCPFactory get new Instance
09-23 23:38:00.430 I/QCC:ApplicationManager( 2190): isItDMSessionRecovery, Invoked.?
09-23 23:38:00.430 W/libc ( 514): Unable to set property "ctl.interface_start" to "vendor.qti.hardware.iop@2.0::IIop/default": error code: 0x20
09-23 23:38:00.430 I/hwservicemanager( 514): Tried to start vendor.qti.hardware.iop@2.0::IIop/default as a lazy service, but was unable to. Usually this happens when a service is not installed, but if the service is intended to be used as a lazy service, then it may be configured incorrectly.
09-23 23:38:00.431 D/TelephonyRegistry( 1487): listen oscl: mHasNotifySubscriptionInfoChangedOccurred==false no callback
09-23 23:38:00.431 I/am_uid_running( 1487): 10088
09-23 23:38:00.431 I/QCC:ApplicationManager( 2190): isItDMSessionRecovery, return false.
09-23 23:38:00.431 D/CompatibilityChangeReporter( 1487): Compat change id reported: 135634846; UID 10088; state: DISABLED
09-23 23:38:00.431 D/CompatibilityChangeReporter( 1487): Compat change id reported: 177438394; UID 10088; state: DISABLED
09-23 23:38:00.431 D/CompatibilityChangeReporter( 1487): Compat change id reported: 135772972; UID 10088; state: DISABLED
09-23 23:38:00.431 D/CompatibilityChangeReporter( 1487): Compat change id reported: 135754954; UID 10088; state: ENABLED
09-23 23:38:00.431 D/HDCPManagerAdapter( 1219): getHDCPFactory got new Instance
09-23 23:38:00.432 I/QCC:PeriodicCI( 2190): PeriodicCI.start()
09-23 23:38:00.432 W/HDCPManagerAdapter( 1219): HDCPManagerAdapter::isHDCPAvailable 0
09-23 23:38:00.432 D/CompatibilityChangeReporter( 1487): Compat change id reported: 143937733; UID 10088; state: ENABLED
09-23 23:38:00.432 W/HDCPManagerAdapter( 1219): HDCPManagerAdapter::isHDCPAvailable 0
09-23 23:38:00.432 W/QCC:PeriodicCI( 2190): [WARNING] Current time is wrong, status=0
09-23 23:38:00.432 I/QCC:PeriodicCI( 2190): Waiting for the time change
09-23 23:38:00.432 W/HDCPManagerAdapter( 1219): HDCPManagerAdapter::isHDCPAvailable 0
09-23 23:38:00.432 W/HDCPManagerAdapter( 1219): HDCPManagerAdapter::isHDCPAvailable 0
09-23 23:38:00.432 E/DrmHal ( 2190): uuid=[edef8ba979d64ace a3c827dcd51d21ed] No supported hal instance found
09-23 23:38:00.432 E/omm.location.X( 2940): Not starting debugger since process cannot load the jdwp agent.
09-23 23:38:00.432 E/WidevineCollector( 2190): android.media.UnsupportedSchemeException: Failed to instantiate drm object: NO_INIT
09-23 23:38:00.432 E/WidevineCollector( 2190): ============================== Beginning of DRM Plugin Log ==============================
09-23 23:38:00.432 E/WidevineCollector( 2190):
09-23 23:38:00.429 I found instance=clearkey version=android.hardware.drm@1.3::IDrmFactory
09-23 23:38:00.432 E/WidevineCollector( 2190):
09-23 23:38:00.429 I found instance=wfdhdcp version=android.hardware.drm@1.3::IDrmFactory
09-23 23:38:00.432 E/WidevineCollector( 2190):
09-23 23:38:00.432 E uuid=[edef8ba979d64ace a3c827dcd51d21ed] No supported hal instance found
09-23 23:38:00.432 E/WidevineCollector( 2190): ============================== End of DRM Plugin Log ==============================
09-23 23:38:00.432 E/WidevineCollector( 2190): android.media.UnsupportedSchemeException: Failed to instantiate drm object: NO_INIT
09-23 23:38:00.432 E/WidevineCollector( 2190): ============================== Beginning of DRM Plugin Log ==============================
09-23 23:38:00.432 E/WidevineCollector( 2190):
09-23 23:38:00.429 I found instance=clearkey version=android.hardware.drm@1.3::IDrmFactory
09-23 23:38:00.432 E/WidevineCollector( 2190):
09-23 23:38:00.429 I found instance=wfdhdcp version=android.hardware.drm@1.3::IDrmFactory
09-23 23:38:00.432 E/WidevineCollector( 2190):
09-23 23:38:00.432 E uuid=[edef8ba979d64ace a3c827dcd51d21ed] No supported hal instance found
09-23 23:38:00.432 E/WidevineCollector( 2190): ============================== End of DRM Plugin Log ==============================
09-23 23:38:00.432 E/WidevineCollector( 2190): at android.media.MediaDrm.native_setup(Native Method)
09-23 23:38:00.432 E/WidevineCollector( 2190): at android.media.MediaDrm.(MediaDrm.java:293)
09-23 23:38:00.432 E/WidevineCollector( 2190): at com.qualcomm.qti.qdma.collector.WidevineCollector$1.run(WidevineCollector.java:81)
09-23 23:38:00.432 E/WidevineCollector( 2190): at java.util.TimerThread.mainLoop(Timer.java:562)
09-23 23:38:00.432 E/WidevineCollector( 2190): at java.util.TimerThread.run(Timer.java:512)
09-23 23:38:00.433 I/QCC:QDMATransferCCPScheduler( 2190): setCCPReSchedule
09-23 23:38:00.433 D/OsAgent ( 2691): [string_dataitem_update][2980] [HC] =>> [HS]
09-23 23:38:00.433 V/LocSvc_HIDL_IzatSubscription( 831): [stringDataItemUpdate][283] [HS] <<<<= [HC]
09-23 23:38:00.434 V/Launcher( 2348): LauncherAppState initiated
09-23 23:38:00.435 D/ProcessState( 2940): Binder ioctl to enable oneway spam detection failed: Invalid argument
09-23 23:38:00.438 D/bt_controller( 1836): start_up read local simple pairing options
09-23 23:38:00.439 D/bt_controller( 1836): start_up simple pairing options is 0x1
09-23 23:38:00.439 W/bt_device_profile( 1836): rf_path_loss_values_fetch:profile 6
09-23 23:38:00.439 W/bt_device_profile( 1836): rf_path_loss_values_fetch:RF_TX_PATH_COMPENSATION_VALUE found, tx value : 0
09-23 23:38:00.439 W/bt_device_profile( 1836): rf_path_loss_values_fetch:profile 6
09-23 23:38:00.439 W/bt_device_profile( 1836): rf_path_loss_values_fetch:RF_RX_PATH_COMPENSATION_VALUE found, rx value : 0
09-23 23:38:00.439 D/bt_controller( 1836): start_up HCI write RF compensation tx value : 0, rx value : 0
09-23 23:38:00.439 I/bt_config_store( 1836): getHostAddOnFeatures
09-23 23:38:00.440 E/OsAgent ( 2691): Wifi Scan Always Available: 0
09-23 23:38:00.440 D/SogouUI-JNI( 2634): loading
09-23 23:38:00.440 D/SogouUI-JNI( 2634): replace:(Lcom/sohu/inputmethod/sogou/car/ProxyWindow;II[B)I
09-23 23:38:00.440 D/SogouUI-JNI( 2634): replace:(Lcom/sohu/inputmethod/sogou/car/ProxyWindow;Lcom/sohu/inputmethod/sogou/car/ProxyCanvas;)V
09-23 23:38:00.440 D/SogouUI-JNI( 2634): replace:(Lcom/sohu/inputmethod/sogou/car/ProxyWindow;IFF)Z
09-23 23:38:00.440 D/SogouUI-JNI( 2634): replace:(Lcom/sohu/inputmethod/sogou/car/ProxyWindow;FF)Z
09-23 23:38:00.440 D/SogouUI-JNI( 2634): replace:(Lcom/sohu/inputmethod/sogou/car/ProxyWindow;IIZZZZ)Z
09-23 23:38:00.440 D/SogouUI-JNI( 2634): replace:(Lcom/sohu/inputmethod/sogou/car/ProxyWindow;IIZZZZ)Z
09-23 23:38:00.440 D/SogouUI-JNI( 2634): replace:(Lcom/sohu/inputmethod/sogou/car/ProxyWindow;I)V
09-23 23:38:00.440 D/OsAgent ( 2691): [bool_dataitem_update][2966] [HC] =>> [HS]
09-23 23:38:00.440 V/LocSvc_HIDL_IzatSubscription( 831): [boolDataItemUpdate][223] [HS] <<<<= [HC]
09-23 23:38:00.441 D/Sogou ( 2634): GetRatio ================= w = 2380
09-23 23:38:00.441 D/OsAgent ( 2691): [string_dataitem_update][2980] [HC] =>> [HS]
09-23 23:38:00.441 V/LocSvc_HIDL_IzatSubscription( 831): [stringDataItemUpdate][283] [HS] <<<<= [HC]
09-23 23:38:00.442 D/OsAgent ( 2691): [timezone_change_update][3149] [HC] =>> [HS]
09-23 23:38:00.443 D/vendor.qti.bluetooth@1.0-data_handler( 821): isProtocolInitialized:
09-23 23:38:00.444 I/vendor.qti.bluetooth@1.0-data_handler( 821): isProtocolInitialized: status:1
09-23 23:38:00.444 I/vendor.qti.hardware.btconfigstore@2.0-BTConfigStore( 821): getHostAddOnFeatures: 0x0
09-23 23:38:00.444 I/bt_config_store( 1836): getHostAddOnFeatures:: halResult = 1
09-23 23:38:00.444 I/bt_config_store( 1836): getControllerAddOnFeatures
09-23 23:38:00.444 D/vendor.qti.bluetooth@1.0-data_handler( 821): isProtocolInitialized:
09-23 23:38:00.444 I/vendor.qti.bluetooth@1.0-data_handler( 821): isProtocolInitialized: status:1
09-23 23:38:00.444 I/vendor.qti.hardware.btconfigstore@2.0-BTConfigStore( 821): getControllerAddOnFeatures: 0x74d72b4510
09-23 23:38:00.444 I/bt_config_store( 1836): getControllerAddOnFeatures:: halResult = 0
09-23 23:38:00.444 I/bt_config_store( 1836): getControllerAddOnFeatures:: product_id = 16, version = 1, feat_mask_len = 5 features data: 0x1c 0xfd 0x7f 0xe 0x1
09-23 23:38:00.445 I/am_proc_bound( 1487): [0,2940,com.qualcomm.location.XT]
09-23 23:38:00.446 V/LocSvc_HIDL_IzatSubscription( 831): [timezoneChangeUpdate][624] [HS] <<<<= [HC]
09-23 23:38:00.446 D/CompatibilityChangeReporter( 1487): Compat change id reported: 168419799; UID 10074; state: DISABLED
09-23 23:38:00.446 D/OsAgent ( 2691): [time_change_update][3164] [HC] =>> [HS]
09-23 23:38:00.446 V/LocSvc_HIDL_IzatSubscription( 831): [timeChangeUpdate][645] [HS] <<<<= [HC]
09-23 23:38:00.446 D/CompatibilityInfo( 1487): mCompatibilityFlags - 4
09-23 23:38:00.447 D/CompatibilityInfo( 1487): applicationDensity - 240
09-23 23:38:00.447 D/CompatibilityInfo( 1487): applicationScale - 1.0
09-23 23:38:00.447 I/am_uid_active( 1487): 10074
09-23 23:38:00.448 D/CompatibilityInfo( 1487): mCompatibilityFlags - 4
09-23 23:38:00.448 D/CompatibilityInfo( 1487): applicationDensity - 240
09-23 23:38:00.448 D/CompatibilityInfo( 1487): applicationScale - 1.0
09-23 23:38:00.448 D/CompatibilityChangeReporter( 1984): Compat change id reported: 147600208; UID 1001; state: ENABLED
09-23 23:38:00.449 E/OsAgent ( 2691): Wifi Scan Always Available: 0
09-23 23:38:00.449 D/OsAgent ( 2691): [bool_dataitem_update][2966] [HC] =>> [HS]
09-23 23:38:00.449 V/LocSvc_HIDL_IzatSubscription( 831): [boolDataItemUpdate][223] [HS] <<<<= [HC]
09-23 23:38:00.449 D/RilInfoMonitor( 2691): handleMessage what - 601
09-23 23:38:00.449 D/RilInfoMonitor( 2691): SGLTE with ES SUPL
09-23 23:38:00.449 D/RilInfoMonitor( 2691): [init][321] [HC] =>> [HS]
09-23 23:38:00.449 V/LocSvc_HIDL_RilInfoMonitor( 831): [init][18] [HS] <<<<= [HC]
09-23 23:38:00.450 D/CompatibilityChangeReporter( 2940): Compat change id reported: 171979766; UID 10074; state: DISABLED
09-23 23:38:00.450 I/bt_core_module( 1836): module_start_up Started module "controller_module"
09-23 23:38:00.450 D/LocSvc_java( 2691): [init][993] [HC] =>> [HS]
09-23 23:38:00.450 W/bt_osi_thread( 1836): run_thread: thread id 2930, thread name module_wrapper exited
09-23 23:38:00.450 V/LocSvc_HIDL_HidlGnss( 831): [getExtensionLocHidlGnssNi][282] [HS] <<<<= [HC]
09-23 23:38:00.450 V/bt_stack( 1836): [VERBOSE1:connection_manager.cc(198)] reset : after_reset1
09-23 23:38:00.450 W/bt_btm ( 1836): btm_decode_ext_features_page: feature page 1 ignored
09-23 23:38:00.450 W/bt_btm ( 1836): btm_decode_ext_features_page: feature page 2 ignored
09-23 23:38:00.450 I/bt_btm_sec( 1836): BTM_SecRegister p_cb_info->p_le_callback == 0x0x7180bab4e0
09-23 23:38:00.450 I/bt_btm_sec( 1836): BTM_SecRegister btm_cb.api.p_le_callback = 0x0x7180bab4e0
09-23 23:38:00.451 V/bt_stack( 1836): [VERBOSE1:bta_gattc_act.cc(210)] bta_gattc_register: state:0
09-23 23:38:00.451 V/bt_stack( 1836): [VERBOSE1:bta_gattc_act.cc(132)] bta_gattc_enable
09-23 23:38:00.451 D/LocSvc_java( 2691): getGnssNiIface, sGnssNi=vendor.qti.gnss@1.1::ILocHidlGnssNi@Proxy
09-23 23:38:00.451 I/bt_stack( 1836): [INFO:gatt_api.cc(1223)] GATT_Register c621b94c-fc42-5f0e-c7db-f4b3e19e8214
09-23 23:38:00.451 I/bt_stack( 1836): [INFO:gatt_api.cc(1244)] allocated gatt_if=3
09-23 23:38:00.451 V/LocSvc_HIDL_HidlGnss( 831): [getExtensionLocHidlAGnss_2_1][438] [HS] <<<<= [HC]
09-23 23:38:00.451 V/bt_stack( 1836): [VERBOSE1:gatt_api.cc(1369)] GATT_StartIf gatt_if=3
09-23 23:38:00.451 V/bt_stack( 1836): [VERBOSE1:gatt_utils.cc(293)] gatt_find_the_connected_bda start_idx=0
09-23 23:38:00.451 V/bt_stack( 1836): [VERBOSE1:gatt_utils.cc(305)] found=0 found_idx=10
09-23 23:38:00.451 D/LocSvc_java( 2691): getAGnssIface with instanceOf, sAGnss_2_1=vendor.qti.gnss@2.1::ILocHidlAGnss@Proxy
09-23 23:38:00.451 V/LocSvc_HIDL_GnssNi( 831): [setVendorCallback][36] [HS] <<<<= [HC]
09-23 23:38:00.451 V/LocSvc_HIDL_HidlAGnss( 831): [setCallbackExt][328] [HS] <<<<= [HC]
09-23 23:38:00.451 D/LocSvc_HIDL_HidlAGnss( 831): getGnssInterface]: loading libgnss.so::getGnssInterface ...
09-23 23:38:00.452 D/CompatibilityChangeReporter( 1487): Compat change id reported: 182478738; UID 1001; state: DISABLED
09-23 23:38:00.452 D/GeocoderService( 2691): handleMessage what - 700
09-23 23:38:00.452 D/GeocoderService( 2691): GeocoderProxy init
09-23 23:38:00.452 D/EsStatusReceiver( 2691): LOCHIDL version is lower than 4.1, or use LOCAIDL, initialize AFW client
09-23 23:38:00.453 I/QRCSService( 1984): onCreate: isSimInserted[false]
09-23 23:38:00.454 I/QRCSService( 1984): onStartCommand- Call
09-23 23:38:00.456 D/Zygote ( 674): Forked child process 2971
09-23 23:38:00.456 D/CompatibilityChangeReporter( 2348): Compat change id reported: 171228096; UID 10077; state: ENABLED
09-23 23:38:00.457 I/QCC:QDMATransferCCPScheduler( 2190): setCCPReSchedule bCCPTimerisOn:false
09-23 23:38:00.457 I/QCC:QDMATransferCCPScheduler( 2190): setCCPReSchedule - nothing to do
09-23 23:38:00.458 V/bt_stack( 1836): [VERBOSE1:ble_advertiser_hci_interface.cc(943)] Initialize
09-23 23:38:00.458 I/bt_stack( 1836): [INFO:ble_advertiser_hci_interface.cc(947)] Extended advertising will be in use
09-23 23:38:00.458 D/AdapterProperties( 1836): BT_PROPERTY_LOCAL_LE_FEATURES: update from BT controller mNumOfAdvertisementInstancesSupported = 16 mRpaOffloadSupported = true mNumOfOffloadedIrkSupported = 32 mNumOfOffloadedScanFilterSupported = 32 mOffloadedScanResultStorageBytes= 10240 mIsActivityAndEnergyReporting = true mVersSupported = 96 mTotNumOfTrackableAdv = 32 mIsExtendedScanSupported = true mIsDebugLogSupported = false mIsLe2MPhySupported = true mIsLeCodedPhySupported = true mIsLeExtendedAdvertisingSupported = true mIsLePeriodicAdvertisingSupported = true mLeMaximumAdvertisingDataLength = 1650 mDynamicAudioBufferSizeSupportedCodecsGroup1 = 0 mDynamicAudioBufferSizeSupportedCodecsGroup2 = 0
09-23 23:38:00.460 I/am_proc_start( 1487): [0,2971,10088,com.qualcomm.qtil.aptxui,broadcast,{com.qualcomm.qtil.aptxui/com.qualcomm.qtil.aptxui.aptxuiBootReceiver}]
09-23 23:38:00.460 I/ActivityManager( 1487): Start proc 2971:com.qualcomm.qtil.aptxui/u0a88 for broadcast {com.qualcomm.qtil.aptxui/com.qualcomm.qtil.aptxui.aptxuiBootReceiver}
09-23 23:38:00.460 D/CompatibilityChangeReporter( 1487): Compat change id reported: 157233955; UID 10071; state: DISABLED
09-23 23:38:00.460 E/bt_btif_storage( 1836): btif_storage_get_adapter_property: Controller ready!
09-23 23:38:00.460 I/bt_btif_storage( 1836): btif_storage_get_adapter_property service_mask:0x20000000
09-23 23:38:00.460 D/AdapterProperties( 1836): Address is:22:22:49:28:BB:25
09-23 23:38:00.461 I/QRCSService( 1984): start service isHidlServiceUp[false], isSimInserted[false], mHidlService is [false]
09-23 23:38:00.462 I/QRCSService( 1984): Attempting to get HIDL-IUceService
09-23 23:38:00.462 D/Aidl-shim UceServiceStub( 1984): getService start
09-23 23:38:00.463 D/AdapterProperties( 1836): Name is: QCOi
09-23 23:38:00.463 D/Aidl-shim UceServiceStub( 1984): Hal_2_3 bindToHal
09-23 23:38:00.464 I/QCC:ActiveCareService( 2190): ActiveCareService onDestroy
09-23 23:38:00.464 D/AdapterProperties( 1836): Scan Mode:20
09-23 23:38:00.464 D/AdapterProperties( 1836): Discoverable Timeout:120
09-23 23:38:00.465 D/AdapterProperties( 1836): Adding bonded device:50:C0:F0:71:EB:E4
09-23 23:38:00.465 I/android_os_HwBinder( 1984): HwBinder: Starting thread pool for getting: com.qualcomm.qti.uceservice@2.3::IUceService/com.qualcomm.qti.uceservice
09-23 23:38:00.465 D/BluetoothRemoteDevices( 1836): Property type: 163
09-23 23:38:00.465 D/BluetoothRemoteDevices( 1836): BT_PROPERTY_ADV_AUDIO_VALID_ADDR_TYPE 50:C0:F0:71:EB:E4 addrValid 1
09-23 23:38:00.465 D/BluetoothRemoteDevices( 1836): Property type: 1
09-23 23:38:00.466 I/QRCSService( 1984): Received HIDL-UCEService :VERSION_2_3
09-23 23:38:00.466 D/Aidl-shim UceServiceStub( 1984): RCSStartRCSService setHidlUceService
09-23 23:38:00.466 W/Looper ( 1487): Slow dispatch took 228ms main h=android.app.ActivityThread$H c=android.app.LoadedApk$ReceiverDispatcher$Args$$ExternalSyntheticLambda0@d8ca06d m=0
09-23 23:38:00.466 W/Looper ( 1487): Slow delivery took 289ms main h=android.os.Handler c=android.app.LoadedApk$ServiceDispatcher$RunConnection@f0fb4a2 m=0
09-23 23:38:00.468 I/Aidl-shim UceServiceStub( 1984): ServiceStatus isRCSRegistered [true]
09-23 23:38:00.468 I/QRCSService( 1984): startService: attempt BroadCast ServieUpIntent
09-23 23:38:00.469 I/bt_stack( 1836): [INFO:btm_ble_bgconn.cc(429)] Already connection initiated (or) No Pending connections(or) Resources of lcb are exhausted
09-23 23:38:00.469 D/InterruptionStateProvider( 1843): No bubble up: not allowed to bubble: -1|android|26|null|1000
09-23 23:38:00.469 W/omm.location.X( 2940): ClassLoaderContext shared library size mismatch. Expected=0, found=1 (PCL[] | PCL[]{PCL[/system/system_ext/framework/izat.xt.srv.jar*844606969]})
09-23 23:38:00.470 W/NotifBindPipeline( 1843): Row is not set so pipeline will not run. notif = -1|android|26|null|1000
09-23 23:38:00.472 D/Fingerprint21( 1487): handleError, client: FingerprintInternalCleanupClient, error: 2, vendorCode: 0
09-23 23:38:00.472 E/Fingerprint21( 1487): onError for non-error consumer: FingerprintInternalCleanupClient
09-23 23:38:00.473 I/BluetoothAdapterService( 1836): isIgnoreDevice false device name null addr 50:C0:F0:71:EB:E4
09-23 23:38:00.473 V/NotificationAssistants( 1487): 0 notification assistant service connected: ComponentInfo{android.ext.services/android.ext.services.notification.Assistant}
09-23 23:38:00.473 D/BluetoothRemoteDevices( 1836): Remote Device name is: Baseus Encok W04
09-23 23:38:00.473 D/BluetoothRemoteDevices( 1836): Property type: 4
09-23 23:38:00.474 D/BluetoothRemoteDevices( 1836): Remote after adv audio class is:7936 50:C0:F0:71:EB:E4
09-23 23:38:00.474 I/am_uid_active( 1487): 10088
09-23 23:38:00.474 D/BluetoothManagerService( 1487): Bluetooth Adapter address changed to 22:22:49:28:BB:25
09-23 23:38:00.474 D/BluetoothManagerService( 1487): Stored Bluetoothaddress: 22:22:49:28:BB:25
09-23 23:38:00.474 W/Looper ( 1487): Drained
09-23 23:38:00.474 D/BluetoothManagerService( 1487): Bluetooth Adapter name changed to QCOi by android
09-23 23:38:00.474 D/BluetoothManagerService( 1487): Stored Bluetooth name: QCOi
09-23 23:38:00.476 I/SyncManager( 1487): Loaded persisted syncs: 0 periodic syncs, 0 oneshot syncs, 16 total system server jobs, JobStats: FirstLoad: 5/4/0 LastSave: -1/-1/-1
09-23 23:38:00.476 D/BluetoothRemoteDevices( 1836): Remote class is:2360324
09-23 23:38:00.476 D/BluetoothRemoteDevices( 1836): Property type: 5
09-23 23:38:00.476 D/BluetoothRemoteDevices( 1836): BT_PROPERTY_TYPE_OF_DEVICE 50:C0:F0:71:EB:E4
09-23 23:38:00.476 D/BluetoothRemoteDevices( 1836): Property type: 164
09-23 23:38:00.478 I/Perf ( 2940): Connecting to perf service.
09-23 23:38:00.481 D/BluetoothRemoteDevices( 1836): BT_PROPERTY_ADV_AUDIO_ID_BD_ADDR Remote Address MAP is:00:00:00:00:00:00
09-23 23:38:00.481 V/GraphicsEnvironment( 2940): ANGLE Developer option for 'com.qualcomm.location.XT' set to: 'default'
09-23 23:38:00.481 D/BluetoothRemoteDevices( 1836): Property type: 3
09-23 23:38:00.481 D/BluetoothRemoteDevices( 1836): BT_PROPERTY_UUIDS 50:C0:F0:71:EB:E4
09-23 23:38:00.481 E/BluetoothVendorJni( 1836): adapter_vendor_properties_callback: Status is: 0, Properties: 1
09-23 23:38:00.481 D/BluetoothVendorService( 1836): Property type: 5
09-23 23:38:00.481 D/AdapterProperties( 1836): BT_PROPERTY_ADD_ON_FEATURES: update from BT controller
09-23 23:38:00.481 D/AdapterProperties( 1836): mWiPowerFastbootEnabled = false
09-23 23:38:00.481 D/AdapterProperties( 1836): SplitA2DPScrambleDataRequired = false
09-23 23:38:00.481 D/AdapterProperties( 1836): mSplitA2DP44p1KhzSampleFreq = true
09-23 23:38:00.481 D/AdapterProperties( 1836): mSplitA2DP48KhzSampleFreq = true
09-23 23:38:00.481 D/AdapterProperties( 1836): mSplitA2DPSingleVSCommandSupport = true
09-23 23:38:00.481 D/AdapterProperties( 1836): mSplitA2DPSourceSBCEncoding = false
09-23 23:38:00.481 D/AdapterProperties( 1836): mSplitA2DPSourceSBC = true
09-23 23:38:00.481 D/AdapterProperties( 1836): mSplitA2DPSourceMP3 = false
09-23 23:38:00.481 D/AdapterProperties( 1836): mSplitA2DPSourceAAC = true
09-23 23:38:00.481 D/AdapterProperties( 1836): mSplitA2DPSourceLDAC = true
09-23 23:38:00.481 D/AdapterProperties( 1836): mSplitA2DPSourceAPTX = true
09-23 23:38:00.481 D/AdapterProperties( 1836): mSplitA2DPSourceAPTXHD = true
09-23 23:38:00.481 D/AdapterProperties( 1836): mSplitA2DPSourceAPTXADAPTIVE = true
09-23 23:38:00.481 D/AdapterProperties( 1836): mSplitA2DPSourceAPTXTWSPLUS = true
09-23 23:38:00.481 D/AdapterProperties( 1836): mSplitA2DPSinkSBC = true
09-23 23:38:00.481 D/AdapterProperties( 1836): mSplitA2DPSinkMP3 = true
09-23 23:38:00.481 D/AdapterProperties( 1836): mSplitA2DPSinkAAC = true
09-23 23:38:00.481 D/AdapterProperties( 1836): mSplitA2DPSinkLDAC = true
09-23 23:38:00.481 D/AdapterProperties( 1836): mSplitA2DPSinkAPTX = true
09-23 23:38:00.481 D/AdapterProperties( 1836): mSplitA2DPSinkAPTXHD = true
09-23 23:38:00.481 D/AdapterProperties( 1836): mSplitA2DPSinkAPTXADAPTIVE = true
09-23 23:38:00.481 D/AdapterProperties( 1836): mSplitA2DPSinkAPTXTWSPLUS = false
09-23 23:38:00.481 D/AdapterProperties( 1836): mVoiceDualSCO = false
09-23 23:38:00.481 D/AdapterProperties( 1836): mVoiceTWSPLUSeSCOAG = true
09-23 23:38:00.481 D/AdapterProperties( 1836): mSWBVoicewithAptxAdaptiveAG = true
09-23 23:38:00.481 D/AdapterProperties( 1836): SplitA2DPSourceAACABR = false
09-23 23:38:00.481 D/AdapterProperties( 1836): SplitA2DPSourceTxSplitAPTXADAPTIVE = false
09-23 23:38:00.481 D/AdapterProperties( 1836): BroadcastAudioTxwithEC_2_5 = true
09-23 23:38:00.481 D/AdapterProperties( 1836): mBroadcastAudioTxwithEC_3_9 = false
09-23 23:38:00.481 D/AdapterProperties( 1836): mBroadcastAudioRxwithEC_2_5 = false
09-23 23:38:00.481 D/AdapterProperties( 1836): mBroadcastAudioRxwithEC_3_9= false
09-23 23:38:00.481 D/bt_btif_vendor( 1836): btif_vendor_update_whitelisted_media_players
09-23 23:38:00.481 D/bt_device_interop( 1836): interop_get_whitelisted_media_players_list :
09-23 23:38:00.481 D/bt_device_interop( 1836): interop_database_get_whitelisted_media_players_list()
09-23 23:38:00.481 E/bt_device_interop( 1836): interop_database_get_whitelisted_media_players_list(): found feature - INTEROP_BROWSE_PLAYER_WHITE_LIST
09-23 23:38:00.481 W/bt_btif ( 1836): fetch_whitelisted_media_players: Found list of Whitelisted media players
09-23 23:38:00.481 D/bt_btif_vendor( 1836): btif_vendor_update_whitelisted_media_players: 2 - WL media players found
09-23 23:38:00.481 E/BluetoothVendorJni( 1836): whitelisted_players_properties_callback: Status is: 0, Properties: 1
09-23 23:38:00.481 D/BluetoothVendorService( 1836): Property type: 6
09-23 23:38:00.481 V/GraphicsEnvironment( 2940): ANGLE GameManagerService for com.qualcomm.location.XT: false
09-23 23:38:00.481 D/BluetoothVendorService( 1836): player_name :com.google.android.apps.youtube.music
09-23 23:38:00.481 D/AdapterProperties( 1836): updateWhitelistedMediaPlayers
09-23 23:38:00.481 D/AdapterProperties( 1836): Adding to Whitelisted Players list:com.google.android.apps.youtube.music
