09-23 23:38:59.464 E/light ( 4660): Light passthrough failed to load legacy HAL.
09-23 23:38:59.464 I/hwservicemanager( 514): getTransport: Cannot find entry android.hardware.light@2.0::ILight/default in either framework or device VINTF manifest.
09-23 23:38:59.464 E/HidlServiceManagement( 4660): Service android.hardware.light@2.0::ILight/default must be in VINTF manifest in order to register/get.
09-23 23:38:59.464 E/LegacySupport( 4660): Could not register service android.hardware.light@2.0::ILight/default (-2147483648).
09-23 23:38:59.915 I/mpu_uart( 654): [MSG-P:RECV]:No message received in 1000 ms
09-23 23:38:59.958 I/mpu_uart( 654): [MSG-P:R]:recv sync frame timeout
09-23 23:38:59.959 D/NetworkMonitor/100( 1956): isDataStall: result=1, tcp packets received=0, latest tcp fail rate=0, consecutive dns timeout count=119
09-23 23:38:59.959 D/NetworkMonitor/100( 1956): Suspecting data stall, reevaluate
09-23 23:38:59.959 D/ConnectivityService( 1487): Data stall detected with methods: 1
09-23 23:38:59.960 D/NetworkMonitor/100( 1956): Validation disabled.
09-23 23:38:59.965 D/ConnectivityService( 1487): [100 WIFI] validation passed
09-23 23:39:00.002 D/KeyguardUpdateMonitor( 1843): received broadcast android.intent.action.TIME_TICK
09-23 23:39:00.003 W/QCC:PeriodicCI( 2190): [ERROR] Current time is wrong, status=3
09-23 23:39:00.003 D/KeyguardUpdateMonitor( 1843): handleTimeUpdate
09-23 23:39:00.180 I/PowerManagerService( 1487): Napping display group (groupId=0, uid=1000)...
09-23 23:39:00.181 I/PowerManagerService( 1487): Nap time (uid 1000)...
09-23 23:39:00.183 I/DreamManagerService( 1487): Entering dreamland.
09-23 23:39:00.185 I/PowerManagerService( 1487): Dreaming...
09-23 23:39:00.193 I/DreamController( 1487): Starting dream: name=ComponentInfo{com.android.deskclock/com.android.deskclock.Screensaver}, isTest=false, canDoze=false, userId=0
09-23 23:39:00.193 I/sysui_multi_action( 1487): [757,222,758,1]
09-23 23:39:00.199 V/ShadeControllerImpl( 1843): NotificationShadeWindow: com.android.systemui.statusbar.phone.NotificationShadeWindowView{5ebd1ef I.E...... ......ID 0,0-2380,1020} canPanelBeCollapsed(): false
09-23 23:39:00.207 D/CompatibilityInfo( 1487): mCompatibilityFlags - 4
09-23 23:39:00.207 D/CompatibilityInfo( 1487): applicationDensity - 240
09-23 23:39:00.207 D/CompatibilityInfo( 1487): applicationScale - 1.0
09-23 23:39:00.208 I/am_pss ( 1487): [3499,10100,com.qiyi.video.pad,88072192,75345920,0,169345024,0,19,12]
09-23 23:39:00.215 I/am_pss ( 1487): [4095,10053,com.qualcomm.qti.qms.service.trustzoneaccess,5768192,3796992,0,92143616,0,19,6]
09-23 23:39:00.219 I/ActivityTaskManager( 1487): START u0 {flg=0x10000000 pkg=com.android.deskclock cmp=com.android.deskclock/android.service.dreams.DreamActivity (has extras)} from uid 10067
09-23 23:39:00.220 I/EventSequenceValidator( 1487): inc AccIntentStartedEvents to 2
09-23 23:39:00.223 I/am_pss ( 1487): [3358,10028,com.android.providers.calendar,7382016,5136384,0,98963456,0,19,6]
09-23 23:39:00.223 D/CompatibilityChangeReporter( 1487): Compat change id reported: 184838306; UID 10067; state: DISABLED
09-23 23:39:00.224 D/CompatibilityChangeReporter( 1487): Compat change id reported: 185004937; UID 10067; state: DISABLED
09-23 23:39:00.225 D/CompatibilityChangeReporter( 1487): Compat change id reported: 181136395; UID 10067; state: DISABLED
09-23 23:39:00.226 D/CompatibilityChangeReporter( 1487): Compat change id reported: 174042936; UID 10067; state: DISABLED
09-23 23:39:00.226 D/CompatibilityChangeReporter( 1487): Compat change id reported: 174042980; UID 10067; state: DISABLED
09-23 23:39:00.228 I/wm_task_created( 1487): [184,-1]
09-23 23:39:00.228 W/ActivityTaskManager( 1487): Can't find TaskDisplayArea to determine support for multi window. Task id=184 attached=false
09-23 23:39:00.230 I/am_pss ( 1487): [2873,10025,android.process.media,11730944,9469952,0,103108608,0,19,7]
09-23 23:39:00.231 I/wm_task_moved( 1487): [184,1,6]
09-23 23:39:00.231 I/wm_task_to_front( 1487): [0,184]
09-23 23:39:00.232 I/wm_create_task( 1487): [0,184]
09-23 23:39:00.232 I/wm_create_activity( 1487): [0,249884826,184,com.android.deskclock/android.service.dreams.DreamActivity,NULL,NULL,NULL,276824064]
09-23 23:39:00.232 I/wm_task_moved( 1487): [184,1,6]
09-23 23:39:00.232 D/CompatibilityInfo( 1487): mCompatibilityFlags - 4
09-23 23:39:00.232 D/CompatibilityInfo( 1487): applicationDensity - 240
09-23 23:39:00.232 D/CompatibilityInfo( 1487): applicationScale - 1.0
09-23 23:39:00.233 I/wm_on_top_resumed_lost_called( 2348): [265187314,com.android.launcher3.uioverrides.QuickstepLauncher,topStateChangedWhenResumed]
09-23 23:39:00.233 D/ActivityTrigger( 1487): ActivityTrigger activityPauseTrigger
09-23 23:39:00.233 I/wm_pause_activity( 1487): [0,265187314,com.android.launcher3/.uioverrides.QuickstepLauncher,userLeaving=true,pauseBackTasks]
09-23 23:39:00.239 I/wm_on_paused_called( 2348): [265187314,com.android.launcher3.uioverrides.QuickstepLauncher,performPause]
09-23 23:39:00.240 I/ActivityTaskManager( 1487): FOREGROUND_APPLICATION_CHANGED to android.service.dreams.DreamActivity
09-23 23:39:00.241 I/ActivityTaskManager( 1487): The Process com.android.deskclock Already Exists in BG. So sending its PID: 2545
09-23 23:39:00.241 I/wm_add_to_stopping( 1487): [0,265187314,com.android.launcher3/.uioverrides.QuickstepLauncher,makeInvisible]
09-23 23:39:00.242 I/am_pss ( 1487): [3756,10019,com.android.externalstorage,5735424,3850240,0,92581888,0,19,5]
09-23 23:39:00.242 I/wm_restart_activity( 1487): [0,249884826,184,com.android.deskclock/android.service.dreams.DreamActivity]
09-23 23:39:00.242 D/CompatibilityInfo( 1487): mCompatibilityFlags - 4
09-23 23:39:00.242 D/CompatibilityInfo( 1487): applicationDensity - 240
09-23 23:39:00.242 D/CompatibilityInfo( 1487): applicationScale - 1.0
09-23 23:39:00.243 I/wm_set_resumed_activity( 1487): [0,com.android.deskclock/android.service.dreams.DreamActivity,minimalResumeActivityLocked]
09-23 23:39:00.248 I/BpBinder( 996): onLastStrongRef automatically unlinking death recipients:
09-23 23:39:00.249 I/am_pss ( 1487): [3670,1000,com.android.localtransport,5577728,3772416,0,90984448,0,19,5]
09-23 23:39:00.253 I/sysui_multi_action( 1487): [757,803,799,window_time_0,802,60]
09-23 23:39:00.254 I/am_pss ( 1487): [3009,1000,com.android.keychain,8232960,6397952,0,93941760,0,19,5]
09-23 23:39:00.260 I/am_pss ( 1487): [2971,10088,com.qualcomm.qtil.aptxui,7639040,5873664,0,92581888,0,19,5]
09-23 23:39:00.262 I/wm_on_create_called( 2545): [249884826,android.service.dreams.DreamActivity,performCreate]
09-23 23:39:00.263 I/wm_on_start_called( 2545): [249884826,android.service.dreams.DreamActivity,handleStartActivity]
09-23 23:39:00.264 I/wm_on_resume_called( 2545): [249884826,android.service.dreams.DreamActivity,RESUME_ACTIVITY]
09-23 23:39:00.265 I/input_focus( 1487): [Focus leaving b41395a com.android.launcher3/com.android.launcher3.uioverrides.QuickstepLauncher (server),reason=NO_WINDOW]
09-23 23:39:00.265 I/am_pss ( 1487): [3455,10055,com.qualcomm.qti.qms.service.connectionsecurity,12764160,4341760,0,77492224,0,19,4]
09-23 23:39:00.271 I/am_pss ( 1487): [2351,10082,com.qualcomm.qti.qccauthmgr,6438912,4325376,0,96116736,0,19,5]
09-23 23:39:00.273 W/WindowManager( 1487): Failed looking up window session=Session{6917c66 2545:u0a10067} callers=com.android.server.wm.WindowManagerService.windowForClientLocked:5626 com.android.server.wm.Session.insetsModified:629 android.view.IWindowSession$Stub.onTransact:1151
09-23 23:39:00.275 D/KeyguardViewMediator( 1843): setOccluded true
09-23 23:39:00.276 I/wm_on_top_resumed_gained_called( 2545): [249884826,android.service.dreams.DreamActivity,topStateChangedWhenResumed]
09-23 23:39:00.277 V/KeyguardUpdateMonitor( 1843): startListeningForFingerprint()
09-23 23:39:00.277 I/am_pss ( 1487): [3401,1001,com.android.phone,7937024,5738496,0,94277632,0,19,5]
09-23 23:39:00.277 D/KeyguardViewMediator( 1843): adjustStatusBarLocked: mShowing=false mOccluded=true isSecure=false force=false --> flags=0x0
09-23 23:39:00.283 I/am_pss ( 1487): [3383,2000,com.android.shell,6178816,4317184,0,92647424,0,19,5]
09-23 23:39:00.285 E/ThemeUtils( 2545): View class androidx.appcompat.widget.AppCompatImageView is an AppCompat widget that can only be used with a Theme.AppCompat theme (or descendant).
09-23 23:39:00.286 E/ThemeUtils( 2545): View class androidx.appcompat.widget.AppCompatImageView is an AppCompat widget that can only be used with a Theme.AppCompat theme (or descendant).
09-23 23:39:00.287 E/ThemeUtils( 2545): View class androidx.appcompat.widget.AppCompatImageView is an AppCompat widget that can only be used with a Theme.AppCompat theme (or descendant).
09-23 23:39:00.287 E/ThemeUtils( 2545): View class androidx.appcompat.widget.AppCompatImageView is an AppCompat widget that can only be used with a Theme.AppCompat theme (or descendant).
09-23 23:39:00.291 I/am_pss ( 1487): [2219,1000,com.android.settings,27195392,16470016,0,136327168,0,19,7]
09-23 23:39:00.291 D/CompatibilityChangeReporter( 2545): Compat change id reported: 170233598; UID 10067; state: DISABLED
09-23 23:39:00.296 I/am_pss ( 1487): [3319,10033,com.android.packageinstaller,7339008,5591040,0,91738112,0,19,5]
09-23 23:39:00.302 I/am_pss ( 1487): [3300,10057,com.android.onetimeinitializer,5316608,3497984,0,91181056,0,19,5]
09-23 23:39:00.308 I/am_pss ( 1487): [3283,10024,com.android.managedprovisioning,8947712,7118848,0,94932992,0,19,5]
09-23 23:39:00.310 I/input_focus( 1487): [Focus request 10a03fd com.android.deskclock/android.service.dreams.DreamActivity,reason=UpdateInputWindows]
09-23 23:39:00.312 W/ServiceManager( 996): Permission failure: android.permission.ACCESS_SURFACE_FLINGER from uid=10067 pid=2545
09-23 23:39:00.312 D/PermissionCache( 996): checking android.permission.ACCESS_SURFACE_FLINGER for uid=10067 => denied (272 us)
09-23 23:39:00.312 I/sysui_multi_action( 1843): [757,111,758,2]
09-23 23:39:00.312 W/ServiceManager( 996): Permission failure: android.permission.ROTATE_SURFACE_FLINGER from uid=10067 pid=2545
09-23 23:39:00.312 D/PermissionCache( 996): checking android.permission.ROTATE_SURFACE_FLINGER for uid=10067 => denied (320 us)
09-23 23:39:00.312 I/notification_enqueue( 1487): [10081,1843,com.android.systemui,2048,NULL,0,Notification(channel=updateNotification shortcut=null contentView=null vibrate=null sound=null defaults=0x0 flags=0x0 color=0x00000000 vis=PRIVATE),1]
09-23 23:39:00.312 I/sysui_multi_action( 1843): [757,111,758,2]
09-23 23:39:00.313 I/AdrenoGLES-0( 2545): QUALCOMM build : 47421dbee6, I139f36ad46
09-23 23:39:00.313 I/AdrenoGLES-0( 2545): Build Date : 02/18/22
09-23 23:39:00.313 I/AdrenoGLES-0( 2545): OpenGL ES Shader Compiler Version: EV031.32.02.17
09-23 23:39:00.313 I/AdrenoGLES-0( 2545): Local Branch :
09-23 23:39:00.313 I/AdrenoGLES-0( 2545): Remote Branch :
09-23 23:39:00.313 I/AdrenoGLES-0( 2545): Remote Branch :
09-23 23:39:00.313 I/AdrenoGLES-0( 2545): Reconstruct Branch :
09-23 23:39:00.313 I/AdrenoGLES-0( 2545): Build Config : S P 10.0.7 AArch64
09-23 23:39:00.313 I/AdrenoGLES-0( 2545): Driver Path : /vendor/lib64/egl/libGLESv2_adreno.so
09-23 23:39:00.314 I/am_pss ( 1487): [3266,1000,com.android.dynsystem:dynsystem,5816320,3837952,0,91344896,0,19,5]
09-23 23:39:00.314 I/hwservicemanager( 514): getTransport: Cannot find entry android.hardware.graphics.mapper@4.0::IMapper/default in either framework or device VINTF manifest.
09-23 23:39:00.319 I/AdrenoGLES-0( 2545): PFP: 0x016dd093, ME: 0x00000000
09-23 23:39:00.320 I/am_pss ( 1487): [3249,1000,com.android.dynsystem,5517312,3670016,0,90447872,0,19,6]
09-23 23:39:00.321 D/KeyguardViewBase( 1843): screen on, instance 5ac047e
09-23 23:39:00.322 D/StatusBar( 1843): disable disable2
09-23 23:39:00.323 D/KeyguardUpdateMonitor( 1843): onKeyguardVisibilityChanged(false)
09-23 23:39:00.324 V/KeyguardUpdateMonitor( 1843): startListeningForFingerprint()
09-23 23:39:00.324 D/KeyguardUpdateMonitor( 1843): sendKeyguardBouncerChanged(false)
09-23 23:39:00.324 I/sysui_multi_action( 1843): [757,196,758,2,759,0]
09-23 23:39:00.325 I/sysui_status_bar_state( 1843): [0,0,1,0,0,1]
09-23 23:39:00.326 I/am_pss ( 1487): [3230,10061,com.android.calendar,6651904,4804608,0,92594176,0,19,5]
09-23 23:39:00.328 I/BpBinder( 996): onLastStrongRef automatically unlinking death recipients:
09-23 23:39:00.333 I/am_pss ( 1487): [3104,10018,android.process.acore,15239168,11337728,0,118890496,0,19,5]
09-23 23:39:00.337 I/SDM ( 865): HWCDisplay::GetColorModeCount: Supported color mode count = 1
09-23 23:39:00.337 I/SDM ( 865): HWCDisplay::GetColorModes: Color mode = 0 is supported
09-23 23:39:00.337 E/HWComposer( 996): getSupportedContentTypes: getSupportedContentTypes failed for display 4630946370410392961: Unsupported (8)
09-23 23:39:00.337 D/hw-ProcessState( 2545): Binder ioctl to enable oneway spam detection failed: Invalid argument
09-23 23:39:00.338 I/hwservicemanager( 514): getTransport: Cannot find entry android.hardware.graphics.mapper@4.0::IMapper/default in either framework or device VINTF manifest.
09-23 23:39:00.338 I/Gralloc4( 2545): mapper 4.x is not supported
09-23 23:39:00.339 I/sysui_multi_action( 1843): [757,111,758,1]
09-23 23:39:00.339 I/sysui_multi_action( 1843): [757,126,758,1,759,126,927,0,928,0,1593,0]
09-23 23:39:00.339 I/am_pss ( 1487): [3200,1000,com.qti.diagservices,6064128,3805184,0,94994432,0,10,5]
09-23 23:39:00.339 I/sysui_multi_action( 1843): [757,113,758,1,759,113,927,1,928,1,1593,0]
09-23 23:39:00.340 I/hwservicemanager( 514): getTransport: Cannot find entry android.hardware.graphics.allocator@4.0::IAllocator/default in either framework or device VINTF manifest.
09-23 23:39:00.340 W/Gralloc4( 2545): allocator 4.x is not supported
09-23 23:39:00.340 I/sysui_multi_action( 1843): [757,0,758,1,759,0,927,2,928,0,1593,0]
09-23 23:39:00.340 I/sysui_multi_action( 1843): [757,0,758,1,759,0,927,3,928,0,1593,0]
09-23 23:39:00.340 I/sysui_multi_action( 1843): [757,1706,758,1,759,1706,927,4,928,0,1593,0]
09-23 23:39:00.341 I/sysui_multi_action( 1843): [757,491,758,1,759,491,927,5,928,0,1311,-1,1593,0]
09-23 23:39:00.341 I/sysui_multi_action( 1843): [757,0,758,1,759,0,927,6,928,0,1593,0]
09-23 23:39:00.341 I/sysui_multi_action( 1843): [757,114,758,1,759,114,927,7,928,0,1593,0]
09-23 23:39:00.341 I/sysui_multi_action( 1843): [757,268,758,1,759,268,806,com.netease.cloudmusic,871,com.netease.cloudmusic.titleservice.PlayFavoriteMusicTitleService,927,8,1593,0]
09-23 23:39:00.341 I/sysui_multi_action( 1843): [757,268,758,1,759,268,806,com.netease.cloudmusic,871,com.netease.cloudmusic.titleservice.PrivateFmTitleService,927,9,1593,0]
09-23 23:39:00.341 I/sysui_multi_action( 1843): [757,268,758,1,759,268,806,com.netease.cloudmusic,871,com.netease.cloudmusic.music.biz.voice.tileservice.PopularPodCastService,927,10,1593,0]
09-23 23:39:00.342 I/sysui_multi_action( 1843): [757,268,758,1,759,268,806,com.netease.cloudmusic,871,com.netease.cloudmusic.music.biz.voice.tileservice.ListenBookService,927,11,1593,0]
09-23 23:39:00.342 I/sysui_multi_action( 1843): [757,268,758,1,759,268,806,com.netease.cloudmusic,871,com.netease.cloudmusic.titleservice.DailyRecommandTitleService,927,12,1593,0]
09-23 23:39:00.342 I/sysui_multi_action( 1843): [757,268,758,1,759,268,806,com.netease.cloudmusic,871,com.netease.cloudmusic.music.biz.voice.tileservice.SleepAidDecompressionService,927,13,1593,0]
09-23 23:39:00.342 I/sysui_multi_action( 1843): [757,268,758,1,759,268,806,com.netease.cloudmusic,871,com.netease.cloudmusic.titleservice.PrivateRadarTitleService,927,14,1593,0]
09-23 23:39:00.342 I/sysui_multi_action( 1843): [757,268,758,1,759,268,806,com.netease.cloudmusic,871,com.netease.cloudmusic.music.biz.voice.tileservice.BroadCastService,927,15,1593,0]
09-23 23:39:00.343 I/sysui_multi_action( 1843): [757,268,758,1,759,268,806,com.qiyi.video.pad,871,org.qiyi.android.tile.SearchTileService,927,16,1593,0]
09-23 23:39:00.343 I/sysui_multi_action( 1843): [757,268,758,1,759,268,806,com.qiyi.video.pad,871,org.qiyi.android.tile.ContinueTileService,927,17,1593,0]
09-23 23:39:00.344 I/sysui_multi_action( 1843): [757,268,758,1,759,268,806,com.qiyi.video.pad,871,org.qiyi.android.tile.CaptureTileService,927,18,1593,0]
09-23 23:39:00.344 I/sysui_multi_action( 1843): [757,268,758,1,759,268,806,com.qiyi.video.pad,871,org.qiyi.android.tile.TopVideoTileService,927,19,1593,0]
09-23 23:39:00.344 I/sysui_multi_action( 1843): [757,268,758,1,759,268,806,com.qiyi.video.pad,871,org.qiyi.android.tile.EntranceTileService,927,20,1593,0]
09-23 23:39:00.344 I/sysui_multi_action( 1843): [757,268,758,1,759,268,806,com.smile.gifmaker,871,com.kwai.gifshow.post.api.feature.record.RecordQuickSettingService,927,21,1593,0]
09-23 23:39:00.344 I/sysui_multi_action( 1843): [757,268,758,1,759,268,806,com.qiyi.video.pad,871,org.qiyi.android.tile.HistoryTileService,927,22,1593,0]
09-23 23:39:00.345 I/sysui_multi_action( 1843): [757,268,758,1,759,268,806,com.qiyi.video.pad,871,org.qiyi.android.tile.SportTileService,927,23,1593,0]
09-23 23:39:00.345 I/sysui_multi_action( 1843): [757,268,758,1,759,268,806,com.tencent.news,871,com.tencent.news.tile.Tile24Hours,927,24,1593,0]
09-23 23:39:00.345 I/sysui_multi_action( 1843): [757,268,758,1,759,268,806,com.ss.android.article.news,871,com.android.bytedance.search.tile.SearchTileService,927,25,1593,0]
09-23 23:39:00.345 I/sysui_multi_action( 1843): [757,268,758,1,759,268,806,com.ss.android.ugc.aweme,871,com.ss.android.ugc.aweme.tile.PublishTileService,927,26,1593,0]
09-23 23:39:00.345 I/am_pss ( 1487): [3133,10032,com.android.traceur,10381312,8445952,0,98082816,0,19,6]
09-23 23:39:00.345 I/sysui_multi_action( 1843): [757,268,758,1,759,268,806,com.tencent.news,871,com.tencent.news.tile.TileNewsVideo,927,27,1593,0]
09-23 23:39:00.345 I/sysui_multi_action( 1843): [757,111,758,1]
09-23 23:39:00.346 I/sysui_multi_action( 1843): [757,126,758,1,759,126,927,0,928,0,1593,0]
09-23 23:39:00.346 I/sysui_multi_action( 1843): [757,113,758,1,759,113,927,1,928,1,1593,0]
09-23 23:39:00.346 I/sysui_multi_action( 1843): [757,0,758,1,759,0,927,2,928,0,1593,0]
09-23 23:39:00.346 I/sysui_multi_action( 1843): [757,0,758,1,759,0,927,3,928,0,1593,0]
09-23 23:39:00.351 I/am_pss ( 1487): [2863,10085,com.qualcomm.qti.workloadclassifier,8516608,6651904,0,94466048,0,0,5]
09-23 23:39:00.351 W/View ( 1843): requestLayout() improperly called by com.android.systemui.util.animation.UniqueObjectHostView{eaa30d3 V.E...... ......ID 0,0-666,156} during layout: running second layout pass
09-23 23:39:00.358 I/am_pss ( 1487): [2835,10083,com.qualcomm.qti.qccnetstat,6126592,4272128,0,92192768,0,0,6]
09-23 23:39:00.361 I/EventSequenceValidator( 1487): dec AccIntentStartedEvents to 1
09-23 23:39:00.362 V/DisplayPowerController[0]( 1487): Brightness [0.36363637] reason changing to: 'manual', previous reason: 'manual [ dim ]'.
09-23 23:39:00.362 I/sysui_multi_action( 1487): [757,1696,758,6,759,3]
09-23 23:39:00.363 I/sysui_multi_action( 1487): [319,137,322,137,325,76,757,761,758,8,759,2,806,com.android.deskclock,871,android.service.dreams.DreamActivity,904,com.android.deskclock,905,0,1320,8,1321,5]
09-23 23:39:00.363 D/KeyguardUpdateMonitor( 1843): handleKeyguardBouncerChanged(0)
09-23 23:39:00.364 I/wm_activity_launch_time( 1487): [0,249884826,com.android.deskclock/android.service.dreams.DreamActivity,137]
09-23 23:39:00.364 I/am_pss ( 1487): [2770,10075,com.qualcomm.qti.services.systemhelper:systemhelper_service,6394880,4411392,0,94674944,0,0,6]
09-23 23:39:00.364 V/KeyguardUpdateMonitor( 1843): startListeningForFingerprint()
09-23 23:39:00.367 E/DisplayDeviceConfig( 1487): requesting nits when no mapping exists.
09-23 23:39:00.367 E/DisplayDeviceConfig( 1487): requesting nits when no mapping exists.
09-23 23:39:00.367 I/am_wtf ( 1487): [0,1487,system_server,-1,DisplayDeviceConfig,requesting nits when no mapping exists.]
09-23 23:39:00.368 I/ActivityTaskManager( 1487): Displayed com.android.deskclock/android.service.dreams.DreamActivity: +137ms
09-23 23:39:00.368 I/hwservicemanager( 514): getTransport: Cannot find entry android.hardware.graphics.mapper@4.0::IMapper/default in either framework or device VINTF manifest.
09-23 23:39:00.368 I/am_wtf ( 1487): [0,1487,system_server,-1,DisplayDeviceConfig,requesting nits when no mapping exists.]
09-23 23:39:00.369 I/Gralloc4( 1487): mapper 4.x is not supported
09-23 23:39:00.371 I/am_pss ( 1487): [2736,10054,.pasr,5400576,3616768,0,90193920,0,0,5]
09-23 23:39:00.371 D/StatusBar( 1843): disable disable2
09-23 23:39:00.371 I/hwservicemanager( 514): getTransport: Cannot find entry android.hardware.graphics.allocator@4.0::IAllocator/default in either framework or device VINTF manifest.
09-23 23:39:00.371 W/Gralloc4( 1487): allocator 4.x is not supported
09-23 23:39:00.376 I/am_pss ( 1487): [2698,10056,ts.car.uart,6235136,4456448,0,91242496,0,0,4]
09-23 23:39:00.378 I/AdrenoGLES-0( 1487): QUALCOMM build : 47421dbee6, I139f36ad46
09-23 23:39:00.378 I/AdrenoGLES-0( 1487): Build Date : 02/18/22
09-23 23:39:00.378 I/AdrenoGLES-0( 1487): OpenGL ES Shader Compiler Version: EV031.32.02.17
09-23 23:39:00.378 I/AdrenoGLES-0( 1487): Local Branch :
09-23 23:39:00.378 I/AdrenoGLES-0( 1487): Remote Branch :
09-23 23:39:00.378 I/AdrenoGLES-0( 1487): Remote Branch :
09-23 23:39:00.378 I/AdrenoGLES-0( 1487): Reconstruct Branch :
09-23 23:39:00.378 I/AdrenoGLES-0( 1487): Build Config : S P 10.0.7 AArch64
09-23 23:39:00.378 I/AdrenoGLES-0( 1487): Driver Path : /vendor/lib64/egl/libGLESv2_adreno.so
09-23 23:39:00.379 I/hwservicemanager( 514): getTransport: Cannot find entry android.hardware.graphics.mapper@4.0::IMapper/default in either framework or device VINTF manifest.
09-23 23:39:00.381 I/am_pss ( 1487): [3175,10063,com.qualcomm.qti.devicestatisticsservice,5340160,3567616,0,89763840,0,0,4]
09-23 23:39:00.383 E/DisplayDeviceConfig( 1487): requesting nits when no mapping exists.
09-23 23:39:00.383 E/DisplayDeviceConfig( 1487): requesting nits when no mapping exists.
09-23 23:39:00.383 I/am_wtf ( 1487): [0,1487,system_server,-1,DisplayDeviceConfig,requesting nits when no mapping exists.]
09-23 23:39:00.384 I/input_focus( 1487): [Focus entering 10a03fd com.android.deskclock/android.service.dreams.DreamActivity (server),reason=Window became focusable. Previous reason: NOT_VISIBLE]
09-23 23:39:00.384 I/am_wtf ( 1487): [0,1487,system_server,-1,DisplayDeviceConfig,requesting nits when no mapping exists.]
09-23 23:39:00.385 I/AdrenoGLES-0( 1487): PFP: 0x016dd093, ME: 0x00000000
09-23 23:39:00.387 I/am_pss ( 1487): [2190,1000,com.qualcomm.qti.qdma,9868288,6508544,0,106250240,0,0,5]
09-23 23:39:00.388 D/Sogou ( 2634): onUnbindInput finish
09-23 23:39:00.391 D/Sogou ( 2634): onFinishInput:
09-23 23:39:00.392 I/am_pss ( 1487): [2137,1000,com.thundercomm.remotecontrolservice,9269248,6868992,0,100880384,0,0,5]
09-23 23:39:00.399 I/am_pss ( 1487): [2125,1068,com.android.se,5813248,3964928,0,92319744,0,0,6]
09-23 23:39:00.399 E/DisplayDeviceConfig( 1487): requesting nits when no mapping exists.
09-23 23:39:00.400 E/DisplayDeviceConfig( 1487): requesting nits when no mapping exists.
09-23 23:39:00.400 I/am_wtf ( 1487): [0,1487,system_server,-1,DisplayDeviceConfig,requesting nits when no mapping exists.]
09-23 23:39:00.401 I/am_wtf ( 1487): [0,1487,system_server,-1,DisplayDeviceConfig,requesting nits when no mapping exists.]
09-23 23:39:00.405 I/am_pss ( 1487): [2094,10087,com.qti.qualcomm.mstatssystemservice,5531648,3751936,0,90542080,0,0,5]
09-23 23:39:00.410 I/am_pss ( 1487): [2036,10050,.qtidataservices,5928960,4104192,0,92282880,0,0,5]
09-23 23:39:00.415 E/DisplayDeviceConfig( 1487): requesting nits when no mapping exists.
09-23 23:39:00.416 E/DisplayDeviceConfig( 1487): requesting nits when no mapping exists.
09-23 23:39:00.416 I/am_wtf ( 1487): [0,1487,system_server,-1,DisplayDeviceConfig,requesting nits when no mapping exists.]
09-23 23:39:00.416 I/am_pss ( 1487): [2047,1000,vendor.qti.qesdk.sysservice,5538816,3702784,0,91475968,0,0,4]
09-23 23:39:00.421 I/am_pss ( 1487): [1968,1000,com.thundercomm.microservice,8839168,6979584,0,95240192,0,0,5]
09-23 23:39:00.421 I/am_wtf ( 1487): [0,1487,system_server,-1,DisplayDeviceConfig,requesting nits when no mapping exists.]
09-23 23:39:00.428 I/am_pss ( 1487): [1981,1000,com.thundercomm.microsettings,37524480,34160640,0,131346432,0,0,6]
09-23 23:39:00.433 E/DisplayDeviceConfig( 1487): requesting nits when no mapping exists.
09-23 23:39:00.433 E/DisplayDeviceConfig( 1487): requesting nits when no mapping exists.
09-23 23:39:00.434 I/am_wtf ( 1487): [0,1487,system_server,-1,DisplayDeviceConfig,requesting nits when no mapping exists.]
09-23 23:39:00.434 I/am_wtf ( 1487): [0,1487,system_server,-1,DisplayDeviceConfig,requesting nits when no mapping exists.]
09-23 23:39:00.449 I/unknown ( 3476): khook pthread_attr_init_callback set thread stack from 1008 to 256 KB
09-23 23:39:00.449 I/unknown ( 3476): khook setstacksize __addr 0xb2741bc8, from 1040 KB to 256 KB
09-23 23:39:00.449 I/unknown ( 3476): khook pthread_attr_init_callback set thread stack from 1008 to 256 KB
09-23 23:39:00.449 I/unknown ( 3476): khook setstacksize __addr 0xb2741bc8, from 1040 KB to 256 KB
09-23 23:39:00.450 E/DisplayDeviceConfig( 1487): requesting nits when no mapping exists.
09-23 23:39:00.451 I/unknown ( 3476): khook pthread_attr_init_callback set thread stack from 1008 to 256 KB
09-23 23:39:00.451 I/am_wtf ( 1487): [0,1487,system_server,-1,DisplayDeviceConfig,requesting nits when no mapping exists.]
09-23 23:39:00.451 I/unknown ( 3476): khook setstacksize __addr 0xb2741bc8, from 1040 KB to 256 KB
09-23 23:39:00.451 I/unknown ( 3476): khook pthread_attr_init_callback set thread stack from 1008 to 256 KB
09-23 23:39:00.451 I/unknown ( 3476): khook setstacksize __addr 0xb2741bc8, from 1040 KB to 256 KB
09-23 23:39:00.453 E/DisplayDeviceConfig( 1487): requesting nits when no mapping exists.
09-23 23:39:00.454 I/am_wtf ( 1487): [0,1487,system_server,-1,DisplayDeviceConfig,requesting nits when no mapping exists.]
09-23 23:39:00.458 I/unknown ( 3476): khook pthread_attr_init_callback set thread stack from 1008 to 256 KB
09-23 23:39:00.458 I/unknown ( 3476): khook setstacksize __addr 0xb2741bc8, from 1040 KB to 256 KB
09-23 23:39:00.466 E/DisplayDeviceConfig( 1487): requesting nits when no mapping exists.
09-23 23:39:00.466 E/DisplayDeviceConfig( 1487): requesting nits when no mapping exists.
09-23 23:39:00.467 I/am_wtf ( 1487): [0,1487,system_server,-1,DisplayDeviceConfig,requesting nits when no mapping exists.]
09-23 23:39:00.467 I/am_wtf ( 1487): [0,1487,system_server,-1,DisplayDeviceConfig,requesting nits when no mapping exists.]
09-23 23:39:00.483 E/DisplayDeviceConfig( 1487): requesting nits when no mapping exists.
09-23 23:39:00.484 E/DisplayDeviceConfig( 1487): requesting nits when no mapping exists.
09-23 23:39:00.484 I/am_wtf ( 1487): [0,1487,system_server,-1,DisplayDeviceConfig,requesting nits when no mapping exists.]
09-23 23:39:00.488 I/am_wtf ( 1487): [0,1487,system_server,-1,DisplayDeviceConfig,requesting nits when no mapping exists.]
09-23 23:39:00.496 F/linker ( 4681): CANNOT LINK EXECUTABLE "/vendor/bin/hw/sxrservice": library "vendor.qti.hardware.qxr-V1-ndk_platform.so" not found: needed by main executable
09-23 23:39:00.497 F/linker ( 4680): CANNOT LINK EXECUTABLE "/vendor/bin/hw/qvrservice": library "vendor.qti.hardware.qxr-V1-ndk_platform.so" not found: needed by /vendor/lib64/libqvrservice.so in namespace (default)
09-23 23:39:00.499 E/DisplayDeviceConfig( 1487): requesting nits when no mapping exists.
09-23 23:39:00.500 E/DisplayDeviceConfig( 1487): requesting nits when no mapping exists.
09-23 23:39:00.500 I/am_wtf ( 1487): [0,1487,system_server,-1,DisplayDeviceConfig,requesting nits when no mapping exists.]
09-23 23:39:00.502 I/am_wtf ( 1487): [0,1487,system_server,-1,DisplayDeviceConfig,requesting nits when no mapping exists.]
09-23 23:39:00.517 I/sysui_multi_action( 1487): [757,1501,758,1,793,51596,794,0,795,206,796,2048,806,com.android.systemui,857,updateNotification,858,3,947,0,1500,0,1688,1]
09-23 23:39:00.517 E/DisplayDeviceConfig( 1487): requesting nits when no mapping exists.
09-23 23:39:00.517 I/sysui_multi_action( 1487): [757,804,799,note_interruptive,801,0,802,1]
09-23 23:39:00.519 I/am_wtf ( 1487): [0,1487,system_server,-1,DisplayDeviceConfig,requesting nits when no mapping exists.]
09-23 23:39:00.519 E/DisplayDeviceConfig( 1487): requesting nits when no mapping exists.
09-23 23:39:00.520 I/am_wtf ( 1487): [0,1487,system_server,-1,DisplayDeviceConfig,requesting nits when no mapping exists.]
09-23 23:39:00.520 I/sysui_multi_action( 1487): [757,199,758,1,759,2,793,51598,794,0,795,208,796,2048,806,com.android.systemui,857,updateNotification,858,3,947,0,1500,4,1688,1]
09-23 23:39:00.520 I/notification_alert( 1487): [0|com.android.systemui|2048|null|10081,0,1,0]
09-23 23:39:00.527 D/InterruptionStateProvider( 1843): No bubble up: not allowed to bubble: 0|com.android.systemui|2048|null|10081
09-23 23:39:00.527 D/InterruptionStateProvider( 1843): No heads up: unimportant notification: 0|com.android.systemui|2048|null|10081
09-23 23:39:00.530 D/Avrcp_ext( 1836): AudioManager Player: AudioPlaybackConfiguration piid:103 deviceId:0 type:android.media.SoundPool u/pid:10081/1843 state:idle attr:AudioAttributes: usage=USAGE_ASSISTANCE_SONIFICATION content=CONTENT_TYPE_SONIFICATION flags=0x800 tags= bundle=null sessionId:0
09-23 23:39:00.530 D/Avrcp_ext( 1836): AudioManager Player: AudioPlaybackConfiguration piid:95 deviceId:0 type:android.media.SoundPool u/pid:1000/1487 state:idle attr:AudioAttributes: usage=USAGE_ASSISTANCE_SONIFICATION content=CONTENT_TYPE_SONIFICATION flags=0x800 tags= bundle=null sessionId:0
09-23 23:39:00.530 D/Avrcp_ext( 1836): AudioManager Player: AudioPlaybackConfiguration piid:127 deviceId:0 type:android.media.MediaPlayer u/pid:10081/1843 state:idle attr:AudioAttributes: usage=USAGE_NOTIFICATION content=CONTENT_TYPE_SONIFICATION flags=0x800 tags= bundle=null sessionId:0
09-23 23:39:00.530 D/Avrcp_ext( 1836): AudioManager isPlaying: false, mAudioPlaybackIsActive = false
09-23 23:39:00.530 D/Avrcp_ext( 1836): AudioManager Reset Active Player
09-23 23:39:00.532 W/MediaProvider( 2672): Failed to fetch original file descriptor
09-23 23:39:00.532 W/MediaProvider( 2672): java.io.IOException: stat failed: EACCES (Permission denied)
09-23 23:39:00.532 W/MediaProvider( 2672): at com.android.providers.media.MediaProvider.getFileFromFileDescriptor(MediaProvider.java:5794)
09-23 23:39:00.532 W/MediaProvider( 2672): at com.android.providers.media.MediaProvider.getOriginalMediaFormatFileDescriptor(MediaProvider.java:5711)
09-23 23:39:00.532 W/MediaProvider( 2672): at com.android.providers.media.MediaProvider.openTypedAssetFileCommon(MediaProvider.java:7134)
09-23 23:39:00.532 W/MediaProvider( 2672): at com.android.providers.media.MediaProvider.openTypedAssetFile(MediaProvider.java:7115)
09-23 23:39:00.532 W/MediaProvider( 2672): at android.content.ContentProvider$Transport.openTypedAssetFile(ContentProvider.java:548)
09-23 23:39:00.532 W/MediaProvider( 2672): at android.content.ContentProviderNative.onTransact(ContentProviderNative.java:327)
09-23 23:39:00.532 W/MediaProvider( 2672): at android.os.Binder.execTransactInternal(Binder.java:1184)
09-23 23:39:00.532 W/MediaProvider( 2672): at android.os.Binder.execTransact(Binder.java:1143)
09-23 23:39:00.532 W/MediaProvider( 2672): Caused by: android.system.ErrnoException: stat failed: EACCES (Permission denied)
09-23 23:39:00.532 W/MediaProvider( 2672): at libcore.io.Linux.stat(Native Method)
09-23 23:39:00.532 W/MediaProvider( 2672): at libcore.io.ForwardingOs.stat(ForwardingOs.java:853)
09-23 23:39:00.532 W/MediaProvider( 2672): at libcore.io.BlockGuardOs.stat(BlockGuardOs.java:420)
09-23 23:39:00.532 W/MediaProvider( 2672): at libcore.io.ForwardingOs.stat(ForwardingOs.java:853)
09-23 23:39:00.532 W/MediaProvider( 2672): at android.app.ActivityThread$AndroidOs.stat(ActivityThread.java:7780)
09-23 23:39:00.532 W/MediaProvider( 2672): at android.system.Os.stat(Os.java:919)
09-23 23:39:00.532 W/MediaProvider( 2672): at com.android.providers.media.MediaProvider.getFileFromFileDescriptor(MediaProvider.java:5788)
09-23 23:39:00.532 W/MediaProvider( 2672): ... 7 more
09-23 23:39:00.532 E/DisplayDeviceConfig( 1487): requesting nits when no mapping exists.
09-23 23:39:00.533 E/DisplayDeviceConfig( 1487): requesting nits when no mapping exists.
09-23 23:39:00.533 D/NuPlayerDriver( 1208): NuPlayerDriver(0xf13015f0) created, clientPid(1843)
09-23 23:39:00.533 I/am_wtf ( 1487): [0,1487,system_server,-1,DisplayDeviceConfig,requesting nits when no mapping exists.]
09-23 23:39:00.534 D/PeopleSpaceWidgetMgr( 1843): Sbn doesn't contain valid PeopleTileKey: null/0/com.android.systemui
09-23 23:39:00.534 W/System ( 1487): A resource failed to call close.
09-23 23:39:00.534 W/System ( 1487): A resource failed to call close.
09-23 23:39:00.535 W/System ( 1487): A resource failed to call release.
09-23 23:39:00.540 I/am_wtf ( 1487): [0,1487,system_server,-1,DisplayDeviceConfig,requesting nits when no mapping exists.]
09-23 23:39:00.543 W/System ( 1487): A resource failed to call close.
09-23 23:39:00.545 I/ExtendedNuUtils( 1208): printFileName fd(9) -> /data/system_de/0/ringtones/notification_sound_cache
09-23 23:39:00.548 D/GenericSource( 1208): FileSource remote
09-23 23:39:00.550 E/DisplayDeviceConfig( 1487): requesting nits when no mapping exists.
09-23 23:39:00.551 E/DisplayDeviceConfig( 1487): requesting nits when no mapping exists.
09-23 23:39:00.551 I/am_wtf ( 1487): [0,1487,system_server,-1,DisplayDeviceConfig,requesting nits when no mapping exists.]
09-23 23:39:00.552 I/am_wtf ( 1487): [0,1487,system_server,-1,DisplayDeviceConfig,requesting nits when no mapping exists.]
09-23 23:39:00.553 I/MMParserExtractor( 1203): Created(0xb400007420297150)
09-23 23:39:00.553 E/MM_OSAL ( 1203): FileSource::FileSource
09-23 23:39:00.553 E/MM_OSAL ( 1203): FileSource::FileSource m_bEveryThingOK 1
09-23 23:39:00.556 D/MediaBufferGroup( 1203): creating MemoryDealer
09-23 23:39:00.562 I/MediaFocusControl( 1487): requestAudioFocus() from uid/pid 10081/1843 AA=USAGE_NOTIFICATION/CONTENT_TYPE_SONIFICATION clientId=android.media.AudioManager@4192d9a callingPack=com.android.systemui req=3 flags=0x0 sdk=31
09-23 23:39:00.562 I/AudioService.FadeOutManager( 1487): unfadeOutUid() uid:10081
09-23 23:39:00.566 E/DisplayDeviceConfig( 1487): requesting nits when no mapping exists.
09-23 23:39:00.567 E/DisplayDeviceConfig( 1487): requesting nits when no mapping exists.
09-23 23:39:00.567 I/am_wtf ( 1487): [0,1487,system_server,-1,DisplayDeviceConfig,requesting nits when no mapping exists.]
09-23 23:39:00.568 I/am_wtf ( 1487): [0,1487,system_server,-1,DisplayDeviceConfig,requesting nits when no mapping exists.]
09-23 23:39:00.583 E/DisplayDeviceConfig( 1487): requesting nits when no mapping exists.
09-23 23:39:00.584 E/DisplayDeviceConfig( 1487): requesting nits when no mapping exists.
09-23 23:39:00.584 I/am_wtf ( 1487): [0,1487,system_server,-1,DisplayDeviceConfig,requesting nits when no mapping exists.]
09-23 23:39:00.584 I/am_wtf ( 1487): [0,1487,system_server,-1,DisplayDeviceConfig,requesting nits when no mapping exists.]
09-23 23:39:00.600 E/DisplayDeviceConfig( 1487): requesting nits when no mapping exists.
09-23 23:39:00.600 E/DisplayDeviceConfig( 1487): requesting nits when no mapping exists.
09-23 23:39:00.600 I/am_wtf ( 1487): [0,1487,system_server,-1,DisplayDeviceConfig,requesting nits when no mapping exists.]
09-23 23:39:00.601 I/am_wtf ( 1487): [0,1487,system_server,-1,DisplayDeviceConfig,requesting nits when no mapping exists.]
09-23 23:39:00.616 E/DisplayDeviceConfig( 1487): requesting nits when no mapping exists.
09-23 23:39:00.616 E/DisplayDeviceConfig( 1487): requesting nits when no mapping exists.
09-23 23:39:00.616 I/am_wtf ( 1487): [0,1487,system_server,-1,DisplayDeviceConfig,requesting nits when no mapping exists.]
09-23 23:39:00.617 I/am_wtf ( 1487): [0,1487,system_server,-1,DisplayDeviceConfig,requesting nits when no mapping exists.]
09-23 23:39:00.633 E/DisplayDeviceConfig( 1487): requesting nits when no mapping exists.
09-23 23:39:00.634 I/am_wtf ( 1487): [0,1487,system_server,-1,DisplayDeviceConfig,requesting nits when no mapping exists.]
09-23 23:39:00.634 E/DisplayDeviceConfig( 1487): requesting nits when no mapping exists.
09-23 23:39:00.635 I/am_wtf ( 1487): [0,1487,system_server,-1,DisplayDeviceConfig,requesting nits when no mapping exists.]
09-23 23:39:00.650 E/DisplayDeviceConfig( 1487): requesting nits when no mapping exists.
09-23 23:39:00.651 I/am_wtf ( 1487): [0,1487,system_server,-1,DisplayDeviceConfig,requesting nits when no mapping exists.]
09-23 23:39:00.652 I/wm_stop_activity( 1487): [0,265187314,com.android.launcher3/.uioverrides.QuickstepLauncher]
09-23 23:39:00.652 E/DisplayDeviceConfig( 1487): requesting nits when no mapping exists.
09-23 23:39:00.657 I/am_wtf ( 1487): [0,1487,system_server,-1,DisplayDeviceConfig,requesting nits when no mapping exists.]
09-23 23:39:00.668 E/DisplayDeviceConfig( 1487): requesting nits when no mapping exists.
09-23 23:39:00.668 E/DisplayDeviceConfig( 1487): requesting nits when no mapping exists.
09-23 23:39:00.669 I/am_wtf ( 1487): [0,1487,system_server,-1,DisplayDeviceConfig,requesting nits when no mapping exists.]
09-23 23:39:00.670 I/am_wtf ( 1487): [0,1487,system_server,-1,DisplayDeviceConfig,requesting nits when no mapping exists.]
09-23 23:39:00.675 D/StateManager( 2348): goToState: Normal
09-23 23:39:00.677 I/wm_on_stop_called( 2348): [265187314,com.android.launcher3.uioverrides.QuickstepLauncher,STOP_ACTIVITY_ITEM]
09-23 23:39:00.683 E/DisplayDeviceConfig( 1487): requesting nits when no mapping exists.
09-23 23:39:00.683 E/DisplayDeviceConfig( 1487): requesting nits when no mapping exists.
09-23 23:39:00.684 I/am_wtf ( 1487): [0,1487,system_server,-1,DisplayDeviceConfig,requesting nits when no mapping exists.]
09-23 23:39:00.684 I/am_wtf ( 1487): [0,1487,system_server,-1,DisplayDeviceConfig,requesting nits when no mapping exists.]
09-23 23:39:00.685 I/service_manager_stats( 1487): [100,62,53955]
09-23 23:39:00.716 W/Choreographer( 1487): Frame time is 0.271896 ms in the future! Check that graphics HAL is generating vsync timestamps using the correct timebase.
09-23 23:39:00.716 W/Choreographer( 2545): Frame time is 0.240386 ms in the future! Check that graphics HAL is generating vsync timestamps using the correct timebase.
09-23 23:39:00.716 W/Choreographer( 2545): Frame time is 0.180229 ms in the future! Check that graphics HAL is generating vsync timestamps using the correct timebase.
09-23 23:39:00.716 W/Choreographer( 1843): Frame time is 0.204448 ms in the future! Check that graphics HAL is generating vsync timestamps using the correct timebase.
09-23 23:39:00.905 D/NetworkMonitor/100( 1956): isDataStall: result=3, tcp packets received=0, latest tcp fail rate=100, consecutive dns timeout count=121
09-23 23:39:00.905 D/NetworkMonitor/100( 1956): Suspecting data stall, reevaluate
09-23 23:39:00.906 D/ConnectivityService( 1487): Data stall detected with methods: 3
09-23 23:39:00.906 D/NetworkMonitor/100( 1956): Validation disabled.
09-23 23:39:00.914 D/ConnectivityService( 1487): [100 WIFI] validation passed
09-23 23:39:00.915 I/mpu_uart( 654): [MSG-P:RECV]:No message received in 1000 ms
09-23 23:39:01.064 I/GenericSource( 1208): start
09-23 23:39:01.065 D/Avrcp_ext( 1836): AudioManager Player: AudioPlaybackConfiguration piid:103 deviceId:0 type:android.media.SoundPool u/pid:10081/1843 state:idle attr:AudioAttributes: usage=USAGE_ASSISTANCE_SONIFICATION content=CONTENT_TYPE_SONIFICATION flags=0x800 tags= bundle=null sessionId:0
09-23 23:39:01.065 D/Avrcp_ext( 1836): AudioManager Player: AudioPlaybackConfiguration piid:95 deviceId:0 type:android.media.SoundPool u/pid:1000/1487 state:idle attr:AudioAttributes: usage=USAGE_ASSISTANCE_SONIFICATION content=CONTENT_TYPE_SONIFICATION flags=0x800 tags= bundle=null sessionId:0
09-23 23:39:01.065 D/Avrcp_ext( 1836): AudioManager Player: AudioPlaybackConfiguration piid:127 deviceId:0 type:android.media.MediaPlayer u/pid:10081/1843 state:started attr:AudioAttributes: usage=USAGE_NOTIFICATION content=CONTENT_TYPE_SONIFICATION flags=0x800 tags= bundle=null sessionId:0
09-23 23:39:01.065 W/Utils ( 1208): track of type 'audio/vorbis' does not publish channel mask, channel count 1
09-23 23:39:01.067 D/Avrcp_ext( 1836): AudioManager Player in started state: com.android.systemui
09-23 23:39:01.067 D/Avrcp_ext( 1836): AudioManager Active Player: com.android.systemui
09-23 23:39:01.067 D/Avrcp_ext( 1836): AudioManager isPlaying: true, mAudioPlaybackIsActive = false
09-23 23:39:01.069 W/Utils ( 1208): track of type 'audio/vorbis' does not publish channel mask, channel count 1
09-23 23:39:01.070 V/Avrcp_ext( 1836): updateCurrentMediaState: mMediaController: MediaController (com.android.systemui@86ec610) null
09-23 23:39:01.070 D/MediaRouter( 1843): onRestoreRoute() : route=RouteInfo{ name=å¹³æ¿ç”µè„‘, description=null, status=null, category=RouteCategory{ name=系统 types=ROUTE_TYPE_LIVE_AUDIO ROUTE_TYPE_LIVE_VIDEO groupable=false }, supportedTypes=ROUTE_TYPE_LIVE_AUDIO ROUTE_TYPE_LIVE_VIDEO , presentationDisplay=null }
09-23 23:39:01.070 W/Avrcp_ext( 1836): isMusicActive: false getBluetoothPlayState: 2 A2dp State: 11 mAudioPlaybackIsActive: true
09-23 23:39:01.070 D/Avrcp_ext( 1836): isMusicActive = false mAudioPlaybackIsActive = true player state = null
09-23 23:39:01.070 V/MediaRouter( 1843): Selecting route: RouteInfo{ name=å¹³æ¿ç”µè„‘, description=null, status=null, category=RouteCategory{ name=系统 types=ROUTE_TYPE_LIVE_AUDIO ROUTE_TYPE_LIVE_VIDEO groupable=false }, supportedTypes=ROUTE_TYPE_LIVE_AUDIO ROUTE_TYPE_LIVE_VIDEO , presentationDisplay=null }
09-23 23:39:01.071 I/Avrcp_ext( 1836): Skipping update due to invalid playback state
09-23 23:39:01.071 V/Avrcp_ext( 1836): updatePlaybackState, state: null device: null
09-23 23:39:01.071 V/Avrcp_ext( 1836): Device: no name:
09-23 23:39:01.071 V/Avrcp_ext( 1836): Device: no name:
09-23 23:39:01.071 V/Avrcp_ext( 1836): Device: no name:
09-23 23:39:01.071 V/Avrcp_ext( 1836): Device: no name:
09-23 23:39:01.071 V/Avrcp_ext( 1836): Device: no name:
09-23 23:39:01.071 V/Avrcp_ext( 1836): updatePlayerStateAndPosition, old=PlaybackState {state=2, position=-1, buffered position=0, speed=0.0, updated=17278, actions=0, custom actions=[], active item id=-1, error=null}, state=null
09-23 23:39:01.071 I/Avrcp_ext( 1836): updatePlayerStateAndPosition: device: state = null
09-23 23:39:01.071 D/audio_hw_primary( 815): adev_get_parameters:is_hw_dec_session_available
09-23 23:39:01.071 D/audio_hw_spkr_prot( 815): fbsp_get_parameters: Speaker protection disabled
09-23 23:39:01.071 D/soundtrigger( 815): audio_extn_sound_trigger_get_parameters input string
09-23 23:39:01.071 D/soundtrigger( 815): extract_sm_handle input string param string
09-23 23:39:01.071 D/audio_hw_extn( 815): audio_extn_fm_get_parameters: Enter
09-23 23:39:01.071 D/audio_hw_extn( 815): audio_extn_get_parameters: returns
09-23 23:39:01.071 D/audio_hw_primary( 815): adev_get_parameters: exit: returns -
09-23 23:39:01.072 I/hash_map_utils( 987): system/bt/osi/src/hash_map_utils.cc:81 hash_map_utils_dump_string_keys_string_values: key: 'is_hw_dec_session_available' value: 'audio/vorbis'
09-23 23:39:01.075 D/CCodec ( 1208): allocate(c2.android.vorbis.decoder)
09-23 23:39:01.078 I/CCodec ( 1208): setting up 'default' as default (vendor) store
09-23 23:39:01.079 V/C2Store ( 1249): in init
09-23 23:39:01.079 V/C2Store ( 1249): loading dll
09-23 23:39:01.083 I/CCodec ( 1208): Created component [c2.android.vorbis.decoder]
09-23 23:39:01.084 D/CCodecConfig( 1208): read media type: audio/vorbis
09-23 23:39:01.087 D/ReflectedParamUpdater( 1208): extent() != 1 for single value type: algo.buffers.max-count.values
09-23 23:39:01.088 D/ReflectedParamUpdater( 1208): extent() != 1 for single value type: output.subscribed-indices.values
09-23 23:39:01.088 D/ReflectedParamUpdater( 1208): extent() != 1 for single value type: input.buffers.allocator-ids.values
09-23 23:39:01.088 D/ReflectedParamUpdater( 1208): extent() != 1 for single value type: output.buffers.allocator-ids.values
09-23 23:39:01.088 D/ReflectedParamUpdater( 1208): extent() != 1 for single value type: algo.buffers.allocator-ids.values
09-23 23:39:01.088 D/ReflectedParamUpdater( 1208): extent() != 1 for single value type: output.buffers.pool-ids.values
09-23 23:39:01.089 D/ReflectedParamUpdater( 1208): extent() != 1 for single value type: algo.buffers.pool-ids.values
09-23 23:39:01.091 I/CCodecConfig( 1208): query failed after returning 7 values (BAD_INDEX)
09-23 23:39:01.091 D/CCodecConfig( 1208): c2 config diff is Dict {
09-23 23:39:01.091 D/CCodecConfig( 1208): c2::u32 coded.bitrate.value = 64000
09-23 23:39:01.091 D/CCodecConfig( 1208): c2::u32 input.buffers.max-size.value = 32768
09-23 23:39:01.091 D/CCodecConfig( 1208): c2::u32 input.delay.value = 0
09-23 23:39:01.091 D/CCodecConfig( 1208): string input.media-type.value = "audio/vorbis"
09-23 23:39:01.091 D/CCodecConfig( 1208): string output.media-type.value = "audio/raw"
09-23 23:39:01.091 D/CCodecConfig( 1208): c2::u32 raw.channel-count.value = 1
09-23 23:39:01.091 D/CCodecConfig( 1208): c2::u32 raw.sample-rate.value = 48000
09-23 23:39:01.091 D/CCodecConfig( 1208): }
09-23 23:39:01.093 D/CCodec ( 1208): [c2.android.vorbis.decoder] buffers are bound to CCodec for this session
09-23 23:39:01.093 D/CCodecConfig( 1208): no c2 equivalents for durationUs
09-23 23:39:01.093 D/CCodecConfig( 1208): no c2 equivalents for csd-1
09-23 23:39:01.093 D/CCodecConfig( 1208): no c2 equivalents for language
09-23 23:39:01.093 D/CCodecConfig( 1208): no c2 equivalents for file-format
09-23 23:39:01.093 D/CCodecConfig( 1208): no c2 equivalents for flags
09-23 23:39:01.093 D/CCodecConfig( 1208): config failed => CORRUPTED
09-23 23:39:01.094 D/CCodecConfig( 1208): c2 config diff is c2::u32 coded.bitrate.value = 70000
09-23 23:39:01.094 W/Codec2Client( 1208): query -- param skipped: index = 1107298332.
09-23 23:39:01.095 D/CCodec ( 1208): setup formats input: AMessage(what = 0x00000000) = {
09-23 23:39:01.095 D/CCodec ( 1208): int32_t bitrate = 70000
09-23 23:39:01.095 D/CCodec ( 1208): int32_t channel-count = 1
09-23 23:39:01.095 D/CCodec ( 1208): int32_t max-input-size = 65307
09-23 23:39:01.095 D/CCodec ( 1208): string mime = "audio/vorbis"
09-23 23:39:01.095 D/CCodec ( 1208): int32_t sample-rate = 48000
09-23 23:39:01.095 D/CCodec ( 1208): }
09-23 23:39:01.095 D/CCodec ( 1208): setup formats output: AMessage(what = 0x00000000) = {
09-23 23:39:01.095 D/CCodec ( 1208): int32_t channel-count = 1
09-23 23:39:01.095 D/CCodec ( 1208): string mime = "audio/raw"
09-23 23:39:01.095 D/CCodec ( 1208): int32_t sample-rate = 48000
09-23 23:39:01.095 D/CCodec ( 1208): int32_t android._config-pcm-encoding = 2
09-23 23:39:01.095 D/CCodec ( 1208): }
09-23 23:39:01.095 I/CCodecConfig( 1208): query failed after returning 7 values (BAD_INDEX)
09-23 23:39:01.095 I/MediaCodec( 1208): MediaCodec will operate in async mode
09-23 23:39:01.095 D/MediaCodec( 1208): keep callback message for reclaim
09-23 23:39:01.096 W/Codec2Client( 1208): query -- param skipped: index = 1342179345.
09-23 23:39:01.096 W/Codec2Client( 1208): query -- param skipped: index = 2415921170.
09-23 23:39:01.097 D/CCodecBufferChannel( 1208): [c2.android.vorbis.decoder#433] Created input block pool with allocatorID 16 => poolID 19 - OK (0)
09-23 23:39:01.097 D/BufferPoolAccessor2.0( 1249): bufferpool2 0xb400007860ed4068 : 0(0 size) total buffers - 0(0 size) used buffers - 94/97 (recycle/alloc) - 3/96 (fetch/transfer)
09-23 23:39:01.097 D/BufferPoolAccessor2.0( 1249): Destruction - bufferpool2 0xb400007860ed4068 cached: 0/0M, 0/0% in use; allocs: 97, 97% recycled; transfers: 96, 97% unfetched
09-23 23:39:01.098 D/BufferPoolAccessor2.0( 1208): bufferpool2 0xf0cc32c8 : 0(0 size) total buffers - 0(0 size) used buffers - 95/103 (recycle/alloc) - 8/198 (fetch/transfer)
09-23 23:39:01.098 D/BufferPoolAccessor2.0( 1208): Destruction - bufferpool2 0xf0cc32c8 cached: 0/0M, 0/0% in use; allocs: 103, 92% recycled; transfers: 198, 96% unfetched
09-23 23:39:01.098 I/CCodecBufferChannel( 1208): [c2.android.vorbis.decoder#433] Created output block pool with allocatorID 16 => poolID 28 - OK
09-23 23:39:01.098 D/CCodecBufferChannel( 1208): [c2.android.vorbis.decoder#433] Configured output block pool ids 28 => OK
09-23 23:39:01.099 D/CCodecBufferChannel( 1208): [c2.android.vorbis.decoder#433] start: updating output delay 0
09-23 23:39:01.100 I/CCodecBufferChannel( 1208): pipelineRoom(3) is <= numClientBuffers(3). Not signalling any more buffers to client
09-23 23:39:01.100 D/SimpleC2Component( 1249): Using output block pool with poolID 28 => got 28 - 0
09-23 23:39:01.101 I/CCodecBufferChannel( 1208): pipelineRoom(2) is <= numClientBuffers(2). Not signalling any more buffers to client
09-23 23:39:01.101 I/CCodecBufferChannel( 1208): pipelineRoom(1) is <= numClientBuffers(1). Not signalling any more buffers to client
09-23 23:39:01.108 I/ExtendedNuUtils( 1208): Both src and dst missing for bit-width
09-23 23:39:01.108 I/ExtendedNuUtils( 1208): Overriding durationUs: with 64 bit src value 1728000
09-23 23:39:01.108 I/ExtendedNuUtils( 1208): Both src and dst missing for channel-mask
09-23 23:39:01.112 D/audio_hw_primary( 815): adev_get_parameters:vr_audio_mode_on
09-23 23:39:01.112 I/audio_hw_primary( 815): getting vr mode to 0
09-23 23:39:01.112 D/audio_hw_primary( 815): adev_get_parameters: exit: returns - vr_audio_mode_on=false
09-23 23:39:01.112 I/hash_map_utils( 987): system/bt/osi/src/hash_map_utils.cc:81 hash_map_utils_dump_string_keys_string_values: key: 'vr_audio_mode_on' value: ''
09-23 23:39:01.113 D/AudioFlinger( 987): Client defaulted notificationFrames to 12000 for frameCount 24000
09-23 23:39:01.114 D/AF::TrackHandle( 987): OpPlayAudio: track:57 usage:5 not muted
