09-23 23:38:00.655 I/a2dp_codec( 1836): init: initialized Source codec LDAC
09-23 23:38:00.655 I/a2dp_codec( 1836): init: initialized Source codec AAC
09-23 23:38:00.655 I/a2dp_codec( 1836): init: initialized Source codec SBC
09-23 23:38:00.655 I/a2dp_codec( 1836): init: initialized Sink codec SBC(Sink)
09-23 23:38:00.655 E/bt_btif ( 1836): btif_sm_get_state : Invalid handle
09-23 23:38:00.655 E/bt_btif ( 1836): btif_sm_get_state : Invalid handle
09-23 23:38:00.655 E/bt_btif ( 1836): btif_sm_get_state : Invalid handle
09-23 23:38:00.655 E/bt_btif ( 1836): btif_sm_get_state : Invalid handle
09-23 23:38:00.655 E/bt_btif ( 1836): btif_media_send_reset_vendor_state:
09-23 23:38:00.655 E/bt_btif ( 1836): btif_sm_get_state : Invalid handle
09-23 23:38:00.655 E/bt_btif ( 1836): btif_sm_get_state : Invalid handle
09-23 23:38:00.655 E/bt_btif ( 1836): btif_sm_get_state : Invalid handle
09-23 23:38:00.655 D/bt_btif_a2dp_source( 1836): btif_a2dp_source_command_ready: event: 7 BTIF_MEDIA_RESET_VS_STATE
09-23 23:38:00.655 I/btif_av ( 1836): isBATEnabled: 0
09-23 23:38:00.655 D/bt_btif_a2dp_source( 1836): btif_a2dp_source_command_ready: event: 2 BTIF_MEDIA_AUDIO_TX_STOP
09-23 23:38:00.655 E/bt_btif ( 1836): bta_av_co_get_active_peer: peer index out of bounds: 5
09-23 23:38:00.655 E/bt_btif ( 1836): btif_av_is_split_a2dp_enabled: No active peer codec config found, by default splitmode
09-23 23:38:00.655 E/bt_btif ( 1836): btif_media_send_reset_vendor_state:
09-23 23:38:00.655 E/bt_stack( 1836): [ERROR:a2dp_encoding.cc(2718)] read: BluetoothAudio HAL is not enabled
09-23 23:38:00.655 D/bt_btif ( 1836): btif_av_state_idle_handler: event:BTIF_SM_ENTER_EVT flags: 0 on index: 2, codec_cfg_change: 0
09-23 23:38:00.655 E/bt_btif ( 1836): Invalid cmd pending for ack
09-23 23:38:00.655 I/btif_av ( 1836): isBATEnabled: 0
09-23 23:38:00.655 D/bt_btif_a2dp_source( 1836): btif_a2dp_source_command_ready: event: 7 BTIF_MEDIA_RESET_VS_STATE
09-23 23:38:00.655 E/bt_btif ( 1836): bta_av_co_get_active_peer: peer index out of bounds: 5
09-23 23:38:00.655 E/bt_btif ( 1836): btif_av_is_split_a2dp_enabled: No active peer codec config found, by default splitmode
09-23 23:38:00.655 D/a2dp_codec( 1836): init
09-23 23:38:00.655 D/a2dp_codec( 1836): createCodec: codec SBC
09-23 23:38:00.655 D/a2dp_codec( 1836): setCodecPriority: codec_priority_: 1001
09-23 23:38:00.655 D/a2dp_codec( 1836): A2dpCodecConfig: init all codec caps info
09-23 23:38:00.655 D/a2dp_sbc( 1836): A2dpCodecConfigSbc
09-23 23:38:00.655 D/a2dp_sbc( 1836): init: SBC enabled in HW mode
09-23 23:38:00.655 I/a2dp_codec( 1836): init: updated SBC codec priority to 1001
09-23 23:38:00.655 D/a2dp_codec( 1836): createCodec: codec AAC
09-23 23:38:00.655 D/a2dp_codec( 1836): setCodecPriority: codec_priority_: 2001
09-23 23:38:00.655 D/a2dp_codec( 1836): A2dpCodecConfig: init all codec caps info
09-23 23:38:00.655 D/a2dp_aac( 1836): A2dpCodecConfigAac: AAC VBR is enabled for this target
09-23 23:38:00.655 D/a2dp_aac( 1836): init: AAC enabled in HW mode
09-23 23:38:00.655 I/a2dp_codec( 1836): init: updated AAC codec priority to 2001
09-23 23:38:00.655 D/a2dp_codec( 1836): createCodec: codec aptX
09-23 23:38:00.655 D/a2dp_codec( 1836): setCodecPriority: codec_priority_: 4001
09-23 23:38:00.655 D/a2dp_codec( 1836): A2dpCodecConfig: init all codec caps info
09-23 23:38:00.655 D/a2dp_vendor_aptx( 1836): init: APTX enabled in HW mode
09-23 23:38:00.655 I/a2dp_codec( 1836): init: updated aptX codec priority to 4001
09-23 23:38:00.655 D/a2dp_codec( 1836): createCodec: codec aptX-HD
09-23 23:38:00.655 D/a2dp_codec( 1836): setCodecPriority: codec_priority_: 5001
09-23 23:38:00.655 D/a2dp_codec( 1836): A2dpCodecConfig: init all codec caps info
09-23 23:38:00.655 D/a2dp_vendor_aptx_hd( 1836): init: APTX-HD enabled in HW mode
09-23 23:38:00.655 I/a2dp_codec( 1836): init: updated aptX-HD codec priority to 5001
09-23 23:38:00.655 D/a2dp_codec( 1836): createCodec: codec LDAC
09-23 23:38:00.655 D/a2dp_codec( 1836): setCodecPriority: codec_priority_: 3001
09-23 23:38:00.655 D/a2dp_codec( 1836): A2dpCodecConfig: init all codec caps info
09-23 23:38:00.655 D/a2dp_vendor_ldac( 1836): init: LDAC enabled in HW mode
09-23 23:38:00.655 I/a2dp_codec( 1836): init: updated LDAC codec priority to 3001
09-23 23:38:00.655 D/a2dp_codec( 1836): createCodec: codec aptX-adaptive
09-23 23:38:00.655 D/a2dp_codec( 1836): setCodecPriority: codec_priority_: 8001
09-23 23:38:00.655 D/a2dp_codec( 1836): A2dpCodecConfig: init all codec caps info
09-23 23:38:00.655 D/a2dp_vendor_aptx_adaptive( 1836): init: APTX-Adaptive enabled in HW mode
09-23 23:38:00.655 I/a2dp_codec( 1836): init: updated aptX-adaptive codec priority to 8001
09-23 23:38:00.655 D/a2dp_codec( 1836): createCodec: codec aptX-TWS
09-23 23:38:00.655 D/a2dp_codec( 1836): setCodecPriority: codec_priority_: 7001
09-23 23:38:00.655 D/a2dp_codec( 1836): A2dpCodecConfig: init all codec caps info
09-23 23:38:00.655 E/a2dp_vendor_aptx_tws( 1836): init: APTX-Tws enabled in HW mode
09-23 23:38:00.655 I/a2dp_codec( 1836): init: updated aptX-TWS codec priority to 7001
09-23 23:38:00.655 D/a2dp_codec( 1836): createCodec: codec SBC SINK
09-23 23:38:00.655 D/a2dp_codec( 1836): setDefaultCodecPriority: default_codec_priority_: 0
09-23 23:38:00.655 D/a2dp_codec( 1836): setDefaultCodecPriority: Compute the default codec priority
09-23 23:38:00.655 D/a2dp_codec( 1836): setDefaultCodecPriority: codec_priority_: 8001
09-23 23:38:00.655 D/a2dp_codec( 1836): setCodecPriority: codec_priority_: 8001
09-23 23:38:00.655 D/a2dp_codec( 1836): A2dpCodecConfig: init all codec caps info
09-23 23:38:00.655 D/a2dp_codec( 1836): createCodec: codec UNKNOWN CODEC INDEX
09-23 23:38:00.655 D/a2dp_codec( 1836): createCodec: codec UNKNOWN CODEC INDEX
09-23 23:38:00.655 I/a2dp_codec( 1836): init: initialized Source codec aptX-adaptive
09-23 23:38:00.655 I/a2dp_codec( 1836): init: initialized Source codec aptX-TWS
09-23 23:38:00.655 I/a2dp_codec( 1836): init: initialized Source codec aptX-HD
09-23 23:38:00.655 I/a2dp_codec( 1836): init: initialized Source codec aptX
09-23 23:38:00.655 I/a2dp_codec( 1836): init: initialized Source codec LDAC
09-23 23:38:00.655 I/a2dp_codec( 1836): init: initialized Source codec AAC
09-23 23:38:00.655 I/a2dp_codec( 1836): init: initialized Source codec SBC
09-23 23:38:00.655 I/a2dp_codec( 1836): init: initialized Sink codec SBC(Sink)
09-23 23:38:00.655 E/bt_btif ( 1836): btif_sm_get_state : Invalid handle
09-23 23:38:00.655 E/bt_btif ( 1836): btif_sm_get_state : Invalid handle
09-23 23:38:00.655 E/bt_btif ( 1836): btif_sm_get_state : Invalid handle
09-23 23:38:00.655 E/bt_btif ( 1836): btif_media_send_reset_vendor_state:
09-23 23:38:00.655 E/bt_btif ( 1836): btif_sm_get_state : Invalid handle
09-23 23:38:00.655 E/bt_btif ( 1836): btif_sm_get_state : Invalid handle
09-23 23:38:00.655 I/btif_av ( 1836): isBATEnabled: 0
09-23 23:38:00.655 E/bt_btif ( 1836): bta_av_co_get_active_peer: peer index out of bounds: 5
09-23 23:38:00.655 E/bt_btif ( 1836): btif_av_is_split_a2dp_enabled: No active peer codec config found, by default splitmode
09-23 23:38:00.655 E/bt_btif ( 1836): btif_media_send_reset_vendor_state:
09-23 23:38:00.655 D/bt_btif_a2dp_source( 1836): btif_a2dp_source_command_ready: event: 7 BTIF_MEDIA_RESET_VS_STATE
09-23 23:38:00.655 D/bt_btif ( 1836): btif_av_state_idle_handler: event:BTIF_SM_ENTER_EVT flags: 0 on index: 3, codec_cfg_change: 0
09-23 23:38:00.655 D/bt_btif_a2dp_source( 1836): btif_a2dp_source_command_ready: event: 2 BTIF_MEDIA_AUDIO_TX_STOP
09-23 23:38:00.655 I/btif_av ( 1836): isBATEnabled: 0
09-23 23:38:00.655 E/bt_btif ( 1836): bta_av_co_get_active_peer: peer index out of bounds: 5
09-23 23:38:00.655 E/bt_stack( 1836): [ERROR:a2dp_encoding.cc(2718)] read: BluetoothAudio HAL is not enabled
09-23 23:38:00.655 E/bt_btif ( 1836): btif_av_is_split_a2dp_enabled: No active peer codec config found, by default splitmode
09-23 23:38:00.655 D/a2dp_codec( 1836): init
09-23 23:38:00.655 D/a2dp_codec( 1836): createCodec: codec SBC
09-23 23:38:00.655 D/a2dp_codec( 1836): setCodecPriority: codec_priority_: 1001
09-23 23:38:00.655 D/a2dp_codec( 1836): A2dpCodecConfig: init all codec caps info
09-23 23:38:00.655 D/a2dp_sbc( 1836): A2dpCodecConfigSbc
09-23 23:38:00.655 E/bt_btif ( 1836): Invalid cmd pending for ack
09-23 23:38:00.655 D/a2dp_sbc( 1836): init: SBC enabled in HW mode
09-23 23:38:00.655 D/bt_btif_a2dp_source( 1836): btif_a2dp_source_command_ready: event: 7 BTIF_MEDIA_RESET_VS_STATE
09-23 23:38:00.655 I/a2dp_codec( 1836): init: updated SBC codec priority to 1001
09-23 23:38:00.655 D/a2dp_codec( 1836): createCodec: codec AAC
09-23 23:38:00.655 D/a2dp_codec( 1836): setCodecPriority: codec_priority_: 2001
09-23 23:38:00.655 D/a2dp_codec( 1836): A2dpCodecConfig: init all codec caps info
09-23 23:38:00.655 D/a2dp_aac( 1836): A2dpCodecConfigAac: AAC VBR is enabled for this target
09-23 23:38:00.655 D/a2dp_aac( 1836): init: AAC enabled in HW mode
09-23 23:38:00.655 I/a2dp_codec( 1836): init: updated AAC codec priority to 2001
09-23 23:38:00.655 D/a2dp_codec( 1836): createCodec: codec aptX
09-23 23:38:00.655 D/a2dp_codec( 1836): setCodecPriority: codec_priority_: 4001
09-23 23:38:00.655 D/a2dp_codec( 1836): A2dpCodecConfig: init all codec caps info
09-23 23:38:00.655 D/a2dp_vendor_aptx( 1836): init: APTX enabled in HW mode
09-23 23:38:00.655 I/a2dp_codec( 1836): init: updated aptX codec priority to 4001
09-23 23:38:00.655 D/a2dp_codec( 1836): createCodec: codec aptX-HD
09-23 23:38:00.655 D/a2dp_codec( 1836): setCodecPriority: codec_priority_: 5001
09-23 23:38:00.655 D/a2dp_codec( 1836): A2dpCodecConfig: init all codec caps info
09-23 23:38:00.655 D/a2dp_vendor_aptx_hd( 1836): init: APTX-HD enabled in HW mode
09-23 23:38:00.655 I/a2dp_codec( 1836): init: updated aptX-HD codec priority to 5001
09-23 23:38:00.655 D/a2dp_codec( 1836): createCodec: codec LDAC
09-23 23:38:00.655 D/a2dp_codec( 1836): setCodecPriority: codec_priority_: 3001
09-23 23:38:00.655 D/a2dp_codec( 1836): A2dpCodecConfig: init all codec caps info
09-23 23:38:00.655 D/a2dp_vendor_ldac( 1836): init: LDAC enabled in HW mode
09-23 23:38:00.655 I/a2dp_codec( 1836): init: updated LDAC codec priority to 3001
09-23 23:38:00.655 D/a2dp_codec( 1836): createCodec: codec aptX-adaptive
09-23 23:38:00.655 D/a2dp_codec( 1836): setCodecPriority: codec_priority_: 8001
09-23 23:38:00.655 D/a2dp_codec( 1836): A2dpCodecConfig: init all codec caps info
09-23 23:38:00.655 D/a2dp_vendor_aptx_adaptive( 1836): init: APTX-Adaptive enabled in HW mode
09-23 23:38:00.656 I/a2dp_codec( 1836): init: updated aptX-adaptive codec priority to 8001
09-23 23:38:00.656 D/a2dp_codec( 1836): createCodec: codec aptX-TWS
09-23 23:38:00.656 D/a2dp_codec( 1836): setCodecPriority: codec_priority_: 7001
09-23 23:38:00.656 D/a2dp_codec( 1836): A2dpCodecConfig: init all codec caps info
09-23 23:38:00.656 E/a2dp_vendor_aptx_tws( 1836): init: APTX-Tws enabled in HW mode
09-23 23:38:00.656 I/a2dp_codec( 1836): init: updated aptX-TWS codec priority to 7001
09-23 23:38:00.656 D/a2dp_codec( 1836): createCodec: codec SBC SINK
09-23 23:38:00.656 D/a2dp_codec( 1836): setDefaultCodecPriority: default_codec_priority_: 0
09-23 23:38:00.656 D/a2dp_codec( 1836): setDefaultCodecPriority: Compute the default codec priority
09-23 23:38:00.656 D/a2dp_codec( 1836): setDefaultCodecPriority: codec_priority_: 8001
09-23 23:38:00.656 D/a2dp_codec( 1836): setCodecPriority: codec_priority_: 8001
09-23 23:38:00.656 D/a2dp_codec( 1836): A2dpCodecConfig: init all codec caps info
09-23 23:38:00.656 D/a2dp_codec( 1836): createCodec: codec UNKNOWN CODEC INDEX
09-23 23:38:00.656 D/a2dp_codec( 1836): createCodec: codec UNKNOWN CODEC INDEX
09-23 23:38:00.656 I/a2dp_codec( 1836): init: initialized Source codec aptX-adaptive
09-23 23:38:00.656 I/a2dp_codec( 1836): init: initialized Source codec aptX-TWS
09-23 23:38:00.656 I/a2dp_codec( 1836): init: initialized Source codec aptX-HD
09-23 23:38:00.656 I/a2dp_codec( 1836): init: initialized Source codec aptX
09-23 23:38:00.656 I/a2dp_codec( 1836): init: initialized Source codec LDAC
09-23 23:38:00.656 I/a2dp_codec( 1836): init: initialized Source codec AAC
09-23 23:38:00.656 I/a2dp_codec( 1836): init: initialized Source codec SBC
09-23 23:38:00.656 I/a2dp_codec( 1836): init: initialized Sink codec SBC(Sink)
09-23 23:38:00.656 E/bt_btif ( 1836): btif_sm_get_state : Invalid handle
09-23 23:38:00.656 E/bt_btif ( 1836): btif_sm_get_state : Invalid handle
09-23 23:38:00.656 E/bt_btif ( 1836): btif_media_send_reset_vendor_state:
09-23 23:38:00.656 E/bt_btif ( 1836): btif_sm_get_state : Invalid handle
09-23 23:38:00.656 I/btif_av ( 1836): isBATEnabled: 0
09-23 23:38:00.656 D/bt_btif_a2dp_source( 1836): btif_a2dp_source_command_ready: event: 7 BTIF_MEDIA_RESET_VS_STATE
09-23 23:38:00.656 E/bt_btif ( 1836): bta_av_co_get_active_peer: peer index out of bounds: 5
09-23 23:38:00.656 D/bt_btif_a2dp_source( 1836): btif_a2dp_source_command_ready: event: 2 BTIF_MEDIA_AUDIO_TX_STOP
09-23 23:38:00.656 E/bt_btif ( 1836): btif_av_is_split_a2dp_enabled: No active peer codec config found, by default splitmode
09-23 23:38:00.656 E/bt_btif ( 1836): btif_media_send_reset_vendor_state:
09-23 23:38:00.656 E/bt_stack( 1836): [ERROR:a2dp_encoding.cc(2718)] read: BluetoothAudio HAL is not enabled
09-23 23:38:00.656 E/bt_btif ( 1836): Invalid cmd pending for ack
09-23 23:38:00.656 D/bt_btif ( 1836): btif_av_state_idle_handler: event:BTIF_SM_ENTER_EVT flags: 0 on index: 4, codec_cfg_change: 0
09-23 23:38:00.656 D/bt_btif_a2dp_source( 1836): btif_a2dp_source_command_ready: event: 7 BTIF_MEDIA_RESET_VS_STATE
09-23 23:38:00.656 I/btif_av ( 1836): isBATEnabled: 0
09-23 23:38:00.656 E/bt_btif ( 1836): bta_av_co_get_active_peer: peer index out of bounds: 5
09-23 23:38:00.656 E/bt_btif ( 1836): btif_av_is_split_a2dp_enabled: No active peer codec config found, by default splitmode
09-23 23:38:00.656 D/a2dp_codec( 1836): init
09-23 23:38:00.656 D/a2dp_codec( 1836): createCodec: codec SBC
09-23 23:38:00.656 D/a2dp_codec( 1836): setCodecPriority: codec_priority_: 1001
09-23 23:38:00.656 D/a2dp_codec( 1836): A2dpCodecConfig: init all codec caps info
09-23 23:38:00.656 D/a2dp_sbc( 1836): A2dpCodecConfigSbc
09-23 23:38:00.656 D/a2dp_sbc( 1836): init: SBC enabled in HW mode
09-23 23:38:00.656 I/a2dp_codec( 1836): init: updated SBC codec priority to 1001
09-23 23:38:00.656 D/a2dp_codec( 1836): createCodec: codec AAC
09-23 23:38:00.656 D/a2dp_codec( 1836): setCodecPriority: codec_priority_: 2001
09-23 23:38:00.656 D/a2dp_codec( 1836): A2dpCodecConfig: init all codec caps info
09-23 23:38:00.656 D/a2dp_aac( 1836): A2dpCodecConfigAac: AAC VBR is enabled for this target
09-23 23:38:00.656 D/a2dp_aac( 1836): init: AAC enabled in HW mode
09-23 23:38:00.656 I/a2dp_codec( 1836): init: updated AAC codec priority to 2001
09-23 23:38:00.656 D/a2dp_codec( 1836): createCodec: codec aptX
09-23 23:38:00.656 D/a2dp_codec( 1836): setCodecPriority: codec_priority_: 4001
09-23 23:38:00.658 I/vendor.qti.bluetooth@1.0-ibs_handler( 821): ProcessIbsCmd: Received IBS_WAKE_IND: 0xFD
09-23 23:38:00.658 I/vendor.qti.bluetooth@1.0-ibs_handler( 821): ProcessIbsCmd: Writing IBS_WAKE_ACK
09-23 23:38:00.659 I/SmoMo ( 996): DisplayExtnImpl::HandleTid: Successfully sent SF TID:2490. ret = -2
09-23 23:38:00.659 I/SmoMo ( 996): DisplayExtnImpl::HandleTid: Successfully sent RE TID:1071. ret = -2
09-23 23:38:00.661 D/audio_hw_primary( 815): adev_get_parameters:fm_status
09-23 23:38:00.661 D/audio_hw_spkr_prot( 815): fbsp_get_parameters: Speaker protection disabled
09-23 23:38:00.661 D/soundtrigger( 815): audio_extn_sound_trigger_get_parameters input string
09-23 23:38:00.661 D/soundtrigger( 815): extract_sm_handle input string param string
09-23 23:38:00.661 D/audio_hw_extn( 815): audio_extn_fm_get_parameters: Enter
09-23 23:38:00.661 D/audio_hw_extn( 815): audio_extn_get_parameters: returns fm_status=0
09-23 23:38:00.661 D/audio_hw_primary( 815): adev_get_parameters: exit: returns - fm_status=0
09-23 23:38:00.661 I/hash_map_utils( 987): system/bt/osi/src/hash_map_utils.cc:81 hash_map_utils_dump_string_keys_string_values: key: 'fm_status' value: ''
09-23 23:38:00.663 I/liblog ( 1836): 186
09-23 23:38:00.663 I/liblog ( 1836): 1
09-23 23:38:00.663 D/BluetoothMapService( 1836): Received start request. Starting profile...
09-23 23:38:00.663 D/BluetoothMapService( 1836): start()
09-23 23:38:00.664 D/BluetoothMapFixes( 1836): mSessionStatusHandler CREATE_MAS_INSTANCES
09-23 23:38:00.664 V/BluetoothMapService( 1836): Handler(): got msg=5
09-23 23:38:00.664 D/BluetoothMapService( 1836): CREATE_MAS_INSTANCES
09-23 23:38:00.664 D/BluetoothMapService( 1836): mSmsCapable :true
09-23 23:38:00.664 D/BluetoothVendorService( 1836): getProfileInfo profile_id: 3
09-23 23:38:00.664 D/BluetoothMapService( 1836): setBluetoothMapService(): set to: com.android.bluetooth.map.BluetoothMapService@f5b6c2d
09-23 23:38:00.664 I/BluetoothVendorJni( 1836): getProfileInfoNative
09-23 23:38:00.664 D/BluetoothMapService( 1836): profile started successfully
09-23 23:38:00.664 I/BluetoothAvrcpControllerJni( 1836): classInitNative: succeeds
09-23 23:38:00.665 I/bt_btif_vendor( 1836): get_profile_info :3
09-23 23:38:00.665 W/bt_device_profile( 1836): profile_feature_fetch:profile 3
09-23 23:38:00.665 W/bt_device_profile( 1836): profile_feature_fetch:MAP_EMAIL_SUPPORT found 1
09-23 23:38:00.665 D/BluetoothMapAppObserver( 1836): isEmailSupported: true
09-23 23:38:00.665 D/BluetoothMapAccountEmailLoader( 1836): mEmailContext Assigned
09-23 23:38:00.665 D/BluetoothMapAccountEmailLoader( 1836): Groups SIZE: 0
09-23 23:38:00.665 D/BluetoothMapAccountEmailLoader( 1836): Found 0 applications - Support legacy default or primary email Account
09-23 23:38:00.665 D/AvrcpControllerService( 1836): Received start request. Starting profile...
09-23 23:38:00.665 D/BluetoothMapAccountEmailLoader( 1836): isEmailAppStarted: false
09-23 23:38:00.665 I/bt_btif ( 1836): get_profile_interface: id = avrcp_ctrl
09-23 23:38:00.665 I/bt_btif ( 1836): get_profile_interface: id = vendor_avrcp_ctrl
09-23 23:38:00.665 D/bt_btif ( 1836): btif_rc_vendor_ctrl_get_interface
09-23 23:38:00.666 D/LOWI-9.0.0.87.a( 1344): [LOWINetlinkSocketReceiver] unpackRTMLinkMessage: RTM_NEWLINK - ifname vlan4, flags 0x1003 ([UP])
09-23 23:38:00.666 D/CompatibilityInfo( 1487): mCompatibilityFlags - 4
09-23 23:38:00.666 D/CompatibilityInfo( 1487): applicationDensity - 240
09-23 23:38:00.666 I/EthernetTracker( 1487): interfaceLinkStateChanged, iface: vlan4, up: false
09-23 23:38:00.666 D/CompatibilityInfo( 1487): applicationScale - 1.0
09-23 23:38:00.667 D/AvrcpControllerService( 1836): profile started successfully
09-23 23:38:00.667 V/SapService( 1836): SapBinder()
09-23 23:38:00.667 D/SapService( 1836): Received start request. Starting profile...
09-23 23:38:00.667 V/SapService( 1836): start()
09-23 23:38:00.668 D/SapService( 1836): setSapService(): set to: com.android.bluetooth.sap.SapService@17a9f4f
09-23 23:38:00.668 D/SapService( 1836): profile started successfully
09-23 23:38:00.668 V/BtOppService( 1836): onCreate
09-23 23:38:00.668 D/BluetoothOppService( 1836): Received start request. Starting profile...
09-23 23:38:00.668 V/BtOppService( 1836): start()
09-23 23:38:00.668 D/BtOppService( 1836): setBluetoothOppService(): set to: com.android.bluetooth.opp.BluetoothOppService@faf3e5
09-23 23:38:00.668 D/BluetoothOppService( 1836): profile started successfully
09-23 23:38:00.669 D/BluetoothPbapService( 1836): Received start request. Starting profile...
09-23 23:38:00.669 I/BluetoothPbapService( 1836): setCurrentUser(0)
09-23 23:38:00.669 I/BluetoothPbapService( 1836): setUserUnlocked(0)
09-23 23:38:00.669 I/BluetoothPbapService( 1836): setUserUnlocked(0)
09-23 23:38:00.670 D/BluetoothPbapService( 1836): setBluetoothPbapService(): set to: com.android.bluetooth.pbap.BluetoothPbapService@f9cba9d
09-23 23:38:00.670 D/BluetoothPbapService( 1836): profile started successfully
09-23 23:38:00.670 D/HearingAidService( 1836): create()
09-23 23:38:00.671 D/BluetoothHearingAid( 1487): Proxy object connected
09-23 23:38:00.671 D/HearingAidService( 1836): Received start request. Starting profile...
09-23 23:38:00.671 D/BluetoothMapAccountEmailLoader( 1836): Email app is not installed
09-23 23:38:00.671 D/BluetoothHearingAid( 1487): Proxy object connected
09-23 23:38:00.671 W/BluetoothMapAccountEmailLoader( 1836): mEmailContext Cannot Access DefaultEmail
09-23 23:38:00.671 D/BluetoothHearingAid( 1487): Proxy object connected
09-23 23:38:00.671 D/BluetoothMapAccountEmailLoader( 1836): Enabled Accounts count:0
09-23 23:38:00.671 D/BluetoothMapAccountLoader( 1836): Enabled Accounts count:0
09-23 23:38:00.671 I/AS.BtHelper( 1487): In onServiceConnected(), profile: 21, proxy: android.bluetooth.BluetoothHearingAid@c947e47
09-23 23:38:00.671 D/BluetoothHearingAid( 1487): Proxy object connected
09-23 23:38:00.671 D/HearingAidService( 1836): start()
09-23 23:38:00.671 I/bt_stack( 1836): [INFO:com_android_bluetooth_hearing_aid.cpp(100)] classInitNative: succeeds
09-23 23:38:00.671 I/Telecom ( 1487): BluetoothDeviceManager: Got BluetoothHearingAid: android.bluetooth.BluetoothHearingAid@e90b7e3: BMSL.oSC@AAs
09-23 23:38:00.672 D/BluetoothMapAppObserver( 1836): createReceiver()
09-23 23:38:00.672 D/HearingAidService( 1836): setHearingAidService(): set to: com.android.bluetooth.hearingaid.HearingAidService@60f6399
09-23 23:38:00.672 I/bt_btif ( 1836): get_profile_interface: id = hearing_aid
09-23 23:38:00.672 D/HearingAidService( 1836): profile started successfully
09-23 23:38:00.672 I/bt_stack( 1836): [INFO:hearing_aid_software_encoding.cc(325)] init
09-23 23:38:00.672 W/bt_stack( 1836): [WARNING:hearing_aid_software_encoding.cc(310)] get_hal_version
09-23 23:38:00.672 W/bt_stack( 1836): [WARNING:client_interface.cc(240)] BluetoothAudioDeathRecipient: worker thread 0x0
09-23 23:38:00.672 D/BluetoothMediaBrowserService( 1836): onCreate
09-23 23:38:00.672 D/BluetoothHearingAid( 1843): Proxy object connected
09-23 23:38:00.672 I/hwservicemanager( 514): getTransport: Cannot find entry vendor.qti.hardware.bluetooth_audio@2.1::IBluetoothAudioProvidersFactory/default in either framework or device VINTF manifest.
09-23 23:38:00.672 D/BluetoothMapAppObserver( 1836): initObservers()
09-23 23:38:00.672 D/BluetoothMapAppObserver( 1836): getEnabledAccountItems()
09-23 23:38:00.672 I/bt_stack( 1836): [INFO:client_interface.cc(463)] GetHalVersion
09-23 23:38:00.672 W/bt_stack( 1836): [WARNING:client_interface.cc(240)] BluetoothAudioDeathRecipient: worker thread 0xb400007245909da0
09-23 23:38:00.672 V/bt_stack( 1836): [VERBOSE1:bta_gattc_act.cc(210)] bta_gattc_register: state:2
09-23 23:38:00.672 I/bt_stack( 1836): [INFO:gatt_api.cc(1223)] GATT_Register 4dc601ae-4bc0-bbfd-93ec-0a3c0bd6db96
09-23 23:38:00.672 I/bt_stack( 1836): [INFO:gatt_api.cc(1244)] allocated gatt_if=5
09-23 23:38:00.672 V/bt_stack( 1836): [VERBOSE1:gatt_api.cc(1369)] GATT_StartIf gatt_if=5
09-23 23:38:00.672 V/bt_stack( 1836): [VERBOSE1:gatt_utils.cc(293)] gatt_find_the_connected_bda start_idx=0
09-23 23:38:00.672 V/bt_stack( 1836): [VERBOSE1:gatt_utils.cc(305)] found=0 found_idx=10
09-23 23:38:00.677 D/LOWI-9.0.0.87.a( 1344): [LOWINetlinkSocketReceiver] unpackRTMLinkMessage: RTM_NEWLINK - ifname vlan4, flags 0x1003 ([UP])
09-23 23:38:00.677 I/EthernetTracker( 1487): interfaceLinkStateChanged, iface: vlan4, up: false
09-23 23:38:00.678 D/ObexServerSockets( 1836): create(rfcomm = 19, l2capPsm = 4133)
09-23 23:38:00.678 V/Avrcp_ext( 1836): updateCurrentMediaState: mMediaController: null
09-23 23:38:00.679 W/Avrcp_ext( 1836): isMusicActive: false getBluetoothPlayState: 2 A2dp State: 11 mAudioPlaybackIsActive: false
09-23 23:38:00.679 W/Avrcp_ext( 1836): updateCurrentMediaState: isPlaying = false
09-23 23:38:00.679 V/Avrcp_ext( 1836): Media update: id -1âž¡-1? [MediaAttributes: none] : [MediaAttributes: none]
09-23 23:38:00.679 D/Avrcp_ext( 1836): isPackageNameValid: browsedPackage = isValid = false
09-23 23:38:00.679 V/Avrcp_ext( 1836): updatePlaybackState, state: PlaybackState {state=2, position=-1, buffered position=0, speed=0.0, updated=17068, actions=0, custom actions=[], active item id=-1, error=null} device: null
09-23 23:38:00.679 V/Avrcp_ext( 1836): Device: no name:
09-23 23:38:00.679 V/Avrcp_ext( 1836): Device: no name:
09-23 23:38:00.679 V/Avrcp_ext( 1836): Device: no name:
09-23 23:38:00.679 V/Avrcp_ext( 1836): Device: no name:
09-23 23:38:00.679 V/Avrcp_ext( 1836): Device: no name:
09-23 23:38:00.679 V/Avrcp_ext( 1836): updatePlayerStateAndPosition, old=PlaybackState {state=2, position=-1, buffered position=0, speed=0.0, updated=17038, actions=0, custom actions=[], active item id=-1, error=null}, state=PlaybackState {state=2, position=-1, buffered position=0, speed=0.0, updated=17068, actions=0, custom actions=[], active item id=-1, error=null}
09-23 23:38:00.679 V/Avrcp_ext( 1836): old state = PlaybackState {state=2, position=-1, buffered position=0, speed=0.0, updated=17038, actions=0, custom actions=[], active item id=-1, error=null}, new state= PlaybackState {state=2, position=-1, buffered position=0, speed=0.0, updated=17068, actions=0, custom actions=[], active item id=-1, error=null}
09-23 23:38:00.679 D/HeadsetService( 1836): getHeadsetService(): returning com.android.bluetooth.hfp.HeadsetService@5954711
09-23 23:38:00.679 D/HeadsetService( 1836): isAudioOn: The number of audio connected devices 0
09-23 23:38:00.679 D/HeadsetService( 1836): isScoOrCallActive(): Call Active:falseCall is Ringing:falseSCO is Active:false
09-23 23:38:00.679 D/HeadsetService( 1836): isAudioOn: The number of audio connected devices 0
09-23 23:38:00.679 I/Avrcp_ext( 1836): updatePlayStatusForDevice: device: null
09-23 23:38:00.679 V/Avrcp_ext( 1836): updatePlaybackState (1): old=PlaybackState {state=2, position=-1, buffered position=0, speed=0.0, updated=17038, actions=0, custom actions=[], active item id=-1, error=null}(2), new=PlaybackState {state=2, position=-1, buffered position=0, speed=0.0, updated=17068, actions=0, custom actions=[], active item id=-1, error=null}(2)
09-23 23:38:00.679 I/Avrcp_ext( 1836): Exit updatePlayStatusForDevice
09-23 23:38:00.679 D/HeadsetService( 1836): isAudioOn: The number of audio connected devices 0
09-23 23:38:00.679 W/BluetoothAdapterService( 1836): onProfileServiceStateChange() - All profile services started..
09-23 23:38:00.679 D/AdapterProperties( 1836): onBluetoothReady, state=TURNING_ON, ScanMode=20
09-23 23:38:00.679 D/HeadsetService( 1836): isScoOrCallActive(): Call Active:falseCall is Ringing:falseSCO is Active:false
09-23 23:38:00.679 D/HeadsetService( 1836): isAudioOn: The number of audio connected devices 0
09-23 23:38:00.679 I/Avrcp_ext( 1836): updatePlayStatusForDevice: device: null
09-23 23:38:00.679 V/Avrcp_ext( 1836): updatePlaybackState (1): old=PlaybackState {state=2, position=-1, buffered position=0, speed=0.0, updated=17038, actions=0, custom actions=[], active item id=-1, error=null}(2), new=PlaybackState {state=2, position=-1, buffered position=0, speed=0.0, updated=17068, actions=0, custom actions=[], active item id=-1, error=null}(2)
09-23 23:38:00.679 I/Avrcp_ext( 1836): Exit updatePlayStatusForDevice
09-23 23:38:00.679 D/HeadsetService( 1836): isAudioOn: The number of audio connected devices 0
09-23 23:38:00.679 D/HeadsetService( 1836): isScoOrCallActive(): Call Active:falseCall is Ringing:falseSCO is Active:false
09-23 23:38:00.679 D/HeadsetService( 1836): isAudioOn: The number of audio connected devices 0
09-23 23:38:00.679 I/Avrcp_ext( 1836): updatePlayStatusForDevice: device: null
09-23 23:38:00.679 V/Avrcp_ext( 1836): updatePlaybackState (1): old=PlaybackState {state=2, position=-1, buffered position=0, speed=0.0, updated=17038, actions=0, custom actions=[], active item id=-1, error=null}(2), new=PlaybackState {state=2, position=-1, buffered position=0, speed=0.0, updated=17068, actions=0, custom actions=[], active item id=-1, error=null}(2)
09-23 23:38:00.679 I/Avrcp_ext( 1836): Exit updatePlayStatusForDevice
09-23 23:38:00.679 D/HeadsetService( 1836): isAudioOn: The number of audio connected devices 0
09-23 23:38:00.679 D/HeadsetService( 1836): isScoOrCallActive(): Call Active:falseCall is Ringing:falseSCO is Active:false
09-23 23:38:00.679 D/HeadsetService( 1836): isAudioOn: The number of audio connected devices 0
09-23 23:38:00.679 I/Avrcp_ext( 1836): updatePlayStatusForDevice: device: null
09-23 23:38:00.679 V/Avrcp_ext( 1836): updatePlaybackState (1): old=PlaybackState {state=2, position=-1, buffered position=0, speed=0.0, updated=17038, actions=0, custom actions=[], active item id=-1, error=null}(2), new=PlaybackState {state=2, position=-1, buffered position=0, speed=0.0, updated=17068, actions=0, custom actions=[], active item id=-1, error=null}(2)
09-23 23:38:00.679 I/Avrcp_ext( 1836): Exit updatePlayStatusForDevice
09-23 23:38:00.679 D/HeadsetService( 1836): isAudioOn: The number of audio connected devices 0
09-23 23:38:00.679 D/HeadsetService( 1836): isScoOrCallActive(): Call Active:falseCall is Ringing:falseSCO is Active:false
09-23 23:38:00.679 D/HeadsetService( 1836): isAudioOn: The number of audio connected devices 0
09-23 23:38:00.679 I/Avrcp_ext( 1836): updatePlayStatusForDevice: device: null
09-23 23:38:00.679 V/Avrcp_ext( 1836): updatePlaybackState (1): old=PlaybackState {state=2, position=-1, buffered position=0, speed=0.0, updated=17038, actions=0, custom actions=[], active item id=-1, error=null}(2), new=PlaybackState {state=2, position=-1, buffered position=0, speed=0.0, updated=17068, actions=0, custom actions=[], active item id=-1, error=null}(2)
09-23 23:38:00.679 I/Avrcp_ext( 1836): Exit updatePlayStatusForDevice
09-23 23:38:00.679 D/Avrcp_ext( 1836): Enter sendPlayPosNotificationRsp
09-23 23:38:00.679 D/Avrcp_ext( 1836): sendPlayPosNotificationRsp: Not registered or requesting.
09-23 23:38:00.679 D/Avrcp_ext( 1836): Enter sendPlayPosNotificationRsp
09-23 23:38:00.679 D/Avrcp_ext( 1836): sendPlayPosNotificationRsp: Not registered or requesting.
09-23 23:38:00.679 D/Avrcp_ext( 1836): Enter sendPlayPosNotificationRsp
09-23 23:38:00.679 D/Avrcp_ext( 1836): sendPlayPosNotificationRsp: Not registered or requesting.
09-23 23:38:00.679 D/Avrcp_ext( 1836): Enter sendPlayPosNotificationRsp
09-23 23:38:00.679 D/Avrcp_ext( 1836): sendPlayPosNotificationRsp: Not registered or requesting.
09-23 23:38:00.679 D/Avrcp_ext( 1836): Enter sendPlayPosNotificationRsp
09-23 23:38:00.679 D/Avrcp_ext( 1836): sendPlayPosNotificationRsp: Not registered or requesting.
09-23 23:38:00.679 V/Avrcp_ext( 1836): Exit updatePlayerStateAndPosition
09-23 23:38:00.679 I/am_uid_running( 1487): 10018
09-23 23:38:00.679 D/BluetoothAdapterService( 1836): updateUuids() - Updating UUIDs for bonded devices
09-23 23:38:00.680 D/CompatibilityChangeReporter( 1487): Compat change id reported: 135634846; UID 10018; state: DISABLED
09-23 23:38:00.680 D/CompatibilityChangeReporter( 1487): Compat change id reported: 177438394; UID 10018; state: DISABLED
09-23 23:38:00.680 D/CompatibilityChangeReporter( 1487): Compat change id reported: 135772972; UID 10018; state: DISABLED
09-23 23:38:00.680 D/CompatibilityChangeReporter( 1487): Compat change id reported: 135754954; UID 10018; state: ENABLED
09-23 23:38:00.680 I/BluetoothAdapterService( 1836): initProfileServices: Initializing all bluetooth profile services
09-23 23:38:00.680 I/BluetoothA2dpSinkServiceJni( 1836): classInitNative: succeeds
09-23 23:38:00.680 D/CompatibilityChangeReporter( 1487): Compat change id reported: 143937733; UID 10018; state: ENABLED
09-23 23:38:00.680 D/HeadsetService( 1836): getHeadsetService(): returning com.android.bluetooth.hfp.HeadsetService@5954711
09-23 23:38:00.680 W/HeadsetClientService( 1836): getHeadsetClientService(): service is null
09-23 23:38:00.680 W/MapClientService( 1836): getMapClientService(): service is null
09-23 23:38:00.680 D/HidDeviceService( 1836): getHidDeviceService(): service is NULL
09-23 23:38:00.680 W/PbapClientService( 1836): getPbapClientService(): service is null
09-23 23:38:00.680 W/BluetoothGroupService( 1836): getGroupService(): service is NULL
09-23 23:38:00.680 I/AdapterState( 1836): ON : entered
09-23 23:38:00.680 D/AdapterProperties( 1836): Setting state to ON
09-23 23:38:00.680 D/BluetoothAdapterService( 1836): updateAdapterState() - Broadcasting state ON to 1 receivers.
09-23 23:38:00.681 I/bt_stack( 1836): [INFO:port_api.cc(123)] RFCOMM_CreateConnection BDA: ff:ff:ff:ff:ff:ff
09-23 23:38:00.683 I/bt_stack( 1836): [INFO:port_api.cc(123)] RFCOMM_CreateConnection BDA: ff:ff:ff:ff:ff:ff
09-23 23:38:00.683 D/BluetoothSdpJni( 1836): sdpCreateSapsRecordNative
09-23 23:38:00.683 D/BluetoothSdpJni( 1836): SDP Create record success - handle: 0
09-23 23:38:00.683 W/bt_l2cap( 1836): L2CAP - L2CA_Register() called for PSM: 0x1025
09-23 23:38:00.683 D/BluetoothManagerService( 1487): MESSAGE_BLUETOOTH_STATE_CHANGE: TURNING_ON > ON
09-23 23:38:00.683 D/BluetoothManagerService( 1487): Broadcasting onBluetoothStateChange(true) to 10 receivers.
09-23 23:38:00.683 D/ObexServerSockets( 1836): Succeed to create listening sockets
09-23 23:38:00.683 D/BluetoothHeadset( 1487): onBluetoothStateChange: up=true
09-23 23:38:00.683 D/BluetoothHeadset( 1487): Binding service...
09-23 23:38:00.683 D/ObexServerSockets0( 1836): startAccept()
09-23 23:38:00.683 D/BluetoothManagerService( 1487): Creating new ProfileServiceConnections object for profile: 1
09-23 23:38:00.684 D/AdapterProperties( 1836): Scan Mode:21
09-23 23:38:00.684 D/AdapterProperties( 1836): Discoverable Timeout:120
09-23 23:38:00.684 D/AdapterProperties( 1836): mLocalIOCapability set to 1
09-23 23:38:00.684 D/AdapterProperties( 1836): mLocalIOCapabilityBLE set to 4
09-23 23:38:00.684 I/btif_av ( 1836): isBATEnabled: 0
09-23 23:38:00.684 E/bt_btif ( 1836): bta_av_co_get_active_peer: peer index out of bounds: 5
09-23 23:38:00.684 E/bt_btif ( 1836): btif_av_is_split_a2dp_enabled: No active peer codec config found, by default splitmode
09-23 23:38:00.684 D/ObexServerSockets0( 1836): Accepting socket connection...
09-23 23:38:00.684 D/ObexServerSockets0( 1836): Accepting socket connection...
09-23 23:38:00.684 D/BluetoothVendorService( 1836): getProfileInfo profile_id: 2
09-23 23:38:00.684 I/BluetoothVendorJni( 1836): getProfileInfoNative
09-23 23:38:00.684 I/bt_btif_vendor( 1836): get_profile_info :2
09-23 23:38:00.684 W/bt_device_profile( 1836): profile_feature_fetch:profile 2
09-23 23:38:00.684 W/bt_device_profile( 1836): profile_feature_fetch:PBAP_0102_SUPPORT found 1
09-23 23:38:00.684 D/BluetoothVendorService( 1836): getProfileInfo profile_id: 2
09-23 23:38:00.684 I/BluetoothVendorJni( 1836): getProfileInfoNative
09-23 23:38:00.684 I/bt_btif_vendor( 1836): get_profile_info :2
09-23 23:38:00.684 W/bt_device_profile( 1836): profile_feature_fetch:profile 2
09-23 23:38:00.684 W/bt_device_profile( 1836): profile_feature_fetch:USE_SIM_SUPPORT found 1
09-23 23:38:00.684 D/BluetoothPbapFixes( 1836): isSupportedPbap12: true
09-23 23:38:00.684 D/BluetoothPbapFixes( 1836): isSimSupported: true
09-23 23:38:00.684 D/BluetoothPbapFixes( 1836): creating PBAP 1.1 record with sim support
09-23 23:38:00.684 D/BluetoothSdpJni( 1836): sdpCreatePbapPseRecordNative
09-23 23:38:00.684 D/BluetoothSdpJni( 1836): SDP Create record success - handle: 1
09-23 23:38:00.684 D/BluetoothPbapService( 1836): created Sdp record, mSdpHandle=1
09-23 23:38:00.684 D/BluetoothHeadset( 1487): onBluetoothStateChange: up=true
09-23 23:38:00.684 D/BluetoothHeadset( 1487): Binding service...
09-23 23:38:00.685 W/BluetoothManagerService( 1487): psc is not null in bindBluetoothProfileService
09-23 23:38:00.685 D/BluetoothManagerService( 1487): Sending BLE State Change: TURNING_ON > ON
09-23 23:38:00.685 V/BluetoothMapService( 1836): Handler(): got msg=1
09-23 23:38:00.685 D/BluetoothMapMasInstance0( 1836): Map Service startSocketListeners
09-23 23:38:00.685 D/ObexServerSockets( 1836): create(rfcomm = 26, l2capPsm = 4137)
09-23 23:38:00.685 D/BluetoothManagerService( 1487): Sending State Change: TURNING_ON > ON
09-23 23:38:00.686 D/CompanionDeviceManagerService( 1487): Received BT state transition broadcast: TURNING_ON -> ON
09-23 23:38:00.686 I/CompanionDeviceManagerService( 1487): startBleScan()
09-23 23:38:00.688 I/bt_stack( 1836): [INFO:port_api.cc(123)] RFCOMM_CreateConnection BDA: ff:ff:ff:ff:ff:ff
09-23 23:38:00.689 W/bt_l2cap( 1836): L2CAP - L2CA_Register() called for PSM: 0x1029
09-23 23:38:00.689 D/ObexServerSockets( 1836): Succeed to create listening sockets
09-23 23:38:00.689 D/ObexServerSockets1( 1836): startAccept()
09-23 23:38:00.690 D/BluetoothSdpJni( 1836): sdpCreateMapMasRecordNative
09-23 23:38:00.690 D/BluetoothSdpJni( 1836): SDP Create record success - handle: 2
09-23 23:38:00.690 D/Zygote ( 674): Forked child process 3104
09-23 23:38:00.690 D/ObexServerSockets1( 1836): Accepting socket connection...
09-23 23:38:00.690 D/ObexServerSockets1( 1836): Accepting socket connection...
09-23 23:38:00.690 I/am_proc_start( 1487): [0,3104,10018,android.process.acore,content provider,{com.android.providers.contacts/com.android.providers.contacts.ContactsProvider2}]
09-23 23:38:00.690 I/ActivityManager( 1487): Start proc 3104:android.process.acore/u0a18 for content provider {com.android.providers.contacts/com.android.providers.contacts.ContactsProvider2}
09-23 23:38:00.690 D/LOWI-9.0.0.87.a( 1344): [LOWINetlinkSocketReceiver] unpackRTMLinkMessage: RTM_NEWLINK - ifname vlan4, flags 0x1003 ([UP])
09-23 23:38:00.691 I/EthernetTracker( 1487): interfaceLinkStateChanged, iface: vlan4, up: false
09-23 23:38:00.696 D/LOWI-9.0.0.87.a( 1344): [LOWINetlinkSocketReceiver] unpackRTMLinkMessage: RTM_NEWLINK - ifname vlan4, flags 0x1003 ([UP])
09-23 23:38:00.696 I/EthernetTracker( 1487): interfaceLinkStateChanged, iface: vlan4, up: false
09-23 23:38:00.700 E/d.process.acor( 3104): Not starting debugger since process cannot load the jdwp agent.
09-23 23:38:00.702 D/ProcessState( 3104): Binder ioctl to enable oneway spam detection failed: Invalid argument
09-23 23:38:00.702 D/LOWI-9.0.0.87.a( 1344): [LOWINetlinkSocketReceiver] unpackRTMLinkMessage: RTM_NEWLINK - ifname vlan4, flags 0x1003 ([UP])
09-23 23:38:00.702 I/EthernetTracker( 1487): interfaceLinkStateChanged, iface: vlan4, up: false
09-23 23:38:00.708 D/LOWI-9.0.0.87.a( 1344): [LOWINetlinkSocketReceiver] unpackRTMLinkMessage: RTM_NEWLINK - ifname vlan4, flags 0x1003 ([UP])
09-23 23:38:00.708 I/EthernetTracker( 1487): interfaceLinkStateChanged, iface: vlan4, up: false
09-23 23:38:00.714 I/am_proc_bound( 1487): [0,3104,android.process.acore]
09-23 23:38:00.716 D/CompatibilityChangeReporter( 1487): Compat change id reported: 168419799; UID 10018; state: DISABLED
09-23 23:38:00.716 D/CompatibilityInfo( 1487): mCompatibilityFlags - 4
09-23 23:38:00.716 D/CompatibilityInfo( 1487): applicationDensity - 240
09-23 23:38:00.716 D/CompatibilityInfo( 1487): applicationScale - 1.0
09-23 23:38:00.717 I/am_uid_active( 1487): 10018
09-23 23:38:00.719 D/CompatibilityChangeReporter( 3104): Compat change id reported: 171979766; UID 10018; state: ENABLED
09-23 23:38:00.725 D/LOWI-9.0.0.87.a( 1344): [LOWINetlinkSocketReceiver] unpackRTMLinkMessage: RTM_NEWLINK - ifname vlan4, flags 0x1003 ([UP])
09-23 23:38:00.726 I/EthernetTracker( 1487): interfaceLinkStateChanged, iface: vlan4, up: false
09-23 23:38:00.729 I/Perf ( 3104): Connecting to perf service.
09-23 23:38:00.731 V/GraphicsEnvironment( 3104): ANGLE Developer option for 'com.android.providers.contacts' set to: 'default'
09-23 23:38:00.731 V/GraphicsEnvironment( 3104): ANGLE GameManagerService for com.android.providers.contacts: false
09-23 23:38:00.731 D/NetworkSecurityConfig( 3104): No Network Security Config specified, using platform default
09-23 23:38:00.731 D/NetworkSecurityConfig( 3104): No Network Security Config specified, using platform default
09-23 23:38:00.743 I/ContactsPerf( 3104): VoicemailContentProvider.onCreate start
09-23 23:38:00.744 D/LOWI-9.0.0.87.a( 1344): [LOWINetlinkSocketReceiver] unpackRTMLinkMessage: RTM_NEWLINK - ifname vlan4, flags 0x1003 ([UP])
09-23 23:38:00.745 I/EthernetTracker( 1487): interfaceLinkStateChanged, iface: vlan4, up: false
09-23 23:38:00.745 I/ContactsPerf( 3104): VoicemailContentProvider.onCreate finish
09-23 23:38:00.752 D/CountryDetector( 1487): The first listener is added
09-23 23:38:00.752 I/ContactsDatabaseHelper( 3104): updateUseStrictPhoneNumberComparison: CN
09-23 23:38:00.754 D/LOWI-9.0.0.87.a( 1344): [LOWINetlinkSocketReceiver] unpackRTMLinkMessage: RTM_NEWLINK - ifname vlan4, flags 0x1003 ([UP])
09-23 23:38:00.754 I/EthernetTracker( 1487): interfaceLinkStateChanged, iface: vlan4, up: false
09-23 23:38:00.763 D/CompatibilityInfo( 1487): mCompatibilityFlags - 4
09-23 23:38:00.763 D/CompatibilityInfo( 1487): applicationDensity - 240
09-23 23:38:00.763 D/CompatibilityInfo( 1487): applicationScale - 1.0
09-23 23:38:00.768 I/am_uid_running( 1487): 10032
09-23 23:38:00.768 D/CompatibilityChangeReporter( 1487): Compat change id reported: 135634846; UID 10032; state: DISABLED
09-23 23:38:00.768 D/CompatibilityChangeReporter( 1487): Compat change id reported: 177438394; UID 10032; state: DISABLED
09-23 23:38:00.768 D/CompatibilityChangeReporter( 1487): Compat change id reported: 135772972; UID 10032; state: DISABLED
09-23 23:38:00.768 D/CompatibilityChangeReporter( 1487): Compat change id reported: 135754954; UID 10032; state: ENABLED
09-23 23:38:00.769 D/CompatibilityChangeReporter( 1487): Compat change id reported: 143937733; UID 10032; state: ENABLED
09-23 23:38:00.771 I/vendor.qti.bluetooth@1.0-ibs_handler( 821): ProcessIbsCmd: Received IBS_SLEEP_IND: 0xFE
09-23 23:38:00.773 D/ContactsDatabaseHelper( 3104): WAL enabled for contacts2.db: true
09-23 23:38:00.774 D/Zygote ( 674): Forked child process 3133
09-23 23:38:00.775 I/am_proc_start( 1487): [0,3133,10032,com.android.traceur,broadcast,{com.android.traceur/com.android.traceur.Receiver}]
09-23 23:38:00.775 I/ActivityManager( 1487): Start proc 3133:com.android.traceur/u0a32 for broadcast {com.android.traceur/com.android.traceur.Receiver}
09-23 23:38:00.777 I/CallLogProvider( 3104): Syncing call composer pics -- source user=0, isShadow=true, forAllUser=false
09-23 23:38:00.777 I/CallLogProvider( 3104): Fetching list of Uris to sync
09-23 23:38:00.785 E/android.traceu( 3133): Not starting debugger since process cannot load the jdwp agent.
09-23 23:38:00.791 D/ProcessState( 3133): Binder ioctl to enable oneway spam detection failed: Invalid argument
09-23 23:38:00.793 I/ContactLocale( 3104): AddressBook Labels [[zh_CN]]: […, A, B, C, D, E, F, G, H, I, J, K, L, M, N, O, P, Q, R, S, T, U, V, W, X, Y, Z, Α, Î’, Γ, Δ, Ε, Ζ, Η, Θ, Ι, Κ, Λ, Μ, Î, Ξ, Ο, Π, Ρ, Σ, Τ, Î¥, Φ, Χ, Ψ, Ω, …, Ð, Б, Ð’, Г, Д, Ђ, Е, Є, Ж, З, И, І, Й, Ј, К, Л, Љ, М, Ð, Њ, О, П, Р, С, Т, Ћ, У, Ф, Ð¥, Ц, Ч, Ð, Ш, Щ, Ю, Я, …, ×, ב, ×’, ד, ×”, ו, ×–, ×—, ט, ×™, ×›, ל, מ, × , ס, ×¢, פ, צ, ×§, ר, ש, ת, …, ا, ب, ت, Ø«, ج, Ø­, Ø®, د, ذ, ر, ز, س, Ø´, ص, ض, Ø·, ظ, ع, غ, Ù, Ù‚, Ùƒ, Ù„, Ù…, Ù†, Ù‡, Ùˆ, ÙŠ, …, à¸, ข, ฃ, ค, ฅ, ฆ, ง, จ, ฉ, ช, ซ, ฌ, à¸, ฎ, à¸, à¸, ฑ, ฒ, ณ, ด, ต, ถ, ท, ธ, น, บ, ป, ผ, à¸, พ, ฟ, ภ, ม, ย, ร, ฤ, ล, ฦ, ว, ศ, ษ, ส, ห, ฬ, อ, ฮ, …, ㄱ, ã„´, ã„·, ㄹ, ã…, ã…‚, ã……, ã…‡, ã…ˆ, ã…Š, ã…‹, ã…Œ, ã…, ã…Ž, …, ã‚, ã‹, ã•, ãŸ, ãª, ã¯, ã¾, ã‚„, ら, ã‚, #, …]
09-23 23:38:00.793 I/am_proc_bound( 1487): [0,3133,com.android.traceur]
09-23 23:38:00.794 D/CompatibilityChangeReporter( 1487): Compat change id reported: 168419799; UID 10032; state: DISABLED
09-23 23:38:00.795 D/CompatibilityInfo( 1487): mCompatibilityFlags - 4
09-23 23:38:00.795 D/CompatibilityInfo( 1487): applicationDensity - 240
09-23 23:38:00.795 D/CompatibilityInfo( 1487): applicationScale - 1.0
09-23 23:38:00.795 I/CallLogProvider( 3104): Will sync following Uris:[]
09-23 23:38:00.795 I/CallLogProvider( 3104): Syncing call composer pics -- got []
09-23 23:38:00.795 I/am_uid_active( 1487): 10032
09-23 23:38:00.796 D/CompatibilityInfo( 1487): mCompatibilityFlags - 4
09-23 23:38:00.796 D/CompatibilityInfo( 1487): applicationDensity - 240
09-23 23:38:00.796 D/CompatibilityInfo( 1487): applicationScale - 1.0
09-23 23:38:00.797 D/CompatibilityChangeReporter( 3133): Compat change id reported: 171979766; UID 10032; state: ENABLED
09-23 23:38:00.798 D/LOWI-9.0.0.87.a( 1344): [LOWINetlinkSocketReceiver] unpackRTMLinkMessage: RTM_NEWLINK - ifname vlan8, flags 0x1003 ([UP])
09-23 23:38:00.799 I/EthernetTracker( 1487): interfaceLinkStateChanged, iface: vlan8, up: false
09-23 23:38:00.801 D/ContactsDatabaseHelper( 3104): WAL enabled for profile.db: false
09-23 23:38:00.809 D/LOWI-9.0.0.87.a( 1344): [LOWINetlinkSocketReceiver] unpackRTMLinkMessage: RTM_NEWLINK - ifname vlan8, flags 0x1003 ([UP])
09-23 23:38:00.810 I/EthernetTracker( 1487): interfaceLinkStateChanged, iface: vlan8, up: false
09-23 23:38:00.818 D/CompatibilityChangeReporter( 3104): Compat change id reported: 150939131; UID 10018; state: ENABLED
09-23 23:38:00.822 D/LOWI-9.0.0.87.a( 1344): [LOWINetlinkSocketReceiver] unpackRTMLinkMessage: RTM_NEWLINK - ifname vlan8, flags 0x1003 ([UP])
09-23 23:38:00.822 I/EthernetTracker( 1487): interfaceLinkStateChanged, iface: vlan8, up: false
09-23 23:38:00.830 D/LOWI-9.0.0.87.a( 1344): [LOWINetlinkSocketReceiver] unpackRTMLinkMessage: RTM_NEWLINK - ifname vlan8, flags 0x1003 ([UP])
09-23 23:38:00.830 I/EthernetTracker( 1487): interfaceLinkStateChanged, iface: vlan8, up: false
09-23 23:38:00.836 I/Perf ( 3133): Connecting to perf service.
09-23 23:38:00.842 I/wm_destroy_activity( 1487): [0,115791799,2,com.android.settings/.FallbackHome,finish-imm:idle]
09-23 23:38:00.843 V/GraphicsEnvironment( 3133): ANGLE Developer option for 'com.android.traceur' set to: 'default'
09-23 23:38:00.844 V/GraphicsEnvironment( 3133): ANGLE GameManagerService for com.android.traceur: false
09-23 23:38:00.844 D/LOWI-9.0.0.87.a( 1344): [LOWINetlinkSocketReceiver] unpackRTMLinkMessage: RTM_NEWLINK - ifname vlan8, flags 0x1003 ([UP])
09-23 23:38:00.845 I/EthernetTracker( 1487): interfaceLinkStateChanged, iface: vlan8, up: false
09-23 23:38:00.846 D/NetworkSecurityConfig( 3133): No Network Security Config specified, using platform default
09-23 23:38:00.846 D/LoaderTask( 2348): loadWorkspace
09-23 23:38:00.846 D/NetworkSecurityConfig( 3133): No Network Security Config specified, using platform default
09-23 23:38:00.848 D/LoaderTask( 2348): sanitizeData
09-23 23:38:00.848 D/LoaderTask( 2348): bindWorkspace
09-23 23:38:00.848 D/LoaderTask( 2348): sendFirstScreenActiveInstallsBroadcast
09-23 23:38:00.857 I/Traceur ( 3133): Received BOOT_COMPLETE
09-23 23:38:00.859 D/LOWI-9.0.0.87.a( 1344): [LOWINetlinkSocketReceiver] unpackRTMLinkMessage: RTM_NEWLINK - ifname vlan8, flags 0x1003 ([UP])
09-23 23:38:00.859 I/EthernetTracker( 1487): interfaceLinkStateChanged, iface: vlan8, up: false
09-23 23:38:00.867 I/wm_on_stop_called( 2219): [115791799,com.android.settings.FallbackHome,LIFECYCLER_STOP_ACTIVITY]
09-23 23:38:00.868 D/LOWI-9.0.0.87.a( 1344): [LOWINetlinkSocketReceiver] unpackRTMLinkMessage: RTM_NEWLINK - ifname vlan8, flags 0x1003 ([UP])
09-23 23:38:00.868 I/EthernetTracker( 1487): interfaceLinkStateChanged, iface: vlan8, up: false
09-23 23:38:00.873 D/LoaderTask( 2348): step 1 complete
09-23 23:38:00.874 I/am_meminfo( 1487): [1076461568,4892499968,12288,293728256,576445440]
09-23 23:38:00.877 D/CompatibilityChangeReporter( 1487): Compat change id reported: 168419799; UID 10063; state: DISABLED
09-23 23:38:00.877 D/CompatibilityInfo( 1487): mCompatibilityFlags - 4
09-23 23:38:00.877 D/CompatibilityInfo( 1487): applicationDensity - 240
09-23 23:38:00.877 D/CompatibilityInfo( 1487): applicationScale - 1.0
09-23 23:38:00.878 I/wm_on_destroy_called( 2219): [115791799,com.android.settings.FallbackHome,performDestroy]
09-23 23:38:00.878 D/DeviceStatisticsBootReceiver( 2181): Boot complete received. Start DeviceStatisticsService
09-23 23:38:00.879 W/InputManager-JNI( 1487): Input channel object '4bb5766 com.android.settings/com.android.settings.FallbackHome (client)' was disposed without first being removed with the input manager!
09-23 23:38:00.881 D/CompatibilityInfo( 1487): mCompatibilityFlags - 4
09-23 23:38:00.881 D/CompatibilityInfo( 1487): applicationDensity - 240
09-23 23:38:00.881 D/CompatibilityInfo( 1487): applicationScale - 1.0
09-23 23:38:00.881 D/LoaderTask( 2348): loadAllApps
09-23 23:38:00.882 I/am_pss ( 1487): [1836,1002,com.android.bluetooth,56394752,44617728,0,167297024,2,0,7]
09-23 23:38:00.882 D/LOWI-9.0.0.87.a( 1344): [LOWINetlinkSocketReceiver] unpackRTMLinkMessage: RTM_NEWLINK - ifname vlan8, flags 0x1003 ([UP])
09-23 23:38:00.882 I/wm_task_removed( 1487): [2,cleanUpResourcesForDestroy]
09-23 23:38:00.883 D/DeviceStatisticsService( 2181): Service started
09-23 23:38:00.883 D/AndroidRuntime( 2181): Shutting down VM
09-23 23:38:00.883 I/wm_task_removed( 1487): [2,removeChild:removeChild last r=ActivityRecord{6e6d7b7 u0 com.android.settings/.FallbackHome t-1 f}} in t=Task{d8e0af #2 type=home A=1000:com.android.settings.FallbackHome U=0 visible=false mode=fullscreen translucent=true sz=0}]
09-23 23:38:00.883 I/wm_task_removed( 1487): [2,removeChild]
09-23 23:38:00.883 E/AndroidRuntime( 2181): FATAL EXCEPTION: main
09-23 23:38:00.883 E/AndroidRuntime( 2181): Process: com.qualcomm.qti.devicestatisticsservice, PID: 2181
09-23 23:38:00.883 E/AndroidRuntime( 2181): java.lang.NoClassDefFoundError: Failed resolution of: Landroid/hidl/manager/V1_0/IServiceNotification$Stub;
09-23 23:38:00.883 E/AndroidRuntime( 2181): at com.qualcomm.qti.devicestatisticsservice.DeviceStatisticsService.onStartCommand(DeviceStatisticsService.java:83)
09-23 23:38:00.883 E/AndroidRuntime( 2181): at android.app.ActivityThread.handleServiceArgs(ActivityThread.java:4640)
09-23 23:38:00.883 E/AndroidRuntime( 2181): at android.app.ActivityThread.access$2000(ActivityThread.java:248)
09-23 23:38:00.883 E/AndroidRuntime( 2181): at android.app.ActivityThread$H.handleMessage(ActivityThread.java:2092)
