09-23 23:41:10.549 W/System.err( 3476): at android.os.Handler.handleCallback(Handler.java:938)
09-23 23:41:10.549 W/System.err( 3476): at android.os.Handler.dispatchMessage(Handler.java:99)
09-23 23:41:10.549 W/System.err( 3476): at android.os.Looper.loopOnce(Looper.java:201)
09-23 23:41:10.549 W/System.err( 3476): at android.os.Looper.loop(Looper.java:288)
09-23 23:41:10.550 W/System.err( 3476): at fl5.e.e(kSourceFile:65536)
09-23 23:41:10.550 W/System.err( 3476): at fl5.e.a(Unknown Source:0)
09-23 23:41:10.550 W/System.err( 3476): at fl5.d.run(Unknown Source:2)
09-23 23:41:10.550 W/System.err( 3476): at android.os.Handler.handleCallback(Handler.java:938)
09-23 23:41:10.550 W/System.err( 3476): at android.os.Handler.dispatchMessage(Handler.java:99)
09-23 23:41:10.550 W/System.err( 3476): at android.os.Looper.loopOnce(Looper.java:201)
09-23 23:41:10.550 W/System.err( 3476): at android.os.Looper.loop(Looper.java:288)
09-23 23:41:10.550 W/System.err( 3476): at android.app.ActivityThread.main(ActivityThread.java:7880)
09-23 23:41:10.550 W/System.err( 3476): at java.lang.reflect.Method.invoke(Native Method)
09-23 23:41:10.550 W/System.err( 3476): at com.android.internal.os.RuntimeInit$MethodAndArgsCaller.run(RuntimeInit.java:548)
09-23 23:41:10.550 W/System.err( 3476): at com.android.internal.os.ZygoteInit.main(ZygoteInit.java:1009)
09-23 23:41:10.551 I/unknown ( 3476): khook pthread_attr_init_callback set thread stack from 1008 to 256 KB
09-23 23:41:10.551 I/unknown ( 3476): khook setstacksize __addr 0xb2741bc8, from 1040 KB to 256 KB
09-23 23:41:10.551 D/ConnectivityService( 1487): [100 WIFI] validation passed
09-23 23:41:10.728 F/linker ( 5005): CANNOT LINK EXECUTABLE "/vendor/bin/hw/qvrservice": library "vendor.qti.hardware.qxr-V1-ndk_platform.so" not found: needed by /vendor/lib64/libqvrservice.so in namespace (default)
09-23 23:41:10.728 F/linker ( 5006): CANNOT LINK EXECUTABLE "/vendor/bin/hw/sxrservice": library "vendor.qti.hardware.qxr-V1-ndk_platform.so" not found: needed by main executable
09-23 23:41:10.968 I/mpu_uart( 654): [MSG-P:RECV]:No message received in 1000 ms
09-23 23:41:11.968 I/mpu_uart( 654): [MSG-P:RECV]:No message received in 1000 ms
09-23 23:41:12.094 I/mpu_uart( 654): [MSG-P:R]:recv sync frame timeout
09-23 23:41:12.968 I/mpu_uart( 654): [MSG-P:RECV]:No message received in 1000 ms
09-23 23:41:13.969 I/mpu_uart( 654): [MSG-P:RECV]:No message received in 1000 ms
09-23 23:41:14.739 I/hwservicemanager( 514): getTransport: Cannot find entry android.hardware.light@2.0::ILight/default in either framework or device VINTF manifest.
09-23 23:41:14.742 E/light ( 5009): light_open lights keyboard failed: -22
09-23 23:41:14.742 E/light ( 5009): Light passthrough failed to load legacy HAL.
09-23 23:41:14.742 E/light ( 5009): light_open lights buttons failed: -22
09-23 23:41:14.742 E/light ( 5009): Light passthrough failed to load legacy HAL.
09-23 23:41:14.743 E/light ( 5009): light_open lights bluetooth failed: -22
09-23 23:41:14.743 E/light ( 5009): Light passthrough failed to load legacy HAL.
09-23 23:41:14.744 E/light ( 5009): light_open lights wifi failed: -22
09-23 23:41:14.744 E/light ( 5009): Light passthrough failed to load legacy HAL.
09-23 23:41:14.744 I/hwservicemanager( 514): getTransport: Cannot find entry android.hardware.light@2.0::ILight/default in either framework or device VINTF manifest.
09-23 23:41:14.744 E/HidlServiceManagement( 5009): Service android.hardware.light@2.0::ILight/default must be in VINTF manifest in order to register/get.
09-23 23:41:14.744 E/LegacySupport( 5009): Could not register service android.hardware.light@2.0::ILight/default (-2147483648).
09-23 23:41:14.969 I/mpu_uart( 654): [MSG-P:RECV]:No message received in 1000 ms
09-23 23:41:15.098 I/mpu_uart( 654): [MSG-P:R]:recv sync frame timeout
09-23 23:41:15.735 F/linker ( 5011): CANNOT LINK EXECUTABLE "/vendor/bin/hw/sxrservice": library "vendor.qti.hardware.qxr-V1-ndk_platform.so" not found: needed by main executable
09-23 23:41:15.736 F/linker ( 5010): CANNOT LINK EXECUTABLE "/vendor/bin/hw/qvrservice": library "vendor.qti.hardware.qxr-V1-ndk_platform.so" not found: needed by /vendor/lib64/libqvrservice.so in namespace (default)
09-23 23:41:15.969 I/mpu_uart( 654): [MSG-P:RECV]:No message received in 1000 ms
09-23 23:41:16.553 D/NetworkMonitor/100( 1956): isDataStall: result=1, tcp packets received=0, latest tcp fail rate=0, consecutive dns timeout count=183
09-23 23:41:16.553 D/NetworkMonitor/100( 1956): Suspecting data stall, reevaluate
09-23 23:41:16.555 D/NetworkMonitor/100( 1956): Validation disabled.
09-23 23:41:16.556 D/ConnectivityService( 1487): Data stall detected with methods: 1
09-23 23:41:16.562 D/ConnectivityService( 1487): [100 WIFI] validation passed
09-23 23:41:16.969 I/mpu_uart( 654): [MSG-P:RECV]:No message received in 1000 ms
09-23 23:41:17.970 I/mpu_uart( 654): [MSG-P:RECV]:No message received in 1000 ms
09-23 23:41:18.101 I/mpu_uart( 654): [MSG-P:R]:recv sync frame timeout
09-23 23:41:18.438 I/unknown ( 3476): khook pthread_attr_init_callback set thread stack from 1008 to 256 KB
09-23 23:41:18.439 I/unknown ( 3476): khook setstacksize __addr 0xabd51ba8, from 1040 KB to 256 KB
09-23 23:41:18.621 D/NetworkMonitor/100( 1956): isDataStall: result=1, tcp packets received=0, latest tcp fail rate=0, consecutive dns timeout count=184
09-23 23:41:18.621 D/NetworkMonitor/100( 1956): Suspecting data stall, reevaluate
09-23 23:41:18.623 D/NetworkMonitor/100( 1956): Validation disabled.
09-23 23:41:18.624 D/ConnectivityService( 1487): Data stall detected with methods: 1
09-23 23:41:18.632 D/ConnectivityService( 1487): [100 WIFI] validation passed
09-23 23:41:18.970 I/mpu_uart( 654): [MSG-P:RECV]:No message received in 1000 ms
09-23 23:41:19.622 I/service_manager_stats( 3476): [200,87,35342]
09-23 23:41:19.744 I/hwservicemanager( 514): getTransport: Cannot find entry android.hardware.light@2.0::ILight/default in either framework or device VINTF manifest.
09-23 23:41:19.746 E/light ( 5021): light_open lights keyboard failed: -22
09-23 23:41:19.746 E/light ( 5021): Light passthrough failed to load legacy HAL.
09-23 23:41:19.746 E/light ( 5021): light_open lights buttons failed: -22
09-23 23:41:19.746 E/light ( 5021): Light passthrough failed to load legacy HAL.
09-23 23:41:19.748 E/light ( 5021): light_open lights bluetooth failed: -22
09-23 23:41:19.748 E/light ( 5021): Light passthrough failed to load legacy HAL.
09-23 23:41:19.748 E/light ( 5021): light_open lights wifi failed: -22
09-23 23:41:19.748 E/light ( 5021): Light passthrough failed to load legacy HAL.
09-23 23:41:19.748 I/hwservicemanager( 514): getTransport: Cannot find entry android.hardware.light@2.0::ILight/default in either framework or device VINTF manifest.
09-23 23:41:19.749 E/HidlServiceManagement( 5021): Service android.hardware.light@2.0::ILight/default must be in VINTF manifest in order to register/get.
09-23 23:41:19.749 E/LegacySupport( 5021): Could not register service android.hardware.light@2.0::ILight/default (-2147483648).
09-23 23:41:19.970 I/mpu_uart( 654): [MSG-P:RECV]:No message received in 1000 ms
09-23 23:41:20.744 F/linker ( 5023): CANNOT LINK EXECUTABLE "/vendor/bin/hw/sxrservice": library "vendor.qti.hardware.qxr-V1-ndk_platform.so" not found: needed by main executable
09-23 23:41:20.745 F/linker ( 5022): CANNOT LINK EXECUTABLE "/vendor/bin/hw/qvrservice": library "vendor.qti.hardware.qxr-V1-ndk_platform.so" not found: needed by /vendor/lib64/libqvrservice.so in namespace (default)
09-23 23:41:20.971 I/mpu_uart( 654): [MSG-P:RECV]:No message received in 1000 ms
09-23 23:41:21.104 I/mpu_uart( 654): [MSG-P:R]:recv sync frame timeout
09-23 23:41:21.971 I/mpu_uart( 654): [MSG-P:RECV]:No message received in 1000 ms
09-23 23:41:22.655 W/System.err( 3476): java.lang.Throwable: -4118
09-23 23:41:22.656 W/System.err( 3476): at com.yxcorp.download.DownloadTask$a.s(kSourceFile:16908292)
09-23 23:41:22.656 W/System.err( 3476): at com.yxcorp.download.DownloadTask$a.g(Unknown Source:0)
09-23 23:41:22.656 W/System.err( 3476): at f38.j.run(Unknown Source:4)
09-23 23:41:22.656 W/System.err( 3476): at android.os.Handler.handleCallback(Handler.java:938)
09-23 23:41:22.656 W/System.err( 3476): at android.os.Handler.dispatchMessage(Handler.java:99)
09-23 23:41:22.656 W/System.err( 3476): at android.os.Looper.loopOnce(Looper.java:201)
09-23 23:41:22.656 W/System.err( 3476): at android.os.Looper.loop(Looper.java:288)
09-23 23:41:22.656 W/System.err( 3476): at fl5.e.e(kSourceFile:65536)
09-23 23:41:22.656 W/System.err( 3476): at fl5.e.a(Unknown Source:0)
09-23 23:41:22.656 W/System.err( 3476): at fl5.d.run(Unknown Source:2)
09-23 23:41:22.656 W/System.err( 3476): at android.os.Handler.handleCallback(Handler.java:938)
09-23 23:41:22.656 W/System.err( 3476): at android.os.Handler.dispatchMessage(Handler.java:99)
09-23 23:41:22.656 W/System.err( 3476): at android.os.Looper.loopOnce(Looper.java:201)
09-23 23:41:22.656 W/System.err( 3476): at android.os.Looper.loop(Looper.java:288)
09-23 23:41:22.656 W/System.err( 3476): at android.app.ActivityThread.main(ActivityThread.java:7880)
09-23 23:41:22.656 W/System.err( 3476): at java.lang.reflect.Method.invoke(Native Method)
09-23 23:41:22.656 W/System.err( 3476): at com.android.internal.os.RuntimeInit$MethodAndArgsCaller.run(RuntimeInit.java:548)
09-23 23:41:22.656 W/System.err( 3476): at com.android.internal.os.ZygoteInit.main(ZygoteInit.java:1009)
09-23 23:41:22.658 I/unknown ( 3476): khook pthread_attr_init_callback set thread stack from 1008 to 256 KB
09-23 23:41:22.658 I/unknown ( 3476): khook setstacksize __addr 0xb2741bc8, from 1040 KB to 256 KB
09-23 23:41:22.658 I/unknown ( 3476): khook pthread_attr_init_callback set thread stack from 1008 to 256 KB
09-23 23:41:22.658 I/unknown ( 3476): khook setstacksize __addr 0xb2741bc8, from 1040 KB to 256 KB
09-23 23:41:22.660 I/unknown ( 3476): khook pthread_attr_init_callback set thread stack from 1008 to 256 KB
09-23 23:41:22.660 I/unknown ( 3476): khook setstacksize __addr 0xb2741bc8, from 1040 KB to 256 KB
09-23 23:41:22.971 I/mpu_uart( 654): [MSG-P:RECV]:No message received in 1000 ms
09-23 23:41:23.621 D/NetworkMonitor/100( 1956): isDataStall: result=1, tcp packets received=0, latest tcp fail rate=0, consecutive dns timeout count=185
09-23 23:41:23.621 D/NetworkMonitor/100( 1956): Suspecting data stall, reevaluate
09-23 23:41:23.622 D/ConnectivityService( 1487): Data stall detected with methods: 1
09-23 23:41:23.624 W/System.err( 3476): java.lang.Throwable: -4105
09-23 23:41:23.625 W/System.err( 3476): at com.yxcorp.download.DownloadTask$a.s(kSourceFile:16908292)
09-23 23:41:23.625 W/System.err( 3476): at com.yxcorp.download.DownloadTask$a.g(Unknown Source:0)
09-23 23:41:23.625 W/System.err( 3476): at f38.j.run(Unknown Source:4)
09-23 23:41:23.625 W/System.err( 3476): at android.os.Handler.handleCallback(Handler.java:938)
09-23 23:41:23.625 W/System.err( 3476): at android.os.Handler.dispatchMessage(Handler.java:99)
09-23 23:41:23.625 W/System.err( 3476): at android.os.Looper.loopOnce(Looper.java:201)
09-23 23:41:23.625 W/System.err( 3476): at android.os.Looper.loop(Looper.java:288)
09-23 23:41:23.625 W/System.err( 3476): at fl5.e.e(kSourceFile:65536)
09-23 23:41:23.625 W/System.err( 3476): at fl5.e.a(Unknown Source:0)
09-23 23:41:23.625 W/System.err( 3476): at fl5.d.run(Unknown Source:2)
09-23 23:41:23.625 W/System.err( 3476): at android.os.Handler.handleCallback(Handler.java:938)
09-23 23:41:23.625 W/System.err( 3476): at android.os.Handler.dispatchMessage(Handler.java:99)
09-23 23:41:23.625 W/System.err( 3476): at android.os.Looper.loopOnce(Looper.java:201)
09-23 23:41:23.625 W/System.err( 3476): at android.os.Looper.loop(Looper.java:288)
09-23 23:41:23.625 W/System.err( 3476): at android.app.ActivityThread.main(ActivityThread.java:7880)
09-23 23:41:23.625 W/System.err( 3476): at java.lang.reflect.Method.invoke(Native Method)
09-23 23:41:23.625 W/System.err( 3476): at com.android.internal.os.RuntimeInit$MethodAndArgsCaller.run(RuntimeInit.java:548)
09-23 23:41:23.625 W/System.err( 3476): at com.android.internal.os.ZygoteInit.main(ZygoteInit.java:1009)
09-23 23:41:23.628 I/unknown ( 3476): khook pthread_attr_init_callback set thread stack from 1008 to 256 KB
09-23 23:41:23.628 I/unknown ( 3476): khook setstacksize __addr 0xb2741bc8, from 1040 KB to 256 KB
09-23 23:41:23.631 D/NetworkMonitor/100( 1956): Validation disabled.
09-23 23:41:23.638 D/ConnectivityService( 1487): [100 WIFI] validation passed
09-23 23:41:23.972 I/mpu_uart( 654): [MSG-P:RECV]:No message received in 1000 ms
09-23 23:41:24.108 I/mpu_uart( 654): [MSG-P:R]:recv sync frame timeout
09-23 23:41:24.758 I/hwservicemanager( 514): getTransport: Cannot find entry android.hardware.light@2.0::ILight/default in either framework or device VINTF manifest.
09-23 23:41:24.760 E/light ( 5029): light_open lights keyboard failed: -22
09-23 23:41:24.760 E/light ( 5029): Light passthrough failed to load legacy HAL.
09-23 23:41:24.760 E/light ( 5029): light_open lights buttons failed: -22
09-23 23:41:24.760 E/light ( 5029): Light passthrough failed to load legacy HAL.
09-23 23:41:24.762 E/light ( 5029): light_open lights bluetooth failed: -22
09-23 23:41:24.762 E/light ( 5029): Light passthrough failed to load legacy HAL.
09-23 23:41:24.762 E/light ( 5029): light_open lights wifi failed: -22
09-23 23:41:24.762 E/light ( 5029): Light passthrough failed to load legacy HAL.
09-23 23:41:24.762 I/hwservicemanager( 514): getTransport: Cannot find entry android.hardware.light@2.0::ILight/default in either framework or device VINTF manifest.
09-23 23:41:24.763 E/HidlServiceManagement( 5029): Service android.hardware.light@2.0::ILight/default must be in VINTF manifest in order to register/get.
09-23 23:41:24.763 E/LegacySupport( 5029): Could not register service android.hardware.light@2.0::ILight/default (-2147483648).
09-23 23:41:24.972 I/mpu_uart( 654): [MSG-P:RECV]:No message received in 1000 ms
09-23 23:41:25.751 F/linker ( 5031): CANNOT LINK EXECUTABLE "/vendor/bin/hw/sxrservice": library "vendor.qti.hardware.qxr-V1-ndk_platform.so" not found: needed by main executable
09-23 23:41:25.751 F/linker ( 5030): CANNOT LINK EXECUTABLE "/vendor/bin/hw/qvrservice": library "vendor.qti.hardware.qxr-V1-ndk_platform.so" not found: needed by /vendor/lib64/libqvrservice.so in namespace (default)
09-23 23:41:25.972 I/mpu_uart( 654): [MSG-P:RECV]:No message received in 1000 ms
09-23 23:41:26.777 D/NetworkMonitor/100( 1956): isDataStall: result=1, tcp packets received=0, latest tcp fail rate=0, consecutive dns timeout count=186
09-23 23:41:26.777 D/NetworkMonitor/100( 1956): Suspecting data stall, reevaluate
09-23 23:41:26.778 D/ConnectivityService( 1487): Data stall detected with methods: 1
09-23 23:41:26.779 D/NetworkMonitor/100( 1956): Validation disabled.
09-23 23:41:26.787 D/ConnectivityService( 1487): [100 WIFI] validation passed
09-23 23:41:26.973 I/mpu_uart( 654): [MSG-P:RECV]:No message received in 1000 ms
09-23 23:41:27.111 I/mpu_uart( 654): [MSG-P:R]:recv sync frame timeout
09-23 23:41:27.973 I/mpu_uart( 654): [MSG-P:RECV]:No message received in 1000 ms
09-23 23:41:28.485 I/unknown ( 3476): khook pthread_attr_init_callback set thread stack from 1008 to 256 KB
09-23 23:41:28.485 I/unknown ( 3476): khook setstacksize __addr 0xabc3dba8, from 1040 KB to 256 KB
09-23 23:41:28.661 D/NetworkMonitor/100( 1956): isDataStall: result=1, tcp packets received=0, latest tcp fail rate=0, consecutive dns timeout count=187
09-23 23:41:28.661 D/NetworkMonitor/100( 1956): Suspecting data stall, reevaluate
09-23 23:41:28.663 D/NetworkMonitor/100( 1956): Validation disabled.
09-23 23:41:28.664 D/ConnectivityService( 1487): Data stall detected with methods: 1
09-23 23:41:28.671 D/ConnectivityService( 1487): [100 WIFI] validation passed
09-23 23:41:28.826 D/AndroidRuntime( 5042): >>>>>> START com.android.internal.os.RuntimeInit uid 2000 <<<<<<
09-23 23:41:28.829 I/AndroidRuntime( 5042): Using default boot image
09-23 23:41:28.829 I/AndroidRuntime( 5042): Leaving lock profiling enabled
09-23 23:41:28.829 W/libc ( 5042): Access denied finding property "odsign.verification.success"
09-23 23:41:28.823 I/auditd ( 5042): type=1400 audit(0.0:322): avc: denied { read } for comm="app_process" name="u:object_r:odsign_prop:s0" dev="tmpfs" ino=2273 scontext=u:r:shell:s0 tcontext=u:object_r:odsign_prop:s0 tclass=file permissive=0
09-23 23:41:28.823 W/app_process( 5042): type=1400 audit(0.0:322): avc: denied { read } for name="u:object_r:odsign_prop:s0" dev="tmpfs" ino=2273 scontext=u:r:shell:s0 tcontext=u:object_r:odsign_prop:s0 tclass=file permissive=0
09-23 23:41:28.832 W/app_process( 5042): ART APEX data files are untrusted.
09-23 23:41:28.888 D/app_process( 5042): Time zone APEX ICU file found: /apex/com.android.tzdata/etc/icu/icu_tzdata.dat
09-23 23:41:28.888 D/app_process( 5042): I18n APEX ICU file found: /apex/com.android.i18n/etc/icu/icudt68l.dat
09-23 23:41:28.921 D/ProcessState( 5042): Binder ioctl to enable oneway spam detection failed: Invalid argument
09-23 23:41:28.921 D/AndroidRuntime( 5042): Calling main entry com.genymobile.scrcpy.Server
09-23 23:41:28.922 I/scrcpy ( 5042): Device: TC figure (Android 12)
09-23 23:41:28.944 D/MtpDeviceJNI( 5042): register_android_mtp_MtpDevice
09-23 23:41:28.947 D/MediaCodecList( 5042): codecHandlesFormat: no format, so no extra checks
09-23 23:41:28.947 D/MediaCodecList( 5042): codecHandlesFormat: no format, so no extra checks
09-23 23:41:28.947 D/MediaCodecList( 5042): codecHandlesFormat: no format, so no extra checks
09-23 23:41:28.947 D/MediaCodecList( 5042): codecHandlesFormat: no format, so no extra checks
09-23 23:41:28.949 D/hw-ProcessState( 5042): Binder ioctl to enable oneway spam detection failed: Invalid argument
09-23 23:41:28.952 I/OMXClient( 5042): IOmx service obtained
09-23 23:41:28.952 I/OMXMaster( 1222): makeComponentInstance(OMX.qcom.video.encoder.avc) in android.hardwar process
09-23 23:41:28.972 I/android.hardware.media.omx@1.0-service( 1222): vendor/qcom/proprietary/adsprpc/src/rpcmem_android.c:159: rpcmem_init_internal: opened ION device fd 7, configured heap IDs: system (0x2000000), contig (0x400000), secure (0x200), secure flags (0x80080000)
09-23 23:41:28.973 I/android.hardware.media.omx@1.0-service( 1222): vendor/qcom/proprietary/adsprpc/src/fastrpc_apps_user.c:3087: fastrpc_apps_user_init done with default domain:3 and &fastrpc_trace:0xf0dbbc1c
09-23 23:41:28.973 I/mpu_uart( 654): [MSG-P:RECV]:No message received in 1000 ms
09-23 23:41:28.975 D/PlatformConfig( 1222): getInstance: Enter
09-23 23:41:28.975 D/PlatformConfig( 1222): getInt32 Config name: vidc_perf_control_enable value: 0
09-23 23:41:28.975 D/PlatformConfig( 1222): getInstance: Enter
09-23 23:41:28.975 D/PlatformConfig( 1222): getInt32: Returning default
09-23 23:41:28.975 D/PlatformConfig( 1222): getInstance: Enter
09-23 23:41:28.975 D/PlatformConfig( 1222): getInt32 Config name: vidc_enc_log_in value: 0
09-23 23:41:28.975 D/PlatformConfig( 1222): getInstance: Enter
09-23 23:41:28.975 D/PlatformConfig( 1222): getInt32 Config name: vidc_enc_log_out value: 0
09-23 23:41:28.975 D/PlatformConfig( 1222): getInstance: Enter
09-23 23:41:28.975 D/PlatformConfig( 1222): getInt32 Config name: vidc_enc_csc_custom_matrix value: 0
09-23 23:41:28.975 D/PlatformConfig( 1222): getInstance: Enter
09-23 23:41:28.975 D/PlatformConfig( 1222): getInt32 Config name: vidc_enc_auto_blur_disable value: 0
09-23 23:41:28.975 D/PlatformConfig( 1222): getInstance: Enter
09-23 23:41:28.975 D/PlatformConfig( 1222): getInt32: Returning default
09-23 23:41:28.975 D/PlatformConfig( 1222): getInstance: Enter
09-23 23:41:28.975 D/PlatformConfig( 1222): getInt32 Config name: vidc_enc_linear_color_format value: 0
09-23 23:41:28.975 D/PlatformConfig( 1222): getInstance: Enter
09-23 23:41:28.975 D/PlatformConfig( 1222): getInt32 Config name: vidc_enc_bitrate_savings_enable value: 3
09-23 23:41:28.975 D/PlatformConfig( 1222): getInstance: Enter
09-23 23:41:28.976 D/PlatformConfig( 1222): getInt32 Config name: vidc_enc_quality_boost_enable value: 1
09-23 23:41:28.979 I/OMX-VENC( 1222): Component_init : OMX.qcom.video.encoder.avc : return = 0x0
09-23 23:41:28.988 D/PermissionCache( 996): checking android.permission.ACCESS_SURFACE_FLINGER for uid=2000 => granted (473 us)
09-23 23:41:28.994 D/CodecSeeding( 5042): Seed: codec OMX.qcom.video.encoder.avc, mediatype video/avc, overrideable 1
09-23 23:41:28.994 D/CodecProperties( 5042): setTuningValue(vq-target-bpp,0)
09-23 23:41:28.994 D/CodecProperties( 5042): setTuningValue(vq-target-bpp-1080p,1.90)
09-23 23:41:28.994 D/CodecProperties( 5042): setTuningValue(vq-target-bpp-720p,2.25)
09-23 23:41:28.994 D/CodecProperties( 5042): setTuningValue(vq-target-bpp-540p,2.65)
09-23 23:41:28.994 D/CodecProperties( 5042): setTuningValue(vq-target-bpp-480p,3.00)
09-23 23:41:28.994 D/CodecProperties( 5042): setTuningValue(vq-target-bpp-320x240,0)
09-23 23:41:28.994 D/CodecProperties( 5042): setTuningValue(vq-target-qpmax,-1)
09-23 23:41:28.994 D/CodecProperties( 5042): setTuningValue(vq-target-qpmax-1080p,45)
09-23 23:41:28.994 D/CodecProperties( 5042): setTuningValue(vq-target-qpmax-720p,43)
09-23 23:41:28.994 D/CodecProperties( 5042): setTuningValue(vq-target-qpmax-540p,42)
09-23 23:41:28.995 D/CodecProperties( 5042): setTuningValue(vq-target-qpmax-480p,38)
09-23 23:41:28.995 D/CodecProperties( 5042): setTuningValue(vq-bitrate-phaseout,1.75)
09-23 23:41:28.995 D/CodecProperties( 5042): setTuningValue(vq-boost-missing-qp,0.20)
09-23 23:41:28.995 D/CodecProperties( 5042): setFeatureValue(_vq_eligible.device,1)
09-23 23:41:28.995 D/CodecProperties( 5042): setFeatureValue(_quality.target,1)
09-23 23:41:28.995 D/CodecSeeding( 5042): Seed: codec OMX.qcom.video.encoder.avc, mediatype video/avc, overrideable 0
09-23 23:41:28.995 D/VQApply ( 5042): minquality: requested QP unsupported, boost bitrate 2000000 by 400000
09-23 23:41:28.995 D/VQApply ( 5042): minquality: bitrate increase clamped at ceiling 2323944
09-23 23:41:28.995 D/VQApply ( 5042): minquality/target bitrate raised from 2000000 to 2323944 bps
09-23 23:41:28.995 D/MediaCodec( 5042): shapeMediaFormat: deltas(2): AMessage(what = 0x00000000) = {
09-23 23:41:28.995 D/MediaCodec( 5042): int32_t bitrate = 2323944
09-23 23:41:28.995 D/MediaCodec( 5042): int32_t android._encoding-quality-level = 0
09-23 23:41:28.995 D/MediaCodec( 5042): }
09-23 23:41:28.995 I/OMX-VENC( 1222): WARN: Enable/Disable allocate-native-handle allowed only in secure session
09-23 23:41:28.995 E/OMXNodeInstance( 1222): setParameter(0xf0e840a4:qcom.encoder.avc, OMX.google.android.index.allocateNativeHandle(0x7f00005d): Input:0 en=0) ERROR: UnsupportedSetting(0x80001019)
09-23 23:41:28.995 I/OMX-VENC( 1222): WARN: Enable/Disable allocate-native-handle allowed only in secure session
09-23 23:41:28.995 E/OMXNodeInstance( 1222): setParameter(0xf0e840a4:qcom.encoder.avc, OMX.google.android.index.allocateNativeHandle(0x7f00005d): Output:1 en=0) ERROR: UnsupportedSetting(0x80001019)
09-23 23:41:28.995 I/OMX-VENC( 1222): WARN: set_parameter: metamode is valid for input port only
09-23 23:41:28.995 W/OMXNodeInstance( 1222): [0xf0e840a4:qcom.encoder.avc] component does not support metadata mode; using fallback
09-23 23:41:28.995 I/ExtendedACodec( 5042): setupVideoEncoder()
09-23 23:41:28.996 W/OMXUtils( 5042): do not know color format 0x7fa30c06 = 2141391878
09-23 23:41:28.996 W/OMXUtils( 5042): do not know color format 0x7fa30c04 = 2141391876
09-23 23:41:28.996 W/OMXUtils( 5042): do not know color format 0x7fa30c00 = 2141391872
09-23 23:41:28.996 W/OMXUtils( 5042): do not know color format 0x7fa30c09 = 2141391881
09-23 23:41:28.996 W/OMXUtils( 5042): do not know color format 0x7fa30c0a = 2141391882
09-23 23:41:28.996 W/OMXUtils( 5042): do not know color format 0x7fa30c08 = 2141391880
09-23 23:41:28.996 W/OMXUtils( 5042): do not know color format 0x7fa30c07 = 2141391879
09-23 23:41:28.996 W/OMXUtils( 5042): do not know color format 0x7f000789 = 2130708361
09-23 23:41:28.997 I/OMX-VENC: venc_dev( 1222): WARN: Unsupported eColorFormat 0x7f000789
09-23 23:41:28.997 I/OMX-VENC: venc_dev( 1222): v4l2 profile : 1 flags : 131095
09-23 23:41:28.997 I/OMX-VENC: venc_dev( 1222): v4l2 profile : 0 flags : 131095
09-23 23:41:28.997 I/OMX-VENC: venc_dev( 1222): v4l2 profile : 2 flags : 131095
09-23 23:41:28.997 I/OMX-VENC: venc_dev( 1222): v4l2 profile : 17 flags : 131095
09-23 23:41:28.997 I/OMX-VENC: venc_dev( 1222): v4l2 profile : 4 flags : 131095
09-23 23:41:28.997 I/ACodec ( 5042): setupAVCEncoderParameters with [profile: High] [level: Level1]
09-23 23:41:28.998 I/ACodec ( 5042): [OMX.qcom.video.encoder.avc] cannot encode HDR static metadata. Ignoring.
09-23 23:41:28.998 I/ACodec ( 5042): setupVideoEncoder succeeded
09-23 23:41:28.998 I/ExtendedACodec( 5042): [OMX.qcom.video.encoder.avc] configure, AMessage : AMessage(what = 'conf', target = 1) = {
09-23 23:41:28.998 I/ExtendedACodec( 5042): float max-fps-to-encoder = 60.000000
09-23 23:41:28.998 I/ExtendedACodec( 5042): int32_t color-format = 2130708361
09-23 23:41:28.998 I/ExtendedACodec( 5042): int32_t i-frame-interval = 10
09-23 23:41:28.998 I/ExtendedACodec( 5042): string mime = "video/avc"
09-23 23:41:28.998 I/ExtendedACodec( 5042): int32_t width = 1080
09-23 23:41:28.998 I/ExtendedACodec( 5042): int32_t bitrate = 2323944
09-23 23:41:28.998 I/ExtendedACodec( 5042): int32_t frame-rate = 60
09-23 23:41:28.998 I/ExtendedACodec( 5042): int64_t repeat-previous-frame-after = 100000
09-23 23:41:28.998 I/ExtendedACodec( 5042): int32_t height = 464
09-23 23:41:28.998 I/ExtendedACodec( 5042): int32_t android._encoding-quality-level = 0
09-23 23:41:28.998 I/ExtendedACodec( 5042): int32_t flags = 1
09-23 23:41:28.998 I/ExtendedACodec( 5042): int32_t encoder = 1
09-23 23:41:28.998 I/ExtendedACodec( 5042): }
09-23 23:41:28.998 W/OMXUtils( 5042): do not know color format 0x7f000789 = 2130708361
09-23 23:41:28.998 E/OMX-VENC( 1222): ERROR: unsupported index 1870659589
09-23 23:41:28.998 E/OMXNodeInstance( 1222): getConfig(0xf0e840a4:qcom.encoder.avc, ConfigLatency(0x6f800005)) ERROR: UnsupportedIndex(0x8000101a)
09-23 23:41:29.003 E/OMXNodeInstance( 1222): getConfig(0xf0e840a4:qcom.encoder.avc, ??(0x7f000062)) ERROR: UnsupportedSetting(0x80001019)
09-23 23:41:29.004 I/OMX-VENC: venc_dev( 1222): venc_get_consumer_usage 0x10000000
09-23 23:41:29.004 D/GraphicBufferSource( 1222): setting dataspace: 0x104, acquired=0
09-23 23:41:29.004 I/OMX-VENC: venc_dev( 1222): venc_get_consumer_usage 0x10000000
09-23 23:41:29.004 D/GraphicBufferSource( 1222): requesting color aspects (R:2(Limited), P:1(BT709_5), M:1(BT709_5), T:3(SMPTE170M))
09-23 23:41:29.024 W/H2BGraphicBufferProducer( 996): getConsumerUsage is not fully supported
09-23 23:41:29.026 I/libdisplayconfigqti( 865): Register client name: scrcpy996 device client: 0xb40000703a3280a0
09-23 23:41:29.027 I/CompositionEngine( 996): Display::setConfiguration: mDisplayExtnIntf: 0xb4000070cb6216d0
09-23 23:41:29.027 D/AndroidRuntime( 5058): >>>>>> START com.android.internal.os.RuntimeInit uid 2000 <<<<<<
09-23 23:41:29.027 I/auditd ( 5058): type=1400 audit(0.0:323): avc: denied { read } for comm="app_process" name="u:object_r:odsign_prop:s0" dev="tmpfs" ino=2273 scontext=u:r:shell:s0 tcontext=u:object_r:odsign_prop:s0 tclass=file permissive=0
09-23 23:41:29.027 W/app_process( 5058): type=1400 audit(0.0:323): avc: denied { read } for name="u:object_r:odsign_prop:s0" dev="tmpfs" ino=2273 scontext=u:r:shell:s0 tcontext=u:object_r:odsign_prop:s0 tclass=file permissive=0
09-23 23:41:29.030 I/AndroidRuntime( 5058): Using default boot image
09-23 23:41:29.030 I/AndroidRuntime( 5058): Leaving lock profiling enabled
09-23 23:41:29.030 W/libc ( 5058): Access denied finding property "odsign.verification.success"
09-23 23:41:29.031 W/app_process( 5058): ART APEX data files are untrusted.
09-23 23:41:29.042 I/hwservicemanager( 514): getTransport: Cannot find entry android.hardware.graphics.mapper@4.0::IMapper/default in either framework or device VINTF manifest.
09-23 23:41:29.042 I/Gralloc4( 1222): mapper 4.x is not supported
09-23 23:41:29.045 E/ion ( 1222): ioctl c0044901 failed with code -1: Inappropriate ioctl for device
09-23 23:41:29.048 I/hwservicemanager( 514): getTransport: Cannot find entry android.hardware.graphics.allocator@4.0::IAllocator/default in either framework or device VINTF manifest.
09-23 23:41:29.048 W/Gralloc4( 1222): allocator 3.x is not supported
09-23 23:41:29.055 W/ResourceManagerService( 1208): Ignoring request to add new resource entry with value <= 0
09-23 23:41:29.056 D/GraphicBufferSource( 1222): got buffer with new dataSpace #104
09-23 23:41:29.056 I/OMX-VENC( 1222): get_config (dataspace changed): ColorSpace: Recommend 601 for RGBA8888
09-23 23:41:29.056 D/OMXNodeInstance( 1222): Codec resolved it to (R:2(??), P:3(??), M:3(??), T:3(??)) err=0(NO_ERROR)
09-23 23:41:29.056 E/OMXNodeInstance( 1222): setConfig(0xf0e840a4:qcom.encoder.avc, ??(0x7f000062)) ERROR: UnsupportedSetting(0x80001019)
09-23 23:41:29.056 D/ACodec ( 5042): dataspace changed to 0x10c10000 (R:2(Limited), P:3(BT601_6_625), M:3(BT601_6), T:3(SMPTE170M)) (R:2(Limited), S:2(BT601_625), T:3(SMPTE_170M))
09-23 23:41:29.060 W/C2DColorConvert( 1222): calcYSize: Format not supported , 6
09-23 23:41:29.086 D/app_process( 5058): Time zone APEX ICU file found: /apex/com.android.tzdata/etc/icu/icu_tzdata.dat
09-23 23:41:29.086 D/app_process( 5058): I18n APEX ICU file found: /apex/com.android.i18n/etc/icu/icudt68l.dat
09-23 23:41:29.117 D/ProcessState( 5058): Binder ioctl to enable oneway spam detection failed: Invalid argument
09-23 23:41:29.117 D/AndroidRuntime( 5058): Calling main entry com.genymobile.scrcpy.CleanUp
09-23 23:41:29.632 D/NetworkMonitor/100( 1956): isDataStall: result=1, tcp packets received=0, latest tcp fail rate=0, consecutive dns timeout count=188
09-23 23:41:29.633 D/NetworkMonitor/100( 1956): Suspecting data stall, reevaluate
09-23 23:41:29.634 D/ConnectivityService( 1487): Data stall detected with methods: 1
09-23 23:41:29.635 D/NetworkMonitor/100( 1956): Validation disabled.
09-23 23:41:29.640 D/ConnectivityService( 1487): [100 WIFI] validation passed
09-23 23:41:29.763 I/hwservicemanager( 514): getTransport: Cannot find entry android.hardware.light@2.0::ILight/default in either framework or device VINTF manifest.
09-23 23:41:29.765 E/light ( 5083): light_open lights keyboard failed: -22
09-23 23:41:29.765 E/light ( 5083): Light passthrough failed to load legacy HAL.
09-23 23:41:29.765 E/light ( 5083): light_open lights buttons failed: -22
09-23 23:41:29.765 E/light ( 5083): Light passthrough failed to load legacy HAL.
09-23 23:41:29.767 E/light ( 5083): light_open lights bluetooth failed: -22
09-23 23:41:29.767 E/light ( 5083): Light passthrough failed to load legacy HAL.
09-23 23:41:29.767 E/light ( 5083): light_open lights wifi failed: -22
09-23 23:41:29.767 E/light ( 5083): Light passthrough failed to load legacy HAL.
09-23 23:41:29.768 I/hwservicemanager( 514): getTransport: Cannot find entry android.hardware.light@2.0::ILight/default in either framework or device VINTF manifest.
09-23 23:41:29.768 E/HidlServiceManagement( 5083): Service android.hardware.light@2.0::ILight/default must be in VINTF manifest in order to register/get.
09-23 23:41:29.768 E/LegacySupport( 5083): Could not register service android.hardware.light@2.0::ILight/default (-2147483648).
09-23 23:41:29.974 I/mpu_uart( 654): [MSG-P:RECV]:No message received in 1000 ms
09-23 23:41:30.076 I/OMX-VENC: venc_dev( 1222): stats: avg. fps 10.97, bitrate 25024
09-23 23:41:30.115 I/mpu_uart( 654): [MSG-P:R]:recv sync frame timeout
09-23 23:41:30.760 F/linker ( 5084): CANNOT LINK EXECUTABLE "/vendor/bin/hw/qvrservice": library "vendor.qti.hardware.qxr-V1-ndk_platform.so" not found: needed by /vendor/lib64/libqvrservice.so in namespace (default)
09-23 23:41:30.760 F/linker ( 5085): CANNOT LINK EXECUTABLE "/vendor/bin/hw/sxrservice": library "vendor.qti.hardware.qxr-V1-ndk_platform.so" not found: needed by main executable
09-23 23:41:30.974 I/mpu_uart( 654): [MSG-P:RECV]:No message received in 1000 ms
09-23 23:41:31.638 I/input_interaction( 1487): Interaction with: 10a03fd com.android.deskclock/android.service.dreams.DreamActivity (server), edge-swipe (server), swipe-up (server), PointerEventDispatcher0 (server),
09-23 23:41:31.641 I/wm_finish_activity( 1487): [0,249884826,184,com.android.deskclock/android.service.dreams.DreamActivity,finish-activity]
09-23 23:41:31.641 I/wm_task_moved( 1487): [1,1,5]
09-23 23:41:31.642 I/wm_task_moved( 1487): [183,1,2147483647]
09-23 23:41:31.642 I/wm_task_to_front( 1487): [0,183]
09-23 23:41:31.642 I/wm_focused_root_task( 1487): [0,0,1,184,finish-top adjustFocusToNextFocusableTask]
09-23 23:41:31.643 I/wm_set_resumed_activity( 1487): [0,com.android.launcher3/.uioverrides.QuickstepLauncher,finish-top adjustFocusToNextFocusableTask]
09-23 23:41:31.643 D/ActivityTrigger( 1487): ActivityTrigger activityPauseTrigger
09-23 23:41:31.643 I/wm_pause_activity( 1487): [0,249884826,com.android.deskclock/android.service.dreams.DreamActivity,userLeaving=false,finish]
09-23 23:41:31.650 I/sysui_multi_action( 1487): [757,803,799,window_time_0,802,152]
09-23 23:41:31.651 I/DreamManagerService( 1487): Gently waking up from dream.
09-23 23:41:31.651 I/DreamManagerService( 1487): Performing gentle wake from dream.
09-23 23:41:31.651 I/wm_on_top_resumed_lost_called( 2545): [249884826,android.service.dreams.DreamActivity,topStateChangedWhenResumed]
09-23 23:41:31.651 I/wm_on_paused_called( 2545): [249884826,android.service.dreams.DreamActivity,performPause]
09-23 23:41:31.652 I/wm_add_to_stopping( 1487): [0,249884826,com.android.deskclock/android.service.dreams.DreamActivity,completeFinishing]
09-23 23:41:31.653 I/ActivityTaskManager( 1487): FOREGROUND_APPLICATION_CHANGED to com.android.launcher3.uioverrides.QuickstepLauncher
09-23 23:41:31.654 I/wm_set_resumed_activity( 1487): [0,com.android.launcher3/.uioverrides.QuickstepLauncher,resumeTopActivityInnerLocked]
09-23 23:41:31.655 D/KeyguardViewMediator( 1843): setOccluded false
09-23 23:41:31.656 D/StatusBar( 1843): disable disable2
09-23 23:41:31.656 D/KeyguardViewMediator( 1843): adjustStatusBarLocked: mShowing=false mOccluded=false isSecure=false force=false --> flags=0x0
09-23 23:41:31.657 I/wm_resume_activity( 1487): [0,265187314,183,com.android.launcher3/.uioverrides.QuickstepLauncher]
09-23 23:41:31.667 I/sysui_multi_action( 1487): [757,803,799,window_time_0,802,0]
09-23 23:41:31.673 I/BpBinder( 996): onLastStrongRef automatically unlinking death recipients:
09-23 23:41:31.673 I/input_focus( 1487): [Focus leaving 10a03fd com.android.deskclock/android.service.dreams.DreamActivity (server),reason=NO_WINDOW]
09-23 23:41:31.674 I/view_enqueue_input_event( 2545): [Motion - Cancel,com.android.deskclock/android.service.dreams.DreamActivity]
09-23 23:41:31.676 I/am_pss ( 1487): [3337,10092,com.android.permissioncontroller,14123008,11915264,0,103763968,0,19,6]
09-23 23:41:31.676 I/wm_on_restart_called( 2348): [265187314,com.android.launcher3.uioverrides.QuickstepLauncher,performRestartActivity]
09-23 23:41:31.676 I/wm_on_start_called( 2348): [265187314,com.android.launcher3.uioverrides.QuickstepLauncher,handleStartActivity]
09-23 23:41:31.677 I/wm_on_resume_called( 2348): [265187314,com.android.launcher3.uioverrides.QuickstepLauncher,RESUME_ACTIVITY]
09-23 23:41:31.677 I/wm_on_top_resumed_gained_called( 2348): [265187314,com.android.launcher3.uioverrides.QuickstepLauncher,topWhenResuming]
09-23 23:41:31.686 I/am_pss ( 1487): [3499,10100,com.qiyi.video.pad,91697152,78524416,0,172290048,0,19,9]
09-23 23:41:31.687 I/OMX-VENC: venc_dev( 1222): stats: avg. fps 0.62, bitrate 1826
09-23 23:41:31.692 I/am_pss ( 1487): [4095,10053,com.qualcomm.qti.qms.service.trustzoneaccess,5734400,3796992,0,92143616,0,19,5]
09-23 23:41:31.695 I/input_focus( 1487): [Focus request b41395a com.android.launcher3/com.android.launcher3.uioverrides.QuickstepLauncher,reason=UpdateInputWindows]
09-23 23:41:31.699 I/am_pss ( 1487): [3358,10028,com.android.providers.calendar,7332864,5140480,0,98963456,0,19,5]
09-23 23:41:31.704 I/am_pss ( 1487): [2873,10025,android.process.media,11678720,9469952,0,103108608,0,19,4]
09-23 23:41:31.710 I/am_pss ( 1487): [2351,10082,com.qualcomm.qti.qccauthmgr,6398976,4325376,0,96116736,0,19,5]
09-23 23:41:31.716 I/PowerManagerService( 1487): Powering on display group fromDreaming (groupId=0, uid=1000, reason=WAKE_REASON_UNKNOWN, details=android.server.power:DREAM_FINISHED)...
09-23 23:41:31.716 I/PowerManagerService( 1487): Waking up from Dreaming (uid=1000, reason=WAKE_REASON_UNKNOWN, details=android.server.power:DREAM_FINISHED)...
09-23 23:41:31.716 I/am_pss ( 1487): [3104,10018,android.process.acore,14891008,11214848,0,118767616,0,19,5]
09-23 23:41:31.721 I/am_pss ( 1487): [2863,10085,com.qualcomm.qti.workloadclassifier,8477696,6651904,0,94466048,0,0,4]
09-23 23:41:31.726 I/am_pss ( 1487): [2835,10083,com.qualcomm.qti.qccnetstat,6095872,4272128,0,92192768,0,0,4]
09-23 23:41:31.730 I/input_focus( 1487): [Focus entering b41395a com.android.launcher3/com.android.launcher3.uioverrides.QuickstepLauncher (server),reason=Window became focusable. Previous reason: NOT_VISIBLE]
09-23 23:41:31.731 I/am_pss ( 1487): [2770,10075,com.qualcomm.qti.services.systemhelper:systemhelper_service,6344704,4411392,0,94674944,0,0,4]
09-23 23:41:31.731 D/Sogou ( 2634): onUnbindInput finish
09-23 23:41:31.733 D/Sogou ( 2634): onFinishInput:
09-23 23:41:31.737 I/am_pss ( 1487): [2736,10054,.pasr,5374976,3616768,0,90193920,0,0,5]
09-23 23:41:31.742 I/am_pss ( 1487): [2698,10056,ts.car.uart,6209536,4456448,0,91242496,0,0,4]
09-23 23:41:31.746 I/am_pss ( 1487): [3175,10063,com.qualcomm.qti.devicestatisticsservice,5315584,3567616,0,89763840,0,0,4]
09-23 23:41:31.949 I/wm_destroy_activity( 1487): [0,249884826,184,com.android.deskclock/android.service.dreams.DreamActivity,finish-imm:idle]
09-23 23:41:31.971 I/wm_on_stop_called( 2545): [249884826,android.service.dreams.DreamActivity,LIFECYCLER_STOP_ACTIVITY]
09-23 23:41:31.972 I/wm_on_destroy_called( 2545): [249884826,android.service.dreams.DreamActivity,performDestroy]
09-23 23:41:31.975 I/mpu_uart( 654): [MSG-P:RECV]:No message received in 1000 ms
09-23 23:41:31.975 I/DreamManagerService( 1487): Leaving dreamland.
09-23 23:41:31.976 I/DreamManagerService( 1487): Performing gentle wake from dream.
09-23 23:41:31.976 I/DreamController( 1487): Stopping dream: name=ComponentInfo{com.android.deskclock/com.android.deskclock.Screensaver}, isTest=false, canDoze=false, userId=0, reason='finished self'(from 'finished self')
09-23 23:41:31.976 I/sysui_multi_action( 1487): [757,222,758,2]
09-23 23:41:31.976 I/sysui_multi_action( 1487): [757,804,799,dreaming_minutes,801,2,802,1]
09-23 23:41:31.977 W/InputManager-JNI( 1487): Input channel object '10a03fd com.android.deskclock/android.service.dreams.DreamActivity (client)' was disposed without first being removed with the input manager!
09-23 23:41:31.991 I/wm_task_removed( 1487): [184,removeChild:removeChild last r=ActivityRecord{ee4f09a u0 com.android.deskclock/android.service.dreams.DreamActivity t-1 f}} in t=Task{96526ee #184 type=dream A=10067:android:com.android.deskclock/dream U=0 visible=false mode=fullscreen translucent=true sz=0}]
09-23 23:41:31.991 I/wm_task_removed( 1487): [184,removeChild]
09-23 23:41:31.993 W/ActivityTaskManager( 1487): Can't find TaskDisplayArea to determine support for multi window. Task id=184 attached=false
09-23 23:41:32.699 I/OMX-VENC: venc_dev( 1222): stats: avg. fps 58.34, bitrate 596522
09-23 23:41:32.975 I/mpu_uart( 654): [MSG-P:RECV]:No message received in 1000 ms
09-23 23:41:33.118 I/mpu_uart( 654): [MSG-P:R]:recv sync frame timeout
09-23 23:41:33.700 I/OMX-VENC: venc_dev( 1222): stats: avg. fps 59.93, bitrate 274255
09-23 23:41:33.976 I/mpu_uart( 654): [MSG-P:RECV]:No message received in 1000 ms
09-23 23:41:34.729 I/OMX-VENC: venc_dev( 1222): stats: avg. fps 15.55, bitrate 70396
09-23 23:41:34.775 I/hwservicemanager( 514): getTransport: Cannot find entry android.hardware.light@2.0::ILight/default in either framework or device VINTF manifest.
09-23 23:41:34.778 E/light ( 5097): light_open lights keyboard failed: -22
09-23 23:41:34.778 E/light ( 5097): Light passthrough failed to load legacy HAL.
09-23 23:41:34.778 E/light ( 5097): light_open lights buttons failed: -22
09-23 23:41:34.778 E/light ( 5097): Light passthrough failed to load legacy HAL.
09-23 23:41:34.779 E/light ( 5097): light_open lights bluetooth failed: -22
09-23 23:41:34.779 E/light ( 5097): Light passthrough failed to load legacy HAL.
09-23 23:41:34.780 E/light ( 5097): light_open lights wifi failed: -22
09-23 23:41:34.780 E/light ( 5097): Light passthrough failed to load legacy HAL.
09-23 23:41:34.780 I/hwservicemanager( 514): getTransport: Cannot find entry android.hardware.light@2.0::ILight/default in either framework or device VINTF manifest.
09-23 23:41:34.780 E/HidlServiceManagement( 5097): Service android.hardware.light@2.0::ILight/default must be in VINTF manifest in order to register/get.
09-23 23:41:34.780 E/LegacySupport( 5097): Could not register service android.hardware.light@2.0::ILight/default (-2147483648).
09-23 23:41:34.839 I/input_interaction( 1487): Interaction with: b41395a com.android.launcher3/com.android.launcher3.uioverrides.QuickstepLauncher (server), d48efac com.android.systemui.ImageWallpaper (server), edge-swipe (server), swipe-up (server), PointerEventDispatcher0 (server),
09-23 23:41:34.957 D/audio_hw_primary( 815): adev_get_parameters:vr_audio_mode_on
09-23 23:41:34.957 I/audio_hw_primary( 815): getting vr mode to 0
09-23 23:41:34.957 D/audio_hw_primary( 815): adev_get_parameters: exit: returns - vr_audio_mode_on=false
09-23 23:41:34.958 I/hash_map_utils( 987): system/bt/osi/src/hash_map_utils.cc:81 hash_map_utils_dump_string_keys_string_values: key: 'vr_audio_mode_on' value: ''
09-23 23:41:34.958 I/ActivityTaskManager( 1487): START u0 {act=android.intent.action.MAIN cat=[android.intent.category.LAUNCHER] flg=0x10200000 cmp=com.android.settings/.Settings bnds=[2129,678][2292,847]} from uid 10077
09-23 23:41:34.960 I/EventSequenceValidator( 1487): inc AccIntentStartedEvents to 2
09-23 23:41:34.962 E/ANDR-PERF-JNI( 1487): com_qualcomm_qtiperformance_native_perf_io_prefetch_start
09-23 23:41:34.964 I/wm_task_created( 1487): [185,-1]
09-23 23:41:34.964 W/ActivityTaskManager( 1487): Can't find TaskDisplayArea to determine support for multi window. Task id=185 attached=false
09-23 23:41:34.965 D/AF::TrackHandle( 987): OpPlayAudio: track:58 usage:13 not muted
09-23 23:41:34.968 E/ANDR-IOP( 867): io prefetch is disabled
09-23 23:41:34.969 D/CompatibilityChangeReporter( 1487): Compat change id reported: 174042980; UID 1000; state: DISABLED
09-23 23:41:34.970 I/wm_task_moved( 1487): [185,1,6]
09-23 23:41:34.970 I/wm_task_to_front( 1487): [0,185]
09-23 23:41:34.971 I/wm_create_task( 1487): [0,185]
09-23 23:41:34.971 I/wm_create_activity( 1487): [0,23624814,185,com.android.settings/.Settings,android.intent.action.MAIN,NULL,NULL,270532608]
09-23 23:41:34.971 I/wm_task_moved( 1487): [185,1,6]
09-23 23:41:34.972 D/CompatibilityChangeReporter( 1487): Compat change id reported: 168419799; UID 1000; state: DISABLED
09-23 23:41:34.972 D/CompatibilityInfo( 1487): mCompatibilityFlags - 4
09-23 23:41:34.972 D/CompatibilityInfo( 1487): applicationDensity - 240
09-23 23:41:34.972 D/CompatibilityInfo( 1487): applicationScale - 1.0
09-23 23:41:34.973 D/ActivityTrigger( 1487): ActivityTrigger activityPauseTrigger
09-23 23:41:34.973 I/wm_pause_activity( 1487): [0,265187314,com.android.launcher3/.uioverrides.QuickstepLauncher,userLeaving=true,pauseBackTasks]
09-23 23:41:34.976 I/mpu_uart( 654): [MSG-P:RECV]:No message received in 1000 ms
09-23 23:41:34.978 I/AudioTrack( 1487): createTrack_l(8): AUDIO_OUTPUT_FLAG_FAST successful; frameCount 0 -> 4512
09-23 23:41:34.984 D/audio_hw_primary( 815): start_output_stream: enter: stream(0xe5dc0010)usecase(1: low-latency-playback) devices(0x2) is_haptic_usecase(0)
09-23 23:41:34.984 E/ANDR-PERF-TARGET( 873): Error: Invalid logical cluster id 0
09-23 23:41:34.984 E/ANDR-PERF-REQUEST( 873): invalid request
09-23 23:41:34.984 E/ANDR-PERF-MPCTL( 873): invalid request, no optimizations performed
09-23 23:41:34.984 E/audio_hw_extn( 815): audio_extn_perf_lock_acquire: Failed to acquire perf lock, err: -1
09-23 23:41:34.984 D/audio_hw_primary( 815): select_devices for use case (low-latency-playback)
09-23 23:41:34.984 I/msm8974_platform( 815): platform_check_and_set_codec_backend_cfg:becf: afe: bitwidth 16, samplerate 48000 channels 2, backend_idx 0 usecase = 1 device (speaker)
09-23 23:41:34.984 D/msm8974_platform( 815): platform_split_snd_device: snd_device(2) num devices(1) new_snd_devices(0)
09-23 23:41:34.984 I/msm8974_platform( 815): platform_check_and_set_codec_backend_cfg: new_snd_devices[0] is 2
09-23 23:41:34.984 I/msm8974_platform( 815): platform_check_codec_backend_cfg:becf: afe: bitwidth 16, samplerate 48000 channels 2, backend_idx 0 usecase = 1 device (speaker)
09-23 23:41:34.985 D/audio_hw_extn( 815): audio_extn_enable_hifi_filter: mixer_value set 0
09-23 23:41:34.985 D/msm8974_platform( 815): platform_check_codec_backend_cfg:becf: updated afe: bitwidth 16, samplerate 48000 channels 2,backend_idx 0 usecase = 1 device (speaker)
09-23 23:41:34.985 D/msm8974_platform( 815): platform_check_codec_backend_cfg:becf: afe: playback on codec device not supporting native playback set default Sample Rate(48k)
09-23 23:41:34.985 I/msm8974_platform( 815): platform_check_codec_backend_cfg:becf: afe: Codec selected backend: 0 updated bit width: 16 and sample rate: 48000
09-23 23:41:34.985 D/audio_hw_primary( 815): check_usecases_codec_backend:becf: force routing 0
09-23 23:41:34.985 E/msm8974_platform( 815): platform_check_backends_match: Invalid snd_device =
09-23 23:41:34.985 D/audio_hw_primary( 815): check_usecases_codec_backend:becf: (78) check_usecases curr device: speaker, usecase device: backends match 0
09-23 23:41:34.985 D/audio_hw_primary( 815): check_usecases_codec_backend:becf: check_usecases num.of Usecases to switch 0
09-23 23:41:34.985 D/hardware_info( 815): hw_info_append_hw_type : device_name = speaker
09-23 23:41:34.985 D/msm8974_platform( 815): platform_split_snd_device: snd_device(2) num devices(0) new_snd_devices(0)
09-23 23:41:34.985 D/audio_hw_primary( 815): enable_snd_device: snd_device(2: speaker)
09-23 23:41:34.985 D/msm8974_platform( 815): platform_get_island_cfg_on_device:island cfg status on snd_device = (speaker 0)
09-23 23:41:34.985 I/soundtrigger( 815): audio_extn_sound_trigger_update_device_status: device 0x2 of type 0 for Event 1, with Raise=0
09-23 23:41:34.986 D/audio_route( 815): Apply path: speaker
09-23 23:41:34.986 I/audio_hw_utils( 815): audio_extn_utils_update_stream_output_app_type_cfg Allowing 24 and above bits playback on speaker ONLY at default sampling rate
09-23 23:41:34.986 E/soundtrigger( 815): audio_extn_sound_trigger_update_stream_status: invalid input device 0x0, for event 3
09-23 23:41:34.986 D/soundtrigger( 815): audio_extn_sound_trigger_update_stream_status: uc_info->id 1 of type 0 for Event 3, with Raise=0
09-23 23:41:34.986 D/audio_hw_utils( 815): audio_extn_utils_send_app_type_cfg: usecase->out_snd_device speaker
09-23 23:41:34.986 D/msm8974_platform( 815): platform_split_snd_device: snd_device(2) num devices(0) new_snd_devices(0)
09-23 23:41:34.986 D/audio_hw_utils( 815): audio_extn_btsco_get_sample_rate:Not a BT SCO device, need not update sampling rate
09-23 23:41:34.986 I/audio_hw_utils( 815): send_app_type_cfg_for_device PLAYBACK app_type 69937, acdb_dev_id 15, sample_rate 48000, snd_device_be_idx 179
09-23 23:41:34.986 D/msm8974_platform( 815): platform_split_snd_device: snd_device(2) num devices(1) new_snd_devices(0)
09-23 23:41:34.986 D/audio_hw_utils( 815): audio_extn_btsco_get_sample_rate:Not a BT SCO device, need not update sampling rate
09-23 23:41:34.986 D/ACDB-LOADER( 815): ACDB -> send_audio_cal, acdb_id = 15, path = 0, app id = 0x11131, sample rate = 48000, afe_sample_rate = 48000
09-23 23:41:34.986 D/ACDB-LOADER( 815): ACDB -> send_asm_topology
09-23 23:41:34.986 D/ACDB-LOADER( 815): ACDB -> ACDB_CMD_GET_AUDPROC_STREAM_TOPOLOGY_ID
09-23 23:41:34.986 D/ACDB-LOADER( 815): ACDB -> send_adm_topology
09-23 23:41:34.986 D/ACDB-LOADER( 815): ACDB -> ACDB_CMD_GET_AUDPROC_COMMON_TOPOLOGY_ID
09-23 23:41:34.986 D/ACDB-LOADER( 815): ACDB -> send_audtable
09-23 23:41:34.986 D/ACDB-LOADER( 815): ACDB -> ACDB_CMD_GET_AUDPROC_INSTANCE_COMMON_TABLE_SIZE
09-23 23:41:34.986 D/ACDB-LOADER( 815): ACDB -> ACDB_CMD_GET_AUDPROC_INSTANCE_COMMON_TABLE
09-23 23:41:34.986 D/ACDB-LOADER( 815): ACDB -> AUDIO_SET_AUDPROC_CAL cal_type[11] acdb_id[15] app_type[69937]
09-23 23:41:34.986 D/ACDB-LOADER( 815): ACDB -> send_audvoltable
09-23 23:41:34.986 D/ACDB-LOADER( 815): ACDB -> ACDB_CMD_GET_AUDPROC_INSTANCE_GAIN_DEP_STEP_TABLE_SIZE
09-23 23:41:34.986 D/ACDB-LOADER( 815): ACDB -> ACDB_CMD_GET_AUDPROC_INSTANCE_GAIN_DEP_STEP_TABLE, vol index 0
09-23 23:41:34.986 D/ACDB-LOADER( 815): ACDB -> AUDIO_SET_VOL_CAL cal type = 12
09-23 23:41:34.986 D/ACDB-LOADER( 815): ACDB -> ACDB_CMD_GET_AUDPROC_INSTANCE_STREAM_TABLE_SIZE
09-23 23:41:34.986 D/ACDB-LOADER( 815): ACDB -> send_audstrmtable
09-23 23:41:34.986 D/ACDB-LOADER( 815): ACDB -> ACDB_CMD_GET_AUDPROC_INSTANCE_STREAM_TABLE
09-23 23:41:34.986 D/ACDB-LOADER( 815): ACDB -> audstrm_cal->cal_type.cal_data.cal_size = 20
09-23 23:41:34.986 D/ACDB-LOADER( 815): ACDB -> send_afe_topology
09-23 23:41:34.986 D/ACDB-LOADER( 815): ACDB -> ACDB_CMD_GET_AFE_TOPOLOGY_ID
09-23 23:41:34.986 D/ACDB-LOADER( 815): ACDB -> GET_AFE_TOPOLOGY_ID for adcd_id 15, Topology Id 112fc
09-23 23:41:34.986 D/ACDB-LOADER( 815): ACDB -> send_afe_cal
09-23 23:41:34.986 D/ACDB-LOADER( 815): ACDB -> ACDB_CMD_GET_AFE_INSTANCE_COMMON_TABLE_SIZE
