09-23 23:38:11.546 D/Avrcp_ext( 1836): AudioManager Player: AudioPlaybackConfiguration piid:95 deviceId:0 type:android.media.SoundPool u/pid:1000/1487 state:idle attr:AudioAttributes: usage=USAGE_ASSISTANCE_SONIFICATION content=CONTENT_TYPE_SONIFICATION flags=0x800 tags= bundle=null sessionId:0
09-23 23:38:11.547 D/Avrcp_ext( 1836): AudioManager isPlaying: false, mAudioPlaybackIsActive = true
09-23 23:38:11.547 D/Avrcp_ext( 1836): AudioManager Reset Active Player
09-23 23:38:11.547 V/MediaPlayer( 1843): resetDrmState: mDrmInfo=null mDrmProvisioningThread=null mPrepareDrmInProgress=false mActiveDrmScheme=false
09-23 23:38:11.547 V/MediaPlayer( 1843): cleanDrmObj: mDrmObj=null mDrmSessionId=null
09-23 23:38:11.547 D/NuPlayerDriver( 1208): reset(0xf1301370) at state 6
09-23 23:38:11.549 V/Avrcp_ext( 1836): updateCurrentMediaState: mMediaController: MediaController (com.android.systemui@86ec610) null
09-23 23:38:11.549 W/Avrcp_ext( 1836): isMusicActive: false getBluetoothPlayState: 2 A2dp State: 11 mAudioPlaybackIsActive: false
09-23 23:38:11.550 D/Avrcp_ext( 1836): isMusicActive = false mAudioPlaybackIsActive = false player state = null
09-23 23:38:11.550 D/audio_hw_primary( 815): out_set_parameters: enter: usecase(1: low-latency-playback) kvpairs: suspend_playback=false
09-23 23:38:11.550 D/audio_hw_extn( 815): audio_extn_fm_set_parameters: Enter
09-23 23:38:11.551 I/Avrcp_ext( 1836): Skipping update due to invalid playback state
09-23 23:38:11.551 V/Avrcp_ext( 1836): updatePlaybackState, state: null device: null
09-23 23:38:11.551 V/Avrcp_ext( 1836): Device: no name:
09-23 23:38:11.551 V/Avrcp_ext( 1836): Device: no name:
09-23 23:38:11.551 V/Avrcp_ext( 1836): Device: no name:
09-23 23:38:11.551 V/Avrcp_ext( 1836): Device: no name:
09-23 23:38:11.551 V/Avrcp_ext( 1836): Device: no name:
09-23 23:38:11.551 V/Avrcp_ext( 1836): updatePlayerStateAndPosition, old=PlaybackState {state=2, position=-1, buffered position=0, speed=0.0, updated=17278, actions=0, custom actions=[], active item id=-1, error=null}, state=null
09-23 23:38:11.551 I/Avrcp_ext( 1836): updatePlayerStateAndPosition: device: state = null
09-23 23:38:11.551 D/Avrcp_ext( 1836): AudioManager Player: AudioPlaybackConfiguration piid:103 deviceId:0 type:android.media.SoundPool u/pid:10081/1843 state:idle attr:AudioAttributes: usage=USAGE_ASSISTANCE_SONIFICATION content=CONTENT_TYPE_SONIFICATION flags=0x800 tags= bundle=null sessionId:0
09-23 23:38:11.552 D/Avrcp_ext( 1836): AudioManager Player: AudioPlaybackConfiguration piid:95 deviceId:0 type:android.media.SoundPool u/pid:1000/1487 state:idle attr:AudioAttributes: usage=USAGE_ASSISTANCE_SONIFICATION content=CONTENT_TYPE_SONIFICATION flags=0x800 tags= bundle=null sessionId:0
09-23 23:38:11.552 D/Avrcp_ext( 1836): AudioManager isPlaying: false, mAudioPlaybackIsActive = false
09-23 23:38:11.552 D/Avrcp_ext( 1836): AudioManager Reset Active Player
09-23 23:38:11.553 I/hw-BpHwBinder( 1208): onLastStrongRef automatically unlinking death recipients
09-23 23:38:11.553 I/hw-BpHwBinder( 1249): onLastStrongRef automatically unlinking death recipients
09-23 23:38:11.555 V/C2Store ( 1249): in ~ComponentModule
09-23 23:38:11.555 V/C2Store ( 1249): unloading dll
09-23 23:38:11.559 D/NuPlayerDriver( 1208): notifyResetComplete(0xf1301370)
09-23 23:38:11.559 W/AMessage( 1208): failed to post message as target looper for handler 0 is gone.
09-23 23:38:11.594 D/audio_hw_primary( 815): out_set_parameters: enter: usecase(1: low-latency-playback) kvpairs: suspend_playback=true
09-23 23:38:11.594 D/audio_hw_extn( 815): audio_extn_fm_set_parameters: Enter
09-23 23:38:11.594 D/msm8974_platform( 815): platform_split_snd_device: snd_device(2) num devices(1) new_snd_devices(0)
09-23 23:38:11.594 D/ACDB-LOADER( 815): ACDB -> send_audvoltable
09-23 23:38:11.594 D/ACDB-LOADER( 815): ACDB -> ACDB_CMD_GET_AUDPROC_INSTANCE_GAIN_DEP_STEP_TABLE_SIZE
09-23 23:38:11.594 D/ACDB-LOADER( 815): ACDB -> ACDB_CMD_GET_AUDPROC_INSTANCE_GAIN_DEP_STEP_TABLE, vol index 0
09-23 23:38:11.594 D/ACDB-LOADER( 815): ACDB -> AUDIO_SET_VOL_CAL cal type = 40
09-23 23:38:11.595 D/msm8974_platform( 815): platform_split_snd_device: snd_device(2) num devices(1) new_snd_devices(0)
09-23 23:38:11.641 I/unknown ( 3476): khook pthread_attr_init_callback set thread stack from 1008 to 256 KB
09-23 23:38:11.642 I/unknown ( 3476): khook setstacksize __addr 0xb2741bc8, from 1040 KB to 256 KB
09-23 23:38:11.779 I/unknown ( 3476): khook pthread_attr_init_callback set thread stack from 1008 to 256 KB
09-23 23:38:11.779 I/unknown ( 3476): khook setstacksize __addr 0xb2741bc8, from 1040 KB to 256 KB
09-23 23:38:11.902 I/mpu_uart( 654): [MSG-P:RECV]:No message received in 1000 ms
09-23 23:38:11.909 I/mpu_uart( 654): [MSG-P:R]:recv sync frame timeout
09-23 23:38:12.240 I/unknown ( 3476): khook pthread_attr_init_callback set thread stack from 1008 to 256 KB
09-23 23:38:12.240 I/unknown ( 3476): khook setstacksize __addr 0xaf3054e8, from 1040 KB to 256 KB
09-23 23:38:12.242 I/unknown ( 3476): khook pthread_attr_init_callback set thread stack from 1008 to 256 KB
09-23 23:38:12.242 I/unknown ( 3476): khook setstacksize __addr 0xaf3054e8, from 1040 KB to 256 KB
09-23 23:38:12.244 I/unknown ( 3476): khook pthread_attr_init_callback set thread stack from 1008 to 256 KB
09-23 23:38:12.244 I/unknown ( 3476): khook setstacksize __addr 0xaf304e18, from 1040 KB to 256 KB
09-23 23:38:12.595 D/audio_hw_primary( 815): out_set_parameters: enter: usecase(1: low-latency-playback) kvpairs: suspend_playback=false
09-23 23:38:12.595 D/audio_hw_extn( 815): audio_extn_fm_set_parameters: Enter
09-23 23:38:12.598 W/audio_hw_primary( 815): out_write: underrun(3) frames_by_time(48255) > out->last_fifo_frames_remaining(384)
09-23 23:38:12.639 D/audio_hw_primary( 815): out_set_parameters: enter: usecase(1: low-latency-playback) kvpairs: suspend_playback=true
09-23 23:38:12.639 D/audio_hw_extn( 815): audio_extn_fm_set_parameters: Enter
09-23 23:38:12.886 I/unknown ( 3476): khook pthread_attr_init_callback set thread stack from 1008 to 256 KB
09-23 23:38:12.886 I/unknown ( 3476): khook setstacksize __addr 0xb2741bc8, from 1040 KB to 256 KB
09-23 23:38:12.888 I/unknown ( 3476): khook pthread_attr_init_callback set thread stack from 1008 to 256 KB
09-23 23:38:12.888 I/unknown ( 3476): khook setstacksize __addr 0xaf305088, from 1040 KB to 256 KB
09-23 23:38:12.902 I/mpu_uart( 654): [MSG-P:RECV]:No message received in 1000 ms
09-23 23:38:13.126 W/CamX ( 825): [ WARN][NCS ] camxncsintfqsee.cpp:628 ProbeSensor() Timed out for probing sensor 9!
09-23 23:38:13.127 W/CamX ( 825): [ WARN][NCS ] camxncsintfqsee.cpp:270 GetListOfSensors() Probe sensor 9 with error 9
09-23 23:38:13.127 I/ChiOfflinePostproc( 825): postprocservice register started
09-23 23:38:13.151 I/HidlServiceManagement( 825): Registered vendor.qti.hardware.camera.postproc@1.0::IPostProcService/camerapostprocservice (start delay of 18861ms)
09-23 23:38:13.151 I/ChiOfflinePostproc( 825): postprocservice register successfully
09-23 23:38:13.151 I/CHIUSECASE( 825): [INFO ] chxextensionmodule.cpp:1977 EnumerateCameras() BPS Realtime Sensor ID = -1
09-23 23:38:13.152 W/CHIUSECASE( 825): [WARN ] chxextensionmodule.cpp:1514 BuildLogicalCameraInfo() Please check if sensor id:0 is probed successfully!
09-23 23:38:13.152 W/CHIUSECASE( 825): [WARN ] chxextensionmodule.cpp:1514 BuildLogicalCameraInfo() Please check if sensor id:2 is probed successfully!
09-23 23:38:13.152 W/CHIUSECASE( 825): [WARN ] chxextensionmodule.cpp:1514 BuildLogicalCameraInfo() Please check if sensor id:1 is probed successfully!
09-23 23:38:13.152 W/CHIUSECASE( 825): [WARN ] chxextensionmodule.cpp:1514 BuildLogicalCameraInfo() Please check if sensor id:3 is probed successfully!
09-23 23:38:13.152 W/CHIUSECASE( 825): [WARN ] chxextensionmodule.cpp:1514 BuildLogicalCameraInfo() Please check if sensor id:4 is probed successfully!
09-23 23:38:13.152 W/CHIUSECASE( 825): [WARN ] chxextensionmodule.cpp:1514 BuildLogicalCameraInfo() Please check if sensor id:5 is probed successfully!
09-23 23:38:13.152 W/CHIUSECASE( 825): [WARN ] chxextensionmodule.cpp:1514 BuildLogicalCameraInfo() Please check if sensor id:6 is probed successfully!
09-23 23:38:13.152 I/CHIUSECASE( 825): [INFO ] chxextensionmodule.cpp:1666 BuildLogicalCameraInfo() Multi Camera is disabled!
09-23 23:38:13.152 W/CHIUSECASE( 825): [WARN ] chxextensionmodule.cpp:1514 BuildLogicalCameraInfo() Please check if sensor id:3 is probed successfully!
09-23 23:38:13.152 I/CHIUSECASE( 825): [INFO ] chxextensionmodule.cpp:1666 BuildLogicalCameraInfo() Multi Camera is disabled!
09-23 23:38:13.152 I/CHIUSECASE( 825): [INFO ] chxextensionmodule.cpp:2005 EnumerateCameras() Camera Count: m_numExposedLogicalCameras = 0, m_numLogicalCameras = 0 Physical camera = 0
09-23 23:38:13.152 I/CHIUSECASE( 825): [INFO ] chxextensionmodule.cpp:2056 EnumerateCameras() m_totalResourceBudget=100, m_singleISPResourceCost=50
09-23 23:38:13.152 I/CamPrvdr@2.4-legacy( 825): Loaded "QTI Camera HAL" camera module
09-23 23:38:13.157 I/HidlServiceManagement( 825): Registered android.hardware.camera.provider@2.4::ICameraProvider/legacy/0 (start delay of 18867ms)
09-23 23:38:13.158 I/HidlServiceManagement( 825): Removing namespace from process name android.hardware.camera.provider@2.4-service_64 to provider@2.4-service_64.
09-23 23:38:13.159 I/CameraProviderManager( 1198): Connecting to new camera provider: legacy/0, isRemote? 1
09-23 23:38:13.159 I/LegacySupport( 825): Registration complete for android.hardware.camera.provider@2.4::ICameraProvider/legacy/0.
09-23 23:38:13.165 I/CameraProviderManager( 1198): Camera provider legacy/0 ready with 0 camera devices
09-23 23:38:13.606 I/unknown ( 3476): khook pthread_attr_init_callback set thread stack from 1008 to 256 KB
09-23 23:38:13.606 I/unknown ( 3476): khook setstacksize __addr 0xaf3058e8, from 1040 KB to 256 KB
09-23 23:38:13.609 I/MMKV ( 3476): open fd[0x10c], /data/user/0/com.smile.gifmaker/files/mmkv/resource_manager
09-23 23:38:13.611 I/MMKV ( 3476): open fd[0x10d], /data/user/0/com.smile.gifmaker/files/mmkv/resource_manager.crc
09-23 23:38:13.612 I/MMKV ( 3476): loading [resource_manager] with 0 actual size, file size 4096, InterProcess 1, meta info version:1
09-23 23:38:13.612 I/MMKV ( 3476): loaded [resource_manager] with 0 key-values
09-23 23:38:13.640 D/audio_hw_primary( 815): out_set_parameters: enter: usecase(1: low-latency-playback) kvpairs: suspend_playback=false
09-23 23:38:13.640 D/audio_hw_extn( 815): audio_extn_fm_set_parameters: Enter
09-23 23:38:13.640 W/audio_hw_primary( 815): out_write: underrun(4) frames_by_time(48241) > out->last_fifo_frames_remaining(384)
09-23 23:38:13.682 D/audio_hw_primary( 815): out_set_parameters: enter: usecase(1: low-latency-playback) kvpairs: suspend_playback=true
09-23 23:38:13.682 D/audio_hw_extn( 815): audio_extn_fm_set_parameters: Enter
09-23 23:38:13.693 I/MMKV ( 3476): open fd[0x10e], /data/user/0/com.smile.gifmaker/files/mmkv/sp_cdn_host_group
09-23 23:38:13.694 I/MMKV ( 3476): open fd[0x10f], /data/user/0/com.smile.gifmaker/files/mmkv/sp_cdn_host_group.crc
09-23 23:38:13.695 I/MMKV ( 3476): loading [sp_cdn_host_group] with 2839 actual size, file size 4096, InterProcess 1, meta info version:3
09-23 23:38:13.695 I/MMKV ( 3476): loading [sp_cdn_host_group] with crc 561795284 sequence 1 version 3
09-23 23:38:13.695 I/MMKV ( 3476): loaded [sp_cdn_host_group] with 17 key-values
09-23 23:38:13.736 I/unknown ( 3476): khook pthread_attr_init_callback set thread stack from 1008 to 256 KB
09-23 23:38:13.736 I/unknown ( 3476): khook setstacksize __addr 0xb195af88, from 1040 KB to 256 KB
09-23 23:38:13.841 I/keystore2( 576): keystore2::watchdog: Watchdog thread idle -> terminating. Have a great day.
09-23 23:38:13.902 I/mpu_uart( 654): [MSG-P:RECV]:No message received in 1000 ms
09-23 23:38:14.378 I/hwservicemanager( 514): getTransport: Cannot find entry android.hardware.light@2.0::ILight/default in either framework or device VINTF manifest.
09-23 23:38:14.380 E/light ( 4274): light_open lights keyboard failed: -22
09-23 23:38:14.380 E/light ( 4274): Light passthrough failed to load legacy HAL.
09-23 23:38:14.381 E/light ( 4274): light_open lights buttons failed: -22
09-23 23:38:14.381 E/light ( 4274): Light passthrough failed to load legacy HAL.
09-23 23:38:14.382 E/light ( 4274): light_open lights bluetooth failed: -22
09-23 23:38:14.382 E/light ( 4274): Light passthrough failed to load legacy HAL.
09-23 23:38:14.382 E/light ( 4274): light_open lights wifi failed: -22
09-23 23:38:14.382 E/light ( 4274): Light passthrough failed to load legacy HAL.
09-23 23:38:14.383 I/hwservicemanager( 514): getTransport: Cannot find entry android.hardware.light@2.0::ILight/default in either framework or device VINTF manifest.
09-23 23:38:14.383 E/HidlServiceManagement( 4274): Service android.hardware.light@2.0::ILight/default must be in VINTF manifest in order to register/get.
09-23 23:38:14.383 E/LegacySupport( 4274): Could not register service android.hardware.light@2.0::ILight/default (-2147483648).
09-23 23:38:14.521 W/SntpClient( 1487): Unknown host: time.android.com
09-23 23:38:14.522 I/ntp_failure( 1487): [time.android.com,java.net.UnknownHostException: Unable to resolve host "time.android.com": No address associated with hostname]
09-23 23:38:14.522 D/SntpClient( 1487): request time failed
09-23 23:38:14.575 D/NetworkMonitor/100( 1956): isDataStall: result=1, tcp packets received=0, latest tcp fail rate=-1, consecutive dns timeout count=5
09-23 23:38:14.575 D/NetworkMonitor/100( 1956): Suspecting data stall, reevaluate
09-23 23:38:14.576 D/ConnectivityService( 1487): Data stall detected with methods: 1
09-23 23:38:14.577 D/NetworkMonitor/100( 1956): Validation disabled.
09-23 23:38:14.585 D/ConnectivityService( 1487): [100 WIFI] validation passed
09-23 23:38:14.593 D/NetworkMonitor/100( 1956): isDataStall: result=1, tcp packets received=0, latest tcp fail rate=-1, consecutive dns timeout count=10
09-23 23:38:14.593 D/NetworkMonitor/100( 1956): Suspecting data stall, reevaluate
09-23 23:38:14.593 D/ConnectivityService( 1487): Data stall detected with methods: 1
09-23 23:38:14.594 D/NetworkMonitor/100( 1956): Validation disabled.
09-23 23:38:14.594 I/service_manager_stats( 3476): [200,63,5170]
09-23 23:38:14.599 D/ConnectivityService( 1487): [100 WIFI] validation passed
09-23 23:38:14.683 D/audio_hw_primary( 815): out_set_parameters: enter: usecase(1: low-latency-playback) kvpairs: suspend_playback=false
09-23 23:38:14.683 D/audio_hw_extn( 815): audio_extn_fm_set_parameters: Enter
09-23 23:38:14.684 D/audio_hw_primary( 815): out_standby: enter: stream (0xe5dc0010) usecase(1: low-latency-playback)
09-23 23:38:14.704 D/audio_hw_primary( 815): disable_audio_route: reset and update mixer path: low-latency-playback
09-23 23:38:14.706 E/soundtrigger( 815): audio_extn_sound_trigger_update_stream_status: invalid input device 0x0, for event 2
09-23 23:38:14.706 D/soundtrigger( 815): audio_extn_sound_trigger_update_stream_status: uc_info->id 1 of type 0 for Event 2, with Raise=0
09-23 23:38:14.706 D/msm8974_platform( 815): platform_split_snd_device: snd_device(2) num devices(0) new_snd_devices(0)
09-23 23:38:14.706 I/msm8974_platform( 815): platform_get_custom_mtmx_params: no matching param with id 0 ip_ch 2 op_ch 2 uc_id 1 snd_dev 2
09-23 23:38:14.706 D/hardware_info( 815): hw_info_append_hw_type : device_name = speaker
09-23 23:38:14.706 D/audio_hw_primary( 815): disable_snd_device: snd_device(2: speaker)
09-23 23:38:14.706 D/msm8974_platform( 815): platform_split_snd_device: snd_device(2) num devices(0) new_snd_devices(0)
09-23 23:38:14.706 I/soundtrigger( 815): audio_extn_sound_trigger_update_device_status: device 0x2 of type 0 for Event 0, with Raise=0
09-23 23:38:14.706 D/audio_hw_primary( 815): out_standby: exit
09-23 23:38:14.706 D/BufferPoolAccessor2.0( 1249): evictor expired: 1, evicted: 0
09-23 23:38:14.708 D/BufferPoolAccessor2.0( 1487): evictor expired: 4, evicted: 0
09-23 23:38:14.710 D/BufferPoolAccessor2.0( 1843): evictor expired: 3, evicted: 0
09-23 23:38:14.903 I/mpu_uart( 654): [MSG-P:RECV]:No message received in 1000 ms
09-23 23:38:14.912 I/mpu_uart( 654): [MSG-P:R]:recv sync frame timeout
09-23 23:38:14.931 I/unknown ( 3476): khook pthread_attr_init_callback set thread stack from 1008 to 256 KB
09-23 23:38:14.931 I/unknown ( 3476): khook setstacksize __addr 0xaf305a78, from 1040 KB to 256 KB
09-23 23:38:15.142 I/MMKV ( 3476): open fd[0xe6], /data/user/0/com.smile.gifmaker/files/mmkv/dex2oat
09-23 23:38:15.142 I/MMKV ( 3476): open fd[0x110], /data/user/0/com.smile.gifmaker/files/mmkv/dex2oat.crc
09-23 23:38:15.143 I/MMKV ( 3476): loading [dex2oat] with 18 actual size, file size 4096, InterProcess 1, meta info version:3
09-23 23:38:15.143 I/MMKV ( 3476): loading [dex2oat] with crc 2742194876 sequence 1 version 3
09-23 23:38:15.143 I/MMKV ( 3476): loaded [dex2oat] with 1 key-values
09-23 23:38:15.144 I/unknown ( 3476): khook pthread_attr_init_callback set thread stack from 1008 to 256 KB
09-23 23:38:15.144 I/unknown ( 3476): khook setstacksize __addr 0xb195bb78, from 1040 KB to 256 KB
09-23 23:38:15.216 D/NetworkMonitor/100( 1956): isDataStall: result=1, tcp packets received=0, latest tcp fail rate=-1, consecutive dns timeout count=15
09-23 23:38:15.216 D/NetworkMonitor/100( 1956): Suspecting data stall, reevaluate
09-23 23:38:15.217 D/ConnectivityService( 1487): Data stall detected with methods: 1
09-23 23:38:15.217 D/NetworkMonitor/100( 1956): Validation disabled.
09-23 23:38:15.222 D/ConnectivityService( 1487): [100 WIFI] validation passed
09-23 23:38:15.430 F/linker ( 4284): CANNOT LINK EXECUTABLE "/vendor/bin/hw/qvrservice": library "vendor.qti.hardware.qxr-V1-ndk_platform.so" not found: needed by /vendor/lib64/libqvrservice.so in namespace (default)
09-23 23:38:15.430 F/linker ( 4285): CANNOT LINK EXECUTABLE "/vendor/bin/hw/sxrservice": library "vendor.qti.hardware.qxr-V1-ndk_platform.so" not found: needed by main executable
09-23 23:38:15.605 I/unknown ( 3476): khook pthread_attr_init_callback set thread stack from 1008 to 256 KB
09-23 23:38:15.605 I/unknown ( 3476): khook setstacksize __addr 0xb2741bc8, from 1040 KB to 256 KB
09-23 23:38:15.606 D/unknown ( 3476): bh_dl_monitor_dlmutex_add_lock_count:0
09-23 23:38:15.606 D/unknown ( 3476): before dlopen ext:1
09-23 23:38:15.613 D/unknown ( 3476): bh_dl_monitor_dlmutex_sub_lock_count:1
09-23 23:38:15.613 D/unknown ( 3476): dlopen ext callback:0
09-23 23:38:15.613 D/kwai_hooker( 3476): onDlopen /data/app/~~If2OJVwU-BpTDKVmLpUpuA==/com.smile.gifmaker-l7lpefSSqjmjDaV2RMMOxA==/lib/arm/libPNG.so
09-23 23:38:15.615 D/kwai_hooker( 3476): try hook in new ELF: /data/app/~~If2OJVwU-BpTDKVmLpUpuA==/com.smile.gifmaker-l7lpefSSqjmjDaV2RMMOxA==/lib/arm/libPNG.so
09-23 23:38:15.616 D/unknown ( 3476): bh_dl_monitor_dlmutex_add_lock_count:0
09-23 23:38:15.616 D/unknown ( 3476): before dlopen ext:1
09-23 23:38:15.638 D/unknown ( 3476): bh_dl_monitor_dlmutex_sub_lock_count:1
09-23 23:38:15.638 D/unknown ( 3476): dlopen ext callback:0
09-23 23:38:15.638 D/kwai_hooker( 3476): onDlopen /data/app/~~If2OJVwU-BpTDKVmLpUpuA==/com.smile.gifmaker-l7lpefSSqjmjDaV2RMMOxA==/lib/arm/libCGE.so
09-23 23:38:15.639 D/kwai_hooker( 3476): try hook in new ELF: /data/app/~~If2OJVwU-BpTDKVmLpUpuA==/com.smile.gifmaker-l7lpefSSqjmjDaV2RMMOxA==/lib/arm/libCGE.so
09-23 23:38:15.655 E/CGE ( 3476): CGE JNI on load, Loading gles3.0 api: Success!
09-23 23:38:15.656 I/AdrenoGLES-0( 3476): QUALCOMM build : 47421dbee6, I139f36ad46
09-23 23:38:15.656 I/AdrenoGLES-0( 3476): Build Date : 02/18/22
09-23 23:38:15.656 I/AdrenoGLES-0( 3476): OpenGL ES Shader Compiler Version: EV031.32.02.17
09-23 23:38:15.656 I/AdrenoGLES-0( 3476): Local Branch :
09-23 23:38:15.656 I/AdrenoGLES-0( 3476): Remote Branch :
09-23 23:38:15.656 I/AdrenoGLES-0( 3476): Remote Branch :
09-23 23:38:15.656 I/AdrenoGLES-0( 3476): Reconstruct Branch :
09-23 23:38:15.656 I/AdrenoGLES-0( 3476): Build Config : S P 10.0.7 AArch32
09-23 23:38:15.656 I/AdrenoGLES-0( 3476): Driver Path : /vendor/lib/egl/libGLESv2_adreno.so
09-23 23:38:15.658 I/hwservicemanager( 514): getTransport: Cannot find entry android.hardware.graphics.mapper@4.0::IMapper/default in either framework or device VINTF manifest.
09-23 23:38:15.659 D/unknown ( 3476): bh_dl_monitor_dlmutex_add_lock_count:0
09-23 23:38:15.659 D/unknown ( 3476): before dlopen ext:1
09-23 23:38:15.660 D/unknown ( 3476): bh_dl_monitor_dlmutex_sub_lock_count:1
09-23 23:38:15.660 D/unknown ( 3476): dlopen ext callback:0
09-23 23:38:15.660 D/kwai_hooker( 3476): onDlopen /vendor/lib/hw/android.hardware.graphics.mapper@3.0-impl-qti-display.so
09-23 23:38:15.662 D/unknown ( 3476): bh_dl_monitor_dlmutex_add_lock_count:0
09-23 23:38:15.662 D/unknown ( 3476): before dlopen ext:1
09-23 23:38:15.665 D/unknown ( 3476): bh_dl_monitor_dlmutex_sub_lock_count:1
09-23 23:38:15.665 D/unknown ( 3476): dlopen ext callback:0
09-23 23:38:15.665 D/kwai_hooker( 3476): onDlopen /vendor/lib/hw/gralloc.kona.so
09-23 23:38:15.666 D/kwai_hooker( 3476): try hook in new ELF: /vendor/lib/hw/gralloc.kona.so
09-23 23:38:15.669 I/AdrenoGLES-0( 3476): PFP: 0x016dd093, ME: 0x00000000
09-23 23:38:15.669 D/unknown ( 3476): bh_dl_monitor_dlmutex_add_lock_count:0
09-23 23:38:15.669 D/unknown ( 3476): before dlopen:1
09-23 23:38:15.672 I/sysui_multi_action( 1487): [757,1717,758,1,759,0]
09-23 23:38:15.672 I/sysui_multi_action( 1487): [757,1717,758,2,759,0]
09-23 23:38:15.673 I/sysui_multi_action( 1487): [757,1717,758,3,759,0]
09-23 23:38:15.681 D/unknown ( 3476): bh_dl_monitor_dlmutex_sub_lock_count:1
09-23 23:38:15.681 D/unknown ( 3476): dlopen callback:0
09-23 23:38:15.681 D/kwai_hooker( 3476): onDlopen libadreno_app_profiles.so
09-23 23:38:15.682 D/kwai_hooker( 3476): try hook in new ELF: /vendor/lib/libadreno_app_profiles.so
09-23 23:38:15.682 D/kwai_hooker( 3476): try hook in new ELF: /apex/com.android.vndk.v30/lib/libhidlmemory.so
09-23 23:38:15.682 D/kwai_hooker( 3476): try hook in new ELF: /apex/com.android.vndk.v30/lib/android.hidl.memory@1.0.so
09-23 23:38:15.682 D/kwai_hooker( 3476): try hook in new ELF: /vendor/lib/vendor.qti.qspmhal@1.0.so
09-23 23:38:15.682 D/kwai_hooker( 3476): try hook in new ELF: /apex/com.android.vndk.v30/lib/android.hidl.memory.token@1.0.so
09-23 23:38:15.693 D/unknown ( 3476): bh_dl_monitor_dlmutex_add_lock_count:0
09-23 23:38:15.693 D/unknown ( 3476): before dlopen:1
09-23 23:38:15.693 D/unknown ( 3476): bh_dl_monitor_dlmutex_sub_lock_count:1
09-23 23:38:15.693 D/unknown ( 3476): dlopen callback:0
09-23 23:38:15.693 D/kwai_hooker( 3476): onDlopen libEGL_adreno.so
09-23 23:38:15.706 D/BufferPoolAccessor2.0( 1208): evictor expired: 1, evicted: 0
09-23 23:38:15.709 D/BufferPoolAccessor2.0( 1487): evictor expired: 2, evicted: 0
09-23 23:38:15.710 D/unknown ( 3476): bh_dl_monitor_dlmutex_add_lock_count:0
09-23 23:38:15.710 D/unknown ( 3476): before dlopen ext:1
09-23 23:38:15.715 D/unknown ( 3476): bh_dl_monitor_dlmutex_sub_lock_count:1
09-23 23:38:15.715 D/unknown ( 3476): dlopen ext callback:0
09-23 23:38:15.715 D/kwai_hooker( 3476): onDlopen /data/app/~~If2OJVwU-BpTDKVmLpUpuA==/com.smile.gifmaker-l7lpefSSqjmjDaV2RMMOxA==/lib/arm/libprotobuf-lite.so
09-23 23:38:15.716 D/kwai_hooker( 3476): try hook in new ELF: /data/app/~~If2OJVwU-BpTDKVmLpUpuA==/com.smile.gifmaker-l7lpefSSqjmjDaV2RMMOxA==/lib/arm/libprotobuf-lite.so
09-23 23:38:15.717 D/unknown ( 3476): bh_dl_monitor_dlmutex_add_lock_count:0
09-23 23:38:15.717 D/unknown ( 3476): before dlopen ext:1
09-23 23:38:15.720 W/linker ( 3476): Warning: "/data/app/~~If2OJVwU-BpTDKVmLpUpuA==/com.smile.gifmaker-l7lpefSSqjmjDaV2RMMOxA==/lib/arm/libturbojpeg.so" unused DT entry: DT_RPATH (type 0xf arg 0x447) (ignoring)
09-23 23:38:15.721 D/unknown ( 3476): bh_dl_monitor_dlmutex_sub_lock_count:1
09-23 23:38:15.721 D/unknown ( 3476): dlopen ext callback:0
09-23 23:38:15.721 D/kwai_hooker( 3476): onDlopen /data/app/~~If2OJVwU-BpTDKVmLpUpuA==/com.smile.gifmaker-l7lpefSSqjmjDaV2RMMOxA==/lib/arm/libturbojpeg.so
09-23 23:38:15.721 D/kwai_hooker( 3476): try hook in new ELF: /data/app/~~If2OJVwU-BpTDKVmLpUpuA==/com.smile.gifmaker-l7lpefSSqjmjDaV2RMMOxA==/lib/arm/libturbojpeg.so
09-23 23:38:15.721 D/unknown ( 3476): bh_dl_monitor_dlmutex_add_lock_count:0
09-23 23:38:15.721 D/unknown ( 3476): before dlopen ext:1
09-23 23:38:15.731 D/unknown ( 3476): bh_dl_monitor_dlmutex_sub_lock_count:1
09-23 23:38:15.731 D/unknown ( 3476): dlopen ext callback:0
09-23 23:38:15.731 D/kwai_hooker( 3476): onDlopen /data/app/~~If2OJVwU-BpTDKVmLpUpuA==/com.smile.gifmaker-l7lpefSSqjmjDaV2RMMOxA==/lib/arm/libdaenerys.so
09-23 23:38:15.731 D/kwai_hooker( 3476): try hook in new ELF: /data/app/~~If2OJVwU-BpTDKVmLpUpuA==/com.smile.gifmaker-l7lpefSSqjmjDaV2RMMOxA==/lib/arm/libdaenerys.so
09-23 23:38:15.744 I/KLog ( 3476): [I] [Tid: -1315585600] >>> this is new log session <<<
09-23 23:38:15.744 I/KLog ( 3476): [I] [Tid: -1315585600] >>> this is new log session <<<
09-23 23:38:15.745 D/unknown ( 3476): bh_dl_monitor_dlmutex_add_lock_count:0
09-23 23:38:15.745 D/unknown ( 3476): before dlopen ext:1
09-23 23:38:15.751 D/unknown ( 3476): bh_dl_monitor_dlmutex_sub_lock_count:1
09-23 23:38:15.751 D/unknown ( 3476): dlopen ext callback:0
09-23 23:38:15.751 D/kwai_hooker( 3476): onDlopen /data/app/~~If2OJVwU-BpTDKVmLpUpuA==/com.smile.gifmaker-l7lpefSSqjmjDaV2RMMOxA==/lib/arm/libwesteros.so
09-23 23:38:15.752 D/kwai_hooker( 3476): try hook in new ELF: /data/app/~~If2OJVwU-BpTDKVmLpUpuA==/com.smile.gifmaker-l7lpefSSqjmjDaV2RMMOxA==/lib/arm/libwesteros.so
09-23 23:38:15.753 I/KLog ( 3476): [I] [Tid: -1315585600] >>> this is new log session <<<
09-23 23:38:15.753 D/unknown ( 3476): bh_dl_monitor_dlmutex_add_lock_count:0
09-23 23:38:15.753 D/unknown ( 3476): before dlopen ext:1
09-23 23:38:15.757 D/unknown ( 3476): bh_dl_monitor_dlmutex_sub_lock_count:1
09-23 23:38:15.757 D/unknown ( 3476): dlopen ext callback:0
09-23 23:38:15.757 D/kwai_hooker( 3476): onDlopen /data/app/~~If2OJVwU-BpTDKVmLpUpuA==/com.smile.gifmaker-l7lpefSSqjmjDaV2RMMOxA==/lib/arm/libykit_core_plugin.so
09-23 23:38:15.758 D/kwai_hooker( 3476): try hook in new ELF: /data/app/~~If2OJVwU-BpTDKVmLpUpuA==/com.smile.gifmaker-l7lpefSSqjmjDaV2RMMOxA==/lib/arm/libykit_core_plugin.so
09-23 23:38:15.758 I/KLog ( 3476): [I] [Tid: -1315585600] Westeros runtime abi version 10.4, compile version 10.4
09-23 23:38:15.759 D/unknown ( 3476): bh_dl_monitor_dlmutex_add_lock_count:0
09-23 23:38:15.759 D/unknown ( 3476): before dlopen ext:1
09-23 23:38:15.764 D/unknown ( 3476): bh_dl_monitor_dlmutex_sub_lock_count:1
09-23 23:38:15.764 D/unknown ( 3476): dlopen ext callback:0
09-23 23:38:15.766 D/unknown ( 3476): bh_dl_monitor_dlmutex_add_lock_count:0
09-23 23:38:15.767 D/unknown ( 3476): before dlopen ext:1
09-23 23:38:15.769 D/unknown ( 3476): bh_dl_monitor_dlmutex_sub_lock_count:1
09-23 23:38:15.769 D/unknown ( 3476): dlopen ext callback:0
09-23 23:38:15.769 D/kwai_hooker( 3476): onDlopen /data/app/~~If2OJVwU-BpTDKVmLpUpuA==/com.smile.gifmaker-l7lpefSSqjmjDaV2RMMOxA==/lib/arm/libklsf.so
09-23 23:38:15.770 D/kwai_hooker( 3476): try hook in new ELF: /data/app/~~If2OJVwU-BpTDKVmLpUpuA==/com.smile.gifmaker-l7lpefSSqjmjDaV2RMMOxA==/lib/arm/libklsf.so
09-23 23:38:15.771 D/unknown ( 3476): bh_dl_monitor_dlmutex_add_lock_count:0
09-23 23:38:15.771 D/unknown ( 3476): before dlopen ext:1
09-23 23:38:15.843 I/unknown ( 3476): khook pthread_attr_init_callback set thread stack from 1008 to 256 KB
09-23 23:38:15.843 I/unknown ( 3476): khook setstacksize __addr 0xaf305678, from 1040 KB to 256 KB
09-23 23:38:15.903 I/mpu_uart( 654): [MSG-P:RECV]:No message received in 1000 ms
09-23 23:38:15.917 D/unknown ( 3476): bh_dl_monitor_dlmutex_sub_lock_count:1
09-23 23:38:15.917 D/unknown ( 3476): dlopen ext callback:0
09-23 23:38:15.917 D/kwai_hooker( 3476): onDlopen /data/app/~~If2OJVwU-BpTDKVmLpUpuA==/com.smile.gifmaker-l7lpefSSqjmjDaV2RMMOxA==/lib/arm/libskwai.so
09-23 23:38:15.918 D/kwai_hooker( 3476): try hook in new ELF: /data/app/~~If2OJVwU-BpTDKVmLpUpuA==/com.smile.gifmaker-l7lpefSSqjmjDaV2RMMOxA==/lib/arm/libskwai.so
09-23 23:38:15.919 D/unknown ( 3476): bh_dl_monitor_dlmutex_add_lock_count:0
09-23 23:38:15.919 D/unknown ( 3476): before dlopen ext:1
09-23 23:38:15.921 D/unknown ( 3476): bh_dl_monitor_dlmutex_sub_lock_count:1
09-23 23:38:15.921 D/unknown ( 3476): dlopen ext callback:0
09-23 23:38:15.921 D/kwai_hooker( 3476): onDlopen /data/app/~~If2OJVwU-BpTDKVmLpUpuA==/com.smile.gifmaker-l7lpefSSqjmjDaV2RMMOxA==/lib/arm/libkgpu.so
09-23 23:38:15.921 D/kwai_hooker( 3476): try hook in new ELF: /data/app/~~If2OJVwU-BpTDKVmLpUpuA==/com.smile.gifmaker-l7lpefSSqjmjDaV2RMMOxA==/lib/arm/libkgpu.so
09-23 23:38:15.922 D/unknown ( 3476): bh_dl_monitor_dlmutex_add_lock_count:0
09-23 23:38:15.922 D/unknown ( 3476): before dlopen ext:1
09-23 23:38:15.926 D/unknown ( 3476): bh_dl_monitor_dlmutex_sub_lock_count:1
09-23 23:38:15.926 D/unknown ( 3476): dlopen ext callback:0
09-23 23:38:15.926 D/kwai_hooker( 3476): onDlopen /data/app/~~If2OJVwU-BpTDKVmLpUpuA==/com.smile.gifmaker-l7lpefSSqjmjDaV2RMMOxA==/lib/arm/libspine.so
09-23 23:38:15.926 D/kwai_hooker( 3476): try hook in new ELF: /data/app/~~If2OJVwU-BpTDKVmLpUpuA==/com.smile.gifmaker-l7lpefSSqjmjDaV2RMMOxA==/lib/arm/libspine.so
09-23 23:38:15.927 D/unknown ( 3476): bh_dl_monitor_dlmutex_add_lock_count:0
09-23 23:38:15.927 D/unknown ( 3476): before dlopen ext:1
09-23 23:38:15.939 D/unknown ( 3476): bh_dl_monitor_dlmutex_sub_lock_count:1
09-23 23:38:15.939 D/unknown ( 3476): dlopen ext callback:0
09-23 23:38:15.939 D/kwai_hooker( 3476): onDlopen /data/app/~~If2OJVwU-BpTDKVmLpUpuA==/com.smile.gifmaker-l7lpefSSqjmjDaV2RMMOxA==/lib/arm/libgorgeous.so
09-23 23:38:15.939 D/kwai_hooker( 3476): try hook in new ELF: /data/app/~~If2OJVwU-BpTDKVmLpUpuA==/com.smile.gifmaker-l7lpefSSqjmjDaV2RMMOxA==/lib/arm/libgorgeous.so
09-23 23:38:15.940 D/unknown ( 3476): bh_dl_monitor_dlmutex_add_lock_count:0
09-23 23:38:15.940 D/unknown ( 3476): before dlopen ext:1
09-23 23:38:15.973 D/unknown ( 3476): bh_dl_monitor_dlmutex_sub_lock_count:1
09-23 23:38:15.973 D/unknown ( 3476): dlopen ext callback:0
09-23 23:38:15.973 D/kwai_hooker( 3476): onDlopen /data/app/~~If2OJVwU-BpTDKVmLpUpuA==/com.smile.gifmaker-l7lpefSSqjmjDaV2RMMOxA==/lib/arm/libFaceMagic.so
09-23 23:38:15.973 D/kwai_hooker( 3476): try hook in new ELF: /data/app/~~If2OJVwU-BpTDKVmLpUpuA==/com.smile.gifmaker-l7lpefSSqjmjDaV2RMMOxA==/lib/arm/libFaceMagic.so
09-23 23:38:15.974 D/unknown ( 3476): bh_dl_monitor_dlmutex_add_lock_count:0
09-23 23:38:15.974 D/unknown ( 3476): before dlopen ext:1
09-23 23:38:15.982 D/unknown ( 3476): bh_dl_monitor_dlmutex_sub_lock_count:1
09-23 23:38:15.982 D/unknown ( 3476): dlopen ext callback:0
09-23 23:38:15.982 D/kwai_hooker( 3476): onDlopen /data/app/~~If2OJVwU-BpTDKVmLpUpuA==/com.smile.gifmaker-l7lpefSSqjmjDaV2RMMOxA==/lib/arm/libfaceless-plugin.so
09-23 23:38:15.982 D/kwai_hooker( 3476): try hook in new ELF: /data/app/~~If2OJVwU-BpTDKVmLpUpuA==/com.smile.gifmaker-l7lpefSSqjmjDaV2RMMOxA==/lib/arm/libfaceless-plugin.so
09-23 23:38:15.983 I/KLog ( 3476): [I] [Tid: -1315585600] Westeros runtime abi version 10.4, compile version 10.4
09-23 23:38:15.984 E/CGE ( 3476): CGE JNI setClassLoader, Fine!
09-23 23:38:15.984 E/CGE ( 3476): CGE JNI setClassLoader, Fine!
09-23 23:38:15.984 E/CGE ( 3476): CGE JNI setAssetManager, Fine!
09-23 23:38:15.990 E/KLog ( 3476): [E] [Tid: -1315585600] DaenerysParameterUtils|
09-23 23:38:15.990 E/KLog ( 3476): [E] [Tid: -1315585600] DaenerysParameterUtils| can't get zaerothparam!!!
09-23 23:38:16.000 D/CompatibilityChangeReporter( 1487): Compat change id reported: 135634846; UID 10106; state: DISABLED
09-23 23:38:16.000 D/CompatibilityChangeReporter( 1487): Compat change id reported: 143937733; UID 10106; state: DISABLED
09-23 23:38:16.014 I/ActivityManager( 1487): Waited long enough for: ServiceRecord{cb6e685 u0 com.qti.diagservices/.QTIDiagServices}
09-23 23:38:16.016 D/Zygote ( 675): Forked child process 4290
09-23 23:38:16.017 I/am_proc_start( 1487): [0,4290,10106,com.smile.gifmaker:compatibility,service,{com.smile.gifmaker/com.yxcorp.gifshow.camerasdk.compatibility.HardwareEncodeTestService}]
09-23 23:38:16.017 I/ActivityManager( 1487): Start proc 4290:com.smile.gifmaker:compatibility/u0a106 for service {com.smile.gifmaker/com.yxcorp.gifshow.camerasdk.compatibility.HardwareEncodeTestService}
09-23 23:38:16.038 W/r:compatibilit( 4290): Using default instruction set features for ARM CPU variant (cortex-a9) using conservative defaults
09-23 23:38:16.043 E/r:compatibilit( 4290): Not starting debugger since process cannot load the jdwp agent.
09-23 23:38:16.045 D/ProcessState( 4290): Binder ioctl to enable oneway spam detection failed: Invalid argument
09-23 23:38:16.052 I/am_proc_bound( 1487): [0,4290,com.smile.gifmaker:compatibility]
09-23 23:38:16.053 I/unknown ( 3476): khook pthread_attr_init_callback set thread stack from 1008 to 256 KB
09-23 23:38:16.053 I/unknown ( 3476): khook setstacksize __addr 0xaf305a08, from 1040 KB to 256 KB
09-23 23:38:16.054 D/CompatibilityInfo( 1487): mCompatibilityFlags - 4
09-23 23:38:16.054 D/CompatibilityInfo( 1487): applicationDensity - 240
09-23 23:38:16.054 D/CompatibilityInfo( 1487): applicationScale - 1.0
09-23 23:38:16.058 D/CompatibilityInfo( 1487): mCompatibilityFlags - 4
09-23 23:38:16.058 D/CompatibilityInfo( 1487): applicationDensity - 240
09-23 23:38:16.058 D/CompatibilityInfo( 1487): applicationScale - 1.0
09-23 23:38:16.060 D/CompatibilityChangeReporter( 4290): Compat change id reported: 171979766; UID 10106; state: DISABLED
09-23 23:38:16.067 D/ApplicationLoaders( 4290): Returning zygote-cached class loader: /system/framework/android.test.base.jar
09-23 23:38:16.167 I/Perf ( 4290): Connecting to perf service.
09-23 23:38:16.169 D/NetworkMonitor/100( 1956): isDataStall: result=1, tcp packets received=0, latest tcp fail rate=-1, consecutive dns timeout count=16
09-23 23:38:16.169 D/NetworkMonitor/100( 1956): Suspecting data stall, reevaluate
09-23 23:38:16.170 D/ConnectivityService( 1487): Data stall detected with methods: 1
09-23 23:38:16.170 D/NetworkMonitor/100( 1956): Validation disabled.
09-23 23:38:16.172 V/GraphicsEnvironment( 4290): ANGLE Developer option for 'com.smile.gifmaker' set to: 'default'
09-23 23:38:16.173 V/GraphicsEnvironment( 4290): ANGLE GameManagerService for com.smile.gifmaker: false
09-23 23:38:16.173 V/GraphicsEnvironment( 4290): Updatable production driver is not supported on the device.
09-23 23:38:16.174 D/NetworkSecurityConfig( 4290): Using Network Security Config from resource arg debugBuild: false
09-23 23:38:16.175 D/ConnectivityService( 1487): [100 WIFI] validation passed
09-23 23:38:16.175 D/NetworkSecurityConfig( 4290): Using Network Security Config from resource arg debugBuild: false
09-23 23:38:16.206 I/MMKV ( 4290): current API level = 31, libc++_shared=1
09-23 23:38:16.206 I/MMKV ( 4290): version v1.2.13, page size 4096, arch armeabi-v7a/NEON
09-23 23:38:16.206 I/MMKV ( 4290): root dir: /data/user/0/com.smile.gifmaker/files/mmkv
09-23 23:38:16.208 I/MMKV ( 4290): open fd[0x40], /data/user/0/com.smile.gifmaker/files/mmkv/gifshow
09-23 23:38:16.208 I/MMKV ( 4290): open fd[0x41], /data/user/0/com.smile.gifmaker/files/mmkv/gifshow.crc
09-23 23:38:16.208 I/MMKV ( 4290): loading [gifshow] with 10347 actual size, file size 16384, InterProcess 1, meta info version:3
09-23 23:38:16.208 I/MMKV ( 4290): loading [gifshow] with crc 780855267 sequence 7 version 3
09-23 23:38:16.209 I/MMKV ( 4290): loaded [gifshow] with 105 key-values
09-23 23:38:16.222 I/MMKV ( 4290): open fd[0x47], /data/user/0/com.smile.gifmaker/files/mmkv/pref_id_OpenNetworkTypeCache
09-23 23:38:16.222 I/MMKV ( 4290): open fd[0x48], /data/user/0/com.smile.gifmaker/files/mmkv/pref_id_OpenNetworkTypeCache.crc
09-23 23:38:16.222 I/MMKV ( 4290): loading [pref_id_OpenNetworkTypeCache] with 96 actual size, file size 4096, InterProcess 1, meta info version:3
09-23 23:38:16.222 I/MMKV ( 4290): loading [pref_id_OpenNetworkTypeCache] with crc 2132854284 sequence 1 version 3
09-23 23:38:16.222 I/MMKV ( 4290): loaded [pref_id_OpenNetworkTypeCache] with 1 key-values
09-23 23:38:16.234 W/System ( 4290): ClassLoader referenced unknown path:
09-23 23:38:16.234 W/r:compatibilit( 4290): Unsupported class loader
09-23 23:38:16.235 I/MMKV ( 4290): open fd[0x4a], /data/user/0/com.smile.gifmaker/files/mmkv/dva
09-23 23:38:16.235 I/MMKV ( 4290): open fd[0x4b], /data/user/0/com.smile.gifmaker/files/mmkv/dva.crc
09-23 23:38:16.235 I/MMKV ( 4290): loading [dva] with 78704 actual size, file size 131072, InterProcess 1, meta info version:3
09-23 23:38:16.235 I/MMKV ( 4290): loading [dva] with crc 3059216378 sequence 2 version 3
09-23 23:38:16.236 I/MMKV ( 4290): loaded [dva] with 1 key-values
09-23 23:38:16.258 W/System ( 4290): ClassLoader referenced unknown path:
09-23 23:38:16.258 W/r:compatibilit( 4290): Unsupported class loader
09-23 23:38:16.272 I/MMKV ( 4290): open fd[0x4d], /data/user/0/com.smile.gifmaker/files/mmkv/com.smile.gifmaker_switches
09-23 23:38:16.272 I/MMKV ( 4290): open fd[0x4e], /data/user/0/com.smile.gifmaker/files/mmkv/com.smile.gifmaker_switches.crc
09-23 23:38:16.272 I/MMKV ( 4290): loading [com.smile.gifmaker_switches] with 34 actual size, file size 4096, InterProcess 1, meta info version:3
09-23 23:38:16.272 I/MMKV ( 4290): loading [com.smile.gifmaker_switches] with crc 900039922 sequence 1 version 3
09-23 23:38:16.272 I/MMKV ( 4290): loaded [com.smile.gifmaker_switches] with 1 key-values
09-23 23:38:16.273 I/MMKV ( 4290): open fd[0x4f], /data/user/0/com.smile.gifmaker/files/mmkv/com.smile.gifmaker_switches_1
09-23 23:38:16.273 I/MMKV ( 4290): open fd[0x50], /data/user/0/com.smile.gifmaker/files/mmkv/com.smile.gifmaker_switches_1.crc
09-23 23:38:16.273 I/MMKV ( 4290): loading [com.smile.gifmaker_switches_1] with 0 actual size, file size 4096, InterProcess 1, meta info version:1
09-23 23:38:16.273 I/MMKV ( 4290): loaded [com.smile.gifmaker_switches_1] with 0 key-values
09-23 23:38:16.273 I/MMKV ( 4290): open fd[0x51], /data/user/0/com.smile.gifmaker/files/mmkv/se_config
09-23 23:38:16.273 I/MMKV ( 4290): open fd[0x52], /data/user/0/com.smile.gifmaker/files/mmkv/se_config.crc
09-23 23:38:16.273 I/MMKV ( 4290): loading [se_config] with 196 actual size, file size 4096, InterProcess 1, meta info version:3
09-23 23:38:16.273 I/MMKV ( 4290): loading [se_config] with crc 2911476546 sequence 1 version 3
09-23 23:38:16.273 I/MMKV ( 4290): loaded [se_config] with 1 key-values
09-23 23:38:16.279 I/MMKV ( 4290): open fd[0x53], /data/user/0/com.smile.gifmaker/files/mmkv/exception
09-23 23:38:16.280 I/MMKV ( 4290): open fd[0x54], /data/user/0/com.smile.gifmaker/files/mmkv/exception.crc
09-23 23:38:16.280 I/MMKV ( 4290): loading [exception] with 1371 actual size, file size 4096, InterProcess 1, meta info version:3
09-23 23:38:16.280 I/MMKV ( 4290): loading [exception] with crc 1701339865 sequence 1 version 3
09-23 23:38:16.280 I/MMKV ( 4290): loaded [exception] with 14 key-values
09-23 23:38:16.280 I/MMKV ( 4290): open fd[0x55], /data/user/0/com.smile.gifmaker/files/mmkv/com.smile.gifmaker_abtest
09-23 23:38:16.280 I/MMKV ( 4290): open fd[0x56], /data/user/0/com.smile.gifmaker/files/mmkv/com.smile.gifmaker_abtest.crc
09-23 23:38:16.280 I/MMKV ( 4290): loading [com.smile.gifmaker_abtest] with 0 actual size, file size 4096, InterProcess 1, meta info version:1
09-23 23:38:16.280 I/MMKV ( 4290): loaded [com.smile.gifmaker_abtest] with 0 key-values
09-23 23:38:16.280 I/MMKV ( 4290): open fd[0x57], /data/user/0/com.smile.gifmaker/files/mmkv/com.smile.gifmaker_user_0_abtest
09-23 23:38:16.281 I/MMKV ( 4290): open fd[0x58], /data/user/0/com.smile.gifmaker/files/mmkv/com.smile.gifmaker_user_0_abtest.crc
09-23 23:38:16.281 I/MMKV ( 4290): loading [com.smile.gifmaker_user_0_abtest] with 0 actual size, file size 4096, InterProcess 1, meta info version:1
09-23 23:38:16.281 I/MMKV ( 4290): loaded [com.smile.gifmaker_user_0_abtest] with 0 key-values
09-23 23:38:16.281 I/MMKV ( 4290): open fd[0x59], /data/user/0/com.smile.gifmaker/files/mmkv/com.smile.gifmaker_device_abtest
09-23 23:38:16.281 I/MMKV ( 4290): open fd[0x5a], /data/user/0/com.smile.gifmaker/files/mmkv/com.smile.gifmaker_device_abtest.crc
09-23 23:38:16.281 I/MMKV ( 4290): loading [com.smile.gifmaker_device_abtest] with 0 actual size, file size 4096, InterProcess 1, meta info version:1
09-23 23:38:16.281 I/MMKV ( 4290): loaded [com.smile.gifmaker_device_abtest] with 0 key-values
09-23 23:38:16.293 I/exception_handler( 4290): Native DumpCallback Run lck
09-23 23:38:16.293 I/exception_handler( 4290): Native DumpCallback Run wait
09-23 23:38:16.294 I/exception_handler( 4290): ANR DumpCallback Run lck
09-23 23:38:16.294 I/exception_handler( 4290): ANR DumpCallback Run wait
09-23 23:38:16.294 I/MMKV ( 4290): open fd[0x5b], /data/user/0/com.smile.gifmaker/files/mmkv/webviewCrashCount
09-23 23:38:16.294 I/MMKV ( 4290): open fd[0x5c], /data/user/0/com.smile.gifmaker/files/mmkv/webviewCrashCount.crc
09-23 23:38:16.294 I/MMKV ( 4290): loading [webviewCrashCount] with 0 actual size, file size 4096, InterProcess 1, meta info version:1
09-23 23:38:16.294 I/MMKV ( 4290): loaded [webviewCrashCount] with 0 key-values
09-23 23:38:16.296 E/r:compatibilit( 4290): No implementation found for void com.kwai.kmalloc.KMalloc.recordLaunchSuccessAsync() (tried Java_com_kwai_kmalloc_KMalloc_recordLaunchSuccessAsync and Java_com_kwai_kmalloc_KMalloc_recordLaunchSuccessAsync__)
09-23 23:38:16.296 I/unknown ( 3476): khook pthread_attr_init_callback set thread stack from 1008 to 256 KB
09-23 23:38:16.296 I/unknown ( 3476): khook setstacksize __addr 0xb195b478, from 1040 KB to 256 KB
09-23 23:38:16.299 I/MMKV ( 4290): open fd[0x5d], /data/user/0/com.smile.gifmaker/files/mmkv/TEST_CONFIG
09-23 23:38:16.299 I/MMKV ( 4290): open fd[0x5e], /data/user/0/com.smile.gifmaker/files/mmkv/TEST_CONFIG.crc
09-23 23:38:16.299 I/MMKV ( 4290): loading [TEST_CONFIG] with 146 actual size, file size 4096, InterProcess 1, meta info version:3
09-23 23:38:16.299 I/MMKV ( 4290): loading [TEST_CONFIG] with crc 3302898805 sequence 1 version 3
09-23 23:38:16.299 I/MMKV ( 4290): loaded [TEST_CONFIG] with 5 key-values
09-23 23:38:16.304 I/MMKV ( 4290): open fd[0x62], /data/user/0/com.smile.gifmaker/files/mmkv/PRIVACY_KIT
09-23 23:38:16.304 I/MMKV ( 4290): open fd[0x63], /data/user/0/com.smile.gifmaker/files/mmkv/PRIVACY_KIT.crc
09-23 23:38:16.304 I/MMKV ( 4290): loading [PRIVACY_KIT] with 232 actual size, file size 4096, InterProcess 1, meta info version:3
09-23 23:38:16.304 I/MMKV ( 4290): loading [PRIVACY_KIT] with crc 1939273806 sequence 1 version 3
09-23 23:38:16.304 I/MMKV ( 4290): loaded [PRIVACY_KIT] with 2 key-values
09-23 23:38:16.306 I/MMKV ( 4290): open fd[0x64], /data/user/0/com.smile.gifmaker/files/mmkv/push_sdk_v3
09-23 23:38:16.306 I/MMKV ( 4290): open fd[0x65], /data/user/0/com.smile.gifmaker/files/mmkv/push_sdk_v3.crc
09-23 23:38:16.306 I/MMKV ( 4290): loading [push_sdk_v3] with 0 actual size, file size 4096, InterProcess 1, meta info version:1
09-23 23:38:16.306 I/MMKV ( 4290): loaded [push_sdk_v3] with 0 key-values
09-23 23:38:16.319 I/MMKV ( 4290): open fd[0x66], /data/user/0/com.smile.gifmaker/files/mmkv/pref_id_router
09-23 23:38:16.319 I/MMKV ( 4290): open fd[0x67], /data/user/0/com.smile.gifmaker/files/mmkv/pref_id_router.crc
09-23 23:38:16.319 I/MMKV ( 4290): loading [pref_id_router] with 16309 actual size, file size 16384, InterProcess 1, meta info version:3
09-23 23:38:16.319 I/MMKV ( 4290): loading [pref_id_router] with crc 216732145 sequence 3 version 3
09-23 23:38:16.320 I/MMKV ( 4290): loaded [pref_id_router] with 143 key-values
09-23 23:38:16.326 I/MMKV ( 4290): extending [pref_id_router] file size from 16384 to 32768, incoming size:481, future usage:6336
09-23 23:38:16.353 I/MMKV ( 4290): open fd[0x6c], /data/user/0/com.smile.gifmaker/files/mmkv/log_store
09-23 23:38:16.353 I/MMKV ( 4290): open fd[0x6d], /data/user/0/com.smile.gifmaker/files/mmkv/log_store.crc
09-23 23:38:16.353 I/MMKV ( 4290): loading [log_store] with 96 actual size, file size 4096, InterProcess 1, meta info version:3
09-23 23:38:16.353 I/MMKV ( 4290): loading [log_store] with crc 3045546344 sequence 1 version 3
09-23 23:38:16.353 I/MMKV ( 4290): loaded [log_store] with 2 key-values
09-23 23:38:16.355 I/MMKV ( 4290): open fd[0x6e], /data/user/0/com.smile.gifmaker/files/mmkv/pref_id_king_data
09-23 23:38:16.355 I/MMKV ( 4290): open fd[0x6f], /data/user/0/com.smile.gifmaker/files/mmkv/pref_id_king_data.crc
09-23 23:38:16.355 I/MMKV ( 4290): loading [pref_id_king_data] with 0 actual size, file size 4096, InterProcess 1, meta info version:1
09-23 23:38:16.355 I/MMKV ( 4290): loaded [pref_id_king_data] with 0 key-values
09-23 23:38:16.362 W/Looper ( 4290): Loop again would have the queued messages be executed before this one completed.
09-23 23:38:16.369 I/MMKV ( 4290): open fd[0x70], /data/user/0/com.smile.gifmaker/files/mmkv/log_switch_config
09-23 23:38:16.369 I/MMKV ( 4290): open fd[0x71], /data/user/0/com.smile.gifmaker/files/mmkv/log_switch_config.crc
09-23 23:38:16.369 I/MMKV ( 4290): loading [log_switch_config] with 0 actual size, file size 4096, InterProcess 1, meta info version:1
09-23 23:38:16.369 I/MMKV ( 4290): loaded [log_switch_config] with 0 key-values
09-23 23:38:16.373 I/MMKV ( 4290): open fd[0x72], /data/user/0/com.smile.gifmaker/files/mmkv/encode_config
09-23 23:38:16.373 I/MMKV ( 4290): open fd[0x73], /data/user/0/com.smile.gifmaker/files/mmkv/encode_config.crc
09-23 23:38:16.373 I/MMKV ( 4290): loading [encode_config] with 100 actual size, file size 4096, InterProcess 1, meta info version:3
09-23 23:38:16.373 I/MMKV ( 4290): loading [encode_config] with crc 1924985382 sequence 1 version 3
09-23 23:38:16.373 I/MMKV ( 4290): loaded [encode_config] with 3 key-values
09-23 23:38:16.380 I/MMKV ( 4290): open fd[0x77], /data/user/0/com.smile.gifmaker/files/mmkv/specialCharacter/17c339af4ab531bebeb6d2b25b8e4b72
09-23 23:38:16.380 I/MMKV ( 4290): open fd[0x78], /data/user/0/com.smile.gifmaker/files/mmkv/specialCharacter/17c339af4ab531bebeb6d2b25b8e4b72.crc
09-23 23:38:16.380 I/MMKV ( 4290): loading [vader-client-logcom.smile.gifmaker:compatibility_SequenceId] with 0 actual size, file size 4096, InterProcess 1, meta info version:0
09-23 23:38:16.380 I/MMKV ( 4290): loaded [vader-client-logcom.smile.gifmaker:compatibility_SequenceId] with 0 key-values
09-23 23:38:16.400 W/SQLiteLog( 4290): (28) double-quoted string literal: "4c09005c4b7b5d256c98a4fefa210334"
09-23 23:38:16.404 I/MMKV ( 4290): open fd[0x7f], /data/user/0/com.smile.gifmaker/files/mmkv/ChannelDelayedState
09-23 23:38:16.404 I/MMKV ( 4290): open fd[0x80], /data/user/0/com.smile.gifmaker/files/mmkv/ChannelDelayedState.crc
09-23 23:38:16.404 I/MMKV ( 4290): loading [ChannelDelayedState] with 0 actual size, file size 4096, InterProcess 1, meta info version:1
09-23 23:38:16.404 I/MMKV ( 4290): loaded [ChannelDelayedState] with 0 key-values
09-23 23:38:16.706 D/BufferPoolAccessor2.0( 1208): bufferpool2 0xf0cc32c8 : 0(0 size) total buffers - 0(0 size) used buffers - 95/103 (recycle/alloc) - 8/198 (fetch/transfer)
09-23 23:38:16.706 D/BufferPoolAccessor2.0( 1208): evictor expired: 1, evicted: 1
09-23 23:38:16.707 D/BufferPoolAccessor2.0( 1249): bufferpool2 0xb400007860ed4068 : 0(0 size) total buffers - 0(0 size) used buffers - 94/97 (recycle/alloc) - 3/96 (fetch/transfer)
09-23 23:38:16.707 D/BufferPoolAccessor2.0( 1249): evictor expired: 1, evicted: 1
09-23 23:38:16.732 I/MMKV ( 3476): [pref_id_router] oldSeq 3, newSeq 4
09-23 23:38:16.732 I/MMKV ( 3476): clearMemoryCache [pref_id_router]
09-23 23:38:16.732 I/MMKV ( 3476): closing fd[0x8e], /data/user/0/com.smile.gifmaker/files/mmkv/pref_id_router
09-23 23:38:16.732 I/MMKV ( 3476): open fd[0x8e], /data/user/0/com.smile.gifmaker/files/mmkv/pref_id_router
09-23 23:38:16.732 I/MMKV ( 3476): loading [pref_id_router] with 12715 actual size, file size 32768, InterProcess 1, meta info version:3
09-23 23:38:16.732 I/MMKV ( 3476): loading [pref_id_router] with crc 2999418040 sequence 4 version 3
09-23 23:38:16.733 I/MMKV ( 3476): loaded [pref_id_router] with 143 key-values
09-23 23:38:16.903 I/mpu_uart( 654): [MSG-P:RECV]:No message received in 1000 ms
09-23 23:38:16.934 I/unknown ( 3476): khook pthread_attr_init_callback set thread stack from 1008 to 256 KB
09-23 23:38:16.934 I/unknown ( 3476): khook setstacksize __addr 0xaea4da48, from 1040 KB to 256 KB
09-23 23:38:16.942 I/unknown ( 3476): khook pthread_attr_init_callback set thread stack from 1008 to 256 KB
09-23 23:38:16.942 I/unknown ( 3476): khook setstacksize __addr 0xaea4daf8, from 1040 KB to 256 KB
09-23 23:38:16.944 W/System ( 3476): A resource failed to call close.
09-23 23:38:16.949 W/System.err( 3476): java.net.UnknownHostException: Unable to resolve host "kste.ksapisrv.com": No address associated with hostname
09-23 23:38:16.949 W/System.err( 3476): at java.net.Inet6AddressImpl.lookupHostByName(Inet6AddressImpl.java:124)
09-23 23:38:16.949 W/System.err( 3476): at java.net.Inet6AddressImpl.lookupAllHostAddr(Inet6AddressImpl.java:103)
09-23 23:38:16.949 W/System.err( 3476): at java.net.InetAddress.getAllByName(InetAddress.java:1152)
09-23 23:38:16.949 W/System.err( 3476): at okhttp3.Dns$1.lookup(kSourceFile:16842754)
09-23 23:38:16.949 W/System.err( 3476): at okhttp3.internal.connection.RouteSelector.resetNextInetSocketAddress(kSourceFile:17629313)
09-23 23:38:16.949 W/System.err( 3476): at okhttp3.internal.connection.RouteSelector.nextProxy(kSourceFile:720916)
09-23 23:38:16.949 W/System.err( 3476): at okhttp3.internal.connection.RouteSelector.next(kSourceFile:786449)
09-23 23:38:16.949 W/System.err( 3476): at okhttp3.internal.connection.StreamAllocation.findConnection(kSourceFile:87294061)
09-23 23:38:16.949 W/System.err( 3476): at okhttp3.internal.connection.StreamAllocation.findHealthyConnection(kSourceFile:103546880)
