09-23 23:41:49.371 D/LOWI-9.0.0.87.a( 1344): [LOWI-Scan] BSS 18:6f:2d:81:18:85 LOWI_PHY_MODE_11NG_HT20(5), Beacon Interval: 100, LOWI_ENCRYPTION_TYPE_WPA_PSK 11mcRanging: No, ANQP: No, LCI: No, Civic: No, capability(0x0531): ESS Privacy ShortPreamble SpectrumMgmt ShortSlotTime
09-23 23:41:49.371 D/LOWI-9.0.0.87.a( 1344): [LOWI-Scan] BSS 18:6f:2d:81:18:85 FREQ: 2472, cFreq1[40:80:160] = [2472:0:0] cFreq2 = 0 Country Code = CN
09-23 23:41:49.371 D/LOWI-9.0.0.87.a( 1344): [LOWI-Scan] BSS 18:6f:2d:81:18:85 (wlan0) ASSO: NO AddInfo: 0x1, TSF 0, 00:04:04.840, RSSI: -158, CPL: 127, AGE: 908, SSID GM_2.4G, TSFDelta: 0x7663a8dd, TXRate: 0
09-23 23:41:49.371 D/LOWI-9.0.0.87.a( 1344): [LOWI-Scan]
09-23 23:41:49.371 D/LOWI-9.0.0.87.a( 1344): [LOWI-Scan] print_bss_handler: Report beacon TSF 244841517 as it greater than probe TSF 244841517
09-23 23:41:49.371 D/LOWI-9.0.0.87.a( 1344): [LOWI-Scan] is_qcom_ie, bss_age: 0
09-23 23:41:49.371 D/LOWI-9.0.0.87.a( 1344): [LOWI-Scan] BSS 18:6f:2d:81:18:86 LOWI_PHY_MODE_11NG_HT20(5), Beacon Interval: 100, LOWI_ENCRYPTION_TYPE_OPEN 11mcRanging: No, ANQP: No, LCI: No, Civic: No, capability(0x0521): ESS ShortPreamble SpectrumMgmt ShortSlotTime
09-23 23:41:49.371 D/LOWI-9.0.0.87.a( 1344): [LOWI-Scan] BSS 18:6f:2d:81:18:86 FREQ: 2472, cFreq1[40:80:160] = [2472:0:0] cFreq2 = 0 Country Code = CN
09-23 23:41:49.371 D/LOWI-9.0.0.87.a( 1344): [LOWI-Scan] BSS 18:6f:2d:81:18:86 (wlan0) ASSO: NO AddInfo: 0x1, TSF 0, 00:04:04.841, RSSI: -154, CPL: 127, AGE: 908, SSID IT, TSFDelta: 0x766fc9ce, TXRate: 0
09-23 23:41:49.371 D/LOWI-9.0.0.87.a( 1344): [LOWI-Scan]
09-23 23:41:49.371 D/LOWI-9.0.0.87.a( 1344): [LOWI-Scan] print_bss_handler: Report Probe TSF 245460269 as it greater than Beacon TSF 245435142
09-23 23:41:49.371 D/LOWI-9.0.0.87.a( 1344): [LOWI-Scan] decode_rsn_wpa_ie: LOWI_ENCRYPTION_TYPE_WPA_PSK
09-23 23:41:49.371 D/LOWI-9.0.0.87.a( 1344): [LOWI-Scan] is_qcom_ie, bss_age: 0
09-23 23:41:49.371 D/LOWI-9.0.0.87.a( 1344): [LOWI-Scan] BSS 18:6f:2d:81:20:70 LOWI_PHY_MODE_11AC_VHT20(8), Beacon Interval: 100, LOWI_ENCRYPTION_TYPE_WPA_PSK 11mcRanging: No, ANQP: No, LCI: No, Civic: No, capability(0x0111): ESS Privacy SpectrumMgmt
09-23 23:41:49.371 D/LOWI-9.0.0.87.a( 1344): [LOWI-Scan] BSS 18:6f:2d:81:20:70 FREQ: 5300, cFreq1[40:80:160] = [5300:0:0] cFreq2 = 0 Country Code = CN
09-23 23:41:49.371 D/LOWI-9.0.0.87.a( 1344): [LOWI-Scan] BSS 18:6f:2d:81:20:70 (wlan0) ASSO: NO AddInfo: 0x0, TSF 0, 00:04:05.460, RSSI: -176, CPL: 127, AGE: 288, SSID Testing , TSFDelta: 0x995586e7, TXRate: 0
09-23 23:41:49.371 D/LOWI-9.0.0.87.a( 1344): [LOWI-Scan]
09-23 23:41:49.371 D/LOWI-9.0.0.87.a( 1344): [LOWI-Scan] print_bss_handler: Report Probe TSF 245460327 as it greater than Beacon TSF 245435418
09-23 23:41:49.371 D/LOWI-9.0.0.87.a( 1344): [LOWI-Scan] is_qcom_ie, bss_age: 0
09-23 23:41:49.371 D/LOWI-9.0.0.87.a( 1344): [LOWI-Scan] BSS 18:6f:2d:81:20:71 LOWI_PHY_MODE_11AC_VHT20(8), Beacon Interval: 100, LOWI_ENCRYPTION_TYPE_OPEN 11mcRanging: No, ANQP: No, LCI: No, Civic: No, capability(0x0101): ESS SpectrumMgmt
09-23 23:41:49.371 D/LOWI-9.0.0.87.a( 1344): [LOWI-Scan] BSS 18:6f:2d:81:20:71 FREQ: 5300, cFreq1[40:80:160] = [5300:0:0] cFreq2 = 0 Country Code = CN
09-23 23:41:49.371 D/LOWI-9.0.0.87.a( 1344): [LOWI-Scan] BSS 18:6f:2d:81:20:71 (wlan0) ASSO: NO AddInfo: 0x0, TSF 0, 00:04:05.460, RSSI: -174, CPL: 127, AGE: 288, SSID Guest, TSFDelta: 0x995ae698, TXRate: 0
09-23 23:41:49.371 D/LOWI-9.0.0.87.a( 1344): [LOWI-Scan]
09-23 23:41:49.371 D/LOWI-9.0.0.87.a( 1344): [LOWI-Scan] print_bss_handler: Report Probe TSF 245460839 as it greater than Beacon TSF 245435470
09-23 23:41:49.371 D/LOWI-9.0.0.87.a( 1344): [LOWI-Scan] decode_rsn_wpa_ie: LOWI_ENCRYPTION_TYPE_WPA_PSK
09-23 23:41:49.371 D/LOWI-9.0.0.87.a( 1344): [LOWI-Scan] is_qcom_ie, bss_age: 0
09-23 23:41:49.371 D/LOWI-9.0.0.87.a( 1344): [LOWI-Scan] BSS 18:6f:2d:81:20:72 LOWI_PHY_MODE_11AC_VHT20(8), Beacon Interval: 100, LOWI_ENCRYPTION_TYPE_WPA_PSK 11mcRanging: No, ANQP: No, LCI: No, Civic: No, capability(0x0111): ESS Privacy SpectrumMgmt
09-23 23:41:49.371 D/LOWI-9.0.0.87.a( 1344): [LOWI-Scan] BSS 18:6f:2d:81:20:72 FREQ: 5300, cFreq1[40:80:160] = [5300:0:0] cFreq2 = 0 Country Code = CN
09-23 23:41:49.371 D/LOWI-9.0.0.87.a( 1344): [LOWI-Scan] BSS 18:6f:2d:81:20:72 (wlan0) ASSO: NO AddInfo: 0x0, TSF 0, 00:04:05.460, RSSI: -172, CPL: 127, AGE: 288, SSID ZXHY, TSFDelta: 0x996021c6, TXRate: 0
09-23 23:41:49.371 D/LOWI-9.0.0.87.a( 1344): [LOWI-Scan]
09-23 23:41:49.371 D/LOWI-9.0.0.87.a( 1344): [LOWI-Scan] print_bss_handler: Report Probe TSF 245461686 as it greater than Beacon TSF 245435510
09-23 23:41:49.371 D/LOWI-9.0.0.87.a( 1344): [LOWI-Scan] decode_rsn_wpa_ie: LOWI_ENCRYPTION_TYPE_WPA_PSK
09-23 23:41:49.371 D/LOWI-9.0.0.87.a( 1344): [LOWI-Scan] is_qcom_ie, bss_age: 0
09-23 23:41:49.371 D/LOWI-9.0.0.87.a( 1344): [LOWI-Scan] BSS 18:6f:2d:81:20:73 LOWI_PHY_MODE_11AC_VHT20(8), Beacon Interval: 100, LOWI_ENCRYPTION_TYPE_WPA_PSK 11mcRanging: No, ANQP: No, LCI: No, Civic: No, capability(0x0111): ESS Privacy SpectrumMgmt
09-23 23:41:49.372 D/LOWI-9.0.0.87.a( 1344): [LOWI-Scan] BSS 18:6f:2d:81:20:73 FREQ: 5300, cFreq1[40:80:160] = [5300:0:0] cFreq2 = 0 Country Code = CN
09-23 23:41:49.372 D/LOWI-9.0.0.87.a( 1344): [LOWI-Scan] BSS 18:6f:2d:81:20:73 (wlan0) ASSO: NO AddInfo: 0x0, TSF 0, 00:04:05.461, RSSI: -174, CPL: 127, AGE: 288, SSID Fanya, TSFDelta: 0x99652647, TXRate: 0
09-23 23:41:49.372 D/LOWI-9.0.0.87.a( 1344): [LOWI-Scan]
09-23 23:41:49.372 D/LOWI-9.0.0.87.a( 1344): [LOWI-Scan] print_bss_handler: Report Probe TSF 245463248 as it greater than Beacon TSF 245435546
09-23 23:41:49.372 D/LOWI-9.0.0.87.a( 1344): [LOWI-Scan] decode_rsn_wpa_ie: LOWI_ENCRYPTION_TYPE_WPA_PSK
09-23 23:41:49.372 D/LOWI-9.0.0.87.a( 1344): [LOWI-Scan] is_qcom_ie, bss_age: 0
09-23 23:41:49.372 D/LOWI-9.0.0.87.a( 1344): [LOWI-Scan] BSS 18:6f:2d:81:20:75 LOWI_PHY_MODE_11AC_VHT20(8), Beacon Interval: 100, LOWI_ENCRYPTION_TYPE_WPA_PSK 11mcRanging: No, ANQP: No, LCI: No, Civic: No, capability(0x0111): ESS Privacy SpectrumMgmt
09-23 23:41:49.372 D/LOWI-9.0.0.87.a( 1344): [LOWI-Scan] BSS 18:6f:2d:81:20:75 FREQ: 5300, cFreq1[40:80:160] = [5300:0:0] cFreq2 = 0 Country Code = CN
09-23 23:41:49.372 D/LOWI-9.0.0.87.a( 1344): [LOWI-Scan] BSS 18:6f:2d:81:20:75 (wlan0) ASSO: NO AddInfo: 0x0, TSF 0, 00:04:05.463, RSSI: -174, CPL: 127, AGE: 288, SSID GM, TSFDelta: 0x99723306, TXRate: 0
09-23 23:41:49.372 D/LOWI-9.0.0.87.a( 1344): [LOWI-Scan]
09-23 23:41:49.372 D/LOWI-9.0.0.87.a( 1344): [LOWI-Scan] print_bss_handler: Report Probe TSF 245463563 as it greater than Beacon TSF 0
09-23 23:41:49.372 D/LOWI-9.0.0.87.a( 1344): [LOWI-Scan] is_qcom_ie, bss_age: 0
09-23 23:41:49.372 D/LOWI-9.0.0.87.a( 1344): [LOWI-Scan] BSS 18:6f:2d:81:20:76 LOWI_PHY_MODE_11AC_VHT20(8), Beacon Interval: 100, LOWI_ENCRYPTION_TYPE_OPEN 11mcRanging: No, ANQP: No, LCI: No, Civic: No, capability(0x0101): ESS SpectrumMgmt
09-23 23:41:49.372 D/LOWI-9.0.0.87.a( 1344): [LOWI-Scan] BSS 18:6f:2d:81:20:76 FREQ: 5300, cFreq1[40:80:160] = [5300:0:0] cFreq2 = 0 Country Code = CN
09-23 23:41:49.372 D/LOWI-9.0.0.87.a( 1344): [LOWI-Scan] BSS 18:6f:2d:81:20:76 (wlan0) ASSO: NO AddInfo: 0x0, TSF 0, 00:04:05.463, RSSI: -174, CPL: 127, AGE: 296, SSID IT, TSFDelta: 0x9974cc9a, TXRate: 0
09-23 23:41:49.372 D/LOWI-9.0.0.87.a( 1344): [LOWI-Scan]
09-23 23:41:49.372 D/LOWI-9.0.0.87.a( 1344): [LOWI-Scan] print_bss_handler: Report Probe TSF 245462286 as it greater than Beacon TSF 0
09-23 23:41:49.372 D/LOWI-9.0.0.87.a( 1344): [LOWI-Scan] decode_rsn_wpa_ie: LOWI_ENCRYPTION_TYPE_WPA_PSK
09-23 23:41:49.372 D/LOWI-9.0.0.87.a( 1344): [LOWI-Scan] is_qcom_ie, bss_age: 0
09-23 23:41:49.372 D/LOWI-9.0.0.87.a( 1344): [LOWI-Scan] BSS 18:6f:2d:81:20:74 LOWI_PHY_MODE_11AC_VHT20(8), Beacon Interval: 100, LOWI_ENCRYPTION_TYPE_WPA_PSK 11mcRanging: No, ANQP: No, LCI: No, Civic: No, capability(0x0111): ESS Privacy SpectrumMgmt
09-23 23:41:49.372 D/LOWI-9.0.0.87.a( 1344): [LOWI-Scan] BSS 18:6f:2d:81:20:74 FREQ: 5300, cFreq1[40:80:160] = [5300:0:0] cFreq2 = 0 Country Code = CN
09-23 23:41:49.372 D/LOWI-9.0.0.87.a( 1344): [LOWI-Scan] BSS 18:6f:2d:81:20:74 (wlan0) ASSO: NO AddInfo: 0x0, TSF 0, 00:04:05.462, RSSI: -174, CPL: 127, AGE: 296, SSID ThunderSoft, TSFDelta: 0x996a44b2, TXRate: 0
09-23 23:41:49.372 D/LOWI-9.0.0.87.a( 1344): [LOWIDiagLog] Log: lowiMeasResult->request: invalid null argument
09-23 23:41:49.372 I/LOWI-9.0.0.87.a( 1344): [LOWI-Scan] lowi_close_record:Scan done in 227427ms, 75 APs in scan results
09-23 23:41:49.372 D/LOWI-9.0.0.87.a( 1344): [LOWI-Scan] WipsScanUsingNL: passive scan cached 0, took 11860 ms, err 0
09-23 23:41:49.372 D/LOWI-9.0.0.87.a( 1344): [LOWI-Scan] lowi_proc_req_passive_scan_with_live_meas - No WLAN Frames to be parsed
09-23 23:41:49.372 D/LOWI-9.0.0.87.a( 1344): [LOWIScanResultReceiver] Send scan meas to listener
09-23 23:41:49.372 D/LOWI-9.0.0.87.a( 1344): [LOWIScanResultReceiver] Enter passive listening mode
09-23 23:41:49.372 D/LOWI-9.0.0.87.a( 1344): [LOWIWifiDriverInterface] getMeasurements - Passive listening mode
09-23 23:41:49.372 D/LOWI-9.0.0.87.a( 1344): [LOWI-Scan] WipsScanUsingNL:wait -1 sec for netlink message
09-23 23:41:49.372 D/LOWI-9.0.0.87.a( 1344): [LOWIEventReceiver] handleEvent:FROM:NA, TO:NA, REQ:NA, IREQ:NA, REQ_ID:0, RESP:NA, INFO:NA
09-23 23:41:49.372 D/LOWI-9.0.0.87.a( 1344): [LOWIBackgroundScanMgr] isRspForBgScanMgr: evt(LOWI_NO_EVT) - not handled
09-23 23:41:49.372 D/LOWI-9.0.0.87.a( 1344): [LOWIScheduler] manageMsg: NULL results or NULL request in results
09-23 23:41:49.372 D/LOWI-9.0.0.87.a( 1344): [LOWIController] Measurements received
09-23 23:41:49.372 D/LOWI-9.0.0.87.a( 1344): [LOWICacheManager] putInCache:Num of Meas to add: 75
09-23 23:41:49.375 D/LOWI-9.0.0.87.a( 1344): [LOWIController] processMeasurementResults: No current Request. Cache measurements
09-23 23:41:49.375 D/LOWI-9.0.0.87.a( 1344): [LOWIController] sendAsyncScanResponse: Request FreeWifiScanObserver_0 is from a different client.
09-23 23:41:49.375 D/LOWI-9.0.0.87.a( 1344): [LOWIController] generateResponse: Type (ASYNC_DISCOVERY_SCAN_RESULTS) ScanStatus (1) request FreeWifiScanObserver_0
09-23 23:41:49.375 D/LOWI-9.0.0.87.a( 1344): [LOWIEventDispatcher] sendResponse - originator = FreeWifiScanObserver
09-23 23:41:49.375 D/LOWI-9.0.0.87.a( 1344): [LOWIUtils] injectScanMeasurements - num of APs = 75
09-23 23:41:49.376 I/LOWI-9.0.0.87.a( 1344): [LOWIUtils] responseToOutPostcard - TO: FreeWifiScanObserver, FROM: LOWI-SERVER, RESP: LOWI_ASYNC_DISCOVERY_SCAN_RESULTS
09-23 23:41:49.377 D/LOWI-9.0.0.87.a( 1344): [LOWIControllerExtn] sendLOWILpDiscoveryScanResponse: Not a discovery scan response
09-23 23:41:49.385 D/WificondScannerImpl( 1487): Filtering out 18 scan results.
09-23 23:41:49.433 I/OMX-VENC: venc_dev( 1222): stats: avg. fps 52.46, bitrate 1183107
09-23 23:41:49.794 I/hwservicemanager( 514): getTransport: Cannot find entry android.hardware.light@2.0::ILight/default in either framework or device VINTF manifest.
09-23 23:41:49.796 E/light ( 5157): light_open lights keyboard failed: -22
09-23 23:41:49.797 E/light ( 5157): Light passthrough failed to load legacy HAL.
09-23 23:41:49.797 E/light ( 5157): light_open lights buttons failed: -22
09-23 23:41:49.797 E/light ( 5157): Light passthrough failed to load legacy HAL.
09-23 23:41:49.798 E/light ( 5157): light_open lights bluetooth failed: -22
09-23 23:41:49.799 E/light ( 5157): Light passthrough failed to load legacy HAL.
09-23 23:41:49.799 E/light ( 5157): light_open lights wifi failed: -22
09-23 23:41:49.799 E/light ( 5157): Light passthrough failed to load legacy HAL.
09-23 23:41:49.799 I/hwservicemanager( 514): getTransport: Cannot find entry android.hardware.light@2.0::ILight/default in either framework or device VINTF manifest.
09-23 23:41:49.800 E/HidlServiceManagement( 5157): Service android.hardware.light@2.0::ILight/default must be in VINTF manifest in order to register/get.
09-23 23:41:49.800 E/LegacySupport( 5157): Could not register service android.hardware.light@2.0::ILight/default (-2147483648).
09-23 23:41:49.881 W/System.err( 3476): java.lang.Throwable: -4105
09-23 23:41:49.881 D/NetworkMonitor/100( 1956): isDataStall: result=1, tcp packets received=0, latest tcp fail rate=0, consecutive dns timeout count=194
09-23 23:41:49.881 D/NetworkMonitor/100( 1956): Suspecting data stall, reevaluate
09-23 23:41:49.881 W/System.err( 3476): at com.yxcorp.download.DownloadTask$a.s(kSourceFile:16908292)
09-23 23:41:49.882 W/System.err( 3476): at com.yxcorp.download.DownloadTask$a.g(Unknown Source:0)
09-23 23:41:49.882 W/System.err( 3476): at f38.j.run(Unknown Source:4)
09-23 23:41:49.882 W/System.err( 3476): at android.os.Handler.handleCallback(Handler.java:938)
09-23 23:41:49.882 W/System.err( 3476): at android.os.Handler.dispatchMessage(Handler.java:99)
09-23 23:41:49.882 W/System.err( 3476): at android.os.Looper.loopOnce(Looper.java:201)
09-23 23:41:49.882 W/System.err( 3476): at android.os.Looper.loop(Looper.java:288)
09-23 23:41:49.882 W/System.err( 3476): at fl5.e.e(kSourceFile:65536)
09-23 23:41:49.882 W/System.err( 3476): at fl5.e.a(Unknown Source:0)
09-23 23:41:49.882 W/System.err( 3476): at fl5.d.run(Unknown Source:2)
09-23 23:41:49.882 W/System.err( 3476): at android.os.Handler.handleCallback(Handler.java:938)
09-23 23:41:49.882 W/System.err( 3476): at android.os.Handler.dispatchMessage(Handler.java:99)
09-23 23:41:49.882 W/System.err( 3476): at android.os.Looper.loopOnce(Looper.java:201)
09-23 23:41:49.882 W/System.err( 3476): at android.os.Looper.loop(Looper.java:288)
09-23 23:41:49.882 W/System.err( 3476): at android.app.ActivityThread.main(ActivityThread.java:7880)
09-23 23:41:49.882 W/System.err( 3476): at java.lang.reflect.Method.invoke(Native Method)
09-23 23:41:49.882 W/System.err( 3476): at com.android.internal.os.RuntimeInit$MethodAndArgsCaller.run(RuntimeInit.java:548)
09-23 23:41:49.882 W/System.err( 3476): at com.android.internal.os.ZygoteInit.main(ZygoteInit.java:1009)
09-23 23:41:49.883 D/ConnectivityService( 1487): Data stall detected with methods: 1
09-23 23:41:49.883 I/unknown ( 3476): khook pthread_attr_init_callback set thread stack from 1008 to 256 KB
09-23 23:41:49.883 I/unknown ( 3476): khook setstacksize __addr 0xb2741bc8, from 1040 KB to 256 KB
09-23 23:41:49.884 D/NetworkMonitor/100( 1956): Validation disabled.
09-23 23:41:49.887 D/ConnectivityService( 1487): [100 WIFI] validation passed
09-23 23:41:49.981 I/mpu_uart( 654): [MSG-P:RECV]:No message received in 1000 ms
09-23 23:41:50.438 I/OMX-VENC: venc_dev( 1222): stats: avg. fps 56.70, bitrate 325836
09-23 23:41:50.531 I/BpBinder( 996): onLastStrongRef automatically unlinking death recipients:
09-23 23:41:50.620 I/InputDispatcher( 1487): Monitor edge-swipe (server) is stealing touch from [5ab5ec9 com.android.settings/com.android.settings.Settings (server), ]
09-23 23:41:50.623 I/view_enqueue_input_event( 2219): [Motion - Cancel,com.android.settings/com.android.settings.Settings]
09-23 23:41:50.627 I/input_interaction( 1487): Interaction with: edge-swipe (server), swipe-up (server), PointerEventDispatcher0 (server),
09-23 23:41:50.642 I/BpBinder( 996): onLastStrongRef automatically unlinking death recipients:
09-23 23:41:50.648 D/vendor.qti.vibrator( 886): Vibrator perform effect 2
09-23 23:41:50.649 D/vendor.qti.vibrator( 886): QTI Vibrator off
09-23 23:41:50.656 I/BpBinder( 996): onLastStrongRef automatically unlinking death recipients:
09-23 23:41:50.672 I/BpBinder( 996): onLastStrongRef automatically unlinking death recipients:
09-23 23:41:50.706 I/BpBinder( 996): onLastStrongRef automatically unlinking death recipients:
09-23 23:41:50.723 I/BpBinder( 996): onLastStrongRef automatically unlinking death recipients:
09-23 23:41:50.743 I/BpBinder( 996): onLastStrongRef automatically unlinking death recipients:
09-23 23:41:50.756 I/BpBinder( 996): onLastStrongRef automatically unlinking death recipients:
09-23 23:41:50.773 I/BpBinder( 996): onLastStrongRef automatically unlinking death recipients:
09-23 23:41:50.779 F/linker ( 5164): CANNOT LINK EXECUTABLE "/vendor/bin/hw/sxrservice": library "vendor.qti.hardware.qxr-V1-ndk_platform.so" not found: needed by main executable
09-23 23:41:50.780 F/linker ( 5163): CANNOT LINK EXECUTABLE "/vendor/bin/hw/qvrservice": library "vendor.qti.hardware.qxr-V1-ndk_platform.so" not found: needed by /vendor/lib64/libqvrservice.so in namespace (default)
09-23 23:41:50.873 I/BpBinder( 996): onLastStrongRef automatically unlinking death recipients:
09-23 23:41:50.894 I/sysui_multi_action( 1487): [757,803,799,key_back_press,802,1]
09-23 23:41:50.897 I/BpBinder( 996): onLastStrongRef automatically unlinking death recipients:
09-23 23:41:50.901 D/vendor.qti.vibrator( 886): Vibrator perform effect 0
09-23 23:41:50.901 D/vendor.qti.vibrator( 886): QTI Vibrator off
09-23 23:41:50.901 I/input_interaction( 1487): Interaction with: 5ab5ec9 com.android.settings/com.android.settings.Settings (server), PointerEventDispatcher0 (server),
09-23 23:41:50.905 I/sysui_multi_action( 2219): [757,103,758,2,1089,13772]
09-23 23:41:50.907 I/WifiService( 1487): allowConnectOnPartialScanResults=false uid=1000
09-23 23:41:50.921 D/ConnectivityService( 1487): requestNetwork for uid/pid:1000/2219 activeRequest: null callbackRequest: 54 [NetworkRequest [ REQUEST id=55, [ Capabilities: INTERNET&NOT_RESTRICTED&TRUSTED&NOT_VCN_MANAGED Uid: 1000 RequestorUid: 1000 RequestorPkg: com.android.settings] ]] callback flags: 0 priority: 2147483647
09-23 23:41:50.922 D/ConnectivityService( 1487): NetReassign [55 : null → 100]
09-23 23:41:50.923 D/Ethernet( 1487): got request NetworkRequest [ REQUEST id=55, [ Capabilities: INTERNET&NOT_RESTRICTED&TRUSTED&NOT_VCN_MANAGED Uid: 1000 RequestorUid: 1000 RequestorPkg: com.android.settings] ]
09-23 23:41:50.923 D/EthernetNetworkFactory( 1487): acceptRequest, request: NetworkRequest [ REQUEST id=55, [ Capabilities: INTERNET&NOT_RESTRICTED&TRUSTED&NOT_VCN_MANAGED Uid: 1000 RequestorUid: 1000 RequestorPkg: com.android.settings] ]
09-23 23:41:50.924 I/EthernetNetworkFactory( 1487): networkForRequest, request: NetworkRequest [ REQUEST id=55, [ Capabilities: INTERNET&NOT_RESTRICTED&TRUSTED&NOT_VCN_MANAGED Uid: 1000 RequestorUid: 1000 RequestorPkg: com.android.settings] ], network: null
09-23 23:41:50.924 D/ConnectivityService( 1487): requestNetwork for uid/pid:1000/2219 activeRequest: null callbackRequest: 57 [NetworkRequest [ REQUEST id=58, [ Capabilities: INTERNET&NOT_RESTRICTED&TRUSTED&NOT_VCN_MANAGED Uid: 1000 RequestorUid: 1000 RequestorPkg: com.android.settings] ]] callback flags: 0 priority: 2147483647
09-23 23:41:50.924 D/WifiNetworkFactory( 1487): got request NetworkRequest [ REQUEST id=55, [ Capabilities: INTERNET&NOT_RESTRICTED&TRUSTED&NOT_VCN_MANAGED Uid: 1000 RequestorUid: 1000 RequestorPkg: com.android.settings] ]
09-23 23:41:50.924 D/UntrustedWifiNetworkFactory( 1487): got request NetworkRequest [ REQUEST id=55, [ Capabilities: INTERNET&NOT_RESTRICTED&TRUSTED&NOT_VCN_MANAGED Uid: 1000 RequestorUid: 1000 RequestorPkg: com.android.settings] ]
09-23 23:41:50.924 D/OemPaidWifiNetworkFactory( 1487): got request NetworkRequest [ REQUEST id=55, [ Capabilities: INTERNET&NOT_RESTRICTED&TRUSTED&NOT_VCN_MANAGED Uid: 1000 RequestorUid: 1000 RequestorPkg: com.android.settings] ]
09-23 23:41:50.925 D/ConnectivityService( 1487): NetReassign [no changes]
09-23 23:41:50.926 I/TetheringManager( 2219): registerTetheringEventCallback caller:com.android.settings
09-23 23:41:50.930 D/ConnectivityService( 1487): NetReassign [58 : null → 100]
09-23 23:41:50.934 D/WifiNetworkFactory( 1487): got request NetworkRequest [ REQUEST id=58, [ Capabilities: INTERNET&NOT_RESTRICTED&TRUSTED&NOT_VCN_MANAGED Uid: 1000 RequestorUid: 1000 RequestorPkg: com.android.settings] ]
09-23 23:41:50.935 D/Ethernet( 1487): got request NetworkRequest [ REQUEST id=58, [ Capabilities: INTERNET&NOT_RESTRICTED&TRUSTED&NOT_VCN_MANAGED Uid: 1000 RequestorUid: 1000 RequestorPkg: com.android.settings] ]
09-23 23:41:50.935 D/EthernetNetworkFactory( 1487): acceptRequest, request: NetworkRequest [ REQUEST id=58, [ Capabilities: INTERNET&NOT_RESTRICTED&TRUSTED&NOT_VCN_MANAGED Uid: 1000 RequestorUid: 1000 RequestorPkg: com.android.settings] ]
09-23 23:41:50.935 I/EthernetNetworkFactory( 1487): networkForRequest, request: NetworkRequest [ REQUEST id=58, [ Capabilities: INTERNET&NOT_RESTRICTED&TRUSTED&NOT_VCN_MANAGED Uid: 1000 RequestorUid: 1000 RequestorPkg: com.android.settings] ], network: null
09-23 23:41:50.935 D/UntrustedWifiNetworkFactory( 1487): got request NetworkRequest [ REQUEST id=58, [ Capabilities: INTERNET&NOT_RESTRICTED&TRUSTED&NOT_VCN_MANAGED Uid: 1000 RequestorUid: 1000 RequestorPkg: com.android.settings] ]
09-23 23:41:50.935 D/OemPaidWifiNetworkFactory( 1487): got request NetworkRequest [ REQUEST id=58, [ Capabilities: INTERNET&NOT_RESTRICTED&TRUSTED&NOT_VCN_MANAGED Uid: 1000 RequestorUid: 1000 RequestorPkg: com.android.settings] ]
09-23 23:41:50.946 D/ConnectivityService( 1487): requestNetwork for uid/pid:1000/2219 activeRequest: null callbackRequest: 60 [NetworkRequest [ REQUEST id=61, [ Capabilities: INTERNET&NOT_RESTRICTED&TRUSTED&NOT_VCN_MANAGED Uid: 1000 RequestorUid: 1000 RequestorPkg: com.android.settings] ]] callback flags: 1 priority: 2147483647
09-23 23:41:50.950 D/BluetoothPan( 2219): Binding service...
09-23 23:41:50.952 I/sysui_multi_action( 2219): [757,746,758,1,833,0,1089,0]
09-23 23:41:50.952 D/SubscriptionsChangeListener( 2219): Start
09-23 23:41:50.953 D/TelephonyRegistry( 1487): listen oscl: mHasNotifySubscriptionInfoChangedOccurred==false no callback
09-23 23:41:50.953 D/ConnectivityService( 1487): NetReassign [no changes]
09-23 23:41:50.955 D/MobileNetworkSummaryStatus( 2219): network summary query
09-23 23:41:50.957 W/MobileNetworkUtils( 2219): EuiccManager is not enabled.
09-23 23:41:50.957 E/TelephonyManager( 2219): Error in getUiccCardsInfo: unable to connect to Telephony service.
09-23 23:41:50.957 D/ConnectivityService( 1487): NetReassign [61 : null → 100]
09-23 23:41:50.958 W/SelectableSubscriptions( 2219): Fail to request subIdList
09-23 23:41:50.958 W/SelectableSubscriptions( 2219): java.lang.NullPointerException: Attempt to invoke interface method 'int java.util.List.size()' on a null object reference
09-23 23:41:50.958 W/SelectableSubscriptions( 2219): at com.android.settings.network.helper.SelectableSubscriptions.call(SelectableSubscriptions.java:128)
09-23 23:41:50.958 W/SelectableSubscriptions( 2219): at com.android.settings.network.MobileNetworkSummaryStatus.getSubscriptions(MobileNetworkSummaryStatus.java:158)
09-23 23:41:50.958 W/SelectableSubscriptions( 2219): at com.android.settings.network.MobileNetworkSummaryStatus.update(MobileNetworkSummaryStatus.java:88)
09-23 23:41:50.958 W/SelectableSubscriptions( 2219): at com.android.settings.network.MobileNetworkSummaryController.update(MobileNetworkSummaryController.java:170)
09-23 23:41:50.958 W/SelectableSubscriptions( 2219): at com.android.settings.network.MobileNetworkSummaryController.onResume(MobileNetworkSummaryController.java:95)
09-23 23:41:50.958 W/SelectableSubscriptions( 2219): at java.lang.reflect.Method.invoke(Native Method)
09-23 23:41:50.958 W/SelectableSubscriptions( 2219): at androidx.lifecycle.ClassesInfoCache$MethodReference.invokeCallback(ClassesInfoCache.java:216)
09-23 23:41:50.958 W/SelectableSubscriptions( 2219): at androidx.lifecycle.ClassesInfoCache$CallbackInfo.invokeMethodsForEvent(ClassesInfoCache.java:194)
09-23 23:41:50.958 W/SelectableSubscriptions( 2219): at androidx.lifecycle.ClassesInfoCache$CallbackInfo.invokeCallbacks(ClassesInfoCache.java:185)
09-23 23:41:50.958 W/SelectableSubscriptions( 2219): at androidx.lifecycle.ReflectiveGenericLifecycleObserver.onStateChanged(ReflectiveGenericLifecycleObserver.java:37)
09-23 23:41:50.958 W/SelectableSubscriptions( 2219): at androidx.lifecycle.LifecycleRegistry$ObserverWithState.dispatchEvent(LifecycleRegistry.java:354)
09-23 23:41:50.958 W/SelectableSubscriptions( 2219): at androidx.lifecycle.LifecycleRegistry.forwardPass(LifecycleRegistry.java:265)
09-23 23:41:50.958 W/SelectableSubscriptions( 2219): at androidx.lifecycle.LifecycleRegistry.sync(LifecycleRegistry.java:307)
09-23 23:41:50.958 W/SelectableSubscriptions( 2219): at androidx.lifecycle.LifecycleRegistry.moveToState(LifecycleRegistry.java:148)
09-23 23:41:50.958 W/SelectableSubscriptions( 2219): at androidx.lifecycle.LifecycleRegistry.handleLifecycleEvent(LifecycleRegistry.java:134)
09-23 23:41:50.958 W/SelectableSubscriptions( 2219): at com.android.settingslib.core.lifecycle.ObservablePreferenceFragment.onResume(ObservablePreferenceFragment.java:87)
09-23 23:41:50.958 W/SelectableSubscriptions( 2219): at com.android.settings.core.InstrumentedPreferenceFragment.onResume(InstrumentedPreferenceFragment.java:77)
09-23 23:41:50.958 W/SelectableSubscriptions( 2219): at com.android.settings.SettingsPreferenceFragment.onResume(SettingsPreferenceFragment.java:198)
09-23 23:41:50.958 W/SelectableSubscriptions( 2219): at com.android.settings.dashboard.DashboardFragment.onResume(DashboardFragment.java:219)
09-23 23:41:50.958 W/SelectableSubscriptions( 2219): at androidx.fragment.app.Fragment.performResume(Fragment.java:3029)
09-23 23:41:50.958 W/SelectableSubscriptions( 2219): at androidx.fragment.app.FragmentStateManager.resume(FragmentStateManager.java:583)
09-23 23:41:50.958 W/SelectableSubscriptions( 2219): at androidx.fragment.app.FragmentStateManager.moveToExpectedState(FragmentStateManager.java:282)
09-23 23:41:50.958 W/SelectableSubscriptions( 2219): at androidx.fragment.app.SpecialEffectsController$FragmentStateManagerOperation.complete(SpecialEffectsController.java:742)
09-23 23:41:50.958 W/SelectableSubscriptions( 2219): at androidx.fragment.app.SpecialEffectsController$Operation.completeSpecialEffect(SpecialEffectsController.java:669)
09-23 23:41:50.958 W/SelectableSubscriptions( 2219): at androidx.fragment.app.DefaultSpecialEffectsController$SpecialEffectsInfo.completeSpecialEffect(DefaultSpecialEffectsController.java:755)
09-23 23:41:50.958 W/SelectableSubscriptions( 2219): at androidx.fragment.app.DefaultSpecialEffectsController.startAnimations(DefaultSpecialEffectsController.java:147)
09-23 23:41:50.958 W/SelectableSubscriptions( 2219): at androidx.fragment.app.DefaultSpecialEffectsController.executeOperations(DefaultSpecialEffectsController.java:120)
09-23 23:41:50.958 W/SelectableSubscriptions( 2219): at androidx.fragment.app.SpecialEffectsController.executePendingOperations(SpecialEffectsController.java:294)
09-23 23:41:50.958 W/SelectableSubscriptions( 2219): at androidx.fragment.app.FragmentManager.executeOpsTogether(FragmentManager.java:2222)
09-23 23:41:50.958 W/SelectableSubscriptions( 2219): at androidx.fragment.app.FragmentManager.removeRedundantOperationsAndExecute(FragmentManager.java:2120)
09-23 23:41:50.958 W/SelectableSubscriptions( 2219): at androidx.fragment.app.FragmentManager.popBackStackImmediate(FragmentManager.java:801)
09-23 23:41:50.958 W/SelectableSubscriptions( 2219): at androidx.fragment.app.FragmentManager.popBackStackImmediate(FragmentManager.java:712)
09-23 23:41:50.958 W/SelectableSubscriptions( 2219): at com.android.settings.homepage.SettingsHomepageActivity.onKeyDown(SettingsHomepageActivity.java:421)
09-23 23:41:50.958 W/SelectableSubscriptions( 2219): at android.view.KeyEvent.dispatch(KeyEvent.java:2854)
09-23 23:41:50.958 W/SelectableSubscriptions( 2219): at android.app.Activity.dispatchKeyEvent(Activity.java:4180)
09-23 23:41:50.958 W/SelectableSubscriptions( 2219): at androidx.core.app.ComponentActivity.superDispatchKeyEvent(ComponentActivity.java:122)
09-23 23:41:50.958 W/SelectableSubscriptions( 2219): at androidx.core.view.KeyEventDispatcher.dispatchKeyEvent(KeyEventDispatcher.java:84)
09-23 23:41:50.958 W/SelectableSubscriptions( 2219): at androidx.core.app.ComponentActivity.dispatchKeyEvent(ComponentActivity.java:140)
09-23 23:41:50.958 W/SelectableSubscriptions( 2219): at com.android.internal.policy.DecorView.dispatchKeyEvent(DecorView.java:404)
09-23 23:41:50.958 W/SelectableSubscriptions( 2219): at android.view.ViewRootImpl$ViewPostImeInputStage.processKeyEvent(ViewRootImpl.java:6293)
09-23 23:41:50.958 W/SelectableSubscriptions( 2219): at android.view.ViewRootImpl$ViewPostImeInputStage.onProcess(ViewRootImpl.java:6159)
09-23 23:41:50.958 W/SelectableSubscriptions( 2219): at android.view.ViewRootImpl$InputStage.deliver(ViewRootImpl.java:5641)
09-23 23:41:50.958 W/SelectableSubscriptions( 2219): at android.view.ViewRootImpl$InputStage.onDeliverToNext(ViewRootImpl.java:5698)
09-23 23:41:50.958 W/SelectableSubscriptions( 2219): at android.view.ViewRootImpl$InputStage.forward(ViewRootImpl.java:5664)
09-23 23:41:50.958 W/SelectableSubscriptions( 2219): at android.view.ViewRootImpl$AsyncInputStage.forward(ViewRootImpl.java:5829)
09-23 23:41:50.958 W/SelectableSubscriptions( 2219): at android.view.ViewRootImpl$InputStage.apply(ViewRootImpl.java:5672)
09-23 23:41:50.958 W/SelectableSubscriptions( 2219): at android.view.ViewRootImpl$AsyncInputStage.apply(ViewRootImpl.java:5886)
09-23 23:41:50.958 W/SelectableSubscriptions( 2219): at android.view.ViewRootImpl$InputStage.deliver(ViewRootImpl.java:5645)
09-23 23:41:50.958 W/SelectableSubscriptions( 2219): at android.view.ViewRootImpl$InputStage.onDeliverToNext(ViewRootImpl.java:5698)
09-23 23:41:50.958 W/SelectableSubscriptions( 2219): at android.view.ViewRootImpl$InputStage.forward(ViewRootImpl.java:5664)
09-23 23:41:50.958 W/SelectableSubscriptions( 2219): at android.view.ViewRootImpl$InputStage.apply(ViewRootImpl.java:5672)
09-23 23:41:50.958 W/SelectableSubscriptions( 2219): at android.view.ViewRootImpl$InputStage.deliver(ViewRootImpl.java:5645)
09-23 23:41:50.958 W/SelectableSubscriptions( 2219): at android.view.ViewRootImpl$InputStage.onDeliverToNext(ViewRootImpl.java:5698)
09-23 23:41:50.958 W/SelectableSubscriptions( 2219): at android.view.ViewRootImpl$InputStage.forward(ViewRootImpl.java:5664)
09-23 23:41:50.958 W/SelectableSubscriptions( 2219): at android.view.ViewRootImpl$AsyncInputStage.forward(ViewRootImpl.java:5862)
09-23 23:41:50.958 W/SelectableSubscriptions( 2219): at android.view.ViewRootImpl$ImeInputStage.onFinishedInputEvent(ViewRootImpl.java:6020)
09-23 23:41:50.958 W/SelectableSubscriptions( 2219): at android.view.inputmethod.InputMethodManager$PendingEvent.run(InputMethodManager.java:3158)
09-23 23:41:50.958 W/SelectableSubscriptions( 2219): at android.view.inputmethod.InputMethodManager.invokeFinishedInputEventCallback(InputMethodManager.java:2722)
09-23 23:41:50.958 W/SelectableSubscriptions( 2219): at android.view.inputmethod.InputMethodManager.finishedInputEvent(InputMethodManager.java:2713)
09-23 23:41:50.958 W/SelectableSubscriptions( 2219): at android.view.inputmethod.InputMethodManager$ImeInputEventSender.onInputEventFinished(InputMethodManager.java:3135)
09-23 23:41:50.958 W/SelectableSubscriptions( 2219): at android.view.InputEventSender.dispatchInputEventFinished(InputEventSender.java:154)
09-23 23:41:50.958 W/SelectableSubscriptions( 2219): at android.os.MessageQueue.nativePollOnce(Native Method)
09-23 23:41:50.958 W/SelectableSubscriptions( 2219): at android.os.MessageQueue.next(MessageQueue.java:335)
09-23 23:41:50.958 W/SelectableSubscriptions( 2219): at android.os.Looper.loopOnce(Looper.java:161)
09-23 23:41:50.958 W/SelectableSubscriptions( 2219): at android.os.Looper.loop(Looper.java:288)
09-23 23:41:50.958 W/SelectableSubscriptions( 2219): at android.app.ActivityThread.main(ActivityThread.java:7880)
09-23 23:41:50.958 W/SelectableSubscriptions( 2219): at java.lang.reflect.Method.invoke(Native Method)
09-23 23:41:50.958 W/SelectableSubscriptions( 2219): at com.android.internal.os.RuntimeInit$MethodAndArgsCaller.run(RuntimeInit.java:548)
09-23 23:41:50.958 W/SelectableSubscriptions( 2219): at com.android.internal.os.ZygoteInit.main(ZygoteInit.java:1009)
09-23 23:41:50.958 D/MobileNetworkSummaryStatus( 2219): network summary query ignored
09-23 23:41:50.959 D/SubscriptionsChangeListener( 2219): Start
09-23 23:41:50.959 D/Ethernet( 1487): got request NetworkRequest [ REQUEST id=61, [ Capabilities: INTERNET&NOT_RESTRICTED&TRUSTED&NOT_VCN_MANAGED Uid: 1000 RequestorUid: 1000 RequestorPkg: com.android.settings] ]
09-23 23:41:50.959 D/EthernetNetworkFactory( 1487): acceptRequest, request: NetworkRequest [ REQUEST id=61, [ Capabilities: INTERNET&NOT_RESTRICTED&TRUSTED&NOT_VCN_MANAGED Uid: 1000 RequestorUid: 1000 RequestorPkg: com.android.settings] ]
09-23 23:41:50.959 I/EthernetNetworkFactory( 1487): networkForRequest, request: NetworkRequest [ REQUEST id=61, [ Capabilities: INTERNET&NOT_RESTRICTED&TRUSTED&NOT_VCN_MANAGED Uid: 1000 RequestorUid: 1000 RequestorPkg: com.android.settings] ], network: null
09-23 23:41:50.959 D/TelephonyRegistry( 1487): listen oscl: mHasNotifySubscriptionInfoChangedOccurred==false no callback
09-23 23:41:50.960 D/WifiNetworkFactory( 1487): got request NetworkRequest [ REQUEST id=61, [ Capabilities: INTERNET&NOT_RESTRICTED&TRUSTED&NOT_VCN_MANAGED Uid: 1000 RequestorUid: 1000 RequestorPkg: com.android.settings] ]
09-23 23:41:50.960 D/UntrustedWifiNetworkFactory( 1487): got request NetworkRequest [ REQUEST id=61, [ Capabilities: INTERNET&NOT_RESTRICTED&TRUSTED&NOT_VCN_MANAGED Uid: 1000 RequestorUid: 1000 RequestorPkg: com.android.settings] ]
09-23 23:41:50.961 D/OemPaidWifiNetworkFactory( 1487): got request NetworkRequest [ REQUEST id=61, [ Capabilities: INTERNET&NOT_RESTRICTED&TRUSTED&NOT_VCN_MANAGED Uid: 1000 RequestorUid: 1000 RequestorPkg: com.android.settings] ]
09-23 23:41:50.961 D/ConnectivityService( 1487): NetReassign [no changes]
09-23 23:41:50.964 D/ConnectivityService( 1487): NetReassign [no changes]
09-23 23:41:50.981 I/mpu_uart( 654): [MSG-P:RECV]:No message received in 1000 ms
09-23 23:41:50.988 D/BluetoothPan( 2219): Proxy object connected
09-23 23:41:51.065 I/WifiService( 1487): startScan uid=1000
09-23 23:41:51.073 D/LOWI-9.0.0.87.a( 1344): [LOWI-Scan] wait_event:Wait done with Cmd 33
09-23 23:41:51.073 D/LOWI-9.0.0.87.a( 1344): [LOWI-Scan] do_listen_events: Rcvd valid Netlink Cmd 0 Err 0
09-23 23:41:51.133 I/mpu_uart( 654): [MSG-P:R]:recv sync frame timeout
09-23 23:41:51.441 I/OMX-VENC: venc_dev( 1222): stats: avg. fps 58.83, bitrate 231023
09-23 23:41:51.981 I/mpu_uart( 654): [MSG-P:RECV]:No message received in 1000 ms
09-23 23:41:52.518 I/OMX-VENC: venc_dev( 1222): stats: avg. fps 13.00, bitrate 27213
09-23 23:41:52.816 I/input_interaction( 1487): Interaction with: 5ab5ec9 com.android.settings/com.android.settings.Settings (server), edge-swipe (server), swipe-up (server), PointerEventDispatcher0 (server),
09-23 23:41:52.940 I/DashboardFragment( 2219): onPreferenceTreeClick: onPreferenceTreeClick::com.android.settings.wifi.WifiSettings
09-23 23:41:52.941 I/sysui_multi_action( 2219): [757,830,758,4,833,0,854,main_toggle_wifi,1089,0]
09-23 23:41:52.941 W/PreferenceFragment( 2219): onPreferenceStartFragment is not implemented in the parent activity - attempting to use a fallback implementation. You should implement this method so that you can configure the new fragment that will be displayed, and set a transition between the fragments.
09-23 23:41:52.950 D/audio_hw_primary( 815): start_output_stream: enter: stream(0xe5dc0010)usecase(1: low-latency-playback) devices(0x2) is_haptic_usecase(0)
09-23 23:41:52.950 E/ANDR-PERF-TARGET( 873): Error: Invalid logical cluster id 0
09-23 23:41:52.950 E/ANDR-PERF-REQUEST( 873): invalid request
09-23 23:41:52.950 E/ANDR-PERF-MPCTL( 873): invalid request, no optimizations performed
09-23 23:41:52.950 E/audio_hw_extn( 815): audio_extn_perf_lock_acquire: Failed to acquire perf lock, err: -1
09-23 23:41:52.950 D/audio_hw_primary( 815): select_devices for use case (low-latency-playback)
09-23 23:41:52.950 I/msm8974_platform( 815): platform_check_and_set_codec_backend_cfg:becf: afe: bitwidth 16, samplerate 48000 channels 2, backend_idx 0 usecase = 1 device (speaker)
09-23 23:41:52.950 D/msm8974_platform( 815): platform_split_snd_device: snd_device(2) num devices(1) new_snd_devices(0)
09-23 23:41:52.950 I/msm8974_platform( 815): platform_check_and_set_codec_backend_cfg: new_snd_devices[0] is 2
09-23 23:41:52.950 I/msm8974_platform( 815): platform_check_codec_backend_cfg:becf: afe: bitwidth 16, samplerate 48000 channels 2, backend_idx 0 usecase = 1 device (speaker)
09-23 23:41:52.952 D/audio_hw_extn( 815): audio_extn_enable_hifi_filter: mixer_value set 0
09-23 23:41:52.952 D/msm8974_platform( 815): platform_check_codec_backend_cfg:becf: updated afe: bitwidth 16, samplerate 48000 channels 2,backend_idx 0 usecase = 1 device (speaker)
09-23 23:41:52.952 D/msm8974_platform( 815): platform_check_codec_backend_cfg:becf: afe: playback on codec device not supporting native playback set default Sample Rate(48k)
09-23 23:41:52.952 I/msm8974_platform( 815): platform_check_codec_backend_cfg:becf: afe: Codec selected backend: 0 updated bit width: 16 and sample rate: 48000
09-23 23:41:52.952 D/audio_hw_primary( 815): check_usecases_codec_backend:becf: force routing 0
09-23 23:41:52.952 E/msm8974_platform( 815): platform_check_backends_match: Invalid snd_device =
09-23 23:41:52.952 D/audio_hw_primary( 815): check_usecases_codec_backend:becf: (78) check_usecases curr device: speaker, usecase device: backends match 0
09-23 23:41:52.952 D/audio_hw_primary( 815): check_usecases_codec_backend:becf: check_usecases num.of Usecases to switch 0
09-23 23:41:52.952 D/hardware_info( 815): hw_info_append_hw_type : device_name = speaker
09-23 23:41:52.952 D/msm8974_platform( 815): platform_split_snd_device: snd_device(2) num devices(0) new_snd_devices(0)
09-23 23:41:52.952 D/audio_hw_primary( 815): enable_snd_device: snd_device(2: speaker)
09-23 23:41:52.952 D/msm8974_platform( 815): platform_get_island_cfg_on_device:island cfg status on snd_device = (speaker 0)
09-23 23:41:52.952 I/soundtrigger( 815): audio_extn_sound_trigger_update_device_status: device 0x2 of type 0 for Event 1, with Raise=0
09-23 23:41:52.952 D/audio_route( 815): Apply path: speaker
09-23 23:41:52.952 I/audio_hw_utils( 815): audio_extn_utils_update_stream_output_app_type_cfg Allowing 24 and above bits playback on speaker ONLY at default sampling rate
09-23 23:41:52.952 E/soundtrigger( 815): audio_extn_sound_trigger_update_stream_status: invalid input device 0x0, for event 3
09-23 23:41:52.953 D/soundtrigger( 815): audio_extn_sound_trigger_update_stream_status: uc_info->id 1 of type 0 for Event 3, with Raise=0
09-23 23:41:52.953 D/audio_hw_utils( 815): audio_extn_utils_send_app_type_cfg: usecase->out_snd_device speaker
09-23 23:41:52.953 D/msm8974_platform( 815): platform_split_snd_device: snd_device(2) num devices(0) new_snd_devices(0)
09-23 23:41:52.953 D/audio_hw_utils( 815): audio_extn_btsco_get_sample_rate:Not a BT SCO device, need not update sampling rate
09-23 23:41:52.953 I/audio_hw_utils( 815): send_app_type_cfg_for_device PLAYBACK app_type 69937, acdb_dev_id 15, sample_rate 48000, snd_device_be_idx 179
09-23 23:41:52.953 D/msm8974_platform( 815): platform_split_snd_device: snd_device(2) num devices(1) new_snd_devices(0)
09-23 23:41:52.953 D/audio_hw_utils( 815): audio_extn_btsco_get_sample_rate:Not a BT SCO device, need not update sampling rate
09-23 23:41:52.953 D/ACDB-LOADER( 815): ACDB -> send_audio_cal, acdb_id = 15, path = 0, app id = 0x11131, sample rate = 48000, afe_sample_rate = 48000
09-23 23:41:52.953 D/ACDB-LOADER( 815): ACDB -> send_asm_topology
09-23 23:41:52.953 D/ACDB-LOADER( 815): ACDB -> ACDB_CMD_GET_AUDPROC_STREAM_TOPOLOGY_ID
09-23 23:41:52.953 D/ACDB-LOADER( 815): ACDB -> send_adm_topology
09-23 23:41:52.953 D/ACDB-LOADER( 815): ACDB -> ACDB_CMD_GET_AUDPROC_COMMON_TOPOLOGY_ID
09-23 23:41:52.953 D/ACDB-LOADER( 815): ACDB -> send_audtable
09-23 23:41:52.953 D/ACDB-LOADER( 815): ACDB -> ACDB_CMD_GET_AUDPROC_INSTANCE_COMMON_TABLE_SIZE
09-23 23:41:52.953 D/ACDB-LOADER( 815): ACDB -> ACDB_CMD_GET_AUDPROC_INSTANCE_COMMON_TABLE
09-23 23:41:52.953 D/ACDB-LOADER( 815): ACDB -> AUDIO_SET_AUDPROC_CAL cal_type[11] acdb_id[15] app_type[69937]
09-23 23:41:52.953 D/ACDB-LOADER( 815): ACDB -> send_audvoltable
09-23 23:41:52.953 D/ACDB-LOADER( 815): ACDB -> ACDB_CMD_GET_AUDPROC_INSTANCE_GAIN_DEP_STEP_TABLE_SIZE
09-23 23:41:52.953 D/ACDB-LOADER( 815): ACDB -> ACDB_CMD_GET_AUDPROC_INSTANCE_GAIN_DEP_STEP_TABLE, vol index 0
09-23 23:41:52.953 D/ACDB-LOADER( 815): ACDB -> AUDIO_SET_VOL_CAL cal type = 12
09-23 23:41:52.953 D/ACDB-LOADER( 815): ACDB -> ACDB_CMD_GET_AUDPROC_INSTANCE_STREAM_TABLE_SIZE
09-23 23:41:52.953 D/ACDB-LOADER( 815): ACDB -> send_audstrmtable
09-23 23:41:52.953 D/ACDB-LOADER( 815): ACDB -> ACDB_CMD_GET_AUDPROC_INSTANCE_STREAM_TABLE
09-23 23:41:52.953 D/ACDB-LOADER( 815): ACDB -> audstrm_cal->cal_type.cal_data.cal_size = 20
09-23 23:41:52.953 D/ACDB-LOADER( 815): ACDB -> send_afe_topology
09-23 23:41:52.953 D/ACDB-LOADER( 815): ACDB -> ACDB_CMD_GET_AFE_TOPOLOGY_ID
09-23 23:41:52.954 D/ACDB-LOADER( 815): ACDB -> GET_AFE_TOPOLOGY_ID for adcd_id 15, Topology Id 112fc
09-23 23:41:52.954 D/ACDB-LOADER( 815): ACDB -> send_afe_cal
09-23 23:41:52.954 D/ACDB-LOADER( 815): ACDB -> ACDB_CMD_GET_AFE_INSTANCE_COMMON_TABLE_SIZE
09-23 23:41:52.954 D/android.hardware.audio.service( 815): Failed to fetch the lookup information of the device 0000000F
09-23 23:41:52.954 D/ACDB-LOADER( 815): Error: ACDB_CMD_GET_AFE_INSTANCE_COMMON_TABLE_SIZE Returned = -19
09-23 23:41:52.954 D/ACDB-LOADER( 815): ACDB -> ACDB_CMD_GET_AFE_INSTANCE_COMMON_TABLE
09-23 23:41:52.954 D/android.hardware.audio.service( 815): Failed to fetch the lookup information of the device 0000000F
09-23 23:41:52.954 D/ACDB-LOADER( 815): Error: ACDB AFE returned = -19
09-23 23:41:52.954 D/ACDB-LOADER( 815): ACDB -> AUDIO_SET_AFE_CAL cal_type[16] acdb_id[15]
09-23 23:41:52.954 D/ACDB-LOADER( 815): ACDB -> send_hw_delay : acdb_id = 15 path = 0
09-23 23:41:52.954 D/ACDB-LOADER( 815): ACDB -> ACDB_AVSYNC_INFO: ACDB_CMD_GET_DEVICE_PROPERTY
09-23 23:41:52.954 D/msm8974_platform( 815): platform_split_snd_device: snd_device(2) num devices(0) new_snd_devices(0)
09-23 23:41:52.954 I/msm8974_platform( 815): platform_get_custom_mtmx_params: no matching param with id 0 ip_ch 2 op_ch 2 uc_id 1 snd_dev 2
09-23 23:41:52.954 D/audio_hw_primary( 815): enable_audio_route: apply mixer and update path: low-latency-playback
09-23 23:41:52.954 D/audio_route( 815): Apply path: low-latency-playback
09-23 23:41:52.955 D/audio_hw_primary( 815): select_devices: done
09-23 23:41:52.956 I/sysui_multi_action( 2219): [757,746,758,2,1089,2003]
09-23 23:41:52.960 D/BluetoothPan( 2219): Unbinding service...
09-23 23:41:52.964 I/TetheringManager( 2219): unregisterTetheringEventCallback caller:com.android.settings
09-23 23:41:52.974 W/BestClock( 1487): java.time.DateTimeException: Missing NTP fix
09-23 23:41:52.980 W/BestClock( 1487): java.time.DateTimeException: Missing NTP fix
09-23 23:41:52.980 I/netstats_mobile_sample( 1487): [0,0,0,0,0,0,0,0,0,0,0,0,1663947712980]
09-23 23:41:52.980 I/netstats_wifi_sample( 1487): [12354,54,96821,704,12354,54,96821,704,34329,108,89019,679,1663947712980]
09-23 23:41:52.980 D/msm8974_platform( 815): platform_set_channel_map mixer_ctl_name:Playback Channel Map9
09-23 23:41:52.981 D/msm8974_platform( 815): platform_set_channel_map: set mapping(1 2 0 0 0 0 0 0) for channel:2
09-23 23:41:52.982 I/mpu_uart( 654): [MSG-P:RECV]:No message received in 1000 ms
09-23 23:41:52.982 E/audio_hw_extn( 815): audio_extn_perf_lock_release: Perf lock release error
09-23 23:41:52.982 D/audio_hw_primary( 815): start_output_stream: exit
09-23 23:41:52.986 W/BestClock( 1487): java.time.DateTimeException: Missing NTP fix
09-23 23:41:52.987 W/BestClock( 1487): java.time.DateTimeException: Missing NTP fix
09-23 23:41:52.991 W/BestClock( 1487): java.time.DateTimeException: Missing NTP fix
09-23 23:41:52.994 W/BestClock( 1487): java.time.DateTimeException: Missing NTP fix
09-23 23:41:52.994 I/netstats_mobile_sample( 1487): [0,0,0,0,0,0,0,0,0,0,0,0,1663947712994]
09-23 23:41:52.994 I/netstats_wifi_sample( 1487): [12354,54,96821,704,12354,54,96821,704,34329,108,89019,679,1663947712994]
09-23 23:41:52.996 W/BestClock( 1487): java.time.DateTimeException: Missing NTP fix
09-23 23:41:52.996 W/BestClock( 1487): java.time.DateTimeException: Missing NTP fix
09-23 23:41:53.016 D/ConnectivityService( 1487): requestNetwork for uid/pid:1000/2219 activeRequest: null callbackRequest: 65 [NetworkRequest [ REQUEST id=66, [ Capabilities: INTERNET&NOT_RESTRICTED&TRUSTED&NOT_VCN_MANAGED Uid: 1000 RequestorUid: 1000 RequestorPkg: com.android.settings] ]] callback flags: 0 priority: 2147483647
09-23 23:41:53.016 D/ConnectivityService( 1487): NetReassign [no changes]
09-23 23:41:53.018 D/ConnectivityService( 1487): NetReassign [66 : null → 100]
09-23 23:41:53.019 D/Ethernet( 1487): got request NetworkRequest [ REQUEST id=66, [ Capabilities: INTERNET&NOT_RESTRICTED&TRUSTED&NOT_VCN_MANAGED Uid: 1000 RequestorUid: 1000 RequestorPkg: com.android.settings] ]
09-23 23:41:53.020 D/EthernetNetworkFactory( 1487): acceptRequest, request: NetworkRequest [ REQUEST id=66, [ Capabilities: INTERNET&NOT_RESTRICTED&TRUSTED&NOT_VCN_MANAGED Uid: 1000 RequestorUid: 1000 RequestorPkg: com.android.settings] ]
09-23 23:41:53.020 I/EthernetNetworkFactory( 1487): networkForRequest, request: NetworkRequest [ REQUEST id=66, [ Capabilities: INTERNET&NOT_RESTRICTED&TRUSTED&NOT_VCN_MANAGED Uid: 1000 RequestorUid: 1000 RequestorPkg: com.android.settings] ], network: null
09-23 23:41:53.021 D/WifiNetworkFactory( 1487): got request NetworkRequest [ REQUEST id=66, [ Capabilities: INTERNET&NOT_RESTRICTED&TRUSTED&NOT_VCN_MANAGED Uid: 1000 RequestorUid: 1000 RequestorPkg: com.android.settings] ]
09-23 23:41:53.021 D/UntrustedWifiNetworkFactory( 1487): got request NetworkRequest [ REQUEST id=66, [ Capabilities: INTERNET&NOT_RESTRICTED&TRUSTED&NOT_VCN_MANAGED Uid: 1000 RequestorUid: 1000 RequestorPkg: com.android.settings] ]
09-23 23:41:53.021 D/OemPaidWifiNetworkFactory( 1487): got request NetworkRequest [ REQUEST id=66, [ Capabilities: INTERNET&NOT_RESTRICTED&TRUSTED&NOT_VCN_MANAGED Uid: 1000 RequestorUid: 1000 RequestorPkg: com.android.settings] ]
09-23 23:41:53.021 I/WifiService( 1487): allowConnectOnPartialScanResults=true uid=1000
09-23 23:41:53.024 I/sysui_multi_action( 2219): [757,103,758,1,833,0,1089,58]
09-23 23:41:53.150 I/WifiService( 1487): startScan uid=1000
09-23 23:41:53.171 D/audio_hw_primary( 815): out_set_parameters: enter: usecase(1: low-latency-playback) kvpairs: suspend_playback=true
09-23 23:41:53.171 D/audio_hw_extn( 815): audio_extn_fm_set_parameters: Enter
09-23 23:41:53.229 D/LOWI-9.0.0.87.a( 1344): [LOWI-Scan] wait_event:Wait done with Cmd 34
09-23 23:41:53.229 D/LOWI-9.0.0.87.a( 1344): [LOWI-Scan] do_listen_events: Rcvd valid Netlink Cmd 34 Err 0
09-23 23:41:53.231 D/WifiNl80211Manager( 1487): Scan result ready event
09-23 23:41:53.231 D/WifiNative( 1487): Scan result ready event
09-23 23:41:53.231 D/LOWI-9.0.0.87.a( 1344): [LOWI-Scan]
09-23 23:41:53.231 D/LOWI-9.0.0.87.a( 1344): [LOWI-Scan] print_bss_handler: Report Probe TSF 247566728 as it greater than Beacon TSF 247552684
09-23 23:41:53.231 D/LOWI-9.0.0.87.a( 1344): [LOWI-Scan] is_qcom_ie, bss_age: 0
09-23 23:41:53.231 D/LOWI-9.0.0.87.a( 1344): [LOWI-Scan] BSS 38:a9:1c:35:03:0b LOWI_PHY_MODE_11AC_VHT80(10), Beacon Interval: 100, LOWI_ENCRYPTION_TYPE_OPEN 11mcRanging: No, ANQP: No, LCI: No, Civic: No, capability(0x0501): ESS SpectrumMgmt ShortSlotTime
09-23 23:41:53.231 D/LOWI-9.0.0.87.a( 1344): [LOWI-Scan] BSS 38:a9:1c:35:03:0b FREQ: 5180, cFreq1[40:80:160] = [5190:5210:0] cFreq2 = 0 Country Code = US
09-23 23:41:53.231 D/LOWI-9.0.0.87.a( 1344): [LOWI-Scan] BSS 38:a9:1c:35:03:0b (wlan0) ASSO: NO AddInfo: 0x0, TSF 0, 00:04:07.566, RSSI: -106, CPL: 127, AGE: 2056, SSID , TSFDelta: 0xd1a41db8, TXRate: 0
09-23 23:41:53.231 D/LOWI-9.0.0.87.a( 1344): [LOWI-Scan] -- associated
09-23 23:41:53.231 D/LOWI-9.0.0.87.a( 1344): [LOWI-Scan]
09-23 23:41:53.231 D/LOWI-9.0.0.87.a( 1344): [LOWI-Scan] print_bss_handler: Report beacon TSF 249437015 as it greater than probe TSF 247567587
09-23 23:41:53.231 D/LOWI-9.0.0.87.a( 1344): [LOWI-Scan] decode_rsn_wpa_ie: LOWI_ENCRYPTION_TYPE_WPA_PSK
09-23 23:41:53.231 D/LOWI-9.0.0.87.a( 1344): [LOWI-Scan] is_qcom_ie, bss_age: 0
09-23 23:41:53.231 D/LOWI-9.0.0.87.a( 1344): [LOWI-Scan] BSS 38:a9:1c:35:03:09 LOWI_PHY_MODE_11AC_VHT80(10), Beacon Interval: 100, LOWI_ENCRYPTION_TYPE_WPA_PSK 11mcRanging: No, ANQP: No, LCI: No, Civic: No, capability(0x0111): ESS Privacy SpectrumMgmt
09-23 23:41:53.231 D/LOWI-9.0.0.87.a( 1344): [LOWI-Scan] BSS 38:a9:1c:35:03:09 FREQ: 5180, cFreq1[40:80:160] = [5190:5210:0] cFreq2 = 0 Country Code = US
09-23 23:41:53.231 D/LOWI-9.0.0.87.a( 1344): [LOWI-Scan] BSS 38:a9:1c:35:03:09 (wlan0) ASSO: YES AddInfo: 0x1, TSF 0, 00:04:09.437, RSSI: -112, CPL: 127, AGE: 0, SSID H3C_350304_5G, TSFDelta: 0xd1a772ea, TXRate: 0
09-23 23:41:53.232 D/LOWI-9.0.0.87.a( 1344): [LOWI-Scan]
09-23 23:41:53.232 D/LOWI-9.0.0.87.a( 1344): [LOWI-Scan] print_bss_handler: Report Probe TSF 247592987 as it greater than Beacon TSF 247563693
09-23 23:41:53.232 D/LOWI-9.0.0.87.a( 1344): [LOWI-Scan] decode_rsn_wpa_ie: LOWI_ENCRYPTION_TYPE_WPA_PSK
09-23 23:41:53.232 D/LOWI-9.0.0.87.a( 1344): [LOWI-Scan] is_qcom_ie, bss_age: 0
09-23 23:41:53.232 D/LOWI-9.0.0.87.a( 1344): [LOWI-Scan] BSS 18:6f:2d:81:16:e2 LOWI_PHY_MODE_11NG_HT20(5), Beacon Interval: 100, LOWI_ENCRYPTION_TYPE_WPA_PSK 11mcRanging: No, ANQP: No, LCI: No, Civic: No, capability(0x0531): ESS Privacy ShortPreamble SpectrumMgmt ShortSlotTime
09-23 23:41:53.232 D/LOWI-9.0.0.87.a( 1344): [LOWI-Scan] BSS 18:6f:2d:81:16:e2 FREQ: 2412, cFreq1[40:80:160] = [2412:0:0] cFreq2 = 0 Country Code = CN
09-23 23:41:53.232 D/LOWI-9.0.0.87.a( 1344): [LOWI-Scan] BSS 18:6f:2d:81:16:e2 (wlan0) ASSO: NO AddInfo: 0x0, TSF 0, 00:04:07.592, RSSI: -134, CPL: 127, AGE: 2028, SSID ThunderSoft_2.4G, TSFDelta: 0x88898007, TXRate: 0
09-23 23:41:53.232 D/LOWI-9.0.0.87.a( 1344): [LOWI-Scan]
