09-23 23:38:07.387 D/CompatibilityChangeReporter( 1487): Compat change id reported: 135754954; UID 10072; state: ENABLED
09-23 23:38:07.387 D/CompatibilityChangeReporter( 1487): Compat change id reported: 143937733; UID 10072; state: ENABLED
09-23 23:38:07.407 D/Zygote ( 674): Forked child process 4073
09-23 23:38:07.408 I/am_proc_start( 1487): [0,4073,10072,com.qti.ltebc,broadcast,{com.qti.ltebc/com.qualcomm.ltebc.LTEBroadcastAlarmReceiver}]
09-23 23:38:07.408 I/ActivityManager( 1487): Start proc 4073:com.qti.ltebc/u0a72 for broadcast {com.qti.ltebc/com.qualcomm.ltebc.LTEBroadcastAlarmReceiver}
09-23 23:38:07.433 E/com.qti.ltebc( 4073): Not starting debugger since process cannot load the jdwp agent.
09-23 23:38:07.436 D/ProcessState( 4073): Binder ioctl to enable oneway spam detection failed: Invalid argument
09-23 23:38:07.442 I/am_proc_bound( 1487): [0,4073,com.qti.ltebc]
09-23 23:38:07.445 D/CompatibilityChangeReporter( 1487): Compat change id reported: 168419799; UID 10072; state: DISABLED
09-23 23:38:07.445 D/CompatibilityInfo( 1487): mCompatibilityFlags - 4
09-23 23:38:07.445 D/CompatibilityInfo( 1487): applicationDensity - 240
09-23 23:38:07.445 D/CompatibilityInfo( 1487): applicationScale - 1.0
09-23 23:38:07.447 I/am_uid_active( 1487): 10072
09-23 23:38:07.448 D/CompatibilityInfo( 1487): mCompatibilityFlags - 4
09-23 23:38:07.448 D/CompatibilityInfo( 1487): applicationDensity - 240
09-23 23:38:07.448 D/CompatibilityInfo( 1487): applicationScale - 1.0
09-23 23:38:07.449 D/CompatibilityChangeReporter( 4073): Compat change id reported: 171979766; UID 10072; state: ENABLED
09-23 23:38:07.464 I/Perf ( 4073): Connecting to perf service.
09-23 23:38:07.467 V/GraphicsEnvironment( 4073): ANGLE Developer option for 'com.qti.ltebc' set to: 'default'
09-23 23:38:07.468 V/GraphicsEnvironment( 4073): ANGLE GameManagerService for com.qti.ltebc: false
09-23 23:38:07.469 D/NetworkSecurityConfig( 4073): Using Network Security Config from resource network_security_config debugBuild: false
09-23 23:38:07.470 D/NetworkSecurityConfig( 4073): Using Network Security Config from resource network_security_config debugBuild: false
09-23 23:38:07.471 D/LTE Application( 4073): getLibraryName = msp
09-23 23:38:07.607 W/System.err( 3476): org.json.JSONException: No value for task_id
09-23 23:38:07.608 W/System.err( 3476): at org.json.JSONObject.get(JSONObject.java:403)
09-23 23:38:07.608 W/System.err( 3476): at org.json.JSONObject.getString(JSONObject.java:564)
09-23 23:38:07.608 W/System.err( 3476): at com.kwai.performance.stability.crash.monitor.util.c.C(kSourceFile:16777279)
09-23 23:38:07.608 W/System.err( 3476): at com.yxcorp.gifshow.performance.monitor.crash.CrashMonitorInitModule.z0(kSourceFile:2425018)
09-23 23:38:07.608 W/System.err( 3476): at com.yxcorp.gifshow.performance.monitor.crash.CrashMonitorInitModule$m.run(kSourceFile:65550)
09-23 23:38:07.608 W/System.err( 3476): at com.kwai.framework.init.b.b(kSourceFile:16777216)
09-23 23:38:07.608 W/System.err( 3476): at com.kwai.framework.init.b.a(Unknown Source:0)
09-23 23:38:07.608 W/System.err( 3476): at rl5.f.run(Unknown Source:2)
09-23 23:38:07.608 W/System.err( 3476): at io.reactivex.internal.operators.observable.z$a.onComplete(kSourceFile:458759)
09-23 23:38:07.608 W/System.err( 3476): at io.reactivex.internal.operators.observable.ObservableObserveOn$ObserveOnObserver.checkTerminated(kSourceFile:50528310)
09-23 23:38:07.608 W/System.err( 3476): at io.reactivex.internal.operators.observable.ObservableObserveOn$ObserveOnObserver.drainNormal(kSourceFile:655390)
09-23 23:38:07.608 W/System.err( 3476): at io.reactivex.internal.operators.observable.ObservableObserveOn$ObserveOnObserver.run(kSourceFile:458760)
09-23 23:38:07.608 W/System.err( 3476): at io.reactivex.internal.schedulers.ExecutorScheduler$ExecutorWorker$BooleanRunnable.run(kSourceFile:458762)
09-23 23:38:07.608 W/System.err( 3476): at io.reactivex.internal.schedulers.ExecutorScheduler$ExecutorWorker.run(kSourceFile:589861)
09-23 23:38:07.608 W/System.err( 3476): at java.util.concurrent.ThreadPoolExecutor.runWorker(ThreadPoolExecutor.java:1167)
09-23 23:38:07.608 W/System.err( 3476): at java.util.concurrent.ThreadPoolExecutor$Worker.run(ThreadPoolExecutor.java:641)
09-23 23:38:07.608 W/System.err( 3476): at qic.b$a.run(kSourceFile:589831)
09-23 23:38:07.608 W/System.err( 3476): at java.lang.Thread.run(Thread.java:920)
09-23 23:38:07.615 I/unknown ( 3476): khook pthread_attr_init_callback set thread stack from 1008 to 256 KB
09-23 23:38:07.615 I/unknown ( 3476): khook setstacksize __addr 0xb2b89b68, from 1040 KB to 256 KB
09-23 23:38:07.752 I/MSP-JNI ( 4073): JNI_OnLoad called
09-23 23:38:07.752 E/MSP-JNI ( 4073): Failed to get class in Jload
09-23 23:38:07.752 I/MSP-JNI ( 4073): FindClass - com/qualcomm/ltebc/LTEBroadcastService JNI EXCEPTION CLEARED
09-23 23:38:07.753 I/MSP-JNI ( 4073): JNI_OnLoad: Initializing File Delivery references
09-23 23:38:07.753 I/MSP-JNI ( 4073): FindClass CARRIER_SPECIFIC_CLASS_DEFINITION JNI EXCEPTION CLEARED
09-23 23:38:07.753 I/MSP-JNI ( 4073): JNI_OnLoad: Completed File Delivery initialization
09-23 23:38:07.755 I/LTE Application( 4073): LTEApplicationCreate
09-23 23:38:07.755 I/LTE Application( 4073): applicationContext : com.qualcomm.ltebc.LTEQTIApplication@48d8b60
09-23 23:38:07.758 I/LTE QMI Link( 4073): Creating QMI Link
09-23 23:38:07.759 D/LTE Application( 4073): packageName = com.qti.ltebc versionCode = 5401010 versionName = MSDC_LA_5.4.01.01.0
09-23 23:38:07.759 I/LTE Application( 4073): LTE Broadcast Library Release Version = MSDC_LA_5.4.01.01.0
09-23 23:38:07.759 D/LTE Application( 4073): IntentSender : Last intent Status NOT_SENT forcedBroadcast flag = true
09-23 23:38:07.759 D/LTE Application( 4073): sendBroadcastIntent IntentAction : Sending com.qualcomm.intent.EMBMS_STATUS ACTIVE = false
09-23 23:38:07.761 W/SOCKET ( 4073): ConnectionManager constructor has been initialised
09-23 23:38:07.761 E/System ( 4073): Ignoring attempt to set property "java.net.preferIPv6Addresses" to value "false".
09-23 23:38:07.762 D/LTE Application( 4073): Android API Version 31
09-23 23:38:07.762 I/LTE Application( 4073): Package Name : com.qti.ltebc
09-23 23:38:07.763 I/LTE Application( 4073): app is not whitelisted
09-23 23:38:07.765 I/LTEBroadcastAlarmReceiver( 4073): onReceive
09-23 23:38:07.765 I/LTEBroadcastAlarmReceiver( 4073): ACTION_ALARM_WAKEUP_BOOT
09-23 23:38:07.765 I/LTE Application( 4073): setStartupReason - set to STARTUP_REASON_BOOT
09-23 23:38:07.765 I/LTE Application( 4073): startRootServiceASync false
09-23 23:38:07.765 I/LTEBroadcastAlarmReceiver( 4073): onReceive exit
09-23 23:38:07.766 I/LTE Application( 4073): startRootServiceSync false
09-23 23:38:07.766 I/LTE Application( 4073): startRootServiceSync initState LTEBC_MSP_NOT_INITIALIZED
09-23 23:38:07.766 I/LTE Application( 4073): setWakeupMode - mode :WAKEUP_MODE_BG
09-23 23:38:07.766 I/LTE Application( 4073): startRootServiceSync(): Started from Alarm WAKEUP_MODE_BG
09-23 23:38:07.766 I/LTE Application( 4073): Starting LTEBC Root Service : launcherIntent = Intent { cmp=com.qti.ltebc/com.qualcomm.ltebc.LTERootService }
09-23 23:38:07.769 D/CompatibilityInfo( 1487): mCompatibilityFlags - 4
09-23 23:38:07.769 D/CompatibilityInfo( 1487): applicationDensity - 240
09-23 23:38:07.769 D/CompatibilityInfo( 1487): applicationScale - 1.0
09-23 23:38:07.770 I/LTE Root Service( 4073): onCreate()
09-23 23:38:07.770 I/LTE Application( 4073): shutdownLockOn() Current sKeepAlive: 0, After Incrementing : 1
09-23 23:38:07.770 I/LTE Root Service( 4073): onStartCommand()
09-23 23:38:07.770 I/LTE Application( 4073): cancelShutDownTimer mspShutDownTimer is NULL
09-23 23:38:07.770 V/LTE Application( 4073): initStateChanged - LTEBC_PERMISSIONS_PENDING
09-23 23:38:07.771 I/LTEBC Init Manager( 4073): handleStartInitialization
09-23 23:38:07.771 I/LTE Root Service( 4073): [EVENT] row getManifestDeniedPermissionsList invoked
09-23 23:38:07.771 I/LTEBC Init Manager( 4073): Handled state : 1
09-23 23:38:07.771 I/LTEBC Init Manager( 4073): handlePermissionResult
09-23 23:38:07.771 V/LTE Application( 4073): initStateChanged - LTEBC_MSP_INIT_PENDING
09-23 23:38:07.771 I/LTE Application( 4073): handleInitConfigandConnectEmbmsServiceTask : doInBackground
09-23 23:38:07.775 I/Ltebc ( 4073): ConfigurationManager () : LTEApplication.internalDataPath /data/user/0/com.qti.ltebc/files
09-23 23:38:07.776 D/LTE_CONFIG( 4073): getVendorPath /vendor
09-23 23:38:07.777 I/ Ltebc ( 4073): Provisioning directories:[/vendor/embms/qcom, /vendor/embms/oem, /vendor/embms/qti, /vendor/embms/qcom/global, /vendor/embms/oem/global, /vendor/embms/qti/global, /system/embms/qcom, /system/embms/oem, /system/embms/qti, /system/embms/qcom/global, /system/embms/oem/global, /system/embms/qti/global, /vendor/app/embms/oem, /vendor/app/embms/oem/global, /storage/emulated/0/Android/data/com.qti.ltebc/files/embms/qcom, /storage/emulated/0/Android/data/com.qti.ltebc/files/embms/qcom/global]
09-23 23:38:07.777 I/ Ltebc ( 4073): Provisioning directories Assets:[/carrierConfig/embms]
09-23 23:38:07.778 D/LTE_CONFIG( 4073): configurable provisioningLocation: [/vendor/embms/qcom, /vendor/embms/oem, /vendor/embms/qti, /vendor/embms/qcom/global, /vendor/embms/oem/global, /vendor/embms/qti/global, /system/embms/qcom, /system/embms/oem, /system/embms/qti, /system/embms/qcom/global, /system/embms/oem/global, /system/embms/qti/global, /vendor/app/embms/oem, /vendor/app/embms/oem/global, /storage/emulated/0/Android/data/com.qti.ltebc/files/embms/qcom, /storage/emulated/0/Android/data/com.qti.ltebc/files/embms/qcom/global]
09-23 23:38:07.778 D/LTE_CONFIG( 4073): copyFilesFromAssets
09-23 23:38:07.778 D/LTE_CONFIG( 4073): copyFilesFromAssets : location = carrierConfig/embms
09-23 23:38:07.780 D/LTE_CONFIG( 4073): copyFilesFromAssets : list of files in carrierConfig/embms = []
09-23 23:38:07.780 D/LTE_CONFIG( 4073): copyFilesFromAssets : list of files in carrierConfig/embms is empty
09-23 23:38:07.780 D/LTE_CONFIG( 4073): files copy operation from Assets folder failed
09-23 23:38:07.780 D/LTE_CONFIG( 4073): oemProvisioningDirs : [/vendor/embms/qcom, /vendor/embms/oem, /vendor/embms/qti, /vendor/embms/qcom/global, /vendor/embms/oem/global, /vendor/embms/qti/global, /system/embms/qcom, /system/embms/oem, /system/embms/qti, /system/embms/qcom/global, /system/embms/oem/global, /system/embms/qti/global, /vendor/app/embms/oem, /vendor/app/embms/oem/global, /storage/emulated/0/Android/data/com.qti.ltebc/files/embms/qcom, /storage/emulated/0/Android/data/com.qti.ltebc/files/embms/qcom/global]
09-23 23:38:07.780 D/LTE_CONFIG( 4073): Checking dir: /vendor/embms/qcom
09-23 23:38:07.782 D/LTE_CONFIG( 4073): provisioning_params.xml not found, copy all other files from dir : /vendor/embms/qcom
09-23 23:38:07.782 D/LTE_CONFIG( 4073): filesCount = 0
09-23 23:38:07.782 D/LTE_CONFIG( 4073): Checking dir: /vendor/embms/oem
09-23 23:38:07.782 D/LTE_CONFIG( 4073): provisioning_params.xml not found, copy all other files from dir : /vendor/embms/oem
09-23 23:38:07.782 D/LTE_CONFIG( 4073): filesCount = 0
09-23 23:38:07.782 D/LTE_CONFIG( 4073): Checking dir: /vendor/embms/qti
09-23 23:38:07.782 D/LTE_CONFIG( 4073): provisioning_params.xml not found, copy all other files from dir : /vendor/embms/qti
09-23 23:38:07.782 D/LTE_CONFIG( 4073): filesCount = 0
09-23 23:38:07.782 D/LTE_CONFIG( 4073): Checking dir: /vendor/embms/qcom/global
09-23 23:38:07.782 D/LTE_CONFIG( 4073): provisioning_params.xml not found, copy all other files from dir : /vendor/embms/qcom/global
09-23 23:38:07.782 D/LTE_CONFIG( 4073): filesCount = 0
09-23 23:38:07.782 D/LTE_CONFIG( 4073): Checking dir: /vendor/embms/oem/global
09-23 23:38:07.782 D/LTE_CONFIG( 4073): provisioning_params.xml not found, copy all other files from dir : /vendor/embms/oem/global
09-23 23:38:07.782 D/LTE_CONFIG( 4073): filesCount = 0
09-23 23:38:07.782 D/LTE_CONFIG( 4073): Checking dir: /vendor/embms/qti/global
09-23 23:38:07.782 D/LTE_CONFIG( 4073): provisioning_params.xml not found, copy all other files from dir : /vendor/embms/qti/global
09-23 23:38:07.782 D/LTE_CONFIG( 4073): filesCount = 0
09-23 23:38:07.782 D/LTE_CONFIG( 4073): Checking dir: /system/embms/qcom
09-23 23:38:07.782 D/LTE_CONFIG( 4073): provisioning_params.xml not found, copy all other files from dir : /system/embms/qcom
09-23 23:38:07.782 D/LTE_CONFIG( 4073): filesCount = 0
09-23 23:38:07.782 D/LTE_CONFIG( 4073): Checking dir: /system/embms/oem
09-23 23:38:07.783 D/LTE_CONFIG( 4073): provisioning_params.xml not found, copy all other files from dir : /system/embms/oem
09-23 23:38:07.783 D/LTE_CONFIG( 4073): filesCount = 0
09-23 23:38:07.783 D/LTE_CONFIG( 4073): Checking dir: /system/embms/qti
09-23 23:38:07.783 D/LTE_CONFIG( 4073): provisioning_params.xml not found, copy all other files from dir : /system/embms/qti
09-23 23:38:07.783 D/LTE_CONFIG( 4073): filesCount = 0
09-23 23:38:07.783 D/LTE_CONFIG( 4073): Checking dir: /system/embms/qcom/global
09-23 23:38:07.783 D/LTE_CONFIG( 4073): provisioning_params.xml not found, copy all other files from dir : /system/embms/qcom/global
09-23 23:38:07.783 D/LTE_CONFIG( 4073): filesCount = 0
09-23 23:38:07.783 D/LTE_CONFIG( 4073): Checking dir: /system/embms/oem/global
09-23 23:38:07.783 D/LTE_CONFIG( 4073): provisioning_params.xml not found, copy all other files from dir : /system/embms/oem/global
09-23 23:38:07.783 D/LTE_CONFIG( 4073): filesCount = 0
09-23 23:38:07.783 D/LTE_CONFIG( 4073): Checking dir: /system/embms/qti/global
09-23 23:38:07.783 D/LTE_CONFIG( 4073): provisioning_params.xml not found, copy all other files from dir : /system/embms/qti/global
09-23 23:38:07.783 D/LTE_CONFIG( 4073): filesCount = 0
09-23 23:38:07.783 D/LTE_CONFIG( 4073): Checking dir: /vendor/app/embms/oem
09-23 23:38:07.783 D/LTE_CONFIG( 4073): provisioning_params.xml not found, copy all other files from dir : /vendor/app/embms/oem
09-23 23:38:07.783 D/LTE_CONFIG( 4073): filesCount = 0
09-23 23:38:07.783 D/LTE_CONFIG( 4073): Checking dir: /vendor/app/embms/oem/global
09-23 23:38:07.783 D/LTE_CONFIG( 4073): provisioning_params.xml not found, copy all other files from dir : /vendor/app/embms/oem/global
09-23 23:38:07.783 D/LTE_CONFIG( 4073): filesCount = 0
09-23 23:38:07.783 D/LTE_CONFIG( 4073): Checking dir: /storage/emulated/0/Android/data/com.qti.ltebc/files/embms/qcom
09-23 23:38:07.783 D/LTE_CONFIG( 4073): provisioning_params.xml not found, copy all other files from dir : /storage/emulated/0/Android/data/com.qti.ltebc/files/embms/qcom
09-23 23:38:07.784 D/LTE_CONFIG( 4073): filesCount = 0
09-23 23:38:07.784 D/LTE_CONFIG( 4073): Checking dir: /storage/emulated/0/Android/data/com.qti.ltebc/files/embms/qcom/global
09-23 23:38:07.784 D/LTE_CONFIG( 4073): provisioning_params.xml not found, copy all other files from dir : /storage/emulated/0/Android/data/com.qti.ltebc/files/embms/qcom/global
09-23 23:38:07.784 D/LTE_CONFIG( 4073): filesCount = 0
09-23 23:38:07.784 D/LTE_CONFIG( 4073): copyLogLevelFile: emulatedPath = /storage/emulated/0/Android/data/com.qti.ltebc/files/embms/qcom/global
09-23 23:38:07.784 D/LTE_CONFIG( 4073): copyLogLevelFile: logLevelFilePath = /storage/emulated/0/Android/data/com.qti.ltebc/files/embms/qcom/global/debug/loglevels.xml
09-23 23:38:07.784 D/LTE_CONFIG( 4073): copyLogLevelFile: logLevels file copy failed: srcLogLevelFile = /storage/emulated/0/Android/data/com.qti.ltebc/files/embms/qcom/global/debug/loglevels.xml does not exist
09-23 23:38:07.784 I/ Ltebc ( 4073): ConfigurationManager () load file from internal directory failed
09-23 23:38:07.784 I/LTE Application( 4073): Ltebc : loadConfigData()
09-23 23:38:07.784 I/Ltebc ( 4073): ConfigurationManager : getProperties()
09-23 23:38:07.784 E/LTE Application( 4073): Ltebc : preemption_priority is available in config file () : 5
09-23 23:38:07.785 I/LTE Application( 4073): Ltebc : loadConfigData() sPreemptionPriority :5
09-23 23:38:07.785 I/LTE Application( 4073): Ltebc : loadConfigData() sEarFcnList :5230
09-23 23:38:07.785 E/LTE Application( 4073): Ltebc : enable_embms_sim is available in config file () : false
09-23 23:38:07.785 E/LTE Application( 4073): Ltebc : loadConfigData() enableEmbmsSim :false
09-23 23:38:07.785 E/LTE Application( 4073): Ltebc : shutdowntimer is available in config file () : 0
09-23 23:38:07.785 E/LTE Application( 4073): shutDownTimer : 0.0
09-23 23:38:07.785 E/LTE Application( 4073): Ltebc : provisioning_timeout_ms is available in config file () : 2592000000
09-23 23:38:07.785 I/LTE Application( 4073): mProvisioningTMO : 2592000000
09-23 23:38:07.785 E/LTE Application( 4073): Ltebc : enable_unicast_in_roaming is available in config file ()
09-23 23:38:07.785 I/LTE Application( 4073): Ltebc : loadConfigData() enableUnicastInRoaming :false
09-23 23:38:07.785 E/LTE Application( 4073): Ltebc : default_plmn is not available in config file ()
09-23 23:38:07.785 E/LTE Application( 4073): Ltebc : roaming_check_periodicity_ms is available in config file ()
09-23 23:38:07.785 I/LTE Application( 4073): Ltebc : loadConfigData() roaming_check_periodicity_ms :5000
09-23 23:38:07.785 E/LTE Application( 4073): Ltebc : embms_get_e911_state_retry_attempts is available in config file ()
09-23 23:38:07.785 I/LTE Application( 4073): Ltebc : loadConfigData() EMBMS_GET_E911_STATE_RETRY_ATTEMPTS :600
09-23 23:38:07.785 E/LTE Application( 4073): provisioningTimerTask: mProvisioningTMO = 2592000000
09-23 23:38:07.786 I/LTE Application( 4073): getStartupReason - startup_reason: STARTUP_REASON_BOOT
09-23 23:38:07.786 I/LTEBC Init Manager( 4073): handlePermissionResult STARTUP_REASON_BOOT
09-23 23:38:07.786 I/LTELicenseManager( 4073): startLicenseCheck requestCode: 3 cb: com.qualcomm.ltebc.LTEBCInitManager@4813bdb
09-23 23:38:07.786 I/LTELicenseManager( 4073): processLicenseCheck in progress false
09-23 23:38:07.795 I/am_uid_running( 1487): 10053
09-23 23:38:07.796 D/CompatibilityChangeReporter( 1487): Compat change id reported: 135634846; UID 10053; state: DISABLED
09-23 23:38:07.796 D/CompatibilityChangeReporter( 1487): Compat change id reported: 177438394; UID 10053; state: DISABLED
09-23 23:38:07.796 D/CompatibilityChangeReporter( 1487): Compat change id reported: 135772972; UID 10053; state: DISABLED
09-23 23:38:07.796 D/CompatibilityChangeReporter( 1487): Compat change id reported: 135754954; UID 10053; state: DISABLED
09-23 23:38:07.796 D/CompatibilityChangeReporter( 1487): Compat change id reported: 143937733; UID 10053; state: DISABLED
09-23 23:38:07.797 I/LTELicenseManager( 4073): MinkSocketFd connect true
09-23 23:38:07.797 I/LTELicenseManager( 4073): Scheduling mink socket timeout 1000
09-23 23:38:07.797 I/LTEBC Init Manager( 4073): Handled state : 7
09-23 23:38:07.812 D/Zygote ( 674): Forked child process 4095
09-23 23:38:07.812 I/am_proc_start( 1487): [0,4095,10053,com.qualcomm.qti.qms.service.trustzoneaccess,service,{com.qualcomm.qti.qms.service.trustzoneaccess/com.qualcomm.qti.qms.service.trustzoneaccess.TZAccessService}]
09-23 23:38:07.812 I/ActivityManager( 1487): Start proc 4095:com.qualcomm.qti.qms.service.trustzoneaccess/u0a53 for service {com.qualcomm.qti.qms.service.trustzoneaccess/com.qualcomm.qti.qms.service.trustzoneaccess.TZAccessService}
09-23 23:38:07.821 I/libc ( 4095): SetHeapTaggingLevel: tag level set to 0
09-23 23:38:07.833 E/trustzoneacces( 4095): Not starting debugger since process cannot load the jdwp agent.
09-23 23:38:07.836 D/ProcessState( 4095): Binder ioctl to enable oneway spam detection failed: Invalid argument
09-23 23:38:07.842 I/am_proc_bound( 1487): [0,4095,com.qualcomm.qti.qms.service.trustzoneaccess]
09-23 23:38:07.845 D/CompatibilityChangeReporter( 1487): Compat change id reported: 168419799; UID 10053; state: DISABLED
09-23 23:38:07.845 D/CompatibilityInfo( 1487): mCompatibilityFlags - 4
09-23 23:38:07.845 D/CompatibilityInfo( 1487): applicationDensity - 240
09-23 23:38:07.845 D/CompatibilityInfo( 1487): applicationScale - 1.0
09-23 23:38:07.849 D/CompatibilityInfo( 1487): mCompatibilityFlags - 4
09-23 23:38:07.849 D/CompatibilityInfo( 1487): applicationDensity - 240
09-23 23:38:07.849 D/CompatibilityInfo( 1487): applicationScale - 1.0
09-23 23:38:07.851 D/CompatibilityChangeReporter( 4095): Compat change id reported: 171979766; UID 10053; state: DISABLED
09-23 23:38:07.856 D/ApplicationLoaders( 4095): Returning zygote-cached class loader: /system/framework/android.test.base.jar
09-23 23:38:07.862 D/nativeloader( 4095): classloader namespace configured for unbundled vendor apk. library_path=/vendor/app/TrustZoneAccessService/lib/arm64:/vendor/lib64
09-23 23:38:07.870 I/Perf ( 4095): Connecting to perf service.
09-23 23:38:07.874 V/GraphicsEnvironment( 4095): ANGLE Developer option for 'com.qualcomm.qti.qms.service.trustzoneaccess' set to: 'default'
09-23 23:38:07.874 V/GraphicsEnvironment( 4095): ANGLE GameManagerService for com.qualcomm.qti.qms.service.trustzoneaccess: false
09-23 23:38:07.875 D/NetworkSecurityConfig( 4095): No Network Security Config specified, using platform default
09-23 23:38:07.875 D/NetworkSecurityConfig( 4095): No Network Security Config specified, using platform default
09-23 23:38:07.881 I/MinkSocketFd( 4073): connected
09-23 23:38:07.882 V/CredentialHelper( 4095): Processing credentials for uid = 10072
09-23 23:38:07.891 I/minksocket( 801): MinkSocket_recvInvocationRequest: SMCINVOKE_IOCTL_LOG peer gid=10053 uid=10053 invoke=1, o.invoke=0x58d6e880d0, o.context=0xb4000075b32aa8d0
09-23 23:38:07.892 I/ssgtzd ( 801): served new env
09-23 23:38:07.893 I/LTELicenseManager( 4073): onConnect called
09-23 23:38:07.894 I/minksocket( 801): MinkSocket_recvInvocationRequest: SMCINVOKE_IOCTL_LOG peer gid=10053 uid=10053 invoke=1, o.invoke=0x58d6e8baa0, o.context=0xb4000075732b0190
09-23 23:38:07.894 E/minksocket( 801): MinkSocket_recvInvocationRequest: err=-98, SMCINVOKE_IOCTL_LOG, peer gid=10053 uid=10053 invoke=1
09-23 23:38:07.896 I/LTELicenseManager( 4073): Before calling CheckInstalledLicense
09-23 23:38:07.901 I/mpu_uart( 654): [MSG-P:RECV]:No message received in 1000 ms
09-23 23:38:07.905 E/LTELicenseManager( 4073): Error code 29
09-23 23:38:07.905 E/LTELicenseManager( 4073): Exception InvokeException, err=29
09-23 23:38:07.905 W/System.err( 4073): com.qualcomm.qti.qms.api.mink.IMinkObject$InvokeException: InvokeException, err=29
09-23 23:38:07.905 W/System.err( 4073): at com.qualcomm.qti.qms.api.mink.CMinkObject.nativeInvoke(Native Method)
09-23 23:38:07.905 W/System.err( 4073): at com.qualcomm.qti.qms.api.mink.CMinkObject.invoke(CMinkObject.java:55)
09-23 23:38:07.906 W/System.err( 4073): at com.qualcomm.qti.mink.IPFM$Proxy.CheckInstalledLicense(IPFM.java:164)
09-23 23:38:07.906 W/System.err( 4073): at com.qualcomm.ltebc.LTELicenseManager$1.onConnect(LTELicenseManager.java:137)
09-23 23:38:07.906 W/System.err( 4073): at com.qualcomm.qti.qms.api.minksocket.MinkSocketFdInternals$1.onServiceConnected(MinkSocketFdInternals.java:53)
09-23 23:38:07.906 W/System.err( 4073): at android.app.LoadedApk$ServiceDispatcher.doConnected(LoadedApk.java:2077)
09-23 23:38:07.906 W/System.err( 4073): at android.app.LoadedApk$ServiceDispatcher$RunConnection.run(LoadedApk.java:2110)
09-23 23:38:07.906 W/System.err( 4073): at android.os.Handler.handleCallback(Handler.java:938)
09-23 23:38:07.906 W/System.err( 4073): at android.os.Handler.dispatchMessage(Handler.java:99)
09-23 23:38:07.906 W/System.err( 4073): at android.os.Looper.loopOnce(Looper.java:201)
09-23 23:38:07.906 W/System.err( 4073): at android.os.Looper.loop(Looper.java:288)
09-23 23:38:07.906 W/System.err( 4073): at android.app.ActivityThread.main(ActivityThread.java:7880)
09-23 23:38:07.906 W/System.err( 4073): at java.lang.reflect.Method.invoke(Native Method)
09-23 23:38:07.906 W/System.err( 4073): at com.android.internal.os.RuntimeInit$MethodAndArgsCaller.run(RuntimeInit.java:548)
09-23 23:38:07.906 W/System.err( 4073): at com.android.internal.os.ZygoteInit.main(ZygoteInit.java:1009)
09-23 23:38:07.909 I/LTELicenseManager( 4073): onDisconnect called
09-23 23:38:07.909 I/LTELicenseManager( 4073): saveLicenseInSharedPreferences false
09-23 23:38:07.911 I/unknown ( 3476): khook pthread_attr_init_callback set thread stack from 1008 to 256 KB
09-23 23:38:07.916 D/BufferPoolAccessor2.0( 1208): bufferpool2 0xf0cc29c8 : 0(0 size) total buffers - 0(0 size) used buffers - 95/103 (recycle/alloc) - 8/198 (fetch/transfer)
09-23 23:38:07.916 D/BufferPoolAccessor2.0( 1208): evictor expired: 1, evicted: 1
09-23 23:38:07.921 D/LTELicenseManager( 4073): processLicenseCheck notify caller license validity false
09-23 23:38:07.922 W/OverlayManager( 1487): service 'idmap' died
09-23 23:38:07.922 I/LTEBC Init Manager( 4073): onLicenseCheckComplete 3 isValid false
09-23 23:38:07.922 V/LTE Application( 4073): initStateChanged - LTEBC_INIT_LICENSE_ERROR
09-23 23:38:07.922 I/LTE Application( 4073): Error during ltebc initialization
09-23 23:38:07.925 I/LTE-FD Service:( 4073): LTEFileDeliveryServiceHelper get connection manager : Thread[Thread-2,5,main]
09-23 23:38:07.926 I/LTE Application( 4073): isAnyAppBindedWithMW : No Application is binded with MW
09-23 23:38:07.926 I/LTEBC Init Manager( 4073): onLicenseCheckComplete failed, hence calling explicit stop
09-23 23:38:07.926 I/LTE Application( 4073): explicitStop initState LTEBC_INIT_LICENSE_ERROR
09-23 23:38:07.928 I/LTEBC Init Manager( 4073): handleStartDeInitialization()
09-23 23:38:07.928 I/LTE Application( 4073): isAnyAppBindedWithMW : No Application is binded with MW
09-23 23:38:07.928 I/LTEBC Init Manager( 4073): forceExit() Force Killing MSP as sKeepAlive is not ZERO, sKeepAlive:1
09-23 23:38:07.928 I/LTE Application( 4073): shutdownApp
09-23 23:38:07.928 I/LTE Application( 4073): shutdownApp : after jshutdown()
09-23 23:38:07.928 I/LTE Application( 4073): shutdownApp : calling Disconnect from Ebmbs
09-23 23:38:07.928 D/LTE Application( 4073): IntentSender : Last intent Status INACTIVE_SENT forcedBroadcast flag = false
09-23 23:38:07.928 I/LTE Application( 4073): shutdownApp : calling Connection Mgr shutdown()
09-23 23:38:07.928 W/SOCEKT ( 4073): Connection Thread shutdown
09-23 23:38:07.928 W/SOCEKT ( 4073): Recieve thread Pool shutdown
09-23 23:38:07.928 I/LTE Application( 4073): shutdownApp : calling Ltebc exit
09-23 23:38:07.929 I/LTE Root Service( 4073): onDestroy
09-23 23:38:07.930 I/com.qti.ltebc( 4073): System.exit called, status: 0
09-23 23:38:07.930 I/AndroidRuntime( 4073): VM exiting with result code 0, cleanup skipped.
09-23 23:38:07.948 I/ActivityManager( 1487): Process com.qti.ltebc (pid 4073) has died: cch+5 CEM
09-23 23:38:07.948 I/libprocessgroup( 1487): Successfully killed process cgroup uid 10072 pid 4073 in 0ms
09-23 23:38:07.948 I/am_proc_died( 1487): [0,4073,com.qti.ltebc,905,19]
09-23 23:38:07.949 I/am_uid_stopped( 1487): 10072
09-23 23:38:07.953 I/Zygote ( 674): Process 4073 exited cleanly (0)
09-23 23:38:07.972 I/unknown ( 3476): khook pthread_attr_init_callback set thread stack from 1008 to 256 KB
09-23 23:38:07.972 I/unknown ( 3476): khook setstacksize __addr 0xb2b895e8, from 1040 KB to 256 KB
09-23 23:38:07.975 I/unknown ( 3476): khook pthread_attr_init_callback set thread stack from 1008 to 256 KB
09-23 23:38:07.975 I/unknown ( 3476): khook setstacksize __addr 0xb2b89888, from 1040 KB to 256 KB
09-23 23:38:08.149 I/unknown ( 3476): khook pthread_attr_init_callback set thread stack from 1008 to 256 KB
09-23 23:38:08.149 I/unknown ( 3476): khook setstacksize __addr 0xb2741bc8, from 1040 KB to 256 KB
09-23 23:38:08.154 I/MMKV ( 3476): open fd[0xec], /data/user/0/com.smile.gifmaker/files/mmkv/io_detector_sp
09-23 23:38:08.155 I/MMKV ( 3476): open fd[0xed], /data/user/0/com.smile.gifmaker/files/mmkv/io_detector_sp.crc
09-23 23:38:08.156 I/MMKV ( 3476): loading [io_detector_sp] with 31 actual size, file size 4096, InterProcess 1, meta info version:3
09-23 23:38:08.156 I/MMKV ( 3476): loading [io_detector_sp] with crc 963343194 sequence 1 version 3
09-23 23:38:08.157 I/MMKV ( 3476): loaded [io_detector_sp] with 1 key-values
09-23 23:38:08.377 I/unknown ( 3476): khook pthread_attr_init_callback set thread stack from 1008 to 256 KB
09-23 23:38:08.377 I/unknown ( 3476): khook setstacksize __addr 0xb2741bc8, from 1040 KB to 256 KB
09-23 23:38:08.380 I/unknown ( 3476): khook pthread_attr_init_callback set thread stack from 1008 to 256 KB
09-23 23:38:08.380 I/unknown ( 3476): khook setstacksize __addr 0xaf305848, from 1040 KB to 256 KB
09-23 23:38:08.466 W/TouchableRegionManager( 1843): onHeadsUpPinnedModeChanged
09-23 23:38:08.469 I/sysui_heads_up_status( 1843): [-1|android|26|null|1000,0]
09-23 23:38:08.483 I/commit_sys_config_file( 1487): [appops,17]
09-23 23:38:08.715 I/unknown ( 3476): khook pthread_attr_init_callback set thread stack from 1008 to 256 KB
09-23 23:38:08.715 I/unknown ( 3476): khook setstacksize __addr 0xb0b7d2b8, from 1040 KB to 256 KB
09-23 23:38:08.727 I/unknown ( 3476): khook pthread_attr_init_callback set thread stack from 1008 to 256 KB
09-23 23:38:08.727 I/unknown ( 3476): khook setstacksize __addr 0xb2741bc8, from 1040 KB to 256 KB
09-23 23:38:08.728 I/unknown ( 3476): khook pthread_attr_init_callback set thread stack from 1008 to 256 KB
09-23 23:38:08.728 I/unknown ( 3476): khook setstacksize __addr 0xb2741bc8, from 1040 KB to 256 KB
09-23 23:38:08.746 I/MMKV ( 3476): open fd[0xef], /data/user/0/com.smile.gifmaker/files/mmkv/pref_id_resolve_config
09-23 23:38:08.751 I/MMKV ( 3476): open fd[0xf0], /data/user/0/com.smile.gifmaker/files/mmkv/pref_id_resolve_config.crc
09-23 23:38:08.752 I/MMKV ( 3476): loading [pref_id_resolve_config] with 0 actual size, file size 4096, InterProcess 1, meta info version:1
09-23 23:38:08.752 I/MMKV ( 3476): loaded [pref_id_resolve_config] with 0 key-values
09-23 23:38:08.752 I/MMKV ( 3476): cleaning all key-values from [pref_id_resolve_config]
09-23 23:38:08.752 I/MMKV ( 3476): nothing to clear for [pref_id_resolve_config]
09-23 23:38:08.828 I/unknown ( 3476): khook pthread_attr_init_callback set thread stack from 1008 to 256 KB
09-23 23:38:08.828 I/unknown ( 3476): khook setstacksize __addr 0xb0b7cd58, from 1072 KB to 256 KB
09-23 23:38:08.840 I/unknown ( 3476): khook pthread_attr_init_callback set thread stack from 1008 to 256 KB
09-23 23:38:08.840 I/unknown ( 3476): khook setstacksize __addr 0xb0b7cd58, from 1072 KB to 256 KB
09-23 23:38:08.901 I/mpu_uart( 654): [MSG-P:RECV]:No message received in 1000 ms
09-23 23:38:08.906 I/mpu_uart( 654): [MSG-P:R]:recv sync frame timeout
09-23 23:38:08.912 D/MicroService( 1968): start reader thread, mServerIp = 192.168.124.5, mServerPort = 9999
09-23 23:38:08.914 D/MicroService( 1968): run: called
09-23 23:38:08.914 D/MicroService( 1968): getEvent: start waiting...
09-23 23:38:08.916 D/StatusBar( 1843): disable disable2
09-23 23:38:08.921 I/sysui_multi_action( 1487): [757,128,758,2,793,9148,794,5649,795,9148,796,26,798,0,806,android,857,DEVELOPER_IMPORTANT,858,4,947,0,1395,2,1500,8740,1688,1]
09-23 23:38:08.921 I/notification_visibility( 1487): [-1|android|26|null|1000,0,9148,9148,0,0]
09-23 23:38:08.922 I/sysui_multi_action( 1843): [757,111,758,2]
09-23 23:38:08.922 I/notification_enqueue( 1487): [10081,1843,com.android.systemui,2048,NULL,0,Notification(channel=updateNotification shortcut=null contentView=null vibrate=null sound=null defaults=0x0 flags=0x0 color=0x00000000 vis=PRIVATE),0]
09-23 23:38:08.922 I/sysui_multi_action( 1843): [757,111,758,2]
09-23 23:38:08.928 I/sysui_multi_action( 1487): [757,127,758,2]
09-23 23:38:08.928 I/notification_panel_hidden( 1487):
09-23 23:38:08.930 D/StatusBar( 1843): disable disable2
09-23 23:38:08.935 I/unknown ( 3476): khook pthread_attr_init_callback set thread stack from 1008 to 256 KB
09-23 23:38:08.935 I/unknown ( 3476): khook setstacksize __addr 0xff993788, from 1040 KB to 256 KB
09-23 23:38:08.937 I/unknown ( 3476): khook pthread_attr_init_callback set thread stack from 1008 to 256 KB
09-23 23:38:08.937 I/unknown ( 3476): khook setstacksize __addr 0xb1e70b98, from 1040 KB to 256 KB
09-23 23:38:08.939 I/unknown ( 3476): khook pthread_attr_init_callback set thread stack from 1008 to 256 KB
09-23 23:38:08.939 I/unknown ( 3476): khook setstacksize __addr 0xff993698, from 1040 KB to 256 KB
09-23 23:38:08.939 I/unknown ( 3476): khook pthread_attr_init_callback set thread stack from 1008 to 256 KB
09-23 23:38:08.939 I/unknown ( 3476): khook setstacksize __addr 0xff993698, from 1040 KB to 256 KB
09-23 23:38:08.945 I/unknown ( 3476): khook pthread_attr_init_callback set thread stack from 1008 to 256 KB
09-23 23:38:08.945 I/unknown ( 3476): khook setstacksize __addr 0xff993748, from 1040 KB to 256 KB
09-23 23:38:08.946 I/unknown ( 3476): khook pthread_attr_init_callback set thread stack from 1008 to 256 KB
09-23 23:38:08.946 I/unknown ( 3476): khook setstacksize __addr 0xff993c48, from 1040 KB to 256 KB
09-23 23:38:08.946 I/sysui_multi_action( 1843): [757,111,758,1]
09-23 23:38:08.946 I/sysui_multi_action( 1843): [757,126,758,1,759,126,927,0,928,0,1593,0]
09-23 23:38:08.946 I/sysui_multi_action( 1843): [757,113,758,1,759,113,927,1,928,1,1593,0]
09-23 23:38:08.947 I/sysui_multi_action( 1843): [757,0,758,1,759,0,927,2,928,0,1593,0]
09-23 23:38:08.947 I/sysui_multi_action( 1843): [757,0,758,1,759,0,927,3,928,0,1593,0]
09-23 23:38:08.947 I/sysui_multi_action( 1843): [757,1706,758,1,759,1706,927,4,928,0,1593,0]
09-23 23:38:08.947 I/sysui_multi_action( 1843): [757,491,758,1,759,491,927,5,928,0,1311,-1,1593,0]
09-23 23:38:08.947 I/sysui_multi_action( 1843): [757,0,758,1,759,0,927,6,928,0,1593,0]
09-23 23:38:08.947 I/sysui_multi_action( 1843): [757,114,758,1,759,114,927,7,928,0,1593,0]
09-23 23:38:08.947 I/sysui_multi_action( 1843): [757,268,758,1,759,268,806,com.netease.cloudmusic,871,com.netease.cloudmusic.titleservice.PlayFavoriteMusicTitleService,927,8,1593,0]
09-23 23:38:08.947 I/sysui_multi_action( 1843): [757,268,758,1,759,268,806,com.netease.cloudmusic,871,com.netease.cloudmusic.titleservice.PrivateFmTitleService,927,9,1593,0]
09-23 23:38:08.948 I/sysui_multi_action( 1843): [757,268,758,1,759,268,806,com.netease.cloudmusic,871,com.netease.cloudmusic.music.biz.voice.tileservice.PopularPodCastService,927,10,1593,0]
09-23 23:38:08.948 I/sysui_multi_action( 1843): [757,268,758,1,759,268,806,com.netease.cloudmusic,871,com.netease.cloudmusic.music.biz.voice.tileservice.ListenBookService,927,11,1593,0]
09-23 23:38:08.948 I/sysui_multi_action( 1843): [757,268,758,1,759,268,806,com.netease.cloudmusic,871,com.netease.cloudmusic.titleservice.DailyRecommandTitleService,927,12,1593,0]
09-23 23:38:08.948 I/sysui_multi_action( 1843): [757,268,758,1,759,268,806,com.netease.cloudmusic,871,com.netease.cloudmusic.music.biz.voice.tileservice.SleepAidDecompressionService,927,13,1593,0]
09-23 23:38:08.948 I/sysui_multi_action( 1843): [757,268,758,1,759,268,806,com.netease.cloudmusic,871,com.netease.cloudmusic.titleservice.PrivateRadarTitleService,927,14,1593,0]
09-23 23:38:08.948 I/sysui_multi_action( 1843): [757,268,758,1,759,268,806,com.netease.cloudmusic,871,com.netease.cloudmusic.music.biz.voice.tileservice.BroadCastService,927,15,1593,0]
09-23 23:38:08.948 I/sysui_multi_action( 1843): [757,268,758,1,759,268,806,com.qiyi.video.pad,871,org.qiyi.android.tile.SearchTileService,927,16,1593,0]
09-23 23:38:08.948 I/sysui_multi_action( 1843): [757,268,758,1,759,268,806,com.qiyi.video.pad,871,org.qiyi.android.tile.ContinueTileService,927,17,1593,0]
09-23 23:38:08.948 I/sysui_multi_action( 1843): [757,268,758,1,759,268,806,com.qiyi.video.pad,871,org.qiyi.android.tile.CaptureTileService,927,18,1593,0]
09-23 23:38:08.948 I/sysui_multi_action( 1843): [757,268,758,1,759,268,806,com.qiyi.video.pad,871,org.qiyi.android.tile.TopVideoTileService,927,19,1593,0]
09-23 23:38:08.949 I/sysui_multi_action( 1843): [757,268,758,1,759,268,806,com.qiyi.video.pad,871,org.qiyi.android.tile.EntranceTileService,927,20,1593,0]
09-23 23:38:08.949 I/sysui_multi_action( 1843): [757,268,758,1,759,268,806,com.smile.gifmaker,871,com.kwai.gifshow.post.api.feature.record.RecordQuickSettingService,927,21,1593,0]
09-23 23:38:08.949 I/sysui_multi_action( 1843): [757,268,758,1,759,268,806,com.qiyi.video.pad,871,org.qiyi.android.tile.HistoryTileService,927,22,1593,0]
09-23 23:38:08.949 I/sysui_multi_action( 1843): [757,268,758,1,759,268,806,com.qiyi.video.pad,871,org.qiyi.android.tile.SportTileService,927,23,1593,0]
09-23 23:38:08.949 I/sysui_multi_action( 1843): [757,268,758,1,759,268,806,com.tencent.news,871,com.tencent.news.tile.Tile24Hours,927,24,1593,0]
09-23 23:38:08.949 I/sysui_multi_action( 1843): [757,268,758,1,759,268,806,com.ss.android.article.news,871,com.android.bytedance.search.tile.SearchTileService,927,25,1593,0]
09-23 23:38:08.949 I/sysui_multi_action( 1843): [757,268,758,1,759,268,806,com.ss.android.ugc.aweme,871,com.ss.android.ugc.aweme.tile.PublishTileService,927,26,1593,0]
09-23 23:38:08.949 I/sysui_multi_action( 1843): [757,268,758,1,759,268,806,com.tencent.news,871,com.tencent.news.tile.TileNewsVideo,927,27,1593,0]
09-23 23:38:08.950 I/sysui_multi_action( 1843): [757,111,758,1]
09-23 23:38:08.950 I/sysui_multi_action( 1843): [757,126,758,1,759,126,927,0,928,0,1593,0]
09-23 23:38:08.950 I/sysui_multi_action( 1843): [757,113,758,1,759,113,927,1,928,1,1593,0]
09-23 23:38:08.950 I/sysui_multi_action( 1843): [757,0,758,1,759,0,927,2,928,0,1593,0]
09-23 23:38:08.950 I/sysui_multi_action( 1843): [757,0,758,1,759,0,927,3,928,0,1593,0]
09-23 23:38:08.953 W/View ( 1843): requestLayout() improperly called by com.android.systemui.util.animation.UniqueObjectHostView{eaa30d3 V.E...... ......ID 0,0-666,156} during layout: running second layout pass
09-23 23:38:08.954 D/CompatibilityChangeReporter( 1487): Compat change id reported: 168419799; UID 10106; state: DISABLED
09-23 23:38:08.955 D/CompatibilityInfo( 1487): mCompatibilityFlags - 4
09-23 23:38:08.955 D/CompatibilityInfo( 1487): applicationDensity - 240
09-23 23:38:08.955 D/CompatibilityInfo( 1487): applicationScale - 1.0
09-23 23:38:08.958 I/unknown ( 3476): khook pthread_attr_init_callback set thread stack from 1008 to 256 KB
09-23 23:38:08.958 I/unknown ( 3476): khook setstacksize __addr 0xb1e2b2b8, from 1040 KB to 256 KB
09-23 23:38:08.963 I/unknown ( 3476): khook pthread_attr_init_callback set thread stack from 1008 to 256 KB
09-23 23:38:08.963 I/unknown ( 3476): khook setstacksize __addr 0xaeca5128, from 1040 KB to 256 KB
09-23 23:38:08.988 W/libc ( 3476): Access denied finding property "ro.vendor.oplus.regionmark"
09-23 23:38:08.991 I/unknown ( 3476): khook pthread_attr_init_callback set thread stack from 1008 to 256 KB
09-23 23:38:08.991 I/unknown ( 3476): khook setstacksize __addr 0xb1915948, from 1040 KB to 256 KB
09-23 23:38:08.995 I/unknown ( 3476): khook pthread_attr_init_callback set thread stack from 1008 to 256 KB
09-23 23:38:08.995 I/unknown ( 3476): khook setstacksize __addr 0xb1915958, from 1040 KB to 256 KB
09-23 23:38:08.997 I/unknown ( 3476): khook pthread_attr_init_callback set thread stack from 1008 to 256 KB
09-23 23:38:08.997 I/unknown ( 3476): khook setstacksize __addr 0xaeca5658, from 1040 KB to 256 KB
09-23 23:38:08.999 I/unknown ( 3476): khook pthread_attr_init_callback set thread stack from 1008 to 256 KB
09-23 23:38:08.999 I/unknown ( 3476): khook setstacksize __addr 0xaeca50f8, from 1040 KB to 256 KB
09-23 23:38:08.999 I/unknown ( 3476): khook pthread_attr_init_callback set thread stack from 1008 to 256 KB
09-23 23:38:08.999 I/unknown ( 3476): khook setstacksize __addr 0xaeca5038, from 1040 KB to 256 KB
09-23 23:38:08.999 I/unknown ( 3476): khook pthread_attr_init_callback set thread stack from 1008 to 256 KB
09-23 23:38:09.000 I/unknown ( 3476): khook setstacksize __addr 0xb1de63d8, from 1040 KB to 256 KB
09-23 23:38:09.004 D/RemoteControlService( 2137): start reader thread, mServerIp = 192.168.124.5, mServerPort = 12600
09-23 23:38:09.009 W/System.err( 3476): java.io.FileNotFoundException: /proc/stat: open failed: EACCES (Permission denied)
09-23 23:38:09.009 W/System.err( 3476): at libcore.io.IoBridge.open(IoBridge.java:575)
09-23 23:38:09.009 W/System.err( 3476): at java.io.RandomAccessFile.(RandomAccessFile.java:289)
09-23 23:38:09.009 W/System.err( 3476): at java.io.RandomAccessFile.(RandomAccessFile.java:152)
09-23 23:38:09.009 W/System.err( 3476): at com.yxcorp.utility.SystemUtil.b0(kSourceFile:1179656)
09-23 23:38:09.009 W/System.err( 3476): at com.yxcorp.utility.SystemUtil.a0(kSourceFile:983048)
09-23 23:38:09.009 W/System.err( 3476): at mo5.a.a(kSourceFile:2687078)
09-23 23:38:09.009 W/System.err( 3476): at mo5.a.e(kSourceFile:17170483)
09-23 23:38:09.009 W/System.err( 3476): at mo5.a.d(kSourceFile:65553)
09-23 23:38:09.009 W/System.err( 3476): at mo5.a.j(kSourceFile:196627)
09-23 23:38:09.009 W/System.err( 3476): at com.kwai.framework.logger.LogManagerInitModule.I0(kSourceFile:16908304)
09-23 23:38:09.009 W/System.err( 3476): at com.kwai.framework.logger.LogManagerInitModule.s0(Unknown Source:0)
09-23 23:38:09.009 W/System.err( 3476): at lo5.i.accept(Unknown Source:2)
09-23 23:38:09.009 W/System.err( 3476): at io.reactivex.internal.observers.LambdaObserver.onNext(kSourceFile:16908296)
09-23 23:38:09.009 W/System.err( 3476): at io.reactivex.internal.operators.observable.ObservableSubscribeOn$SubscribeOnObserver.onNext(kSourceFile:16908290)
09-23 23:38:09.010 W/System.err( 3476): at io.reactivex.internal.operators.observable.ObservableCreate$CreateEmitter.onNext(kSourceFile:16908309)
09-23 23:38:09.010 W/System.err( 3476): at qk5.a$b.subscribe(kSourceFile:16908316)
09-23 23:38:09.010 W/System.err( 3476): at io.reactivex.internal.operators.observable.ObservableCreate.subscribeActual(kSourceFile:16908298)
09-23 23:38:09.010 W/System.err( 3476): at ync.u.subscribe(kSourceFile:17170446)
09-23 23:38:09.010 W/System.err( 3476): at io.reactivex.internal.operators.observable.ObservableSubscribeOn$a.run(kSourceFile:458758)
09-23 23:38:09.010 W/System.err( 3476): at io.reactivex.internal.schedulers.ScheduledDirectTask.call(kSourceFile:458761)
09-23 23:38:09.010 W/System.err( 3476): at io.reactivex.internal.schedulers.ScheduledDirectTask.call(kSourceFile:3014656)
09-23 23:38:09.010 W/System.err( 3476): at java.util.concurrent.FutureTask.run(FutureTask.java:266)
09-23 23:38:09.010 W/System.err( 3476): at com.smile.gifmaker.thread.task.ElasticTask.run(kSourceFile:458761)
09-23 23:38:09.010 W/System.err( 3476): at java.util.concurrent.ThreadPoolExecutor.runWorker(ThreadPoolExecutor.java:1167)
09-23 23:38:09.010 W/System.err( 3476): at java.util.concurrent.ThreadPoolExecutor$Worker.run(ThreadPoolExecutor.java:641)
09-23 23:38:09.010 W/System.err( 3476): at java.lang.Thread.run(Thread.java:920)
09-23 23:38:09.009 D/RemoteControlService( 2137): run: called
09-23 23:38:09.010 D/RemoteControlService( 2137): getEvent: start waiting...
09-23 23:38:09.010 W/System.err( 3476): Caused by: android.system.ErrnoException: open failed: EACCES (Permission denied)
09-23 23:38:09.010 W/System.err( 3476): at libcore.io.Linux.open(Native Method)
09-23 23:38:09.010 W/System.err( 3476): at libcore.io.ForwardingOs.open(ForwardingOs.java:567)
09-23 23:38:09.010 W/System.err( 3476): at libcore.io.BlockGuardOs.open(BlockGuardOs.java:273)
09-23 23:38:09.010 W/System.err( 3476): at libcore.io.ForwardingOs.open(ForwardingOs.java:567)
09-23 23:38:09.010 W/System.err( 3476): at android.app.ActivityThread$AndroidOs.open(ActivityThread.java:7766)
09-23 23:38:09.010 W/System.err( 3476): at libcore.io.IoBridge.open(IoBridge.java:561)
09-23 23:38:09.010 W/System.err( 3476): ... 25 more
09-23 23:38:09.010 W/System.err( 3476): java.io.FileNotFoundException: /proc/stat: open failed: EACCES (Permission denied)
09-23 23:38:09.010 W/System.err( 3476): at libcore.io.IoBridge.open(IoBridge.java:575)
09-23 23:38:09.010 W/System.err( 3476): at java.io.RandomAccessFile.(RandomAccessFile.java:289)
09-23 23:38:09.010 W/System.err( 3476): at java.io.RandomAccessFile.(RandomAccessFile.java:152)
09-23 23:38:09.010 W/System.err( 3476): at com.yxcorp.utility.SystemUtil.b0(kSourceFile:1179656)
09-23 23:38:09.010 W/System.err( 3476): at com.yxcorp.utility.SystemUtil.a0(kSourceFile:983048)
09-23 23:38:09.010 W/System.err( 3476): at mo5.a.a(kSourceFile:2687078)
09-23 23:38:09.010 W/System.err( 3476): at mo5.a.e(kSourceFile:17170483)
09-23 23:38:09.010 W/System.err( 3476): at mo5.a.d(kSourceFile:65553)
09-23 23:38:09.010 W/System.err( 3476): at mo5.a.j(kSourceFile:196627)
09-23 23:38:09.010 W/System.err( 3476): at com.kwai.framework.logger.LogManagerInitModule.I0(kSourceFile:16908304)
09-23 23:38:09.010 W/System.err( 3476): at com.kwai.framework.logger.LogManagerInitModule.s0(Unknown Source:0)
09-23 23:38:09.010 W/System.err( 3476): at lo5.i.accept(Unknown Source:2)
09-23 23:38:09.010 W/System.err( 3476): at io.reactivex.internal.observers.LambdaObserver.onNext(kSourceFile:16908296)
09-23 23:38:09.010 W/System.err( 3476): at io.reactivex.internal.operators.observable.ObservableSubscribeOn$SubscribeOnObserver.onNext(kSourceFile:16908290)
09-23 23:38:09.010 W/System.err( 3476): at io.reactivex.internal.operators.observable.ObservableCreate$CreateEmitter.onNext(kSourceFile:16908309)
09-23 23:38:09.011 W/System.err( 3476): at qk5.a$b.subscribe(kSourceFile:16908316)
09-23 23:38:09.011 W/System.err( 3476): at io.reactivex.internal.operators.observable.ObservableCreate.subscribeActual(kSourceFile:16908298)
09-23 23:38:09.011 W/System.err( 3476): at ync.u.subscribe(kSourceFile:17170446)
09-23 23:38:09.011 W/System.err( 3476): at io.reactivex.internal.operators.observable.ObservableSubscribeOn$a.run(kSourceFile:458758)
09-23 23:38:09.011 W/System.err( 3476): at io.reactivex.internal.schedulers.ScheduledDirectTask.call(kSourceFile:458761)
09-23 23:38:09.011 W/System.err( 3476): at io.reactivex.internal.schedulers.ScheduledDirectTask.call(kSourceFile:3014656)
09-23 23:38:09.011 W/System.err( 3476): at java.util.concurrent.FutureTask.run(FutureTask.java:266)
09-23 23:38:09.011 W/System.err( 3476): at com.smile.gifmaker.thread.task.ElasticTask.run(kSourceFile:458761)
09-23 23:38:09.011 W/System.err( 3476): at java.util.concurrent.ThreadPoolExecutor.runWorker(ThreadPoolExecutor.java:1167)
09-23 23:38:09.011 W/System.err( 3476): at java.util.concurrent.ThreadPoolExecutor$Worker.run(ThreadPoolExecutor.java:641)
09-23 23:38:09.011 W/System.err( 3476): at java.lang.Thread.run(Thread.java:920)
09-23 23:38:09.011 W/System.err( 3476): Caused by: android.system.ErrnoException: open failed: EACCES (Permission denied)
09-23 23:38:09.011 W/System.err( 3476): at libcore.io.Linux.open(Native Method)
09-23 23:38:09.011 W/System.err( 3476): at libcore.io.ForwardingOs.open(ForwardingOs.java:567)
09-23 23:38:09.011 W/System.err( 3476): at libcore.io.BlockGuardOs.open(BlockGuardOs.java:273)
09-23 23:38:09.011 W/System.err( 3476): at libcore.io.ForwardingOs.open(ForwardingOs.java:567)
09-23 23:38:09.011 W/System.err( 3476): at android.app.ActivityThread$AndroidOs.open(ActivityThread.java:7766)
09-23 23:38:09.011 W/System.err( 3476): at libcore.io.IoBridge.open(IoBridge.java:561)
09-23 23:38:09.011 W/System.err( 3476): ... 25 more
09-23 23:38:09.011 W/System.err( 3476): java.io.FileNotFoundException: /proc/stat: open failed: EACCES (Permission denied)
09-23 23:38:09.011 W/System.err( 3476): at libcore.io.IoBridge.open(IoBridge.java:575)
09-23 23:38:09.011 W/System.err( 3476): at java.io.RandomAccessFile.(RandomAccessFile.java:289)
09-23 23:38:09.011 W/System.err( 3476): at java.io.RandomAccessFile.(RandomAccessFile.java:152)
09-23 23:38:09.011 W/System.err( 3476): at com.yxcorp.utility.SystemUtil.b0(kSourceFile:1179656)
09-23 23:38:09.011 W/System.err( 3476): at com.yxcorp.utility.SystemUtil.a0(kSourceFile:983048)
09-23 23:38:09.011 W/System.err( 3476): at mo5.a.a(kSourceFile:2687078)
09-23 23:38:09.011 W/System.err( 3476): at mo5.a.e(kSourceFile:17170483)
09-23 23:38:09.011 W/System.err( 3476): at mo5.a.d(kSourceFile:65553)
09-23 23:38:09.011 W/System.err( 3476): at mo5.a.j(kSourceFile:196627)
09-23 23:38:09.011 W/System.err( 3476): at com.kwai.framework.logger.LogManagerInitModule.I0(kSourceFile:16908304)
09-23 23:38:09.011 W/System.err( 3476): at com.kwai.framework.logger.LogManagerInitModule.s0(Unknown Source:0)
09-23 23:38:09.011 W/System.err( 3476): at lo5.i.accept(Unknown Source:2)
09-23 23:38:09.011 W/System.err( 3476): at io.reactivex.internal.observers.LambdaObserver.onNext(kSourceFile:16908296)
09-23 23:38:09.011 W/System.err( 3476): at io.reactivex.internal.operators.observable.ObservableSubscribeOn$SubscribeOnObserver.onNext(kSourceFile:16908290)
09-23 23:38:09.011 W/System.err( 3476): at io.reactivex.internal.operators.observable.ObservableCreate$CreateEmitter.onNext(kSourceFile:16908309)
09-23 23:38:09.011 W/System.err( 3476): at qk5.a$b.subscribe(kSourceFile:16908316)
09-23 23:38:09.011 W/System.err( 3476): at io.reactivex.internal.operators.observable.ObservableCreate.subscribeActual(kSourceFile:16908298)
09-23 23:38:09.011 W/System.err( 3476): at ync.u.subscribe(kSourceFile:17170446)
09-23 23:38:09.011 W/System.err( 3476): at io.reactivex.internal.operators.observable.ObservableSubscribeOn$a.run(kSourceFile:458758)
09-23 23:38:09.011 W/System.err( 3476): at io.reactivex.internal.schedulers.ScheduledDirectTask.call(kSourceFile:458761)
09-23 23:38:09.011 W/System.err( 3476): at io.reactivex.internal.schedulers.ScheduledDirectTask.call(kSourceFile:3014656)
09-23 23:38:09.011 W/System.err( 3476): at java.util.concurrent.FutureTask.run(FutureTask.java:266)
09-23 23:38:09.012 W/System.err( 3476): at com.smile.gifmaker.thread.task.ElasticTask.run(kSourceFile:458761)
09-23 23:38:09.012 W/System.err( 3476): at java.util.concurrent.ThreadPoolExecutor.runWorker(ThreadPoolExecutor.java:1167)
09-23 23:38:09.012 W/System.err( 3476): at java.util.concurrent.ThreadPoolExecutor$Worker.run(ThreadPoolExecutor.java:641)
09-23 23:38:09.012 W/System.err( 3476): at java.lang.Thread.run(Thread.java:920)
