09-23 23:38:04.304 W/System.err( 3476): at mu6.g$b.f(kSourceFile:16777318)
09-23 23:38:04.304 W/System.err( 3476): at com.kwai.plugin.dva.work.b$b$a.run(kSourceFile:131109)
09-23 23:38:04.304 W/System.err( 3476): at com.kwai.plugin.dva.work.WorkExecutors$a.execute(kSourceFile:16777232)
09-23 23:38:04.304 W/System.err( 3476): at com.kwai.plugin.dva.work.b$b.a(kSourceFile:16777246)
09-23 23:38:04.304 W/System.err( 3476): at vu6.c.c(kSourceFile:22347812)
09-23 23:38:04.305 W/System.err( 3476): at com.kwai.plugin.dva.work.b.n(kSourceFile:131086)
09-23 23:38:04.305 W/System.err( 3476): at com.kwai.plugin.dva.work.b.d(kSourceFile:16777245)
09-23 23:38:04.305 W/System.err( 3476): at com.kwai.plugin.dva.work.FutureTaskWork.b(kSourceFile:16777237)
09-23 23:38:04.305 W/System.err( 3476): at com.kwai.plugin.dva.work.ListenableWork.e(kSourceFile:16777227)
09-23 23:38:04.305 W/System.err( 3476): at com.kwai.plugin.dva.work.ListenableWork.i(kSourceFile:33947744)
09-23 23:38:04.305 W/System.err( 3476): at com.kwai.plugin.dva.work.ListenableWork$run$1.invokeSuspend(Unknown Source:24)
09-23 23:38:04.305 W/System.err( 3476): ... 6 more
09-23 23:38:04.306 D/BufferPoolAccessor2.0( 1843): bufferpool2 0xb4000072e5909288 : 0(0 size) total buffers - 0(0 size) used buffers - 2/7 (recycle/alloc) - 6/38 (fetch/transfer)
09-23 23:38:04.306 D/BufferPoolAccessor2.0( 1843): evictor expired: 1, evicted: 1
09-23 23:38:04.307 I/ActivityManager( 1487): Process com.qti.ltebc (pid 3781) has died: fg RCVR
09-23 23:38:04.307 I/libprocessgroup( 1487): Successfully killed process cgroup uid 10072 pid 3781 in 0ms
09-23 23:38:04.307 I/Zygote ( 674): Process 3781 exited cleanly (0)
09-23 23:38:04.308 D/CompatibilityChangeReporter( 1487): Compat change id reported: 171306433; UID 1073; state: ENABLED
09-23 23:38:04.308 I/am_proc_died( 1487): [0,3781,com.qti.ltebc,0,11]
09-23 23:38:04.309 I/am_broadcast_discard_app( 1487): [0,79858406,android.intent.action.MEDIA_MOUNTED,2,ResolveInfo{aa97ab7 com.qti.ltebc/com.qualcomm.ltebc.LTEBroadcastReceiver m=0x208000}]
09-23 23:38:04.309 I/am_uid_stopped( 1487): 10072
09-23 23:38:04.312 D/CompatibilityInfo( 1487): mCompatibilityFlags - 4
09-23 23:38:04.312 D/CompatibilityInfo( 1487): applicationDensity - 240
09-23 23:38:04.312 D/CompatibilityInfo( 1487): applicationScale - 1.0
09-23 23:38:04.314 D/ExternalStorage( 3756): After updating volumes, found 1 active roots
09-23 23:38:04.316 D/ConnectivityService( 1487): [100 WIFI] EVENT_NETWORK_INFO_CHANGED, going from CONNECTING to CONNECTING
09-23 23:38:04.316 I/MMKV ( 3782): open fd[0x82], /data/user/0/com.smile.gifmaker/files/mmkv/specialCharacter/b4b834be86222adc2c741872a38c8de1
09-23 23:38:04.317 D/CompatibilityInfo( 1487): mCompatibilityFlags - 4
09-23 23:38:04.317 D/CompatibilityInfo( 1487): applicationDensity - 240
09-23 23:38:04.317 D/CompatibilityInfo( 1487): applicationScale - 1.0
09-23 23:38:04.322 I/MMKV ( 3782): open fd[0x83], /data/user/0/com.smile.gifmaker/files/mmkv/specialCharacter/b4b834be86222adc2c741872a38c8de1.crc
09-23 23:38:04.323 D/CompatibilityInfo( 1487): mCompatibilityFlags - 4
09-23 23:38:04.323 D/CompatibilityInfo( 1487): applicationDensity - 240
09-23 23:38:04.323 D/CompatibilityInfo( 1487): applicationScale - 1.0
09-23 23:38:04.324 I/MMKV ( 3782): loading [vader-client-logcom.smile.gifmaker:push_v3_SequenceId] with 662 actual size, file size 4096, InterProcess 1, meta info version:3
09-23 23:38:04.324 I/MMKV ( 3782): loading [vader-client-logcom.smile.gifmaker:push_v3_SequenceId] with crc 2685351685 sequence 1 version 3
09-23 23:38:04.324 I/MMKV ( 3782): loaded [vader-client-logcom.smile.gifmaker:push_v3_SequenceId] with 7 key-values
09-23 23:38:04.325 D/CompatibilityInfo( 1487): mCompatibilityFlags - 4
09-23 23:38:04.325 D/CompatibilityInfo( 1487): applicationDensity - 240
09-23 23:38:04.325 D/CompatibilityInfo( 1487): applicationScale - 1.0
09-23 23:38:04.326 D/ConnectivityService( 1487): NetReassign [no changes]
09-23 23:38:04.328 D/ConnectivityService( 1487): NetReassign [no changes]
09-23 23:38:04.329 D/OsAgent ( 2691): [wifi_supplicant_status_update][3202] [HC] =>> [HS]
09-23 23:38:04.329 V/LocSvc_HIDL_IzatSubscription( 831): [wifiSupplicantStatusUpdate][682] [HS] <<<<= [HC]
09-23 23:38:04.330 I/am_uid_running( 1487): 10072
09-23 23:38:04.330 W/BluetoothAdapterService( 1836): fetchWifiState - isWifiConnected =true
09-23 23:38:04.330 D/BluetoothVendorService( 1836): setWifiState to: true
09-23 23:38:04.330 I/BluetoothVendorJni( 1836): setWifiStateNative
09-23 23:38:04.330 I/bt_btif_vendor( 1836): setWifiState :1
09-23 23:38:04.330 D/BluetoothAdapterService( 1836): android.net.wifi.STATE_CHANGE
09-23 23:38:04.330 D/CompatibilityChangeReporter( 1487): Compat change id reported: 135634846; UID 10072; state: DISABLED
09-23 23:38:04.330 W/bt_btm ( 1836): btm_cb.is_wifi_connected = 1
09-23 23:38:04.330 W/bt_l2cap( 1836): L2CA_SetDesireRole() new:x1, disallow_switch:0
09-23 23:38:04.330 D/CompatibilityChangeReporter( 1487): Compat change id reported: 177438394; UID 10072; state: DISABLED
09-23 23:38:04.330 D/CompatibilityChangeReporter( 1487): Compat change id reported: 135772972; UID 10072; state: DISABLED
09-23 23:38:04.330 D/CompatibilityChangeReporter( 1487): Compat change id reported: 135754954; UID 10072; state: ENABLED
09-23 23:38:04.331 I/MediaProvider( 2672): Begin Intent { act=android.intent.action.MEDIA_MOUNTED dat=file:///storage/emulated/0 flg=0x5000010 cmp=com.android.providers.media.module/com.android.providers.media.MediaService (has extras) }
09-23 23:38:04.331 I/MediaProvider( 2672): Volume MediaVolume name: [external_primary] id: [emulated;0] user: [UserHandle{0}] path: [/storage/emulated/0] already attached
09-23 23:38:04.331 I/MediaProvider( 2672): End Intent { act=android.intent.action.MEDIA_MOUNTED dat=file:///storage/emulated/0 flg=0x5000010 cmp=com.android.providers.media.module/com.android.providers.media.MediaService (has extras) }
09-23 23:38:04.331 D/CompatibilityChangeReporter( 1487): Compat change id reported: 143937733; UID 10072; state: ENABLED
09-23 23:38:04.332 W/BluetoothAdapterService( 1836): fetchWifiState - isWifiConnected =true
09-23 23:38:04.332 D/BluetoothVendorService( 1836): setWifiState to: true
09-23 23:38:04.332 I/BluetoothVendorJni( 1836): setWifiStateNative
09-23 23:38:04.332 I/bt_btif_vendor( 1836): setWifiState :1
09-23 23:38:04.334 D/ApfFilter( 1956): (wlan0): begin monitoring
09-23 23:38:04.336 D/Zygote ( 674): Forked child process 3934
09-23 23:38:04.338 I/hwservicemanager( 514): getTransport: Cannot find entry android.hardware.light@2.0::ILight/default in either framework or device VINTF manifest.
09-23 23:38:04.339 I/am_proc_start( 1487): [0,3934,10072,com.qti.ltebc,broadcast,{com.qti.ltebc/com.qualcomm.ltebc.LTEBroadcastReceiver}]
09-23 23:38:04.339 I/ActivityManager( 1487): Start proc 3934:com.qti.ltebc/u0a72 for broadcast {com.qti.ltebc/com.qualcomm.ltebc.LTEBroadcastReceiver}
09-23 23:38:04.341 E/light ( 3931): light_open lights keyboard failed: -22
09-23 23:38:04.341 E/light ( 3931): Light passthrough failed to load legacy HAL.
09-23 23:38:04.341 E/light ( 3931): light_open lights buttons failed: -22
09-23 23:38:04.341 E/light ( 3931): Light passthrough failed to load legacy HAL.
09-23 23:38:04.343 E/light ( 3931): light_open lights bluetooth failed: -22
09-23 23:38:04.343 E/light ( 3931): Light passthrough failed to load legacy HAL.
09-23 23:38:04.343 E/light ( 3931): light_open lights wifi failed: -22
09-23 23:38:04.343 E/light ( 3931): Light passthrough failed to load legacy HAL.
09-23 23:38:04.347 E/com.qti.ltebc( 3934): Not starting debugger since process cannot load the jdwp agent.
09-23 23:38:04.348 D/ConnectivityService( 1487): Adding iface wlan0 to network 100
09-23 23:38:04.348 E/Netd ( 673): no such netId 100
09-23 23:38:04.348 W/ConnectivityService( 1487): Exception adding interface: android.os.ServiceSpecificException: Machine is not on the network (code 64)
09-23 23:38:04.348 D/ProcessState( 3934): Binder ioctl to enable oneway spam detection failed: Invalid argument
09-23 23:38:04.348 E/Netd ( 673): no such netId 100
09-23 23:38:04.350 I/hwservicemanager( 514): getTransport: Cannot find entry android.hardware.light@2.0::ILight/default in either framework or device VINTF manifest.
09-23 23:38:04.350 W/BestClock( 1487): java.time.DateTimeException: Missing NTP fix
09-23 23:38:04.350 E/HidlServiceManagement( 3931): Service android.hardware.light@2.0::ILight/default must be in VINTF manifest in order to register/get.
09-23 23:38:04.350 E/LegacySupport( 3931): Could not register service android.hardware.light@2.0::ILight/default (-2147483648).
09-23 23:38:04.353 I/am_proc_bound( 1487): [0,3934,com.qti.ltebc]
09-23 23:38:04.354 D/CompatibilityInfo( 1487): mCompatibilityFlags - 4
09-23 23:38:04.354 D/CompatibilityInfo( 1487): applicationDensity - 240
09-23 23:38:04.354 D/CompatibilityInfo( 1487): applicationScale - 1.0
09-23 23:38:04.355 I/am_uid_active( 1487): 10072
09-23 23:38:04.355 D/CompatibilityInfo( 1487): mCompatibilityFlags - 4
09-23 23:38:04.355 D/CompatibilityInfo( 1487): applicationDensity - 240
09-23 23:38:04.355 D/CompatibilityInfo( 1487): applicationScale - 1.0
09-23 23:38:04.355 W/BestClock( 1487): java.time.DateTimeException: Missing NTP fix
09-23 23:38:04.355 I/netstats_mobile_sample( 1487): [0,0,0,0,0,0,0,0,0,0,0,0,1663947484355]
09-23 23:38:04.355 I/netstats_wifi_sample( 1487): [0,0,0,0,0,0,0,0,0,0,0,0,1663947484355]
09-23 23:38:04.355 I/MMKV ( 3782): open fd[0x89], /data/user/0/com.smile.gifmaker/files/mmkv/ChannelDelayedState
09-23 23:38:04.355 I/MMKV ( 3782): open fd[0x8a], /data/user/0/com.smile.gifmaker/files/mmkv/ChannelDelayedState.crc
09-23 23:38:04.356 I/MMKV ( 3782): loading [ChannelDelayedState] with 0 actual size, file size 4096, InterProcess 1, meta info version:1
09-23 23:38:04.356 I/MMKV ( 3782): loaded [ChannelDelayedState] with 0 key-values
09-23 23:38:04.356 D/CompatibilityChangeReporter( 3934): Compat change id reported: 171979766; UID 10072; state: ENABLED
09-23 23:38:04.357 W/BestClock( 1487): java.time.DateTimeException: Missing NTP fix
09-23 23:38:04.357 W/BestClock( 1487): java.time.DateTimeException: Missing NTP fix
09-23 23:38:04.364 D/DhcpClient( 1956): l2key: W1c08ac3554222adf lease address: /192.168.124.5 lease expiry: 1664048736678 current time: 1663947484364
09-23 23:38:04.365 D/DhcpClient( 1956): Broadcasting DHCPREQUEST ciaddr=0.0.0.0 request=192.168.124.5 serverid=null
09-23 23:38:04.383 I/Perf ( 3934): Connecting to perf service.
09-23 23:38:04.387 V/GraphicsEnvironment( 3934): ANGLE Developer option for 'com.qti.ltebc' set to: 'default'
09-23 23:38:04.387 V/GraphicsEnvironment( 3934): ANGLE GameManagerService for com.qti.ltebc: false
09-23 23:38:04.389 D/NetworkSecurityConfig( 3934): Using Network Security Config from resource network_security_config debugBuild: false
09-23 23:38:04.390 D/NetworkSecurityConfig( 3934): Using Network Security Config from resource network_security_config debugBuild: false
09-23 23:38:04.391 D/LTE Application( 3934): getLibraryName = msp
09-23 23:38:04.433 D/DhcpClient( 1956): Received packet: 0e:2d:7e:7d:fb:d4 ACK: your new IP /192.168.124.5, netmask /255.255.255.0, gateways [/192.168.124.1] DNS servers: /192.168.124.1 , lease time 86400
09-23 23:38:04.433 D/DhcpClient( 1956): Confirmed lease: android.net.networkstack.DhcpResults@9057b12 DHCP server /192.168.124.1 Vendor info �À€À€��| lease 86400 seconds Servername
09-23 23:38:04.441 D/DhcpClient( 1956): Scheduling renewal in 43199s
09-23 23:38:04.441 D/DhcpClient( 1956): Scheduling rebind in 75599s
09-23 23:38:04.441 D/DhcpClient( 1956): Scheduling expiry in 86399s
09-23 23:38:04.441 D/BluetoothAdapterService( 1836): android.net.wifi.STATE_CHANGE
09-23 23:38:04.441 D/SettingMicroservices( 1981): WifiReceiver:
09-23 23:38:04.441 D/SettingMicroservices( 1981): doNetworkSync: mIDCMNetworkState: -1 mIsFSEMNetworkWiFi: false
09-23 23:38:04.441 D/SettingMicroservices( 1981): Change Network Preference to TYPE_ETHERNET.
09-23 23:38:04.442 E/Netd ( 673): no such netId 100
09-23 23:38:04.443 E/ConnectivityService( 1487): Exception in networkAddRouteParcel for non-gateway: android.os.ServiceSpecificException: Machine is not on the network (code 64)
09-23 23:38:04.443 E/Netd ( 673): no such netId 100
09-23 23:38:04.443 E/ConnectivityService( 1487): Exception in networkAddRouteParcel for gateway: android.os.ServiceSpecificException: Machine is not on the network (code 64)
09-23 23:38:04.444 W/BluetoothAdapterService( 1836): fetchWifiState - isWifiConnected =true
09-23 23:38:04.444 W/BestClock( 1487): java.time.DateTimeException: Missing NTP fix
09-23 23:38:04.444 D/BluetoothVendorService( 1836): setWifiState to: true
09-23 23:38:04.444 I/BluetoothVendorJni( 1836): setWifiStateNative
09-23 23:38:04.444 I/bt_btif_vendor( 1836): setWifiState :1
09-23 23:38:04.449 W/BestClock( 1487): java.time.DateTimeException: Missing NTP fix
09-23 23:38:04.449 I/netstats_mobile_sample( 1487): [0,0,0,0,0,0,0,0,0,0,0,0,1663947484449]
09-23 23:38:04.449 I/netstats_wifi_sample( 1487): [0,0,0,0,0,0,0,0,0,0,0,0,1663947484449]
09-23 23:38:04.450 D/ConnectivityService( 1487): Setting DNS servers for network 100 to [/192.168.124.1]
09-23 23:38:04.451 D/SettingMicroservices( 1981): WifiReceiver:
09-23 23:38:04.451 D/SettingMicroservices( 1981): WifiReceiver NetworkInfo.State.CONNECTED
09-23 23:38:04.451 D/SettingMicroservices( 1981): doNetworkSync: mIDCMNetworkState: -1 mIsFSEMNetworkWiFi: true
09-23 23:38:04.451 D/SettingMicroservices( 1981): Change Network Preference to TYPE_ETHERNET.
09-23 23:38:04.451 D/BluetoothAdapterService( 1836): android.net.wifi.STATE_CHANGE
09-23 23:38:04.452 W/BestClock( 1487): java.time.DateTimeException: Missing NTP fix
09-23 23:38:04.453 W/BestClock( 1487): java.time.DateTimeException: Missing NTP fix
09-23 23:38:04.453 W/BestClock( 1487): java.time.DateTimeException: Missing NTP fix
09-23 23:38:04.455 W/WifiScoreReport( 1487): Cannot start external scoring netId=100 currentNetId=100 currentNetCapabilities=[ Transports: WIFI Capabilities: NOT_METERED&INTERNET&NOT_RESTRICTED&TRUSTED&NOT_VPN&NOT_ROAMING&NOT_CONGESTED&NOT_SUSPENDED&NOT_VCN_MANAGED LinkUpBandwidth>=12000Kbps LinkDnBandwidth>=60000Kbps Specifier: TransportInfo: SignalStrength: -50 OwnerUid: 1000 AdminUids: [1000] SSID: "H3C_350304_5G"] sessionId=1008
09-23 23:38:04.459 W/BestClock( 1487): java.time.DateTimeException: Missing NTP fix
09-23 23:38:04.459 I/netstats_mobile_sample( 1487): [0,0,0,0,0,0,0,0,0,0,0,0,1663947484459]
09-23 23:38:04.459 I/netstats_wifi_sample( 1487): [0,0,0,0,0,0,0,0,0,0,0,0,1663947484459]
09-23 23:38:04.462 D/ConnectivityService( 1487): [100 WIFI] EVENT_NETWORK_INFO_CHANGED, going from CONNECTING to CONNECTED
09-23 23:38:04.462 W/BestClock( 1487): java.time.DateTimeException: Missing NTP fix
09-23 23:38:04.464 D/DnsManager( 1487): sendDnsConfigurationForNetwork(100, [192.168.124.1], [], 1800, 25, 8, 64, 0, 0, , [])
09-23 23:38:04.466 W/BestClock( 1487): java.time.DateTimeException: Missing NTP fix
09-23 23:38:04.466 W/DnsManager( 1487): updatePrivateDns(100, PrivateDnsConfig{true:/[]})
09-23 23:38:04.466 D/ConnectivityService( 1487): Setting DNS servers for network 100 to [/192.168.124.1]
09-23 23:38:04.467 D/DnsManager( 1487): sendDnsConfigurationForNetwork(100, [192.168.124.1], [], 1800, 25, 8, 64, 0, 0, , [192.168.124.1])
09-23 23:38:04.468 W/resolv ( 673): Validating DnsTlsServer 192.168.124.1 with mark 0xf0064
09-23 23:38:04.474 I/wificond( 1214): Regulatory domain changed to country: CN on wiphy_index: 0
09-23 23:38:04.474 D/LOWI-9.0.0.87.a( 1344): [LOWI-Scan] wait_event:Wait done with Cmd 103
09-23 23:38:04.475 D/LOWI-9.0.0.87.a( 1344): [LOWI-Scan] do_listen_events: Rcvd valid Netlink Cmd 0 Err 0
09-23 23:38:04.475 I/wpa_supplicant( 3444): wlan0: CTRL-EVENT-AVOID-FREQ ranges=
09-23 23:38:04.475 D/WifiNl80211Manager( 1487): OnRegDomainChanged CN
09-23 23:38:04.475 I/wpa_supplicant( 3444): wlan0: CTRL-EVENT-REGDOM-CHANGE init=DRIVER type=COUNTRY alpha2=CN
09-23 23:38:04.475 D/WifiNative( 1487): onCountryCodeChanged: CN
09-23 23:38:04.475 I/WifiCountryCode( 1487): Receive onDriverCountryCodeChanged CN
09-23 23:38:04.475 I/wificond( 1214): 2.4Ghz frequencies: 2412 2417 2422 2427 2432 2437 2442 2447 2452 2457 2462 2467 2472
09-23 23:38:04.475 I/wificond( 1214): 5Ghz non-DFS frequencies: 5180 5200 5220 5240 5745 5765 5785 5805 5825
09-23 23:38:04.475 I/wificond( 1214): 5Ghz DFS frequencies: 5260 5280 5300 5320
09-23 23:38:04.475 I/wificond( 1214): 6Ghz frequencies:
09-23 23:38:04.475 I/wificond( 1214): 60Ghz frequencies:
09-23 23:38:04.476 I/cnss-daemon( 1257): nl80211 response handler invoked
09-23 23:38:04.476 I/cnss-daemon( 1257): nl80211_response_handler: cmd 103, vendorID 4980, subcmd 10 received
09-23 23:38:04.476 I/WifiHAL ( 859): event received NL80211_CMD_VENDOR, vendor_id = 0x1374, subcmd = 0xa
09-23 23:38:04.477 D/ConnectivityService( 1487): Adding iface wlan0 to network 100
09-23 23:38:04.480 I/WifiService( 1487): onDriverCountryCodeChanged CN
09-23 23:38:04.481 D/WifiMemoryStoreImpl( 1487): Set cluster Gf00d560758dd4159 for W41c16a3f48d9d35e: SUCCESS
09-23 23:38:04.481 E/ApConfigUtil( 1487): Malformed channel value detected: java.lang.NumberFormatException: For input string: ""
09-23 23:38:04.481 D/ConnectivityService( 1487): Setting DNS servers for network 100 to [/192.168.124.1]
09-23 23:38:04.482 D/DnsManager( 1487): sendDnsConfigurationForNetwork(100, [192.168.124.1], [], 1800, 25, 8, 64, 0, 0, , [192.168.124.1])
09-23 23:38:04.484 E/ApConfigUtil( 1487): Malformed channel value detected: java.lang.NumberFormatException: For input string: ""
09-23 23:38:04.484 D/WifiMemoryStoreImpl( 1487): Set cluster G6cd105ff424d266 for W1c08ac3554222adf: SUCCESS
09-23 23:38:04.485 W/BluetoothAdapterService( 1836): fetchWifiState - isWifiConnected =true
09-23 23:38:04.485 D/BluetoothVendorService( 1836): setWifiState to: true
09-23 23:38:04.485 I/BluetoothVendorJni( 1836): setWifiStateNative
09-23 23:38:04.485 I/bt_btif_vendor( 1836): setWifiState :1
09-23 23:38:04.487 W/BestClock( 1487): java.time.DateTimeException: Missing NTP fix
09-23 23:38:04.487 D/WifiMemoryStoreImpl( 1487): Set cluster G6cd105ff424d266 for W6cd105ff424d266: SUCCESS
09-23 23:38:04.489 W/BestClock( 1487): java.time.DateTimeException: Missing NTP fix
09-23 23:38:04.489 I/netstats_mobile_sample( 1487): [0,0,0,0,0,0,0,0,0,0,0,0,1663947484489]
09-23 23:38:04.489 I/netstats_wifi_sample( 1487): [0,0,0,0,0,0,0,0,0,0,0,0,1663947484489]
09-23 23:38:04.491 D/WifiClientModeImpl[wlan0]( 1487): Received signal strength thresholds: []
09-23 23:38:04.491 D/ConnectivityService( 1487): NetReassign [19 : null → 100, 34 : null → 100, 29 : null → 100, 31 : null → 100, 27 : null → 100, 7 : null → 100, 39 : null → 100, 1 : null → 100, 17 : null → 100, 24 : null → 100, 15 : null → 100, 22 : null → 100, 37 : null → 100]
09-23 23:38:04.491 E/WifiVendorHal( 1487): stopRssiMonitoring(l.2617) failed {.code = ERROR_NOT_AVAILABLE, .description = }
09-23 23:38:04.492 D/ConnectivityService( 1487): Switching to new default network for: uid/pid:1000/1487 activeRequest: 1 callbackRequest: 1 [NetworkRequest [ REQUEST id=1, [ Capabilities: INTERNET&NOT_RESTRICTED&TRUSTED&NOT_VPN&NOT_VCN_MANAGED RequestorUid: 1000 RequestorPkg: android] ]] callback flags: 1 priority: 2147483647 using NetworkAgentInfo{network{100} handle{432902426637} ni{WIFI CONNECTED extra: } Score(60 ; KeepConnected : 1 ; Policies : TRANSPORT_PRIMARY&IS_UNMETERED) lp{{InterfaceName: wlan0 LinkAddresses: [ fe80::c2d:7eff:fe7d:fbd4/64,192.168.124.5/24 ] DnsAddresses: [ /192.168.124.1 ] Domains: null MTU: 0 ServerAddress: /192.168.124.1 TcpBufferSizes: 524288,1048576,2097152,262144,524288,1048576 Routes: [ fe80::/64 -> :: wlan0 mtu 0,192.168.124.0/24 -> 0.0.0.0 wlan0 mtu 0,0.0.0.0/0 -> 192.168.124.1 wlan0 mtu 0 ]}} nc{[ Transports: WIFI Capabilities: NOT_METERED&INTERNET&NOT_RESTRICTED&TRUSTED&NOT_VPN&NOT_ROAMING&FOREGROUND&NOT_CONGESTED&NOT_SUSPENDED&NOT_VCN_MANAGED LinkUpBandwidth>=12000Kbps LinkDnBandwidth>=60000Kbps Specifier: TransportInfo: SignalStrength: -50 OwnerUid: 1000 AdminUids: [1000] SSID: "H3C_350304_5G"]}}
09-23 23:38:04.492 W/BestClock( 1487): java.time.DateTimeException: Missing NTP fix
09-23 23:38:04.493 E/NetlinkEvent( 673): NetlinkEvent::FindParam(): Parameter 'INTERFACE' not found
09-23 23:38:04.493 E/NetlinkEvent( 673): NetlinkEvent::FindParam(): Parameter 'STATE' not found
09-23 23:38:04.493 E/NetlinkEvent( 673): NetlinkEvent::FindParam(): Parameter 'TIME_NS' not found
09-23 23:38:04.493 E/NetlinkEvent( 673): NetlinkEvent::FindParam(): Parameter 'UID' not found
09-23 23:38:04.493 W/BestClock( 1487): java.time.DateTimeException: Missing NTP fix
09-23 23:38:04.493 D/NetworkMonitor/100( 1956): Validation disabled.
09-23 23:38:04.498 W/UnsafeUtil( 1956): platform method missing - proto runtime falling back to safer methods: java.lang.NoSuchMethodException: sun.misc.Unsafe.copyMemory [class java.lang.Object, long, class java.lang.Object, long, long]
09-23 23:38:04.499 W/BestClock( 1487): java.time.DateTimeException: Missing NTP fix
09-23 23:38:04.500 W/BestClock( 1487): java.time.DateTimeException: Missing NTP fix
09-23 23:38:04.500 I/netstats_mobile_sample( 1487): [0,0,0,0,0,0,0,0,0,0,0,0,1663947484500]
09-23 23:38:04.500 I/netstats_wifi_sample( 1487): [0,0,0,0,0,0,0,0,0,0,0,0,1663947484500]
09-23 23:38:04.502 W/BestClock( 1487): java.time.DateTimeException: Missing NTP fix
09-23 23:38:04.503 D/NetworkTimeUpdateService( 1487): New default network 100; checking time.
09-23 23:38:04.505 D/ConnectivityService( 1487): Sending CONNECTED broadcast for type 1 [100 WIFI] isDefaultNetwork=true
09-23 23:38:04.505 D/UpstreamNetworkMonitor( 1956): New default Internet network: 100
09-23 23:38:04.507 W/ContextImpl( 1487): Calling a method in the system process without a qualified user: android.app.ContextImpl.sendStickyBroadcast:1559 com.android.server.ConnectivityService.sendStickyBroadcast:2811 com.android.server.ConnectivityService.sendGeneralBroadcast:2786 com.android.server.ConnectivityService.sendConnectedBroadcast:2759 com.android.server.ConnectivityService.sendLegacyNetworkBroadcast:8704
09-23 23:38:04.510 D/ConnectivityService( 1487): [100 WIFI] validation passed
09-23 23:38:04.510 D/ConnectivityService( 1487): NetReassign [no changes]
09-23 23:38:04.511 W/BestClock( 1487): java.time.DateTimeException: Missing NTP fix
09-23 23:38:04.512 E/NtpTimeHelper( 1487): requestTime failed
09-23 23:38:04.513 W/BestClock( 1487): java.time.DateTimeException: Missing NTP fix
09-23 23:38:04.513 D/ConnectivityService( 1487): Setting DNS servers for network 100 to [/192.168.124.1]
09-23 23:38:04.514 D/DnsManager( 1487): sendDnsConfigurationForNetwork(100, [192.168.124.1], [], 1800, 25, 8, 64, 0, 0, , [192.168.124.1])
09-23 23:38:04.514 E/TelephonyManager( 1487): Error calling #isDataEnabled, returning default (false).
09-23 23:38:04.514 E/TelephonyManager( 1487): java.lang.IllegalStateException: telephony service is null.
09-23 23:38:04.514 E/TelephonyManager( 1487): at android.telephony.TelephonyManager.isDataEnabledForReason(TelephonyManager.java:12461)
09-23 23:38:04.514 E/TelephonyManager( 1487): at android.telephony.TelephonyManager.isDataEnabledForReason(TelephonyManager.java:12452)
09-23 23:38:04.514 E/TelephonyManager( 1487): at android.telephony.TelephonyManager.isDataEnabled(TelephonyManager.java:10019)
09-23 23:38:04.514 E/TelephonyManager( 1487): at android.telephony.TelephonyManager.getDataEnabled(TelephonyManager.java:9993)
09-23 23:38:04.514 E/TelephonyManager( 1487): at com.android.server.location.gnss.GnssNetworkConnectivityHandler.handleUpdateNetworkState(GnssNetworkConnectivityHandler.java:436)
09-23 23:38:04.514 E/TelephonyManager( 1487): at com.android.server.location.gnss.GnssNetworkConnectivityHandler.access$700(GnssNetworkConnectivityHandler.java:54)
09-23 23:38:04.514 E/TelephonyManager( 1487): at com.android.server.location.gnss.GnssNetworkConnectivityHandler$2.onCapabilitiesChanged(GnssNetworkConnectivityHandler.java:369)
09-23 23:38:04.514 E/TelephonyManager( 1487): at android.net.ConnectivityManager$NetworkCallback.onAvailable(ConnectivityManager.java:3565)
09-23 23:38:04.514 E/TelephonyManager( 1487): at android.net.ConnectivityManager$NetworkCallback.onAvailable(ConnectivityManager.java:3542)
09-23 23:38:04.514 E/TelephonyManager( 1487): at android.net.ConnectivityManager$CallbackHandler.handleMessage(ConnectivityManager.java:3866)
09-23 23:38:04.514 E/TelephonyManager( 1487): at android.os.Handler.dispatchMessage(Handler.java:106)
09-23 23:38:04.514 E/TelephonyManager( 1487): at android.os.Looper.loopOnce(Looper.java:201)
09-23 23:38:04.514 E/TelephonyManager( 1487): at android.os.Looper.loop(Looper.java:288)
09-23 23:38:04.514 E/TelephonyManager( 1487): at android.os.HandlerThread.run(HandlerThread.java:67)
09-23 23:38:04.514 E/TelephonyManager( 1487): at com.android.server.ServiceThread.run(ServiceThread.java:44)
09-23 23:38:04.514 W/ContextImpl( 1487): Calling a method in the system process without a qualified user: android.app.ContextImpl.sendStickyBroadcast:1559 com.android.server.ConnectivityService.sendStickyBroadcast:2811 com.android.server.ConnectivityService.sendGeneralBroadcast:2786 com.android.server.ConnectivityService.sendInetConditionBroadcast:2763 com.android.server.ConnectivityService.updateInetCondition:8451
09-23 23:38:04.516 W/LastMileLogger( 1487): Failed to stop event tracing: /sys/kernel/debug/tracing/instances/wifi/tracing_on: open failed: ENOENT (No such file or directory)
09-23 23:38:04.518 I/GnssNetworkConnectivityHandler( 1487): updateNetworkState, state=CLOSED, connected=true, network=100, capabilities=[ Transports: WIFI Capabilities: NOT_METERED&INTERNET&NOT_RESTRICTED&TRUSTED&NOT_VPN&VALIDATED&NOT_ROAMING&FOREGROUND&NOT_CONGESTED&NOT_SUSPENDED&NOT_VCN_MANAGED LinkUpBandwidth>=12000Kbps LinkDnBandwidth>=60000Kbps TransportInfo: , BSSID: 02:00:00:00:00:00, MAC: 02:00:00:00:00:00, Security type: 2, Supplicant state: COMPLETED, HE Eight Max VHT Spatial Streams Supported AP: false, Eight Max VHT Spatial streams support: false, Wi-Fi standard: 5, RSSI: -50, Link speed: 433Mbps, Tx Link speed: 433Mbps, Max Supported Tx Link speed: 433Mbps, Rx Link speed: 433Mbps, Max Supported Rx Link speed: 433Mbps, Frequency: 5180MHz, Net ID: -1, Metered hint: false, score: 60, CarrierMerged: false, SubscriptionId: -1, IsPrimary: 1> SignalStrength: -50 SSID: "H3C_350304_5G"], availableNetworkCount: 1
09-23 23:38:04.521 I/unknown ( 3476): khook pthread_attr_init_callback set thread stack from 1008 to 256 KB
09-23 23:38:04.521 I/unknown ( 3476): khook setstacksize __addr 0xff994668, from 1040 KB to 256 KB
09-23 23:38:04.521 I/unknown ( 3476): khook pthread_attr_init_callback set thread stack from 1008 to 256 KB
09-23 23:38:04.521 I/unknown ( 3476): khook setstacksize __addr 0xff994668, from 1040 KB to 256 KB
09-23 23:38:04.522 W/BestClock( 1487): java.time.DateTimeException: Missing NTP fix
09-23 23:38:04.526 W/BestClock( 1487): java.time.DateTimeException: Missing NTP fix
09-23 23:38:04.534 D/WifiMemoryStoreImpl( 1487): Set cluster G6cd105ff424d266 for W1c08ac3554222adf: SUCCESS
09-23 23:38:04.534 I/WifiClientModeImpl( 1487): Default Gateway MAC address of 38:a9:1c:35:03:09 from routes is : 00:00:00:00:00:00
09-23 23:38:04.536 D/WifiConfigStore( 1487): Writing to stores completed in 1 ms.
09-23 23:38:04.537 I/SupplicantStaIfaceHal( 1487): cleared linked networks
09-23 23:38:04.544 I/unknown ( 3476): khook pthread_attr_init_callback set thread stack from 1008 to 256 KB
09-23 23:38:04.544 I/unknown ( 3476): khook setstacksize __addr 0xaa175c78, from 1040 KB to 256 KB
09-23 23:38:04.546 I/unknown ( 3476): khook pthread_attr_init_callback set thread stack from 1008 to 256 KB
09-23 23:38:04.546 I/unknown ( 3476): khook setstacksize __addr 0xaa175c78, from 1040 KB to 256 KB
09-23 23:38:04.547 I/unknown ( 3476): khook pthread_attr_init_callback set thread stack from 1008 to 256 KB
09-23 23:38:04.547 I/unknown ( 3476): khook setstacksize __addr 0xaa1bac78, from 1040 KB to 256 KB
09-23 23:38:04.598 I/cnss-daemon( 1257): Ready to update GW parameters
09-23 23:38:04.719 I/MSP-JNI ( 3934): JNI_OnLoad called
09-23 23:38:04.720 E/MSP-JNI ( 3934): Failed to get class in Jload
09-23 23:38:04.720 I/MSP-JNI ( 3934): FindClass - com/qualcomm/ltebc/LTEBroadcastService JNI EXCEPTION CLEARED
09-23 23:38:04.720 I/MSP-JNI ( 3934): JNI_OnLoad: Initializing File Delivery references
09-23 23:38:04.720 I/MSP-JNI ( 3934): FindClass CARRIER_SPECIFIC_CLASS_DEFINITION JNI EXCEPTION CLEARED
09-23 23:38:04.720 I/MSP-JNI ( 3934): JNI_OnLoad: Completed File Delivery initialization
09-23 23:38:04.723 I/LTE Application( 3934): LTEApplicationCreate
09-23 23:38:04.724 I/LTE Application( 3934): applicationContext : com.qualcomm.ltebc.LTEQTIApplication@48d8b60
09-23 23:38:04.726 I/LTE QMI Link( 3934): Creating QMI Link
09-23 23:38:04.726 D/LTE Application( 3934): packageName = com.qti.ltebc versionCode = 5401010 versionName = MSDC_LA_5.4.01.01.0
09-23 23:38:04.726 I/LTE Application( 3934): LTE Broadcast Library Release Version = MSDC_LA_5.4.01.01.0
09-23 23:38:04.727 D/LTE Application( 3934): IntentSender : Last intent Status NOT_SENT forcedBroadcast flag = true
09-23 23:38:04.727 D/LTE Application( 3934): sendBroadcastIntent IntentAction : Sending com.qualcomm.intent.EMBMS_STATUS ACTIVE = false
09-23 23:38:04.728 W/SOCKET ( 3934): ConnectionManager constructor has been initialised
09-23 23:38:04.728 E/System ( 3934): Ignoring attempt to set property "java.net.preferIPv6Addresses" to value "false".
09-23 23:38:04.730 D/LTE Application( 3934): Android API Version 31
09-23 23:38:04.730 I/LTE Application( 3934): Package Name : com.qti.ltebc
09-23 23:38:04.732 I/LTE Application( 3934): app is not whitelisted
09-23 23:38:04.735 I/LTE Broadcast Receiver( 3934): Broadcast Receiver Received intent : Intent { act=android.intent.action.MEDIA_MOUNTED dat=file:///storage/emulated/0 flg=0x5000010 cmp=com.qti.ltebc/com.qualcomm.ltebc.LTEBroadcastReceiver (has extras) }
09-23 23:38:04.735 I/LTE Broadcast Receiver( 3934): Handled media mounted or unmounted event
09-23 23:38:04.735 E/LTE Broadcast Receiver( 3934): Received media mounted event when MSP is not initialized
09-23 23:38:04.735 I/LTE Application( 3934): getStartupReason - startup_reason: STARTUP_REASON_NOTSET
09-23 23:38:04.735 I/LTE Broadcast Receiver( 3934): Middleware is started due to media event..exiting app
09-23 23:38:04.737 I/com.qti.ltebc( 3934): System.exit called, status: 0
09-23 23:38:04.737 I/AndroidRuntime( 3934): VM exiting with result code 0, cleanup skipped.
09-23 23:38:04.770 I/ActivityManager( 1487): Process com.qti.ltebc (pid 3934) has died: fg RCVR
09-23 23:38:04.771 I/libprocessgroup( 1487): Successfully killed process cgroup uid 10072 pid 3934 in 0ms
09-23 23:38:04.771 I/Zygote ( 674): Process 3934 exited cleanly (0)
09-23 23:38:04.771 I/am_proc_died( 1487): [0,3934,com.qti.ltebc,0,11]
09-23 23:38:04.772 I/am_broadcast_discard_app( 1487): [0,30477139,android.intent.action.MEDIA_MOUNTED,2,ResolveInfo{c90ec52 com.qti.ltebc/com.qualcomm.ltebc.LTEBroadcastReceiver m=0x208000}]
09-23 23:38:04.773 I/am_uid_stopped( 1487): 10072
09-23 23:38:04.774 W/BroadcastQueue( 1487): Target SDK mismatch: receiver ActivityInfo{b21cb23 org.qiyi.android.commonphonepad.pushmessage.QYPushMsgBootReceiver} targets 31 but delivery restricted to [0, 23] broadcasting Intent { act=android.net.conn.CONNECTIVITY_CHANGE flg=0x4200010 (has extras) } from android (pid=1487, uid=1000) to com.qiyi.video.pad/org.qiyi.android.commonphonepad.pushmessage.QYPushMsgBootReceiver
09-23 23:38:04.774 W/BroadcastQueue( 1487): Target SDK mismatch: receiver ActivityInfo{95a5820 com.xiaomi.push.service.receivers.NetworkStatusReceiver} targets 29 but delivery restricted to [0, 23] broadcasting Intent { act=android.net.conn.CONNECTIVITY_CHANGE flg=0x4200010 (has extras) } from android (pid=1487, uid=1000) to com.netease.cloudmusic/com.xiaomi.push.service.receivers.NetworkStatusReceiver
09-23 23:38:04.774 W/BroadcastQueue( 1487): Target SDK mismatch: receiver ActivityInfo{b1175d9 com.xiaomi.push.service.receivers.NetworkStatusReceiver} targets 31 but delivery restricted to [0, 23] broadcasting Intent { act=android.net.conn.CONNECTIVITY_CHANGE flg=0x4200010 (has extras) } from android (pid=1487, uid=1000) to com.qiyi.video.pad/com.xiaomi.push.service.receivers.NetworkStatusReceiver
09-23 23:38:04.775 W/BroadcastQueue( 1487): Target SDK mismatch: receiver ActivityInfo{72d7b9e com.ss.android.ugc.aweme.common.net.NetWorkStateReceiver} targets 29 but delivery restricted to [0, 23] broadcasting Intent { act=android.net.conn.CONNECTIVITY_CHANGE flg=0x4200010 (has extras) } from android (pid=1487, uid=1000) to com.ss.android.ugc.aweme/.common.net.NetWorkStateReceiver
09-23 23:38:04.775 W/BroadcastQueue( 1487): Target SDK mismatch: receiver ActivityInfo{43bf67f com.netease.nimlib.service.NimReceiver} targets 29 but delivery restricted to [0, 23] broadcasting Intent { act=android.net.conn.CONNECTIVITY_CHANGE flg=0x4200010 (has extras) } from android (pid=1487, uid=1000) to com.netease.cloudmusic/com.netease.nimlib.service.NimReceiver
09-23 23:38:04.775 W/BroadcastQueue( 1487): Target SDK mismatch: receiver ActivityInfo{7dcd64c com.igexin.sdk.PushReceiver} targets 29 but delivery restricted to [0, 23] broadcasting Intent { act=android.net.conn.CONNECTIVITY_CHANGE flg=0x4200010 (has extras) } from android (pid=1487, uid=1000) to com.netease.cloudmusic/com.igexin.sdk.PushReceiver
09-23 23:38:04.775 W/BroadcastQueue( 1487): Target SDK mismatch: receiver ActivityInfo{d1a9695 org.qiyi.android.video.ui.phone.traffic.receiver.TrafficReceiver} targets 31 but delivery restricted to [0, 23] broadcasting Intent { act=android.net.conn.CONNECTIVITY_CHANGE flg=0x4200010 (has extras) } from android (pid=1487, uid=1000) to com.qiyi.video.pad/org.qiyi.android.video.ui.phone.traffic.receiver.TrafficReceiver
09-23 23:38:04.775 W/BroadcastQueue( 1487): Target SDK mismatch: receiver ActivityInfo{a71b3aa com.iqiyi.hcim.service.BroadcastCenter} targets 31 but delivery restricted to [0, 23] broadcasting Intent { act=android.net.conn.CONNECTIVITY_CHANGE flg=0x4200010 (has extras) } from android (pid=1487, uid=1000) to com.qiyi.video.pad/com.iqiyi.hcim.service.BroadcastCenter
09-23 23:38:04.775 W/BroadcastQueue( 1487): Target SDK mismatch: receiver ActivityInfo{6a37b9b com.ss.android.ugc.aweme.common.net.NetworkReceiver} targets 29 but delivery restricted to [0, 23] broadcasting Intent { act=android.net.conn.CONNECTIVITY_CHANGE flg=0x4200010 (has extras) } from android (pid=1487, uid=1000) to com.ss.android.ugc.aweme/.common.net.NetworkReceiver
09-23 23:38:04.775 W/BroadcastQueue( 1487): Target SDK mismatch: receiver ActivityInfo{8270b38 com.ss.android.socialbase.downloader.downloader.DownloadReceiver} targets 29 but delivery restricted to [0, 23] broadcasting Intent { act=android.net.conn.CONNECTIVITY_CHANGE flg=0x4200010 (has extras) } from android (pid=1487, uid=1000) to com.ss.android.ugc.aweme/com.ss.android.socialbase.downloader.downloader.DownloadReceiver
09-23 23:38:04.777 W/System ( 3476): A resource failed to call close.
09-23 23:38:04.777 W/System ( 3476): A resource failed to call close.
09-23 23:38:04.868 D/audio_hw_primary( 815): out_set_parameters: enter: usecase(1: low-latency-playback) kvpairs: suspend_playback=false
09-23 23:38:04.868 D/audio_hw_extn( 815): audio_extn_fm_set_parameters: Enter
09-23 23:38:04.869 W/audio_hw_primary( 815): out_write: underrun(2) frames_by_time(48098) > out->last_fifo_frames_remaining(384)
09-23 23:38:04.900 I/mpu_uart( 654): [MSG-P:RECV]:No message received in 1000 ms
09-23 23:38:04.906 D/audio_hw_primary( 815): out_set_parameters: enter: usecase(1: low-latency-playback) kvpairs: suspend_playback=true
09-23 23:38:04.906 D/audio_hw_extn( 815): audio_extn_fm_set_parameters: Enter
09-23 23:38:05.039 I/auditd ( 3782): type=1400 audit(0.0:257): avc: denied { read } for comm="pool-2-thread-6" name="tcp" dev="proc" ino=4026532283 scontext=u:r:untrusted_app_29:s0:c106,c256,c512,c768 tcontext=u:object_r:proc_net_tcp_udp:s0 tclass=file permissive=0 app=com.smile.gifmaker
09-23 23:38:05.039 W/pool-2-thread-6( 3782): type=1400 audit(0.0:257): avc: denied { read } for name="tcp" dev="proc" ino=4026532283 scontext=u:r:untrusted_app_29:s0:c106,c256,c512,c768 tcontext=u:object_r:proc_net_tcp_udp:s0 tclass=file permissive=0 app=com.smile.gifmaker
09-23 23:38:05.051 I/auditd ( 3782): type=1400 audit(0.0:258): avc: denied { search } for comm="pool-2-thread-6" name="asound" dev="proc" ino=4026532151 scontext=u:r:untrusted_app_29:s0:c106,c256,c512,c768 tcontext=u:object_r:proc_asound:s0 tclass=dir permissive=0 app=com.smile.gifmaker
09-23 23:38:05.051 W/pool-2-thread-6( 3782): type=1400 audit(0.0:258): avc: denied { search } for name="asound" dev="proc" ino=4026532151 scontext=u:r:untrusted_app_29:s0:c106,c256,c512,c768 tcontext=u:object_r:proc_asound:s0 tclass=dir permissive=0 app=com.smile.gifmaker
09-23 23:38:05.059 W/System ( 3499): A resource failed to call close.
09-23 23:38:05.059 W/System ( 3499): A resource failed to call close.
09-23 23:38:05.055 I/auditd ( 3782): type=1400 audit(0.0:259): avc: denied { search } for comm="pool-2-thread-6" name="asound" dev="proc" ino=4026532151 scontext=u:r:untrusted_app_29:s0:c106,c256,c512,c768 tcontext=u:object_r:proc_asound:s0 tclass=dir permissive=0 app=com.smile.gifmaker
09-23 23:38:05.055 W/pool-2-thread-6( 3782): type=1400 audit(0.0:259): avc: denied { search } for name="asound" dev="proc" ino=4026532151 scontext=u:r:untrusted_app_29:s0:c106,c256,c512,c768 tcontext=u:object_r:proc_asound:s0 tclass=dir permissive=0 app=com.smile.gifmaker
09-23 23:38:05.055 I/auditd ( 3782): type=1400 audit(0.0:260): avc: denied { read } for comm="pool-2-thread-6" name="route" dev="proc" ino=4026532275 scontext=u:r:untrusted_app_29:s0:c106,c256,c512,c768 tcontext=u:object_r:proc_net:s0 tclass=file permissive=0 app=com.smile.gifmaker
09-23 23:38:05.055 W/pool-2-thread-6( 3782): type=1400 audit(0.0:260): avc: denied { read } for name="route" dev="proc" ino=4026532275 scontext=u:r:untrusted_app_29:s0:c106,c256,c512,c768 tcontext=u:object_r:proc_net:s0 tclass=file permissive=0 app=com.smile.gifmaker
09-23 23:38:05.059 I/auditd ( 3782): type=1400 audit(0.0:261): avc: denied { read } for comm="pool-2-thread-6" name="u:object_r:serialno_prop:s0" dev="tmpfs" ino=2301 scontext=u:r:untrusted_app_29:s0:c106,c256,c512,c768 tcontext=u:object_r:serialno_prop:s0 tclass=file permissive=0 app=com.smile.gifmaker
09-23 23:38:05.059 W/pool-2-thread-6( 3782): type=1400 audit(0.0:261): avc: denied { read } for name="u:object_r:serialno_prop:s0" dev="tmpfs" ino=2301 scontext=u:r:untrusted_app_29:s0:c106,c256,c512,c768 tcontext=u:object_r:serialno_prop:s0 tclass=file permissive=0 app=com.smile.gifmaker
09-23 23:38:05.062 W/libc ( 3782): Access denied finding property "ro.vendor.product.manufacturer"
09-23 23:38:05.062 W/libc ( 3782): Access denied finding property "ro.vendor.product.model"
09-23 23:38:05.062 W/libc ( 3782): Access denied finding property "ro.serialno"
09-23 23:38:05.196 I/unknown ( 3476): khook pthread_attr_init_callback set thread stack from 1008 to 256 KB
09-23 23:38:05.196 I/unknown ( 3476): khook setstacksize __addr 0xaf1fc6d8, from 1040 KB to 256 KB
09-23 23:38:05.197 I/unknown ( 3476): khook pthread_attr_init_callback set thread stack from 1008 to 256 KB
09-23 23:38:05.197 I/unknown ( 3476): khook setstacksize __addr 0xaf1fcba8, from 1040 KB to 256 KB
09-23 23:38:05.302 D/BufferPoolAccessor2.0( 1487): bufferpool2 0xb4000072e591fd98 : 0(0 size) total buffers - 0(0 size) used buffers - 3/7 (recycle/alloc) - 4/34 (fetch/transfer)
09-23 23:38:05.302 D/BufferPoolAccessor2.0( 1487): bufferpool2 0xb4000072e591dae8 : 0(0 size) total buffers - 0(0 size) used buffers - 2/7 (recycle/alloc) - 9/34 (fetch/transfer)
09-23 23:38:05.302 D/BufferPoolAccessor2.0( 1487): bufferpool2 0xb4000072e591c3c8 : 0(0 size) total buffers - 0(0 size) used buffers - 1/7 (recycle/alloc) - 8/24 (fetch/transfer)
09-23 23:38:05.302 D/BufferPoolAccessor2.0( 1487): bufferpool2 0xb4000072e592d008 : 0(0 size) total buffers - 0(0 size) used buffers - 3/7 (recycle/alloc) - 6/26 (fetch/transfer)
09-23 23:38:05.302 D/BufferPoolAccessor2.0( 1487): bufferpool2 0xb4000072e5919ec8 : 0(0 size) total buffers - 0(0 size) used buffers - 1/7 (recycle/alloc) - 6/18 (fetch/transfer)
09-23 23:38:05.302 D/BufferPoolAccessor2.0( 1487): evictor expired: 5, evicted: 5
09-23 23:38:05.302 D/BufferPoolAccessor2.0( 1249): bufferpool2 0xb400007860ed59d8 : 0(0 size) total buffers - 0(0 size) used buffers - 5/7 (recycle/alloc) - 2/6 (fetch/transfer)
09-23 23:38:05.303 D/BufferPoolAccessor2.0( 1249): bufferpool2 0xb400007860ed7a38 : 0(0 size) total buffers - 0(0 size) used buffers - 12/15 (recycle/alloc) - 3/14 (fetch/transfer)
09-23 23:38:05.303 D/BufferPoolAccessor2.0( 1249): bufferpool2 0xb400007860eda628 : 0(0 size) total buffers - 0(0 size) used buffers - 10/15 (recycle/alloc) - 5/14 (fetch/transfer)
09-23 23:38:05.303 D/BufferPoolAccessor2.0( 1249): bufferpool2 0xb400007860ee0998 : 0(0 size) total buffers - 0(0 size) used buffers - 8/10 (recycle/alloc) - 3/9 (fetch/transfer)
09-23 23:38:05.303 D/BufferPoolAccessor2.0( 1249): bufferpool2 0xb400007860ed67b8 : 0(0 size) total buffers - 0(0 size) used buffers - 14/17 (recycle/alloc) - 3/16 (fetch/transfer)
09-23 23:38:05.303 D/BufferPoolAccessor2.0( 1249): bufferpool2 0xb400007860ed4bf8 : 0(0 size) total buffers - 0(0 size) used buffers - 9/11 (recycle/alloc) - 2/10 (fetch/transfer)
09-23 23:38:05.303 D/BufferPoolAccessor2.0( 1249): bufferpool2 0xb400007860ed5e78 : 0(0 size) total buffers - 0(0 size) used buffers - 14/16 (recycle/alloc) - 2/15 (fetch/transfer)
09-23 23:38:05.303 D/BufferPoolAccessor2.0( 1249): bufferpool2 0xb400007860edb658 : 0(0 size) total buffers - 0(0 size) used buffers - 5/7 (recycle/alloc) - 2/6 (fetch/transfer)
09-23 23:38:05.303 D/BufferPoolAccessor2.0( 1249): evictor expired: 8, evicted: 8
09-23 23:38:05.306 D/BufferPoolAccessor2.0( 1843): bufferpool2 0xb4000072e58fde28 : 0(0 size) total buffers - 0(0 size) used buffers - 1/7 (recycle/alloc) - 6/18 (fetch/transfer)
09-23 23:38:05.307 D/BufferPoolAccessor2.0( 1843): bufferpool2 0xb4000072e58fa8f8 : 0(0 size) total buffers - 0(0 size) used buffers - 3/7 (recycle/alloc) - 6/36 (fetch/transfer)
09-23 23:38:05.307 D/BufferPoolAccessor2.0( 1843): evictor expired: 2, evicted: 2
09-23 23:38:05.401 F/linker ( 4059): CANNOT LINK EXECUTABLE "/vendor/bin/hw/qvrservice": library "vendor.qti.hardware.qxr-V1-ndk_platform.so" not found: needed by /vendor/lib64/libqvrservice.so in namespace (default)
09-23 23:38:05.403 F/linker ( 4060): CANNOT LINK EXECUTABLE "/vendor/bin/hw/sxrservice": library "vendor.qti.hardware.qxr-V1-ndk_platform.so" not found: needed by main executable
09-23 23:38:05.627 I/unknown ( 3476): khook pthread_attr_init_callback set thread stack from 1008 to 256 KB
09-23 23:38:05.627 I/unknown ( 3476): khook setstacksize __addr 0xaf517d08, from 1040 KB to 256 KB
09-23 23:38:05.628 I/unknown ( 3476): khook pthread_attr_init_callback set thread stack from 1008 to 256 KB
09-23 23:38:05.628 I/unknown ( 3476): khook setstacksize __addr 0xb2741bc8, from 1040 KB to 256 KB
09-23 23:38:05.754 W/System ( 3782): A resource failed to call close.
09-23 23:38:05.900 I/mpu_uart( 654): [MSG-P:RECV]:No message received in 1000 ms
09-23 23:38:05.903 I/mpu_uart( 654): [MSG-P:R]:recv sync frame timeout
09-23 23:38:05.907 D/audio_hw_primary( 815): out_set_parameters: enter: usecase(1: low-latency-playback) kvpairs: suspend_playback=false
09-23 23:38:05.907 D/audio_hw_extn( 815): audio_extn_fm_set_parameters: Enter
09-23 23:38:05.907 D/audio_hw_primary( 815): out_standby: enter: stream (0xe5dc0010) usecase(1: low-latency-playback)
09-23 23:38:05.926 D/audio_hw_primary( 815): disable_audio_route: reset and update mixer path: low-latency-playback
09-23 23:38:05.927 E/soundtrigger( 815): audio_extn_sound_trigger_update_stream_status: invalid input device 0x0, for event 2
09-23 23:38:05.927 D/soundtrigger( 815): audio_extn_sound_trigger_update_stream_status: uc_info->id 1 of type 0 for Event 2, with Raise=0
09-23 23:38:05.927 D/msm8974_platform( 815): platform_split_snd_device: snd_device(2) num devices(0) new_snd_devices(0)
09-23 23:38:05.927 I/msm8974_platform( 815): platform_get_custom_mtmx_params: no matching param with id 0 ip_ch 2 op_ch 2 uc_id 1 snd_dev 2
09-23 23:38:05.927 D/hardware_info( 815): hw_info_append_hw_type : device_name = speaker
09-23 23:38:05.927 D/audio_hw_primary( 815): disable_snd_device: snd_device(2: speaker)
09-23 23:38:05.927 D/msm8974_platform( 815): platform_split_snd_device: snd_device(2) num devices(0) new_snd_devices(0)
09-23 23:38:05.927 I/soundtrigger( 815): audio_extn_sound_trigger_update_device_status: device 0x2 of type 0 for Event 0, with Raise=0
09-23 23:38:05.927 D/audio_hw_primary( 815): out_standby: exit
09-23 23:38:06.507 I/auditd ( 3476): type=1400 audit(0.0:264): avc: denied { getattr } for comm="ela_global-io" path="/proc/fb" dev="proc" ino=4026531990 scontext=u:r:untrusted_app_29:s0:c106,c256,c512,c768 tcontext=u:object_r:proc:s0 tclass=file permissive=0 app=com.smile.gifmaker
09-23 23:38:06.507 W/ela_global-io( 3476): type=1400 audit(0.0:264): avc: denied { getattr } for path="/proc/fb" dev="proc" ino=4026531990 scontext=u:r:untrusted_app_29:s0:c106,c256,c512,c768 tcontext=u:object_r:proc:s0 tclass=file permissive=0 app=com.smile.gifmaker
09-23 23:38:06.507 I/auditd ( 3476): type=1400 audit(0.0:265): avc: denied { getattr } for comm="ela_global-io" path="/proc/keys" dev="proc" ino=4026532317 scontext=u:r:untrusted_app_29:s0:c106,c256,c512,c768 tcontext=u:object_r:proc_keys:s0 tclass=file permissive=0 app=com.smile.gifmaker
09-23 23:38:06.507 W/ela_global-io( 3476): type=1400 audit(0.0:265): avc: denied { getattr } for path="/proc/keys" dev="proc" ino=4026532317 scontext=u:r:untrusted_app_29:s0:c106,c256,c512,c768 tcontext=u:object_r:proc_keys:s0 tclass=file permissive=0 app=com.smile.gifmaker
09-23 23:38:06.507 I/auditd ( 3476): type=1400 audit(0.0:266): avc: denied { getattr } for comm="ela_global-io" path="/proc/kmsg" dev="proc" ino=4026532267 scontext=u:r:untrusted_app_29:s0:c106,c256,c512,c768 tcontext=u:object_r:proc_kmsg:s0 tclass=file permissive=0 app=com.smile.gifmaker
09-23 23:38:06.507 W/ela_global-io( 3476): type=1400 audit(0.0:266): avc: denied { getattr } for path="/proc/kmsg" dev="proc" ino=4026532267 scontext=u:r:untrusted_app_29:s0:c106,c256,c512,c768 tcontext=u:object_r:proc_kmsg:s0 tclass=file permissive=0 app=com.smile.gifmaker
09-23 23:38:06.507 I/auditd ( 3476): type=1400 audit(0.0:267): avc: denied { getattr } for comm="ela_global-io" path="/proc/misc" dev="proc" ino=4026531991 scontext=u:r:untrusted_app_29:s0:c106,c256,c512,c768 tcontext=u:object_r:proc_misc:s0 tclass=file permissive=0 app=com.smile.gifmaker
09-23 23:38:06.507 W/ela_global-io( 3476): type=1400 audit(0.0:267): avc: denied { getattr } for path="/proc/misc" dev="proc" ino=4026531991 scontext=u:r:untrusted_app_29:s0:c106,c256,c512,c768 tcontext=u:object_r:proc_misc:s0 tclass=file permissive=0 app=com.smile.gifmaker
09-23 23:38:06.507 I/auditd ( 3476): type=1400 audit(0.0:268): avc: denied { getattr } for comm="ela_global-io" path="/proc/stat" dev="proc" ino=4026532263 scontext=u:r:untrusted_app_29:s0:c106,c256,c512,c768 tcontext=u:object_r:proc_stat:s0 tclass=file permissive=0 app=com.smile.gifmaker
09-23 23:38:06.507 W/ela_global-io( 3476): type=1400 audit(0.0:268): avc: denied { getattr } for path="/proc/stat" dev="proc" ino=4026532263 scontext=u:r:untrusted_app_29:s0:c106,c256,c512,c768 tcontext=u:object_r:proc_stat:s0 tclass=file permissive=0 app=com.smile.gifmaker
09-23 23:38:06.730 I/service_manager_stats( 1487): [103,84,5407]
09-23 23:38:06.730 D/CompatibilityChangeReporter( 1487): Compat change id reported: 168419799; UID 10028; state: DISABLED
09-23 23:38:06.730 D/CompatibilityInfo( 1487): mCompatibilityFlags - 4
09-23 23:38:06.730 D/CompatibilityInfo( 1487): applicationDensity - 240
09-23 23:38:06.730 D/CompatibilityInfo( 1487): applicationScale - 1.0
09-23 23:38:06.736 D/CompatibilityInfo( 1487): mCompatibilityFlags - 4
09-23 23:38:06.736 D/CompatibilityInfo( 1487): applicationDensity - 240
09-23 23:38:06.736 D/CompatibilityInfo( 1487): applicationScale - 1.0
09-23 23:38:06.828 I/MMKV ( 3476): extending [pref_id_APP_SP] file size from 4096 to 8192, incoming size:57, future usage:2068
09-23 23:38:06.901 I/mpu_uart( 654): [MSG-P:RECV]:No message received in 1000 ms
09-23 23:38:06.990 I/MMKV ( 3476): extending [pref_id_APP_SP] file size from 8192 to 65536, incoming size:27733, future usage:17400
09-23 23:38:07.107 W/CamX ( 825): [ WARN][NCS ] camxncsintfqsee.cpp:628 ProbeSensor() Timed out for probing sensor 4!
09-23 23:38:07.107 W/CamX ( 825): [ WARN][NCS ] camxncsintfqsee.cpp:270 GetListOfSensors() Probe sensor 4 with error 9
09-23 23:38:07.122 I/commit_sys_config_file( 1487): [package-user-0,3]
09-23 23:38:07.122 I/commit_sys_config_file( 1487): [package,64]
09-23 23:38:07.180 I/commit_sys_config_file( 1487): [notification-policy,8676]
09-23 23:38:07.304 D/BufferPoolAccessor2.0( 1249): bufferpool2 0xb400007860ed4068 : 0(0 size) total buffers - 0(0 size) used buffers - 93/97 (recycle/alloc) - 4/96 (fetch/transfer)
09-23 23:38:07.304 D/BufferPoolAccessor2.0( 1249): evictor expired: 1, evicted: 1
09-23 23:38:07.386 I/am_uid_running( 1487): 10072
09-23 23:38:07.387 D/CompatibilityChangeReporter( 1487): Compat change id reported: 135634846; UID 10072; state: DISABLED
09-23 23:38:07.387 D/CompatibilityChangeReporter( 1487): Compat change id reported: 177438394; UID 10072; state: DISABLED
09-23 23:38:07.387 D/CompatibilityChangeReporter( 1487): Compat change id reported: 135772972; UID 10072; state: DISABLED
