09-23 23:38:03.745 D/LOWI-9.0.0.87.a( 1344): [LOWI-Scan] BSS 18:6f:2d:0a:b8:41 (wlan0) ASSO: NO AddInfo: 0x0, TSF 0, 00:00:19.276, RSSI: -124, CPL: 127, AGE: 856, SSID Guest, TSFDelta: 0xa6e96540, TXRate: 0
09-23 23:38:03.745 D/LOWI-9.0.0.87.a( 1344): [LOWI-Scan]
09-23 23:38:03.745 D/LOWI-9.0.0.87.a( 1344): [LOWI-Scan] print_bss_handler: Report beacon TSF 19413207 as it greater than probe TSF 19338667
09-23 23:38:03.745 D/LOWI-9.0.0.87.a( 1344): [LOWI-Scan] decode_rsn_wpa_ie: LOWI_ENCRYPTION_TYPE_WPA_PSK
09-23 23:38:03.745 D/LOWI-9.0.0.87.a( 1344): [LOWI-Scan] is_qcom_ie, bss_age: 0
09-23 23:38:03.745 D/LOWI-9.0.0.87.a( 1344): [LOWI-Scan] BSS 18:6f:2d:81:18:40 LOWI_PHY_MODE_11NG_HT20(5), Beacon Interval: 100, LOWI_ENCRYPTION_TYPE_WPA_PSK 11mcRanging: No, ANQP: No, LCI: No, Civic: No, capability(0x0531): ESS Privacy ShortPreamble SpectrumMgmt ShortSlotTime
09-23 23:38:03.745 D/LOWI-9.0.0.87.a( 1344): [LOWI-Scan] BSS 18:6f:2d:81:18:40 FREQ: 2432, cFreq1[40:80:160] = [2432:0:0] cFreq2 = 0 Country Code = CN
09-23 23:38:03.745 D/LOWI-9.0.0.87.a( 1344): [LOWI-Scan] BSS 18:6f:2d:81:18:40 (wlan0) ASSO: NO AddInfo: 0x1, TSF 0, 00:00:19.413, RSSI: -132, CPL: 127, AGE: 720, SSID Testing , TSFDelta: 0xa2b55e4b, TXRate: 0
09-23 23:38:03.745 D/LOWI-9.0.0.87.a( 1344): [LOWI-Scan]
09-23 23:38:03.745 D/LOWI-9.0.0.87.a( 1344): [LOWI-Scan] print_bss_handler: Report beacon TSF 19413312 as it greater than probe TSF 19358564
09-23 23:38:03.745 D/LOWI-9.0.0.87.a( 1344): [LOWI-Scan] is_qcom_ie, bss_age: 0
09-23 23:38:03.745 D/LOWI-9.0.0.87.a( 1344): [LOWI-Scan] BSS 18:6f:2d:81:18:41 LOWI_PHY_MODE_11NG_HT20(5), Beacon Interval: 100, LOWI_ENCRYPTION_TYPE_OPEN 11mcRanging: No, ANQP: No, LCI: No, Civic: No, capability(0x0521): ESS ShortPreamble SpectrumMgmt ShortSlotTime
09-23 23:38:03.745 D/LOWI-9.0.0.87.a( 1344): [LOWI-Scan] BSS 18:6f:2d:81:18:41 FREQ: 2432, cFreq1[40:80:160] = [2432:0:0] cFreq2 = 0 Country Code = CN
09-23 23:38:03.745 D/LOWI-9.0.0.87.a( 1344): [LOWI-Scan] BSS 18:6f:2d:81:18:41 (wlan0) ASSO: NO AddInfo: 0x1, TSF 0, 00:00:19.413, RSSI: -134, CPL: 127, AGE: 720, SSID Guest, TSFDelta: 0xa303ebbf, TXRate: 0
09-23 23:38:03.745 D/LOWI-9.0.0.87.a( 1344): [LOWI-Scan]
09-23 23:38:03.745 D/LOWI-9.0.0.87.a( 1344): [LOWI-Scan] print_bss_handler: Report beacon TSF 19413370 as it greater than probe TSF 19371735
09-23 23:38:03.745 D/LOWI-9.0.0.87.a( 1344): [LOWI-Scan] decode_rsn_wpa_ie: LOWI_ENCRYPTION_TYPE_WPA_PSK
09-23 23:38:03.745 D/LOWI-9.0.0.87.a( 1344): [LOWI-Scan] is_qcom_ie, bss_age: 0
09-23 23:38:03.745 D/LOWI-9.0.0.87.a( 1344): [LOWI-Scan] BSS 18:6f:2d:81:18:42 LOWI_PHY_MODE_11NG_HT20(5), Beacon Interval: 100, LOWI_ENCRYPTION_TYPE_WPA_PSK 11mcRanging: No, ANQP: No, LCI: No, Civic: No, capability(0x0531): ESS Privacy ShortPreamble SpectrumMgmt ShortSlotTime
09-23 23:38:03.745 D/LOWI-9.0.0.87.a( 1344): [LOWI-Scan] BSS 18:6f:2d:81:18:42 FREQ: 2432, cFreq1[40:80:160] = [2432:0:0] cFreq2 = 0 Country Code = CN
09-23 23:38:03.745 D/LOWI-9.0.0.87.a( 1344): [LOWI-Scan] BSS 18:6f:2d:81:18:42 (wlan0) ASSO: NO AddInfo: 0x1, TSF 0, 00:00:19.413, RSSI: -134, CPL: 127, AGE: 720, SSID ThunderSoft_2.4G, TSFDelta: 0xa39cb3cf, TXRate: 0
09-23 23:38:03.745 D/LOWI-9.0.0.87.a( 1344): [LOWI-Scan]
09-23 23:38:03.745 D/LOWI-9.0.0.87.a( 1344): [LOWI-Scan] print_bss_handler: Report beacon TSF 19413414 as it greater than probe TSF 19413414
09-23 23:38:03.745 D/LOWI-9.0.0.87.a( 1344): [LOWI-Scan] decode_rsn_wpa_ie: LOWI_ENCRYPTION_TYPE_WPA_PSK
09-23 23:38:03.745 D/LOWI-9.0.0.87.a( 1344): [LOWI-Scan] is_qcom_ie, bss_age: 0
09-23 23:38:03.745 D/LOWI-9.0.0.87.a( 1344): [LOWI-Scan] BSS 18:6f:2d:81:18:43 LOWI_PHY_MODE_11NG_HT20(5), Beacon Interval: 100, LOWI_ENCRYPTION_TYPE_WPA_PSK 11mcRanging: No, ANQP: No, LCI: No, Civic: No, capability(0x0531): ESS Privacy ShortPreamble SpectrumMgmt ShortSlotTime
09-23 23:38:03.745 D/LOWI-9.0.0.87.a( 1344): [LOWI-Scan] BSS 18:6f:2d:81:18:43 FREQ: 2432, cFreq1[40:80:160] = [2432:0:0] cFreq2 = 0 Country Code = CN
09-23 23:38:03.745 D/LOWI-9.0.0.87.a( 1344): [LOWI-Scan] BSS 18:6f:2d:81:18:43 (wlan0) ASSO: NO AddInfo: 0x1, TSF 0, 00:00:19.413, RSSI: -134, CPL: 127, AGE: 720, SSID ZXHY, TSFDelta: 0xa49fcc42, TXRate: 0
09-23 23:38:03.745 D/LOWI-9.0.0.87.a( 1344): [LOWI-Scan]
09-23 23:38:03.745 D/LOWI-9.0.0.87.a( 1344): [LOWI-Scan] print_bss_handler: Report beacon TSF 19413437 as it greater than probe TSF 19413437
09-23 23:38:03.745 D/LOWI-9.0.0.87.a( 1344): [LOWI-Scan] decode_rsn_wpa_ie: LOWI_ENCRYPTION_TYPE_WPA_PSK
09-23 23:38:03.745 D/LOWI-9.0.0.87.a( 1344): [LOWI-Scan] is_qcom_ie, bss_age: 0
09-23 23:38:03.745 D/LOWI-9.0.0.87.a( 1344): [LOWI-Scan] BSS 18:6f:2d:81:18:44 LOWI_PHY_MODE_11NG_HT20(5), Beacon Interval: 100, LOWI_ENCRYPTION_TYPE_WPA_PSK 11mcRanging: No, ANQP: No, LCI: No, Civic: No, capability(0x0531): ESS Privacy ShortPreamble SpectrumMgmt ShortSlotTime
09-23 23:38:03.745 D/LOWI-9.0.0.87.a( 1344): [LOWI-Scan] BSS 18:6f:2d:81:18:44 FREQ: 2432, cFreq1[40:80:160] = [2432:0:0] cFreq2 = 0 Country Code = CN
09-23 23:38:03.745 D/LOWI-9.0.0.87.a( 1344): [LOWI-Scan] BSS 18:6f:2d:81:18:44 (wlan0) ASSO: NO AddInfo: 0x1, TSF 0, 00:00:19.413, RSSI: -132, CPL: 127, AGE: 720, SSID Fanya, TSFDelta: 0xa4a553a3, TXRate: 0
09-23 23:38:03.745 D/LOWI-9.0.0.87.a( 1344): [LOWI-Scan]
09-23 23:38:03.745 D/LOWI-9.0.0.87.a( 1344): [LOWI-Scan] print_bss_handler: Report beacon TSF 19413647 as it greater than probe TSF 19413647
09-23 23:38:03.745 D/LOWI-9.0.0.87.a( 1344): [LOWI-Scan] is_qcom_ie, bss_age: 0
09-23 23:38:03.745 D/LOWI-9.0.0.87.a( 1344): [LOWI-Scan] BSS 18:6f:2d:81:18:45 LOWI_PHY_MODE_11NG_HT20(5), Beacon Interval: 100, LOWI_ENCRYPTION_TYPE_OPEN 11mcRanging: No, ANQP: No, LCI: No, Civic: No, capability(0x0521): ESS ShortPreamble SpectrumMgmt ShortSlotTime
09-23 23:38:03.745 D/LOWI-9.0.0.87.a( 1344): [LOWI-Scan] BSS 18:6f:2d:81:18:45 FREQ: 2432, cFreq1[40:80:160] = [2432:0:0] cFreq2 = 0 Country Code = CN
09-23 23:38:03.745 D/LOWI-9.0.0.87.a( 1344): [LOWI-Scan] BSS 18:6f:2d:81:18:45 (wlan0) ASSO: NO AddInfo: 0x1, TSF 0, 00:00:19.413, RSSI: -132, CPL: 127, AGE: 720, SSID IT, TSFDelta: 0xa4aac061, TXRate: 0
09-23 23:38:03.745 D/LOWI-9.0.0.87.a( 1344): [LOWI-Scan]
09-23 23:38:03.745 D/LOWI-9.0.0.87.a( 1344): [LOWI-Scan] print_bss_handler: Report beacon TSF 19471993 as it greater than probe TSF 19457805
09-23 23:38:03.745 D/LOWI-9.0.0.87.a( 1344): [LOWI-Scan] decode_rsn_wpa_ie: LOWI_ENCRYPTION_TYPE_WPA_PSK
09-23 23:38:03.745 D/LOWI-9.0.0.87.a( 1344): [LOWI-Scan] is_qcom_ie, bss_age: 0
09-23 23:38:03.745 D/LOWI-9.0.0.87.a( 1344): [LOWI-Scan] BSS 18:6f:2d:81:25:40 LOWI_PHY_MODE_11NG_HT20(5), Beacon Interval: 100, LOWI_ENCRYPTION_TYPE_WPA_PSK 11mcRanging: No, ANQP: No, LCI: No, Civic: No, capability(0x0531): ESS Privacy ShortPreamble SpectrumMgmt ShortSlotTime
09-23 23:38:03.745 D/LOWI-9.0.0.87.a( 1344): [LOWI-Scan] BSS 18:6f:2d:81:25:40 FREQ: 2437, cFreq1[40:80:160] = [2437:0:0] cFreq2 = 0 Country Code = CN
09-23 23:38:03.745 D/LOWI-9.0.0.87.a( 1344): [LOWI-Scan] BSS 18:6f:2d:81:25:40 (wlan0) ASSO: NO AddInfo: 0x1, TSF 0, 00:00:19.471, RSSI: -80, CPL: 127, AGE: 664, SSID Testing , TSFDelta: 0x6ccba3ab, TXRate: 0
09-23 23:38:03.745 D/LOWI-9.0.0.87.a( 1344): [LOWI-Scan]
09-23 23:38:03.745 D/LOWI-9.0.0.87.a( 1344): [LOWI-Scan] print_bss_handler: Report beacon TSF 19472364 as it greater than probe TSF 19460422
09-23 23:38:03.745 D/LOWI-9.0.0.87.a( 1344): [LOWI-Scan] is_qcom_ie, bss_age: 0
09-23 23:38:03.745 D/LOWI-9.0.0.87.a( 1344): [LOWI-Scan] BSS 18:6f:2d:81:25:41 LOWI_PHY_MODE_11NG_HT20(5), Beacon Interval: 100, LOWI_ENCRYPTION_TYPE_OPEN 11mcRanging: No, ANQP: No, LCI: No, Civic: No, capability(0x0521): ESS ShortPreamble SpectrumMgmt ShortSlotTime
09-23 23:38:03.745 D/LOWI-9.0.0.87.a( 1344): [LOWI-Scan] BSS 18:6f:2d:81:25:41 FREQ: 2437, cFreq1[40:80:160] = [2437:0:0] cFreq2 = 0 Country Code = CN
09-23 23:38:03.745 D/LOWI-9.0.0.87.a( 1344): [LOWI-Scan] BSS 18:6f:2d:81:25:41 (wlan0) ASSO: NO AddInfo: 0x1, TSF 0, 00:00:19.472, RSSI: -76, CPL: 127, AGE: 660, SSID Guest, TSFDelta: 0x6ce244fb, TXRate: 0
09-23 23:38:03.745 D/LOWI-9.0.0.87.a( 1344): [LOWI-Scan]
09-23 23:38:03.745 D/LOWI-9.0.0.87.a( 1344): [LOWI-Scan] print_bss_handler: Report beacon TSF 19474094 as it greater than probe TSF 19462217
09-23 23:38:03.745 D/LOWI-9.0.0.87.a( 1344): [LOWI-Scan] decode_rsn_wpa_ie: LOWI_ENCRYPTION_TYPE_WPA_PSK
09-23 23:38:03.745 D/LOWI-9.0.0.87.a( 1344): [LOWI-Scan] is_qcom_ie, bss_age: 0
09-23 23:38:03.745 D/LOWI-9.0.0.87.a( 1344): [LOWI-Scan] BSS 18:6f:2d:81:25:42 LOWI_PHY_MODE_11NG_HT20(5), Beacon Interval: 100, LOWI_ENCRYPTION_TYPE_WPA_PSK 11mcRanging: No, ANQP: No, LCI: No, Civic: No, capability(0x0531): ESS Privacy ShortPreamble SpectrumMgmt ShortSlotTime
09-23 23:38:03.745 D/LOWI-9.0.0.87.a( 1344): [LOWI-Scan] BSS 18:6f:2d:81:25:42 FREQ: 2437, cFreq1[40:80:160] = [2437:0:0] cFreq2 = 0 Country Code = CN
09-23 23:38:03.745 D/LOWI-9.0.0.87.a( 1344): [LOWI-Scan] BSS 18:6f:2d:81:25:42 (wlan0) ASSO: NO AddInfo: 0x1, TSF 0, 00:00:19.474, RSSI: -78, CPL: 127, AGE: 660, SSID ThunderSoft_2.4G, TSFDelta: 0x6ceef5f8, TXRate: 0
09-23 23:38:03.745 D/LOWI-9.0.0.87.a( 1344): [LOWI-Scan]
09-23 23:38:03.745 D/LOWI-9.0.0.87.a( 1344): [LOWI-Scan] print_bss_handler: Report beacon TSF 19476193 as it greater than probe TSF 19463979
09-23 23:38:03.745 D/LOWI-9.0.0.87.a( 1344): [LOWI-Scan] decode_rsn_wpa_ie: LOWI_ENCRYPTION_TYPE_WPA_PSK
09-23 23:38:03.745 D/LOWI-9.0.0.87.a( 1344): [LOWI-Scan] is_qcom_ie, bss_age: 0
09-23 23:38:03.745 D/LOWI-9.0.0.87.a( 1344): [LOWI-Scan] BSS 18:6f:2d:81:25:43 LOWI_PHY_MODE_11NG_HT20(5), Beacon Interval: 100, LOWI_ENCRYPTION_TYPE_WPA_PSK 11mcRanging: No, ANQP: No, LCI: No, Civic: No, capability(0x0531): ESS Privacy ShortPreamble SpectrumMgmt ShortSlotTime
09-23 23:38:03.745 D/LOWI-9.0.0.87.a( 1344): [LOWI-Scan] BSS 18:6f:2d:81:25:43 FREQ: 2437, cFreq1[40:80:160] = [2437:0:0] cFreq2 = 0 Country Code = CN
09-23 23:38:03.745 D/LOWI-9.0.0.87.a( 1344): [LOWI-Scan] BSS 18:6f:2d:81:25:43 (wlan0) ASSO: NO AddInfo: 0x1, TSF 0, 00:00:19.476, RSSI: -76, CPL: 127, AGE: 656, SSID ZXHY, TSFDelta: 0x6cfdaa2d, TXRate: 0
09-23 23:38:03.745 D/LOWI-9.0.0.87.a( 1344): [LOWI-Scan]
09-23 23:38:03.745 D/LOWI-9.0.0.87.a( 1344): [LOWI-Scan] print_bss_handler: Report beacon TSF 19477560 as it greater than probe TSF 19467052
09-23 23:38:03.745 D/LOWI-9.0.0.87.a( 1344): [LOWI-Scan] decode_rsn_wpa_ie: LOWI_ENCRYPTION_TYPE_WPA_PSK
09-23 23:38:03.745 D/LOWI-9.0.0.87.a( 1344): [LOWI-Scan] is_qcom_ie, bss_age: 0
09-23 23:38:03.745 D/LOWI-9.0.0.87.a( 1344): [LOWI-Scan] BSS 18:6f:2d:81:25:44 LOWI_PHY_MODE_11NG_HT20(5), Beacon Interval: 100, LOWI_ENCRYPTION_TYPE_WPA_PSK 11mcRanging: No, ANQP: No, LCI: No, Civic: No, capability(0x0531): ESS Privacy ShortPreamble SpectrumMgmt ShortSlotTime
09-23 23:38:03.745 D/LOWI-9.0.0.87.a( 1344): [LOWI-Scan] BSS 18:6f:2d:81:25:44 FREQ: 2437, cFreq1[40:80:160] = [2437:0:0] cFreq2 = 0 Country Code = CN
09-23 23:38:03.745 D/LOWI-9.0.0.87.a( 1344): [LOWI-Scan] BSS 18:6f:2d:81:25:44 (wlan0) ASSO: NO AddInfo: 0x1, TSF 0, 00:00:19.477, RSSI: -78, CPL: 127, AGE: 656, SSID Fanya, TSFDelta: 0x6d0bbf06, TXRate: 0
09-23 23:38:03.745 D/LOWI-9.0.0.87.a( 1344): [LOWI-Scan]
09-23 23:38:03.745 D/LOWI-9.0.0.87.a( 1344): [LOWI-Scan] print_bss_handler: Report beacon TSF 19479253 as it greater than probe TSF 19471915
09-23 23:38:03.745 D/LOWI-9.0.0.87.a( 1344): [LOWI-Scan] is_qcom_ie, bss_age: 0
09-23 23:38:03.745 D/LOWI-9.0.0.87.a( 1344): [LOWI-Scan] BSS 18:6f:2d:81:25:45 LOWI_PHY_MODE_11NG_HT20(5), Beacon Interval: 100, LOWI_ENCRYPTION_TYPE_OPEN 11mcRanging: No, ANQP: No, LCI: No, Civic: No, capability(0x0521): ESS ShortPreamble SpectrumMgmt ShortSlotTime
09-23 23:38:03.745 D/LOWI-9.0.0.87.a( 1344): [LOWI-Scan] BSS 18:6f:2d:81:25:45 FREQ: 2437, cFreq1[40:80:160] = [2437:0:0] cFreq2 = 0 Country Code = CN
09-23 23:38:03.745 D/LOWI-9.0.0.87.a( 1344): [LOWI-Scan] BSS 18:6f:2d:81:25:45 (wlan0) ASSO: NO AddInfo: 0x1, TSF 0, 00:00:19.479, RSSI: -78, CPL: 127, AGE: 656, SSID IT, TSFDelta: 0x6d2199ff, TXRate: 0
09-23 23:38:03.745 D/LOWI-9.0.0.87.a( 1344): [LOWI-Scan]
09-23 23:38:03.745 D/LOWI-9.0.0.87.a( 1344): [LOWI-Scan] print_bss_handler: Report Probe TSF 19477750 as it greater than Beacon TSF 19463371
09-23 23:38:03.745 D/LOWI-9.0.0.87.a( 1344): [LOWI-Scan] decode_rsn_wpa_ie: LOWI_ENCRYPTION_TYPE_WPA_PSK
09-23 23:38:03.745 D/LOWI-9.0.0.87.a( 1344): [LOWI-Scan] is_qcom_ie, bss_age: 0
09-23 23:38:03.745 D/LOWI-9.0.0.87.a( 1344): [LOWI-Scan] BSS 18:6f:2d:81:18:50 LOWI_PHY_MODE_11AC_VHT20(8), Beacon Interval: 100, LOWI_ENCRYPTION_TYPE_WPA_PSK 11mcRanging: No, ANQP: No, LCI: No, Civic: No, capability(0x0111): ESS Privacy SpectrumMgmt
09-23 23:38:03.745 D/LOWI-9.0.0.87.a( 1344): [LOWI-Scan] BSS 18:6f:2d:81:18:50 FREQ: 5260, cFreq1[40:80:160] = [5260:0:0] cFreq2 = 0 Country Code = CN
09-23 23:38:03.745 D/LOWI-9.0.0.87.a( 1344): [LOWI-Scan] BSS 18:6f:2d:81:18:50 (wlan0) ASSO: NO AddInfo: 0x0, TSF 0, 00:00:19.477, RSSI: -172, CPL: 127, AGE: 656, SSID Testing , TSFDelta: 0x81f4e2e6, TXRate: 0
09-23 23:38:03.745 D/LOWI-9.0.0.87.a( 1344): [LOWI-Scan]
09-23 23:38:03.745 D/LOWI-9.0.0.87.a( 1344): [LOWI-Scan] print_bss_handler: Report Probe TSF 19505918 as it greater than Beacon TSF 19463570
09-23 23:38:03.745 D/LOWI-9.0.0.87.a( 1344): [LOWI-Scan] is_qcom_ie, bss_age: 0
09-23 23:38:03.745 D/LOWI-9.0.0.87.a( 1344): [LOWI-Scan] BSS 18:6f:2d:81:18:51 LOWI_PHY_MODE_11AC_VHT20(8), Beacon Interval: 100, LOWI_ENCRYPTION_TYPE_OPEN 11mcRanging: No, ANQP: No, LCI: No, Civic: No, capability(0x0101): ESS SpectrumMgmt
09-23 23:38:03.745 D/LOWI-9.0.0.87.a( 1344): [LOWI-Scan] BSS 18:6f:2d:81:18:51 FREQ: 5260, cFreq1[40:80:160] = [5260:0:0] cFreq2 = 0 Country Code = CN
09-23 23:38:03.746 D/LOWI-9.0.0.87.a( 1344): [LOWI-Scan] BSS 18:6f:2d:81:18:51 (wlan0) ASSO: NO AddInfo: 0x0, TSF 0, 00:00:19.505, RSSI: -176, CPL: 127, AGE: 628, SSID Guest, TSFDelta: 0x82c0b667, TXRate: 0
09-23 23:38:03.746 D/LOWI-9.0.0.87.a( 1344): [LOWI-Scan]
09-23 23:38:03.746 D/LOWI-9.0.0.87.a( 1344): [LOWI-Scan] print_bss_handler: Report Probe TSF 19506867 as it greater than Beacon TSF 19463815
09-23 23:38:03.746 D/LOWI-9.0.0.87.a( 1344): [LOWI-Scan] decode_rsn_wpa_ie: LOWI_ENCRYPTION_TYPE_WPA_PSK
09-23 23:38:03.746 D/LOWI-9.0.0.87.a( 1344): [LOWI-Scan] is_qcom_ie, bss_age: 0
09-23 23:38:03.746 D/LOWI-9.0.0.87.a( 1344): [LOWI-Scan] BSS 18:6f:2d:81:18:52 LOWI_PHY_MODE_11AC_VHT20(8), Beacon Interval: 100, LOWI_ENCRYPTION_TYPE_WPA_PSK 11mcRanging: No, ANQP: No, LCI: No, Civic: No, capability(0x0111): ESS Privacy SpectrumMgmt
09-23 23:38:03.746 D/LOWI-9.0.0.87.a( 1344): [LOWI-Scan] BSS 18:6f:2d:81:18:52 FREQ: 5260, cFreq1[40:80:160] = [5260:0:0] cFreq2 = 0 Country Code = CN
09-23 23:38:03.746 D/LOWI-9.0.0.87.a( 1344): [LOWI-Scan] BSS 18:6f:2d:81:18:52 (wlan0) ASSO: NO AddInfo: 0x0, TSF 0, 00:00:19.506, RSSI: -172, CPL: 127, AGE: 628, SSID ZXHY, TSFDelta: 0x82cad141, TXRate: 0
09-23 23:38:03.746 D/LOWI-9.0.0.87.a( 1344): [LOWI-Scan]
09-23 23:38:03.746 D/LOWI-9.0.0.87.a( 1344): [LOWI-Scan] print_bss_handler: Report Probe TSF 19507997 as it greater than Beacon TSF 19464361
09-23 23:38:03.746 D/LOWI-9.0.0.87.a( 1344): [LOWI-Scan] decode_rsn_wpa_ie: LOWI_ENCRYPTION_TYPE_WPA_PSK
09-23 23:38:03.746 D/LOWI-9.0.0.87.a( 1344): [LOWI-Scan] is_qcom_ie, bss_age: 0
09-23 23:38:03.746 D/LOWI-9.0.0.87.a( 1344): [LOWI-Scan] BSS 18:6f:2d:81:18:53 LOWI_PHY_MODE_11AC_VHT20(8), Beacon Interval: 100, LOWI_ENCRYPTION_TYPE_WPA_PSK 11mcRanging: No, ANQP: No, LCI: No, Civic: No, capability(0x0111): ESS Privacy SpectrumMgmt
09-23 23:38:03.746 D/LOWI-9.0.0.87.a( 1344): [LOWI-Scan] BSS 18:6f:2d:81:18:53 FREQ: 5260, cFreq1[40:80:160] = [5260:0:0] cFreq2 = 0 Country Code = CN
09-23 23:38:03.746 D/LOWI-9.0.0.87.a( 1344): [LOWI-Scan] BSS 18:6f:2d:81:18:53 (wlan0) ASSO: NO AddInfo: 0x0, TSF 0, 00:00:19.507, RSSI: -172, CPL: 127, AGE: 624, SSID Fanya, TSFDelta: 0x82d2554d, TXRate: 0
09-23 23:38:03.746 D/LOWI-9.0.0.87.a( 1344): [LOWI-Scan]
09-23 23:38:03.746 D/LOWI-9.0.0.87.a( 1344): [LOWI-Scan] print_bss_handler: Report Probe TSF 19480252 as it greater than Beacon TSF 19464386
09-23 23:38:03.746 D/LOWI-9.0.0.87.a( 1344): [LOWI-Scan] decode_rsn_wpa_ie: LOWI_ENCRYPTION_TYPE_WPA_PSK
09-23 23:38:03.746 D/LOWI-9.0.0.87.a( 1344): [LOWI-Scan] is_qcom_ie, bss_age: 0
09-23 23:38:03.746 D/LOWI-9.0.0.87.a( 1344): [LOWI-Scan] BSS 18:6f:2d:81:18:54 LOWI_PHY_MODE_11AC_VHT20(8), Beacon Interval: 100, LOWI_ENCRYPTION_TYPE_WPA_PSK 11mcRanging: No, ANQP: No, LCI: No, Civic: No, capability(0x0111): ESS Privacy SpectrumMgmt
09-23 23:38:03.746 D/LOWI-9.0.0.87.a( 1344): [LOWI-Scan] BSS 18:6f:2d:81:18:54 FREQ: 5260, cFreq1[40:80:160] = [5260:0:0] cFreq2 = 0 Country Code = CN
09-23 23:38:03.746 D/LOWI-9.0.0.87.a( 1344): [LOWI-Scan] BSS 18:6f:2d:81:18:54 (wlan0) ASSO: NO AddInfo: 0x0, TSF 0, 00:00:19.480, RSSI: -172, CPL: 127, AGE: 652, SSID ThunderSoft, TSFDelta: 0x8207c924, TXRate: 0
09-23 23:38:03.746 D/LOWI-9.0.0.87.a( 1344): [LOWI-Scan]
09-23 23:38:03.746 D/LOWI-9.0.0.87.a( 1344): [LOWI-Scan] print_bss_handler: Report Probe TSF 19510018 as it greater than Beacon TSF 19465320
09-23 23:38:03.746 D/LOWI-9.0.0.87.a( 1344): [LOWI-Scan] decode_rsn_wpa_ie: LOWI_ENCRYPTION_TYPE_WPA_PSK
09-23 23:38:03.746 D/LOWI-9.0.0.87.a( 1344): [LOWI-Scan] is_qcom_ie, bss_age: 0
09-23 23:38:03.746 D/LOWI-9.0.0.87.a( 1344): [LOWI-Scan] BSS 18:6f:2d:81:18:55 LOWI_PHY_MODE_11AC_VHT20(8), Beacon Interval: 100, LOWI_ENCRYPTION_TYPE_WPA_PSK 11mcRanging: No, ANQP: No, LCI: No, Civic: No, capability(0x0111): ESS Privacy SpectrumMgmt
09-23 23:38:03.746 D/LOWI-9.0.0.87.a( 1344): [LOWI-Scan] BSS 18:6f:2d:81:18:55 FREQ: 5260, cFreq1[40:80:160] = [5260:0:0] cFreq2 = 0 Country Code = CN
09-23 23:38:03.746 D/LOWI-9.0.0.87.a( 1344): [LOWI-Scan] BSS 18:6f:2d:81:18:55 (wlan0) ASSO: NO AddInfo: 0x0, TSF 0, 00:00:19.510, RSSI: -172, CPL: 127, AGE: 624, SSID GM, TSFDelta: 0x82df1ee0, TXRate: 0
09-23 23:38:03.746 D/LOWI-9.0.0.87.a( 1344): [LOWI-Scan]
09-23 23:38:03.746 D/LOWI-9.0.0.87.a( 1344): [LOWI-Scan] print_bss_handler: Report Probe TSF 19481864 as it greater than Beacon TSF 19465344
09-23 23:38:03.746 D/LOWI-9.0.0.87.a( 1344): [LOWI-Scan] is_qcom_ie, bss_age: 0
09-23 23:38:03.746 D/LOWI-9.0.0.87.a( 1344): [LOWI-Scan] BSS 18:6f:2d:81:18:56 LOWI_PHY_MODE_11AC_VHT20(8), Beacon Interval: 100, LOWI_ENCRYPTION_TYPE_OPEN 11mcRanging: No, ANQP: No, LCI: No, Civic: No, capability(0x0101): ESS SpectrumMgmt
09-23 23:38:03.746 D/LOWI-9.0.0.87.a( 1344): [LOWI-Scan] BSS 18:6f:2d:81:18:56 FREQ: 5260, cFreq1[40:80:160] = [5260:0:0] cFreq2 = 0 Country Code = CN
09-23 23:38:03.746 D/LOWI-9.0.0.87.a( 1344): [LOWI-Scan] BSS 18:6f:2d:81:18:56 (wlan0) ASSO: NO AddInfo: 0x0, TSF 0, 00:00:19.481, RSSI: -174, CPL: 127, AGE: 652, SSID IT, TSFDelta: 0x82145282, TXRate: 0
09-23 23:38:03.746 D/LOWI-9.0.0.87.a( 1344): [LOWI-Scan]
09-23 23:38:03.746 D/LOWI-9.0.0.87.a( 1344): [LOWI-Scan] print_bss_handler: Report beacon TSF 19483434 as it greater than probe TSF 19483434
09-23 23:38:03.746 D/LOWI-9.0.0.87.a( 1344): [LOWI-Scan] is_qcom_ie, bss_age: 0
09-23 23:38:03.746 D/LOWI-9.0.0.87.a( 1344): [LOWI-Scan] BSS 18:6f:2d:0a:b8:51 LOWI_PHY_MODE_11AC_VHT20(8), Beacon Interval: 100, LOWI_ENCRYPTION_TYPE_OPEN 11mcRanging: No, ANQP: No, LCI: No, Civic: No, capability(0x0101): ESS SpectrumMgmt
09-23 23:38:03.746 D/LOWI-9.0.0.87.a( 1344): [LOWI-Scan] BSS 18:6f:2d:0a:b8:51 FREQ: 5260, cFreq1[40:80:160] = [5260:0:0] cFreq2 = 0 Country Code = CN
09-23 23:38:03.746 D/LOWI-9.0.0.87.a( 1344): [LOWI-Scan] BSS 18:6f:2d:0a:b8:51 (wlan0) ASSO: NO AddInfo: 0x1, TSF 0, 00:00:19.483, RSSI: -168, CPL: 127, AGE: 652, SSID Guest, TSFDelta: 0x817c3b02, TXRate: 0
09-23 23:38:03.746 D/LOWI-9.0.0.87.a( 1344): [LOWI-Scan]
09-23 23:38:03.746 D/LOWI-9.0.0.87.a( 1344): [LOWI-Scan] print_bss_handler: Report beacon TSF 19483523 as it greater than probe TSF 19483523
09-23 23:38:03.746 D/LOWI-9.0.0.87.a( 1344): [LOWI-Scan] decode_rsn_wpa_ie: LOWI_ENCRYPTION_TYPE_WPA_PSK
09-23 23:38:03.746 D/LOWI-9.0.0.87.a( 1344): [LOWI-Scan] is_qcom_ie, bss_age: 0
09-23 23:38:03.746 D/LOWI-9.0.0.87.a( 1344): [LOWI-Scan] BSS 18:6f:2d:0a:b8:52 LOWI_PHY_MODE_11AC_VHT20(8), Beacon Interval: 100, LOWI_ENCRYPTION_TYPE_WPA_PSK 11mcRanging: No, ANQP: No, LCI: No, Civic: No, capability(0x0111): ESS Privacy SpectrumMgmt
09-23 23:38:03.746 D/LOWI-9.0.0.87.a( 1344): [LOWI-Scan] BSS 18:6f:2d:0a:b8:52 FREQ: 5260, cFreq1[40:80:160] = [5260:0:0] cFreq2 = 0 Country Code = CN
09-23 23:38:03.746 D/LOWI-9.0.0.87.a( 1344): [LOWI-Scan] BSS 18:6f:2d:0a:b8:52 (wlan0) ASSO: NO AddInfo: 0x1, TSF 0, 00:00:19.483, RSSI: -166, CPL: 127, AGE: 652, SSID ZXHY, TSFDelta: 0x817e1178, TXRate: 0
09-23 23:38:03.746 D/LOWI-9.0.0.87.a( 1344): [LOWI-Scan]
09-23 23:38:03.746 D/LOWI-9.0.0.87.a( 1344): [LOWI-Scan] print_bss_handler: Report Probe TSF 19512653 as it greater than Beacon TSF 19483824
09-23 23:38:03.746 D/LOWI-9.0.0.87.a( 1344): [LOWI-Scan] decode_rsn_wpa_ie: LOWI_ENCRYPTION_TYPE_WPA_PSK
09-23 23:38:03.746 D/LOWI-9.0.0.87.a( 1344): [LOWI-Scan] is_qcom_ie, bss_age: 0
09-23 23:38:03.746 D/LOWI-9.0.0.87.a( 1344): [LOWI-Scan] BSS 18:6f:2d:0a:b8:53 LOWI_PHY_MODE_11AC_VHT20(8), Beacon Interval: 100, LOWI_ENCRYPTION_TYPE_WPA_PSK 11mcRanging: No, ANQP: No, LCI: No, Civic: No, capability(0x0111): ESS Privacy SpectrumMgmt
09-23 23:38:03.746 D/LOWI-9.0.0.87.a( 1344): [LOWI-Scan] BSS 18:6f:2d:0a:b8:53 FREQ: 5260, cFreq1[40:80:160] = [5260:0:0] cFreq2 = 0 Country Code = CN
09-23 23:38:03.746 D/LOWI-9.0.0.87.a( 1344): [LOWI-Scan] BSS 18:6f:2d:0a:b8:53 (wlan0) ASSO: NO AddInfo: 0x0, TSF 0, 00:00:19.512, RSSI: -166, CPL: 127, AGE: 620, SSID Fanya, TSFDelta: 0x8251422a, TXRate: 0
09-23 23:38:03.746 D/LOWI-9.0.0.87.a( 1344): [LOWI-Scan]
09-23 23:38:03.746 D/LOWI-9.0.0.87.a( 1344): [LOWI-Scan] print_bss_handler: Report Probe TSF 19512882 as it greater than Beacon TSF 19484283
09-23 23:38:03.746 D/LOWI-9.0.0.87.a( 1344): [LOWI-Scan] decode_rsn_wpa_ie: LOWI_ENCRYPTION_TYPE_WPA_PSK
09-23 23:38:03.746 D/LOWI-9.0.0.87.a( 1344): [LOWI-Scan] is_qcom_ie, bss_age: 0
09-23 23:38:03.746 D/LOWI-9.0.0.87.a( 1344): [LOWI-Scan] BSS 18:6f:2d:0a:b8:54 LOWI_PHY_MODE_11AC_VHT20(8), Beacon Interval: 100, LOWI_ENCRYPTION_TYPE_WPA_PSK 11mcRanging: No, ANQP: No, LCI: No, Civic: No, capability(0x0111): ESS Privacy SpectrumMgmt
09-23 23:38:03.746 D/LOWI-9.0.0.87.a( 1344): [LOWI-Scan] BSS 18:6f:2d:0a:b8:54 FREQ: 5260, cFreq1[40:80:160] = [5260:0:0] cFreq2 = 0 Country Code = CN
09-23 23:38:03.746 D/LOWI-9.0.0.87.a( 1344): [LOWI-Scan] BSS 18:6f:2d:0a:b8:54 (wlan0) ASSO: NO AddInfo: 0x0, TSF 0, 00:00:19.512, RSSI: -166, CPL: 127, AGE: 620, SSID ThunderSoft, TSFDelta: 0x82542676, TXRate: 0
09-23 23:38:03.746 D/LOWI-9.0.0.87.a( 1344): [LOWI-Scan]
09-23 23:38:03.746 D/LOWI-9.0.0.87.a( 1344): [LOWI-Scan] print_bss_handler: Report Probe TSF 19513674 as it greater than Beacon TSF 19484470
09-23 23:38:03.746 D/LOWI-9.0.0.87.a( 1344): [LOWI-Scan] decode_rsn_wpa_ie: LOWI_ENCRYPTION_TYPE_WPA_PSK
09-23 23:38:03.746 D/LOWI-9.0.0.87.a( 1344): [LOWI-Scan] is_qcom_ie, bss_age: 0
09-23 23:38:03.746 D/LOWI-9.0.0.87.a( 1344): [LOWI-Scan] BSS 18:6f:2d:0a:b8:55 LOWI_PHY_MODE_11AC_VHT20(8), Beacon Interval: 100, LOWI_ENCRYPTION_TYPE_WPA_PSK 11mcRanging: No, ANQP: No, LCI: No, Civic: No, capability(0x0111): ESS Privacy SpectrumMgmt
09-23 23:38:03.746 D/LOWI-9.0.0.87.a( 1344): [LOWI-Scan] BSS 18:6f:2d:0a:b8:55 FREQ: 5260, cFreq1[40:80:160] = [5260:0:0] cFreq2 = 0 Country Code = CN
09-23 23:38:03.746 D/LOWI-9.0.0.87.a( 1344): [LOWI-Scan] BSS 18:6f:2d:0a:b8:55 (wlan0) ASSO: NO AddInfo: 0x0, TSF 0, 00:00:19.513, RSSI: -166, CPL: 127, AGE: 620, SSID GM, TSFDelta: 0x825a33eb, TXRate: 0
09-23 23:38:03.746 D/LOWI-9.0.0.87.a( 1344): [LOWI-Scan]
09-23 23:38:03.746 D/LOWI-9.0.0.87.a( 1344): [LOWI-Scan] print_bss_handler: Report Probe TSF 19515060 as it greater than Beacon TSF 19484813
09-23 23:38:03.746 D/LOWI-9.0.0.87.a( 1344): [LOWI-Scan] is_qcom_ie, bss_age: 0
09-23 23:38:03.746 D/LOWI-9.0.0.87.a( 1344): [LOWI-Scan] BSS 18:6f:2d:0a:b8:56 LOWI_PHY_MODE_11AC_VHT20(8), Beacon Interval: 100, LOWI_ENCRYPTION_TYPE_OPEN 11mcRanging: No, ANQP: No, LCI: No, Civic: No, capability(0x0101): ESS SpectrumMgmt
09-23 23:38:03.746 D/LOWI-9.0.0.87.a( 1344): [LOWI-Scan] BSS 18:6f:2d:0a:b8:56 FREQ: 5260, cFreq1[40:80:160] = [5260:0:0] cFreq2 = 0 Country Code = CN
09-23 23:38:03.746 D/LOWI-9.0.0.87.a( 1344): [LOWI-Scan] BSS 18:6f:2d:0a:b8:56 (wlan0) ASSO: NO AddInfo: 0x0, TSF 0, 00:00:19.515, RSSI: -166, CPL: 127, AGE: 620, SSID IT, TSFDelta: 0x825cee85, TXRate: 0
09-23 23:38:03.746 D/LOWI-9.0.0.87.a( 1344): [LOWI-Scan]
09-23 23:38:03.746 D/LOWI-9.0.0.87.a( 1344): [LOWI-Scan] print_bss_handler: Report Probe TSF 19596126 as it greater than Beacon TSF 19552487
09-23 23:38:03.746 D/LOWI-9.0.0.87.a( 1344): [LOWI-Scan] decode_rsn_wpa_ie: LOWI_ENCRYPTION_TYPE_WPA_PSK
09-23 23:38:03.746 D/LOWI-9.0.0.87.a( 1344): [LOWI-Scan] is_qcom_ie, bss_age: 0
09-23 23:38:03.746 D/LOWI-9.0.0.87.a( 1344): [LOWI-Scan] BSS 18:6f:2d:81:16:f0 LOWI_PHY_MODE_11AC_VHT20(8), Beacon Interval: 100, LOWI_ENCRYPTION_TYPE_WPA_PSK 11mcRanging: No, ANQP: No, LCI: No, Civic: No, capability(0x0111): ESS Privacy SpectrumMgmt
09-23 23:38:03.746 D/LOWI-9.0.0.87.a( 1344): [LOWI-Scan] BSS 18:6f:2d:81:16:f0 FREQ: 5280, cFreq1[40:80:160] = [5280:0:0] cFreq2 = 0 Country Code = CN
09-23 23:38:03.746 D/LOWI-9.0.0.87.a( 1344): [LOWI-Scan] BSS 18:6f:2d:81:16:f0 (wlan0) ASSO: NO AddInfo: 0x0, TSF 0, 00:00:19.596, RSSI: -158, CPL: 127, AGE: 536, SSID Testing , TSFDelta: 0x84af82b7, TXRate: 0
09-23 23:38:03.746 D/LOWI-9.0.0.87.a( 1344): [LOWI-Scan]
09-23 23:38:03.746 D/LOWI-9.0.0.87.a( 1344): [LOWI-Scan] print_bss_handler: Report Probe TSF 19597088 as it greater than Beacon TSF 19552501
09-23 23:38:03.746 D/LOWI-9.0.0.87.a( 1344): [LOWI-Scan] is_qcom_ie, bss_age: 0
09-23 23:38:03.746 D/LOWI-9.0.0.87.a( 1344): [LOWI-Scan] BSS 18:6f:2d:81:16:f1 LOWI_PHY_MODE_11AC_VHT20(8), Beacon Interval: 100, LOWI_ENCRYPTION_TYPE_OPEN 11mcRanging: No, ANQP: No, LCI: No, Civic: No, capability(0x0101): ESS SpectrumMgmt
09-23 23:38:03.746 D/LOWI-9.0.0.87.a( 1344): [LOWI-Scan] BSS 18:6f:2d:81:16:f1 FREQ: 5280, cFreq1[40:80:160] = [5280:0:0] cFreq2 = 0 Country Code = CN
09-23 23:38:03.746 D/LOWI-9.0.0.87.a( 1344): [LOWI-Scan] BSS 18:6f:2d:81:16:f1 (wlan0) ASSO: NO AddInfo: 0x0, TSF 0, 00:00:19.597, RSSI: -156, CPL: 127, AGE: 536, SSID Guest, TSFDelta: 0x84c9eb32, TXRate: 0
09-23 23:38:03.746 D/LOWI-9.0.0.87.a( 1344): [LOWI-Scan]
09-23 23:38:03.746 D/LOWI-9.0.0.87.a( 1344): [LOWI-Scan] print_bss_handler: Report Probe TSF 19600449 as it greater than Beacon TSF 19552508
09-23 23:38:03.746 D/LOWI-9.0.0.87.a( 1344): [LOWI-Scan] decode_rsn_wpa_ie: LOWI_ENCRYPTION_TYPE_WPA_PSK
09-23 23:38:03.747 D/LOWI-9.0.0.87.a( 1344): [LOWI-Scan] is_qcom_ie, bss_age: 0
09-23 23:38:03.747 D/LOWI-9.0.0.87.a( 1344): [LOWI-Scan] BSS 18:6f:2d:81:16:f2 LOWI_PHY_MODE_11AC_VHT20(8), Beacon Interval: 100, LOWI_ENCRYPTION_TYPE_WPA_PSK 11mcRanging: No, ANQP: No, LCI: No, Civic: No, capability(0x0111): ESS Privacy SpectrumMgmt
09-23 23:38:03.747 D/LOWI-9.0.0.87.a( 1344): [LOWI-Scan] BSS 18:6f:2d:81:16:f2 FREQ: 5280, cFreq1[40:80:160] = [5280:0:0] cFreq2 = 0 Country Code = CN
09-23 23:38:03.747 D/LOWI-9.0.0.87.a( 1344): [LOWI-Scan] BSS 18:6f:2d:81:16:f2 (wlan0) ASSO: NO AddInfo: 0x0, TSF 0, 00:00:19.600, RSSI: -158, CPL: 127, AGE: 532, SSID ZXHY, TSFDelta: 0x84de017f, TXRate: 0
09-23 23:38:03.747 D/LOWI-9.0.0.87.a( 1344): [LOWI-Scan]
09-23 23:38:03.747 D/LOWI-9.0.0.87.a( 1344): [LOWI-Scan] print_bss_handler: Report Probe TSF 19600478 as it greater than Beacon TSF 19552523
09-23 23:38:03.747 D/LOWI-9.0.0.87.a( 1344): [LOWI-Scan] decode_rsn_wpa_ie: LOWI_ENCRYPTION_TYPE_WPA_PSK
09-23 23:38:03.747 D/LOWI-9.0.0.87.a( 1344): [LOWI-Scan] is_qcom_ie, bss_age: 0
09-23 23:38:03.747 D/LOWI-9.0.0.87.a( 1344): [LOWI-Scan] BSS 18:6f:2d:81:16:f3 LOWI_PHY_MODE_11AC_VHT20(8), Beacon Interval: 100, LOWI_ENCRYPTION_TYPE_WPA_PSK 11mcRanging: No, ANQP: No, LCI: No, Civic: No, capability(0x0111): ESS Privacy SpectrumMgmt
09-23 23:38:03.747 D/LOWI-9.0.0.87.a( 1344): [LOWI-Scan] BSS 18:6f:2d:81:16:f3 FREQ: 5280, cFreq1[40:80:160] = [5280:0:0] cFreq2 = 0 Country Code = CN
09-23 23:38:03.747 D/LOWI-9.0.0.87.a( 1344): [LOWI-Scan] BSS 18:6f:2d:81:16:f3 (wlan0) ASSO: NO AddInfo: 0x0, TSF 0, 00:00:19.600, RSSI: -158, CPL: 127, AGE: 532, SSID Fanya, TSFDelta: 0x84e0804a, TXRate: 0
09-23 23:38:03.747 D/LOWI-9.0.0.87.a( 1344): [LOWI-Scan]
09-23 23:38:03.747 D/LOWI-9.0.0.87.a( 1344): [LOWI-Scan] print_bss_handler: Report Probe TSF 19602242 as it greater than Beacon TSF 19553166
09-23 23:38:03.747 D/LOWI-9.0.0.87.a( 1344): [LOWI-Scan] decode_rsn_wpa_ie: LOWI_ENCRYPTION_TYPE_WPA_PSK
09-23 23:38:03.747 D/LOWI-9.0.0.87.a( 1344): [LOWI-Scan] is_qcom_ie, bss_age: 0
09-23 23:38:03.747 D/LOWI-9.0.0.87.a( 1344): [LOWI-Scan] BSS 18:6f:2d:81:16:f5 LOWI_PHY_MODE_11AC_VHT20(8), Beacon Interval: 100, LOWI_ENCRYPTION_TYPE_WPA_PSK 11mcRanging: No, ANQP: No, LCI: No, Civic: No, capability(0x0111): ESS Privacy SpectrumMgmt
09-23 23:38:03.747 D/LOWI-9.0.0.87.a( 1344): [LOWI-Scan] BSS 18:6f:2d:81:16:f5 FREQ: 5280, cFreq1[40:80:160] = [5280:0:0] cFreq2 = 0 Country Code = CN
09-23 23:38:03.747 D/LOWI-9.0.0.87.a( 1344): [LOWI-Scan] BSS 18:6f:2d:81:16:f5 (wlan0) ASSO: NO AddInfo: 0x0, TSF 0, 00:00:19.602, RSSI: -156, CPL: 127, AGE: 532, SSID GM, TSFDelta: 0x84eedf6b, TXRate: 0
09-23 23:38:03.747 D/LOWI-9.0.0.87.a( 1344): [LOWI-Scan]
09-23 23:38:03.747 D/LOWI-9.0.0.87.a( 1344): [LOWI-Scan] print_bss_handler: Report beacon TSF 19576724 as it greater than probe TSF 19576724
09-23 23:38:03.747 D/LOWI-9.0.0.87.a( 1344): [LOWI-Scan] is_qcom_ie, bss_age: 0
09-23 23:38:03.747 D/LOWI-9.0.0.87.a( 1344): [LOWI-Scan] BSS 18:6f:2d:81:18:96 LOWI_PHY_MODE_11AC_VHT20(8), Beacon Interval: 100, LOWI_ENCRYPTION_TYPE_OPEN 11mcRanging: No, ANQP: No, LCI: No, Civic: No, capability(0x0101): ESS SpectrumMgmt
09-23 23:38:03.747 D/LOWI-9.0.0.87.a( 1344): [LOWI-Scan] BSS 18:6f:2d:81:18:96 FREQ: 5280, cFreq1[40:80:160] = [5280:0:0] cFreq2 = 0 Country Code = CN
09-23 23:38:03.747 D/LOWI-9.0.0.87.a( 1344): [LOWI-Scan] BSS 18:6f:2d:81:18:96 (wlan0) ASSO: NO AddInfo: 0x1, TSF 0, 00:00:19.576, RSSI: -172, CPL: 127, AGE: 556, SSID IT, TSFDelta: 0x85414179, TXRate: 0
09-23 23:38:03.747 D/LOWI-9.0.0.87.a( 1344): [LOWI-Scan]
09-23 23:38:03.747 D/LOWI-9.0.0.87.a( 1344): [LOWI-Scan] print_bss_handler: Report beacon TSF 19597473 as it greater than probe TSF 19596258
09-23 23:38:03.747 D/LOWI-9.0.0.87.a( 1344): [LOWI-Scan] decode_rsn_wpa_ie: LOWI_ENCRYPTION_TYPE_WPA_PSK
09-23 23:38:03.747 D/LOWI-9.0.0.87.a( 1344): [LOWI-Scan] is_qcom_ie, bss_age: 0
09-23 23:38:03.747 D/LOWI-9.0.0.87.a( 1344): [LOWI-Scan] BSS 18:6f:2d:80:dd:70 LOWI_PHY_MODE_11AC_VHT20(8), Beacon Interval: 100, LOWI_ENCRYPTION_TYPE_WPA_PSK 11mcRanging: No, ANQP: No, LCI: No, Civic: No, capability(0x0111): ESS Privacy SpectrumMgmt
09-23 23:38:03.747 D/LOWI-9.0.0.87.a( 1344): [LOWI-Scan] BSS 18:6f:2d:80:dd:70 FREQ: 5280, cFreq1[40:80:160] = [5280:0:0] cFreq2 = 0 Country Code = CN
09-23 23:38:03.747 D/LOWI-9.0.0.87.a( 1344): [LOWI-Scan] BSS 18:6f:2d:80:dd:70 (wlan0) ASSO: NO AddInfo: 0x1, TSF 0, 00:00:19.597, RSSI: -150, CPL: 127, AGE: 536, SSID Testing , TSFDelta: 0x83d664d1, TXRate: 0
09-23 23:38:03.747 D/LOWI-9.0.0.87.a( 1344): [LOWI-Scan]
09-23 23:38:03.747 D/LOWI-9.0.0.87.a( 1344): [LOWI-Scan] print_bss_handler: Report Probe TSF 19596280 as it greater than Beacon TSF 0
09-23 23:38:03.747 D/LOWI-9.0.0.87.a( 1344): [LOWI-Scan] is_qcom_ie, bss_age: 0
09-23 23:38:03.747 D/LOWI-9.0.0.87.a( 1344): [LOWI-Scan] BSS 18:6f:2d:80:dd:71 LOWI_PHY_MODE_11AC_VHT20(8), Beacon Interval: 100, LOWI_ENCRYPTION_TYPE_OPEN 11mcRanging: No, ANQP: No, LCI: No, Civic: No, capability(0x0101): ESS SpectrumMgmt
09-23 23:38:03.747 D/LOWI-9.0.0.87.a( 1344): [LOWI-Scan] BSS 18:6f:2d:80:dd:71 FREQ: 5280, cFreq1[40:80:160] = [5280:0:0] cFreq2 = 0 Country Code = CN
09-23 23:38:03.747 D/LOWI-9.0.0.87.a( 1344): [LOWI-Scan] BSS 18:6f:2d:80:dd:71 (wlan0) ASSO: NO AddInfo: 0x0, TSF 0, 00:00:19.596, RSSI: -152, CPL: 127, AGE: 536, SSID Guest, TSFDelta: 0x83db9b37, TXRate: 0
09-23 23:38:03.747 D/LOWI-9.0.0.87.a( 1344): [LOWI-Scan]
09-23 23:38:03.747 D/LOWI-9.0.0.87.a( 1344): [LOWI-Scan] print_bss_handler: Report beacon TSF 19598326 as it greater than probe TSF 19596383
09-23 23:38:03.747 D/LOWI-9.0.0.87.a( 1344): [LOWI-Scan] decode_rsn_wpa_ie: LOWI_ENCRYPTION_TYPE_WPA_PSK
09-23 23:38:03.747 D/LOWI-9.0.0.87.a( 1344): [LOWI-Scan] is_qcom_ie, bss_age: 0
09-23 23:38:03.747 D/LOWI-9.0.0.87.a( 1344): [LOWI-Scan] BSS 18:6f:2d:80:dd:72 LOWI_PHY_MODE_11AC_VHT20(8), Beacon Interval: 100, LOWI_ENCRYPTION_TYPE_WPA_PSK 11mcRanging: No, ANQP: No, LCI: No, Civic: No, capability(0x0111): ESS Privacy SpectrumMgmt
09-23 23:38:03.747 D/LOWI-9.0.0.87.a( 1344): [LOWI-Scan] BSS 18:6f:2d:80:dd:72 FREQ: 5280, cFreq1[40:80:160] = [5280:0:0] cFreq2 = 0 Country Code = CN
09-23 23:38:03.747 D/LOWI-9.0.0.87.a( 1344): [LOWI-Scan] BSS 18:6f:2d:80:dd:72 (wlan0) ASSO: NO AddInfo: 0x1, TSF 0, 00:00:19.598, RSSI: -148, CPL: 127, AGE: 536, SSID ZXHY, TSFDelta: 0x83e0c118, TXRate: 0
09-23 23:38:03.747 D/LOWI-9.0.0.87.a( 1344): [LOWI-Scan]
09-23 23:38:03.747 D/LOWI-9.0.0.87.a( 1344): [LOWI-Scan] print_bss_handler: Report Probe TSF 19601429 as it greater than Beacon TSF 19599546
09-23 23:38:03.747 D/LOWI-9.0.0.87.a( 1344): [LOWI-Scan] decode_rsn_wpa_ie: LOWI_ENCRYPTION_TYPE_WPA_PSK
09-23 23:38:03.747 D/LOWI-9.0.0.87.a( 1344): [LOWI-Scan] is_qcom_ie, bss_age: 0
09-23 23:38:03.747 D/LOWI-9.0.0.87.a( 1344): [LOWI-Scan] BSS 18:6f:2d:80:dd:73 LOWI_PHY_MODE_11AC_VHT20(8), Beacon Interval: 100, LOWI_ENCRYPTION_TYPE_WPA_PSK 11mcRanging: No, ANQP: No, LCI: No, Civic: No, capability(0x0111): ESS Privacy SpectrumMgmt
09-23 23:38:03.747 D/LOWI-9.0.0.87.a( 1344): [LOWI-Scan] BSS 18:6f:2d:80:dd:73 FREQ: 5280, cFreq1[40:80:160] = [5280:0:0] cFreq2 = 0 Country Code = CN
09-23 23:38:03.747 D/LOWI-9.0.0.87.a( 1344): [LOWI-Scan] BSS 18:6f:2d:80:dd:73 (wlan0) ASSO: NO AddInfo: 0x0, TSF 0, 00:00:19.601, RSSI: -152, CPL: 127, AGE: 532, SSID Fanya, TSFDelta: 0x840d940a, TXRate: 0
09-23 23:38:03.747 D/LOWI-9.0.0.87.a( 1344): [LOWI-Scan]
09-23 23:38:03.747 D/LOWI-9.0.0.87.a( 1344): [LOWI-Scan] print_bss_handler: Report Probe TSF 19605780 as it greater than Beacon TSF 19599604
09-23 23:38:03.747 D/LOWI-9.0.0.87.a( 1344): [LOWI-Scan] decode_rsn_wpa_ie: LOWI_ENCRYPTION_TYPE_WPA_PSK
09-23 23:38:03.747 D/LOWI-9.0.0.87.a( 1344): [LOWI-Scan] is_qcom_ie, bss_age: 0
09-23 23:38:03.747 D/LOWI-9.0.0.87.a( 1344): [LOWI-Scan] BSS 18:6f:2d:80:dd:75 LOWI_PHY_MODE_11AC_VHT20(8), Beacon Interval: 100, LOWI_ENCRYPTION_TYPE_WPA_PSK 11mcRanging: No, ANQP: No, LCI: No, Civic: No, capability(0x0111): ESS Privacy SpectrumMgmt
09-23 23:38:03.747 D/LOWI-9.0.0.87.a( 1344): [LOWI-Scan] BSS 18:6f:2d:80:dd:75 FREQ: 5280, cFreq1[40:80:160] = [5280:0:0] cFreq2 = 0 Country Code = CN
09-23 23:38:03.747 D/LOWI-9.0.0.87.a( 1344): [LOWI-Scan] BSS 18:6f:2d:80:dd:75 (wlan0) ASSO: NO AddInfo: 0x0, TSF 0, 00:00:19.605, RSSI: -154, CPL: 127, AGE: 532, SSID GM, TSFDelta: 0x8423a5b8, TXRate: 0
09-23 23:38:03.747 D/LOWI-9.0.0.87.a( 1344): [LOWI-Scan]
09-23 23:38:03.747 D/LOWI-9.0.0.87.a( 1344): [LOWI-Scan] print_bss_handler: Report Probe TSF 19605804 as it greater than Beacon TSF 19600426
09-23 23:38:03.747 D/LOWI-9.0.0.87.a( 1344): [LOWI-Scan] is_qcom_ie, bss_age: 0
09-23 23:38:03.747 D/LOWI-9.0.0.87.a( 1344): [LOWI-Scan] BSS 18:6f:2d:80:dd:76 LOWI_PHY_MODE_11AC_VHT20(8), Beacon Interval: 100, LOWI_ENCRYPTION_TYPE_OPEN 11mcRanging: No, ANQP: No, LCI: No, Civic: No, capability(0x0101): ESS SpectrumMgmt
09-23 23:38:03.747 D/LOWI-9.0.0.87.a( 1344): [LOWI-Scan] BSS 18:6f:2d:80:dd:76 FREQ: 5280, cFreq1[40:80:160] = [5280:0:0] cFreq2 = 0 Country Code = CN
09-23 23:38:03.747 D/LOWI-9.0.0.87.a( 1344): [LOWI-Scan] BSS 18:6f:2d:80:dd:76 (wlan0) ASSO: NO AddInfo: 0x0, TSF 0, 00:00:19.605, RSSI: -154, CPL: 127, AGE: 532, SSID IT, TSFDelta: 0x842660b2, TXRate: 0
09-23 23:38:03.747 D/LOWI-9.0.0.87.a( 1344): [LOWI-Scan]
09-23 23:38:03.747 D/LOWI-9.0.0.87.a( 1344): [LOWI-Scan] print_bss_handler: Report Probe TSF 19600692 as it greater than Beacon TSF 0
09-23 23:38:03.747 D/LOWI-9.0.0.87.a( 1344): [LOWI-Scan] decode_rsn_wpa_ie: LOWI_ENCRYPTION_TYPE_WPA_PSK
09-23 23:38:03.747 D/LOWI-9.0.0.87.a( 1344): [LOWI-Scan] is_qcom_ie, bss_age: 0
09-23 23:38:03.747 D/LOWI-9.0.0.87.a( 1344): [LOWI-Scan] BSS 18:6f:2d:81:16:f4 LOWI_PHY_MODE_11AC_VHT20(8), Beacon Interval: 100, LOWI_ENCRYPTION_TYPE_WPA_PSK 11mcRanging: No, ANQP: No, LCI: No, Civic: No, capability(0x0111): ESS Privacy SpectrumMgmt
09-23 23:38:03.747 D/LOWI-9.0.0.87.a( 1344): [LOWI-Scan] BSS 18:6f:2d:81:16:f4 FREQ: 5280, cFreq1[40:80:160] = [5280:0:0] cFreq2 = 0 Country Code = CN
09-23 23:38:03.747 D/vendor.qti.bluetooth@1.0-wake_lock( 821): Release wakelock is released
09-23 23:38:03.747 D/LOWI-9.0.0.87.a( 1344): [LOWI-Scan] BSS 18:6f:2d:81:16:f4 (wlan0) ASSO: NO AddInfo: 0x0, TSF 0, 00:00:19.600, RSSI: -156, CPL: 127, AGE: 536, SSID ThunderSoft, TSFDelta: 0x84e32151, TXRate: 0
09-23 23:38:03.747 D/LOWI-9.0.0.87.a( 1344): [LOWI-Scan]
09-23 23:38:03.747 D/LOWI-9.0.0.87.a( 1344): [LOWI-Scan] print_bss_handler: Report Probe TSF 19601891 as it greater than Beacon TSF 0
09-23 23:38:03.747 D/LOWI-9.0.0.87.a( 1344): [LOWI-Scan] decode_rsn_wpa_ie: LOWI_ENCRYPTION_TYPE_WPA_PSK
09-23 23:38:03.747 D/LOWI-9.0.0.87.a( 1344): [LOWI-Scan] is_qcom_ie, bss_age: 0
09-23 23:38:03.747 D/LOWI-9.0.0.87.a( 1344): [LOWI-Scan] BSS 18:6f:2d:80:dd:74 LOWI_PHY_MODE_11AC_VHT20(8), Beacon Interval: 100, LOWI_ENCRYPTION_TYPE_WPA_PSK 11mcRanging: No, ANQP: No, LCI: No, Civic: No, capability(0x0111): ESS Privacy SpectrumMgmt
09-23 23:38:03.747 D/LOWI-9.0.0.87.a( 1344): [LOWI-Scan] BSS 18:6f:2d:80:dd:74 FREQ: 5280, cFreq1[40:80:160] = [5280:0:0] cFreq2 = 0 Country Code = CN
09-23 23:38:03.747 D/LOWI-9.0.0.87.a( 1344): [LOWI-Scan] BSS 18:6f:2d:80:dd:74 (wlan0) ASSO: NO AddInfo: 0x0, TSF 0, 00:00:19.601, RSSI: -154, CPL: 127, AGE: 536, SSID ThunderSoft, TSFDelta: 0x84107826, TXRate: 0
09-23 23:38:03.747 D/LOWI-9.0.0.87.a( 1344): [LOWI-Scan]
09-23 23:38:03.747 D/LOWI-9.0.0.87.a( 1344): [LOWI-Scan] print_bss_handler: Report Probe TSF 19602547 as it greater than Beacon TSF 0
09-23 23:38:03.747 D/LOWI-9.0.0.87.a( 1344): [LOWI-Scan] is_qcom_ie, bss_age: 0
09-23 23:38:03.747 D/LOWI-9.0.0.87.a( 1344): [LOWI-Scan] BSS 18:6f:2d:81:16:f6 LOWI_PHY_MODE_11AC_VHT20(8), Beacon Interval: 100, LOWI_ENCRYPTION_TYPE_OPEN 11mcRanging: No, ANQP: No, LCI: No, Civic: No, capability(0x0101): ESS SpectrumMgmt
09-23 23:38:03.747 D/LOWI-9.0.0.87.a( 1344): [LOWI-Scan] BSS 18:6f:2d:81:16:f6 FREQ: 5280, cFreq1[40:80:160] = [5280:0:0] cFreq2 = 0 Country Code = CN
09-23 23:38:03.747 D/LOWI-9.0.0.87.a( 1344): [LOWI-Scan] BSS 18:6f:2d:81:16:f6 (wlan0) ASSO: NO AddInfo: 0x0, TSF 0, 00:00:19.602, RSSI: -156, CPL: 127, AGE: 536, SSID IT, TSFDelta: 0x84f156c2, TXRate: 0
09-23 23:38:03.747 D/LOWI-9.0.0.87.a( 1344): [LOWI-Scan]
09-23 23:38:03.747 D/LOWI-9.0.0.87.a( 1344): [LOWI-Scan] print_bss_handler: Report Probe TSF 19775691 as it greater than Beacon TSF 19697723
09-23 23:38:03.776 D/PasspointManager( 1487): ANQP entry not found for: d8:32:14:df:f6:03:
09-23 23:38:03.788 I/unknown ( 3476): khook pthread_attr_init_callback set thread stack from 1008 to 256 KB
09-23 23:38:03.789 I/unknown ( 3476): khook setstacksize __addr 0xab8f8a18, from 1040 KB to 256 KB
09-23 23:38:03.789 I/MMKV ( 3476): open fd[0xc8], /data/user/0/com.smile.gifmaker/files/mmkv/GROWTH_RES_PRE_DOWNLOAD_CONFIG
09-23 23:38:03.790 I/MMKV ( 3476): open fd[0xc9], /data/user/0/com.smile.gifmaker/files/mmkv/GROWTH_RES_PRE_DOWNLOAD_CONFIG.crc
09-23 23:38:03.791 I/MMKV ( 3476): loading [GROWTH_RES_PRE_DOWNLOAD_CONFIG] with 33 actual size, file size 4096, InterProcess 1, meta info version:3
09-23 23:38:03.791 I/MMKV ( 3476): loading [GROWTH_RES_PRE_DOWNLOAD_CONFIG] with crc 1719799422 sequence 1 version 3
09-23 23:38:03.791 I/MMKV ( 3476): loaded [GROWTH_RES_PRE_DOWNLOAD_CONFIG] with 1 key-values
09-23 23:38:03.794 I/MMKV ( 3476): open fd[0xcc], /data/user/0/com.smile.gifmaker/files/mmkv/SequenceId
09-23 23:38:03.796 I/MMKV ( 3476): open fd[0xcd], /data/user/0/com.smile.gifmaker/files/mmkv/SequenceId.crc
09-23 23:38:03.798 I/MMKV ( 3476): loading [SequenceId] with 3457 actual size, file size 4096, InterProcess 1, meta info version:3
09-23 23:38:03.798 I/MMKV ( 3476): loading [SequenceId] with crc 3560668959 sequence 86 version 3
09-23 23:38:03.798 I/MMKV ( 3476): loaded [SequenceId] with 14 key-values
09-23 23:38:03.804 I/MMKV ( 3476): open fd[0xce], /data/user/0/com.smile.gifmaker/files/mmkv/SUPER_BOWL_SP_NAME
09-23 23:38:03.804 I/MMKV ( 3476): open fd[0xcf], /data/user/0/com.smile.gifmaker/files/mmkv/SUPER_BOWL_SP_NAME.crc
09-23 23:38:03.812 I/MMKV ( 3476): loading [SUPER_BOWL_SP_NAME] with 0 actual size, file size 4096, InterProcess 1, meta info version:1
09-23 23:38:03.812 I/MMKV ( 3476): loaded [SUPER_BOWL_SP_NAME] with 0 key-values
09-23 23:38:03.812 I/MMKV ( 3476): open fd[0xd3], /data/user/0/com.smile.gifmaker/files/mmkv/pref_id_local_hdr_perf
09-23 23:38:03.812 I/MMKV ( 3476): open fd[0xd4], /data/user/0/com.smile.gifmaker/files/mmkv/pref_id_local_hdr_perf.crc
09-23 23:38:03.813 I/MMKV ( 3476): loading [pref_id_local_hdr_perf] with 0 actual size, file size 4096, InterProcess 1, meta info version:1
09-23 23:38:03.813 I/MMKV ( 3476): loaded [pref_id_local_hdr_perf] with 0 key-values
09-23 23:38:03.817 W/UnsafeUtil( 1487): platform method missing - proto runtime falling back to safer methods: java.lang.NoSuchMethodException: sun.misc.Unsafe.copyMemory [class java.lang.Object, long, class java.lang.Object, long, long]
09-23 23:38:03.824 D/audio_hw_primary( 815): out_set_parameters: enter: usecase(1: low-latency-playback) kvpairs: suspend_playback=false
09-23 23:38:03.824 D/audio_hw_extn( 815): audio_extn_fm_set_parameters: Enter
09-23 23:38:03.825 W/audio_hw_primary( 815): out_write: underrun(1) frames_by_time(48216) > out->last_fifo_frames_remaining(384)
09-23 23:38:03.826 D/WifiScoreReport( 1487): setShouldReduceNetworkScore=false mNetworkAgent is null? true
09-23 23:38:03.826 D/WifiClientModeImpl[wlan0]( 1487): CMD_START_CONNECT my state DisconnectedState nid=0 roam=false
09-23 23:38:03.859 I/MMKV ( 3476): open fd[0xd2], /data/user/0/com.smile.gifmaker/files/mmkv/SUPER_BOWL_SP_COMPONENT
09-23 23:38:03.862 I/MMKV ( 3476): open fd[0xd5], /data/user/0/com.smile.gifmaker/files/mmkv/SUPER_BOWL_SP_COMPONENT.crc
09-23 23:38:03.863 I/commit_sys_config_file( 1487): [notification-policy,5359]
09-23 23:38:03.866 I/MMKV ( 3476): loading [SUPER_BOWL_SP_COMPONENT] with 0 actual size, file size 4096, InterProcess 1, meta info version:1
09-23 23:38:03.866 I/MMKV ( 3476): loaded [SUPER_BOWL_SP_COMPONENT] with 0 key-values
09-23 23:38:03.868 D/audio_hw_primary( 815): out_set_parameters: enter: usecase(1: low-latency-playback) kvpairs: suspend_playback=true
09-23 23:38:03.868 D/audio_hw_extn( 815): audio_extn_fm_set_parameters: Enter
09-23 23:38:03.885 I/unknown ( 3476): khook pthread_attr_init_callback set thread stack from 1008 to 256 KB
09-23 23:38:03.885 I/unknown ( 3476): khook setstacksize __addr 0xb2741bc8, from 1040 KB to 256 KB
09-23 23:38:03.887 I/liblog ( 1344): 147
09-23 23:38:03.887 D/LOWI-9.0.0.87.a( 1344): [LOWINetlinkSocketReceiver] unpackRTMLinkMessage: RTM_NEWLINK - ifname wlan0, flags 0x1002 ()
09-23 23:38:03.887 D/LOWI-9.0.0.87.a( 1344): [LOWINetlinkSocketReceiver] processNetlinkPacket: ifname(wlan0) status(0)
09-23 23:38:03.887 D/LOWI-9.0.0.87.a( 1344): [LOWIController] intfStateReceived: ifname(wlan0) state(0)
09-23 23:38:03.887 D/LOWI-9.0.0.87.a( 1344): [LOWIEventReceiver] handleEvent:FROM:NA, TO:NA, REQ:NA, IREQ:NA, REQ_ID:0, RESP:NA, INFO:INTF-STATUS-UPDATE
09-23 23:38:03.887 I/EthernetTracker( 1487): interfaceLinkStateChanged, iface: wlan0, up: false
09-23 23:38:03.887 D/LOWI-9.0.0.87.a( 1344): [LOWIEventReceiver] Info to [INTF-STATUS-UPDATE]
09-23 23:38:03.887 D/LOWI-9.0.0.87.a( 1344): [LOWIController] updateIntfState: WIFI enabled 0 mNlWifiStatus 1 mWifiStateEnabled 1
09-23 23:38:03.887 D/LOWI-9.0.0.87.a( 1344): [LOWIController] isWifiEnabled: mNlWifiStatus 0 mWifiStateEnabled 1
09-23 23:38:03.887 I/LOWI-9.0.0.87.a( 1344): [LOWIController] isWifiEnabled: Wifi is now disabled
09-23 23:38:03.887 D/LOWI-9.0.0.87.a( 1344): [LOWIController] terminateScanResultReceiver
09-23 23:38:03.887 D/LOWI-9.0.0.87.a( 1344): [LOWI-Scan] wips_wait_on_nl_socket: read returned 6, Received string: Close
09-23 23:38:03.887 D/LOWI-9.0.0.87.a( 1344): [LOWI-Scan] do_listen_events: Select Error return - -301
09-23 23:38:03.887 D/LOWI-9.0.0.87.a( 1344): [LOWI-Scan] No dump done. Error -301
09-23 23:38:03.887 D/LOWI-9.0.0.87.a( 1344): [LOWI-Scan] WipsScanUsingNL: passive scan cached 0, took 138 ms, err -301
09-23 23:38:03.887 D/LOWI-9.0.0.87.a( 1344): [LOWI-Scan] lowi_proc_req_passive_scan_with_live_meas - No WLAN Frames to be parsed
09-23 23:38:03.887 D/LOWI-9.0.0.87.a( 1344): [LOWIWifiDriverInterface] Scan terminated for passive listening request
09-23 23:38:03.887 I/LOWI-9.0.0.87.a( 1344): [LOWIScanResultReceiver] Thread terminate was requested
09-23 23:38:03.888 D/LOWI-9.0.0.87.a( 1344): [LOWI-Scan] Closing the pipe
09-23 23:38:03.888 D/LOWI-9.0.0.87.a( 1344): [LOWIScanResultReceiver] After join complete
09-23 23:38:03.888 D/LOWI-9.0.0.87.a( 1344): [LOWI-ROME-RTT] RomeUnblockRangingThread
09-23 23:38:03.888 D/LOWI-9.0.0.87.a( 1344): [LOWI-ROME-RTT] RomeWaitOnActivityOnSocketOrPipe: Ranging thread Received string: Close, request socket shutdown
09-23 23:38:03.888 D/LOWI-9.0.0.87.a( 1344): [LOWIRangingFSM] FSM: Received Terminate Thread request from Controller
09-23 23:38:03.888 I/LOWI-9.0.0.87.a( 1344): [LOWIScanResultReceiver] Thread terminate was requested
09-23 23:38:03.888 D/LOWI-9.0.0.87.a( 1344): [LOWI-ROME-RTT] Closing the Ranging pipe
09-23 23:38:03.888 D/LOWI-9.0.0.87.a( 1344): [LOWIScanResultReceiver] After join complete
09-23 23:38:03.888 D/LOWI-9.0.0.87.a( 1344): [LOWIController] terminateWifiDriver
09-23 23:38:03.888 I/CLD80211( 1344): lowi-server: Sent msg on exit sock to unblock poll()
09-23 23:38:03.889 D/LOWI-9.0.0.87.a( 1344): [LOWINetlinkSocketReceiver] unpackRTMLinkMessage: RTM_NEWLINK - ifname wlan0, flags 0x1002 ()
09-23 23:38:03.889 D/LOWI-9.0.0.87.a( 1344): [LOWINetlinkSocketReceiver] processNetlinkPacket: ifname(wlan0) status(0)
09-23 23:38:03.889 D/LOWI-9.0.0.87.a( 1344): [LOWIController] intfStateReceived: ifname(wlan0) state(0)
09-23 23:38:03.889 D/LOWI-9.0.0.87.a( 1344): [LOWIEventReceiver] handleEvent:FROM:NA, TO:NA, REQ:NA, IREQ:NA, REQ_ID:0, RESP:NA, INFO:INTF-STATUS-UPDATE
09-23 23:38:03.889 D/LOWI-9.0.0.87.a( 1344): [LOWIEventReceiver] Info to [INTF-STATUS-UPDATE]
09-23 23:38:03.889 D/LOWI-9.0.0.87.a( 1344): [LOWIController] updateIntfState: WIFI enabled 0 mNlWifiStatus 0 mWifiStateEnabled 0
09-23 23:38:03.889 D/LOWI-9.0.0.87.a( 1344): [LOWIController] isWifiEnabled: mNlWifiStatus 0 mWifiStateEnabled 0
09-23 23:38:03.889 I/EthernetTracker( 1487): interfaceLinkStateChanged, iface: wlan0, up: false
09-23 23:38:03.889 D/android.hardware.wifi@1.0-service( 859): Successfully SetMacAddress.
09-23 23:38:03.891 I/MMKV ( 3476): open fd[0xd0], /data/user/0/com.smile.gifmaker/files/mmkv/business_priority
09-23 23:38:03.892 I/Perf ( 3782): Connecting to perf service.
09-23 23:38:03.892 I/MMKV ( 3476): open fd[0xd1], /data/user/0/com.smile.gifmaker/files/mmkv/business_priority.crc
09-23 23:38:03.892 I/MMKV ( 3476): loading [business_priority] with 0 actual size, file size 4096, InterProcess 1, meta info version:1
09-23 23:38:03.892 I/MMKV ( 3476): loaded [business_priority] with 0 key-values
09-23 23:38:03.895 D/LOWI-9.0.0.87.a( 1344): [LOWINetlinkSocketReceiver] unpackRTMLinkMessage: RTM_NEWLINK - ifname wlan0, flags 0x1003 ([UP])
09-23 23:38:03.895 D/LOWI-9.0.0.87.a( 1344): [LOWINetlinkSocketReceiver] processNetlinkPacket: ifname(wlan0) status(1)
09-23 23:38:03.895 D/LOWI-9.0.0.87.a( 1344): [LOWIController] intfStateReceived: ifname(wlan0) state(1)
09-23 23:38:03.895 D/LOWI-9.0.0.87.a( 1344): [LOWIEventReceiver] handleEvent:FROM:NA, TO:NA, REQ:NA, IREQ:NA, REQ_ID:0, RESP:NA, INFO:INTF-STATUS-UPDATE
09-23 23:38:03.895 D/LOWI-9.0.0.87.a( 1344): [LOWIEventReceiver] Info to [INTF-STATUS-UPDATE]
09-23 23:38:03.895 D/LOWI-9.0.0.87.a( 1344): [LOWIController] updateIntfState: WIFI enabled 1 mNlWifiStatus 0 mWifiStateEnabled 0
09-23 23:38:03.895 D/LOWI-9.0.0.87.a( 1344): [LOWIController] isWifiEnabled: mNlWifiStatus 1 mWifiStateEnabled 0
09-23 23:38:03.895 I/LOWI-9.0.0.87.a( 1344): [LOWIController] isWifiEnabled: Wifi is now enabled
09-23 23:38:03.895 D/LOWI-9.0.0.87.a( 1344): [LOWIController] terminateScanResultReceiver
09-23 23:38:03.896 I/EthernetTracker( 1487): interfaceLinkStateChanged, iface: wlan0, up: false
09-23 23:38:03.897 D/WifiClientModeImpl[wlan0]( 1487): ConnectedMacRandomization SSID(H3C_350304_5G). setMacAddress(0e:2d:7e:7d:fb:d4) from ba:a0:ac:d2:9e:77 = true
09-23 23:38:03.897 V/GraphicsEnvironment( 3782): ANGLE Developer option for 'com.smile.gifmaker' set to: 'default'
09-23 23:38:03.898 V/GraphicsEnvironment( 3782): ANGLE GameManagerService for com.smile.gifmaker: false
09-23 23:38:03.898 V/GraphicsEnvironment( 3782): Updatable production driver is not supported on the device.
09-23 23:38:03.899 D/NetworkSecurityConfig( 3782): Using Network Security Config from resource arg debugBuild: false
09-23 23:38:03.899 W/LastMileLogger( 1487): Failed to open free_buffer pseudo-file: /sys/kernel/debug/tracing/instances/wifi/free_buffer: open failed: ENOENT (No such file or directory)
09-23 23:38:03.899 W/LastMileLogger( 1487): Failed to arm fail-safe.
09-23 23:38:03.900 I/mpu_uart( 654): [MSG-P:RECV]:No message received in 1000 ms
09-23 23:38:03.900 D/NetworkSecurityConfig( 3782): Using Network Security Config from resource arg debugBuild: false
09-23 23:38:03.900 I/WifiClientModeImpl[wlan0]( 1487): Connecting with 0e:2d:7e:7d:fb:d4 as the mac address
09-23 23:38:03.901 W/wificond( 1214): Scan is not started. Ignore abort request
