09-23 23:38:00.116 W/CompanionDeviceManagerService( 1487): at com.android.server.am.UserController.handleMessage(UserController.java:2664)
09-23 23:38:00.116 W/CompanionDeviceManagerService( 1487): at android.os.Handler.dispatchMessage(Handler.java:102)
09-23 23:38:00.116 W/CompanionDeviceManagerService( 1487): at android.os.Looper.loopOnce(Looper.java:201)
09-23 23:38:00.116 W/CompanionDeviceManagerService( 1487): at android.os.Looper.loop(Looper.java:288)
09-23 23:38:00.116 W/CompanionDeviceManagerService( 1487): at android.os.HandlerThread.run(HandlerThread.java:67)
09-23 23:38:00.116 W/CompanionDeviceManagerService( 1487): at com.android.server.ServiceThread.run(ServiceThread.java:44)
09-23 23:38:00.117 W/CompanionDeviceManagerService( 1487): Failed to parse
09-23 23:38:00.117 W/CompanionDeviceManagerService( 1487): java.lang.NumberFormatException: null
09-23 23:38:00.117 W/CompanionDeviceManagerService( 1487): at java.lang.Long.parseLong(Long.java:557)
09-23 23:38:00.117 W/CompanionDeviceManagerService( 1487): at java.lang.Long.parseLong(Long.java:636)
09-23 23:38:00.117 W/CompanionDeviceManagerService( 1487): at com.android.server.companion.CompanionDeviceManagerService.parseLongOrDefault(CompanionDeviceManagerService.java:1486)
09-23 23:38:00.117 W/CompanionDeviceManagerService( 1487): at com.android.server.companion.CompanionDeviceManagerService.readAllAssociations(CompanionDeviceManagerService.java:1106)
09-23 23:38:00.117 W/CompanionDeviceManagerService( 1487): at com.android.server.companion.CompanionDeviceManagerService.getAllAssociations(CompanionDeviceManagerService.java:1039)
09-23 23:38:00.117 W/CompanionDeviceManagerService( 1487): at com.android.server.companion.CompanionDeviceManagerService.onUserUnlocking(CompanionDeviceManagerService.java:326)
09-23 23:38:00.117 W/CompanionDeviceManagerService( 1487): at com.android.server.SystemServiceManager.onUser(SystemServiceManager.java:409)
09-23 23:38:00.117 W/CompanionDeviceManagerService( 1487): at com.android.server.SystemServiceManager.onUser(SystemServiceManager.java:364)
09-23 23:38:00.117 W/CompanionDeviceManagerService( 1487): at com.android.server.SystemServiceManager.onUserUnlocking(SystemServiceManager.java:304)
09-23 23:38:00.117 W/CompanionDeviceManagerService( 1487): at com.android.server.am.UserController.handleMessage(UserController.java:2664)
09-23 23:38:00.117 W/CompanionDeviceManagerService( 1487): at android.os.Handler.dispatchMessage(Handler.java:102)
09-23 23:38:00.117 W/CompanionDeviceManagerService( 1487): at android.os.Looper.loopOnce(Looper.java:201)
09-23 23:38:00.117 W/CompanionDeviceManagerService( 1487): at android.os.Looper.loop(Looper.java:288)
09-23 23:38:00.117 W/CompanionDeviceManagerService( 1487): at android.os.HandlerThread.run(HandlerThread.java:67)
09-23 23:38:00.117 W/CompanionDeviceManagerService( 1487): at com.android.server.ServiceThread.run(ServiceThread.java:44)
09-23 23:38:00.117 I/SystemConfig( 2634): Reading permissions from /vendor/etc/permissions/android.hardware.se.omapi.ese.xml
09-23 23:38:00.117 I/CompanionDeviceManagerService( 1487): Read associations from disk: {0=[]}
09-23 23:38:00.117 I/SystemServerTimingAsync( 1487): ssm.onUnlockingUser-0_com.android.server.restrictions.RestrictionsManagerService
09-23 23:38:00.117 I/SystemServerTimingAsync( 1487): ssm.onUnlockingUser-0_com.android.server.media.MediaSessionService
09-23 23:38:00.117 I/SystemServerTimingAsync( 1487): ssm.onUnlockingUser-0_com.android.server.media.MediaResourceMonitorService
09-23 23:38:00.117 I/SystemServerTimingAsync( 1487): ssm.onUnlockingUser-0_com.android.server.biometrics.sensors.fingerprint.FingerprintService
09-23 23:38:00.117 I/SystemServerTimingAsync( 1487): ssm.onUnlockingUser-0_com.android.server.biometrics.BiometricService
09-23 23:38:00.117 I/SystemServerTimingAsync( 1487): ssm.onUnlockingUser-0_com.android.server.biometrics.AuthService
09-23 23:38:00.117 I/SystemServerTimingAsync( 1487): ssm.onUnlockingUser-0_com.android.server.pm.ShortcutService$Lifecycle
09-23 23:38:00.117 I/SystemConfig( 2634): Reading permissions from /vendor/etc/permissions/android.hardware.opengles.aep.xml
09-23 23:38:00.117 I/SystemConfig( 2634): Reading permissions from /vendor/etc/permissions/android.hardware.vulkan.compute-0.xml
09-23 23:38:00.117 I/SystemServerTimingAsync( 1487): ssm.onUnlockingUser-0_com.android.server.pm.LauncherAppsService
09-23 23:38:00.117 D/CompatibilityChangeReporter( 1487): Compat change id reported: 168419799; UID 10087; state: DISABLED
09-23 23:38:00.118 I/SystemConfig( 2634): Reading permissions from /product/etc/sysconfig/preinstalled-packages-platform-overlays.xml
09-23 23:38:00.118 I/SystemServerTimingAsync( 1487): ssm.onUnlockingUser-0_com.android.server.pm.CrossProfileAppsService
09-23 23:38:00.118 I/SystemServerTimingAsync( 1487): ssm.onUnlockingUser-0_com.android.server.people.PeopleService
09-23 23:38:00.118 I/SystemServerTimingAsync( 1487): ssm.onUnlockingUser-0_com.android.server.media.metrics.MediaMetricsManagerService
09-23 23:38:00.118 I/SystemServerTimingAsync( 1487): ssm.onUnlockingUser-0_com.android.server.media.projection.MediaProjectionManagerService
09-23 23:38:00.118 I/SystemServerTimingAsync( 1487): ssm.onUnlockingUser-0_com.android.server.slice.SliceManagerService$Lifecycle
09-23 23:38:00.118 I/SystemServerTimingAsync( 1487): ssm.onUnlockingUser-0_com.android.server.stats.StatsCompanion$Lifecycle
09-23 23:38:00.118 I/SystemServerTimingAsync( 1487): ssm.onUnlockingUser-0_com.android.server.scheduling.RebootReadinessManagerService$Lifecycle
09-23 23:38:00.118 I/SystemServerTimingAsync( 1487): ssm.onUnlockingUser-0_com.android.server.stats.pull.StatsPullAtomService
09-23 23:38:00.118 I/SystemServerTimingAsync( 1487): ssm.onUnlockingUser-0_com.android.server.incident.IncidentCompanionService
09-23 23:38:00.118 I/SystemServerTimingAsync( 1487): ssm.onUnlockingUser-0_com.android.server.MmsServiceBroker
09-23 23:38:00.118 I/SystemServerTimingAsync( 1487): ssm.onUnlockingUser-0_com.android.server.autofill.AutofillManagerService
09-23 23:38:00.118 I/SystemConfig( 2634): Reading permissions from /product/etc/sysconfig/preinstalled-packages-platform-handheld-product.xml
09-23 23:38:00.118 I/SystemServerTimingAsync( 1487): ssm.onUnlockingUser-0_com.android.server.clipboard.ClipboardService
09-23 23:38:00.118 I/SystemServerTimingAsync( 1487): ssm.onUnlockingUser-0_com.android.server.appbinding.AppBindingService$Lifecycle
09-23 23:38:00.118 W/AppBindingService( 1487): [Default SMS app] u0 Target package not found
09-23 23:38:00.118 I/SystemServerTimingAsync( 1487): ssm.onUnlockingUser-0_com.android.server.tracing.TracingServiceProxy
09-23 23:38:00.118 I/SystemServerTimingAsync( 1487): ssm.onUnlockingUser-0_com.android.server.policy.PermissionPolicyService
09-23 23:38:00.119 I/SystemServerTimingAsync( 1487): ssm.onUnlockingUser-0_com.android.server.pm.StagingManager$Lifecycle
09-23 23:38:00.119 I/SystemServerTimingAsync( 1487): ssm.onUnlockingUser-0_com.android.server.app.GameManagerService$Lifecycle
09-23 23:38:00.119 I/SystemServerTimingAsync( 1487): ssm.onUnlockingUser-0_com.android.server.appsearch.AppSearchManagerService
09-23 23:38:00.119 I/SystemConfig( 2634): Reading permissions from /product/etc/permissions/vendor.qti.hardware.data.connection-V1.1-java.xml
09-23 23:38:00.119 I/SystemConfig( 2634): Reading permissions from /product/etc/permissions/vendor.qti.hardware.data.connection-V1.0-java.xml
09-23 23:38:00.119 I/SystemConfig( 2634): Reading permissions from /product/etc/permissions/privapp-permissions-soundrecorder.xml
09-23 23:38:00.119 I/SystemServerTimingAsync( 1487): ssm.onUnlockingUser-0_com.android.server.media.MediaCommunicationService
09-23 23:38:00.119 I/SystemConfig( 2634): Reading permissions from /product/etc/permissions/telephony_product_privapp-permissions-qti.xml
09-23 23:38:00.119 I/SystemConfig( 2634): Reading permissions from /product/etc/permissions/UimService.xml
09-23 23:38:00.120 W/ActivityManager( 1487): UserLifecycleEvent 5 received without an active userJourneySession.
09-23 23:38:00.120 W/ActivityManager( 1487): UserLifecycleEvent 6 received without an active userJourneySession.
09-23 23:38:00.120 I/uc_finish_user_unlocked( 1487): 0
09-23 23:38:00.120 I/ActivityTaskManager( 1487): Loading recents for user 0 into memory.
09-23 23:38:00.120 I/SystemConfig( 2634): Reading permissions from /product/etc/permissions/ims_ext_common.xml
09-23 23:38:00.120 I/ActivityManager( 1487): User 0 state changed from RUNNING_UNLOCKING to RUNNING_UNLOCKED
09-23 23:38:00.120 I/am_user_state_changed( 1487): [0,3]
09-23 23:38:00.120 I/SystemConfig( 2634): Reading permissions from /product/etc/permissions/com.android.settings.intelligence.xml
09-23 23:38:00.120 I/SystemConfig( 2634): Reading permissions from /product/etc/permissions/com.qti.snapdragon.sdk.display.xml
09-23 23:38:00.120 I/SystemConfig( 2634): Reading permissions from /system_ext/etc/sysconfig/qti_whitelist_system_ext.xml
09-23 23:38:00.121 I/SystemConfig( 2634): Reading permissions from /system_ext/etc/sysconfig/qti_telephony_system_packages_config.xml
09-23 23:38:00.121 I/SystemConfig( 2634): Reading permissions from /system_ext/etc/permissions/android.software.verified_boot.xml
09-23 23:38:00.121 I/SystemConfig( 2634): Reading permissions from /system_ext/etc/permissions/com.qualcomm.qti.imscmservice-V2.0-java.xml
09-23 23:38:00.121 I/SystemConfig( 2634): Reading permissions from /system_ext/etc/permissions/embms-noship_product_privapp_permissions_qti.xml
09-23 23:38:00.122 D/SystemServerTiming( 1487): SystemUserUnlock took to complete: 296ms
09-23 23:38:00.122 I/SystemConfig( 2634): Reading permissions from /system_ext/etc/permissions/com.qti.media.secureprocessor.xml
09-23 23:38:00.122 I/SystemConfig( 2634): Reading permissions from /system_ext/etc/permissions/com.qualcomm.qti.izattools.xml
09-23 23:38:00.122 I/SystemConfig( 2634): Reading permissions from /system_ext/etc/permissions/com.qti.dpmframework.xml
09-23 23:38:00.123 I/SystemConfig( 2634): Reading permissions from /system_ext/etc/permissions/wfd-system-ext-privapp-permissions-qti.xml
09-23 23:38:00.123 I/SystemConfig( 2634): Reading permissions from /system_ext/etc/permissions/com.qualcomm.qti.imscmservice-V2.1-java.xml
09-23 23:38:00.123 I/SystemConfig( 2634): Reading permissions from /system_ext/etc/permissions/com.qualcomm.qmapbridge.xml
09-23 23:38:00.123 I/SystemConfig( 2634): Reading permissions from /system_ext/etc/permissions/com.nxp.nfc.nq.xml
09-23 23:38:00.123 I/SystemConfig( 2634): Reading permissions from /system_ext/etc/permissions/izat.xt.srv.xml
09-23 23:38:00.123 I/SystemConfig( 2634): Reading permissions from /system_ext/etc/permissions/com.qualcomm.qti.imscmservice.xml
09-23 23:38:00.124 I/SystemConfig( 2634): Reading permissions from /system_ext/etc/permissions/privapp-permissions-com.qualcomm.location.xml
09-23 23:38:00.124 I/SystemConfig( 2634): Reading permissions from /system_ext/etc/permissions/privapp-permissions-qti-system-ext.xml
09-23 23:38:00.124 I/SystemConfig( 2634): Reading permissions from /system_ext/etc/permissions/com.android.storagemanager.xml
09-23 23:38:00.124 E/BackupPasswordManager( 1487): Unable to read backup pw version
09-23 23:38:00.125 E/BackupPasswordManager( 1487): Unable to read saved backup pw hash
09-23 23:38:00.125 I/SystemConfig( 2634): Reading permissions from /system_ext/etc/permissions/qti_libpermissions.xml
09-23 23:38:00.125 I/SystemConfig( 2634): Reading permissions from /system_ext/etc/permissions/com.android.emergency.xml
09-23 23:38:00.125 I/SystemConfig( 2634): Reading permissions from /system_ext/etc/permissions/privapp-permissions-aptxals.xml
09-23 23:38:00.125 I/SystemConfig( 2634): Reading permissions from /system_ext/etc/permissions/com.android.launcher3.xml
09-23 23:38:00.125 I/SystemConfig( 2634): Reading permissions from /system_ext/etc/permissions/com.android.systemui.xml
09-23 23:38:00.126 I/SystemConfig( 2634): Reading permissions from /system_ext/etc/permissions/com.thundercomm.microsettings.xml
09-23 23:38:00.126 I/SystemConfig( 2634): Reading permissions from /system_ext/etc/permissions/com.qualcomm.qti.imscmservice-V2.2-java.xml
09-23 23:38:00.126 I/SystemConfig( 2634): Reading permissions from /system_ext/etc/permissions/qti_supplicant_interface.xml
09-23 23:38:00.126 I/SystemConfig( 2634): Reading permissions from /system_ext/etc/permissions/com.qualcomm.location.xml
09-23 23:38:00.126 I/SystemConfig( 2634): Reading permissions from /system_ext/etc/permissions/qti_permissions.xml
09-23 23:38:00.127 I/SystemConfig( 2634): Reading permissions from /system_ext/etc/permissions/audiosphere.xml
09-23 23:38:00.127 I/SystemConfig( 2634): Reading permissions from /system_ext/etc/permissions/vendor.qti.ims.rcsservice.xml
09-23 23:38:00.127 I/SystemConfig( 2634): Reading permissions from /system_ext/etc/permissions/com.qti.location.sdk.xml
09-23 23:38:00.127 I/SystemConfig( 2634): Reading permissions from /system_ext/etc/permissions/dpmapi.xml
09-23 23:38:00.127 I/SystemConfig( 2634): Reading permissions from /system_ext/etc/permissions/com.android.provision.xml
09-23 23:38:00.128 I/SystemConfig( 2634): Reading permissions from /system_ext/etc/permissions/telephony_system-ext_privapp-permissions-qti.xml
09-23 23:38:00.128 I/SystemConfig( 2634): Reading permissions from /system_ext/etc/permissions/com.android.settings.xml
09-23 23:38:00.129 I/SystemConfig( 2634): Reading permissions from /system_ext/etc/permissions/embms.xml
09-23 23:38:00.129 I/UsageStatsService( 1487): User[0] Rollover scheduled @ 2022-09-24 23:38:00(1664033880082)
09-23 23:38:00.130 I/wm_task_created( 1487): [171,-1]
09-23 23:38:00.130 I/UsageStatsService( 1487): Time changed in by 1663932078 seconds
09-23 23:38:00.134 I/wm_task_created( 1487): [175,-1]
09-23 23:38:00.137 W/StorageManagerService( 1487): Reporting emulated;0 unmounted due to system locked
09-23 23:38:00.144 I/wm_task_created( 1487): [176,-1]
09-23 23:38:00.144 I/UsageStatsService( 1487): User[0] Flushing usage stats to disk
09-23 23:38:00.144 I/wm_task_created( 1487): [177,-1]
09-23 23:38:00.145 I/wm_task_created( 1487): [178,-1]
09-23 23:38:00.150 I/wm_task_created( 1487): [179,-1]
09-23 23:38:00.152 I/wm_task_created( 1487): [182,-1]
09-23 23:38:00.152 V/PackageConfigPersister( 1487): loadPackages: empty list files from /data/system_ce/0/package_configs
09-23 23:38:00.153 I/am_uid_running( 1487): 10071
09-23 23:38:00.153 D/CompatibilityChangeReporter( 1487): Compat change id reported: 135634846; UID 10071; state: DISABLED
09-23 23:38:00.154 D/CompatibilityChangeReporter( 1487): Compat change id reported: 177438394; UID 10071; state: DISABLED
09-23 23:38:00.154 D/CompatibilityChangeReporter( 1487): Compat change id reported: 135772972; UID 10071; state: DISABLED
09-23 23:38:00.154 D/CompatibilityChangeReporter( 1487): Compat change id reported: 135754954; UID 10071; state: ENABLED
09-23 23:38:00.157 I/am_uid_running( 1487): 10056
09-23 23:38:00.158 D/CompatibilityChangeReporter( 1487): Compat change id reported: 135634846; UID 10056; state: DISABLED
09-23 23:38:00.158 D/CompatibilityChangeReporter( 1487): Compat change id reported: 177438394; UID 10056; state: DISABLED
09-23 23:38:00.158 D/CompatibilityChangeReporter( 1487): Compat change id reported: 135772972; UID 10056; state: DISABLED
09-23 23:38:00.158 D/CompatibilityChangeReporter( 1487): Compat change id reported: 135754954; UID 10056; state: ENABLED
09-23 23:38:00.158 I/am_uid_running( 1487): 10054
09-23 23:38:00.158 D/CompatibilityChangeReporter( 1487): Compat change id reported: 135634846; UID 10054; state: DISABLED
09-23 23:38:00.158 D/CompatibilityChangeReporter( 1487): Compat change id reported: 177438394; UID 10054; state: DISABLED
09-23 23:38:00.158 D/CompatibilityChangeReporter( 1487): Compat change id reported: 135772972; UID 10054; state: DISABLED
09-23 23:38:00.158 D/CompatibilityChangeReporter( 1487): Compat change id reported: 135754954; UID 10054; state: ENABLED
09-23 23:38:00.159 I/am_uid_running( 1487): 10075
09-23 23:38:00.159 D/CompatibilityChangeReporter( 1487): Compat change id reported: 135634846; UID 10075; state: DISABLED
09-23 23:38:00.159 D/CompatibilityChangeReporter( 1487): Compat change id reported: 177438394; UID 10075; state: DISABLED
09-23 23:38:00.159 D/CompatibilityChangeReporter( 1487): Compat change id reported: 135772972; UID 10075; state: DISABLED
09-23 23:38:00.159 D/CompatibilityChangeReporter( 1487): Compat change id reported: 135754954; UID 10075; state: DISABLED
09-23 23:38:00.159 I/am_uid_running( 1487): 10083
09-23 23:38:00.159 D/CompatibilityChangeReporter( 1487): Compat change id reported: 135634846; UID 10083; state: DISABLED
09-23 23:38:00.159 D/CompatibilityChangeReporter( 1487): Compat change id reported: 177438394; UID 10083; state: DISABLED
09-23 23:38:00.159 D/CompatibilityChangeReporter( 1487): Compat change id reported: 135772972; UID 10083; state: DISABLED
09-23 23:38:00.159 D/CompatibilityChangeReporter( 1487): Compat change id reported: 135754954; UID 10083; state: ENABLED
09-23 23:38:00.159 I/am_uid_running( 1487): 10085
09-23 23:38:00.159 D/CompatibilityChangeReporter( 1487): Compat change id reported: 135634846; UID 10085; state: DISABLED
09-23 23:38:00.160 D/CompatibilityChangeReporter( 1487): Compat change id reported: 177438394; UID 10085; state: DISABLED
09-23 23:38:00.160 D/CompatibilityChangeReporter( 1487): Compat change id reported: 135772972; UID 10085; state: DISABLED
09-23 23:38:00.160 D/CompatibilityChangeReporter( 1487): Compat change id reported: 135754954; UID 10085; state: ENABLED
09-23 23:38:00.160 W/ActivityManager( 1487): Slow operation: 62ms so far, now at startProcess: done updating battery stats
09-23 23:38:00.160 I/am_proc_start( 1487): [0,2672,10093,com.android.providers.media.module,service,{com.android.providers.media.module/com.android.providers.media.fuse.ExternalStorageServiceImpl}]
09-23 23:38:00.160 I/Watchdog( 1487): Interesting Java process com.android.providers.media.module started. Pid 2672
09-23 23:38:00.160 W/ActivityManager( 1487): Slow operation: 62ms so far, now at startProcess: building log message
09-23 23:38:00.160 I/ActivityManager( 1487): Start proc 2672:com.android.providers.media.module/u0a93 for service {com.android.providers.media.module/com.android.providers.media.fuse.ExternalStorageServiceImpl}
09-23 23:38:00.160 I/uc_send_user_broadcast( 1487): [0,android.intent.action.USER_UNLOCKED]
09-23 23:38:00.161 W/ActivityManager( 1487): Slow operation: 62ms so far, now at startProcess: starting to update pids map
09-23 23:38:00.162 W/ActivityManager( 1487): Slow operation: 64ms so far, now at startProcess: done updating pids map
09-23 23:38:00.162 D/CompatibilityChangeReporter( 1487): Compat change id reported: 143937733; UID 10071; state: ENABLED
09-23 23:38:00.162 I/am_proc_bound( 1487): [0,2672,com.android.providers.media.module]
09-23 23:38:00.165 D/CompatibilityChangeReporter( 1487): Compat change id reported: 168419799; UID 10093; state: DISABLED
09-23 23:38:00.167 I/am_uid_active( 1487): 10093
09-23 23:38:00.169 I/uc_finish_user_unlocked_completed( 1487): 0
09-23 23:38:00.170 I/am_proc_start( 1487): [0,2691,10071,com.qualcomm.location,broadcast,{com.qualcomm.location/com.qualcomm.location.LocationServiceReceiver}]
09-23 23:38:00.170 I/ActivityManager( 1487): Start proc 2691:com.qualcomm.location/u0a71 for broadcast {com.qualcomm.location/com.qualcomm.location.LocationServiceReceiver}
09-23 23:38:00.170 I/ActivityManager( 1487): Posting BOOT_COMPLETED user #0
09-23 23:38:00.170 D/CompatibilityChangeReporter( 1487): Compat change id reported: 143937733; UID 10056; state: ENABLED
09-23 23:38:00.174 I/am_wtf ( 1487): [0,2634,com.sohu.inputmethod.sogou.car,948485701,SystemConfig,SystemConfig is being accessed by a process other than system_server.]
09-23 23:38:00.177 W/StorageManagerService( 1487): Reporting emulated;0 unmounted due to system locked
09-23 23:38:00.178 I/sysui_multi_action( 1487): [757,1501,758,1,793,406,794,0,795,406,796,26,806,android,857,DEVELOPER_IMPORTANT,858,4,947,0,1500,0]
09-23 23:38:00.179 I/sysui_multi_action( 1487): [757,804,799,note_interruptive,801,0,802,1]
09-23 23:38:00.180 I/sysui_multi_action( 1487): [757,1501,758,1,793,408,794,0,795,408,796,26,806,android,857,DEVELOPER_IMPORTANT,858,4,947,0,1500,0,1688,1]
09-23 23:38:00.180 I/ssm_user_unlocked( 1487): 0
09-23 23:38:00.180 I/wm_finish_activity( 1487): [0,115791799,2,com.android.settings/.FallbackHome,app-request]
09-23 23:38:00.180 I/SystemServerTimingAsync( 1487): ssm.UnlockedUser-0
09-23 23:38:00.180 I/sysui_multi_action( 1487): [757,804,799,note_interruptive,801,0,802,1]
09-23 23:38:00.180 I/SystemServiceManager( 1487): Calling onUnlockedUser 0
09-23 23:38:00.180 I/SystemServerTimingAsync( 1487): ssm.onUnlockedUser-0_com.android.server.security.FileIntegrityService
09-23 23:38:00.180 I/SystemServerTimingAsync( 1487): ssm.onUnlockedUser-0_com.android.server.pm.Installer
09-23 23:38:00.180 I/SystemServerTimingAsync( 1487): ssm.onUnlockedUser-0_com.android.server.os.DeviceIdentifiersPolicyService
09-23 23:38:00.180 I/SystemServerTimingAsync( 1487): ssm.onUnlockedUser-0_com.android.server.uri.UriGrantsManagerService$Lifecycle
09-23 23:38:00.180 I/SystemServerTimingAsync( 1487): ssm.onUnlockedUser-0_com.android.server.powerstats.PowerStatsService
09-23 23:38:00.180 I/SystemServerTimingAsync( 1487): ssm.onUnlockedUser-0_com.android.server.wm.ActivityTaskManagerService$Lifecycle
09-23 23:38:00.180 I/sysui_multi_action( 1487): [757,199,758,1,759,2,793,408,794,0,795,408,796,26,806,android,857,DEVELOPER_IMPORTANT,858,4,947,0,1500,0,1688,1]
09-23 23:38:00.180 I/notification_alert( 1487): [-1|android|26|null|1000,0,1,0]
09-23 23:38:00.181 I/wm_pause_activity( 1487): [0,115791799,com.android.settings/.FallbackHome,userLeaving=false,finish]
09-23 23:38:00.183 I/wm_on_top_resumed_lost_called( 2219): [115791799,com.android.settings.FallbackHome,topStateChangedWhenResumed]
09-23 23:38:00.183 I/LaunchParamsPersister( 1487): Didn't find launch param folder for user 0
09-23 23:38:00.183 I/SystemServerTimingAsync( 1487): ssm.onUnlockedUser-0_com.android.server.am.ActivityManagerService$Lifecycle
09-23 23:38:00.183 I/SystemServerTimingAsync( 1487): ssm.onUnlockedUser-0_com.android.server.pm.DataLoaderManagerService
09-23 23:38:00.183 I/SystemServerTimingAsync( 1487): ssm.onUnlockedUser-0_com.android.server.power.PowerManagerService
09-23 23:38:00.183 I/SystemServerTimingAsync( 1487): ssm.onUnlockedUser-0_com.android.server.power.ThermalManagerService
09-23 23:38:00.183 I/SystemServerTimingAsync( 1487): ssm.onUnlockedUser-0_com.android.server.power.hint.HintManagerService
09-23 23:38:00.183 I/SystemServerTimingAsync( 1487): ssm.onUnlockedUser-0_com.android.server.recoverysystem.RecoverySystemService$Lifecycle
09-23 23:38:00.183 I/SystemServerTimingAsync( 1487): ssm.onUnlockedUser-0_com.android.server.lights.LightsService
09-23 23:38:00.183 I/SystemServerTimingAsync( 1487): ssm.onUnlockedUser-0_com.android.server.display.DisplayManagerService
09-23 23:38:00.183 I/SystemServerTimingAsync( 1487): ssm.onUnlockedUser-0_com.android.server.pm.verify.domain.DomainVerificationService
09-23 23:38:00.183 I/SystemServerTimingAsync( 1487): ssm.onUnlockedUser-0_com.android.server.pm.PackageInstallerService$Lifecycle
09-23 23:38:00.184 I/SystemServerTimingAsync( 1487): ssm.onUnlockedUser-0_com.android.server.pm.UserManagerService$LifeCycle
09-23 23:38:00.184 I/SystemServerTimingAsync( 1487): ssm.onUnlockedUser-0_com.android.server.om.OverlayManagerService
09-23 23:38:00.184 I/SystemServerTimingAsync( 1487): ssm.onUnlockedUser-0_com.android.server.SensorPrivacyService
09-23 23:38:00.184 I/SystemServerTimingAsync( 1487): ssm.onUnlockedUser-0_com.android.server.sensors.SensorService
09-23 23:38:00.184 I/SystemServerTimingAsync( 1487): ssm.onUnlockedUser-0_com.android.server.SystemConfigService
09-23 23:38:00.184 I/SystemServerTimingAsync( 1487): ssm.onUnlockedUser-0_com.android.server.BatteryService
09-23 23:38:00.184 I/SystemServerTimingAsync( 1487): ssm.onUnlockedUser-0_com.android.server.usage.UsageStatsService
09-23 23:38:00.184 I/SystemServerTimingAsync( 1487): ssm.onUnlockedUser-0_com.android.server.webkit.WebViewUpdateService
09-23 23:38:00.184 I/SystemServerTimingAsync( 1487): ssm.onUnlockedUser-0_com.android.server.CachedDeviceStateService
09-23 23:38:00.184 I/SystemServerTimingAsync( 1487): ssm.onUnlockedUser-0_com.android.server.BinderCallsStatsService$LifeCycle
09-23 23:38:00.184 I/SystemServerTimingAsync( 1487): ssm.onUnlockedUser-0_com.android.server.LooperStatsService$Lifecycle
09-23 23:38:00.184 I/SystemServerTimingAsync( 1487): ssm.onUnlockedUser-0_com.android.server.rollback.RollbackManagerService
09-23 23:38:00.184 I/SystemServerTimingAsync( 1487): ssm.onUnlockedUser-0_com.android.server.os.NativeTombstoneManagerService
09-23 23:38:00.184 I/SystemServerTimingAsync( 1487): ssm.onUnlockedUser-0_com.android.server.os.BugreportManagerService
09-23 23:38:00.184 I/SystemServerTimingAsync( 1487): ssm.onUnlockedUser-0_com.android.server.gpu.GpuService
09-23 23:38:00.184 I/SystemServerTimingAsync( 1487): ssm.onUnlockedUser-0_com.android.server.security.KeyChainSystemService
09-23 23:38:00.184 I/SystemServerTimingAsync( 1487): ssm.onUnlockedUser-0_com.android.server.telecom.TelecomLoaderService
09-23 23:38:00.184 I/SystemServerTimingAsync( 1487): ssm.onUnlockedUser-0_com.android.server.accounts.AccountManagerService$Lifecycle
09-23 23:38:00.184 I/SystemServerTimingAsync( 1487): ssm.onUnlockedUser-0_com.android.server.content.ContentService$Lifecycle
09-23 23:38:00.184 I/sysui_multi_action( 1487): [757,1144,758,7,806,com.android.settings,871,com.android.settings.FallbackHome]
09-23 23:38:00.184 I/SystemServerTimingAsync( 1487): ssm.onUnlockedUser-0_com.android.server.DropBoxManagerService
09-23 23:38:00.184 I/SystemServerTimingAsync( 1487): ssm.onUnlockedUser-0_com.android.role.RoleService
09-23 23:38:00.184 I/SystemServerTimingAsync( 1487): ssm.onUnlockedUser-0_com.android.server.vibrator.VibratorManagerService$Lifecycle
09-23 23:38:00.184 I/am_proc_start( 1487): [0,2698,10056,ts.car.uart,added application,ts.car.uart]
09-23 23:38:00.184 I/SystemServerTimingAsync( 1487): ssm.onUnlockedUser-0_com.android.server.alarm.AlarmManagerService
09-23 23:38:00.184 I/SystemServerTimingAsync( 1487): ssm.onUnlockedUser-0_com.android.server.devicestate.DeviceStateManagerService
09-23 23:38:00.184 I/ActivityManager( 1487): Start proc 2698:ts.car.uart/u0a56 for added application ts.car.uart
09-23 23:38:00.184 I/SystemServerTimingAsync( 1487): ssm.onUnlockedUser-0_com.android.server.camera.CameraServiceProxy
09-23 23:38:00.184 I/SystemServerTimingAsync( 1487): ssm.onUnlockedUser-0_com.android.server.BluetoothService
09-23 23:38:00.184 I/SystemServerTimingAsync( 1487): ssm.onUnlockedUser-0_com.android.server.connectivity.IpConnectivityMetrics
09-23 23:38:00.184 I/SystemServerTimingAsync( 1487): ssm.onUnlockedUser-0_com.android.server.net.watchlist.NetworkWatchlistService$Lifecycle
09-23 23:38:00.184 I/SystemServerTimingAsync( 1487): ssm.onUnlockedUser-0_com.android.server.PinnerService
09-23 23:38:00.184 I/SystemServerTimingAsync( 1487): ssm.onUnlockedUser-0_com.google.android.startop.iorap.IorapForwardingService
09-23 23:38:00.184 I/SystemServerTimingAsync( 1487): ssm.onUnlockedUser-0_com.android.server.ActivityTriggerService
09-23 23:38:00.184 I/SystemServerTimingAsync( 1487): ssm.onUnlockedUser-0_com.android.server.integrity.AppIntegrityManagerService
09-23 23:38:00.184 I/SystemServerTimingAsync( 1487): ssm.onUnlockedUser-0_com.android.server.inputmethod.InputMethodManagerService$Lifecycle
09-23 23:38:00.184 I/SystemServerTimingAsync( 1487): ssm.onUnlockedUser-0_com.android.server.accessibility.AccessibilityManagerService$Lifecycle
09-23 23:38:00.184 I/SystemServerTimingAsync( 1487): ssm.onUnlockedUser-0_com.android.server.StorageManagerService$Lifecycle
09-23 23:38:00.184 I/SystemServerTimingAsync( 1487): ssm.onUnlockedUser-0_com.android.server.usage.StorageStatsService$Lifecycle
09-23 23:38:00.184 I/SystemServerTimingAsync( 1487): ssm.onUnlockedUser-0_com.android.server.UiModeManagerService
09-23 23:38:00.184 I/SystemServerTimingAsync( 1487): ssm.onUnlockedUser-0_com.android.server.locksettings.LockSettingsService$Lifecycle
09-23 23:38:00.184 I/SystemServerTimingAsync( 1487): ssm.onUnlockedUser-0_com.android.server.PersistentDataBlockService
09-23 23:38:00.184 I/SystemServerTimingAsync( 1487): ssm.onUnlockedUser-0_com.android.server.testharness.TestHarnessModeService
09-23 23:38:00.184 I/SystemServerTimingAsync( 1487): ssm.onUnlockedUser-0_com.android.server.oemlock.OemLockService
09-23 23:38:00.184 I/SystemServerTimingAsync( 1487): ssm.onUnlockedUser-0_com.android.server.DeviceIdleController
09-23 23:38:00.184 I/SystemServerTimingAsync( 1487): ssm.onUnlockedUser-0_com.android.server.devicepolicy.DevicePolicyManagerService$Lifecycle
09-23 23:38:00.184 I/SystemServerTimingAsync( 1487): ssm.onUnlockedUser-0_com.android.server.texttospeech.TextToSpeechManagerService
09-23 23:38:00.184 I/SystemServerTimingAsync( 1487): ssm.onUnlockedUser-0_com.android.server.speech.SpeechRecognitionManagerService
09-23 23:38:00.184 I/SystemServerTimingAsync( 1487): ssm.onUnlockedUser-0_com.android.server.searchui.SearchUiManagerService
09-23 23:38:00.184 I/wm_on_paused_called( 2219): [115791799,com.android.settings.FallbackHome,performPause]
09-23 23:38:00.184 I/SystemServerTimingAsync( 1487): ssm.onUnlockedUser-0_com.android.server.smartspace.SmartspaceManagerService
09-23 23:38:00.184 I/SystemServerTimingAsync( 1487): ssm.onUnlockedUser-0_com.android.server.graphics.fonts.FontManagerService$Lifecycle
09-23 23:38:00.184 I/SystemServerTimingAsync( 1487): ssm.onUnlockedUser-0_com.android.server.textservices.TextServicesManagerService$Lifecycle
09-23 23:38:00.184 I/SystemServerTimingAsync( 1487): ssm.onUnlockedUser-0_com.android.server.textclassifier.TextClassificationManagerService$Lifecycle
09-23 23:38:00.184 I/SystemServerTimingAsync( 1487): ssm.onUnlockedUser-0_com.android.server.NetworkScoreService$Lifecycle
09-23 23:38:00.184 I/SystemServerTimingAsync( 1487): ssm.onUnlockedUser-0_com.android.server.wifi.WifiService
09-23 23:38:00.184 I/SystemServerTimingAsync( 1487): ssm.onUnlockedUser-0_com.android.server.wifi.scanner.WifiScanningService
09-23 23:38:00.184 I/SystemServerTimingAsync( 1487): ssm.onUnlockedUser-0_com.android.server.wifi.rtt.RttService
09-23 23:38:00.184 I/SystemServerTimingAsync( 1487): ssm.onUnlockedUser-0_com.android.server.wifi.aware.WifiAwareService
09-23 23:38:00.184 I/SystemServerTimingAsync( 1487): ssm.onUnlockedUser-0_com.android.server.wifi.p2p.WifiP2pService
09-23 23:38:00.184 I/SystemServerTimingAsync( 1487): ssm.onUnlockedUser-0_com.android.server.ethernet.EthernetService
09-23 23:38:00.184 I/SystemServerTimingAsync( 1487): ssm.onUnlockedUser-0_com.android.server.ConnectivityServiceInitializer
09-23 23:38:00.184 I/SystemServerTimingAsync( 1487): ssm.onUnlockedUser-0_com.android.server.notification.NotificationManagerService
09-23 23:38:00.184 I/SystemServerTimingAsync( 1487): ssm.onUnlockedUser-0_com.android.server.storage.DeviceStorageMonitorService
09-23 23:38:00.184 I/SystemServerTimingAsync( 1487): ssm.onUnlockedUser-0_com.android.server.location.LocationManagerService$Lifecycle
09-23 23:38:00.184 I/SystemServerTimingAsync( 1487): ssm.onUnlockedUser-0_com.android.server.timedetector.TimeDetectorService$Lifecycle
09-23 23:38:00.184 I/SystemServerTimingAsync( 1487): ssm.onUnlockedUser-0_com.android.server.timezonedetector.TimeZoneDetectorService$Lifecycle
09-23 23:38:00.184 I/SystemServerTimingAsync( 1487): ssm.onUnlockedUser-0_com.android.server.timezonedetector.location.LocationTimeZoneManagerService$Lifecycle
09-23 23:38:00.184 I/SystemServerTimingAsync( 1487): ssm.onUnlockedUser-0_com.android.server.search.SearchManagerService$Lifecycle
09-23 23:38:00.185 I/SystemServerTimingAsync( 1487): ssm.onUnlockedUser-0_com.android.server.wallpaper.WallpaperManagerService$Lifecycle
09-23 23:38:00.185 I/SystemServerTimingAsync( 1487): ssm.onUnlockedUser-0_com.android.server.audio.AudioService$Lifecycle
09-23 23:38:00.185 I/SystemServerTimingAsync( 1487): ssm.onUnlockedUser-0_com.android.server.soundtrigger_middleware.SoundTriggerMiddlewareService$Lifecycle
09-23 23:38:00.185 I/SystemServerTimingAsync( 1487): ssm.onUnlockedUser-0_com.android.server.DockObserver
09-23 23:38:00.185 I/SystemServerTimingAsync( 1487): ssm.onUnlockedUser-0_com.android.server.midi.MidiService$Lifecycle
09-23 23:38:00.185 I/SystemServerTimingAsync( 1487): ssm.onUnlockedUser-0_com.android.server.adb.AdbService$Lifecycle
09-23 23:38:00.185 I/SystemServerTimingAsync( 1487): ssm.onUnlockedUser-0_com.android.server.usb.UsbService$Lifecycle
09-23 23:38:00.185 I/SystemServerTimingAsync( 1487): ssm.onUnlockedUser-0_com.android.server.twilight.TwilightService
09-23 23:38:00.185 I/SystemServerTimingAsync( 1487): ssm.onUnlockedUser-0_com.android.server.display.color.ColorDisplayService
09-23 23:38:00.185 I/SystemServerTimingAsync( 1487): ssm.onUnlockedUser-0_com.android.server.job.JobSchedulerService
09-23 23:38:00.185 I/SystemServerTimingAsync( 1487): ssm.onUnlockedUser-0_com.android.server.soundtrigger.SoundTriggerService
09-23 23:38:00.185 I/SystemServerTimingAsync( 1487): ssm.onUnlockedUser-0_com.android.server.trust.TrustManagerService
09-23 23:38:00.185 I/ActivityTaskManager( 1487): START u0 {act=android.intent.action.MAIN cat=[android.intent.category.HOME] flg=0x10000100 cmp=com.android.launcher3/.uioverrides.QuickstepLauncher (has extras)} from uid 0
09-23 23:38:00.185 I/SystemServerTimingAsync( 1487): ssm.onUnlockedUser-0_com.android.server.backup.BackupManagerService$Lifecycle
09-23 23:38:00.185 I/SystemServerTimingAsync( 1487): ssm.onUnlockedUser-0_com.android.server.appwidget.AppWidgetService
09-23 23:38:00.185 I/SystemServerTimingAsync( 1487): ssm.onUnlockedUser-0_com.android.server.voiceinteraction.VoiceInteractionManagerService
09-23 23:38:00.185 I/SystemServerTimingAsync( 1487): ssm.onUnlockedUser-0_com.android.server.apphibernation.AppHibernationService
09-23 23:38:00.185 I/SystemServerTimingAsync( 1487): ssm.onUnlockedUser-0_com.android.server.GestureLauncherService
09-23 23:38:00.185 I/SystemServerTimingAsync( 1487): ssm.onUnlockedUser-0_com.android.server.SensorNotificationService
09-23 23:38:00.185 I/SystemServerTimingAsync( 1487): ssm.onUnlockedUser-0_com.android.server.emergency.EmergencyAffordanceService
09-23 23:38:00.185 I/SystemServerTimingAsync( 1487): ssm.onUnlockedUser-0_com.android.server.blob.BlobStoreManagerService
09-23 23:38:00.185 I/SystemServerTimingAsync( 1487): ssm.onUnlockedUser-0_com.android.server.dreams.DreamManagerService
09-23 23:38:00.185 I/SystemServerTimingAsync( 1487): ssm.onUnlockedUser-0_com.android.server.companion.CompanionDeviceManagerService
09-23 23:38:00.185 I/SystemServerTimingAsync( 1487): ssm.onUnlockedUser-0_com.android.server.restrictions.RestrictionsManagerService
09-23 23:38:00.185 I/SystemServerTimingAsync( 1487): ssm.onUnlockedUser-0_com.android.server.media.MediaSessionService
09-23 23:38:00.185 I/SystemServerTimingAsync( 1487): ssm.onUnlockedUser-0_com.android.server.media.MediaResourceMonitorService
09-23 23:38:00.185 I/SystemServerTimingAsync( 1487): ssm.onUnlockedUser-0_com.android.server.biometrics.sensors.fingerprint.FingerprintService
09-23 23:38:00.185 I/SystemServerTimingAsync( 1487): ssm.onUnlockedUser-0_com.android.server.biometrics.BiometricService
09-23 23:38:00.185 I/SystemServerTimingAsync( 1487): ssm.onUnlockedUser-0_com.android.server.biometrics.AuthService
09-23 23:38:00.185 I/SystemServerTimingAsync( 1487): ssm.onUnlockedUser-0_com.android.server.pm.ShortcutService$Lifecycle
09-23 23:38:00.185 I/SystemServerTimingAsync( 1487): ssm.onUnlockedUser-0_com.android.server.pm.LauncherAppsService
09-23 23:38:00.185 I/SystemServerTimingAsync( 1487): ssm.onUnlockedUser-0_com.android.server.pm.CrossProfileAppsService
09-23 23:38:00.185 I/SystemServerTimingAsync( 1487): ssm.onUnlockedUser-0_com.android.server.people.PeopleService
09-23 23:38:00.185 I/SystemServerTimingAsync( 1487): ssm.onUnlockedUser-0_com.android.server.media.metrics.MediaMetricsManagerService
09-23 23:38:00.185 I/SystemServerTimingAsync( 1487): ssm.onUnlockedUser-0_com.android.server.media.projection.MediaProjectionManagerService
09-23 23:38:00.185 I/SystemServerTimingAsync( 1487): ssm.onUnlockedUser-0_com.android.server.slice.SliceManagerService$Lifecycle
09-23 23:38:00.185 I/SystemServerTimingAsync( 1487): ssm.onUnlockedUser-0_com.android.server.stats.StatsCompanion$Lifecycle
09-23 23:38:00.185 I/SystemServerTimingAsync( 1487): ssm.onUnlockedUser-0_com.android.server.scheduling.RebootReadinessManagerService$Lifecycle
09-23 23:38:00.185 I/SystemServerTimingAsync( 1487): ssm.onUnlockedUser-0_com.android.server.stats.pull.StatsPullAtomService
09-23 23:38:00.185 I/SystemServerTimingAsync( 1487): ssm.onUnlockedUser-0_com.android.server.incident.IncidentCompanionService
09-23 23:38:00.185 I/SystemServerTimingAsync( 1487): ssm.onUnlockedUser-0_com.android.server.MmsServiceBroker
09-23 23:38:00.186 I/SystemServerTimingAsync( 1487): ssm.onUnlockedUser-0_com.android.server.autofill.AutofillManagerService
09-23 23:38:00.186 I/SystemServerTimingAsync( 1487): ssm.onUnlockedUser-0_com.android.server.clipboard.ClipboardService
09-23 23:38:00.186 V/NotificationAssistants( 1487): disabling notification assistant for user 0: ComponentInfo{android.ext.services/android.ext.services.notification.Assistant}
09-23 23:38:00.186 D/NotificationListeners( 1487): Removing active service ComponentInfo{android.ext.services/android.ext.services.notification.Assistant}
09-23 23:38:00.186 D/CompatibilityChangeReporter( 1487): Compat change id reported: 184838306; UID 10077; state: DISABLED
09-23 23:38:00.186 I/SystemServerTimingAsync( 1487): ssm.onUnlockedUser-0_com.android.server.appbinding.AppBindingService$Lifecycle
09-23 23:38:00.186 I/SystemServerTimingAsync( 1487): ssm.onUnlockedUser-0_com.android.server.tracing.TracingServiceProxy
09-23 23:38:00.186 I/SystemServerTimingAsync( 1487): ssm.onUnlockedUser-0_com.android.server.policy.PermissionPolicyService
09-23 23:38:00.186 I/SystemServerTimingAsync( 1487): ssm.onUnlockedUser-0_com.android.server.pm.StagingManager$Lifecycle
09-23 23:38:00.186 I/SystemServerTimingAsync( 1487): ssm.onUnlockedUser-0_com.android.server.app.GameManagerService$Lifecycle
09-23 23:38:00.186 I/SystemServerTimingAsync( 1487): ssm.onUnlockedUser-0_com.android.server.appsearch.AppSearchManagerService
09-23 23:38:00.186 I/SystemServerTimingAsync( 1487): ssm.onUnlockedUser-0_com.android.server.media.MediaCommunicationService
09-23 23:38:00.186 W/ActivityManager( 1487): UserLifecycleEvent 6 received without an active userJourneySession.
09-23 23:38:00.187 D/CompatibilityChangeReporter( 1487): Compat change id reported: 185004937; UID 10077; state: DISABLED
09-23 23:38:00.189 D/CompatibilityChangeReporter( 1487): Compat change id reported: 181136395; UID 10077; state: DISABLED
09-23 23:38:00.192 D/CompatibilityChangeReporter( 1487): Compat change id reported: 174042936; UID 10077; state: DISABLED
09-23 23:38:00.193 D/CompatibilityChangeReporter( 1487): Compat change id reported: 174042980; UID 10077; state: DISABLED
09-23 23:38:00.196 I/wm_task_created( 1487): [183,-1]
09-23 23:38:00.196 I/wm_task_moved( 1487): [183,1,2147483647]
09-23 23:38:00.197 I/wm_task_moved( 1487): [1,1,5]
09-23 23:38:00.197 I/wm_create_task( 1487): [0,183]
09-23 23:38:00.197 I/wm_create_activity( 1487): [0,265187314,183,com.android.launcher3/.uioverrides.QuickstepLauncher,android.intent.action.MAIN,NULL,NULL,268435712]
09-23 23:38:00.197 I/wm_task_moved( 1487): [1,1,5]
09-23 23:38:00.197 I/wm_task_moved( 1487): [183,1,2147483647]
09-23 23:38:00.197 I/wm_task_to_front( 1487): [0,183]
09-23 23:38:00.201 D/CompatibilityChangeReporter( 1487): Compat change id reported: 168419799; UID 10077; state: DISABLED
09-23 23:38:00.206 I/input_focus( 1487): [Focus leaving 4bb5766 com.android.settings/com.android.settings.FallbackHome (server),reason=NO_WINDOW]
09-23 23:38:00.208 I/wm_add_to_stopping( 1487): [0,115791799,com.android.settings/.FallbackHome,completeFinishing]
09-23 23:38:00.208 I/ActivityTaskManager( 1487): FOREGROUND_APPLICATION_CHANGED to com.android.launcher3.uioverrides.QuickstepLauncher
09-23 23:38:00.209 I/ActivityTaskManager( 1487): The Process com.android.launcher3 Already Exists in BG. So sending its PID: 2348
09-23 23:38:00.209 I/wm_restart_activity( 1487): [0,265187314,183,com.android.launcher3/.uioverrides.QuickstepLauncher]
09-23 23:38:00.210 I/wm_set_resumed_activity( 1487): [0,com.android.launcher3/.uioverrides.QuickstepLauncher,minimalResumeActivityLocked]
09-23 23:38:00.212 V/BackupManagerService( 1487): [UserID:0] No ancestral data
09-23 23:38:00.215 V/BackupManagerConstants( 1487): getKeyValueBackupIntervalMilliseconds(...) returns 14400000
09-23 23:38:00.215 V/BackupManagerConstants( 1487): getKeyValueBackupFuzzMilliseconds(...) returns 600000
09-23 23:38:00.215 V/BackupManagerConstants( 1487): getKeyValueBackupRequiredNetworkType(...) returns 1
09-23 23:38:00.215 V/BackupManagerConstants( 1487): getKeyValueBackupRequireCharging(...) returns true
09-23 23:38:00.215 W/ActivityManager( 1487): Slow operation: 58ms so far, now at startProcess: done updating pids map
09-23 23:38:00.215 W/ActivityManager( 1487): Slow operation: 57ms so far, now at startProcess: asking zygote to start proc
09-23 23:38:00.215 D/CompatibilityChangeReporter( 1487): Compat change id reported: 143937733; UID 10054; state: ENABLED
09-23 23:38:00.216 V/KeyValueBackupJob( 1487): Scheduling k/v pass in 243 minutes
09-23 23:38:00.217 V/NotificationAssistants( 1487): enabling notification assistant for 0: ComponentInfo{android.ext.services/android.ext.services.notification.Assistant}
09-23 23:38:00.217 V/NotificationAssistants( 1487): binding: Intent { act=android.service.notification.NotificationAssistantService cmp=android.ext.services/.notification.Assistant (has extras) }
09-23 23:38:00.222 D/CompatibilityChangeReporter( 1487): Compat change id reported: 168419799; UID 10094; state: DISABLED
09-23 23:38:00.223 W/ActivityManager( 1487): Slow operation: 65ms so far, now at startProcess: returned from zygote!
09-23 23:38:00.224 I/am_proc_bound( 1487): [0,2691,com.qualcomm.location]
09-23 23:38:00.232 D/CompatibilityChangeReporter( 1487): Compat change id reported: 168419799; UID 10071; state: DISABLED
09-23 23:38:00.234 I/am_uid_active( 1487): 10071
09-23 23:38:00.250 I/BackupManagerService( 1487): isBackupEnabled() => false due to absent settings file
09-23 23:38:00.250 D/BackupManagerService( 1487): user:0 readBackupEnableState enabled:false
09-23 23:38:00.251 I/BackupManagerService( 1487): [UserID:0] Backup enabled => false
09-23 23:38:00.252 W/ActivityManager( 1487): Slow operation: 94ms so far, now at startProcess: done updating battery stats
09-23 23:38:00.252 I/am_proc_start( 1487): [0,2736,10054,.pasr,added application,.pasr]
09-23 23:38:00.252 W/ActivityManager( 1487): Slow operation: 94ms so far, now at startProcess: building log message
09-23 23:38:00.252 I/ActivityManager( 1487): Start proc 2736:.pasr/u0a54 for added application .pasr
09-23 23:38:00.252 W/ActivityManager( 1487): Slow operation: 94ms so far, now at startProcess: starting to update pids map
09-23 23:38:00.252 W/ActivityManager( 1487): Slow operation: 94ms so far, now at startProcess: done updating pids map
09-23 23:38:00.252 W/ActivityManager( 1487): Slow operation: 93ms so far, now at startProcess: asking zygote to start proc
09-23 23:38:00.252 D/CompatibilityChangeReporter( 1487): Compat change id reported: 143937733; UID 10075; state: DISABLED
09-23 23:38:00.253 I/am_proc_bound( 1487): [0,2698,ts.car.uart]
09-23 23:38:00.255 V/BackupManagerConstants( 1487): getKeyValueBackupIntervalMilliseconds(...) returns 14400000
09-23 23:38:00.255 V/BackupManagerConstants( 1487): getKeyValueBackupFuzzMilliseconds(...) returns 600000
09-23 23:38:00.255 V/BackupManagerConstants( 1487): getKeyValueBackupRequiredNetworkType(...) returns 1
09-23 23:38:00.255 V/BackupManagerConstants( 1487): getKeyValueBackupRequireCharging(...) returns true
09-23 23:38:00.255 V/KeyValueBackupJob( 1487): Scheduling k/v pass in 240 minutes
09-23 23:38:00.261 D/CompatibilityChangeReporter( 1487): Compat change id reported: 168419799; UID 10056; state: DISABLED
09-23 23:38:00.264 I/am_uid_active( 1487): 10056
09-23 23:38:00.269 W/ActivityManager( 1487): Slow operation: 110ms so far, now at startProcess: returned from zygote!
09-23 23:38:00.272 I/AppWidgetServiceImpl( 1487): Processing of handleUserUnlocked u0 took 102 ms
09-23 23:38:00.272 W/Looper ( 1487): Slow dispatch took 102ms android.fg h=android.os.Handler c=com.android.server.am.UserController$Injector$$ExternalSyntheticLambda0@50b375f m=0
09-23 23:38:00.272 I/uc_send_user_broadcast( 1487): [0,android.intent.action.BOOT_COMPLETED]
09-23 23:38:00.291 W/ActivityManager( 1487): Slow operation: 132ms so far, now at startProcess: done updating battery stats
09-23 23:38:00.291 I/am_proc_start( 1487): [0,2770,10075,com.qualcomm.qti.services.systemhelper:systemhelper_service,added application,com.qualcomm.qti.services.systemhelper:systemhelper_service]
09-23 23:38:00.291 W/ActivityManager( 1487): Slow operation: 132ms so far, now at startProcess: building log message
09-23 23:38:00.291 I/ActivityManager( 1487): Start proc 2770:com.qualcomm.qti.services.systemhelper:systemhelper_service/u0a75 for added application com.qualcomm.qti.services.systemhelper:systemhelper_service
09-23 23:38:00.291 W/ActivityManager( 1487): Slow operation: 132ms so far, now at startProcess: starting to update pids map
09-23 23:38:00.293 W/ActivityManager( 1487): Slow operation: 134ms so far, now at startProcess: done updating pids map
09-23 23:38:00.293 W/ActivityManager( 1487): Slow operation: 134ms so far, now at startProcess: asking zygote to start proc
09-23 23:38:00.294 D/CompatibilityChangeReporter( 1487): Compat change id reported: 143937733; UID 10083; state: ENABLED
09-23 23:38:00.294 I/am_proc_bound( 1487): [0,2736,.pasr]
09-23 23:38:00.295 D/CompatibilityChangeReporter( 1487): Compat change id reported: 168419799; UID 10054; state: DISABLED
09-23 23:38:00.297 I/am_uid_active( 1487): 10054
09-23 23:38:00.298 I/sysui_multi_action( 1487): [757,803,799,window_time_0,802,4]
09-23 23:38:00.300 I/am_uid_running( 1487): 10025
09-23 23:38:00.301 D/CompatibilityChangeReporter( 1487): Compat change id reported: 135634846; UID 10025; state: DISABLED
09-23 23:38:00.301 D/CompatibilityChangeReporter( 1487): Compat change id reported: 177438394; UID 10025; state: DISABLED
09-23 23:38:00.301 D/CompatibilityChangeReporter( 1487): Compat change id reported: 135772972; UID 10025; state: DISABLED
09-23 23:38:00.301 D/CompatibilityChangeReporter( 1487): Compat change id reported: 135754954; UID 10025; state: ENABLED
09-23 23:38:00.301 I/am_proc_bound( 1487): [0,2770,com.qualcomm.qti.services.systemhelper:systemhelper_service]
09-23 23:38:00.301 W/ActivityManager( 1487): Slow operation: 142ms so far, now at startProcess: returned from zygote!
09-23 23:38:00.306 D/CompatibilityChangeReporter( 1487): Compat change id reported: 168419799; UID 10075; state: DISABLED
09-23 23:38:00.308 I/am_uid_active( 1487): 10075
09-23 23:38:00.309 W/ActivityManager( 1487): Slow operation: 150ms so far, now at startProcess: done updating battery stats
09-23 23:38:00.309 I/am_proc_start( 1487): [0,2835,10083,com.qualcomm.qti.qccnetstat,added application,com.qualcomm.qti.qccnetstat]
09-23 23:38:00.309 W/ActivityManager( 1487): Slow operation: 150ms so far, now at startProcess: building log message
09-23 23:38:00.309 I/ActivityManager( 1487): Start proc 2835:com.qualcomm.qti.qccnetstat/u0a83 for added application com.qualcomm.qti.qccnetstat
09-23 23:38:00.309 W/ActivityManager( 1487): Slow operation: 150ms so far, now at startProcess: starting to update pids map
09-23 23:38:00.309 W/ActivityManager( 1487): Slow operation: 150ms so far, now at startProcess: done updating pids map
09-23 23:38:00.309 W/ActivityManager( 1487): Slow operation: 150ms so far, now at startProcess: asking zygote to start proc
09-23 23:38:00.309 D/CompatibilityChangeReporter( 1487): Compat change id reported: 143937733; UID 10085; state: ENABLED
09-23 23:38:00.330 W/ActivityManager( 1487): Slow operation: 171ms so far, now at startProcess: returned from zygote!
09-23 23:38:00.331 W/ActivityManager( 1487): Slow operation: 172ms so far, now at startProcess: done updating battery stats
09-23 23:38:00.331 I/am_proc_start( 1487): [0,2863,10085,com.qualcomm.qti.workloadclassifier,added application,com.qualcomm.qti.workloadclassifier]
09-23 23:38:00.331 W/ActivityManager( 1487): Slow operation: 172ms so far, now at startProcess: building log message
09-23 23:38:00.331 I/ActivityManager( 1487): Start proc 2863:com.qualcomm.qti.workloadclassifier/u0a85 for added application com.qualcomm.qti.workloadclassifier
09-23 23:38:00.331 W/ActivityManager( 1487): Slow operation: 172ms so far, now at startProcess: starting to update pids map
09-23 23:38:00.331 W/ActivityManager( 1487): Slow operation: 172ms so far, now at startProcess: done updating pids map
09-23 23:38:00.331 D/CompatibilityChangeReporter( 1487): Compat change id reported: 143937733; UID 10025; state: ENABLED
09-23 23:38:00.332 I/StorageUserConnection( 1487): Service: [ComponentInfo{com.android.providers.media.module/com.android.providers.media.fuse.ExternalStorageServiceImpl}] connected. User [0]
09-23 23:38:00.335 I/am_proc_bound( 1487): [0,2835,com.qualcomm.qti.qccnetstat]
09-23 23:38:00.339 D/CompatibilityChangeReporter( 1487): Compat change id reported: 168419799; UID 10083; state: DISABLED
09-23 23:38:00.341 I/am_uid_active( 1487): 10083
