09-23 23:38:16.949 W/System.err( 3476): at okhttp3.internal.connection.StreamAllocation.newStream(kSourceFile:51642390)
09-23 23:38:16.949 W/System.err( 3476): at okhttp3.internal.connection.ConnectInterceptor.intercept(kSourceFile:16842777)
09-23 23:38:16.949 W/System.err( 3476): at okhttp3.internal.http.RealInterceptorChain.proceed(kSourceFile:69009566)
09-23 23:38:16.949 W/System.err( 3476): at okhttp3.internal.http.RealInterceptorChain.proceed(kSourceFile:16842758)
09-23 23:38:16.949 W/System.err( 3476): at okhttp3.internal.cache.CacheInterceptor.intercept(kSourceFile:17629316)
09-23 23:38:16.949 W/System.err( 3476): at okhttp3.internal.http.RealInterceptorChain.proceed(kSourceFile:69009566)
09-23 23:38:16.949 W/System.err( 3476): at okhttp3.internal.http.RealInterceptorChain.proceed(kSourceFile:16842758)
09-23 23:38:16.949 W/System.err( 3476): at okhttp3.internal.http.BridgeInterceptor.intercept(kSourceFile:17629345)
09-23 23:38:16.949 W/System.err( 3476): at okhttp3.internal.http.RealInterceptorChain.proceed(kSourceFile:69009566)
09-23 23:38:16.949 W/System.err( 3476): at okhttp3.internal.http.RetryAndFollowUpInterceptor.intercept(kSourceFile:17629232)
09-23 23:38:16.949 W/System.err( 3476): at okhttp3.internal.http.RealInterceptorChain.proceed(kSourceFile:69009566)
09-23 23:38:16.949 W/System.err( 3476): at okhttp3.internal.http.RealInterceptorChain.proceed(kSourceFile:16842758)
09-23 23:38:16.949 W/System.err( 3476): at okhttp3.RealCall.getResponseWithInterceptorChain(kSourceFile:786547)
09-23 23:38:16.949 W/System.err( 3476): at okhttp3.RealCall.execute(kSourceFile:720927)
09-23 23:38:16.949 W/System.err( 3476): at k.c$a.run(Unknown Source:296)
09-23 23:38:16.949 W/System.err( 3476): at java.util.concurrent.ThreadPoolExecutor.runWorker(ThreadPoolExecutor.java:1167)
09-23 23:38:16.949 W/System.err( 3476): at java.util.concurrent.ThreadPoolExecutor$Worker.run(ThreadPoolExecutor.java:641)
09-23 23:38:16.949 W/System.err( 3476): at java.lang.Thread.run(Thread.java:920)
09-23 23:38:16.950 W/System.err( 3476): java.lang.NullPointerException: Attempt to invoke virtual method 'int okhttp3.Response.code()' on a null object reference
09-23 23:38:16.950 W/System.err( 3476): at k.c$a.run(Unknown Source:440)
09-23 23:38:16.950 W/System.err( 3476): at java.util.concurrent.ThreadPoolExecutor.runWorker(ThreadPoolExecutor.java:1167)
09-23 23:38:16.950 W/System.err( 3476): at java.util.concurrent.ThreadPoolExecutor$Worker.run(ThreadPoolExecutor.java:641)
09-23 23:38:16.950 W/System.err( 3476): at java.lang.Thread.run(Thread.java:920)
09-23 23:38:17.263 I/auditd ( 4290): type=1400 audit(0.0:309): avc: denied { read } for comm="pool-2-thread-6" name="tcp" dev="proc" ino=4026532283 scontext=u:r:untrusted_app_29:s0:c106,c256,c512,c768 tcontext=u:object_r:proc_net_tcp_udp:s0 tclass=file permissive=0 app=com.smile.gifmaker
09-23 23:38:17.263 W/pool-2-thread-6( 4290): type=1400 audit(0.0:309): avc: denied { read } for name="tcp" dev="proc" ino=4026532283 scontext=u:r:untrusted_app_29:s0:c106,c256,c512,c768 tcontext=u:object_r:proc_net_tcp_udp:s0 tclass=file permissive=0 app=com.smile.gifmaker
09-23 23:38:17.291 I/auditd ( 4290): type=1400 audit(0.0:310): avc: denied { search } for comm="pool-2-thread-6" name="asound" dev="proc" ino=4026532151 scontext=u:r:untrusted_app_29:s0:c106,c256,c512,c768 tcontext=u:object_r:proc_asound:s0 tclass=dir permissive=0 app=com.smile.gifmaker
09-23 23:38:17.291 W/pool-2-thread-6( 4290): type=1400 audit(0.0:310): avc: denied { search } for name="asound" dev="proc" ino=4026532151 scontext=u:r:untrusted_app_29:s0:c106,c256,c512,c768 tcontext=u:object_r:proc_asound:s0 tclass=dir permissive=0 app=com.smile.gifmaker
09-23 23:38:17.291 I/auditd ( 4290): type=1400 audit(0.0:311): avc: denied { search } for comm="pool-2-thread-6" name="asound" dev="proc" ino=4026532151 scontext=u:r:untrusted_app_29:s0:c106,c256,c512,c768 tcontext=u:object_r:proc_asound:s0 tclass=dir permissive=0 app=com.smile.gifmaker
09-23 23:38:17.291 W/pool-2-thread-6( 4290): type=1400 audit(0.0:311): avc: denied { search } for name="asound" dev="proc" ino=4026532151 scontext=u:r:untrusted_app_29:s0:c106,c256,c512,c768 tcontext=u:object_r:proc_asound:s0 tclass=dir permissive=0 app=com.smile.gifmaker
09-23 23:38:17.295 I/auditd ( 4290): type=1400 audit(0.0:312): avc: denied { read } for comm="pool-2-thread-6" name="route" dev="proc" ino=4026532275 scontext=u:r:untrusted_app_29:s0:c106,c256,c512,c768 tcontext=u:object_r:proc_net:s0 tclass=file permissive=0 app=com.smile.gifmaker
09-23 23:38:17.295 W/pool-2-thread-6( 4290): type=1400 audit(0.0:312): avc: denied { read } for name="route" dev="proc" ino=4026532275 scontext=u:r:untrusted_app_29:s0:c106,c256,c512,c768 tcontext=u:object_r:proc_net:s0 tclass=file permissive=0 app=com.smile.gifmaker
09-23 23:38:17.295 I/auditd ( 4290): type=1400 audit(0.0:313): avc: denied { read } for comm="pool-2-thread-6" name="u:object_r:serialno_prop:s0" dev="tmpfs" ino=2301 scontext=u:r:untrusted_app_29:s0:c106,c256,c512,c768 tcontext=u:object_r:serialno_prop:s0 tclass=file permissive=0 app=com.smile.gifmaker
09-23 23:38:17.295 W/pool-2-thread-6( 4290): type=1400 audit(0.0:313): avc: denied { read } for name="u:object_r:serialno_prop:s0" dev="tmpfs" ino=2301 scontext=u:r:untrusted_app_29:s0:c106,c256,c512,c768 tcontext=u:object_r:serialno_prop:s0 tclass=file permissive=0 app=com.smile.gifmaker
09-23 23:38:17.300 W/libc ( 4290): Access denied finding property "ro.vendor.product.manufacturer"
09-23 23:38:17.300 W/libc ( 4290): Access denied finding property "ro.vendor.product.model"
09-23 23:38:17.300 W/libc ( 4290): Access denied finding property "ro.serialno"
09-23 23:38:17.619 I/.smile.gifmake( 3476): Using smaps_rollup for pss collection
09-23 23:38:17.903 I/mpu_uart( 654): [MSG-P:RECV]:No message received in 1000 ms
09-23 23:38:17.914 I/mpu_uart( 654): [MSG-P:R]:recv sync frame timeout
09-23 23:38:18.140 W/System ( 4290): A resource failed to call close.
09-23 23:38:18.455 I/unknown ( 3476): khook pthread_attr_init_callback set thread stack from 1008 to 256 KB
09-23 23:38:18.455 I/unknown ( 3476): khook setstacksize __addr 0xaea4e178, from 1040 KB to 256 KB
09-23 23:38:18.804 I/unknown ( 3476): khook pthread_attr_init_callback set thread stack from 1008 to 256 KB
09-23 23:38:18.804 I/unknown ( 3476): khook setstacksize __addr 0xff992cf8, from 1040 KB to 256 KB
09-23 23:38:18.848 I/unknown ( 3476): khook pthread_attr_init_callback set thread stack from 1008 to 256 KB
09-23 23:38:18.848 I/unknown ( 3476): khook setstacksize __addr 0xff9938d8, from 1040 KB to 256 KB
09-23 23:38:18.848 I/unknown ( 3476): khook pthread_attr_init_callback set thread stack from 1008 to 256 KB
09-23 23:38:18.849 I/unknown ( 3476): khook setstacksize __addr 0xff993a98, from 1040 KB to 256 KB
09-23 23:38:18.857 I/unknown ( 3476): khook pthread_attr_init_callback set thread stack from 1008 to 256 KB
09-23 23:38:18.857 I/unknown ( 3476): khook setstacksize __addr 0xa8e2ca78, from 1040 KB to 256 KB
09-23 23:38:18.858 I/MMKV ( 3476): open fd[0x119], /data/user/0/com.smile.gifmaker/files/mmkv/mini_program_log_SequenceId
09-23 23:38:18.859 I/MMKV ( 3476): open fd[0x11a], /data/user/0/com.smile.gifmaker/files/mmkv/mini_program_log_SequenceId.crc
09-23 23:38:18.859 I/MMKV ( 3476): loading [mini_program_log_SequenceId] with 64 actual size, file size 4096, InterProcess 1, meta info version:3
09-23 23:38:18.859 I/MMKV ( 3476): loading [mini_program_log_SequenceId] with crc 850987208 sequence 1 version 3
09-23 23:38:18.860 I/MMKV ( 3476): loaded [mini_program_log_SequenceId] with 6 key-values
09-23 23:38:18.865 I/unknown ( 3476): khook pthread_attr_init_callback set thread stack from 1008 to 256 KB
09-23 23:38:18.865 I/unknown ( 3476): khook setstacksize __addr 0xa74302d8, from 1040 KB to 256 KB
09-23 23:38:18.867 I/unknown ( 3476): khook pthread_attr_init_callback set thread stack from 1008 to 256 KB
09-23 23:38:18.867 I/unknown ( 3476): khook setstacksize __addr 0xa73eb9b8, from 1040 KB to 256 KB
09-23 23:38:18.867 I/unknown ( 3476): khook pthread_attr_init_callback set thread stack from 1008 to 256 KB
09-23 23:38:18.867 I/unknown ( 3476): khook setstacksize __addr 0xa73eb9b8, from 1040 KB to 256 KB
09-23 23:38:18.868 I/unknown ( 3476): khook pthread_attr_init_callback set thread stack from 1008 to 256 KB
09-23 23:38:18.868 I/unknown ( 3476): khook setstacksize __addr 0xa73eb9b8, from 1040 KB to 256 KB
09-23 23:38:18.868 I/unknown ( 3476): khook pthread_attr_init_callback set thread stack from 1008 to 256 KB
09-23 23:38:18.868 I/unknown ( 3476): khook setstacksize __addr 0xa73ebad8, from 1040 KB to 256 KB
09-23 23:38:18.868 I/unknown ( 3476): khook pthread_attr_init_callback set thread stack from 1008 to 256 KB
09-23 23:38:18.868 I/unknown ( 3476): khook setstacksize __addr 0xa73ebb58, from 1040 KB to 256 KB
09-23 23:38:18.904 I/mpu_uart( 654): [MSG-P:RECV]:No message received in 1000 ms
09-23 23:38:18.937 D/InterruptionStateProvider( 1843): No bubble up: not allowed to bubble: 0|com.android.systemui|2048|null|10081
09-23 23:38:18.938 D/InterruptionStateProvider( 1843): No bubble up: not allowed to bubble: -1|android|26|null|1000
09-23 23:38:18.938 D/InterruptionStateProvider( 1843): No alerting: filtered notification: 0|com.android.systemui|1|empty_media|10081
09-23 23:38:18.938 D/InterruptionStateProvider( 1843): No bubble up: not allowed to bubble: -1|android|32|null|1000
09-23 23:38:19.011 I/commit_sys_config_file( 1487): [package-user-0,8]
09-23 23:38:19.018 D/CompanionDeviceManagerService( 1487): onPackageModified(packageName = com.smile.gifmaker)
09-23 23:38:19.019 D/Avrcp_ext( 1836): AvrcpServiceBroadcastReceiver-> Action: android.intent.action.PACKAGE_CHANGED
09-23 23:38:19.019 D/Avrcp_ext( 1836): AvrcpServiceBroadcastReceiver-> packageName: com.smile.gifmaker
09-23 23:38:19.019 D/Avrcp_ext( 1836): packageName: com.smile.gifmaker removed: false
09-23 23:38:19.027 I/InputReader( 1487): Reconfiguring input devices, changes=KEYBOARD_LAYOUTS |
09-23 23:38:19.027 I/RoleService( 1487): Granting default roles...
09-23 23:38:19.031 D/Avrcp_ext( 1836): isBrowsableListUpdated: package includes MediaBrowserService, true
09-23 23:38:19.031 D/Avrcp_ext( 1836): buildBrowsablePlayerList
09-23 23:38:19.033 V/Avrcp_ext( 1836): getMediaPlayerInfo: Found com.android.bluetooth
09-23 23:38:19.033 V/Avrcp_ext( 1836): isBrowseSupported for com.android.bluetooth: false
09-23 23:38:19.034 D/Avrcp_ext( 1836): Adding media player info for com.android.bluetooth with id 1
09-23 23:38:19.034 D/Avrcp_ext( 1836): update #1:MediaPlayerInfo com.android.bluetooth (as 'è“牙') Type = 1, SubType = 0, Status = 0 Feature Bits [40 41 42 44 45 47 48 58] Controller: null
09-23 23:38:19.034 D/Avrcp_ext( 1836): Added MediaPlayerController/MediaPlayerPackage
09-23 23:38:19.034 V/Avrcp_ext( 1836): getMediaPlayerInfo: Found com.microsoft.emmx
09-23 23:38:19.034 V/Avrcp_ext( 1836): isBrowseSupported for com.microsoft.emmx: false
09-23 23:38:19.034 I/Telecom ( 1487): DefaultDialerCache: Refreshing default dialer for user 0: now null: DDC.oR@ABg
09-23 23:38:19.035 D/Avrcp_ext( 1836): Adding media player info for com.microsoft.emmx with id 2
09-23 23:38:19.035 D/Avrcp_ext( 1836): update #2:MediaPlayerInfo com.microsoft.emmx (as 'Edge') Type = 1, SubType = 0, Status = 0 Feature Bits [40 41 42 44 45 47 48 58] Controller: null
09-23 23:38:19.035 D/Avrcp_ext( 1836): Added MediaPlayerController/MediaPlayerPackage
09-23 23:38:19.035 V/Avrcp_ext( 1836): getMediaPlayerInfo: Found com.netease.cloudmusic
09-23 23:38:19.035 V/Avrcp_ext( 1836): isBrowseSupported for com.netease.cloudmusic: false
09-23 23:38:19.038 D/Avrcp_ext( 1836): Adding media player info for com.netease.cloudmusic with id 3
09-23 23:38:19.038 D/Avrcp_ext( 1836): update #3:MediaPlayerInfo com.netease.cloudmusic (as '网易云音ä¹') Type = 1, SubType = 0, Status = 0 Feature Bits [40 41 42 44 45 47 48 58] Controller: null
09-23 23:38:19.038 D/Avrcp_ext( 1836): Added MediaPlayerController/MediaPlayerPackage
09-23 23:38:19.038 V/Avrcp_ext( 1836): getMediaPlayerInfo: Found com.smile.gifmaker
09-23 23:38:19.038 V/Avrcp_ext( 1836): isBrowseSupported for com.smile.gifmaker: false
09-23 23:38:19.038 D/Avrcp_ext( 1836): Adding media player info for com.smile.gifmaker with id 4
09-23 23:38:19.038 D/Avrcp_ext( 1836): update #4:MediaPlayerInfo com.smile.gifmaker (as '快手') Type = 1, SubType = 0, Status = 0 Feature Bits [40 41 42 44 45 47 48 58] Controller: null
09-23 23:38:19.038 D/Avrcp_ext( 1836): Added MediaPlayerController/MediaPlayerPackage
09-23 23:38:19.038 V/Avrcp_ext( 1836): getMediaPlayerInfo: Found com.ss.android.ugc.aweme
09-23 23:38:19.038 V/Avrcp_ext( 1836): isBrowseSupported for com.ss.android.ugc.aweme: false
09-23 23:38:19.039 D/Avrcp_ext( 1836): Adding media player info for com.ss.android.ugc.aweme with id 5
09-23 23:38:19.039 D/Avrcp_ext( 1836): update #5:MediaPlayerInfo com.ss.android.ugc.aweme (as '抖音') Type = 1, SubType = 0, Status = 0 Feature Bits [40 41 42 44 45 47 48 58] Controller: null
09-23 23:38:19.039 D/Avrcp_ext( 1836): Added MediaPlayerController/MediaPlayerPackage
09-23 23:38:19.040 V/Avrcp_ext( 1836): updateCurrentMediaState: mMediaController: MediaController (com.android.systemui@86ec610) null
09-23 23:38:19.040 W/Avrcp_ext( 1836): isMusicActive: false getBluetoothPlayState: 2 A2dp State: 11 mAudioPlaybackIsActive: false
09-23 23:38:19.040 D/Avrcp_ext( 1836): isMusicActive = false mAudioPlaybackIsActive = false player state = null
09-23 23:38:19.040 I/Avrcp_ext( 1836): Skipping update due to invalid playback state
09-23 23:38:19.040 V/Avrcp_ext( 1836): updatePlaybackState, state: null device: null
09-23 23:38:19.040 V/Avrcp_ext( 1836): Device: no name:
09-23 23:38:19.040 V/Avrcp_ext( 1836): Device: no name:
09-23 23:38:19.040 V/Avrcp_ext( 1836): Device: no name:
09-23 23:38:19.040 V/Avrcp_ext( 1836): Device: no name:
09-23 23:38:19.040 V/Avrcp_ext( 1836): Device: no name:
09-23 23:38:19.041 V/Avrcp_ext( 1836): updatePlayerStateAndPosition, old=PlaybackState {state=2, position=-1, buffered position=0, speed=0.0, updated=17278, actions=0, custom actions=[], active item id=-1, error=null}, state=null
09-23 23:38:19.041 I/Avrcp_ext( 1836): updatePlayerStateAndPosition: device: state = null
09-23 23:38:19.041 D/Avrcp_ext( 1836): Exit handlePackageModified
09-23 23:38:19.042 D/CompatibilityChangeReporter( 1487): Compat change id reported: 168419799; UID 10092; state: DISABLED
09-23 23:38:19.042 D/CompatibilityInfo( 1487): mCompatibilityFlags - 4
09-23 23:38:19.042 D/CompatibilityInfo( 1487): applicationDensity - 240
09-23 23:38:19.042 D/CompatibilityInfo( 1487): applicationScale - 1.0
09-23 23:38:19.045 D/CompatibilityInfo( 1487): mCompatibilityFlags - 4
09-23 23:38:19.045 D/CompatibilityInfo( 1487): applicationDensity - 240
09-23 23:38:19.045 D/CompatibilityInfo( 1487): applicationScale - 1.0
09-23 23:38:19.049 I/PermissionControllerServiceImpl( 3337): Updating user sensitive for uid 10106
09-23 23:38:19.053 D/NetworkMonitor/100( 1956): isDataStall: result=1, tcp packets received=0, latest tcp fail rate=-1, consecutive dns timeout count=17
09-23 23:38:19.053 D/NetworkMonitor/100( 1956): Suspecting data stall, reevaluate
09-23 23:38:19.054 D/ConnectivityService( 1487): Data stall detected with methods: 1
09-23 23:38:19.054 D/NetworkMonitor/100( 1956): Validation disabled.
09-23 23:38:19.060 D/ConnectivityService( 1487): [100 WIFI] validation passed
09-23 23:38:19.064 W/Role ( 3337): Cannot get ApplicationInfo for default holder: com.android.contacts
09-23 23:38:19.104 W/Role ( 3337): Cannot get ApplicationInfo for default holder: com.android.messaging
09-23 23:38:19.128 D/InterruptionStateProvider( 1843): No bubble up: not allowed to bubble: -1|android|26|null|1000
09-23 23:38:19.129 D/InterruptionStateProvider( 1843): No alerting: filtered notification: 0|com.android.systemui|1|empty_media|10081
09-23 23:38:19.129 D/InterruptionStateProvider( 1843): No bubble up: not allowed to bubble: 0|com.android.systemui|2048|null|10081
09-23 23:38:19.129 D/InterruptionStateProvider( 1843): No bubble up: not allowed to bubble: -1|android|32|null|1000
09-23 23:38:19.267 W/VoiceInteractionManager( 1487): no available voice recognition services found for user 0
09-23 23:38:19.281 I/am_pss ( 1487): [2348,10077,com.android.launcher3,85182464,73039872,0,209342464,0,2,9]
09-23 23:38:19.380 I/hwservicemanager( 514): getTransport: Cannot find entry android.hardware.light@2.0::ILight/default in either framework or device VINTF manifest.
09-23 23:38:19.382 E/light ( 4408): light_open lights keyboard failed: -22
09-23 23:38:19.383 E/light ( 4408): Light passthrough failed to load legacy HAL.
09-23 23:38:19.383 E/light ( 4408): light_open lights buttons failed: -22
09-23 23:38:19.383 E/light ( 4408): Light passthrough failed to load legacy HAL.
09-23 23:38:19.384 E/light ( 4408): light_open lights bluetooth failed: -22
09-23 23:38:19.384 E/light ( 4408): Light passthrough failed to load legacy HAL.
09-23 23:38:19.384 E/light ( 4408): light_open lights wifi failed: -22
09-23 23:38:19.384 E/light ( 4408): Light passthrough failed to load legacy HAL.
09-23 23:38:19.385 I/hwservicemanager( 514): getTransport: Cannot find entry android.hardware.light@2.0::ILight/default in either framework or device VINTF manifest.
09-23 23:38:19.385 E/HidlServiceManagement( 4408): Service android.hardware.light@2.0::ILight/default must be in VINTF manifest in order to register/get.
09-23 23:38:19.385 E/LegacySupport( 4408): Could not register service android.hardware.light@2.0::ILight/default (-2147483648).
09-23 23:38:19.599 I/MMKV ( 3782): [pref_id_router] oldSeq 3, newSeq 4
09-23 23:38:19.599 I/MMKV ( 3782): clearMemoryCache [pref_id_router]
09-23 23:38:19.600 I/MMKV ( 3782): closing fd[0x73], /data/user/0/com.smile.gifmaker/files/mmkv/pref_id_router
09-23 23:38:19.600 I/MMKV ( 3782): open fd[0x73], /data/user/0/com.smile.gifmaker/files/mmkv/pref_id_router
09-23 23:38:19.600 I/MMKV ( 3782): loading [pref_id_router] with 12730 actual size, file size 32768, InterProcess 1, meta info version:3
09-23 23:38:19.600 I/MMKV ( 3782): loading [pref_id_router] with crc 1683264032 sequence 4 version 3
09-23 23:38:19.602 I/MMKV ( 3782): loaded [pref_id_router] with 143 key-values
09-23 23:38:19.603 I/MMKV ( 3782): [gifshow] oldSeq 6, newSeq 7
09-23 23:38:19.603 I/MMKV ( 3782): clearMemoryCache [gifshow]
09-23 23:38:19.603 I/MMKV ( 3782): closing fd[0x40], /data/user/0/com.smile.gifmaker/files/mmkv/gifshow
09-23 23:38:19.603 I/MMKV ( 3782): open fd[0x40], /data/user/0/com.smile.gifmaker/files/mmkv/gifshow
09-23 23:38:19.603 I/MMKV ( 3782): loading [gifshow] with 10640 actual size, file size 16384, InterProcess 1, meta info version:3
09-23 23:38:19.603 I/MMKV ( 3782): loading [gifshow] with crc 2813917491 sequence 7 version 3
09-23 23:38:19.604 I/MMKV ( 3782): loaded [gifshow] with 105 key-values
09-23 23:38:19.904 I/mpu_uart( 654): [MSG-P:RECV]:No message received in 1000 ms
09-23 23:38:20.423 D/ConnectivityService( 1487): Data stall detected with methods: 1
09-23 23:38:20.424 D/NetworkMonitor/100( 1956): isDataStall: result=1, tcp packets received=0, latest tcp fail rate=-1, consecutive dns timeout count=18
09-23 23:38:20.424 D/NetworkMonitor/100( 1956): Suspecting data stall, reevaluate
09-23 23:38:20.429 D/NetworkMonitor/100( 1956): Validation disabled.
09-23 23:38:20.434 D/ConnectivityService( 1487): [100 WIFI] validation passed
09-23 23:38:20.437 F/linker ( 4412): CANNOT LINK EXECUTABLE "/vendor/bin/hw/qvrservice": library "vendor.qti.hardware.qxr-V1-ndk_platform.so" not found: needed by /vendor/lib64/libqvrservice.so in namespace (default)
09-23 23:38:20.437 F/linker ( 4413): CANNOT LINK EXECUTABLE "/vendor/bin/hw/sxrservice": library "vendor.qti.hardware.qxr-V1-ndk_platform.so" not found: needed by main executable
09-23 23:38:20.783 I/am_pss ( 1487): [2545,10067,com.android.deskclock,9917440,7020544,0,103112704,0,19,8]
09-23 23:38:20.789 I/am_pss ( 1487): [2971,10088,com.qualcomm.qtil.aptxui,7633920,5873664,0,92581888,0,19,6]
09-23 23:38:20.795 I/am_pss ( 1487): [2940,10074,com.qualcomm.location.XT,6500352,4538368,0,94777344,0,6,4]
09-23 23:38:20.801 I/am_pss ( 1487): [2219,1000,com.android.settings,27321344,16470016,0,136327168,0,19,5]
09-23 23:38:20.806 I/am_pss ( 1487): [2248,10094,android.ext.services,9097216,4968448,0,104468480,0,5,4]
09-23 23:38:20.812 I/am_pss ( 1487): [2634,10023,com.sohu.inputmethod.sogou.car,18033664,8478720,0,93782016,0,7,5]
09-23 23:38:20.828 W/BestClock( 1487): java.time.DateTimeException: Missing NTP fix
09-23 23:38:20.836 W/BestClock( 1487): java.time.DateTimeException: Missing NTP fix
09-23 23:38:20.836 I/netstats_mobile_sample( 1487): [0,0,0,0,0,0,0,0,0,0,0,0,1663947500836]
09-23 23:38:20.837 I/netstats_wifi_sample( 1487): [5460,20,19672,176,5460,20,19672,176,23328,81,14348,157,1663947500836]
09-23 23:38:20.841 W/BestClock( 1487): java.time.DateTimeException: Missing NTP fix
09-23 23:38:20.842 W/BestClock( 1487): java.time.DateTimeException: Missing NTP fix
09-23 23:38:20.854 I/service_manager_stats( 3476): [227,61,6260]
09-23 23:38:20.879 I/unknown ( 3476): khook pthread_attr_init_callback set thread stack from 1008 to 256 KB
09-23 23:38:20.879 I/unknown ( 3476): khook setstacksize __addr 0xb2741bc8, from 1040 KB to 256 KB
09-23 23:38:20.880 I/unknown ( 3476): khook pthread_attr_init_callback set thread stack from 1008 to 256 KB
09-23 23:38:20.880 I/unknown ( 3476): khook setstacksize __addr 0xb2741bc8, from 1040 KB to 256 KB
09-23 23:38:20.891 I/am_pss ( 1487): [3133,10032,com.android.traceur,10375168,8445952,0,98082816,0,19,10]
09-23 23:38:20.904 I/mpu_uart( 654): [MSG-P:RECV]:No message received in 1000 ms
09-23 23:38:20.917 I/mpu_uart( 654): [MSG-P:R]:recv sync frame timeout
09-23 23:38:21.033 I/am_pss ( 1487): [3200,1000,com.qti.diagservices,6056960,3805184,0,94994432,0,10,10]
09-23 23:38:21.098 I/am_pss ( 1487): [3230,10061,com.android.calendar,6643712,4804608,0,92594176,0,19,8]
09-23 23:38:21.164 D/NetworkMonitor/100( 1956): isDataStall: result=1, tcp packets received=0, latest tcp fail rate=-1, consecutive dns timeout count=19
09-23 23:38:21.164 D/NetworkMonitor/100( 1956): Suspecting data stall, reevaluate
09-23 23:38:21.165 D/ConnectivityService( 1487): Data stall detected with methods: 1
09-23 23:38:21.165 D/NetworkMonitor/100( 1956): Validation disabled.
09-23 23:38:21.169 D/ConnectivityService( 1487): [100 WIFI] validation passed
09-23 23:38:21.236 I/am_pss ( 1487): [3249,1000,com.android.dynsystem,5510144,3670016,0,90447872,0,19,10]
09-23 23:38:21.337 I/MMKV ( 4290): open fd[0x60], /data/user/0/com.smile.gifmaker/files/mmkv/io_detector_sp
09-23 23:38:21.338 I/MMKV ( 4290): open fd[0x81], /data/user/0/com.smile.gifmaker/files/mmkv/io_detector_sp.crc
09-23 23:38:21.338 I/MMKV ( 4290): loading [io_detector_sp] with 31 actual size, file size 4096, InterProcess 1, meta info version:3
09-23 23:38:21.338 I/MMKV ( 4290): loading [io_detector_sp] with crc 963343194 sequence 1 version 3
09-23 23:38:21.338 I/MMKV ( 4290): loaded [io_detector_sp] with 1 key-values
09-23 23:38:21.339 I/am_pss ( 1487): [3283,10024,com.android.managedprovisioning,8939520,7118848,0,94932992,0,19,9]
09-23 23:38:21.345 I/am_pss ( 1487): [3266,1000,com.android.dynsystem:dynsystem,5810176,3837952,0,91344896,0,19,6]
09-23 23:38:21.418 I/am_pss ( 1487): [3300,10057,com.android.onetimeinitializer,5309440,3497984,0,91181056,0,19,8]
09-23 23:38:21.636 I/am_pss ( 1487): [3319,10033,com.android.packageinstaller,7332864,5591040,0,91738112,0,19,10]
09-23 23:38:21.904 I/mpu_uart( 654): [MSG-P:RECV]:No message received in 1000 ms
09-23 23:38:22.114 I/sysui_multi_action( 1487): [757,1717,758,1,759,0]
09-23 23:38:22.115 I/sysui_multi_action( 1487): [757,1717,758,2,759,0]
09-23 23:38:22.115 I/sysui_multi_action( 1487): [757,1717,758,3,759,0]
09-23 23:38:22.403 I/am_pss ( 1487): [3401,1001,com.android.phone,7928832,5738496,0,94277632,0,19,11]
09-23 23:38:22.412 I/am_pss ( 1487): [3383,2000,com.android.shell,6174720,4317184,0,92647424,0,19,7]
09-23 23:38:22.510 I/am_pss ( 1487): [3455,10055,com.qualcomm.qti.qms.service.connectionsecurity,11770880,4341760,0,77492224,0,19,9]
09-23 23:38:22.905 I/mpu_uart( 654): [MSG-P:RECV]:No message received in 1000 ms
09-23 23:38:23.905 I/mpu_uart( 654): [MSG-P:RECV]:No message received in 1000 ms
09-23 23:38:23.920 I/mpu_uart( 654): [MSG-P:R]:recv sync frame timeout
09-23 23:38:24.389 I/hwservicemanager( 514): getTransport: Cannot find entry android.hardware.light@2.0::ILight/default in either framework or device VINTF manifest.
09-23 23:38:24.391 E/light ( 4472): light_open lights keyboard failed: -22
09-23 23:38:24.391 E/light ( 4472): Light passthrough failed to load legacy HAL.
09-23 23:38:24.392 E/light ( 4472): light_open lights buttons failed: -22
09-23 23:38:24.392 E/light ( 4472): Light passthrough failed to load legacy HAL.
09-23 23:38:24.393 E/light ( 4472): light_open lights bluetooth failed: -22
09-23 23:38:24.393 E/light ( 4472): Light passthrough failed to load legacy HAL.
09-23 23:38:24.393 E/light ( 4472): light_open lights wifi failed: -22
09-23 23:38:24.393 E/light ( 4472): Light passthrough failed to load legacy HAL.
09-23 23:38:24.394 I/hwservicemanager( 514): getTransport: Cannot find entry android.hardware.light@2.0::ILight/default in either framework or device VINTF manifest.
09-23 23:38:24.394 E/HidlServiceManagement( 4472): Service android.hardware.light@2.0::ILight/default must be in VINTF manifest in order to register/get.
09-23 23:38:24.394 E/LegacySupport( 4472): Could not register service android.hardware.light@2.0::ILight/default (-2147483648).
09-23 23:38:24.450 I/Process ( 4290): Sending signal. PID: 4290 SIG: 9
09-23 23:38:24.488 I/ActivityManager( 1487): Process com.smile.gifmaker:compatibility (pid 4290) has died: cch+5 CEM
09-23 23:38:24.488 I/libprocessgroup( 1487): Successfully killed process cgroup uid 10106 pid 4290 in 0ms
09-23 23:38:24.489 I/am_proc_died( 1487): [0,4290,com.smile.gifmaker:compatibility,905,19]
09-23 23:38:24.489 I/Zygote ( 675): Process 4290 exited due to signal 9 (Killed)
09-23 23:38:24.496 I/am_pss ( 1487): [3756,10019,com.android.externalstorage,5736448,3850240,0,92581888,0,19,6]
09-23 23:38:24.502 I/am_pss ( 1487): [3670,1000,com.android.localtransport,5577728,3772416,0,90984448,0,19,5]
09-23 23:38:24.507 I/am_pss ( 1487): [3009,1000,com.android.keychain,8232960,6397952,0,93941760,0,19,4]
09-23 23:38:24.557 E/GpuMem ( 991): Failed to attach bpf program to gpu_mem/gpu_mem_total tracepoint [2(No such file or directory)]
09-23 23:38:24.558 E/GpuMemTracer( 991): Cannot initialize GpuMemTracer before GpuMem
09-23 23:38:24.573 D/NetworkMonitor/100( 1956): isDataStall: result=1, tcp packets received=0, latest tcp fail rate=-1, consecutive dns timeout count=20
09-23 23:38:24.573 D/NetworkMonitor/100( 1956): Suspecting data stall, reevaluate
09-23 23:38:24.576 D/ConnectivityService( 1487): Data stall detected with methods: 1
09-23 23:38:24.579 D/NetworkMonitor/100( 1956): Validation disabled.
09-23 23:38:24.588 D/ConnectivityService( 1487): [100 WIFI] validation passed
09-23 23:38:24.594 D/NetworkMonitor/100( 1956): isDataStall: result=1, tcp packets received=0, latest tcp fail rate=-1, consecutive dns timeout count=32
09-23 23:38:24.594 D/NetworkMonitor/100( 1956): Suspecting data stall, reevaluate
09-23 23:38:24.594 D/ConnectivityService( 1487): Data stall detected with methods: 1
09-23 23:38:24.599 D/NetworkMonitor/100( 1956): Validation disabled.
09-23 23:38:24.612 D/ConnectivityService( 1487): [100 WIFI] validation passed
09-23 23:38:24.905 I/mpu_uart( 654): [MSG-P:RECV]:No message received in 1000 ms
09-23 23:38:25.433 I/keystore2( 576): keystore2::watchdog: Watchdog thread idle -> terminating. Have a great day.
09-23 23:38:25.441 D/NetworkMonitor/100( 1956): isDataStall: result=1, tcp packets received=0, latest tcp fail rate=-1, consecutive dns timeout count=53
09-23 23:38:25.441 D/NetworkMonitor/100( 1956): Suspecting data stall, reevaluate
09-23 23:38:25.441 D/ConnectivityService( 1487): Data stall detected with methods: 1
09-23 23:38:25.443 D/NetworkMonitor/100( 1956): Validation disabled.
09-23 23:38:25.448 F/linker ( 4480): CANNOT LINK EXECUTABLE "/vendor/bin/hw/qvrservice": library "vendor.qti.hardware.qxr-V1-ndk_platform.so" not found: needed by /vendor/lib64/libqvrservice.so in namespace (default)
09-23 23:38:25.448 D/ConnectivityService( 1487): [100 WIFI] validation passed
09-23 23:38:25.451 F/linker ( 4481): CANNOT LINK EXECUTABLE "/vendor/bin/hw/sxrservice": library "vendor.qti.hardware.qxr-V1-ndk_platform.so" not found: needed by main executable
09-23 23:38:25.905 I/mpu_uart( 654): [MSG-P:RECV]:No message received in 1000 ms
09-23 23:38:26.179 D/NetworkMonitor/100( 1956): isDataStall: result=1, tcp packets received=0, latest tcp fail rate=-1, consecutive dns timeout count=54
09-23 23:38:26.180 D/NetworkMonitor/100( 1956): Suspecting data stall, reevaluate
09-23 23:38:26.180 D/ConnectivityService( 1487): Data stall detected with methods: 1
09-23 23:38:26.181 D/NetworkMonitor/100( 1956): Validation disabled.
09-23 23:38:26.188 D/ConnectivityService( 1487): [100 WIFI] validation passed
09-23 23:38:26.388 W/SocketClient( 673): write error (Broken pipe)
09-23 23:38:26.389 W/resolv ( 673): GetAddrInfoHandler::run: Error writing DNS result to client uid 10106 pid 4290: Broken pipe
09-23 23:38:26.392 D/NetworkMonitor/100( 1956): isDataStall: result=1, tcp packets received=0, latest tcp fail rate=-1, consecutive dns timeout count=55
09-23 23:38:26.392 D/NetworkMonitor/100( 1956): Suspecting data stall, reevaluate
09-23 23:38:26.394 D/NetworkMonitor/100( 1956): Validation disabled.
09-23 23:38:26.394 D/ConnectivityService( 1487): Data stall detected with methods: 1
09-23 23:38:26.400 D/ConnectivityService( 1487): [100 WIFI] validation passed
09-23 23:38:26.751 D/NetworkMonitor/100( 1956): isDataStall: result=1, tcp packets received=0, latest tcp fail rate=-1, consecutive dns timeout count=56
09-23 23:38:26.751 D/NetworkMonitor/100( 1956): Suspecting data stall, reevaluate
09-23 23:38:26.752 D/NetworkMonitor/100( 1956): Validation disabled.
09-23 23:38:26.752 D/ConnectivityService( 1487): Data stall detected with methods: 1
09-23 23:38:26.761 D/ConnectivityService( 1487): [100 WIFI] validation passed
09-23 23:38:26.762 I/unknown ( 3476): khook pthread_attr_init_callback set thread stack from 1008 to 256 KB
09-23 23:38:26.762 I/unknown ( 3476): khook setstacksize __addr 0xff993dd8, from 1040 KB to 256 KB
09-23 23:38:26.906 I/mpu_uart( 654): [MSG-P:RECV]:No message received in 1000 ms
09-23 23:38:26.924 I/mpu_uart( 654): [MSG-P:R]:recv sync frame timeout
09-23 23:38:27.631 D/NetworkMonitor/100( 1956): isDataStall: result=1, tcp packets received=0, latest tcp fail rate=-1, consecutive dns timeout count=57
09-23 23:38:27.632 D/NetworkMonitor/100( 1956): Suspecting data stall, reevaluate
09-23 23:38:27.634 D/ConnectivityService( 1487): Data stall detected with methods: 1
09-23 23:38:27.634 D/NetworkMonitor/100( 1956): Validation disabled.
09-23 23:38:27.641 D/ConnectivityService( 1487): [100 WIFI] validation passed
09-23 23:38:27.667 I/unknown ( 3476): khook pthread_attr_init_callback set thread stack from 1008 to 256 KB
09-23 23:38:27.667 I/unknown ( 3476): khook setstacksize __addr 0xb2ca3ba8, from 1040 KB to 256 KB
09-23 23:38:27.672 D/NetworkMonitor/100( 1956): isDataStall: result=1, tcp packets received=0, latest tcp fail rate=-1, consecutive dns timeout count=58
09-23 23:38:27.672 D/NetworkMonitor/100( 1956): Suspecting data stall, reevaluate
09-23 23:38:27.674 D/ConnectivityService( 1487): Data stall detected with methods: 1
09-23 23:38:27.674 D/NetworkMonitor/100( 1956): Validation disabled.
09-23 23:38:27.679 D/ConnectivityService( 1487): [100 WIFI] validation passed
09-23 23:38:27.747 I/unknown ( 3476): khook pthread_attr_init_callback set thread stack from 1008 to 256 KB
09-23 23:38:27.747 I/unknown ( 3476): khook setstacksize __addr 0xb2741bc8, from 1040 KB to 256 KB
09-23 23:38:27.749 I/unknown ( 3476): khook pthread_attr_init_callback set thread stack from 1008 to 256 KB
09-23 23:38:27.749 I/unknown ( 3476): khook setstacksize __addr 0xb2741bc8, from 1040 KB to 256 KB
09-23 23:38:27.754 I/unknown ( 3476): khook pthread_attr_init_callback set thread stack from 1008 to 256 KB
09-23 23:38:27.754 I/unknown ( 3476): khook setstacksize __addr 0xb2741bc8, from 1040 KB to 256 KB
09-23 23:38:27.771 I/service_manager_stats( 3476): [200,91,6917]
09-23 23:38:27.906 I/mpu_uart( 654): [MSG-P:RECV]:No message received in 1000 ms
09-23 23:38:28.098 D/CompatibilityInfo( 1487): mCompatibilityFlags - 4
09-23 23:38:28.098 D/CompatibilityInfo( 1487): applicationDensity - 240
09-23 23:38:28.098 D/CompatibilityInfo( 1487): applicationScale - 1.0
09-23 23:38:28.472 D/NetworkMonitor/100( 1956): isDataStall: result=1, tcp packets received=0, latest tcp fail rate=-1, consecutive dns timeout count=60
09-23 23:38:28.472 D/NetworkMonitor/100( 1956): Suspecting data stall, reevaluate
09-23 23:38:28.474 D/ConnectivityService( 1487): Data stall detected with methods: 1
09-23 23:38:28.474 D/NetworkMonitor/100( 1956): Validation disabled.
09-23 23:38:28.479 D/ConnectivityService( 1487): [100 WIFI] validation passed
09-23 23:38:28.906 I/mpu_uart( 654): [MSG-P:RECV]:No message received in 1000 ms
09-23 23:38:29.095 I/am_pss ( 1487): [2348,10077,com.android.launcher3,95672320,83156992,0,221765632,0,2,16]
09-23 23:38:29.400 I/hwservicemanager( 514): getTransport: Cannot find entry android.hardware.light@2.0::ILight/default in either framework or device VINTF manifest.
09-23 23:38:29.402 E/light ( 4518): light_open lights keyboard failed: -22
09-23 23:38:29.402 E/light ( 4518): Light passthrough failed to load legacy HAL.
09-23 23:38:29.403 E/light ( 4518): light_open lights buttons failed: -22
09-23 23:38:29.403 E/light ( 4518): Light passthrough failed to load legacy HAL.
09-23 23:38:29.404 E/light ( 4518): light_open lights bluetooth failed: -22
09-23 23:38:29.404 E/light ( 4518): Light passthrough failed to load legacy HAL.
09-23 23:38:29.404 E/light ( 4518): light_open lights wifi failed: -22
09-23 23:38:29.404 E/light ( 4518): Light passthrough failed to load legacy HAL.
09-23 23:38:29.405 I/hwservicemanager( 514): getTransport: Cannot find entry android.hardware.light@2.0::ILight/default in either framework or device VINTF manifest.
09-23 23:38:29.405 E/HidlServiceManagement( 4518): Service android.hardware.light@2.0::ILight/default must be in VINTF manifest in order to register/get.
09-23 23:38:29.405 E/LegacySupport( 4518): Could not register service android.hardware.light@2.0::ILight/default (-2147483648).
09-23 23:38:29.906 I/mpu_uart( 654): [MSG-P:RECV]:No message received in 1000 ms
09-23 23:38:29.926 I/mpu_uart( 654): [MSG-P:R]:recv sync frame timeout
09-23 23:38:30.456 F/linker ( 4519): CANNOT LINK EXECUTABLE "/vendor/bin/hw/qvrservice": library "vendor.qti.hardware.qxr-V1-ndk_platform.so" not found: needed by /vendor/lib64/libqvrservice.so in namespace (default)
09-23 23:38:30.456 F/linker ( 4520): CANNOT LINK EXECUTABLE "/vendor/bin/hw/sxrservice": library "vendor.qti.hardware.qxr-V1-ndk_platform.so" not found: needed by main executable
09-23 23:38:30.868 D/NetworkMonitor/100( 1956): isDataStall: result=1, tcp packets received=0, latest tcp fail rate=-1, consecutive dns timeout count=61
09-23 23:38:30.868 D/NetworkMonitor/100( 1956): Suspecting data stall, reevaluate
09-23 23:38:30.870 D/ConnectivityService( 1487): Data stall detected with methods: 1
09-23 23:38:30.870 D/NetworkMonitor/100( 1956): Validation disabled.
09-23 23:38:30.878 D/ConnectivityService( 1487): [100 WIFI] validation passed
09-23 23:38:30.907 I/mpu_uart( 654): [MSG-P:RECV]:No message received in 1000 ms
09-23 23:38:30.928 D/NetworkMonitor/100( 1956): isDataStall: result=3, tcp packets received=0, latest tcp fail rate=100, consecutive dns timeout count=62
09-23 23:38:30.928 D/NetworkMonitor/100( 1956): Suspecting data stall, reevaluate
09-23 23:38:30.930 D/ConnectivityService( 1487): Data stall detected with methods: 3
09-23 23:38:30.930 D/NetworkMonitor/100( 1956): Validation disabled.
09-23 23:38:30.938 D/ConnectivityService( 1487): [100 WIFI] validation passed
09-23 23:38:31.210 D/ConnectivityService( 1487): Data stall detected with methods: 1
09-23 23:38:31.211 D/NetworkMonitor/100( 1956): isDataStall: result=1, tcp packets received=0, latest tcp fail rate=0, consecutive dns timeout count=63
09-23 23:38:31.211 D/NetworkMonitor/100( 1956): Suspecting data stall, reevaluate
09-23 23:38:31.212 D/NetworkMonitor/100( 1956): Validation disabled.
09-23 23:38:31.217 D/ConnectivityService( 1487): [100 WIFI] validation passed
09-23 23:38:31.438 W/SocketClient( 673): write error (Broken pipe)
09-23 23:38:31.438 W/resolv ( 673): GetAddrInfoHandler::run: Error writing DNS result to client uid 10106 pid 4290: Broken pipe
09-23 23:38:31.440 D/ConnectivityService( 1487): Data stall detected with methods: 1
09-23 23:38:31.440 D/NetworkMonitor/100( 1956): isDataStall: result=1, tcp packets received=0, latest tcp fail rate=0, consecutive dns timeout count=64
09-23 23:38:31.440 D/NetworkMonitor/100( 1956): Suspecting data stall, reevaluate
09-23 23:38:31.442 D/NetworkMonitor/100( 1956): Validation disabled.
09-23 23:38:31.446 D/ConnectivityService( 1487): [100 WIFI] validation passed
09-23 23:38:31.907 I/mpu_uart( 654): [MSG-P:RECV]:No message received in 1000 ms
09-23 23:38:31.990 I/unknown ( 3476): khook pthread_attr_init_callback set thread stack from 1008 to 256 KB
09-23 23:38:31.990 I/unknown ( 3476): khook setstacksize __addr 0xaea4e178, from 1040 KB to 256 KB
09-23 23:38:32.582 D/NetworkMonitor/100( 1956): isDataStall: result=1, tcp packets received=0, latest tcp fail rate=0, consecutive dns timeout count=65
09-23 23:38:32.582 D/NetworkMonitor/100( 1956): Suspecting data stall, reevaluate
09-23 23:38:32.583 D/ConnectivityService( 1487): Data stall detected with methods: 1
09-23 23:38:32.584 D/NetworkMonitor/100( 1956): Validation disabled.
09-23 23:38:32.590 D/ConnectivityService( 1487): [100 WIFI] validation passed
09-23 23:38:32.609 D/ConnectivityService( 1487): Data stall detected with methods: 3
09-23 23:38:32.610 D/NetworkMonitor/100( 1956): isDataStall: result=3, tcp packets received=0, latest tcp fail rate=200, consecutive dns timeout count=66
09-23 23:38:32.610 D/NetworkMonitor/100( 1956): Suspecting data stall, reevaluate
09-23 23:38:32.611 D/NetworkMonitor/100( 1956): Validation disabled.
09-23 23:38:32.618 D/ConnectivityService( 1487): [100 WIFI] validation passed
09-23 23:38:32.624 D/ConnectivityService( 1487): Data stall detected with methods: 1
09-23 23:38:32.624 D/NetworkMonitor/100( 1956): isDataStall: result=1, tcp packets received=0, latest tcp fail rate=0, consecutive dns timeout count=68
09-23 23:38:32.624 D/NetworkMonitor/100( 1956): Suspecting data stall, reevaluate
09-23 23:38:32.626 D/NetworkMonitor/100( 1956): Validation disabled.
09-23 23:38:32.630 D/ConnectivityService( 1487): [100 WIFI] validation passed
09-23 23:38:32.907 I/mpu_uart( 654): [MSG-P:RECV]:No message received in 1000 ms
09-23 23:38:32.930 I/mpu_uart( 654): [MSG-P:R]:recv sync frame timeout
09-23 23:38:33.786 I/unknown ( 3476): khook pthread_attr_init_callback set thread stack from 1008 to 256 KB
09-23 23:38:33.786 I/unknown ( 3476): khook setstacksize __addr 0xb2741bc8, from 1040 KB to 256 KB
09-23 23:38:33.907 I/mpu_uart( 654): [MSG-P:RECV]:No message received in 1000 ms
09-23 23:38:34.145 I/am_pss ( 1487): [2672,10093,com.android.providers.media.module,18561024,15028224,0,120434688,0,0,11]
09-23 23:38:34.158 I/am_pss ( 1487): [1836,1002,com.android.bluetooth,57197568,45850624,0,176832512,0,0,12]
09-23 23:38:34.166 I/am_pss ( 1487): [2691,10071,com.qualcomm.location,10352640,7610368,0,103833600,0,0,7]
09-23 23:38:34.172 I/am_pss ( 1487): [1984,1001,.dataservices,8612864,6623232,0,96018432,0,0,6]
09-23 23:38:34.178 I/am_pss ( 1487): [1956,1073,com.android.networkstack.process,14903296,12259328,0,109182976,0,0,6]
09-23 23:38:34.191 I/am_pss ( 1487): [1843,10081,com.android.systemui,128076800,100474880,0,293822464,0,0,10]
09-23 23:38:34.211 I/am_pss ( 1487): [1487,1000,system,273420288,173498368,0,595808256,0,0,19]
09-23 23:38:34.402 I/hwservicemanager( 514): getTransport: Cannot find entry android.hardware.light@2.0::ILight/default in either framework or device VINTF manifest.
09-23 23:38:34.403 E/light ( 4558): light_open lights keyboard failed: -22
09-23 23:38:34.403 E/light ( 4558): Light passthrough failed to load legacy HAL.
09-23 23:38:34.404 E/light ( 4558): light_open lights buttons failed: -22
09-23 23:38:34.404 E/light ( 4558): Light passthrough failed to load legacy HAL.
09-23 23:38:34.405 E/light ( 4558): light_open lights bluetooth failed: -22
09-23 23:38:34.405 E/light ( 4558): Light passthrough failed to load legacy HAL.
09-23 23:38:34.405 E/light ( 4558): light_open lights wifi failed: -22
09-23 23:38:34.405 E/light ( 4558): Light passthrough failed to load legacy HAL.
09-23 23:38:34.406 I/hwservicemanager( 514): getTransport: Cannot find entry android.hardware.light@2.0::ILight/default in either framework or device VINTF manifest.
09-23 23:38:34.406 E/HidlServiceManagement( 4558): Service android.hardware.light@2.0::ILight/default must be in VINTF manifest in order to register/get.
09-23 23:38:34.406 E/LegacySupport( 4558): Could not register service android.hardware.light@2.0::ILight/default (-2147483648).
09-23 23:38:34.587 D/NetworkMonitor/100( 1956): isDataStall: result=1, tcp packets received=0, latest tcp fail rate=0, consecutive dns timeout count=70
09-23 23:38:34.587 D/NetworkMonitor/100( 1956): Suspecting data stall, reevaluate
09-23 23:38:34.587 D/ConnectivityService( 1487): Data stall detected with methods: 1
09-23 23:38:34.590 D/NetworkMonitor/100( 1956): Validation disabled.
09-23 23:38:34.625 D/ConnectivityService( 1487): [100 WIFI] validation passed
09-23 23:38:34.908 I/mpu_uart( 654): [MSG-P:RECV]:No message received in 1000 ms
09-23 23:38:35.465 F/linker ( 4564): CANNOT LINK EXECUTABLE "/vendor/bin/hw/sxrservice": library "vendor.qti.hardware.qxr-V1-ndk_platform.so" not found: needed by main executable
09-23 23:38:35.465 F/linker ( 4563): CANNOT LINK EXECUTABLE "/vendor/bin/hw/qvrservice": library "vendor.qti.hardware.qxr-V1-ndk_platform.so" not found: needed by /vendor/lib64/libqvrservice.so in namespace (default)
09-23 23:38:35.908 I/mpu_uart( 654): [MSG-P:RECV]:No message received in 1000 ms
09-23 23:38:35.933 I/mpu_uart( 654): [MSG-P:R]:recv sync frame timeout
09-23 23:38:36.014 E/WifiHealthMonitor( 1487): Hit PackageManager exception
09-23 23:38:36.014 E/WifiHealthMonitor( 1487): android.content.pm.PackageManager$NameNotFoundException: No module info for package: com.android.wifi
09-23 23:38:36.014 E/WifiHealthMonitor( 1487): at android.app.ApplicationPackageManager.getModuleInfo(ApplicationPackageManager.java:1079)
09-23 23:38:36.014 E/WifiHealthMonitor( 1487): at com.android.server.wifi.WifiHealthMonitor.getWifiStackVersion(WifiHealthMonitor.java:365)
09-23 23:38:36.014 E/WifiHealthMonitor( 1487): at com.android.server.wifi.WifiHealthMonitor.extractCurrentSoftwareBuildInfo(WifiHealthMonitor.java:586)
09-23 23:38:36.014 E/WifiHealthMonitor( 1487): at com.android.server.wifi.WifiHealthMonitor.postBootSwBuildCheck(WifiHealthMonitor.java:521)
09-23 23:38:36.014 E/WifiHealthMonitor( 1487): at com.android.server.wifi.WifiHealthMonitor.postBootDetectionHandler(WifiHealthMonitor.java:512)
09-23 23:38:36.014 E/WifiHealthMonitor( 1487): at com.android.server.wifi.WifiHealthMonitor.access$500(WifiHealthMonitor.java:70)
09-23 23:38:36.014 E/WifiHealthMonitor( 1487): at com.android.server.wifi.WifiHealthMonitor$2.onAlarm(WifiHealthMonitor.java:189)
09-23 23:38:36.014 E/WifiHealthMonitor( 1487): at android.app.AlarmManager$ListenerWrapper.run(AlarmManager.java:323)
09-23 23:38:36.014 E/WifiHealthMonitor( 1487): at android.os.Handler.handleCallback(Handler.java:938)
09-23 23:38:36.014 E/WifiHealthMonitor( 1487): at android.os.Handler.dispatchMessage(Handler.java:99)
09-23 23:38:36.014 E/WifiHealthMonitor( 1487): at android.os.Looper.loopOnce(Looper.java:201)
09-23 23:38:36.014 E/WifiHealthMonitor( 1487): at android.os.Looper.loop(Looper.java:288)
09-23 23:38:36.014 E/WifiHealthMonitor( 1487): at android.os.HandlerThread.run(HandlerThread.java:67)
09-23 23:38:36.058 W/resolv ( 673): SSL_connect ssl error =5, mark 0xf0064: Connection timed out
09-23 23:38:36.058 W/resolv ( 673): TLS Handshake failed
09-23 23:38:36.059 W/resolv ( 673): query failed
09-23 23:38:36.059 W/resolv ( 673): validateDnsTlsServer returned 0 for 192.168.124.1
09-23 23:38:36.059 W/resolv ( 673): Validation failed
09-23 23:38:36.405 D/NetworkMonitor/100( 1956): isDataStall: result=3, tcp packets received=0, latest tcp fail rate=100, consecutive dns timeout count=78
09-23 23:38:36.405 D/NetworkMonitor/100( 1956): Suspecting data stall, reevaluate
09-23 23:38:36.407 D/ConnectivityService( 1487): Data stall detected with methods: 3
09-23 23:38:36.407 D/NetworkMonitor/100( 1956): Validation disabled.
09-23 23:38:36.414 D/ConnectivityService( 1487): [100 WIFI] validation passed
09-23 23:38:36.771 D/ConnectivityService( 1487): Data stall detected with methods: 3
09-23 23:38:36.771 D/NetworkMonitor/100( 1956): isDataStall: result=3, tcp packets received=0, latest tcp fail rate=100, consecutive dns timeout count=79
09-23 23:38:36.771 D/NetworkMonitor/100( 1956): Suspecting data stall, reevaluate
09-23 23:38:36.773 D/NetworkMonitor/100( 1956): Validation disabled.
09-23 23:38:36.778 D/ConnectivityService( 1487): [100 WIFI] validation passed
09-23 23:38:36.908 I/mpu_uart( 654): [MSG-P:RECV]:No message received in 1000 ms
09-23 23:38:37.307 D/unknown ( 3476): bh_dl_monitor_dlmutex_add_lock_count:0
09-23 23:38:37.307 D/unknown ( 3476): before dlopen:1
09-23 23:38:37.311 D/unknown ( 3476): bh_dl_monitor_dlmutex_sub_lock_count:1
09-23 23:38:37.311 D/unknown ( 3476): dlopen callback:0
09-23 23:38:37.311 D/kwai_hooker( 3476): onDlopen libandroid.so
09-23 23:38:37.642 D/NetworkMonitor/100( 1956): isDataStall: result=1, tcp packets received=0, latest tcp fail rate=0, consecutive dns timeout count=80
09-23 23:38:37.642 D/NetworkMonitor/100( 1956): Suspecting data stall, reevaluate
09-23 23:38:37.642 D/ConnectivityService( 1487): Data stall detected with methods: 1
09-23 23:38:37.644 D/NetworkMonitor/100( 1956): Validation disabled.
09-23 23:38:37.648 D/ConnectivityService( 1487): [100 WIFI] validation passed
09-23 23:38:37.652 D/ConnectivityService( 1487): Data stall detected with methods: 1
09-23 23:38:37.652 D/NetworkMonitor/100( 1956): isDataStall: result=1, tcp packets received=0, latest tcp fail rate=0, consecutive dns timeout count=81
09-23 23:38:37.652 D/NetworkMonitor/100( 1956): Suspecting data stall, reevaluate
09-23 23:38:37.654 D/NetworkMonitor/100( 1956): Validation disabled.
09-23 23:38:37.657 D/ConnectivityService( 1487): [100 WIFI] validation passed
09-23 23:38:37.659 D/NetworkMonitor/100( 1956): isDataStall: result=1, tcp packets received=0, latest tcp fail rate=0, consecutive dns timeout count=85
09-23 23:38:37.659 D/NetworkMonitor/100( 1956): Suspecting data stall, reevaluate
09-23 23:38:37.659 D/ConnectivityService( 1487): Data stall detected with methods: 1
09-23 23:38:37.660 D/NetworkMonitor/100( 1956): Validation disabled.
09-23 23:38:37.664 D/ConnectivityService( 1487): [100 WIFI] validation passed
09-23 23:38:37.680 D/NetworkMonitor/100( 1956): isDataStall: result=1, tcp packets received=0, latest tcp fail rate=0, consecutive dns timeout count=86
09-23 23:38:37.680 D/NetworkMonitor/100( 1956): Suspecting data stall, reevaluate
09-23 23:38:37.680 D/ConnectivityService( 1487): Data stall detected with methods: 1
09-23 23:38:37.681 D/NetworkMonitor/100( 1956): Validation disabled.
09-23 23:38:37.684 D/ConnectivityService( 1487): [100 WIFI] validation passed
09-23 23:38:37.710 I/unknown ( 3476): khook pthread_attr_init_callback set thread stack from 1008 to 256 KB
09-23 23:38:37.710 I/unknown ( 3476): khook setstacksize __addr 0xabd51ba8, from 1040 KB to 256 KB
09-23 23:38:37.908 I/mpu_uart( 654): [MSG-P:RECV]:No message received in 1000 ms
09-23 23:38:38.482 W/System.err( 3476): java.net.UnknownHostException: Unable to resolve host "kste.ksapisrv.com": No address associated with hostname
09-23 23:38:38.483 W/System.err( 3476): at java.net.Inet6AddressImpl.lookupHostByName(Inet6AddressImpl.java:156)
09-23 23:38:38.483 W/System.err( 3476): at java.net.Inet6AddressImpl.lookupAllHostAddr(Inet6AddressImpl.java:103)
09-23 23:38:38.483 W/System.err( 3476): at java.net.InetAddress.getAllByName(InetAddress.java:1152)
09-23 23:38:38.483 W/System.err( 3476): at okhttp3.Dns$1.lookup(kSourceFile:16842754)
09-23 23:38:38.483 W/System.err( 3476): at okhttp3.internal.connection.RouteSelector.resetNextInetSocketAddress(kSourceFile:17629313)
09-23 23:38:38.483 W/System.err( 3476): at okhttp3.internal.connection.RouteSelector.nextProxy(kSourceFile:720916)
09-23 23:38:38.483 W/System.err( 3476): at okhttp3.internal.connection.RouteSelector.next(kSourceFile:786449)
09-23 23:38:38.483 W/System.err( 3476): at okhttp3.internal.connection.StreamAllocation.findConnection(kSourceFile:87294061)
09-23 23:38:38.483 W/System.err( 3476): at okhttp3.internal.connection.StreamAllocation.findHealthyConnection(kSourceFile:103546880)
09-23 23:38:38.483 W/System.err( 3476): at okhttp3.internal.connection.StreamAllocation.newStream(kSourceFile:51642390)
09-23 23:38:38.483 W/System.err( 3476): at okhttp3.internal.connection.ConnectInterceptor.intercept(kSourceFile:16842777)
09-23 23:38:38.483 W/System.err( 3476): at okhttp3.internal.http.RealInterceptorChain.proceed(kSourceFile:69009566)
09-23 23:38:38.483 W/System.err( 3476): at okhttp3.internal.http.RealInterceptorChain.proceed(kSourceFile:16842758)
