09-23 23:37:59.758 I/ActivityManagerTiming( 1487): OnBootPhase_1000_com.android.server.StorageManagerService$Lifecycle
09-23 23:37:59.758 D/CompatibilityChangeReporter( 1487): Compat change id reported: 177438394; UID 10068; state: DISABLED
09-23 23:37:59.758 I/ActivityManagerTiming( 1487): OnBootPhase_1000_com.android.server.usage.StorageStatsService$Lifecycle
09-23 23:37:59.758 I/ActivityManagerTiming( 1487): OnBootPhase_1000_com.android.server.UiModeManagerService
09-23 23:37:59.758 I/ActivityManagerTiming( 1487): OnBootPhase_1000_com.android.server.locksettings.LockSettingsService$Lifecycle
09-23 23:37:59.758 D/CompatibilityChangeReporter( 1487): Compat change id reported: 135772972; UID 10068; state: DISABLED
09-23 23:37:59.758 D/CompatibilityChangeReporter( 1487): Compat change id reported: 135754954; UID 10068; state: ENABLED
09-23 23:37:59.758 D/CompatibilityChangeReporter( 1487): Compat change id reported: 143937733; UID 10068; state: ENABLED
09-23 23:37:59.758 D/StorageManagerService( 1487): Thinking about init, mBootCompleted=true, mDaemonConnected=true
09-23 23:37:59.758 D/StorageManagerService( 1487): Thinking about reset, mBootCompleted=true, mDaemonConnected=true
09-23 23:37:59.759 I/StorageSessionController( 1487): Started resetting external storage service...
09-23 23:37:59.759 I/StorageSessionController( 1487): Finished resetting external storage service
09-23 23:37:59.759 I/StorageManagerService( 1487): Resetting vold...
09-23 23:37:59.759 I/StorageManagerService( 1487): Reset vold
09-23 23:37:59.759 I/vold ( 527): onUserAdded: 0
09-23 23:37:59.759 I/ActivityManagerTiming( 1487): OnBootPhase_1000_com.android.server.PersistentDataBlockService
09-23 23:37:59.759 I/ActivityManagerTiming( 1487): OnBootPhase_1000_com.android.server.testharness.TestHarnessModeService
09-23 23:37:59.761 D/TestHarnessModeService( 1487): Completing Test Harness Mode setup.
09-23 23:37:59.766 I/ActivityManagerTiming( 1487): OnBootPhase_1000_com.android.server.oemlock.OemLockService
09-23 23:37:59.766 I/ActivityManagerTiming( 1487): OnBootPhase_1000_com.android.server.DeviceIdleController
09-23 23:37:59.766 I/ActivityManagerTiming( 1487): OnBootPhase_1000_com.android.server.devicepolicy.DevicePolicyManagerService$Lifecycle
09-23 23:37:59.767 I/ActivityManagerTiming( 1487): OnBootPhase_1000_com.android.server.texttospeech.TextToSpeechManagerService
09-23 23:37:59.767 I/ActivityManagerTiming( 1487): OnBootPhase_1000_com.android.server.speech.SpeechRecognitionManagerService
09-23 23:37:59.767 I/ActivityManagerTiming( 1487): OnBootPhase_1000_com.android.server.searchui.SearchUiManagerService
09-23 23:37:59.767 I/ActivityManagerTiming( 1487): OnBootPhase_1000_com.android.server.smartspace.SmartspaceManagerService
09-23 23:37:59.767 I/ActivityManagerTiming( 1487): OnBootPhase_1000_com.android.server.graphics.fonts.FontManagerService$Lifecycle
09-23 23:37:59.767 I/ActivityManagerTiming( 1487): OnBootPhase_1000_com.android.server.textservices.TextServicesManagerService$Lifecycle
09-23 23:37:59.767 I/ActivityManagerTiming( 1487): OnBootPhase_1000_com.android.server.textclassifier.TextClassificationManagerService$Lifecycle
09-23 23:37:59.767 I/ActivityManagerTiming( 1487): OnBootPhase_1000_com.android.server.NetworkScoreService$Lifecycle
09-23 23:37:59.767 I/ActivityManagerTiming( 1487): OnBootPhase_1000_com.android.server.wifi.WifiService
09-23 23:37:59.767 I/ActivityManagerTiming( 1487): OnBootPhase_1000_com.android.server.wifi.scanner.WifiScanningService
09-23 23:37:59.767 I/ActivityManagerTiming( 1487): OnBootPhase_1000_com.android.server.wifi.rtt.RttService
09-23 23:37:59.767 I/ActivityManagerTiming( 1487): OnBootPhase_1000_com.android.server.wifi.aware.WifiAwareService
09-23 23:37:59.767 I/ActivityManagerTiming( 1487): OnBootPhase_1000_com.android.server.wifi.p2p.WifiP2pService
09-23 23:37:59.767 I/ActivityManagerTiming( 1487): OnBootPhase_1000_com.android.server.ethernet.EthernetService
09-23 23:37:59.767 I/ActivityManagerTiming( 1487): OnBootPhase_1000_com.android.server.ConnectivityServiceInitializer
09-23 23:37:59.767 I/ActivityManagerTiming( 1487): OnBootPhase_1000_com.android.server.notification.NotificationManagerService
09-23 23:37:59.767 I/ActivityManagerTiming( 1487): OnBootPhase_1000_com.android.server.storage.DeviceStorageMonitorService
09-23 23:37:59.767 I/ActivityManagerTiming( 1487): OnBootPhase_1000_com.android.server.location.LocationManagerService$Lifecycle
09-23 23:37:59.767 I/ActivityManagerTiming( 1487): OnBootPhase_1000_com.android.server.timedetector.TimeDetectorService$Lifecycle
09-23 23:37:59.767 I/ActivityManagerTiming( 1487): OnBootPhase_1000_com.android.server.timezonedetector.TimeZoneDetectorService$Lifecycle
09-23 23:37:59.767 I/ActivityManagerTiming( 1487): OnBootPhase_1000_com.android.server.timezonedetector.location.LocationTimeZoneManagerService$Lifecycle
09-23 23:37:59.767 I/ActivityManagerTiming( 1487): OnBootPhase_1000_com.android.server.search.SearchManagerService$Lifecycle
09-23 23:37:59.767 I/ActivityManagerTiming( 1487): OnBootPhase_1000_com.android.server.wallpaper.WallpaperManagerService$Lifecycle
09-23 23:37:59.767 I/ActivityManagerTiming( 1487): OnBootPhase_1000_com.android.server.audio.AudioService$Lifecycle
09-23 23:37:59.767 I/ActivityManagerTiming( 1487): OnBootPhase_1000_com.android.server.soundtrigger_middleware.SoundTriggerMiddlewareService$Lifecycle
09-23 23:37:59.767 I/ActivityManagerTiming( 1487): OnBootPhase_1000_com.android.server.DockObserver
09-23 23:37:59.767 I/ActivityManagerTiming( 1487): OnBootPhase_1000_com.android.server.midi.MidiService$Lifecycle
09-23 23:37:59.767 I/ActivityManagerTiming( 1487): OnBootPhase_1000_com.android.server.adb.AdbService$Lifecycle
09-23 23:37:59.767 I/ActivityManagerTiming( 1487): OnBootPhase_1000_com.android.server.usb.UsbService$Lifecycle
09-23 23:37:59.767 I/ActivityManagerTiming( 1487): OnBootPhase_1000_com.android.server.twilight.TwilightService
09-23 23:37:59.768 I/ActivityManagerTiming( 1487): OnBootPhase_1000_com.android.server.display.color.ColorDisplayService
09-23 23:37:59.768 I/ActivityManagerTiming( 1487): OnBootPhase_1000_com.android.server.job.JobSchedulerService
09-23 23:37:59.768 I/ActivityManagerTiming( 1487): OnBootPhase_1000_com.android.server.soundtrigger.SoundTriggerService
09-23 23:37:59.768 D/SoundTriggerService( 1487): onBootPhase: 1000 : false
09-23 23:37:59.768 I/ActivityManagerTiming( 1487): OnBootPhase_1000_com.android.server.trust.TrustManagerService
09-23 23:37:59.768 I/ActivityManagerTiming( 1487): OnBootPhase_1000_com.android.server.backup.BackupManagerService$Lifecycle
09-23 23:37:59.768 I/ActivityManagerTiming( 1487): OnBootPhase_1000_com.android.server.appwidget.AppWidgetService
09-23 23:37:59.768 I/ActivityManagerTiming( 1487): OnBootPhase_1000_com.android.server.voiceinteraction.VoiceInteractionManagerService
09-23 23:37:59.768 I/ActivityManagerTiming( 1487): OnBootPhase_1000_com.android.server.apphibernation.AppHibernationService
09-23 23:37:59.768 I/ActivityManagerTiming( 1487): OnBootPhase_1000_com.android.server.GestureLauncherService
09-23 23:37:59.768 I/ActivityManagerTiming( 1487): OnBootPhase_1000_com.android.server.SensorNotificationService
09-23 23:37:59.769 E/AdbDebuggingManager( 1487): Expected keyStore, but got tag=adbKey
09-23 23:37:59.769 E/AdbDebuggingManager( 1487): Expected keyStore, but got tag=adbKey
09-23 23:37:59.769 D/CompatibilityChangeReporter( 1487): Compat change id reported: 168936375; UID 1000; state: ENABLED
09-23 23:37:59.770 D/CompatibilityChangeReporter( 1487): Compat change id reported: 168936375; UID 1000; state: DISABLED
09-23 23:37:59.770 D/CompatibilityChangeReporter( 1487): Compat change id reported: 73144566; UID 1000; state: ENABLED
09-23 23:37:59.771 D/CompatibilityChangeReporter( 1487): Compat change id reported: 73144566; UID 1000; state: DISABLED
09-23 23:37:59.771 I/ActivityManagerTiming( 1487): OnBootPhase_1000_com.android.server.emergency.EmergencyAffordanceService
09-23 23:37:59.771 I/ActivityManagerTiming( 1487): OnBootPhase_1000_com.android.server.blob.BlobStoreManagerService
09-23 23:37:59.771 I/ActivityManagerTiming( 1487): OnBootPhase_1000_com.android.server.dreams.DreamManagerService
09-23 23:37:59.771 I/ActivityManagerTiming( 1487): OnBootPhase_1000_com.android.server.companion.CompanionDeviceManagerService
09-23 23:37:59.771 I/ActivityManagerTiming( 1487): OnBootPhase_1000_com.android.server.restrictions.RestrictionsManagerService
09-23 23:37:59.771 I/ActivityManagerTiming( 1487): OnBootPhase_1000_com.android.server.media.MediaSessionService
09-23 23:37:59.771 I/ActivityManagerTiming( 1487): OnBootPhase_1000_com.android.server.media.MediaResourceMonitorService
09-23 23:37:59.771 I/ActivityManagerTiming( 1487): OnBootPhase_1000_com.android.server.biometrics.sensors.fingerprint.FingerprintService
09-23 23:37:59.771 I/ActivityManagerTiming( 1487): OnBootPhase_1000_com.android.server.biometrics.BiometricService
09-23 23:37:59.771 I/ActivityManagerTiming( 1487): OnBootPhase_1000_com.android.server.biometrics.AuthService
09-23 23:37:59.771 I/ActivityManagerTiming( 1487): OnBootPhase_1000_com.android.server.pm.ShortcutService$Lifecycle
09-23 23:37:59.771 I/ActivityManagerTiming( 1487): OnBootPhase_1000_com.android.server.pm.LauncherAppsService
09-23 23:37:59.771 I/ActivityManagerTiming( 1487): OnBootPhase_1000_com.android.server.pm.CrossProfileAppsService
09-23 23:37:59.771 I/ActivityManagerTiming( 1487): OnBootPhase_1000_com.android.server.people.PeopleService
09-23 23:37:59.771 I/ActivityManagerTiming( 1487): OnBootPhase_1000_com.android.server.media.metrics.MediaMetricsManagerService
09-23 23:37:59.771 I/ActivityManagerTiming( 1487): OnBootPhase_1000_com.android.server.media.projection.MediaProjectionManagerService
09-23 23:37:59.771 I/ActivityManagerTiming( 1487): OnBootPhase_1000_com.android.server.slice.SliceManagerService$Lifecycle
09-23 23:37:59.771 I/ActivityManagerTiming( 1487): OnBootPhase_1000_com.android.server.stats.StatsCompanion$Lifecycle
09-23 23:37:59.772 I/ActivityManagerTiming( 1487): OnBootPhase_1000_com.android.server.scheduling.RebootReadinessManagerService$Lifecycle
09-23 23:37:59.772 I/ActivityManagerTiming( 1487): OnBootPhase_1000_com.android.server.stats.pull.StatsPullAtomService
09-23 23:37:59.772 I/ActivityManagerTiming( 1487): OnBootPhase_1000_com.android.server.incident.IncidentCompanionService
09-23 23:37:59.772 I/ActivityManagerTiming( 1487): OnBootPhase_1000_com.android.server.MmsServiceBroker
09-23 23:37:59.772 I/ActivityManagerTiming( 1487): OnBootPhase_1000_com.android.server.autofill.AutofillManagerService
09-23 23:37:59.772 I/ActivityManagerTiming( 1487): OnBootPhase_1000_com.android.server.clipboard.ClipboardService
09-23 23:37:59.772 I/ActivityManagerTiming( 1487): OnBootPhase_1000_com.android.server.appbinding.AppBindingService$Lifecycle
09-23 23:37:59.772 I/ActivityManagerTiming( 1487): OnBootPhase_1000_com.android.server.tracing.TracingServiceProxy
09-23 23:37:59.772 I/ActivityManagerTiming( 1487): OnBootPhase_1000_com.android.server.policy.PermissionPolicyService
09-23 23:37:59.772 I/ActivityManagerTiming( 1487): OnBootPhase_1000_com.android.server.pm.StagingManager$Lifecycle
09-23 23:37:59.772 I/ActivityManagerTiming( 1487): OnBootPhase_1000_com.android.server.app.GameManagerService$Lifecycle
09-23 23:37:59.772 D/GameManagerService( 1487): onBootCompleted
09-23 23:37:59.772 I/ActivityManagerTiming( 1487): OnBootPhase_1000_com.android.server.appsearch.AppSearchManagerService
09-23 23:37:59.772 I/ActivityManagerTiming( 1487): OnBootPhase_1000_com.android.server.media.MediaCommunicationService
09-23 23:37:59.772 D/ActivityManagerTiming( 1487): TotalBootTime took to complete: 3905ms
09-23 23:37:59.772 D/SystemServerInitThreadPool( 1487): Shutdown requested
09-23 23:37:59.772 I/SystemServerTiming( 1487): WaitInitThreadPoolShutdown
09-23 23:37:59.773 I/am_proc_start( 1487): [0,2520,10068,com.android.inputmethod.latin,service,{com.android.inputmethod.latin/com.android.inputmethod.latin.LatinIME}]
09-23 23:37:59.773 I/ActivityManager( 1487): Start proc 2520:com.android.inputmethod.latin/u0a68 for service {com.android.inputmethod.latin/com.android.inputmethod.latin.LatinIME}
09-23 23:37:59.774 I/HibernationStateDiskStore( 1487): No hibernation file on disk for file /data/system/hibernation/states
09-23 23:37:59.774 D/SystemServerInitThreadPool( 1487): Shutdown successful
09-23 23:37:59.775 D/AdbDebuggingManager( 1487): Received connected key message: QAAAALX1RB9j783RWRQ9acPNgz9XdJcr7+o7oBiikFlXtUJufHoE2v9p+yrkbqJPkz4hyEwHoa0n1aXPy3/okucQKmnf1hk6Y3G8Bpey7R1HC52PYVFCRHOJIsxu6xyDp+rArYvt2p6hA6dOw2TmEjdfgbezSoRCNFRQh8p1CICvX5am9yT5Prd+pNpnB+mZEseU+P8yEYNv6IDFCmeXGct6ZD6/pZtIFbDxw+lOnbzSRpyrrJftzScOwPShg4gQOhHMSeXIMGqggVORvoWIIhw1l+el90dArz1HNK4ug+UxMnNxDi/8qTw//aWzWsrgtx40Pa9ENiIip7Qfddn0h1EyY5g1eAOsT9bibM8XKwzwfqVGHgSRCY6Y8O53tigZM3IZz1L7/WaPAs9g6y+16UHsC2eWoF0QC2rry/hRYLjVrHj2fd1RRgSWgHJ4lg0nTyMXVSHrlmuRSSnIU+kpWBvlYiKkXdUpVlC8jwmAoHK6NwkAdvZBeDzfTidSM807oLk3AcQY6IgC4ISGQaQqDmF9O6t1rrKoU3Y564gWaq0WQ3XINB0gw7S2/3fdMrKvm1yGyKDokeuPNkViVuGPeOZowi0eOzs5woQZK0ioWR3emRirSGGQftreoAEEwsprmSjyIaMPFSr8vfqzeIwd5nyCKG0rmHJwoCUMZbEYghILp+jFjAqAegEAAQA= ThunderSoft@DESKTOP-E5PM25C
09-23 23:37:59.776 I/uc_finish_user_boot( 1487): 0
09-23 23:37:59.776 I/ActivityManager( 1487): User 0 state changed from BOOTING to RUNNING_LOCKED
09-23 23:37:59.776 I/am_user_state_changed( 1487): [0,1]
09-23 23:37:59.776 W/ActivityManager( 1487): UserLifecycleEvent 4 received without an active userJourneySession.
09-23 23:37:59.776 I/uc_send_user_broadcast( 1487): [0,android.intent.action.LOCKED_BOOT_COMPLETED]
09-23 23:37:59.777 D/AdbDebuggingManager( 1487): Logging key QAAAALX1RB9j783RWRQ9acPNgz9XdJcr7+o7oBiikFlXtUJufHoE2v9p+yrkbqJPkz4hyEwHoa0n1aXPy3/okucQKmnf1hk6Y3G8Bpey7R1HC52PYVFCRHOJIsxu6xyDp+rArYvt2p6hA6dOw2TmEjdfgbezSoRCNFRQh8p1CICvX5am9yT5Prd+pNpnB+mZEseU+P8yEYNv6IDFCmeXGct6ZD6/pZtIFbDxw+lOnbzSRpyrrJftzScOwPShg4gQOhHMSeXIMGqggVORvoWIIhw1l+el90dArz1HNK4ug+UxMnNxDi/8qTw//aWzWsrgtx40Pa9ENiIip7Qfddn0h1EyY5g1eAOsT9bibM8XKwzwfqVGHgSRCY6Y8O53tigZM3IZz1L7/WaPAs9g6y+16UHsC2eWoF0QC2rry/hRYLjVrHj2fd1RRgSWgHJ4lg0nTyMXVSHrlmuRSSnIU+kpWBvlYiKkXdUpVlC8jwmAoHK6NwkAdvZBeDzfTidSM807oLk3AcQY6IgC4ISGQaQqDmF9O6t1rrKoU3Y564gWaq0WQ3XINB0gw7S2/3fdMrKvm1yGyKDokeuPNkViVuGPeOZowi0eOzs5woQZK0ioWR3emRirSGGQftreoAEEwsprmSjyIaMPFSr8vfqzeIwd5nyCKG0rmHJwoCUMZbEYghILp+jFjAqAegEAAQA= ThunderSoft@DESKTOP-E5PM25C, state = 4, alwaysAllow = true, lastConnectionTime = 1663947479777, authWindow = 604800000
09-23 23:37:59.778 D/StorageManagerService( 1487): unlockUserKey: 0 isFileEncryptedNativeOrEmulated: true hasToken: false hasSecret: false
09-23 23:37:59.778 D/vold ( 527): fscrypt_unlock_user_key 0 serial=0
09-23 23:37:59.779 D/vold ( 527): Trying user CE key /data/misc/vold/user_keys/ce/0/current
09-23 23:37:59.804 F/libc ( 2537): Fatal signal 6 (SIGABRT), code -1 (SI_QUEUE) in tid 2537 (init), pid 2537 (init)
09-23 23:37:59.807 D/vold ( 527): Successfully retrieved key
09-23 23:37:59.807 I/auditd ( 2541): type=1400 audit(0.0:209): avc: denied { ptrace } for comm="crash_dump64" scontext=u:r:crash_dump:s0 tcontext=u:r:init:s0 tclass=process permissive=0
09-23 23:37:59.815 F/libc ( 2537): crash_dump helper failed to exec, or was killed
09-23 23:37:59.824 D/vold ( 527): Installed fscrypt key with ref baeb0f8ac332b3868c2ff16059883bc0 to /data
09-23 23:37:59.824 D/vold ( 527): Added fscrypt-provisioning key for baeb0f8ac332b3868c2ff16059883bc0 to session keyring
09-23 23:37:59.824 D/vold ( 527): Installed ce key for user 0
09-23 23:37:59.825 I/uc_finish_user_unlocking( 1487): 0
09-23 23:37:59.825 W/ActivityManager( 1487): UserLifecycleEvent 5 received without an active userJourneySession.
09-23 23:37:59.825 D/ActivityManager( 1487): Started unlocking user 0
09-23 23:37:59.825 D/ActivityManager( 1487): Unlocking user 0 progress 0
09-23 23:37:59.825 D/ActivityManager( 1487): Unlocking user 0 progress 5
09-23 23:37:59.826 D/vold ( 527): fscrypt_prepare_user_storage for volume null, user 0, serial 0, flags 2
09-23 23:37:59.826 D/vold ( 527): Preparing: /data/system_ce/0
09-23 23:37:59.826 D/vold ( 527): Preparing: /data/misc_ce/0
09-23 23:37:59.826 D/vold ( 527): Preparing: /data/vendor_ce/0
09-23 23:37:59.827 D/vold ( 527): Preparing: /data/media/0
09-23 23:37:59.827 D/vold ( 527): Preparing: /data/data
09-23 23:37:59.827 I/vold ( 527): Verified that /data/system_ce/0 has the encryption policy baeb0f8ac332b3868c2ff16059883bc0 v2 modes 1/4 flags 0xa
09-23 23:37:59.827 I/vold ( 527): Verified that /data/misc_ce/0 has the encryption policy baeb0f8ac332b3868c2ff16059883bc0 v2 modes 1/4 flags 0xa
09-23 23:37:59.827 I/vold ( 527): Verified that /data/vendor_ce/0 has the encryption policy baeb0f8ac332b3868c2ff16059883bc0 v2 modes 1/4 flags 0xa
09-23 23:37:59.827 I/vold ( 527): Verified that /data/media/0 has the encryption policy baeb0f8ac332b3868c2ff16059883bc0 v2 modes 1/4 flags 0xa
09-23 23:37:59.827 I/vold ( 527): Verified that /data/data has the encryption policy baeb0f8ac332b3868c2ff16059883bc0 v2 modes 1/4 flags 0xa
09-23 23:37:59.827 D/vold ( 527): Starting restorecon of /data/system_ce/0
09-23 23:37:59.828 I/am_uid_running( 1487): 10067
09-23 23:37:59.828 D/ColorDisplayService( 1487): setUp: currentUser=0
09-23 23:37:59.829 D/CompatibilityChangeReporter( 1487): Compat change id reported: 135634846; UID 10067; state: DISABLED
09-23 23:37:59.829 D/CompatibilityChangeReporter( 1487): Compat change id reported: 177438394; UID 10067; state: DISABLED
09-23 23:37:59.829 D/CompatibilityChangeReporter( 1487): Compat change id reported: 135772972; UID 10067; state: DISABLED
09-23 23:37:59.829 D/CompatibilityChangeReporter( 1487): Compat change id reported: 135754954; UID 10067; state: DISABLED
09-23 23:37:59.829 I/am_proc_bound( 1487): [0,2520,com.android.inputmethod.latin]
09-23 23:37:59.829 D/CompatibilityChangeReporter( 1487): Compat change id reported: 143937733; UID 10067; state: DISABLED
09-23 23:37:59.831 D/vold ( 527): Finished restorecon of /data/system_ce/0
09-23 23:37:59.831 D/vold ( 527): Starting restorecon of /data/vendor_ce/0
09-23 23:37:59.833 D/CompatibilityChangeReporter( 1487): Compat change id reported: 168419799; UID 10068; state: DISABLED
09-23 23:37:59.834 I/am_uid_active( 1487): 10068
09-23 23:37:59.836 D/ColorDisplayService( 1487): onNightDisplayAutoModeChanged: autoMode=0
09-23 23:37:59.836 I/ColorDisplayService( 1487): Turning off night display
09-23 23:37:59.836 D/ColorDisplayService( 1487): Setting bright color reduction level: 50
09-23 23:37:59.836 I/am_proc_start( 1487): [0,2545,10067,com.android.deskclock,broadcast,{com.android.deskclock/com.android.deskclock.AlarmInitReceiver}]
09-23 23:37:59.837 V/DisplayPowerController[0]( 1487): Brightness [0.36363637] manual adjustment.
09-23 23:37:59.837 I/ActivityManager( 1487): Start proc 2545:com.android.deskclock/u0a67 for broadcast {com.android.deskclock/com.android.deskclock.AlarmInitReceiver}
09-23 23:37:59.841 D/vold ( 527): Finished restorecon of /data/vendor_ce/0
09-23 23:37:59.841 D/vold ( 527): Starting restorecon of /data/misc_ce/0
09-23 23:37:59.842 W/AdbDebuggingManager( 1487): Read failed with count -1
09-23 23:37:59.842 E/AdbDebuggingManager( 1487): Caught an exception opening the socket: java.io.IOException: Connection refused
09-23 23:37:59.846 D/vold ( 527): Finished restorecon of /data/misc_ce/0
09-23 23:37:59.846 D/vold ( 527): /system/bin/vold_prepare_subdirs
09-23 23:37:59.846 D/vold ( 527): prepare
09-23 23:37:59.846 D/vold ( 527):
09-23 23:37:59.846 D/vold ( 527): 0
09-23 23:37:59.846 D/vold ( 527): 2
09-23 23:37:59.857 I/am_proc_bound( 1487): [0,2545,com.android.deskclock]
09-23 23:37:59.859 D/CompatibilityChangeReporter( 1487): Compat change id reported: 168419799; UID 10067; state: DISABLED
09-23 23:37:59.860 I/am_uid_active( 1487): 10067
09-23 23:37:59.893 V/UserDataPreparer( 1487): Found /data/user/0 with serial number 0
09-23 23:37:59.893 V/UserDataPreparer( 1487): Found /data/system_ce/0 with serial number 0
09-23 23:37:59.894 D/UserDataPreparer( 1487): Setting property: sys.user.0.ce_available=true
09-23 23:37:59.894 V/PackageManager( 1487): reconcileAppsData for null u0 0x2 migrateAppData=false
09-23 23:37:59.894 I/commit_sys_config_file( 1487): [input-subtypes,2]
09-23 23:37:59.932 W/Looper ( 1487): Slow dispatch took 262ms main h=android.os.Handler c=com.android.server.biometrics.sensors.BiometricScheduler$InternalCallback$$ExternalSyntheticLambda0@2b0a9f1 m=0
09-23 23:37:59.932 W/Looper ( 1487): Slow delivery took 263ms main h=com.android.internal.widget.LockPatternUtils$StrongAuthTracker$H c=null m=1
09-23 23:37:59.933 I/notification_enqueue( 1487): [1000,1487,android,26,NULL,-1,Notification(channel=DEVELOPER_IMPORTANT shortcut=null contentView=null vibrate=null sound=null tick defaults=0x0 flags=0x2 color=0x00000000 vis=PUBLIC),0]
09-23 23:37:59.936 W/Looper ( 1487): Drained
09-23 23:37:59.936 D/BiometricScheduler/Fingerprint21( 1487): [Finishing] {[1] FingerprintUpdateActiveUserClient, proto=1, owner=android, cookie=0, requestId=-1, userId=0}, success: true
09-23 23:37:59.936 D/BiometricScheduler/Fingerprint21( 1487): [Polled] {[2] FingerprintInternalCleanupClient, proto=7, owner=android, cookie=0, requestId=-1, userId=0}, State: 0
09-23 23:37:59.936 D/BiometricScheduler/Fingerprint21( 1487): [Starting] {[2] FingerprintInternalCleanupClient, proto=7, owner=android, cookie=0, requestId=-1, userId=0}, State: 0
09-23 23:37:59.936 D/BiometricScheduler/Fingerprint21( 1487): [Started] {[2] FingerprintInternalCleanupClient, proto=7, owner=android, cookie=0, requestId=-1, userId=0}
09-23 23:37:59.936 D/Biometrics/InternalCleanupClient( 1487): Starting enumerate: {[3] FingerprintInternalEnumerateClient, proto=6, owner=android, cookie=0, requestId=-1, userId=0}
09-23 23:37:59.938 W/ActivityThread( 2520): Failed to find provider info for user_dictionary (user not unlocked)
09-23 23:37:59.975 V/PackageManager( 1487): reconcileAppsData finished 150 packages
09-23 23:37:59.975 I/ActivityManager( 1487): User 0 state changed from RUNNING_LOCKED to RUNNING_UNLOCKING
09-23 23:37:59.975 I/am_user_state_changed( 1487): [0,2]
09-23 23:37:59.976 D/ActivityManager( 1487): Unlocking user 0 progress 20
09-23 23:37:59.976 I/ssm_user_unlocking( 1487): 0
09-23 23:37:59.976 I/SystemServerTimingAsync( 1487): ssm.UnlockingUser-0
09-23 23:37:59.976 W/Looper ( 1487): Slow dispatch took 151ms android.fg h=android.os.Handler c=com.android.server.am.UserController$$ExternalSyntheticLambda3@7ac55d4 m=0
09-23 23:37:59.976 I/SystemServiceManager( 1487): Calling onUnlockingUser 0
09-23 23:37:59.976 I/SystemServerTimingAsync( 1487): ssm.onUnlockingUser-0_com.android.server.security.FileIntegrityService
09-23 23:37:59.976 I/SystemServerTimingAsync( 1487): ssm.onUnlockingUser-0_com.android.server.pm.Installer
09-23 23:37:59.976 I/SystemServerTimingAsync( 1487): ssm.onUnlockingUser-0_com.android.server.os.DeviceIdentifiersPolicyService
09-23 23:37:59.976 I/SystemServerTimingAsync( 1487): ssm.onUnlockingUser-0_com.android.server.uri.UriGrantsManagerService$Lifecycle
09-23 23:37:59.976 I/SystemServerTimingAsync( 1487): ssm.onUnlockingUser-0_com.android.server.powerstats.PowerStatsService
09-23 23:37:59.976 I/SystemServerTimingAsync( 1487): ssm.onUnlockingUser-0_com.android.server.wm.ActivityTaskManagerService$Lifecycle
09-23 23:37:59.976 I/SystemServerTimingAsync( 1487): ssm.onUnlockingUser-0_com.android.server.am.ActivityManagerService$Lifecycle
09-23 23:37:59.976 I/SystemServerTimingAsync( 1487): ssm.onUnlockingUser-0_com.android.server.pm.DataLoaderManagerService
09-23 23:37:59.976 I/SystemServerTimingAsync( 1487): ssm.onUnlockingUser-0_com.android.server.power.PowerManagerService
09-23 23:37:59.976 I/SystemServerTimingAsync( 1487): ssm.onUnlockingUser-0_com.android.server.power.ThermalManagerService
09-23 23:37:59.976 I/SystemServerTimingAsync( 1487): ssm.onUnlockingUser-0_com.android.server.power.hint.HintManagerService
09-23 23:37:59.976 I/SystemServerTimingAsync( 1487): ssm.onUnlockingUser-0_com.android.server.recoverysystem.RecoverySystemService$Lifecycle
09-23 23:37:59.976 I/SystemServerTimingAsync( 1487): ssm.onUnlockingUser-0_com.android.server.lights.LightsService
09-23 23:37:59.976 I/SystemServerTimingAsync( 1487): ssm.onUnlockingUser-0_com.android.server.display.DisplayManagerService
09-23 23:37:59.976 I/SystemServerTimingAsync( 1487): ssm.onUnlockingUser-0_com.android.server.pm.verify.domain.DomainVerificationService
09-23 23:37:59.976 I/SystemServerTimingAsync( 1487): ssm.onUnlockingUser-0_com.android.server.pm.PackageInstallerService$Lifecycle
09-23 23:37:59.976 I/SystemServerTimingAsync( 1487): ssm.onUnlockingUser-0_com.android.server.pm.UserManagerService$LifeCycle
09-23 23:37:59.976 I/SystemServerTimingAsync( 1487): ssm.onUnlockingUser-0_com.android.server.om.OverlayManagerService
09-23 23:37:59.976 I/SystemServerTimingAsync( 1487): ssm.onUnlockingUser-0_com.android.server.SensorPrivacyService
09-23 23:37:59.976 I/SystemServerTimingAsync( 1487): ssm.onUnlockingUser-0_com.android.server.sensors.SensorService
09-23 23:37:59.976 I/SystemServerTimingAsync( 1487): ssm.onUnlockingUser-0_com.android.server.SystemConfigService
09-23 23:37:59.976 I/SystemServerTimingAsync( 1487): ssm.onUnlockingUser-0_com.android.server.BatteryService
09-23 23:37:59.976 I/SystemServerTimingAsync( 1487): ssm.onUnlockingUser-0_com.android.server.usage.UsageStatsService
09-23 23:37:59.976 I/SystemServerTimingAsync( 1487): ssm.onUnlockingUser-0_com.android.server.webkit.WebViewUpdateService
09-23 23:37:59.976 I/SystemServerTimingAsync( 1487): ssm.onUnlockingUser-0_com.android.server.CachedDeviceStateService
09-23 23:37:59.976 I/SystemServerTimingAsync( 1487): ssm.onUnlockingUser-0_com.android.server.BinderCallsStatsService$LifeCycle
09-23 23:37:59.976 I/SystemServerTimingAsync( 1487): ssm.onUnlockingUser-0_com.android.server.LooperStatsService$Lifecycle
09-23 23:37:59.976 I/SystemServerTimingAsync( 1487): ssm.onUnlockingUser-0_com.android.server.rollback.RollbackManagerService
09-23 23:37:59.977 I/SystemServerTimingAsync( 1487): ssm.onUnlockingUser-0_com.android.server.os.NativeTombstoneManagerService
09-23 23:37:59.977 I/SystemServerTimingAsync( 1487): ssm.onUnlockingUser-0_com.android.server.os.BugreportManagerService
09-23 23:37:59.977 I/SystemServerTimingAsync( 1487): ssm.onUnlockingUser-0_com.android.server.gpu.GpuService
09-23 23:37:59.977 I/SystemServerTimingAsync( 1487): ssm.onUnlockingUser-0_com.android.server.security.KeyChainSystemService
09-23 23:37:59.977 I/SystemServerTimingAsync( 1487): ssm.onUnlockingUser-0_com.android.server.telecom.TelecomLoaderService
09-23 23:37:59.977 I/SystemServerTimingAsync( 1487): ssm.onUnlockingUser-0_com.android.server.accounts.AccountManagerService$Lifecycle
09-23 23:37:59.977 I/SystemServerTimingAsync( 1487): ssm.onUnlockingUser-0_com.android.server.content.ContentService$Lifecycle
09-23 23:37:59.977 I/SystemServerTimingAsync( 1487): ssm.onUnlockingUser-0_com.android.server.DropBoxManagerService
09-23 23:37:59.977 I/SystemServerTimingAsync( 1487): ssm.onUnlockingUser-0_com.android.role.RoleService
09-23 23:37:59.977 I/SystemServerTimingAsync( 1487): ssm.onUnlockingUser-0_com.android.server.vibrator.VibratorManagerService$Lifecycle
09-23 23:37:59.977 I/SystemServerTimingAsync( 1487): ssm.onUnlockingUser-0_com.android.server.alarm.AlarmManagerService
09-23 23:37:59.977 I/SystemServerTimingAsync( 1487): ssm.onUnlockingUser-0_com.android.server.devicestate.DeviceStateManagerService
09-23 23:37:59.977 I/SystemServerTimingAsync( 1487): ssm.onUnlockingUser-0_com.android.server.camera.CameraServiceProxy
09-23 23:37:59.977 I/SystemServerTimingAsync( 1487): ssm.onUnlockingUser-0_com.android.server.BluetoothService
09-23 23:37:59.977 D/BluetoothManagerService( 1487): User 0 unlocked
09-23 23:37:59.977 I/SystemServerTimingAsync( 1487): ssm.onUnlockingUser-0_com.android.server.connectivity.IpConnectivityMetrics
09-23 23:37:59.977 I/SystemServerTimingAsync( 1487): ssm.onUnlockingUser-0_com.android.server.net.watchlist.NetworkWatchlistService$Lifecycle
09-23 23:37:59.977 I/SystemServerTimingAsync( 1487): ssm.onUnlockingUser-0_com.android.server.PinnerService
09-23 23:37:59.977 I/SystemServerTimingAsync( 1487): ssm.onUnlockingUser-0_com.google.android.startop.iorap.IorapForwardingService
09-23 23:37:59.977 I/SystemServerTimingAsync( 1487): ssm.onUnlockingUser-0_com.android.server.ActivityTriggerService
09-23 23:37:59.977 I/SystemServerTimingAsync( 1487): ssm.onUnlockingUser-0_com.android.server.integrity.AppIntegrityManagerService
09-23 23:37:59.977 I/SystemServerTimingAsync( 1487): ssm.onUnlockingUser-0_com.android.server.inputmethod.InputMethodManagerService$Lifecycle
09-23 23:37:59.977 I/SystemServerTimingAsync( 1487): ssm.onUnlockingUser-0_com.android.server.accessibility.AccessibilityManagerService$Lifecycle
09-23 23:37:59.977 I/SystemServerTimingAsync( 1487): ssm.onUnlockingUser-0_com.android.server.StorageManagerService$Lifecycle
09-23 23:37:59.977 D/StorageManagerService( 1487): onUnlockUser 0
09-23 23:37:59.978 I/StorageSessionController( 1487): On user unlock 0
09-23 23:37:59.978 I/StorageSessionController( 1487): Initialialising...
09-23 23:37:59.978 D/BluetoothManagerService( 1487): MESSAGE_USER_UNLOCKED
09-23 23:37:59.980 I/vold ( 527): onUserStarted: 0
09-23 23:37:59.982 V/StorageManagerService( 1487): Found primary storage at VolumeInfo{emulated;0}:
09-23 23:37:59.982 V/StorageManagerService( 1487): type=EMULATED diskId=null partGuid= mountFlags=0 mountUserId=0
09-23 23:37:59.982 V/StorageManagerService( 1487): state=UNMOUNTED
09-23 23:37:59.982 V/StorageManagerService( 1487): fsType=null fsUuid=null fsLabel=null
09-23 23:37:59.982 V/StorageManagerService( 1487): path=null internalPath=null
09-23 23:37:59.982 I/StorageManagerService( 1487): Mounting volume VolumeInfo{emulated;0}:
09-23 23:37:59.982 I/StorageManagerService( 1487): type=EMULATED diskId=null partGuid= mountFlags=PRIMARY|VISIBLE
09-23 23:37:59.982 I/StorageManagerService( 1487): mountUserId=0 state=UNMOUNTED
09-23 23:37:59.982 I/StorageManagerService( 1487): fsType=null fsUuid=null fsLabel=null
09-23 23:37:59.982 I/StorageManagerService( 1487): path=null internalPath=null
09-23 23:37:59.983 I/vold ( 527): Executing sdcardfs
09-23 23:37:59.985 D/vold ( 527): Waiting for sdcardfs to spin up...
09-23 23:37:59.988 I/iorapd ( 1172): iorapd (the prefetchening) readied up
09-23 23:37:59.993 I/am_uid_running( 1487): 10023
09-23 23:37:59.993 D/CompatibilityChangeReporter( 1487): Compat change id reported: 135634846; UID 10023; state: DISABLED
09-23 23:37:59.994 D/CompatibilityChangeReporter( 1487): Compat change id reported: 143937733; UID 10023; state: DISABLED
09-23 23:38:00.013 I/am_proc_start( 1487): [0,2634,10023,com.sohu.inputmethod.sogou.car,service,{com.sohu.inputmethod.sogou.car/com.sohu.inputmethod.sogou.car.CrossSogouIME}]
09-23 23:38:00.013 I/ActivityManager( 1487): Start proc 2634:com.sohu.inputmethod.sogou.car/u0a23 for service {com.sohu.inputmethod.sogou.car/com.sohu.inputmethod.sogou.car.CrossSogouIME}
09-23 23:38:00.016 W/sdcard ( 2625): Device explicitly enabled sdcardfs
09-23 23:38:00.027 I/am_proc_bound( 1487): [0,2634,com.sohu.inputmethod.sogou.car]
09-23 23:38:00.031 D/CompatibilityChangeReporter( 1487): Compat change id reported: 168419799; UID 10023; state: DISABLED
09-23 23:38:00.033 I/am_uid_active( 1487): 10023
09-23 23:38:00.035 I/vold ( 527): Mounting emulated fuse volume
09-23 23:38:00.088 I/vold ( 527): Bind mounting /mnt/runtime/full/emulated to /mnt/pass_through/0/emulated
09-23 23:38:00.091 W/SystemServiceManager( 1487): Service com.android.server.StorageManagerService$Lifecycle took 114 ms in onUnlockingUser-0
09-23 23:38:00.091 I/SystemServerTimingAsync( 1487): ssm.onUnlockingUser-0_com.android.server.usage.StorageStatsService$Lifecycle
09-23 23:38:00.091 I/SystemServerTimingAsync( 1487): ssm.onUnlockingUser-0_com.android.server.UiModeManagerService
09-23 23:38:00.091 I/SystemServerTimingAsync( 1487): ssm.onUnlockingUser-0_com.android.server.locksettings.LockSettingsService$Lifecycle
09-23 23:38:00.091 I/SystemServerTimingAsync( 1487): ssm.onUnlockingUser-0_com.android.server.PersistentDataBlockService
09-23 23:38:00.091 I/SystemServerTimingAsync( 1487): ssm.onUnlockingUser-0_com.android.server.testharness.TestHarnessModeService
09-23 23:38:00.091 I/SystemServerTimingAsync( 1487): ssm.onUnlockingUser-0_com.android.server.oemlock.OemLockService
09-23 23:38:00.091 I/SystemServerTimingAsync( 1487): ssm.onUnlockingUser-0_com.android.server.DeviceIdleController
09-23 23:38:00.091 I/SystemServerTimingAsync( 1487): ssm.onUnlockingUser-0_com.android.server.devicepolicy.DevicePolicyManagerService$Lifecycle
09-23 23:38:00.091 I/SystemServerTimingAsync( 1487): ssm.onUnlockingUser-0_com.android.server.texttospeech.TextToSpeechManagerService
09-23 23:38:00.092 I/SystemServerTimingAsync( 1487): ssm.onUnlockingUser-0_com.android.server.speech.SpeechRecognitionManagerService
09-23 23:38:00.092 I/SystemServerTimingAsync( 1487): ssm.onUnlockingUser-0_com.android.server.searchui.SearchUiManagerService
09-23 23:38:00.092 I/SystemServerTimingAsync( 1487): ssm.onUnlockingUser-0_com.android.server.smartspace.SmartspaceManagerService
09-23 23:38:00.092 I/SystemServerTimingAsync( 1487): ssm.onUnlockingUser-0_com.android.server.graphics.fonts.FontManagerService$Lifecycle
09-23 23:38:00.092 I/SystemServerTimingAsync( 1487): ssm.onUnlockingUser-0_com.android.server.textservices.TextServicesManagerService$Lifecycle
09-23 23:38:00.092 I/StorageSessionController( 1487): On volume mount VolumeInfo{emulated;0}:
09-23 23:38:00.092 I/StorageSessionController( 1487): type=EMULATED diskId=null partGuid= mountFlags=PRIMARY|VISIBLE
09-23 23:38:00.092 I/StorageSessionController( 1487): mountUserId=0 state=CHECKING
09-23 23:38:00.092 I/StorageSessionController( 1487): fsType=null fsUuid=null fsLabel=null
09-23 23:38:00.092 I/StorageSessionController( 1487): path=/storage/emulated internalPath=/data/media
09-23 23:38:00.091 I/auditd ( 2634): type=1400 audit(0.0:210): avc: denied { read } for comm="ethod.sogou.car" name="filesystems" dev="proc" ino=4026532313 scontext=u:r:priv_app:s0:c512,c768 tcontext=u:object_r:proc_filesystems:s0 tclass=file permissive=0 app=com.sohu.inputmethod.sogou.car
09-23 23:38:00.093 I/StorageSessionController( 1487): Creating connection for user: 0
09-23 23:38:00.094 I/StorageSessionController( 1487): Creating and starting session with id: emulated;0
09-23 23:38:00.094 E/SystemConfig( 2634): SystemConfig is being accessed by a process other than system_server.
09-23 23:38:00.094 I/SystemServerTimingAsync( 1487): ssm.onUnlockingUser-0_com.android.server.textclassifier.TextClassificationManagerService$Lifecycle
09-23 23:38:00.094 I/SystemServerTimingAsync( 1487): ssm.onUnlockingUser-0_com.android.server.NetworkScoreService$Lifecycle
09-23 23:38:00.094 I/SystemServerTimingAsync( 1487): ssm.onUnlockingUser-0_com.android.server.wifi.WifiService
09-23 23:38:00.094 I/StorageUserConnection( 1487): Binding to the ExternalStorageService for user 0
09-23 23:38:00.094 I/SystemServerTimingAsync( 1487): ssm.onUnlockingUser-0_com.android.server.wifi.scanner.WifiScanningService
09-23 23:38:00.094 I/SystemServerTimingAsync( 1487): ssm.onUnlockingUser-0_com.android.server.wifi.rtt.RttService
09-23 23:38:00.095 I/SystemServerTimingAsync( 1487): ssm.onUnlockingUser-0_com.android.server.wifi.aware.WifiAwareService
09-23 23:38:00.095 I/SystemServerTimingAsync( 1487): ssm.onUnlockingUser-0_com.android.server.wifi.p2p.WifiP2pService
09-23 23:38:00.095 I/SystemServerTimingAsync( 1487): ssm.onUnlockingUser-0_com.android.server.ethernet.EthernetService
09-23 23:38:00.095 I/SystemServerTimingAsync( 1487): ssm.onUnlockingUser-0_com.android.server.ConnectivityServiceInitializer
09-23 23:38:00.095 I/SystemServerTimingAsync( 1487): ssm.onUnlockingUser-0_com.android.server.notification.NotificationManagerService
09-23 23:38:00.095 I/SystemServerTimingAsync( 1487): ssm.onUnlockingUser-0_com.android.server.storage.DeviceStorageMonitorService
09-23 23:38:00.095 I/SystemServerTimingAsync( 1487): ssm.onUnlockingUser-0_com.android.server.location.LocationManagerService$Lifecycle
09-23 23:38:00.095 I/SystemServerTimingAsync( 1487): ssm.onUnlockingUser-0_com.android.server.timedetector.TimeDetectorService$Lifecycle
09-23 23:38:00.095 I/SystemServerTimingAsync( 1487): ssm.onUnlockingUser-0_com.android.server.timezonedetector.TimeZoneDetectorService$Lifecycle
09-23 23:38:00.095 I/SystemServerTimingAsync( 1487): ssm.onUnlockingUser-0_com.android.server.timezonedetector.location.LocationTimeZoneManagerService$Lifecycle
09-23 23:38:00.095 I/SystemServerTimingAsync( 1487): ssm.onUnlockingUser-0_com.android.server.search.SearchManagerService$Lifecycle
09-23 23:38:00.095 I/SystemServerTimingAsync( 1487): ssm.onUnlockingUser-0_com.android.server.wallpaper.WallpaperManagerService$Lifecycle
09-23 23:38:00.095 I/SystemConfig( 2634): Reading permissions from /system/etc/sysconfig/preinstalled-packages-com.android.providers.media.module.xml
09-23 23:38:00.095 I/WallpaperManagerService( 1487): on-unlock-user-0
09-23 23:38:00.095 I/SystemServerTimingAsync( 1487): ssm.onUnlockingUser-0_com.android.server.audio.AudioService$Lifecycle
09-23 23:38:00.095 I/SystemServerTimingAsync( 1487): ssm.onUnlockingUser-0_com.android.server.soundtrigger_middleware.SoundTriggerMiddlewareService$Lifecycle
09-23 23:38:00.095 I/SystemServerTimingAsync( 1487): ssm.onUnlockingUser-0_com.android.server.DockObserver
09-23 23:38:00.095 I/SystemServerTimingAsync( 1487): ssm.onUnlockingUser-0_com.android.server.midi.MidiService$Lifecycle
09-23 23:38:00.096 I/SystemConfig( 2634): Reading permissions from /system/etc/sysconfig/framework-sysconfig.xml
09-23 23:38:00.097 I/SystemConfig( 2634): Reading permissions from /system/etc/sysconfig/hiddenapi-package-whitelist.xml
09-23 23:38:00.097 I/SystemConfig( 2634): Reading permissions from /system/etc/sysconfig/preinstalled-packages-platform.xml
09-23 23:38:00.097 I/SystemConfig( 2634): Reading permissions from /system/etc/sysconfig/preinstalled-packages-platform-full-base.xml
09-23 23:38:00.098 I/SystemConfig( 2634): Reading permissions from /system/etc/sysconfig/qti_whitelist.xml
09-23 23:38:00.098 I/am_uid_running( 1487): 10093
09-23 23:38:00.098 I/SystemConfig( 2634): Reading permissions from /system/etc/permissions/com.android.nfc_extras.xml
09-23 23:38:00.099 I/SystemConfig( 2634): Reading permissions from /system/etc/permissions/com.android.mediadrm.signer.xml
09-23 23:38:00.099 I/SystemConfig( 2634): Reading permissions from /system/etc/permissions/com.android.networkstack.xml
09-23 23:38:00.099 I/SystemConfig( 2634): Reading permissions from /system/etc/permissions/com.android.media.remotedisplay.xml
09-23 23:38:00.100 I/SystemConfig( 2634): Reading permissions from /system/etc/permissions/android.software.webview.xml
09-23 23:38:00.100 I/SystemConfig( 2634): Reading permissions from /system/etc/permissions/android.test.base.xml
09-23 23:38:00.100 D/CompatibilityChangeReporter( 1487): Compat change id reported: 135634846; UID 10093; state: DISABLED
09-23 23:38:00.100 I/SystemConfig( 2634): Reading permissions from /system/etc/permissions/android.test.mock.xml
09-23 23:38:00.100 D/CompatibilityChangeReporter( 1487): Compat change id reported: 177438394; UID 10093; state: DISABLED
09-23 23:38:00.100 I/SystemConfig( 2634): Reading permissions from /system/etc/permissions/com.android.location.provider.xml
09-23 23:38:00.100 D/CompatibilityChangeReporter( 1487): Compat change id reported: 135772972; UID 10093; state: DISABLED
09-23 23:38:00.101 D/CompatibilityChangeReporter( 1487): Compat change id reported: 135754954; UID 10093; state: ENABLED
09-23 23:38:00.101 I/SystemConfig( 2634): Reading permissions from /system/etc/permissions/com.android.documentsui.xml
09-23 23:38:00.101 I/SystemConfig( 2634): Reading permissions from /system/etc/permissions/org.apache.http.legacy.xml
09-23 23:38:00.101 D/CompatibilityChangeReporter( 1487): Compat change id reported: 143937733; UID 10093; state: ENABLED
09-23 23:38:00.101 I/SystemConfig( 2634): Reading permissions from /system/etc/permissions/privapp-permissions-platform.xml
09-23 23:38:00.101 I/StorageUserConnection( 1487): Bound to the ExternalStorageService for user 0
09-23 23:38:00.105 I/SystemConfig( 2634): Reading permissions from /system/etc/permissions/android.test.runner.xml
09-23 23:38:00.105 I/SystemConfig( 2634): Reading permissions from /system/etc/permissions/javax.obex.xml
09-23 23:38:00.105 I/SystemConfig( 2634): Reading permissions from /system/etc/permissions/android.software.live_wallpaper.xml
09-23 23:38:00.105 I/SystemConfig( 2634): Reading permissions from /system/etc/permissions/android.software.freeform_window_management.xml
09-23 23:38:00.106 I/SystemConfig( 2634): Reading permissions from /system/etc/permissions/com.android.future.usb.accessory.xml
09-23 23:38:00.106 I/SystemConfig( 2634): Reading permissions from /system/etc/permissions/com.thundercomm.mcuupgrade.xml
09-23 23:38:00.106 I/SystemConfig( 2634): Reading permissions from /system/etc/permissions/privapp-permissions-qti.xml
09-23 23:38:00.106 I/SystemServerTimingAsync( 1487): ssm.onUnlockingUser-0_com.android.server.adb.AdbService$Lifecycle
09-23 23:38:00.106 I/SystemServerTimingAsync( 1487): ssm.onUnlockingUser-0_com.android.server.usb.UsbService$Lifecycle
09-23 23:38:00.106 I/SystemServerTimingAsync( 1487): ssm.onUnlockingUser-0_com.android.server.twilight.TwilightService
09-23 23:38:00.106 I/SystemServerTimingAsync( 1487): ssm.onUnlockingUser-0_com.android.server.display.color.ColorDisplayService
09-23 23:38:00.106 I/SystemServerTimingAsync( 1487): ssm.onUnlockingUser-0_com.android.server.job.JobSchedulerService
09-23 23:38:00.107 I/SystemServerTimingAsync( 1487): ssm.onUnlockingUser-0_com.android.server.soundtrigger.SoundTriggerService
09-23 23:38:00.107 I/SystemServerTimingAsync( 1487): ssm.onUnlockingUser-0_com.android.server.trust.TrustManagerService
09-23 23:38:00.107 I/SystemServerTimingAsync( 1487): ssm.onUnlockingUser-0_com.android.server.backup.BackupManagerService$Lifecycle
09-23 23:38:00.107 I/SystemServerTimingAsync( 1487): ssm.onUnlockingUser-0_com.android.server.appwidget.AppWidgetService
09-23 23:38:00.107 I/SystemServerTimingAsync( 1487): ssm.onUnlockingUser-0_com.android.server.voiceinteraction.VoiceInteractionManagerService
09-23 23:38:00.107 I/SystemConfig( 2634): Reading permissions from /system/etc/permissions/com.android.networkstack.tethering.xml
09-23 23:38:00.107 W/VoiceInteractionManager( 1487): no available voice recognition services found for user 0
09-23 23:38:00.108 I/SystemConfig( 2634): Reading permissions from /system/etc/permissions/platform.xml
09-23 23:38:00.108 I/SystemServerTimingAsync( 1487): ssm.onUnlockingUser-0_com.android.server.apphibernation.AppHibernationService
09-23 23:38:00.108 I/BackupManagerService( 1487): Starting service for user: 0
09-23 23:38:00.108 V/BackupManagerService( 1487): [UserID:0] Starting with transport com.android.localtransport/.LocalTransport
09-23 23:38:00.108 I/SystemServerTimingAsync( 1487): ssm.onUnlockingUser-0_com.android.server.GestureLauncherService
09-23 23:38:00.108 I/SystemServerTimingAsync( 1487): ssm.onUnlockingUser-0_com.android.server.SensorNotificationService
09-23 23:38:00.108 I/SystemServerTimingAsync( 1487): ssm.onUnlockingUser-0_com.android.server.emergency.EmergencyAffordanceService
09-23 23:38:00.108 I/SystemServerTimingAsync( 1487): ssm.onUnlockingUser-0_com.android.server.blob.BlobStoreManagerService
09-23 23:38:00.108 I/SystemServerTimingAsync( 1487): ssm.onUnlockingUser-0_com.android.server.dreams.DreamManagerService
09-23 23:38:00.108 I/HibernationStateDiskStore( 1487): No hibernation file on disk for file /data/system_ce/0/hibernation/states
09-23 23:38:00.108 I/SystemServerTimingAsync( 1487): ssm.onUnlockingUser-0_com.android.server.companion.CompanionDeviceManagerService
09-23 23:38:00.109 I/SystemConfig( 2634): Reading permissions from /vendor/etc/permissions/android.software.vulkan.deqp.level.xml
09-23 23:38:00.110 I/SystemConfig( 2634): Reading permissions from /vendor/etc/permissions/android.hardware.usb.accessory.xml
09-23 23:38:00.110 I/SystemConfig( 2634): Reading permissions from /vendor/etc/permissions/vendor.qti.hardware.factory.xml
09-23 23:38:00.110 I/SystemConfig( 2634): Reading permissions from /vendor/etc/permissions/qti_fingerprint_interface.xml
09-23 23:38:00.110 I/SystemConfig( 2634): Reading permissions from /vendor/etc/permissions/android.hardware.audio.low_latency.xml
09-23 23:38:00.110 I/SystemConfig( 2634): Reading permissions from /vendor/etc/permissions/android.hardware.sensor.barometer.xml
09-23 23:38:00.111 I/SystemConfig( 2634): Reading permissions from /vendor/etc/permissions/android.software.verified_boot.xml
09-23 23:38:00.111 I/SystemConfig( 2634): Reading permissions from /vendor/etc/permissions/android.hardware.wifi.passpoint.xml
09-23 23:38:00.112 I/SystemConfig( 2634): Reading permissions from /vendor/etc/permissions/android.hardware.sensor.ambient_temperature.xml
09-23 23:38:00.112 I/SystemConfig( 2634): Reading permissions from /vendor/etc/permissions/android.hardware.wifi.rtt.xml
09-23 23:38:00.112 I/SystemConfig( 2634): Reading permissions from /vendor/etc/permissions/android.hardware.audio.pro.xml
09-23 23:38:00.112 I/SystemConfig( 2634): Reading permissions from /vendor/etc/permissions/android.hardware.wifi.aware.xml
09-23 23:38:00.113 I/SystemConfig( 2634): Reading permissions from /vendor/etc/permissions/android.hardware.light.xml
09-23 23:38:00.113 I/SystemConfig( 2634): Reading permissions from /vendor/etc/permissions/android.hardware.fingerprint.xml
09-23 23:38:00.113 I/SystemConfig( 2634): Reading permissions from /vendor/etc/permissions/android.software.ipsec_tunnels.xml
09-23 23:38:00.113 I/SystemConfig( 2634): Reading permissions from /vendor/etc/permissions/android.hardware.touchscreen.multitouch.jazzhand.xml
09-23 23:38:00.113 I/SystemConfig( 2634): Reading permissions from /vendor/etc/permissions/android.hardware.sensor.compass.xml
09-23 23:38:00.113 I/SystemConfig( 2634): Reading permissions from /vendor/etc/permissions/android.hardware.wifi.xml
09-23 23:38:00.114 I/SystemConfig( 2634): Reading permissions from /vendor/etc/permissions/android.hardware.sensor.relative_humidity.xml
09-23 23:38:00.114 I/SystemConfig( 2634): Reading permissions from /vendor/etc/permissions/android.software.device_id_attestation.xml
09-23 23:38:00.114 D/BackupManagerService( 1487): [UserID:0] Started thread backup-0
09-23 23:38:00.114 I/SystemConfig( 2634): Reading permissions from /vendor/etc/permissions/android.hardware.sensor.gyroscope.xml
09-23 23:38:00.114 I/SystemConfig( 2634): Reading permissions from /vendor/etc/permissions/android.hardware.wifi.direct.xml
09-23 23:38:00.115 I/SystemConfig( 2634): Reading permissions from /vendor/etc/permissions/vendor-qti-hardware-sensorscalibrate.xml
09-23 23:38:00.115 I/SystemConfig( 2634): Reading permissions from /vendor/etc/permissions/android.software.midi.xml
09-23 23:38:00.115 I/SystemConfig( 2634): Reading permissions from /vendor/etc/permissions/android.hardware.bluetooth_le.xml
09-23 23:38:00.115 I/SystemConfig( 2634): Reading permissions from /vendor/etc/permissions/android.hardware.se.omapi.uicc.xml
09-23 23:38:00.115 I/SystemConfig( 2634): Reading permissions from /vendor/etc/permissions/android.hardware.vulkan.level-1.xml
09-23 23:38:00.115 I/SystemConfig( 2634): Reading permissions from /vendor/etc/permissions/android.hardware.location.gps.xml
09-23 23:38:00.115 I/SystemConfig( 2634): Reading permissions from /vendor/etc/permissions/android.hardware.sensor.hifi_sensors.xml
09-23 23:38:00.116 I/SystemConfig( 2634): Reading permissions from /vendor/etc/permissions/android.hardware.usb.host.xml
09-23 23:38:00.116 I/SystemConfig( 2634): Reading permissions from /vendor/etc/permissions/android.hardware.bluetooth.xml
09-23 23:38:00.116 I/SystemConfig( 2634): Reading permissions from /vendor/etc/permissions/android.hardware.vulkan.version-1_1.xml
09-23 23:38:00.116 I/SystemConfig( 2634): Reading permissions from /vendor/etc/permissions/android.hardware.sensor.accelerometer.xml
09-23 23:38:00.116 I/SystemConfig( 2634): Reading permissions from /vendor/etc/permissions/handheld_core_hardware.xml
09-23 23:38:00.116 W/CompanionDeviceManagerService( 1487): Failed to parse
09-23 23:38:00.116 W/CompanionDeviceManagerService( 1487): java.lang.NumberFormatException: null
09-23 23:38:00.116 W/CompanionDeviceManagerService( 1487): at java.lang.Long.parseLong(Long.java:557)
09-23 23:38:00.116 W/CompanionDeviceManagerService( 1487): at java.lang.Long.parseLong(Long.java:636)
09-23 23:38:00.116 W/CompanionDeviceManagerService( 1487): at com.android.server.companion.CompanionDeviceManagerService.parseLongOrDefault(CompanionDeviceManagerService.java:1486)
09-23 23:38:00.116 W/CompanionDeviceManagerService( 1487): at com.android.server.companion.CompanionDeviceManagerService.readAllAssociations(CompanionDeviceManagerService.java:1106)
09-23 23:38:00.116 W/CompanionDeviceManagerService( 1487): at com.android.server.companion.CompanionDeviceManagerService.getAllAssociations(CompanionDeviceManagerService.java:1039)
09-23 23:38:00.116 W/CompanionDeviceManagerService( 1487): at com.android.server.companion.CompanionDeviceManagerService.onUserUnlocking(CompanionDeviceManagerService.java:326)
09-23 23:38:00.116 W/CompanionDeviceManagerService( 1487): at com.android.server.SystemServiceManager.onUser(SystemServiceManager.java:409)
09-23 23:38:00.116 W/CompanionDeviceManagerService( 1487): at com.android.server.SystemServiceManager.onUser(SystemServiceManager.java:364)
09-23 23:38:00.116 W/CompanionDeviceManagerService( 1487): at com.android.server.SystemServiceManager.onUserUnlocking(SystemServiceManager.java:304)
