09-23 23:38:02.732 E/.qiyi.video.pa( 3499): Not starting debugger since process cannot load the jdwp agent.
09-23 23:38:02.733 D/ProcessState( 3499): Binder ioctl to enable oneway spam detection failed: Invalid argument
09-23 23:38:02.735 I/InputDispatcher( 1487): Erasing monitor swipe-up (server) on display 0, pid=2348
09-23 23:38:02.735 I/InputDispatcher( 1487): Created monitor swipe-up for display 0, gesture=true, pid=2348
09-23 23:38:02.735 D/audio_hw_primary( 815): out_set_parameters: enter: usecase(1: low-latency-playback) kvpairs: suspend_playback=true
09-23 23:38:02.735 D/audio_hw_extn( 815): audio_extn_fm_set_parameters: Enter
09-23 23:38:02.736 I/am_proc_bound( 1487): [0,3499,com.qiyi.video.pad]
09-23 23:38:02.737 D/CompatibilityChangeReporter( 1487): Compat change id reported: 168419799; UID 10100; state: DISABLED
09-23 23:38:02.737 D/CompatibilityInfo( 1487): mCompatibilityFlags - 4
09-23 23:38:02.737 D/CompatibilityInfo( 1487): applicationDensity - 240
09-23 23:38:02.737 D/CompatibilityInfo( 1487): applicationScale - 1.0
09-23 23:38:02.738 D/CompatibilityInfo( 1487): mCompatibilityFlags - 4
09-23 23:38:02.738 D/CompatibilityInfo( 1487): applicationDensity - 240
09-23 23:38:02.738 D/CompatibilityInfo( 1487): applicationScale - 1.0
09-23 23:38:02.739 D/CompatibilityInfo( 1487): mCompatibilityFlags - 4
09-23 23:38:02.739 D/CompatibilityInfo( 1487): applicationDensity - 240
09-23 23:38:02.739 D/CompatibilityInfo( 1487): applicationScale - 1.0
09-23 23:38:02.739 D/CompatibilityInfo( 1487): mCompatibilityFlags - 4
09-23 23:38:02.739 D/CompatibilityInfo( 1487): applicationDensity - 240
09-23 23:38:02.739 D/CompatibilityInfo( 1487): applicationScale - 1.0
09-23 23:38:02.741 D/CompatibilityChangeReporter( 3499): Compat change id reported: 171979766; UID 10100; state: ENABLED
09-23 23:38:02.743 D/ApplicationLoaders( 3499): Returning zygote-cached class loader: /system/framework/android.test.base.jar
09-23 23:38:02.746 D/audio_hw_primary( 815): out_set_parameters: enter: usecase(1: low-latency-playback) kvpairs: suspend_playback=false
09-23 23:38:02.746 D/audio_hw_extn( 815): audio_extn_fm_set_parameters: Enter
09-23 23:38:02.755 D/ApplicationLoaders( 3499): Returning zygote-cached class loader: /system/framework/android.test.base.jar
09-23 23:38:02.755 D/audio_hw_primary( 815): out_set_parameters: enter: usecase(1: low-latency-playback) kvpairs: suspend_playback=true
09-23 23:38:02.755 D/audio_hw_extn( 815): audio_extn_fm_set_parameters: Enter
09-23 23:38:02.758 D/BluetoothHeadset( 1843): Proxy object connected
09-23 23:38:02.758 D/BluetoothDatabase( 1836): getBondedDevicesOrdered: Invalid address for device LocalStorage
09-23 23:38:02.758 W/.qiyi.video.pa( 3499): ClassLoaderContext shared library size mismatch. Expected=0, found=2 (PCL[] | PCL[]{PCL[/system/framework/android.test.base.jar*3790657674]#PCL[/system/framework/android.test.mock.jar*319419140]})
09-23 23:38:02.758 D/BluetoothPbapService( 1836): getConnectionState: 50:C0:F0:71:EB:E4
09-23 23:38:02.759 D/HearingAidService( 1836): getActiveDevices
09-23 23:38:02.761 I/sysui_multi_action( 1843): [757,803,799,note_peek,802,1]
09-23 23:38:02.761 W/TouchableRegionManager( 1843): onHeadsUpPinnedModeChanged
09-23 23:38:02.764 D/CompatibilityInfo( 1487): mCompatibilityFlags - 4
09-23 23:38:02.764 D/CompatibilityInfo( 1487): applicationDensity - 240
09-23 23:38:02.764 D/CompatibilityInfo( 1487): applicationScale - 1.0
09-23 23:38:02.765 D/audio_hw_primary( 815): out_set_parameters: enter: usecase(1: low-latency-playback) kvpairs: suspend_playback=false
09-23 23:38:02.765 D/audio_hw_extn( 815): audio_extn_fm_set_parameters: Enter
09-23 23:38:02.766 D/StatusBar( 1843): disable disable2
09-23 23:38:02.766 I/sysui_multi_action( 1487): [757,127,758,1]
09-23 23:38:02.766 I/sysui_multi_action( 1487): [757,804,799,note_load,801,1,802,1]
09-23 23:38:02.766 I/notification_panel_revealed( 1487): 1
09-23 23:38:02.767 I/sysui_heads_up_status( 1843): [-1|android|26|null|1000,1]
09-23 23:38:02.774 D/BluetoothPbapService( 1836): getConnectionState: 50:C0:F0:71:EB:E4
09-23 23:38:02.774 D/audio_hw_primary( 815): out_set_parameters: enter: usecase(1: low-latency-playback) kvpairs: suspend_playback=true
09-23 23:38:02.774 D/audio_hw_extn( 815): audio_extn_fm_set_parameters: Enter
09-23 23:38:02.775 D/BluetoothPbapService( 1836): getConnectionState: 50:C0:F0:71:EB:E4
09-23 23:38:02.776 D/BluetoothPbapService( 1836): getConnectionState: 50:C0:F0:71:EB:E4
09-23 23:38:02.776 I/MediaFocusControl( 1487): abandonAudioFocus() from uid/pid 10081/1843 clientId=android.media.AudioManager@a1b7d20
09-23 23:38:02.776 V/MediaPlayer( 1843): resetDrmState: mDrmInfo=null mDrmProvisioningThread=null mPrepareDrmInProgress=false mActiveDrmScheme=false
09-23 23:38:02.776 D/Avrcp_ext( 1836): AudioManager Player: AudioPlaybackConfiguration piid:103 deviceId:0 type:android.media.SoundPool u/pid:10081/1843 state:idle attr:AudioAttributes: usage=USAGE_ASSISTANCE_SONIFICATION content=CONTENT_TYPE_SONIFICATION flags=0x800 tags= bundle=null sessionId:0
09-23 23:38:02.776 V/MediaPlayer( 1843): cleanDrmObj: mDrmObj=null mDrmSessionId=null
09-23 23:38:02.776 D/Avrcp_ext( 1836): AudioManager Player: AudioPlaybackConfiguration piid:95 deviceId:0 type:android.media.SoundPool u/pid:1000/1487 state:idle attr:AudioAttributes: usage=USAGE_ASSISTANCE_SONIFICATION content=CONTENT_TYPE_SONIFICATION flags=0x800 tags= bundle=null sessionId:0
09-23 23:38:02.776 D/NuPlayerDriver( 1208): reset(0xf1301d70) at state 6
09-23 23:38:02.776 D/Avrcp_ext( 1836): AudioManager Player: AudioPlaybackConfiguration piid:111 deviceId:3 type:android.media.MediaPlayer u/pid:10081/1843 state:stopped attr:AudioAttributes: usage=USAGE_NOTIFICATION content=CONTENT_TYPE_SONIFICATION flags=0x800 tags= bundle=null sessionId:0
09-23 23:38:02.776 D/Avrcp_ext( 1836): AudioManager isPlaying: false, mAudioPlaybackIsActive = true
09-23 23:38:02.776 D/Avrcp_ext( 1836): AudioManager Reset Active Player
09-23 23:38:02.777 D/audio_hw_primary( 815): out_set_parameters: enter: usecase(1: low-latency-playback) kvpairs: suspend_playback=false
09-23 23:38:02.777 D/audio_hw_extn( 815): audio_extn_fm_set_parameters: Enter
09-23 23:38:02.778 I/hw-BpHwBinder( 1249): onLastStrongRef automatically unlinking death recipients
09-23 23:38:02.778 I/hw-BpHwBinder( 1208): onLastStrongRef automatically unlinking death recipients
09-23 23:38:02.778 V/C2Store ( 1249): in ~ComponentModule
09-23 23:38:02.778 V/C2Store ( 1249): unloading dll
09-23 23:38:02.780 D/NuPlayerDriver( 1208): notifyResetComplete(0xf1301d70)
09-23 23:38:02.780 V/Avrcp_ext( 1836): updateCurrentMediaState: mMediaController: MediaController (com.android.systemui@86ec610) null
09-23 23:38:02.780 W/Avrcp_ext( 1836): isMusicActive: false getBluetoothPlayState: 2 A2dp State: 11 mAudioPlaybackIsActive: false
09-23 23:38:02.780 W/AMessage( 1208): failed to post message as target looper for handler 0 is gone.
09-23 23:38:02.781 D/Avrcp_ext( 1836): isMusicActive = false mAudioPlaybackIsActive = false player state = null
09-23 23:38:02.781 I/Avrcp_ext( 1836): Skipping update due to invalid playback state
09-23 23:38:02.781 V/Avrcp_ext( 1836): updatePlaybackState, state: null device: null
09-23 23:38:02.781 V/Avrcp_ext( 1836): Device: no name:
09-23 23:38:02.781 V/Avrcp_ext( 1836): Device: no name:
09-23 23:38:02.781 V/Avrcp_ext( 1836): Device: no name:
09-23 23:38:02.781 V/Avrcp_ext( 1836): Device: no name:
09-23 23:38:02.781 V/Avrcp_ext( 1836): Device: no name:
09-23 23:38:02.781 V/Avrcp_ext( 1836): updatePlayerStateAndPosition, old=PlaybackState {state=2, position=-1, buffered position=0, speed=0.0, updated=17278, actions=0, custom actions=[], active item id=-1, error=null}, state=null
09-23 23:38:02.781 I/Avrcp_ext( 1836): updatePlayerStateAndPosition: device: state = null
09-23 23:38:02.781 D/Avrcp_ext( 1836): AudioManager Player: AudioPlaybackConfiguration piid:103 deviceId:0 type:android.media.SoundPool u/pid:10081/1843 state:idle attr:AudioAttributes: usage=USAGE_ASSISTANCE_SONIFICATION content=CONTENT_TYPE_SONIFICATION flags=0x800 tags= bundle=null sessionId:0
09-23 23:38:02.782 D/Avrcp_ext( 1836): AudioManager Player: AudioPlaybackConfiguration piid:95 deviceId:0 type:android.media.SoundPool u/pid:1000/1487 state:idle attr:AudioAttributes: usage=USAGE_ASSISTANCE_SONIFICATION content=CONTENT_TYPE_SONIFICATION flags=0x800 tags= bundle=null sessionId:0
09-23 23:38:02.782 D/Avrcp_ext( 1836): AudioManager isPlaying: false, mAudioPlaybackIsActive = false
09-23 23:38:02.782 D/Avrcp_ext( 1836): AudioManager Reset Active Player
09-23 23:38:02.785 D/StatusBar( 1843): disable disable2
09-23 23:38:02.805 W/ConstraintSet( 1843): id unknown center_vertical_guideline
09-23 23:38:02.805 W/ConstraintSet( 1843): id unknown center_horizontal_guideline
09-23 23:38:02.805 W/ConstraintSet( 1843): id unknown media_action_barrier
09-23 23:38:02.805 W/ConstraintSet( 1843): id unknown remove_text
09-23 23:38:02.805 W/ConstraintSet( 1843): id unknown settings
09-23 23:38:02.805 W/ConstraintSet( 1843): id unknown cancel
09-23 23:38:02.805 W/ConstraintSet( 1843): id unknown dismiss
09-23 23:38:02.813 W/ConstraintSet( 1843): id unknown center_vertical_guideline
09-23 23:38:02.813 W/ConstraintSet( 1843): id unknown center_horizontal_guideline
09-23 23:38:02.813 W/ConstraintSet( 1843): id unknown media_action_barrier
09-23 23:38:02.813 W/ConstraintSet( 1843): id unknown remove_text
09-23 23:38:02.813 W/ConstraintSet( 1843): id unknown settings
09-23 23:38:02.813 W/ConstraintSet( 1843): id unknown cancel
09-23 23:38:02.813 W/ConstraintSet( 1843): id unknown dismiss
09-23 23:38:02.819 W/ConstraintSet( 1843): id unknown center_vertical_guideline
09-23 23:38:02.819 W/ConstraintSet( 1843): id unknown center_horizontal_guideline
09-23 23:38:02.819 W/ConstraintSet( 1843): id unknown media_action_barrier
09-23 23:38:02.819 W/ConstraintSet( 1843): id unknown remove_text
09-23 23:38:02.819 W/ConstraintSet( 1843): id unknown settings
09-23 23:38:02.819 W/ConstraintSet( 1843): id unknown cancel
09-23 23:38:02.819 W/ConstraintSet( 1843): id unknown dismiss
09-23 23:38:02.824 D/audio_hw_primary( 815): out_set_parameters: enter: usecase(1: low-latency-playback) kvpairs: suspend_playback=true
09-23 23:38:02.824 D/audio_hw_extn( 815): audio_extn_fm_set_parameters: Enter
09-23 23:38:02.824 D/msm8974_platform( 815): platform_split_snd_device: snd_device(2) num devices(1) new_snd_devices(0)
09-23 23:38:02.824 D/ACDB-LOADER( 815): ACDB -> send_audvoltable
09-23 23:38:02.824 D/ACDB-LOADER( 815): ACDB -> ACDB_CMD_GET_AUDPROC_INSTANCE_GAIN_DEP_STEP_TABLE_SIZE
09-23 23:38:02.824 D/ACDB-LOADER( 815): ACDB -> ACDB_CMD_GET_AUDPROC_INSTANCE_GAIN_DEP_STEP_TABLE, vol index 0
09-23 23:38:02.824 D/ACDB-LOADER( 815): ACDB -> AUDIO_SET_VOL_CAL cal type = 40
09-23 23:38:02.825 W/ConstraintSet( 1843): id unknown center_vertical_guideline
09-23 23:38:02.825 W/ConstraintSet( 1843): id unknown center_horizontal_guideline
09-23 23:38:02.825 W/ConstraintSet( 1843): id unknown media_action_barrier
09-23 23:38:02.825 W/ConstraintSet( 1843): id unknown remove_text
09-23 23:38:02.825 W/ConstraintSet( 1843): id unknown settings
09-23 23:38:02.825 W/ConstraintSet( 1843): id unknown cancel
09-23 23:38:02.825 W/ConstraintSet( 1843): id unknown dismiss
09-23 23:38:02.825 D/msm8974_platform( 815): platform_split_snd_device: snd_device(2) num devices(1) new_snd_devices(0)
09-23 23:38:02.830 W/ConstraintSet( 1843): id unknown center_vertical_guideline
09-23 23:38:02.830 W/ConstraintSet( 1843): id unknown center_horizontal_guideline
09-23 23:38:02.830 W/ConstraintSet( 1843): id unknown media_action_barrier
09-23 23:38:02.830 W/ConstraintSet( 1843): id unknown remove_text
09-23 23:38:02.830 W/ConstraintSet( 1843): id unknown settings
09-23 23:38:02.830 W/ConstraintSet( 1843): id unknown cancel
09-23 23:38:02.830 W/ConstraintSet( 1843): id unknown dismiss
09-23 23:38:02.835 W/ConstraintSet( 1843): id unknown center_vertical_guideline
09-23 23:38:02.835 W/ConstraintSet( 1843): id unknown center_horizontal_guideline
09-23 23:38:02.835 W/ConstraintSet( 1843): id unknown media_action_barrier
09-23 23:38:02.835 W/ConstraintSet( 1843): id unknown remove_text
09-23 23:38:02.835 W/ConstraintSet( 1843): id unknown settings
09-23 23:38:02.835 W/ConstraintSet( 1843): id unknown cancel
09-23 23:38:02.835 W/ConstraintSet( 1843): id unknown dismiss
09-23 23:38:02.839 W/ConstraintSet( 1843): id unknown center_vertical_guideline
09-23 23:38:02.839 W/ConstraintSet( 1843): id unknown center_horizontal_guideline
09-23 23:38:02.839 W/ConstraintSet( 1843): id unknown media_action_barrier
09-23 23:38:02.839 W/ConstraintSet( 1843): id unknown remove_text
09-23 23:38:02.840 W/ConstraintSet( 1843): id unknown settings
09-23 23:38:02.840 W/ConstraintSet( 1843): id unknown cancel
09-23 23:38:02.840 W/ConstraintSet( 1843): id unknown dismiss
09-23 23:38:02.843 I/Perf ( 3499): Connecting to perf service.
09-23 23:38:02.845 W/ConstraintSet( 1843): id unknown center_vertical_guideline
09-23 23:38:02.845 W/ConstraintSet( 1843): id unknown center_horizontal_guideline
09-23 23:38:02.845 W/ConstraintSet( 1843): id unknown media_action_barrier
09-23 23:38:02.845 W/ConstraintSet( 1843): id unknown remove_text
09-23 23:38:02.845 W/ConstraintSet( 1843): id unknown settings
09-23 23:38:02.845 W/ConstraintSet( 1843): id unknown cancel
09-23 23:38:02.845 W/ConstraintSet( 1843): id unknown dismiss
09-23 23:38:02.845 V/GraphicsEnvironment( 3499): ANGLE Developer option for 'com.qiyi.video.pad' set to: 'default'
09-23 23:38:02.845 V/GraphicsEnvironment( 3499): ANGLE GameManagerService for com.qiyi.video.pad: false
09-23 23:38:02.845 V/GraphicsEnvironment( 3499): Updatable production driver is not supported on the device.
09-23 23:38:02.846 D/NetworkSecurityConfig( 3499): Using Network Security Config from resource unused_res_a debugBuild: false
09-23 23:38:02.846 D/NetworkSecurityConfig( 3499): Using Network Security Config from resource unused_res_a debugBuild: false
09-23 23:38:02.846 I/GMultiDex( 3499): VM has multidex support, MultiDex support library is disabled.
09-23 23:38:02.847 D/Tinker.TinkerLoader( 3499): tryLoad test test
09-23 23:38:02.847 W/Tinker.TinkerLoader( 3499): tryLoadPatchFiles:patch dir not exist:/data/user/0/com.qiyi.video.pad/tinker
09-23 23:38:02.847 D/TMTracker( 3499): VideoApplicationDelegate#start
09-23 23:38:02.848 D/TMTracker( 3499): app.onBaseContextAttached#start
09-23 23:38:02.848 D/TMTracker( 3499): onBaseContextAttached.onInjectContext#start
09-23 23:38:02.848 I/CheckDebugBeforeLogging( 3499): DebugLog executed
09-23 23:38:02.848 I/Qiyi_DebugLog( 3499): setIsDebug:false
09-23 23:38:02.849 D/TMTracker( 3499): onBaseContextAttached.onInjectContext#end
09-23 23:38:02.849 D/TMTracker( 3499): onBaseContextAttached.PingbackInitTask#start
09-23 23:38:02.849 D/TMTracker( 3499): onBaseContextAttached.PingbackInitTask#end
09-23 23:38:02.849 D/TMTracker( 3499): onBaseContextAttached.initProcess#start
09-23 23:38:02.849 D/ColorDisplayService( 1487): NightDisplayTintController Animation cancelled: false to matrix:
09-23 23:38:02.849 D/ColorDisplayService( 1487): 1.000000 0.000000 0.000000 0.000000 0.000000 1.000000 0.000000 0.000000 0.000000 0.000000 1.000000 0.000000 0.000000 0.000000 0.000000 1.000000 min matrix coefficients:
09-23 23:38:02.849 D/ColorDisplayService( 1487): 1.000000 0.000000 0.000000 0.000000 0.000000 1.000000 0.000000 0.000000 0.000000 0.000000 1.000000 0.000000 0.000000 0.000000 0.000000 1.000000 max matrix coefficients:
09-23 23:38:02.849 D/ColorDisplayService( 1487): 1.000000 0.000000 0.000000 0.000000 0.000000 1.000000 0.000000 0.000000 0.000000 0.000000 1.000000 0.000000 0.000000 0.000000 0.000000 1.000000
09-23 23:38:02.849 D/TMTracker( 3499): onBaseContextAttached.initProcess#end
09-23 23:38:02.849 D/TMTracker( 3499): onBaseContextAttached.initTaskManager#start
09-23 23:38:02.849 E/DeviceGrading( 3499): GradingCenter#config GC has not been initialized!
09-23 23:38:02.857 D/TMTracker( 3499): onBaseContextAttached.initTaskManager#end
09-23 23:38:02.857 D/TMTracker( 3499): onBaseContextAttached.GradingSdkInitTask#start
09-23 23:38:02.859 I/MMKV ( 3499): current API level = 31
09-23 23:38:02.859 I/MMKV ( 3499): page size:4096
09-23 23:38:02.860 I/MMKV ( 3499): root dir: /data/user/0/com.qiyi.video.pad/files/mmkv
09-23 23:38:02.861 D/TMTracker( 3499): onBaseContextAttached.GradingSdkInitTask#end
09-23 23:38:02.861 D/TMTracker( 3499): onBaseContextAttached.SensitiveApiEnv#start
09-23 23:38:02.861 I/Lens_LensLoader( 3499): LensLoader#load:apiImplClass=com.qiyi.lens.LensApiImpl policy=2
09-23 23:38:02.862 D/TMTracker( 3499): onBaseContextAttached.SensitiveApiEnv#end
09-23 23:38:02.862 D/TMTracker( 3499): onBaseContextAttached.CrashReporterTask#start
09-23 23:38:02.873 W/View ( 1843): requestLayout() improperly called by com.android.keyguard.AlphaOptimizedLinearLayout{a1e0e08 V.E...... ......ID 4,0-27,33 #7f0b068d app:id/wifi_group} during layout: running second layout pass
09-23 23:38:02.880 W/View ( 1843): requestLayout() improperly called by com.android.keyguard.AlphaOptimizedLinearLayout{94299a1 V.E...... ......ID 4,0-27,33 #7f0b068d app:id/wifi_group} during layout: running second layout pass
09-23 23:38:02.899 I/mpu_uart( 654): [MSG-P:R]:recv sync frame timeout
09-23 23:38:02.900 I/mpu_uart( 654): [MSG-P:RECV]:No message received in 1000 ms
09-23 23:38:02.918 I/Perf ( 3476): Connecting to perf service.
09-23 23:38:02.923 V/GraphicsEnvironment( 3476): ANGLE Developer option for 'com.smile.gifmaker' set to: 'default'
09-23 23:38:02.923 V/GraphicsEnvironment( 3476): ANGLE GameManagerService for com.smile.gifmaker: false
09-23 23:38:02.923 V/GraphicsEnvironment( 3476): Updatable production driver is not supported on the device.
09-23 23:38:02.924 D/NetworkSecurityConfig( 3476): Using Network Security Config from resource arg debugBuild: false
09-23 23:38:02.925 D/NetworkSecurityConfig( 3476): Using Network Security Config from resource arg debugBuild: false
09-23 23:38:02.934 D/TMTracker( 3499): onBaseContextAttached.CrashReporterTask#end
09-23 23:38:02.934 D/TMTracker( 3499): onBaseContextAttached.initModuleManager#start
09-23 23:38:02.938 D/Tinker.DefaultAppLike( 3499): onBaseContextAttached:
09-23 23:38:02.938 D/TMTracker( 3499): onBaseContextAttached.initModuleManager#end
09-23 23:38:02.938 D/TMTracker( 3499): onBaseContextAttached.ParallelTask#start
09-23 23:38:02.939 D/TMTracker( 3499): ParallelTask.installQigsaw#start
09-23 23:38:02.939 D/TMTracker( 3499): ParallelTask.initProxyApplication#start
09-23 23:38:02.939 D/TMTracker( 3499): ParallelTask.initProxyApplication#end
09-23 23:38:02.939 D/TMTracker( 3499): ParallelTask.attach#start
09-23 23:38:02.939 D/TMTracker( 3499): attach.BaseLibContext#start
09-23 23:38:02.941 D/TMTracker( 3499): ParallelTask.installQigsaw#end
09-23 23:38:02.942 D/TMTracker( 3499): attach.BaseLibContext#end
09-23 23:38:02.942 D/TMTracker( 3499): attach.triggerEvent#start
09-23 23:38:02.951 D/TMTracker( 3499): attach.triggerEvent#end
09-23 23:38:02.951 D/TMTracker( 3499): attach.initLicenseChecker#start
09-23 23:38:02.953 D/TMTracker( 3499): attach.initLicenseChecker#end
09-23 23:38:02.953 D/TMTracker( 3499): attach.QyDiagnoseCallbackTask#start
09-23 23:38:02.954 D/TMTracker( 3499): attach.QyDiagnoseCallbackTask#end
09-23 23:38:02.954 D/TMTracker( 3499): attach.JMEventTask#start
09-23 23:38:02.954 D/TMTracker( 3499): attach.JMEventTask#end
09-23 23:38:02.954 D/TMTracker( 3499): ParallelTask.attach#end
09-23 23:38:02.954 D/TMTracker( 3499): ParallelTask.startPreloadAd#start
09-23 23:38:02.955 D/TMTracker( 3499): ParallelTask.startPreloadAd#end
09-23 23:38:02.956 D/TMTracker( 3499): onBaseContextAttached.ParallelTask#end
09-23 23:38:02.956 D/TMTracker( 3499): onBaseContextAttached.initLosew#start
09-23 23:38:02.956 D/TMTracker( 3499): onBaseContextAttached.initLosew#end
09-23 23:38:02.956 D/TMTracker( 3499): app.onBaseContextAttached#end
09-23 23:38:02.956 D/TMTracker( 3499): app.installContentProvider#start
09-23 23:38:02.959 W/HMSSDK_PushPreferences( 3499): get new sharedPreferences failed,start to get from context.
09-23 23:38:02.960 I/AGConnectProvider( 3499): AGConnectInitializeProvider#onCreate
09-23 23:38:02.960 I/AGConnectInstance( 3499): AGConnectInstance#initialize
09-23 23:38:02.960 I/ServiceRegistrarParser( 3499): getServices
09-23 23:38:02.962 I/ServiceRegistrarParser( 3499): services:0
09-23 23:38:02.968 I/MMKV ( 3476): current API level = 31, libc++_shared=1
09-23 23:38:02.971 I/MMKV ( 3476): version v1.2.13, page size 4096, arch armeabi-v7a/NEON
09-23 23:38:02.972 I/MMKV ( 3476): root dir: /data/user/0/com.smile.gifmaker/files/mmkv
09-23 23:38:02.973 I/MMKV ( 3476): open fd[0x42], /data/user/0/com.smile.gifmaker/files/mmkv/gifshow
09-23 23:38:02.974 I/MMKV ( 3476): open fd[0x43], /data/user/0/com.smile.gifmaker/files/mmkv/gifshow.crc
09-23 23:38:02.974 I/MMKV ( 3476): loading [gifshow] with 8706 actual size, file size 16384, InterProcess 1, meta info version:3
09-23 23:38:02.974 I/MMKV ( 3476): loading [gifshow] with crc 737713515 sequence 6 version 3
09-23 23:38:02.975 I/MMKV ( 3476): loaded [gifshow] with 104 key-values
09-23 23:38:02.983 D/CardWidget.GlobalDIConfig( 3499): initial...
09-23 23:38:02.985 D/DataChannel.ClientChannel( 3499): initClientImpl serverAuthority = [com.oplus.cardservice.repository.provider.CardServiceServerProvider], clientName = [com.iqiyi.oppocard.OppoCardProvider], client = [com.iqiyi.oppocard.OppoCardProvider@5954711]
09-23 23:38:02.986 I/MMKV ( 3476): open fd[0x3c], /data/user/0/com.smile.gifmaker/files/mmkv/safe_mode
09-23 23:38:02.986 I/MMKV ( 3476): open fd[0x45], /data/user/0/com.smile.gifmaker/files/mmkv/safe_mode.crc
09-23 23:38:02.987 I/MMKV ( 3476): loading [safe_mode] with 55 actual size, file size 4096, InterProcess 1, meta info version:3
09-23 23:38:02.987 I/MMKV ( 3476): loading [safe_mode] with crc 2332062801 sequence 1 version 3
09-23 23:38:02.987 I/MMKV ( 3476): loaded [safe_mode] with 2 key-values
09-23 23:38:02.988 D/DataChannel.ClientProxy.OppoCardProvider( 3499): tryRegisterContentObserver
09-23 23:38:02.988 D/WM-WrkMgrInitializer( 3499): Initializing WorkManager with default configuration.
09-23 23:38:02.989 D/DataChannel.ClientProxy.OppoCardProvider( 3499): try registerContentObserver error java.lang.SecurityException: Failed to find provider com.oplus.cardservice.repository.provider.CardServiceServerProvider for user 0; expected to find a valid ContentProvider for this authority
09-23 23:38:02.990 E/ActivityThread( 3499): Failed to find provider info for com.oplus.cardservice.repository.provider.CardServiceServerProvider
09-23 23:38:02.990 D/DataChannel.ClientProxy.OppoCardProvider( 3499): pullCommand with null client
09-23 23:38:02.991 D/DataChannel.ClientProxy.OppoCardProvider( 3499): pullAndRunCommand commandList = []
09-23 23:38:02.991 D/DataChannel.ClientProxy.OppoCardProvider( 3499): processCommandList: distinct processCommands = []
09-23 23:38:02.991 D/DataChannel.ClientProxy.OppoCardProvider( 3499): processCommandList: detail processCommands = []
09-23 23:38:03.006 I/Zeus/init( 3499): ZeusManager init, context = com.qiyi.video.VideoApplication@f5b6c2d, hParam = com.bytedance.pangle.GlobalParam@cb0f562
09-23 23:38:03.008 E/flipped ( 3499): init succeeded.
09-23 23:38:03.008 E/flipped ( 3499): Attach current thread 0
09-23 23:38:03.008 E/flipped ( 3499): Detach current thread 0
09-23 23:38:03.009 E/flipped ( 3499): Attach current thread 0
09-23 23:38:03.009 E/flipped ( 3499): Detach current thread 0
09-23 23:38:03.010 W/Zeus/init( 3499): ZeusManager disableApiWarningShownForAndroidP, true
09-23 23:38:03.011 W/Zeus/provider( 3499): Need to init system provider info start [packageNam:=com.qiyi.video.pad],[processName=com.qiyi.video.pad],[authority:com.qiyi.video.pad.pangle.provider.proxy.main]
09-23 23:38:03.011 W/Zeus/provider( 3499): Init system provider info finish [packageNam:=com.qiyi.video.pad],[processName=com.qiyi.video.pad],[authority:com.qiyi.video.pad.pangle.provider.proxy.main]
09-23 23:38:03.011 D/PushSdkUtils( 3499): get EMUI version is:
09-23 23:38:03.013 D/CompatibilityChangeReporter( 3499): Compat change id reported: 160794467; UID 10100; state: ENABLED
09-23 23:38:03.016 D/TMTracker( 3499): app.installContentProvider#end
09-23 23:38:03.016 D/TMTracker( 3499): app.onCreate#start
09-23 23:38:03.016 D/Tinker.DefaultAppLike( 3499): onCreate
09-23 23:38:03.016 D/TMTracker( 3499): initWithPermission#start
09-23 23:38:03.016 I/MMKV ( 3476): open fd[0x4c], /data/user/0/com.smile.gifmaker/files/mmkv/pref_id_OpenNetworkTypeCache
09-23 23:38:03.017 I/MMKV ( 3476): open fd[0x4d], /data/user/0/com.smile.gifmaker/files/mmkv/pref_id_OpenNetworkTypeCache.crc
09-23 23:38:03.018 I/MMKV ( 3476): loading [pref_id_OpenNetworkTypeCache] with 50 actual size, file size 4096, InterProcess 1, meta info version:3
09-23 23:38:03.018 I/MMKV ( 3476): loading [pref_id_OpenNetworkTypeCache] with crc 3138519440 sequence 1 version 3
09-23 23:38:03.018 I/MMKV ( 3476): loaded [pref_id_OpenNetworkTypeCache] with 1 key-values
09-23 23:38:03.019 I/jvmfix ( 3499): [JvmFixInternal]: init ok
09-23 23:38:03.019 D/TMTracker( 3499): initWithPermission#end
09-23 23:38:03.019 D/TMTracker( 3499): initWithoutPermission#start
09-23 23:38:03.019 D/TMTracker( 3499): initWithoutPermission.QyWorkManager#start
09-23 23:38:03.020 D/ConnectivityService( 1487): requestNetwork for uid/pid:1000/1487 asUid: 10100 activeRequest: null callbackRequest: 30 [NetworkRequest [ REQUEST id=31, [ Capabilities: INTERNET&NOT_RESTRICTED&TRUSTED&NOT_VCN_MANAGED Uid: 10100 RequestorUid: 1000 RequestorPkg: android] ]] callback flags: 0 priority: 2147483647
09-23 23:38:03.020 D/TMTracker( 3499): initWithoutPermission.QyWorkManager#end
09-23 23:38:03.020 D/TMTracker( 3499): initWithoutPermission.initBasicBaseTask#start
09-23 23:38:03.020 D/ConnectivityService( 1487): NetReassign [no changes]
09-23 23:38:03.020 D/PingbackSDK( 3499): initAndGet base
09-23 23:38:03.020 D/Ethernet( 1487): got request NetworkRequest [ REQUEST id=31, [ Capabilities: INTERNET&NOT_RESTRICTED&TRUSTED&NOT_VCN_MANAGED Uid: 10100 RequestorUid: 1000 RequestorPkg: android] ]
09-23 23:38:03.021 D/EthernetNetworkFactory( 1487): acceptRequest, request: NetworkRequest [ REQUEST id=31, [ Capabilities: INTERNET&NOT_RESTRICTED&TRUSTED&NOT_VCN_MANAGED Uid: 10100 RequestorUid: 1000 RequestorPkg: android] ]
09-23 23:38:03.021 I/EthernetNetworkFactory( 1487): networkForRequest, request: NetworkRequest [ REQUEST id=31, [ Capabilities: INTERNET&NOT_RESTRICTED&TRUSTED&NOT_VCN_MANAGED Uid: 10100 RequestorUid: 1000 RequestorPkg: android] ], network: null
09-23 23:38:03.021 D/WifiNetworkFactory( 1487): got request NetworkRequest [ REQUEST id=31, [ Capabilities: INTERNET&NOT_RESTRICTED&TRUSTED&NOT_VCN_MANAGED Uid: 10100 RequestorUid: 1000 RequestorPkg: android] ]
09-23 23:38:03.021 D/UntrustedWifiNetworkFactory( 1487): got request NetworkRequest [ REQUEST id=31, [ Capabilities: INTERNET&NOT_RESTRICTED&TRUSTED&NOT_VCN_MANAGED Uid: 10100 RequestorUid: 1000 RequestorPkg: android] ]
09-23 23:38:03.021 D/OemPaidWifiNetworkFactory( 1487): got request NetworkRequest [ REQUEST id=31, [ Capabilities: INTERNET&NOT_RESTRICTED&TRUSTED&NOT_VCN_MANAGED Uid: 10100 RequestorUid: 1000 RequestorPkg: android] ]
09-23 23:38:03.022 D/mcssdk---( 3499): MCS-->fbeVersion is true
09-23 23:38:03.022 I/MMKV ( 3476): open fd[0x4e], /data/user/0/com.smile.gifmaker/files/mmkv/log_store
09-23 23:38:03.023 I/MMKV ( 3476): open fd[0x51], /data/user/0/com.smile.gifmaker/files/mmkv/log_store.crc
09-23 23:38:03.024 I/MMKV ( 3476): loading [log_store] with 59 actual size, file size 4096, InterProcess 1, meta info version:3
09-23 23:38:03.024 I/MMKV ( 3476): loading [log_store] with crc 4273459057 sequence 1 version 3
09-23 23:38:03.024 I/MMKV ( 3476): loaded [log_store] with 2 key-values
09-23 23:38:03.030 W/System ( 3476): ClassLoader referenced unknown path:
09-23 23:38:03.031 W/.smile.gifmake( 3476): Unsupported class loader
09-23 23:38:03.033 W/System ( 3476): ClassLoader referenced unknown path:
09-23 23:38:03.034 W/.smile.gifmake( 3476): Unsupported class loader
09-23 23:38:03.054 I/MMKV ( 3476): open fd[0x5a], /data/user/0/com.smile.gifmaker/files/mmkv/TEST_CONFIG
09-23 23:38:03.055 I/MMKV ( 3476): open fd[0x5b], /data/user/0/com.smile.gifmaker/files/mmkv/TEST_CONFIG.crc
09-23 23:38:03.055 I/MMKV ( 3476): loading [TEST_CONFIG] with 114 actual size, file size 4096, InterProcess 1, meta info version:3
09-23 23:38:03.055 I/MMKV ( 3476): loading [TEST_CONFIG] with crc 995895484 sequence 1 version 3
09-23 23:38:03.055 I/MMKV ( 3476): loaded [TEST_CONFIG] with 5 key-values
09-23 23:38:03.068 I/MMKV ( 3476): open fd[0x52], /data/user/0/com.smile.gifmaker/files/mmkv/exception
09-23 23:38:03.069 I/MMKV ( 3476): open fd[0x53], /data/user/0/com.smile.gifmaker/files/mmkv/exception.crc
09-23 23:38:03.069 I/MMKV ( 3476): loading [exception] with 687 actual size, file size 4096, InterProcess 1, meta info version:3
09-23 23:38:03.069 I/MMKV ( 3476): loading [exception] with crc 1403618326 sequence 1 version 3
09-23 23:38:03.069 I/MMKV ( 3476): loaded [exception] with 14 key-values
09-23 23:38:03.072 W/libc ( 3476): Access denied finding property "ro.odm.manufacturer"
09-23 23:38:03.076 I/BluetoothPhonePolicy( 1836): MESSAGE_AUTO_CONNECT_PROFILES
09-23 23:38:03.076 D/BluetoothAdapterService( 1836): isQuetModeEnabled() - Enabled = false
09-23 23:38:03.076 I/BluetoothPhonePolicy( 1836): autoConnect: Initiate auto connection on BT on...
09-23 23:38:03.076 I/BluetoothPhonePolicy( 1836): autoConnect: mostRecentlyActiveA2dpDevice: null
09-23 23:38:03.076 I/BluetoothPhonePolicy( 1836): autoConnect: mostRecentlyActiveHfpDevice: null
09-23 23:38:03.076 I/BluetoothPhonePolicy( 1836): autoConnect: mostRecentlyConnectedA2dpSrcDevice: 50:C0:F0:71:EB:E4
09-23 23:38:03.076 D/BluetoothPhonePolicy( 1836): not a BC connected device earlier, Ignoring
09-23 23:38:03.076 I/BluetoothPhonePolicy( 1836): autoConnect: attempting auto connection for recently connected A2DP Source device:50:C0:F0:71:EB:E4
09-23 23:38:03.076 E/BluetoothPhonePolicy( 1836): autoConnectA2dpSink, service is null
09-23 23:38:03.076 E/BluetoothPhonePolicy( 1836): autoConnect: most recently active a2dp and hfp devices are null
09-23 23:38:03.083 I/MMKV ( 3476): open fd[0x58], /data/user/0/com.smile.gifmaker/files/mmkv/encode_config
09-23 23:38:03.083 I/MMKV ( 3476): open fd[0x59], /data/user/0/com.smile.gifmaker/files/mmkv/encode_config.crc
09-23 23:38:03.084 I/MMKV ( 3476): loading [encode_config] with 57 actual size, file size 4096, InterProcess 1, meta info version:3
09-23 23:38:03.085 I/MMKV ( 3476): loading [encode_config] with crc 798445330 sequence 1 version 3
09-23 23:38:03.085 I/MMKV ( 3476): loaded [encode_config] with 2 key-values
09-23 23:38:03.086 I/MMKV ( 3476): open fd[0x63], /data/user/0/com.smile.gifmaker/files/mmkv/pref_id_king_data
09-23 23:38:03.087 I/MMKV ( 3476): open fd[0x64], /data/user/0/com.smile.gifmaker/files/mmkv/pref_id_king_data.crc
09-23 23:38:03.087 I/MMKV ( 3476): loading [pref_id_king_data] with 0 actual size, file size 4096, InterProcess 1, meta info version:1
09-23 23:38:03.087 I/MMKV ( 3476): loaded [pref_id_king_data] with 0 key-values
09-23 23:38:03.090 I/KwaiMediaPlayer( 3476): [KwaiPlayer]JNI_OnLoad start
09-23 23:38:03.091 D/TMTracker( 3499): initWithoutPermission.initBasicBaseTask#end
09-23 23:38:03.091 D/TMTracker( 3499): initWithoutPermission.DiagnoseConnectivityManager#start
09-23 23:38:03.092 D/KwaiMediaPlayer( 3476): ===== custom modules begin =====
09-23 23:38:03.093 D/KwaiMediaPlayer( 3476): ===== custom modules end =====
09-23 23:38:03.094 I/KwaiMediaPlayer( 3476): [kwaiplayer.so]JNI_OnLoad finishi
09-23 23:38:03.095 I/KwaiMediaPlayer( 3476): KpMediaPlayer_native_init begin
09-23 23:38:03.095 I/KwaiMediaPlayer( 3476): android_os_Build begin
09-23 23:38:03.095 I/KwaiMediaPlayer( 3476): android_os_Build end, ret:0
09-23 23:38:03.095 I/KwaiMediaPlayer( 3476): java_nio_Buffer begin
09-23 23:38:03.095 D/J4A ( 3476): J4ALoader: OK: 'java.nio.Buffer' loaded
09-23 23:38:03.095 I/KwaiMediaPlayer( 3476): java_nio_Buffer end, ret:0
09-23 23:38:03.095 I/KwaiMediaPlayer( 3476): java_nio_ByteBuffer begin
09-23 23:38:03.095 D/J4A ( 3476): J4ALoader: OK: 'java.nio.ByteBuffer' loaded
09-23 23:38:03.095 I/KwaiMediaPlayer( 3476): java_nio_ByteBuffer end, ret:0
09-23 23:38:03.095 I/KwaiMediaPlayer( 3476): java_util_ArrayList begin
09-23 23:38:03.095 D/J4A ( 3476): J4ALoader: OK: 'java.util.ArrayList' loaded
09-23 23:38:03.095 I/KwaiMediaPlayer( 3476): java_util_ArrayList end, ret:0
09-23 23:38:03.095 I/KwaiMediaPlayer( 3476): android_media_AudioTrack begin
09-23 23:38:03.096 I/J4A ( 3476): API-Level: 31
09-23 23:38:03.096 D/J4A ( 3476): J4ALoader: OK: 'android.media.AudioTrack' loaded
09-23 23:38:03.096 I/KwaiMediaPlayer( 3476): android_media_AudioTrack end, ret:0
09-23 23:38:03.096 I/KwaiMediaPlayer( 3476): android_media_MediaCodec begin
09-23 23:38:03.096 D/J4A ( 3476): J4ALoader: OK: 'android.media.MediaCodec$BufferInfo' loaded
09-23 23:38:03.096 D/J4A ( 3476): J4ALoader: OK: 'android.media.MediaCodec' loaded
09-23 23:38:03.096 I/KwaiMediaPlayer( 3476): android_media_MediaCodec end, ret:0
09-23 23:38:03.096 I/KwaiMediaPlayer( 3476): android_media_MediaFormat begin
09-23 23:38:03.096 D/J4A ( 3476): J4ALoader: OK: 'android.media.MediaFormat' loaded
09-23 23:38:03.096 I/KwaiMediaPlayer( 3476): android_media_MediaFormat end, ret:0
09-23 23:38:03.096 I/KwaiMediaPlayer( 3476): android_media_PlaybackParams begin
09-23 23:38:03.096 D/J4A ( 3476): J4ALoader: OK: 'android.media.PlaybackParams' loaded
09-23 23:38:03.096 I/KwaiMediaPlayer( 3476): android_media_PlaybackParams end, ret:0
09-23 23:38:03.096 I/KwaiMediaPlayer( 3476): android_os_Build begin
09-23 23:38:03.096 I/KwaiMediaPlayer( 3476): android_os_Build end, ret:0
09-23 23:38:03.096 I/KwaiMediaPlayer( 3476): android_os_Bundle begin
09-23 23:38:03.096 D/J4A ( 3476): J4ALoader: OK: 'android.os.Bundle' loaded
09-23 23:38:03.096 I/KwaiMediaPlayer( 3476): android_os_Bundle end, ret:0
09-23 23:38:03.096 I/KwaiMediaPlayer( 3476): com_kwai_video_player_surface_DummySurfaceTexture begin
09-23 23:38:03.096 D/J4A ( 3476): J4ALoader: OK: 'com.kwai.video.player.surface.DummySurfaceTexture' loaded
09-23 23:38:03.096 I/KwaiMediaPlayer( 3476): com_kwai_video_player_surface_DummySurfaceTexture end, ret:0
09-23 23:38:03.096 I/KwaiMediaPlayer( 3476): com_kwai_video_player_misc_IMediaDataSource begin
09-23 23:38:03.096 D/J4A ( 3476): J4ALoader: OK: 'com.kwai.video.player.misc.IMediaDataSource' loaded
09-23 23:38:03.096 I/KwaiMediaPlayer( 3476): com_kwai_video_player_misc_IMediaDataSource end, ret:0
09-23 23:38:03.096 I/KwaiMediaPlayer( 3476): com_kwai_video_player_KsMediaPlayer begin
09-23 23:38:03.096 D/J4A ( 3476): J4ALoader: OK: 'com.kwai.video.player.KsMediaPlayer' loaded
09-23 23:38:03.096 I/KwaiMediaPlayer( 3476): com_kwai_video_player_KsMediaPlayer end, ret:0
09-23 23:38:03.096 I/KwaiMediaPlayer( 3476): com_kwai_video_cache_util_CacheSessionListenerBridge begin
09-23 23:38:03.096 D/J4A ( 3476): J4ALoader: OK: 'com.kwai.video.cache.util.CacheSessionListenerBridge' loaded
09-23 23:38:03.096 I/KwaiMediaPlayer( 3476): com_kwai_video_cache_util_CacheSessionListenerBridge end, ret:0
09-23 23:38:03.097 I/KwaiMediaPlayer( 3476): com_kwai_video_player_kwai_player_KwaiMediaPlayer begin
09-23 23:38:03.097 D/J4A ( 3476): J4ALoader: OK: 'com.kwai.video.player.kwai_player.KwaiMediaPlayer' loaded
09-23 23:38:03.097 I/KwaiMediaPlayer( 3476): com_kwai_video_player_kwai_player_KwaiMediaPlayer end, ret:0
09-23 23:38:03.097 I/KwaiMediaPlayer( 3476): com_kwai_player_debuginfo_model_AppVodQosDebugInfoNew begin
09-23 23:38:03.097 D/J4A ( 3476): J4ALoader: OK: 'com.kwai.player.debuginfo.model.AppVodQosDebugInfoNew' loaded
09-23 23:38:03.097 I/KwaiMediaPlayer( 3476): com_kwai_player_debuginfo_model_AppVodQosDebugInfoNew end, ret:0
09-23 23:38:03.097 I/KwaiMediaPlayer( 3476): com_kwai_player_debuginfo_model_PlayerConfigDebugInfo begin
09-23 23:38:03.097 D/J4A ( 3476): J4ALoader: OK: 'com.kwai.player.debuginfo.model.PlayerConfigDebugInfo' loaded
09-23 23:38:03.097 I/KwaiMediaPlayer( 3476): com_kwai_player_debuginfo_model_PlayerConfigDebugInfo end, ret:0
09-23 23:38:03.097 I/KwaiMediaPlayer( 3476): com_kwai_player_debuginfo_model_AppLiveQosDebugInfoNew begin
09-23 23:38:03.097 D/J4A ( 3476): J4ALoader: OK: 'com.kwai.player.debuginfo.model.AppLiveQosDebugInfoNew' loaded
09-23 23:38:03.097 I/KwaiMediaPlayer( 3476): com_kwai_player_debuginfo_model_AppLiveQosDebugInfoNew end, ret:0
09-23 23:38:03.097 I/KwaiMediaPlayer( 3476): com_kwai_video_player_AbstractNativeMediaPlayer begin
09-23 23:38:03.097 D/J4A ( 3476): J4ALoader: OK: 'com.kwai.video.player.AbstractNativeMediaPlayer' loaded
09-23 23:38:03.097 I/KwaiMediaPlayer( 3476): com_kwai_video_player_AbstractNativeMediaPlayer end, ret:0
09-23 23:38:03.097 I/KwaiMediaPlayer( 3476): com_kwai_player_qos_KwaiPlayerResultQos begin
09-23 23:38:03.097 D/J4A ( 3476): J4ALoader: OK: 'com.kwai.player.qos.KwaiPlayerResultQos' loaded
09-23 23:38:03.097 I/KwaiMediaPlayer( 3476): com_kwai_player_qos_KwaiPlayerResultQos end, ret:0
09-23 23:38:03.097 I/KwaiMediaPlayer( 3476): com_kwai_player_KwaiRepresentation begin
09-23 23:38:03.097 D/J4A ( 3476): J4ALoader: OK: 'com.kwai.player.KwaiRepresentation' loaded
09-23 23:38:03.097 I/KwaiMediaPlayer( 3476): com_kwai_player_KwaiRepresentation end, ret:0
09-23 23:38:03.097 I/KwaiMediaPlayer( 3476): com_kwai_player_KwaiRepresentationListenerBridge begin
09-23 23:38:03.097 D/J4A ( 3476): J4ALoader: OK: 'com.kwai.player.KwaiRepresentationListenerBridge' loaded
09-23 23:38:03.097 I/KwaiMediaPlayer( 3476): com_kwai_player_KwaiRepresentationListenerBridge end, ret:0
09-23 23:38:03.097 I/KwaiMediaPlayer( 3476): com_kwai_player_KwaiVodDrmCallbackBridge begin
09-23 23:38:03.097 D/J4A ( 3476): J4ALoader: OK: 'com.kwai.player.KwaiVodDrmCallbackBridge' loaded
09-23 23:38:03.097 I/KwaiMediaPlayer( 3476): com_kwai_player_KwaiVodDrmCallbackBridge end, ret:0
09-23 23:38:03.097 I/KwaiMediaPlayer( 3476): com_kwai_player_live_KwaiPlayerLiveListenerBridge begin
09-23 23:38:03.097 D/J4A ( 3476): J4ALoader: OK: 'com.kwai.player.live.KwaiPlayerLiveListenerBridge' loaded
09-23 23:38:03.097 I/KwaiMediaPlayer( 3476): com_kwai_player_live_KwaiPlayerLiveListenerBridge end, ret:0
09-23 23:38:03.097 I/KwaiMediaPlayer( 3476): com_kwai_video_player_KsDrm begin
09-23 23:38:03.097 D/J4A ( 3476): J4ALoader: OK: 'com.kwai.video.player.KsDrm' loaded
09-23 23:38:03.097 I/KwaiMediaPlayer( 3476): com_kwai_video_player_KsDrm end, ret:0
09-23 23:38:03.097 I/KwaiMediaPlayer( 3476): com_kwai_player_qosevent_KwaiQosEventInfo begin
09-23 23:38:03.097 D/J4A ( 3476): J4ALoader: OK: 'com.kwai.player.qosevent.KwaiQosEventInfo' loaded
09-23 23:38:03.097 I/KwaiMediaPlayer( 3476): com_kwai_player_qosevent_KwaiQosEventInfo end, ret:0
09-23 23:38:03.097 I/KwaiMediaPlayer( 3476): com_kwai_player_qosevent_KwaiQosEventInfoListenerBridge begin
09-23 23:38:03.097 D/J4A ( 3476): J4ALoader: OK: 'com.kwai.player.qosevent.KwaiQosEventInfoListenerBridge' loaded
09-23 23:38:03.097 I/KwaiMediaPlayer( 3476): com_kwai_player_qosevent_KwaiQosEventInfoListenerBridge end, ret:0
09-23 23:38:03.097 I/KwaiMediaPlayer( 3476): com_kwai_player_KwaiOnVideoRenderListenerBridge begin
09-23 23:38:03.097 D/J4A ( 3476): J4ALoader: OK: 'com.kwai.player.KwaiOnVideoRenderListenerBridge' loaded
09-23 23:38:03.097 I/KwaiMediaPlayer( 3476): com_kwai_player_KwaiOnVideoRenderListenerBridge end, ret:0
09-23 23:38:03.097 I/KwaiMediaPlayer( 3476): com_kwai_player_network_IKwaiNetwork begin
09-23 23:38:03.098 D/J4A ( 3476): J4ALoader: OK: 'com.kwai.player.network.IKwaiNetwork' loaded
09-23 23:38:03.098 I/KwaiMediaPlayer( 3476): com_kwai_player_network_IKwaiNetwork end, ret:0
09-23 23:38:03.098 I/KwaiMediaPlayer( 3476): com_kwai_player_network_KwaiNetworkMonitor begin
09-23 23:38:03.098 D/J4A ( 3476): J4ALoader: OK: 'com.kwai.player.network.KwaiNetworkMonitor' loaded
09-23 23:38:03.098 I/KwaiMediaPlayer( 3476): com_kwai_player_network_KwaiNetworkMonitor end, ret:0
09-23 23:38:03.098 I/KwaiMediaPlayer( 3476): com_kwai_player_KwaiSubtitle begin
09-23 23:38:03.098 D/J4A ( 3476): J4ALoader: OK: 'com.kwai.player.KwaiSubtitle$Cue' loaded
09-23 23:38:03.098 D/J4A ( 3476): J4ALoader: OK: 'com.kwai.player.KwaiSubtitle' loaded
09-23 23:38:03.098 I/KwaiMediaPlayer( 3476): com_kwai_player_KwaiSubtitle end, ret:0
09-23 23:38:03.098 I/KwaiMediaPlayer( 3476): com_kwai_player_KwaiSubtitleListenerBridge begin
09-23 23:38:03.098 D/J4A ( 3476): J4ALoader: OK: 'com.kwai.player.KwaiSubtitleListenerBridge' loaded
09-23 23:38:03.098 I/KwaiMediaPlayer( 3476): com_kwai_player_KwaiSubtitleListenerBridge end, ret:0
09-23 23:38:03.098 I/KwaiMediaPlayer( 3476): com_kwai_player_KwaiInjectHttpCallbackBridge begin
09-23 23:38:03.098 D/J4A ( 3476): J4ALoader: OK: 'com.kwai.player.KwaiInjectHttpCallbackBridge' loaded
09-23 23:38:03.098 I/KwaiMediaPlayer( 3476): com_kwai_player_KwaiInjectHttpCallbackBridge end, ret:0
09-23 23:38:03.098 I/KwaiMediaPlayer( 3476): com_kwai_video_player_OnInfoExtra begin
09-23 23:38:03.098 D/J4A ( 3476): J4ALoader: OK: 'com.kwai.video.player.OnInfoExtra' loaded
09-23 23:38:03.098 I/KwaiMediaPlayer( 3476): com_kwai_video_player_OnInfoExtra end, ret:0
09-23 23:38:03.098 I/KwaiMediaPlayer( 3476): com_kwai_video_aemonplayer_MediaCodecLimit begin
09-23 23:38:03.098 D/J4A ( 3476): J4ALoader: OK: 'com.kwai.video.aemonplayer.MediaCodecLimit' loaded
09-23 23:38:03.098 I/KwaiMediaPlayer( 3476): com_kwai_video_aemonplayer_MediaCodecLimit end, ret:0
09-23 23:38:03.098 I/KwaiMediaPlayer( 3476): KpMediaPlayer_native_init end
09-23 23:38:03.100 W/ActivityManager( 1487): Background start not allowed: service Intent { cmp=com.qiyi.video.pad/org.qiyi.pluginlibrary.pm.PluginPackageManagerService } to com.qiyi.video.pad/org.qiyi.pluginlibrary.pm.PluginPackageManagerService from pid=3499 uid=10100 pkg=com.qiyi.video.pad startFg?=false
09-23 23:38:03.102 D/TMTracker( 3499): initWithoutPermission.DiagnoseConnectivityManager#end
09-23 23:38:03.102 D/TMTracker( 3499): initWithoutPermission.PopLayerImpl#start
09-23 23:38:03.103 D/TMTracker( 3499): initWithoutPermission.PopLayerImpl#end
09-23 23:38:03.103 D/TMTracker( 3499): initWithoutPermission.ReactTask#start
09-23 23:38:03.103 I/exception_handler( 3476): Native DumpCallback Run lck
09-23 23:38:03.103 I/exception_handler( 3476): Native DumpCallback Run wait
09-23 23:38:03.108 I/CARD_FRAMEWORK( 3499): (null:0) ThemeLoader getCache, name : base_layout, shouldFallback : true
09-23 23:38:03.108 I/CARD_FRAMEWORK( 3499): (null:0) ThemeLoader getCache, name : base_layout, shouldFallback : true, start fallback
09-23 23:38:03.108 I/CARD_FRAMEWORK( 3499): (null:0) ThemeLoader themeInitialization is null = true
09-23 23:38:03.108 I/CARD_FRAMEWORK( 3499): (null:0) ThemeLoader fallbackArray is null = true
09-23 23:38:03.109 I/Hodor ( 3476): hodor.so JNI_OnLoad start
09-23 23:38:03.109 D/SoLoader( 3499): init start
09-23 23:38:03.109 D/SoLoader( 3499): adding system library source: /vendor/lib
09-23 23:38:03.109 D/SoLoader( 3499): adding system library source: /system/lib
09-23 23:38:03.109 D/SoLoader( 3499): adding application source: com.facebook.soloader.DirectorySoSource[root = /data/app/~~jN1US2w9PxXBmVdXYKY0Zg==/com.qiyi.video.pad-yhrXgJo0H30fj1fGfVC5CQ==/lib/arm flags = 0]
09-23 23:38:03.109 D/SoLoader( 3499): adding backup source from : com.facebook.soloader.ApkSoSource[root = /data/data/com.qiyi.video.pad/lib-main flags = 1]
09-23 23:38:03.109 D/SoLoader( 3499): Preparing SO source: com.facebook.soloader.DirectorySoSource[root = /system/lib flags = 2]
09-23 23:38:03.109 D/SoLoader( 3499): Preparing SO source: com.facebook.soloader.DirectorySoSource[root = /vendor/lib flags = 2]
09-23 23:38:03.109 D/SoLoader( 3499): Preparing SO source: com.facebook.soloader.DirectorySoSource[root = /data/app/~~jN1US2w9PxXBmVdXYKY0Zg==/com.qiyi.video.pad-yhrXgJo0H30fj1fGfVC5CQ==/lib/arm flags = 0]
09-23 23:38:03.109 D/SoLoader( 3499): Preparing SO source: com.facebook.soloader.ApkSoSource[root = /data/data/com.qiyi.video.pad/lib-main flags = 1]
09-23 23:38:03.109 I/Hodor ( 3476): hodor.so JNI_OnLoad, all RegisterNatives finish
09-23 23:38:03.109 I/Hodor ( 3476): [Hodor_loadJavaClass] start
09-23 23:38:03.110 V/fb-UnpackingSoSource( 3499): locked dso store /data/user/0/com.qiyi.video.pad/lib-main
09-23 23:38:03.110 I/DpmTcmClient( 3476): RegisterTcmMonitor from: $Proxy2
09-23 23:38:03.110 I/Hodor ( 3476): [Hodor_loadJavaClass] finish
09-23 23:38:03.112 I/fb-UnpackingSoSource( 3499): dso store is up-to-date: /data/user/0/com.qiyi.video.pad/lib-main
09-23 23:38:03.112 V/fb-UnpackingSoSource( 3499): releasing dso store lock for /data/user/0/com.qiyi.video.pad/lib-main
09-23 23:38:03.112 D/SoLoader( 3499): init finish: 4 SO sources prepared
09-23 23:38:03.112 D/SoLoader( 3499): init exiting
09-23 23:38:03.112 D/SoLoader( 3499): About to load: libcss-layout-manager.so
09-23 23:38:03.112 D/SoLoader( 3499): libcss-layout-manager.so not found on /data/data/com.qiyi.video.pad/lib-main
09-23 23:38:03.112 D/SoLoader( 3499): libcss-layout-manager.so found on /data/app/~~jN1US2w9PxXBmVdXYKY0Zg==/com.qiyi.video.pad-yhrXgJo0H30fj1fGfVC5CQ==/lib/arm
09-23 23:38:03.112 D/SoLoader( 3499): Not resolving dependencies for libcss-layout-manager.so
09-23 23:38:03.114 D/SoLoader( 3499): Loaded: libcss-layout-manager.so
09-23 23:38:03.116 E/CardInit( 3499): CardInitTask_BaseCardApplication.init, CardModulesInitializer 1
09-23 23:38:03.116 E/CardInit( 3499): CardInitTask_BaseCardApplication.init, CardPingbackServiceInitializer 0
09-23 23:38:03.120 W/Looper ( 3476): Loop again would have the queued messages be executed before this one completed.
09-23 23:38:03.121 I/MMKV ( 3476): open fd[0x65], /data/user/0/com.smile.gifmaker/files/mmkv/webviewCrashCount
09-23 23:38:03.121 E/CardInit( 3499): CardV3PlayerInitialization, 0
09-23 23:38:03.124 I/exception_handler( 3476): ANR DumpCallback Run lck
09-23 23:38:03.124 I/exception_handler( 3476): ANR DumpCallback Run wait
09-23 23:38:03.124 I/MMKV ( 3476): open fd[0x67], /data/user/0/com.smile.gifmaker/files/mmkv/webviewCrashCount.crc
09-23 23:38:03.125 I/MMKV ( 3476): loading [webviewCrashCount] with 0 actual size, file size 4096, InterProcess 1, meta info version:1
09-23 23:38:03.125 I/MMKV ( 3476): loaded [webviewCrashCount] with 0 key-values
09-23 23:38:03.129 E/.smile.gifmake( 3476): No implementation found for void com.kwai.kmalloc.KMalloc.recordLaunchSuccessAsync() (tried Java_com_kwai_kmalloc_KMalloc_recordLaunchSuccessAsync and Java_com_kwai_kmalloc_KMalloc_recordLaunchSuccessAsync__)
09-23 23:38:03.131 W/System.err( 3499): org.json.JSONException: End of input at character 0 of
09-23 23:38:03.131 W/System.err( 3499): at org.json.JSONTokener.syntaxError(JSONTokener.java:460)
09-23 23:38:03.131 W/System.err( 3499): at org.json.JSONTokener.nextValue(JSONTokener.java:101)
09-23 23:38:03.131 W/System.err( 3499): at org.json.JSONArray.(JSONArray.java:94)
09-23 23:38:03.131 W/System.err( 3499): at org.json.JSONArray.(JSONArray.java:110)
09-23 23:38:03.131 W/System.err( 3499): at com.qiyi.animation.b.a.d(Unknown Source:2)
09-23 23:38:03.131 W/System.err( 3499): at com.qiyi.animation.b.a.a(Unknown Source:0)
09-23 23:38:03.131 W/System.err( 3499): at com.qiyi.animation.b.a$1.run(Unknown Source:46)
09-23 23:38:03.131 W/System.err( 3499): at org.qiyi.basecore.j.j.doTask(Unknown Source:2)
09-23 23:38:03.131 W/System.err( 3499): at org.qiyi.basecore.j.t.a(Unknown Source:21)
09-23 23:38:03.131 W/System.err( 3499): at org.qiyi.basecore.j.t.run(Unknown Source:7)
09-23 23:38:03.131 W/System.err( 3499): at org.qiyi.basecore.j.i.f.run(Unknown Source:182)
09-23 23:38:03.138 I/MMKV ( 3476): open fd[0x68], /data/user/0/com.smile.gifmaker/files/mmkv/com.smile.gifmaker_switches
09-23 23:38:03.138 I/MMKV ( 3476): open fd[0x69], /data/user/0/com.smile.gifmaker/files/mmkv/com.smile.gifmaker_switches.crc
09-23 23:38:03.141 I/jvmfix ( 3499): [JvmFixInternal]: disable jvmfix ..
09-23 23:38:03.142 I/jvmfix ( 3499): [JvmFixInternal]: disable jvmfix ..
09-23 23:38:03.143 I/jvmfix ( 3499): [JvmFixInternal]: set sampleRate: 0/100, isEnabled: false
09-23 23:38:03.143 D/CompatibilityChangeReporter( 3499): Compat change id reported: 149924527; UID 10100; state: ENABLED
09-23 23:38:03.143 D/CompatibilityChangeReporter( 3499): Compat change id reported: 132649864; UID 10100; state: DISABLED
09-23 23:38:03.144 I/xutils ( 3499): [xUtilsInternal]: This devices is not chosen to use xutils
09-23 23:38:03.145 I/Qiyi_DebugLog( 3499): setIsDebug:false
09-23 23:38:03.145 D/nativieLog( 3499): log file exist = false
09-23 23:38:03.147 I/MMKV ( 3476): loading [com.smile.gifmaker_switches] with 19 actual size, file size 4096, InterProcess 1, meta info version:3
09-23 23:38:03.147 I/MMKV ( 3476): loading [com.smile.gifmaker_switches] with crc 3859175538 sequence 1 version 3
09-23 23:38:03.147 I/MMKV ( 3476): loaded [com.smile.gifmaker_switches] with 1 key-values
09-23 23:38:03.148 D/TMTracker( 3499): initWithoutPermission.ReactTask#end
09-23 23:38:03.148 D/TMTracker( 3499): initWithoutPermission.startQiyiChannel#start
09-23 23:38:03.149 D/TMTracker( 3499): initWithoutPermission.startQiyiChannel#end
09-23 23:38:03.149 D/TMTracker( 3499): initWithoutPermission#end
09-23 23:38:03.149 D/TMTracker( 3499): app.onCreate#end
09-23 23:38:03.150 W/Looper ( 3499): Loop again would have the queued messages be executed before this one completed.
09-23 23:38:03.152 D/ConnectivityService( 1487): NetReassign [no changes]
09-23 23:38:03.155 E/ImageLoader( 3499): [ImageLoaderInitTask]:FPDomainRpageList: [Ljava.lang.String;@8994764
09-23 23:38:03.159 D/CompatibilityInfo( 1487): mCompatibilityFlags - 4
09-23 23:38:03.159 D/CompatibilityInfo( 1487): applicationDensity - 240
09-23 23:38:03.159 D/CompatibilityInfo( 1487): applicationScale - 1.0
