09-23 23:38:00.883 E/AndroidRuntime( 2181): at android.os.Handler.dispatchMessage(Handler.java:106)
09-23 23:38:00.883 E/AndroidRuntime( 2181): at android.os.Looper.loopOnce(Looper.java:201)
09-23 23:38:00.883 E/AndroidRuntime( 2181): at android.os.Looper.loop(Looper.java:288)
09-23 23:38:00.883 E/AndroidRuntime( 2181): at android.app.ActivityThread.main(ActivityThread.java:7880)
09-23 23:38:00.883 E/AndroidRuntime( 2181): at java.lang.reflect.Method.invoke(Native Method)
09-23 23:38:00.883 E/AndroidRuntime( 2181): at com.android.internal.os.RuntimeInit$MethodAndArgsCaller.run(RuntimeInit.java:548)
09-23 23:38:00.883 E/AndroidRuntime( 2181): at com.android.internal.os.ZygoteInit.main(ZygoteInit.java:1009)
09-23 23:38:00.883 E/AndroidRuntime( 2181): Caused by: java.lang.ClassNotFoundException: android.hidl.manager.V1_0.IServiceNotification$Stub
09-23 23:38:00.883 E/AndroidRuntime( 2181): ... 11 more
09-23 23:38:00.883 I/EthernetTracker( 1487): interfaceLinkStateChanged, iface: vlan8, up: false
09-23 23:38:00.883 D/vendor.qti.bluetooth@1.0-wake_lock( 821): Release wakelock is released
09-23 23:38:00.884 I/am_crash( 1487): [2181,0,com.qualcomm.qti.devicestatisticsservice,814235213,java.lang.ClassNotFoundException,android.hidl.manager.V1_0.IServiceNotification$Stub,DeviceStatisticsService.java,83]
09-23 23:38:00.884 D/LoaderTask( 2348): apps.size 31
09-23 23:38:00.884 D/LoaderTask( 2348): app pkg com.android.calendar
09-23 23:38:00.885 D/LoaderTask( 2348): app pkg com.android.deskclock
09-23 23:38:00.885 D/LoaderTask( 2348): app pkg com.android.gallery3d
09-23 23:38:00.885 D/LoaderTask( 2348): app pkg com.android.music
09-23 23:38:00.885 D/Avrcp_ext( 1836): AudioManager Player: AudioPlaybackConfiguration piid:103 deviceId:0 type:android.media.SoundPool u/pid:10081/1843 state:idle attr:AudioAttributes: usage=USAGE_ASSISTANCE_SONIFICATION content=CONTENT_TYPE_SONIFICATION flags=0x800 tags= bundle=null sessionId:0
09-23 23:38:00.885 D/Avrcp_ext( 1836): AudioManager Player: AudioPlaybackConfiguration piid:95 deviceId:0 type:android.media.SoundPool u/pid:1000/1487 state:idle attr:AudioAttributes: usage=USAGE_ASSISTANCE_SONIFICATION content=CONTENT_TYPE_SONIFICATION flags=0x800 tags= bundle=null sessionId:0
09-23 23:38:00.885 D/Avrcp_ext( 1836): AudioManager Player: AudioPlaybackConfiguration piid:111 deviceId:0 type:android.media.MediaPlayer u/pid:10081/1843 state:started attr:AudioAttributes: usage=USAGE_NOTIFICATION content=CONTENT_TYPE_SONIFICATION flags=0x800 tags= bundle=null sessionId:0
09-23 23:38:00.885 I/GenericSource( 1208): start
09-23 23:38:00.886 D/LoaderTask( 2348): app pkg com.android.music
09-23 23:38:00.886 D/Avrcp_ext( 1836): AudioManager Player in started state: com.android.systemui
09-23 23:38:00.886 D/Avrcp_ext( 1836): AudioManager Active Player: com.android.systemui
09-23 23:38:00.886 D/Avrcp_ext( 1836): AudioManager isPlaying: true, mAudioPlaybackIsActive = false
09-23 23:38:00.886 D/LoaderTask( 2348): app pkg com.android.settings
09-23 23:38:00.886 D/MediaSessionService( 1487): Media button session is changed to com.android.systemui/MediaSession (userId=0)
09-23 23:38:00.886 V/Avrcp_ext( 1836): updateCurrentMediaState: mMediaController: null
09-23 23:38:00.886 W/Avrcp_ext( 1836): isMusicActive: false getBluetoothPlayState: 2 A2dp State: 11 mAudioPlaybackIsActive: true
09-23 23:38:00.886 W/Avrcp_ext( 1836): updateCurrentMediaState: isPlaying = false
09-23 23:38:00.886 V/Avrcp_ext( 1836): Media update: id -1âž¡-1? [MediaAttributes: none] : [MediaAttributes: none]
09-23 23:38:00.886 D/Avrcp_ext( 1836): isPackageNameValid: browsedPackage = isValid = false
09-23 23:38:00.886 V/Avrcp_ext( 1836): updatePlaybackState, state: PlaybackState {state=2, position=-1, buffered position=0, speed=0.0, updated=17276, actions=0, custom actions=[], active item id=-1, error=null} device: null
09-23 23:38:00.886 V/Avrcp_ext( 1836): Device: no name:
09-23 23:38:00.886 V/Avrcp_ext( 1836): Device: no name:
09-23 23:38:00.886 V/Avrcp_ext( 1836): Device: no name:
09-23 23:38:00.886 V/Avrcp_ext( 1836): Device: no name:
09-23 23:38:00.886 V/Avrcp_ext( 1836): Device: no name:
09-23 23:38:00.886 V/Avrcp_ext( 1836): updatePlayerStateAndPosition, old=PlaybackState {state=2, position=-1, buffered position=0, speed=0.0, updated=17068, actions=0, custom actions=[], active item id=-1, error=null}, state=PlaybackState {state=2, position=-1, buffered position=0, speed=0.0, updated=17276, actions=0, custom actions=[], active item id=-1, error=null}
09-23 23:38:00.886 V/Avrcp_ext( 1836): old state = PlaybackState {state=2, position=-1, buffered position=0, speed=0.0, updated=17068, actions=0, custom actions=[], active item id=-1, error=null}, new state= PlaybackState {state=2, position=-1, buffered position=0, speed=0.0, updated=17276, actions=0, custom actions=[], active item id=-1, error=null}
09-23 23:38:00.886 D/LoaderTask( 2348): app pkg com.android.soundrecorder
09-23 23:38:00.886 D/HeadsetService( 1836): getHeadsetService(): returning com.android.bluetooth.hfp.HeadsetService@5954711
09-23 23:38:00.886 D/HeadsetService( 1836): isAudioOn: The number of audio connected devices 0
09-23 23:38:00.886 D/HeadsetService( 1836): isScoOrCallActive(): Call Active:falseCall is Ringing:falseSCO is Active:false
09-23 23:38:00.886 D/HeadsetService( 1836): isAudioOn: The number of audio connected devices 0
09-23 23:38:00.886 I/Avrcp_ext( 1836): updatePlayStatusForDevice: device: null
09-23 23:38:00.886 V/Avrcp_ext( 1836): updatePlaybackState (1): old=PlaybackState {state=2, position=-1, buffered position=0, speed=0.0, updated=17068, actions=0, custom actions=[], active item id=-1, error=null}(2), new=PlaybackState {state=2, position=-1, buffered position=0, speed=0.0, updated=17276, actions=0, custom actions=[], active item id=-1, error=null}(2)
09-23 23:38:00.886 I/Avrcp_ext( 1836): Exit updatePlayStatusForDevice
09-23 23:38:00.886 D/HeadsetService( 1836): isAudioOn: The number of audio connected devices 0
09-23 23:38:00.886 D/HeadsetService( 1836): isScoOrCallActive(): Call Active:falseCall is Ringing:falseSCO is Active:false
09-23 23:38:00.886 D/HeadsetService( 1836): isAudioOn: The number of audio connected devices 0
09-23 23:38:00.886 I/Avrcp_ext( 1836): updatePlayStatusForDevice: device: null
09-23 23:38:00.886 V/Avrcp_ext( 1836): updatePlaybackState (1): old=PlaybackState {state=2, position=-1, buffered position=0, speed=0.0, updated=17068, actions=0, custom actions=[], active item id=-1, error=null}(2), new=PlaybackState {state=2, position=-1, buffered position=0, speed=0.0, updated=17276, actions=0, custom actions=[], active item id=-1, error=null}(2)
09-23 23:38:00.886 I/Avrcp_ext( 1836): Exit updatePlayStatusForDevice
09-23 23:38:00.886 D/HeadsetService( 1836): isAudioOn: The number of audio connected devices 0
09-23 23:38:00.886 D/HeadsetService( 1836): isScoOrCallActive(): Call Active:falseCall is Ringing:falseSCO is Active:false
09-23 23:38:00.886 D/HeadsetService( 1836): isAudioOn: The number of audio connected devices 0
09-23 23:38:00.886 I/Avrcp_ext( 1836): updatePlayStatusForDevice: device: null
09-23 23:38:00.886 V/Avrcp_ext( 1836): updatePlaybackState (1): old=PlaybackState {state=2, position=-1, buffered position=0, speed=0.0, updated=17068, actions=0, custom actions=[], active item id=-1, error=null}(2), new=PlaybackState {state=2, position=-1, buffered position=0, speed=0.0, updated=17276, actions=0, custom actions=[], active item id=-1, error=null}(2)
09-23 23:38:00.886 I/Avrcp_ext( 1836): Exit updatePlayStatusForDevice
09-23 23:38:00.886 D/HeadsetService( 1836): isAudioOn: The number of audio connected devices 0
09-23 23:38:00.886 D/HeadsetService( 1836): isScoOrCallActive(): Call Active:falseCall is Ringing:falseSCO is Active:false
09-23 23:38:00.886 D/HeadsetService( 1836): isAudioOn: The number of audio connected devices 0
09-23 23:38:00.886 I/Avrcp_ext( 1836): updatePlayStatusForDevice: device: null
09-23 23:38:00.886 V/Avrcp_ext( 1836): updatePlaybackState (1): old=PlaybackState {state=2, position=-1, buffered position=0, speed=0.0, updated=17068, actions=0, custom actions=[], active item id=-1, error=null}(2), new=PlaybackState {state=2, position=-1, buffered position=0, speed=0.0, updated=17276, actions=0, custom actions=[], active item id=-1, error=null}(2)
09-23 23:38:00.886 I/Avrcp_ext( 1836): Exit updatePlayStatusForDevice
09-23 23:38:00.886 D/HeadsetService( 1836): isAudioOn: The number of audio connected devices 0
09-23 23:38:00.886 D/HeadsetService( 1836): isScoOrCallActive(): Call Active:falseCall is Ringing:falseSCO is Active:false
09-23 23:38:00.886 D/LoaderTask( 2348): app pkg com.microsoft.emmx
09-23 23:38:00.887 D/HeadsetService( 1836): isAudioOn: The number of audio connected devices 0
09-23 23:38:00.887 I/Avrcp_ext( 1836): updatePlayStatusForDevice: device: null
09-23 23:38:00.887 V/Avrcp_ext( 1836): updatePlaybackState (1): old=PlaybackState {state=2, position=-1, buffered position=0, speed=0.0, updated=17068, actions=0, custom actions=[], active item id=-1, error=null}(2), new=PlaybackState {state=2, position=-1, buffered position=0, speed=0.0, updated=17276, actions=0, custom actions=[], active item id=-1, error=null}(2)
09-23 23:38:00.887 I/Avrcp_ext( 1836): Exit updatePlayStatusForDevice
09-23 23:38:00.887 W/Utils ( 1208): track of type 'audio/vorbis' does not publish channel mask, channel count 1
09-23 23:38:00.887 D/Avrcp_ext( 1836): Enter sendPlayPosNotificationRsp
09-23 23:38:00.887 D/Avrcp_ext( 1836): sendPlayPosNotificationRsp: Not registered or requesting.
09-23 23:38:00.887 D/Avrcp_ext( 1836): Enter sendPlayPosNotificationRsp
09-23 23:38:00.887 D/Avrcp_ext( 1836): sendPlayPosNotificationRsp: Not registered or requesting.
09-23 23:38:00.887 D/Avrcp_ext( 1836): Enter sendPlayPosNotificationRsp
09-23 23:38:00.887 D/Avrcp_ext( 1836): sendPlayPosNotificationRsp: Not registered or requesting.
09-23 23:38:00.887 D/Avrcp_ext( 1836): Enter sendPlayPosNotificationRsp
09-23 23:38:00.887 D/Avrcp_ext( 1836): sendPlayPosNotificationRsp: Not registered or requesting.
09-23 23:38:00.887 D/Avrcp_ext( 1836): Enter sendPlayPosNotificationRsp
09-23 23:38:00.887 D/Avrcp_ext( 1836): sendPlayPosNotificationRsp: Not registered or requesting.
09-23 23:38:00.887 V/Avrcp_ext( 1836): Exit updatePlayerStateAndPosition
09-23 23:38:00.887 D/LoaderTask( 2348): app pkg com.smile.gifmaker
09-23 23:38:00.887 D/LoaderTask( 2348): app pkg com.android.documentsui
09-23 23:38:00.887 I/am_pss ( 1487): [2351,10082,com.qualcomm.qti.qccauthmgr,7059456,4214784,0,95625216,2,5,5]
09-23 23:38:00.887 D/LoaderTask( 2348): app pkg com.android.quicksearchbox
09-23 23:38:00.888 D/LoaderTask( 2348): app pkg com.caf.fmradio
09-23 23:38:00.888 W/Avrcp_ext( 1836): onMediaKeyEventSessionChanged(Token): Addressed Player changed to a player we didn't have a session for
09-23 23:38:00.888 D/LoaderTask( 2348): app pkg com.sohu.inputmethod.sogou.car
09-23 23:38:00.888 D/LoaderTask( 2348): app pkg com.thundercomm.mcuupgrade
09-23 23:38:00.888 V/Avrcp_ext( 1836): updateCurrentMediaState: mMediaController: null
09-23 23:38:00.888 W/Avrcp_ext( 1836): isMusicActive: false getBluetoothPlayState: 2 A2dp State: 11 mAudioPlaybackIsActive: true
09-23 23:38:00.888 D/KeyguardViewMediator( 1843): adjustStatusBarLocked: mShowing=false mOccluded=false isSecure=false force=false --> flags=0x0
09-23 23:38:00.888 W/Avrcp_ext( 1836): updateCurrentMediaState: isPlaying = false
09-23 23:38:00.888 V/Avrcp_ext( 1836): Media update: id -1âž¡-1? [MediaAttributes: none] : [MediaAttributes: none]
09-23 23:38:00.889 D/Avrcp_ext( 1836): isPackageNameValid: browsedPackage = isValid = false
09-23 23:38:00.889 V/Avrcp_ext( 1836): updatePlaybackState, state: PlaybackState {state=2, position=-1, buffered position=0, speed=0.0, updated=17278, actions=0, custom actions=[], active item id=-1, error=null} device: null
09-23 23:38:00.889 V/Avrcp_ext( 1836): Device: no name:
09-23 23:38:00.889 V/Avrcp_ext( 1836): Device: no name:
09-23 23:38:00.889 V/Avrcp_ext( 1836): Device: no name:
09-23 23:38:00.889 V/Avrcp_ext( 1836): Device: no name:
09-23 23:38:00.889 V/Avrcp_ext( 1836): Device: no name:
09-23 23:38:00.889 V/Avrcp_ext( 1836): updatePlayerStateAndPosition, old=PlaybackState {state=2, position=-1, buffered position=0, speed=0.0, updated=17276, actions=0, custom actions=[], active item id=-1, error=null}, state=PlaybackState {state=2, position=-1, buffered position=0, speed=0.0, updated=17278, actions=0, custom actions=[], active item id=-1, error=null}
09-23 23:38:00.889 V/Avrcp_ext( 1836): old state = PlaybackState {state=2, position=-1, buffered position=0, speed=0.0, updated=17276, actions=0, custom actions=[], active item id=-1, error=null}, new state= PlaybackState {state=2, position=-1, buffered position=0, speed=0.0, updated=17278, actions=0, custom actions=[], active item id=-1, error=null}
09-23 23:38:00.889 D/LoaderTask( 2348): app pkg cn.wps.moffice_eng
09-23 23:38:00.889 D/LoaderTask( 2348): app pkg com.alibaba.android.rimet
09-23 23:38:00.889 D/HeadsetService( 1836): getHeadsetService(): returning com.android.bluetooth.hfp.HeadsetService@5954711
09-23 23:38:00.889 D/HeadsetService( 1836): isAudioOn: The number of audio connected devices 0
09-23 23:38:00.889 D/HeadsetService( 1836): isScoOrCallActive(): Call Active:falseCall is Ringing:falseSCO is Active:false
09-23 23:38:00.889 D/HeadsetService( 1836): isAudioOn: The number of audio connected devices 0
09-23 23:38:00.889 I/Avrcp_ext( 1836): updatePlayStatusForDevice: device: null
09-23 23:38:00.889 D/MediaRouter( 1843): onRestoreRoute() : route=RouteInfo{ name=å¹³æ¿ç”µè„‘, description=null, status=null, category=RouteCategory{ name=系统 types=ROUTE_TYPE_LIVE_AUDIO ROUTE_TYPE_LIVE_VIDEO groupable=false }, supportedTypes=ROUTE_TYPE_LIVE_AUDIO ROUTE_TYPE_LIVE_VIDEO , presentationDisplay=null }
09-23 23:38:00.889 V/Avrcp_ext( 1836): updatePlaybackState (1): old=PlaybackState {state=2, position=-1, buffered position=0, speed=0.0, updated=17276, actions=0, custom actions=[], active item id=-1, error=null}(2), new=PlaybackState {state=2, position=-1, buffered position=0, speed=0.0, updated=17278, actions=0, custom actions=[], active item id=-1, error=null}(2)
09-23 23:38:00.889 I/Avrcp_ext( 1836): Exit updatePlayStatusForDevice
09-23 23:38:00.889 D/HeadsetService( 1836): isAudioOn: The number of audio connected devices 0
09-23 23:38:00.889 D/HeadsetService( 1836): isScoOrCallActive(): Call Active:falseCall is Ringing:falseSCO is Active:false
09-23 23:38:00.889 D/HeadsetService( 1836): isAudioOn: The number of audio connected devices 0
09-23 23:38:00.889 V/MediaRouter( 1843): Selecting route: RouteInfo{ name=å¹³æ¿ç”µè„‘, description=null, status=null, category=RouteCategory{ name=系统 types=ROUTE_TYPE_LIVE_AUDIO ROUTE_TYPE_LIVE_VIDEO groupable=false }, supportedTypes=ROUTE_TYPE_LIVE_AUDIO ROUTE_TYPE_LIVE_VIDEO , presentationDisplay=null }
09-23 23:38:00.889 I/DropBoxManagerService( 1487): add tag=system_app_crash isTagEnabled=true flags=0x2
09-23 23:38:00.889 I/Avrcp_ext( 1836): updatePlayStatusForDevice: device: null
09-23 23:38:00.889 V/Avrcp_ext( 1836): updatePlaybackState (1): old=PlaybackState {state=2, position=-1, buffered position=0, speed=0.0, updated=17276, actions=0, custom actions=[], active item id=-1, error=null}(2), new=PlaybackState {state=2, position=-1, buffered position=0, speed=0.0, updated=17278, actions=0, custom actions=[], active item id=-1, error=null}(2)
09-23 23:38:00.889 I/Avrcp_ext( 1836): Exit updatePlayStatusForDevice
09-23 23:38:00.889 D/HeadsetService( 1836): isAudioOn: The number of audio connected devices 0
09-23 23:38:00.889 D/HeadsetService( 1836): isScoOrCallActive(): Call Active:falseCall is Ringing:falseSCO is Active:false
09-23 23:38:00.889 D/HeadsetService( 1836): isAudioOn: The number of audio connected devices 0
09-23 23:38:00.889 I/Avrcp_ext( 1836): updatePlayStatusForDevice: device: null
09-23 23:38:00.889 V/Avrcp_ext( 1836): updatePlaybackState (1): old=PlaybackState {state=2, position=-1, buffered position=0, speed=0.0, updated=17276, actions=0, custom actions=[], active item id=-1, error=null}(2), new=PlaybackState {state=2, position=-1, buffered position=0, speed=0.0, updated=17278, actions=0, custom actions=[], active item id=-1, error=null}(2)
09-23 23:38:00.889 I/Avrcp_ext( 1836): Exit updatePlayStatusForDevice
09-23 23:38:00.889 D/HeadsetService( 1836): isAudioOn: The number of audio connected devices 0
09-23 23:38:00.889 D/HeadsetService( 1836): isScoOrCallActive(): Call Active:falseCall is Ringing:falseSCO is Active:false
09-23 23:38:00.889 D/HeadsetService( 1836): isAudioOn: The number of audio connected devices 0
09-23 23:38:00.889 I/sysui_multi_action( 1487): [757,316,758,4,759,-1]
09-23 23:38:00.889 I/Avrcp_ext( 1836): updatePlayStatusForDevice: device: null
09-23 23:38:00.889 D/LoaderTask( 2348): app pkg com.bilibili.bilithings
09-23 23:38:00.889 V/Avrcp_ext( 1836): updatePlaybackState (1): old=PlaybackState {state=2, position=-1, buffered position=0, speed=0.0, updated=17276, actions=0, custom actions=[], active item id=-1, error=null}(2), new=PlaybackState {state=2, position=-1, buffered position=0, speed=0.0, updated=17278, actions=0, custom actions=[], active item id=-1, error=null}(2)
09-23 23:38:00.889 I/Avrcp_ext( 1836): Exit updatePlayStatusForDevice
09-23 23:38:00.889 D/HeadsetService( 1836): isAudioOn: The number of audio connected devices 0
09-23 23:38:00.889 D/HeadsetService( 1836): isScoOrCallActive(): Call Active:falseCall is Ringing:falseSCO is Active:false
09-23 23:38:00.889 D/HeadsetService( 1836): isAudioOn: The number of audio connected devices 0
09-23 23:38:00.889 I/Avrcp_ext( 1836): updatePlayStatusForDevice: device: null
09-23 23:38:00.890 V/Avrcp_ext( 1836): updatePlaybackState (1): old=PlaybackState {state=2, position=-1, buffered position=0, speed=0.0, updated=17276, actions=0, custom actions=[], active item id=-1, error=null}(2), new=PlaybackState {state=2, position=-1, buffered position=0, speed=0.0, updated=17278, actions=0, custom actions=[], active item id=-1, error=null}(2)
09-23 23:38:00.890 I/Avrcp_ext( 1836): Exit updatePlayStatusForDevice
09-23 23:38:00.890 D/Avrcp_ext( 1836): Enter sendPlayPosNotificationRsp
09-23 23:38:00.890 D/Avrcp_ext( 1836): sendPlayPosNotificationRsp: Not registered or requesting.
09-23 23:38:00.890 D/Avrcp_ext( 1836): Enter sendPlayPosNotificationRsp
09-23 23:38:00.890 D/Avrcp_ext( 1836): sendPlayPosNotificationRsp: Not registered or requesting.
09-23 23:38:00.890 D/Avrcp_ext( 1836): Enter sendPlayPosNotificationRsp
09-23 23:38:00.890 D/Avrcp_ext( 1836): sendPlayPosNotificationRsp: Not registered or requesting.
09-23 23:38:00.890 D/Avrcp_ext( 1836): Enter sendPlayPosNotificationRsp
09-23 23:38:00.890 D/Avrcp_ext( 1836): sendPlayPosNotificationRsp: Not registered or requesting.
09-23 23:38:00.890 D/Avrcp_ext( 1836): Enter sendPlayPosNotificationRsp
09-23 23:38:00.890 D/Avrcp_ext( 1836): sendPlayPosNotificationRsp: Not registered or requesting.
09-23 23:38:00.890 V/Avrcp_ext( 1836): Exit updatePlayerStateAndPosition
09-23 23:38:00.890 I/Process ( 2181): Sending signal. PID: 2181 SIG: 9
09-23 23:38:00.890 W/Avrcp_ext( 1836): playState object null, sending STOPPED
09-23 23:38:00.890 V/Avrcp_ext( 1836): isBrowseSupported for com.android.systemui: false
09-23 23:38:00.890 D/LoaderTask( 2348): app pkg com.hunantv.imgo.activity
09-23 23:38:00.890 D/LoaderTask( 2348): app pkg com.jingdong.app.mall
09-23 23:38:00.891 W/Utils ( 1208): track of type 'audio/vorbis' does not publish channel mask, channel count 1
09-23 23:38:00.891 D/LoaderTask( 2348): app pkg com.netease.cloudmusic
09-23 23:38:00.891 D/LoaderTask( 2348): app pkg com.netease.newsappf
09-23 23:38:00.891 D/LoaderTask( 2348): app pkg com.qiyi.video.pad
09-23 23:38:00.891 D/CompatibilityInfo( 1487): mCompatibilityFlags - 4
09-23 23:38:00.891 D/CompatibilityInfo( 1487): applicationDensity - 240
09-23 23:38:00.891 D/CompatibilityInfo( 1487): applicationScale - 1.0
09-23 23:38:00.892 D/LoaderTask( 2348): app pkg com.ss.android.article.news
09-23 23:38:00.892 D/LoaderTask( 2348): app pkg com.ss.android.ugc.aweme
09-23 23:38:00.892 D/NetworkSecurityConfig( 1487): No Network Security Config specified, using platform default
09-23 23:38:00.892 D/LoaderTask( 2348): app pkg com.tencent.karaoke
09-23 23:38:00.892 D/Avrcp_ext( 1836): Adding media player info for com.android.systemui with id 6
09-23 23:38:00.892 D/LoaderTask( 2348): app pkg com.tencent.minihd.qq
09-23 23:38:00.892 D/Avrcp_ext( 1836): add #6:MediaPlayerInfo com.android.systemui (as '系统界é¢') Type = 1, SubType = 0, Status = 0 Feature Bits [40 41 42 44 45 47 48 58] Controller: MediaController (com.android.systemui@86ec610) null
09-23 23:38:00.892 I/Avrcp_ext( 1836): onMediaKeyEventSessionChanged: token=com.android.systemui
09-23 23:38:00.893 W/Avrcp_ext( 1836): No package name for player (0 not valid)
09-23 23:38:00.893 W/Avrcp_ext( 1836): Changing addressed media session to com.android.systemui
09-23 23:38:00.893 V/Avrcp_ext( 1836): getMediaPlayerInfo: Found com.android.systemui
09-23 23:38:00.893 V/Avrcp_ext( 1836): Set addressed #6 MediaPlayerInfo com.android.systemui (as '系统界é¢') Type = 1, SubType = 0, Status = 0 Feature Bits [40 41 42 44 45 47 48 58] Controller: MediaController (com.android.systemui@86ec610) null
09-23 23:38:00.893 V/Avrcp_ext( 1836): updateNewIds: Addressed:0 to 6, Browse:0 to 0
09-23 23:38:00.893 D/Avrcp_ext( 1836): updateCurrentController: null to MediaController (com.android.systemui@86ec610) null
09-23 23:38:00.893 V/Avrcp_ext( 1836): updateCurrentMediaState: mMediaController: MediaController (com.android.systemui@86ec610) null
09-23 23:38:00.893 W/Avrcp_ext( 1836): isMusicActive: false getBluetoothPlayState: 2 A2dp State: 11 mAudioPlaybackIsActive: true
09-23 23:38:00.893 D/Avrcp_ext( 1836): isMusicActive = false mAudioPlaybackIsActive = true player state = null
09-23 23:38:00.894 I/Avrcp_ext( 1836): Skipping update due to invalid playback state
09-23 23:38:00.894 V/Avrcp_ext( 1836): updatePlaybackState, state: null device: null
09-23 23:38:00.894 V/Avrcp_ext( 1836): Device: no name:
09-23 23:38:00.894 V/Avrcp_ext( 1836): Device: no name:
09-23 23:38:00.894 V/Avrcp_ext( 1836): Device: no name:
09-23 23:38:00.894 V/Avrcp_ext( 1836): Device: no name:
09-23 23:38:00.894 V/Avrcp_ext( 1836): Device: no name:
09-23 23:38:00.894 V/Avrcp_ext( 1836): updatePlayerStateAndPosition, old=PlaybackState {state=2, position=-1, buffered position=0, speed=0.0, updated=17278, actions=0, custom actions=[], active item id=-1, error=null}, state=null
09-23 23:38:00.894 I/Avrcp_ext( 1836): updatePlayerStateAndPosition: device: state = null
09-23 23:38:00.894 E/BootReceiver( 1487): Could not open /sys/kernel/tracing/instances/bootreceiver/trace_pipe
09-23 23:38:00.894 E/BootReceiver( 1487): android.system.ErrnoException: open failed: ENOENT (No such file or directory)
09-23 23:38:00.894 E/BootReceiver( 1487): at libcore.io.Linux.open(Native Method)
09-23 23:38:00.894 E/BootReceiver( 1487): at libcore.io.ForwardingOs.open(ForwardingOs.java:567)
09-23 23:38:00.894 E/BootReceiver( 1487): at libcore.io.BlockGuardOs.open(BlockGuardOs.java:273)
09-23 23:38:00.894 E/BootReceiver( 1487): at android.system.Os.open(Os.java:501)
09-23 23:38:00.894 E/BootReceiver( 1487): at com.android.server.BootReceiver.onReceive(BootReceiver.java:167)
09-23 23:38:00.894 E/BootReceiver( 1487): at android.app.ActivityThread.handleReceiver(ActivityThread.java:4309)
09-23 23:38:00.894 E/BootReceiver( 1487): at android.app.ActivityThread.access$1600(ActivityThread.java:248)
09-23 23:38:00.894 E/BootReceiver( 1487): at android.app.ActivityThread$H.handleMessage(ActivityThread.java:2065)
09-23 23:38:00.894 E/BootReceiver( 1487): at android.os.Handler.dispatchMessage(Handler.java:106)
09-23 23:38:00.894 E/BootReceiver( 1487): at android.os.Looper.loopOnce(Looper.java:201)
09-23 23:38:00.894 E/BootReceiver( 1487): at android.os.Looper.loop(Looper.java:288)
09-23 23:38:00.894 E/BootReceiver( 1487): at com.android.server.SystemServer.run(SystemServer.java:908)
09-23 23:38:00.894 E/BootReceiver( 1487): at com.android.server.SystemServer.main(SystemServer.java:615)
09-23 23:38:00.894 E/BootReceiver( 1487): at java.lang.reflect.Method.invoke(Native Method)
09-23 23:38:00.894 E/BootReceiver( 1487): at com.android.internal.os.RuntimeInit$MethodAndArgsCaller.run(RuntimeInit.java:548)
09-23 23:38:00.894 E/BootReceiver( 1487): at com.android.internal.os.ZygoteInit.main(ZygoteInit.java:987)
09-23 23:38:00.894 V/Avrcp_ext( 1836): updateCurrentMediaState: mMediaController: MediaController (com.android.systemui@86ec610) null
09-23 23:38:00.894 W/Avrcp_ext( 1836): isMusicActive: false getBluetoothPlayState: 2 A2dp State: 11 mAudioPlaybackIsActive: true
09-23 23:38:00.894 D/audio_hw_primary( 815): adev_get_parameters:is_hw_dec_session_available
09-23 23:38:00.894 D/audio_hw_spkr_prot( 815): fbsp_get_parameters: Speaker protection disabled
09-23 23:38:00.894 D/soundtrigger( 815): audio_extn_sound_trigger_get_parameters input string
09-23 23:38:00.894 D/Avrcp_ext( 1836): isMusicActive = false mAudioPlaybackIsActive = true player state = null
09-23 23:38:00.894 D/soundtrigger( 815): extract_sm_handle input string param string
09-23 23:38:00.894 D/audio_hw_extn( 815): audio_extn_fm_get_parameters: Enter
09-23 23:38:00.894 D/audio_hw_extn( 815): audio_extn_get_parameters: returns
09-23 23:38:00.894 D/audio_hw_primary( 815): adev_get_parameters: exit: returns -
09-23 23:38:00.894 I/hash_map_utils( 987): system/bt/osi/src/hash_map_utils.cc:81 hash_map_utils_dump_string_keys_string_values: key: 'is_hw_dec_session_available' value: 'audio/vorbis'
09-23 23:38:00.894 I/Avrcp_ext( 1836): Skipping update due to invalid playback state
09-23 23:38:00.894 V/Avrcp_ext( 1836): updatePlaybackState, state: null device: null
09-23 23:38:00.894 V/Avrcp_ext( 1836): Device: no name:
09-23 23:38:00.894 V/Avrcp_ext( 1836): Device: no name:
09-23 23:38:00.894 V/Avrcp_ext( 1836): Device: no name:
09-23 23:38:00.894 V/Avrcp_ext( 1836): Device: no name:
09-23 23:38:00.894 V/Avrcp_ext( 1836): Device: no name:
09-23 23:38:00.894 V/Avrcp_ext( 1836): updatePlayerStateAndPosition, old=PlaybackState {state=2, position=-1, buffered position=0, speed=0.0, updated=17278, actions=0, custom actions=[], active item id=-1, error=null}, state=null
09-23 23:38:00.894 I/Avrcp_ext( 1836): updatePlayerStateAndPosition: device: state = null
09-23 23:38:00.895 I/am_wtf ( 1487): [0,1487,system_server,-1,BootReceiver,open failed: ENOENT (No such file or directory)]
09-23 23:38:00.895 D/LoaderTask( 2348): app pkg com.tencent.mm
09-23 23:38:00.895 D/LoaderTask( 2348): app pkg com.tencent.news
09-23 23:38:00.896 D/LoaderTask( 2348): app pkg com.tencent.qqmusicpad
09-23 23:38:00.896 D/LoaderTask( 2348): app pkg com.tencent.wemeet.app
09-23 23:38:00.896 D/CompatibilityInfo( 1487): mCompatibilityFlags - 4
09-23 23:38:00.896 D/CompatibilityInfo( 1487): applicationDensity - 240
09-23 23:38:00.896 D/CompatibilityInfo( 1487): applicationScale - 1.0
09-23 23:38:00.896 D/LoaderTask( 2348): app pkg com.ximalaya.ting.android
09-23 23:38:00.896 D/LoaderTask( 2348): installQueue.size 31
09-23 23:38:00.896 I/ActivityManager( 1487): Process com.qualcomm.qti.devicestatisticsservice (pid 2181) has died: pers PER
09-23 23:38:00.896 I/am_proc_died( 1487): [0,2181,com.qualcomm.qti.devicestatisticsservice,-800,0]
09-23 23:38:00.896 I/Zygote ( 674): Process 2181 exited due to signal 9 (Killed)
09-23 23:38:00.896 I/am_pss ( 1487): [2248,10094,android.ext.services,10266624,4743168,0,103452672,2,5,5]
09-23 23:38:00.897 D/CCodec ( 1208): allocate(c2.android.vorbis.decoder)
09-23 23:38:00.897 I/libprocessgroup( 1487): Successfully killed process cgroup uid 10063 pid 2181 in 0ms
09-23 23:38:00.897 W/ActivityManager( 1487): Scheduling restart of crashed service com.qualcomm.qti.devicestatisticsservice/.DeviceStatisticsService in 0ms for persistent
09-23 23:38:00.897 I/am_schedule_service_restart( 1487): [0,com.qualcomm.qti.devicestatisticsservice/.DeviceStatisticsService,0]
09-23 23:38:00.897 I/am_uid_stopped( 1487): 10063
09-23 23:38:00.897 W/ActivityManager( 1487): Re-adding persistent process ProcessRecord{8e9368c 2181:com.qualcomm.qti.devicestatisticsservice/u0a63}
09-23 23:38:00.897 I/am_uid_running( 1487): 10063
09-23 23:38:00.897 D/CompatibilityChangeReporter( 1487): Compat change id reported: 135634846; UID 10063; state: DISABLED
09-23 23:38:00.897 D/CompatibilityChangeReporter( 1487): Compat change id reported: 177438394; UID 10063; state: DISABLED
09-23 23:38:00.897 D/CompatibilityChangeReporter( 1487): Compat change id reported: 135772972; UID 10063; state: DISABLED
09-23 23:38:00.898 D/CompatibilityChangeReporter( 1487): Compat change id reported: 135754954; UID 10063; state: ENABLED
09-23 23:38:00.898 I/mpu_uart( 654): [MSG-P:RECV]:No message received in 1000 ms
09-23 23:38:00.898 D/CompatibilityChangeReporter( 1487): Compat change id reported: 143937733; UID 10063; state: ENABLED
09-23 23:38:00.898 I/am_uid_active( 1487): 10063
09-23 23:38:00.898 D/LoaderTask( 2348): bindAllApps
09-23 23:38:00.899 I/CCodec ( 1208): setting up 'default' as default (vendor) store
09-23 23:38:00.899 V/C2Store ( 1249): in init
09-23 23:38:00.899 V/C2Store ( 1249): loading dll
09-23 23:38:00.901 I/RecoverySystem( 1487): No recovery log file
09-23 23:38:00.902 I/CCodec ( 1208): Created component [c2.android.vorbis.decoder]
09-23 23:38:00.902 I/am_pss ( 1487): [2190,1000,com.qualcomm.qti.qdma,11709440,7213056,0,106446848,2,0,5]
09-23 23:38:00.902 D/CCodecConfig( 1208): read media type: audio/vorbis
09-23 23:38:00.902 D/Zygote ( 674): Forked child process 3175
09-23 23:38:00.903 I/am_proc_start( 1487): [0,3175,10063,com.qualcomm.qti.devicestatisticsservice,restart,com.qualcomm.qti.devicestatisticsservice]
09-23 23:38:00.903 I/ActivityManager( 1487): Start proc 3175:com.qualcomm.qti.devicestatisticsservice/u0a63 for restart com.qualcomm.qti.devicestatisticsservice
09-23 23:38:00.904 I/DropBoxManagerService( 1487): add tag=SYSTEM_BOOT isTagEnabled=true flags=0x2
09-23 23:38:00.904 I/BootReceiver( 1487): Copying audit failures to DropBox
09-23 23:38:00.905 I/BootReceiver( 1487): Checking for fsck errors
09-23 23:38:00.905 W/Choreographer( 1487): Frame time is 0.264637 ms in the future! Check that graphics HAL is generating vsync timestamps using the correct timebase.
09-23 23:38:00.905 D/LOWI-9.0.0.87.a( 1344): [LOWINetlinkSocketReceiver] unpackRTMLinkMessage: RTM_NEWLINK - ifname vlan8, flags 0x1003 ([UP])
09-23 23:38:00.905 W/Choreographer( 1487): Frame time is 0.206564 ms in the future! Check that graphics HAL is generating vsync timestamps using the correct timebase.
09-23 23:38:00.905 D/LoaderTask( 2348): update icon cache
09-23 23:38:00.905 D/LoaderTask( 2348): save shortcuts in icon cache
09-23 23:38:00.905 W/Choreographer( 2348): Frame time is 0.022137 ms in the future! Check that graphics HAL is generating vsync timestamps using the correct timebase.
09-23 23:38:00.905 D/LoaderTask( 2348): step 2 complete
09-23 23:38:00.906 I/EthernetTracker( 1487): interfaceLinkStateChanged, iface: vlan8, up: false
09-23 23:38:00.906 D/LoaderTask( 2348): loadDeepShortcuts
09-23 23:38:00.906 D/LoaderTask( 2348): bindDeepShortcuts
09-23 23:38:00.906 D/LoaderTask( 2348): save deep shortcuts in icon cache
09-23 23:38:00.907 D/ReflectedParamUpdater( 1208): extent() != 1 for single value type: algo.buffers.max-count.values
09-23 23:38:00.907 D/ReflectedParamUpdater( 1208): extent() != 1 for single value type: output.subscribed-indices.values
09-23 23:38:00.907 D/ReflectedParamUpdater( 1208): extent() != 1 for single value type: input.buffers.allocator-ids.values
09-23 23:38:00.907 D/ReflectedParamUpdater( 1208): extent() != 1 for single value type: output.buffers.allocator-ids.values
09-23 23:38:00.907 D/LoaderTask( 2348): step 3 complete
09-23 23:38:00.907 D/ReflectedParamUpdater( 1208): extent() != 1 for single value type: algo.buffers.allocator-ids.values
09-23 23:38:00.908 D/ReflectedParamUpdater( 1208): extent() != 1 for single value type: output.buffers.pool-ids.values
09-23 23:38:00.908 D/ReflectedParamUpdater( 1208): extent() != 1 for single value type: algo.buffers.pool-ids.values
09-23 23:38:00.909 I/CCodecConfig( 1208): query failed after returning 7 values (BAD_INDEX)
09-23 23:38:00.909 D/CCodecConfig( 1208): c2 config diff is Dict {
09-23 23:38:00.909 D/CCodecConfig( 1208): c2::u32 coded.bitrate.value = 64000
09-23 23:38:00.909 D/CCodecConfig( 1208): c2::u32 input.buffers.max-size.value = 32768
09-23 23:38:00.909 D/CCodecConfig( 1208): c2::u32 input.delay.value = 0
09-23 23:38:00.909 D/CCodecConfig( 1208): string input.media-type.value = "audio/vorbis"
09-23 23:38:00.909 D/CCodecConfig( 1208): string output.media-type.value = "audio/raw"
09-23 23:38:00.909 D/CCodecConfig( 1208): c2::u32 raw.channel-count.value = 1
09-23 23:38:00.909 D/CCodecConfig( 1208): c2::u32 raw.sample-rate.value = 48000
09-23 23:38:00.909 D/CCodecConfig( 1208): }
09-23 23:38:00.909 D/CCodec ( 1208): [c2.android.vorbis.decoder] buffers are bound to CCodec for this session
09-23 23:38:00.909 D/CCodecConfig( 1208): no c2 equivalents for durationUs
09-23 23:38:00.909 D/CCodecConfig( 1208): no c2 equivalents for csd-1
09-23 23:38:00.909 I/BootReceiver( 1487): fs_stat, partition:persist stat:0x3
09-23 23:38:00.909 D/CCodecConfig( 1208): no c2 equivalents for language
09-23 23:38:00.909 D/CCodecConfig( 1208): no c2 equivalents for file-format
09-23 23:38:00.909 D/CCodecConfig( 1208): no c2 equivalents for flags
09-23 23:38:00.909 I/BootReceiver( 1487): fs_stat, partition:dsp_a stat:0x3
09-23 23:38:00.910 D/CCodecConfig( 1208): config failed => CORRUPTED
09-23 23:38:00.910 I/adbd ( 2562): adbd mDNS service _adb._tcp registered: 1
09-23 23:38:00.910 D/CCodecConfig( 1208): c2 config diff is c2::u32 coded.bitrate.value = 70000
09-23 23:38:00.911 I/commit_sys_config_file( 1487): [log-files,2]
09-23 23:38:00.912 W/Codec2Client( 1208): query -- param skipped: index = 1107298332.
09-23 23:38:00.912 D/CCodec ( 1208): setup formats input: AMessage(what = 0x00000000) = {
09-23 23:38:00.912 D/CCodec ( 1208): int32_t bitrate = 70000
09-23 23:38:00.912 D/CCodec ( 1208): int32_t channel-count = 1
09-23 23:38:00.912 D/CCodec ( 1208): int32_t max-input-size = 65307
09-23 23:38:00.912 D/CCodec ( 1208): string mime = "audio/vorbis"
09-23 23:38:00.912 D/CCodec ( 1208): int32_t sample-rate = 48000
09-23 23:38:00.912 D/CCodec ( 1208): }
09-23 23:38:00.912 D/CCodec ( 1208): setup formats output: AMessage(what = 0x00000000) = {
09-23 23:38:00.912 D/CCodec ( 1208): int32_t channel-count = 1
09-23 23:38:00.912 D/CCodec ( 1208): string mime = "audio/raw"
09-23 23:38:00.912 D/CCodec ( 1208): int32_t sample-rate = 48000
09-23 23:38:00.912 D/CCodec ( 1208): int32_t android._config-pcm-encoding = 2
09-23 23:38:00.912 D/CCodec ( 1208): }
09-23 23:38:00.912 I/am_uid_active( 1487): 10025
09-23 23:38:00.912 I/CCodecConfig( 1208): query failed after returning 7 values (BAD_INDEX)
09-23 23:38:00.913 I/am_pss ( 1487): [2137,1000,com.thundercomm.remotecontrolservice,10047488,6807552,0,100593664,2,0,6]
09-23 23:38:00.913 I/MediaCodec( 1208): MediaCodec will operate in async mode
09-23 23:38:00.913 D/MediaCodec( 1208): keep callback message for reclaim
09-23 23:38:00.914 W/Codec2Client( 1208): query -- param skipped: index = 1342179345.
09-23 23:38:00.914 W/Codec2Client( 1208): query -- param skipped: index = 2415921170.
09-23 23:38:00.914 D/C2Store ( 1208): Using ION
09-23 23:38:00.915 D/CCodecBufferChannel( 1208): [c2.android.vorbis.decoder#882] Created input block pool with allocatorID 16 => poolID 17 - OK (0)
09-23 23:38:00.915 I/CCodecBufferChannel( 1208): [c2.android.vorbis.decoder#882] Created output block pool with allocatorID 16 => poolID 26 - OK
09-23 23:38:00.915 D/CCodecBufferChannel( 1208): [c2.android.vorbis.decoder#882] Configured output block pool ids 26 => OK
09-23 23:38:00.916 D/CCodecBufferChannel( 1208): [c2.android.vorbis.decoder#882] start: updating output delay 0
09-23 23:38:00.916 E/ion ( 1208): ioctl c0044901 failed with code -1: Inappropriate ioctl for device
09-23 23:38:00.916 I/CCodecBufferChannel( 1208): pipelineRoom(3) is <= numClientBuffers(3). Not signalling any more buffers to client
09-23 23:38:00.916 D/SimpleC2Component( 1249): Using output block pool with poolID 26 => got 26 - 0
09-23 23:38:00.917 I/CCodecBufferChannel( 1208): pipelineRoom(2) is <= numClientBuffers(2). Not signalling any more buffers to client
09-23 23:38:00.917 I/CCodecBufferChannel( 1208): pipelineRoom(1) is <= numClientBuffers(1). Not signalling any more buffers to client
09-23 23:38:00.919 I/am_pss ( 1487): [2125,1068,com.android.se,6611968,4026368,0,92188672,2,0,5]
09-23 23:38:00.920 E/atisticsservic( 3175): Not starting debugger since process cannot load the jdwp agent.
09-23 23:38:00.921 D/NetworkSecurityConfig( 1984): No Network Security Config specified, using platform default
09-23 23:38:00.921 W/nsconfig( 1984): .dataservices: New config does not match the previously set config.
09-23 23:38:00.922 D/DpmServiceAppReceiver( 1984): Received Intent Intent { act=android.intent.action.BOOT_COMPLETED flg=0x89000010 cmp=com.qti.dpmserviceapp/.DpmServiceAppReceiver (has extras) }
09-23 23:38:00.922 D/CompatibilityInfo( 1487): mCompatibilityFlags - 4
09-23 23:38:00.922 D/CompatibilityInfo( 1487): applicationDensity - 240
09-23 23:38:00.922 D/CompatibilityInfo( 1487): applicationScale - 1.0
09-23 23:38:00.923 D/DpmServiceAppReceiver( 1984): DpmService Auto Boot Started Successfully
09-23 23:38:00.924 D/DpmServiceApp( 1984): Mwqem feature is disabled
09-23 23:38:00.924 D/CompatibilityChangeReporter( 1487): Compat change id reported: 168419799; UID 10075; state: DISABLED
09-23 23:38:00.924 D/DpmServiceApp( 1984): dpmd system daemon is enabled
09-23 23:38:00.924 D/DpmServiceApp( 1984): start dpm system service
09-23 23:38:00.924 D/CompatibilityInfo( 1487): mCompatibilityFlags - 4
09-23 23:38:00.924 D/CompatibilityInfo( 1487): applicationDensity - 240
09-23 23:38:00.924 D/CompatibilityInfo( 1487): applicationScale - 1.0
09-23 23:38:00.926 I/ExtendedNuUtils( 1208): Both src and dst missing for bit-width
09-23 23:38:00.926 I/ExtendedNuUtils( 1208): Overriding durationUs: with 64 bit src value 1728000
09-23 23:38:00.926 I/ExtendedNuUtils( 1208): Both src and dst missing for channel-mask
09-23 23:38:00.927 D/ProcessState( 3175): Binder ioctl to enable oneway spam detection failed: Invalid argument
09-23 23:38:00.927 E/DPMJ ( 1984): |SERVICE| DPM SERVICE REGISTER SERVICE FOR NETWORK CHANGE.
09-23 23:38:00.929 I/am_pss ( 1487): [2094,10087,com.qti.qualcomm.mstatssystemservice,6298624,3801088,0,90402816,2,0,5]
09-23 23:38:00.930 D/TelephonyRegistry( 1487): listen oscl: mHasNotifySubscriptionInfoChangedOccurred==false no callback
09-23 23:38:00.930 I/am_proc_bound( 1487): [0,3175,com.qualcomm.qti.devicestatisticsservice]
09-23 23:38:00.930 D/audio_hw_primary( 815): adev_get_parameters:vr_audio_mode_on
09-23 23:38:00.930 I/audio_hw_primary( 815): getting vr mode to 0
09-23 23:38:00.930 D/audio_hw_primary( 815): adev_get_parameters: exit: returns - vr_audio_mode_on=false
09-23 23:38:00.930 I/DPMJ ( 1984): |REQ:RCVR| DPM creating socket
09-23 23:38:00.930 I/hash_map_utils( 987): system/bt/osi/src/hash_map_utils.cc:81 hash_map_utils_dump_string_keys_string_values: key: 'vr_audio_mode_on' value: ''
09-23 23:38:00.931 I/DPMJ ( 1984): |REQ:RCVR| Connected to 'dpmd' socket
09-23 23:38:00.931 D/CompatibilityInfo( 1487): mCompatibilityFlags - 4
09-23 23:38:00.931 D/CompatibilityInfo( 1487): applicationDensity - 240
09-23 23:38:00.931 D/CompatibilityInfo( 1487): applicationScale - 1.0
09-23 23:38:00.931 I/DPMJ ( 1984): |SERVICE| DPM_S_RSP_GET_FEATURE_STATUS
09-23 23:38:00.931 D/ConnectivityService( 1487): requestNetwork for uid/pid:1001/1984 activeRequest: null callbackRequest: 28 [NetworkRequest [ REQUEST id=29, [ Capabilities: INTERNET&NOT_RESTRICTED&TRUSTED&NOT_VCN_MANAGED Uid: 1001 RequestorUid: 1001 RequestorPkg: com.qti.dpmserviceapp] ]] callback flags: 0 priority: 2147483647
09-23 23:38:00.932 D/ConnectivityService( 1487): NetReassign [no changes]
09-23 23:38:00.932 D/CompatibilityInfo( 1487): mCompatibilityFlags - 4
09-23 23:38:00.932 D/CompatibilityInfo( 1487): applicationDensity - 240
09-23 23:38:00.932 D/CompatibilityInfo( 1487): applicationScale - 1.0
09-23 23:38:00.932 D/AudioFlinger( 987): Client defaulted notificationFrames to 12000 for frameCount 24000
09-23 23:38:00.933 D/CompatibilityInfo( 1487): mCompatibilityFlags - 4
09-23 23:38:00.933 D/CompatibilityInfo( 1487): applicationDensity - 240
09-23 23:38:00.933 D/CompatibilityInfo( 1487): applicationScale - 1.0
09-23 23:38:00.933 D/CompatibilityChangeReporter( 3175): Compat change id reported: 171979766; UID 10063; state: ENABLED
09-23 23:38:00.933 D/Ethernet( 1487): got request NetworkRequest [ REQUEST id=29, [ Capabilities: INTERNET&NOT_RESTRICTED&TRUSTED&NOT_VCN_MANAGED Uid: 1001 RequestorUid: 1001 RequestorPkg: com.qti.dpmserviceapp] ]
09-23 23:38:00.933 D/EthernetNetworkFactory( 1487): acceptRequest, request: NetworkRequest [ REQUEST id=29, [ Capabilities: INTERNET&NOT_RESTRICTED&TRUSTED&NOT_VCN_MANAGED Uid: 1001 RequestorUid: 1001 RequestorPkg: com.qti.dpmserviceapp] ]
09-23 23:38:00.933 I/EthernetNetworkFactory( 1487): networkForRequest, request: NetworkRequest [ REQUEST id=29, [ Capabilities: INTERNET&NOT_RESTRICTED&TRUSTED&NOT_VCN_MANAGED Uid: 1001 RequestorUid: 1001 RequestorPkg: com.qti.dpmserviceapp] ], network: null
09-23 23:38:00.933 D/SysHelperService( 2770): Service started flags 0 startId 1
09-23 23:38:00.934 D/hw-ProcessState( 2770): Binder ioctl to enable oneway spam detection failed: Invalid argument
09-23 23:38:00.934 D/mhelper_servic( 2770): SystemEvent interface registering.
09-23 23:38:00.934 D/CompatibilityChangeReporter( 1487): Compat change id reported: 135634846; UID 1000; state: DISABLED
09-23 23:38:00.934 I/am_pss ( 1487): [2036,10050,.qtidataservices,6704128,4165632,0,92151808,2,0,5]
09-23 23:38:00.934 D/CompatibilityChangeReporter( 1487): Compat change id reported: 177438394; UID 1000; state: DISABLED
09-23 23:38:00.934 D/CompatibilityChangeReporter( 1487): Compat change id reported: 135772972; UID 1000; state: DISABLED
09-23 23:38:00.935 D/CompatibilityChangeReporter( 1487): Compat change id reported: 135754954; UID 1000; state: ENABLED
09-23 23:38:00.935 D/AF::TrackHandle( 987): OpPlayAudio: track:55 usage:5 not muted
09-23 23:38:00.936 D/nativeloader( 3175): classloader namespace configured for unbundled product apk. library_path=/product/app/DeviceStatisticsService/lib/arm64:/product/lib64:/system/product/lib64
09-23 23:38:00.939 D/LoaderTask( 2348): load widgets
09-23 23:38:00.939 I/Perf ( 3175): Connecting to perf service.
09-23 23:38:00.940 I/am_pss ( 1487): [2047,1000,vendor.qti.qesdk.sysservice,6295552,3751936,0,91336704,2,0,5]
09-23 23:38:00.941 D/Zygote ( 674): Forked child process 3200
09-23 23:38:00.941 I/am_proc_start( 1487): [0,3200,1000,com.qti.diagservices,broadcast,{com.qti.diagservices/com.qti.diagservices.Diag_OnBoot}]
09-23 23:38:00.941 I/ActivityManager( 1487): Start proc 3200:com.qti.diagservices/1000 for broadcast {com.qti.diagservices/com.qti.diagservices.Diag_OnBoot}
09-23 23:38:00.943 V/GraphicsEnvironment( 3175): ANGLE Developer option for 'com.qualcomm.qti.devicestatisticsservice' set to: 'default'
09-23 23:38:00.943 V/GraphicsEnvironment( 3175): ANGLE GameManagerService for com.qualcomm.qti.devicestatisticsservice: false
09-23 23:38:00.943 D/NetworkSecurityConfig( 3175): No Network Security Config specified, using platform default
09-23 23:38:00.944 I/HidlServiceManagement( 2770): Registered vendor.qti.hardware.systemhelper@1.0::ISystemEvent/default
09-23 23:38:00.944 D/NetworkSecurityConfig( 3175): No Network Security Config specified, using platform default
09-23 23:38:00.944 D/LoaderTask( 2348): bindWidgets
09-23 23:38:00.944 D/mhelper_servic( 2770): SystemResource interface registering.
09-23 23:38:00.945 D/LoaderTask( 2348): save widgets in icon cache
09-23 23:38:00.947 I/am_pss ( 1487): [1968,1000,com.thundercomm.microservice,9402368,6868992,0,94711808,2,0,5]
09-23 23:38:00.951 D/LoaderTask( 2348): finish icon update
09-23 23:38:00.952 I/HidlServiceManagement( 2770): Registered vendor.qti.hardware.systemhelper@1.0::ISystemResource/default
09-23 23:38:00.952 D/mhelper_servic( 2770): Successfully registered for both SystemEvent and SystemResource 1.0 interfaces
09-23 23:38:00.953 I/am_pss ( 1487): [1981,1000,com.thundercomm.microsettings,37256192,33509376,0,126537728,2,0,6]
09-23 23:38:00.954 E/ti.diagservice( 3200): Not starting debugger since process cannot load the jdwp agent.
09-23 23:38:00.955 I/EffectsFactory( 815): EffectCreate() create_effect
09-23 23:38:00.955 E/volume_listener( 815): check_and_set_gain_dep_cal: Failed to set gain dep cal level
09-23 23:38:00.955 D/ProcessState( 3200): Binder ioctl to enable oneway spam detection failed: Invalid argument
09-23 23:38:00.957 D/LOWI-9.0.0.87.a( 1344): [LOWINetlinkSocketReceiver] unpackRTMLinkMessage: RTM_NEWLINK - ifname vlan11, flags 0x1003 ([UP])
09-23 23:38:00.959 I/am_pss ( 1487): [1984,1001,.dataservices,8929280,6361088,0,94658560,2,0,5]
09-23 23:38:00.959 I/EthernetTracker( 1487): interfaceLinkStateChanged, iface: vlan11, up: false
09-23 23:38:00.963 E/FMQ ( 815): grantorIdx must be less than 3
09-23 23:38:00.963 E/FMQ ( 815): grantorIdx must be less than 3
09-23 23:38:00.964 I/am_proc_bound( 1487): [0,3200,com.qti.diagservices]
09-23 23:38:00.964 I/am_pss ( 1487): [1956,1073,com.android.networkstack.process,12077056,8859648,0,103485440,2,0,5]
09-23 23:38:00.965 D/CompatibilityInfo( 1487): mCompatibilityFlags - 4
09-23 23:38:00.965 D/CompatibilityInfo( 1487): applicationDensity - 240
09-23 23:38:00.965 D/CompatibilityInfo( 1487): applicationScale - 1.0
09-23 23:38:00.965 D/audio_hw_primary( 815): start_output_stream: enter: stream(0xe5dc0010)usecase(1: low-latency-playback) devices(0x2) is_haptic_usecase(0)
09-23 23:38:00.965 D/LOWI-9.0.0.87.a( 1344): [LOWINetlinkSocketReceiver] unpackRTMLinkMessage: RTM_NEWLINK - ifname vlan11, flags 0x1003 ([UP])
09-23 23:38:00.965 I/EthernetTracker( 1487): interfaceLinkStateChanged, iface: vlan11, up: false
09-23 23:38:00.965 I/hwservicemanager( 514): getTransport: Cannot find entry android.hardware.power@1.2::IPower/default in either framework or device VINTF manifest.
09-23 23:38:00.965 E/audio_hw_primary( 815): Unable to get Power service
09-23 23:38:00.966 E/ANDR-PERF-TARGET( 873): Error: Invalid logical cluster id 0
09-23 23:38:00.966 E/ANDR-PERF-REQUEST( 873): invalid request
09-23 23:38:00.966 E/ANDR-PERF-MPCTL( 873): invalid request, no optimizations performed
09-23 23:38:00.966 E/audio_hw_extn( 815): audio_extn_perf_lock_acquire: Failed to acquire perf lock, err: -1
09-23 23:38:00.966 D/audio_hw_primary( 815): select_devices for use case (low-latency-playback)
09-23 23:38:00.966 D/audio_hw_primary( 815): select_devices: changing use case low-latency-playback output device from(0: , acdb -1) to (2: speaker, acdb 15)
09-23 23:38:00.966 I/msm8974_platform( 815): platform_check_and_set_codec_backend_cfg:becf: afe: bitwidth 16, samplerate 48000 channels 2, backend_idx 0 usecase = 1 device (speaker)
09-23 23:38:00.966 D/msm8974_platform( 815): platform_split_snd_device: snd_device(2) num devices(1) new_snd_devices(0)
09-23 23:38:00.966 I/msm8974_platform( 815): platform_check_and_set_codec_backend_cfg: new_snd_devices[0] is 2
09-23 23:38:00.966 I/msm8974_platform( 815): platform_check_codec_backend_cfg:becf: afe: bitwidth 16, samplerate 48000 channels 2, backend_idx 0 usecase = 1 device (speaker)
09-23 23:38:00.966 D/Avrcp_ext( 1836): AudioManager Player: AudioPlaybackConfiguration piid:103 deviceId:0 type:android.media.SoundPool u/pid:10081/1843 state:idle attr:AudioAttributes: usage=USAGE_ASSISTANCE_SONIFICATION content=CONTENT_TYPE_SONIFICATION flags=0x800 tags= bundle=null sessionId:0
09-23 23:38:00.966 D/Avrcp_ext( 1836): AudioManager Player: AudioPlaybackConfiguration piid:95 deviceId:0 type:android.media.SoundPool u/pid:1000/1487 state:idle attr:AudioAttributes: usage=USAGE_ASSISTANCE_SONIFICATION content=CONTENT_TYPE_SONIFICATION flags=0x800 tags= bundle=null sessionId:0
09-23 23:38:00.966 D/Avrcp_ext( 1836): AudioManager Player: AudioPlaybackConfiguration piid:111 deviceId:3 type:android.media.MediaPlayer u/pid:10081/1843 state:started attr:AudioAttributes: usage=USAGE_NOTIFICATION content=CONTENT_TYPE_SONIFICATION flags=0x800 tags= bundle=null sessionId:0
09-23 23:38:00.967 D/Avrcp_ext( 1836): AudioManager Player in started state: com.android.systemui
09-23 23:38:00.967 D/Avrcp_ext( 1836): AudioManager Active Player: com.android.systemui
09-23 23:38:00.967 D/Avrcp_ext( 1836): AudioManager isPlaying: true, mAudioPlaybackIsActive = true
09-23 23:38:00.967 D/audio_hw_extn( 815): audio_extn_enable_hifi_filter: mixer_value set 0
09-23 23:38:00.967 D/msm8974_platform( 815): platform_check_codec_backend_cfg:becf: updated afe: bitwidth 16, samplerate 48000 channels 2,backend_idx 0 usecase = 1 device (speaker)
09-23 23:38:00.967 D/msm8974_platform( 815): platform_check_codec_backend_cfg:becf: afe: playback on codec device not supporting native playback set default Sample Rate(48k)
09-23 23:38:00.967 I/msm8974_platform( 815): platform_check_codec_backend_cfg:becf: afe: Codec selected backend: 0 updated bit width: 16 and sample rate: 48000
09-23 23:38:00.967 D/audio_hw_primary( 815): check_usecases_codec_backend:becf: force routing 0
09-23 23:38:00.967 E/msm8974_platform( 815): platform_check_backends_match: Invalid snd_device =
09-23 23:38:00.967 D/audio_hw_primary( 815): check_usecases_codec_backend:becf: (78) check_usecases curr device: speaker, usecase device: backends match 0
09-23 23:38:00.967 D/audio_hw_primary( 815): check_usecases_codec_backend:becf: check_usecases num.of Usecases to switch 0
