10-12 02:43:10.140 2009 2255 D bt_device_interop: feature:: 35, key :: 0x0094, value :: Manufacturer_Based
10-12 02:43:10.140 2009 2255 D bt_device_interop: feature:: 37, key :: 10:b7:f6, value :: Address_Based
10-12 02:43:10.140 2009 2255 D bt_device_interop: feature:: 37, key :: AirPods, value :: Name_Based
10-12 02:43:10.140 2009 2255 D bt_device_interop: feature:: 42, key :: 00:0E:9F, value :: Address_Based
10-12 02:43:10.140 2009 2255 D bt_device_interop: feature:: 38, key :: 98:B6:E9, value :: Address_Based
10-12 02:43:10.140 2009 2255 D bt_device_interop: feature:: 40, key :: 04:4E:AF, value :: Address_Based
10-12 02:43:10.140 2009 2255 D bt_device_interop: feature:: 40, key :: HB20, value :: Name_Based
10-12 02:43:10.141 2009 2255 D bt_device_interop: feature:: 40, key :: HB 20, value :: Name_Based
10-12 02:43:10.141 2009 2255 D bt_device_interop: feature:: 41, key :: com.google.android.apps.youtube.music, value :: Name_Based
10-12 02:43:10.141 2009 2255 D bt_device_interop: feature:: 41, key :: com.gaana, value :: Name_Based
10-12 02:43:10.143 1140 1240 W BestClock: java.time.DateTimeException: Missing NTP fix
10-12 02:43:10.144 1140 1770 W BestClock: java.time.DateTimeException: Missing NTP fix
10-12 02:43:10.149 1140 1770 W BestClock: java.time.DateTimeException: Missing NTP fix
10-12 02:43:10.150 2150 2150 V WifiManager: registerSoftApCallback: callback=com.android.networkstack.tethering.Tethering$TetheringSoftApCallback@d80d2b6, executor=com.android.networkstack.tethering.Tethering$TetheringThreadExecutor@ed15bb7
10-12 02:43:10.152 1140 1789 D ApConfigUtil: Update Softap capability, add acs feature support
10-12 02:43:10.152 1140 1789 D ApConfigUtil: Update Softap capability, add client control feature support
10-12 02:43:10.152 1140 1789 D ApConfigUtil: Update Softap capability, add SAE feature support
10-12 02:43:10.152 1140 1789 D ApConfigUtil: Update Softap capability, add MAC customization support
10-12 02:43:10.152 1140 1789 D ApConfigUtil: Update Softap capability, add 2.4G support
10-12 02:43:10.152 1140 1789 D ApConfigUtil: Update Softap capability, add 5G support
10-12 02:43:10.153 1140 1789 D ApConfigUtil: Update Softap capability, add OWE feature support
10-12 02:43:10.153 2150 2211 V WifiManager: SoftApCallbackProxy: send InfoChanged, newInfo: SoftApInfo{bandwidth= 0, frequency= 0, wifiStandard= 0, mApInstanceIdentifier= null, mIdleShutdownTimeoutMillis= 0}
10-12 02:43:10.153 2150 2211 V WifiManager: SoftApCallbackProxy: send InfoChanged, changedInfoList: []
10-12 02:43:10.153 1140 1789 D ApConfigUtil: Update Softap capability, max client = 32
10-12 02:43:10.153 2150 2211 V WifiManager: SoftApCallbackProxy: send onConnectedClientsChanged(clients): []
10-12 02:43:10.154 1140 1173 D ConnectivityService: requestNetwork for uid/pid:1073/2150 activeRequest: null callbackRequest: 19 [NetworkRequest [ TRACK_SYSTEM_DEFAULT id=19, [ Capabilities: INTERNET&NOT_RESTRICTED&TRUSTED&NOT_VPN&NOT_VCN_MANAGED RequestorUid: 1073 RequestorPkg: com.android.networkstack.tethering] ]] callback flags: 0 priority: 2147483647
10-12 02:43:10.154 1140 1823 D ConnectivityService: NetReassign [no changes]
10-12 02:43:10.160 676 676 I netd : trafficSwapActiveStatsMap() <16.24ms>
10-12 02:43:10.163 676 676 I netd : tetherGetStats() -> {[]} <2.34ms>
10-12 02:43:10.170 1140 1240 W BestClock: java.time.DateTimeException: Missing NTP fix
10-12 02:43:10.170 1140 1240 I netstats_mobile_sample: [0,0,0,0,0,0,0,0,0,0,0,0,1665513790170]
10-12 02:43:10.170 1140 1240 I netstats_wifi_sample: [0,0,0,0,0,0,0,0,0,0,0,0,1665513790170]
10-12 02:43:10.171 1140 1770 W BestClock: java.time.DateTimeException: Missing NTP fix
10-12 02:43:10.172 1140 1770 W BestClock: java.time.DateTimeException: Missing NTP fix
10-12 02:43:10.173 2024 2024 W SystemServiceRegistry: No service published for: face
10-12 02:43:10.181 1140 1174 D TelephonyRegistry: listen oscl: mHasNotifySubscriptionInfoChangedOccurred==false no callback
10-12 02:43:10.181 1140 1679 I commit_sys_config_file: [log-files,2022]
10-12 02:43:10.181 2270 2270 D ProcessState: Binder ioctl to enable oneway spam detection failed: Invalid argument
10-12 02:43:10.188 1539 1577 I adbd : jdwp connection from 2270
10-12 02:43:10.192 1140 1140 D NetworkSecurityConfig: No Network Security Config specified, using platform default
10-12 02:43:10.200 2270 2270 I service_manager_slow: [14,activity]
10-12 02:43:10.201 1140 1174 I am_proc_bound: [0,2270,.dataservices]
10-12 02:43:10.202 1140 1174 D CompatibilityChangeReporter: Compat change id reported: 168419799; UID 1001; state: DISABLED
10-12 02:43:10.202 1140 1174 D CompatibilityInfo: mCompatibilityFlags - 4
10-12 02:43:10.202 1140 1174 D CompatibilityInfo: applicationDensity - 240
10-12 02:43:10.202 1140 1174 D CompatibilityInfo: applicationScale - 1.0
10-12 02:43:10.202 1140 1240 W BestClock: java.time.DateTimeException: Missing NTP fix
10-12 02:43:10.203 1140 1174 I am_uid_active: 1001
10-12 02:43:10.204 677 677 D Zygote : Forked child process 2289
10-12 02:43:10.204 1140 1246 W ActivityManager: Slow operation: 1101ms so far, now at startProcess: returned from zygote!
10-12 02:43:10.205 1140 1679 I commit_sys_config_file: [log-files,2045]
10-12 02:43:10.206 2009 2287 I liblog : 54
10-12 02:43:10.206 2009 2287 E bt_btif_storage: btif_storage_get_adapter_property: Controller not ready! Unable to return Bluetooth Address
10-12 02:43:10.206 2009 2287 E BluetoothServiceJni: adapter_properties_callback: Status 1 is incorrect
10-12 02:43:10.211 676 676 I netd : trafficSwapActiveStatsMap() <8.29ms>
10-12 02:43:10.211 1140 1174 D CompatibilityChangeReporter: Compat change id reported: 168419799; UID 1001; state: DISABLED
10-12 02:43:10.211 1140 1174 D CompatibilityInfo: mCompatibilityFlags - 4
10-12 02:43:10.212 1140 1174 D CompatibilityInfo: applicationDensity - 240
10-12 02:43:10.212 1140 1174 D CompatibilityInfo: applicationScale - 1.0
10-12 02:43:10.214 1140 1213 I ServiceWatcher: [fused] connected to {com.android.location.fused/com.android.location.fused.FusedLocationService}
10-12 02:43:10.215 1140 1246 W ActivityManager: Slow operation: 1111ms so far, now at startProcess: done updating battery stats
10-12 02:43:10.215 1140 1246 I am_proc_start: [0,2289,10053,.qtidataservices,added application,.qtidataservices]
10-12 02:43:10.215 1140 1246 W ActivityManager: Slow operation: 1111ms so far, now at startProcess: building log message
10-12 02:43:10.215 1140 1246 I ActivityManager: Start proc 2289:.qtidataservices/u0a53 for added application .qtidataservices
10-12 02:43:10.215 1140 1246 W ActivityManager: Slow operation: 1111ms so far, now at startProcess: starting to update pids map
10-12 02:43:10.215 2009 2287 D AdapterProperties: Name is: QCOM-BTD
10-12 02:43:10.215 1140 1246 W ActivityManager: Slow operation: 1111ms so far, now at startProcess: done updating pids map
10-12 02:43:10.215 1140 1246 W ActivityManager: Slow operation: 1106ms so far, now at startProcess: asking zygote to start proc
10-12 02:43:10.216 1140 1140 E WiredAccessoryManager: No state change.
10-12 02:43:10.217 2270 2270 D CompatibilityChangeReporter: Compat change id reported: 171979766; UID 1001; state: DISABLED
10-12 02:43:10.218 1140 2191 D CompatibilityChangeReporter: Compat change id reported: 157233955; UID 10087; state: ENABLED
10-12 02:43:10.218 676 676 I netd : tetherGetStats() -> {[]} <5.70ms>
10-12 02:43:10.221 1140 1240 W BestClock: java.time.DateTimeException: Missing NTP fix
10-12 02:43:10.221 1140 1240 I netstats_mobile_sample: [0,0,0,0,0,0,0,0,0,0,0,0,1665513790221]
10-12 02:43:10.222 1140 1240 I netstats_wifi_sample: [0,0,0,0,0,0,0,0,0,0,0,0,1665513790221]
10-12 02:43:10.223 2024 2024 V KeyguardUpdateMonitor: *** register callback for com.android.systemui.statusbar.policy.KeyguardStateControllerImpl$UpdateMonitorCallback@41a063d
10-12 02:43:10.223 2024 2024 V KeyguardUpdateMonitor: *** unregister callback for null
01-01 08:01:01.276 0 0 E : INFO: trying to register non-static key.
01-01 08:01:01.281 0 0 E : the code is fine but needs lockdep annotation.
01-01 08:01:01.286 0 0 I : CPU: 2 PID: 1596 Comm: kworker/u16:18 Tainted: G S W O 4.19.157+ #1
01-01 08:01:01.286 0 0 I Hardware name: Qualcomm Technologies, Inc. kona MTP-RmPM8150b. VX1(MCE) EVT2 (DT)
01-01 08:01:01.286 0 0 I Workqueue: events_unbound ion_system_secure_heap_prefetch_work
01-01 08:01:01.286 0 0 I Call trace:
01-01 08:01:01.286 0 0 I : dump_backtrace+0x0/0x258
01-01 08:01:01.286 0 0 I : show_stack+0x20/0x30
01-01 08:01:01.286 0 0 I : dump_stack+0xd8/0x12c
01-01 08:01:01.286 0 0 I : register_lock_class+0x4d0/0x5c8
01-01 08:01:01.286 0 0 I : __lock_acquire+0xbc/0x1e58
01-01 08:01:01.286 0 0 I : lock_acquire+0x1cc/0x218
01-01 08:01:01.286 0 0 I : _raw_spin_lock_irqsave+0x54/0x98
01-01 08:01:01.286 0 0 I : ion_system_secure_heap_prefetch_work+0x94/0x2c0
01-01 08:01:01.286 0 0 I : process_one_work+0x38c/0x660
01-01 08:01:01.286 0 0 I : worker_thread+0x268/0x4b8
01-01 08:01:01.286 0 0 I : kthread+0x140/0x150
01-01 08:01:01.286 0 0 I : ret_from_fork+0x10/0x1c
10-12 02:43:10.227 2289 2289 I libc : SetHeapTaggingLevel: tag level set to 0
10-12 02:43:10.228 1140 1140 W TrustManagerService: EXTRA_USER_HANDLE missing or invalid, value=0
10-12 02:43:10.234 2009 2009 D BluetoothKeystoreService: initJni()
10-12 02:43:10.235 2009 2009 I bt_btif : get_profile_interface: id = bluetooth_keystore
10-12 02:43:10.235 2009 2009 I bt_btif : get_profile_interface: id = sdp
10-12 02:43:10.237 1140 1140 I SystemServerTiming: ManagedServices.unbindOtherUserServices_current0
10-12 02:43:10.237 1140 1140 D SystemServerTiming: ManagedServices.unbindOtherUserServices_current0 took to complete: 0ms
10-12 02:43:10.237 1140 1140 I SystemServerTiming: ManagedServices.unbindOtherUserServices_current0
10-12 02:43:10.237 1140 1140 D SystemServerTiming: ManagedServices.unbindOtherUserServices_current0 took to complete: 0ms
10-12 02:43:10.237 1140 1140 I SystemServerTiming: ManagedServices.unbindOtherUserServices_current0
10-12 02:43:10.237 1140 1140 D SystemServerTiming: ManagedServices.unbindOtherUserServices_current0 took to complete: 0ms
10-12 02:43:10.237 1140 1140 V NotificationAssistants: enabling notification assistant for 0: ComponentInfo{android.ext.services/android.ext.services.notification.Assistant}
10-12 02:43:10.237 1140 1140 V NotificationAssistants: binding: Intent { act=android.service.notification.NotificationAssistantService cmp=android.ext.services/.notification.Assistant (has extras) }
10-12 02:43:10.238 2009 2009 D BluetoothDatabase: start()
10-12 02:43:10.241 1140 1770 W BestClock: java.time.DateTimeException: Missing NTP fix
10-12 02:43:10.241 1140 1770 W BestClock: java.time.DateTimeException: Missing NTP fix
01-01 08:01:01.298 0 0 I binder : 2246:2246 ioctl 40046210 7fe476a004 returned -22
01-01 08:01:01.306 0 0 E : INFO: trying to register non-static key.
01-01 08:01:01.311 0 0 E : the code is fine but needs lockdep annotation.
01-01 08:01:01.313 0 0 I binder : 2289:2289 ioctl 40046210 7fe476a004 returned -22
01-01 08:01:01.317 0 0 I : CPU: 2 PID: 1596 Comm: kworker/u16:18 Tainted: G S W O 4.19.157+ #1
01-01 08:01:01.317 0 0 I Hardware name: Qualcomm Technologies, Inc. kona MTP-RmPM8150b. VX1(MCE) EVT2 (DT)
01-01 08:01:01.317 0 0 I Workqueue: events_unbound ion_system_secure_heap_prefetch_work
01-01 08:01:01.317 0 0 I Call trace:
01-01 08:01:01.317 0 0 I : dump_backtrace+0x0/0x258
01-01 08:01:01.317 0 0 I : show_stack+0x20/0x30
01-01 08:01:01.317 0 0 I : dump_stack+0xd8/0x12c
01-01 08:01:01.317 0 0 I : register_lock_class+0x4d0/0x5c8
01-01 08:01:01.317 0 0 I : __lock_acquire+0xbc/0x1e58
01-01 08:01:01.317 0 0 I : lock_acquire+0x1cc/0x218
01-01 08:01:01.317 0 0 I : _raw_spin_lock_irqsave+0x54/0x98
01-01 08:01:01.317 0 0 I : ion_system_secure_heap_prefetch_work+0x94/0x2c0
01-01 08:01:01.317 0 0 I : process_one_work+0x38c/0x660
01-01 08:01:01.317 0 0 I : worker_thread+0x268/0x4b8
01-01 08:01:01.317 0 0 I : kthread+0x140/0x150
01-01 08:01:01.317 0 0 I : ret_from_fork+0x10/0x1c
01-01 08:01:01.317 0 0 E : INFO: trying to register non-static key.
10-12 02:43:10.245 2009 2009 D BluetoothDatabase: Load Database
10-12 02:43:10.246 2009 2009 D BluetoothAdapterService: Phone policy enabled
10-12 02:43:10.248 2009 2009 D BluetoothBondStateMachine: make
10-12 02:43:10.250 2246 2246 D ProcessState: Binder ioctl to enable oneway spam detection failed: Invalid argument
01-01 08:01:01.322 0 0 E : the code is fine but needs lockdep annotation.
10-12 02:43:10.252 814 1773 D audio_hw_primary: adev_set_mic_mute state 0
10-12 02:43:10.252 1539 1577 I adbd : jdwp connection from 2289
10-12 02:43:10.253 1140 1679 E NativeTombstoneManager: Tombstone's UID (1047) not an app, ignoring
10-12 02:43:10.254 1140 1679 I DropBoxManagerService: add tag=SYSTEM_TOMBSTONE_PROTO isTagEnabled=true flags=0x4
10-12 02:43:10.264 2009 2009 D BluetoothActiveDeviceManager: start()
10-12 02:43:10.264 2009 2311 I BluetoothBondStateMachine: StableState(): Entering Off State
10-12 02:43:10.267 1140 2191 I am_proc_bound: [0,2246,com.thundercomm.microsettings]
10-12 02:43:10.269 1140 2191 D CompatibilityChangeReporter: Compat change id reported: 168419799; UID 1000; state: DISABLED
10-12 02:43:10.269 1140 2191 D CompatibilityInfo: mCompatibilityFlags - 4
10-12 02:43:10.269 1140 2191 D CompatibilityInfo: applicationDensity - 240
10-12 02:43:10.269 1140 2191 D CompatibilityInfo: applicationScale - 1.0
10-12 02:43:10.271 2239 2239 I Perf : Connecting to perf service.
10-12 02:43:10.272 2289 2289 D ProcessState: Binder ioctl to enable oneway spam detection failed: Invalid argument
10-12 02:43:10.277 2239 2239 V GraphicsEnvironment: ANGLE Developer option for 'com.thundercomm.microservice' set to: 'default'
10-12 02:43:10.278 2239 2239 V GraphicsEnvironment: ANGLE GameManagerService for com.thundercomm.microservice: false
10-12 02:43:10.280 1140 1240 W BestClock: java.time.DateTimeException: Missing NTP fix
10-12 02:43:10.282 676 676 I netd : trafficSwapActiveStatsMap() <2.34ms>
10-12 02:43:10.285 2239 2239 D NetworkSecurityConfig: No Network Security Config specified, using platform default
10-12 02:43:10.284 2024 2024 D MediaResumeListener: loaded resume components []
10-12 02:43:10.285 2239 2239 D NetworkSecurityConfig: No Network Security Config specified, using platform default
10-12 02:43:10.288 503 503 I hwservicemanager: Since vendor.qti.hardware.iop@2.0::IIop/default is not registered, trying to start it as a lazy HAL.
10-12 02:43:10.288 1320 1333 E ANDR-IOP: IIop:: Iop HAL Service is not available.
10-12 02:43:10.289 676 676 I netd : tetherGetStats() -> {[]} <1.94ms>
10-12 02:43:10.291 2246 2246 D CompatibilityChangeReporter: Compat change id reported: 171979766; UID 1000; state: ENABLED
10-12 02:43:10.293 2024 2024 D BluetoothEventManager: adding SourceInfo Handler
10-12 02:43:10.293 2009 2323 D BluetoothActiveDeviceManager: onAudioDevicesAdded
01-01 08:01:01.328 0 0 I : CPU: 2 PID: 1596 Comm: kworker/u16:18 Tainted: G S W O 4.19.157+ #1
10-12 02:43:10.294 2009 2323 D BluetoothActiveDeviceManager: Audio device added: figure type: 1
10-12 02:43:10.294 2009 2323 D BluetoothActiveDeviceManager: Audio device added: figure type: 2
10-12 02:43:10.294 2009 2323 D BluetoothActiveDeviceManager: Audio device added: figure type: 18
10-12 02:43:10.294 2009 2323 D BluetoothActiveDeviceManager: Audio device added: figure type: 15
10-12 02:43:10.294 2009 2323 D BluetoothActiveDeviceManager: Audio device added: figure type: 18
10-12 02:43:10.294 2009 2323 D BluetoothActiveDeviceManager: Audio device added: figure type: 15
10-12 02:43:10.294 2009 2323 D BluetoothActiveDeviceManager: Audio device added: figure type: 25
01-01 08:01:01.328 0 0 I Hardware name: Qualcomm Technologies, Inc. kona MTP-RmPM8150b. VX1(MCE) EVT2 (DT)
01-01 08:01:01.328 0 0 I Workqueue: events_unbound ion_system_secure_heap_prefetch_work
10-12 02:43:10.294 2009 2323 D BluetoothActiveDeviceManager: Audio device added: figure type: 16
01-01 08:01:01.328 0 0 I Call trace:
01-01 08:01:01.328 0 0 I : dump_backtrace+0x0/0x258
01-01 08:01:01.328 0 0 I : show_stack+0x20/0x30
10-12 02:43:10.295 2009 2009 D BluetoothAdapterService: setAdapterService com.android.bluetooth.btservice.AdapterService@256325c
01-01 08:01:01.328 0 0 I : dump_stack+0xd8/0x12c
01-01 08:01:01.328 0 0 I : register_lock_class+0x4d0/0x5c8
10-12 02:43:10.298 1539 1577 I adbd : jdwp connection from 2246
10-12 02:43:10.298 2024 2024 D LocalBluetoothProfileManager: LocalBluetoothProfileManager construction complete
10-12 02:43:10.298 2270 2270 I Perf : Connecting to perf service.
10-12 02:43:10.298 2024 2024 D LocalBluetoothProfileManager: Adding local Hearing Aid profile
10-12 02:43:10.300 2024 2024 D BluetoothHearingAid: Binding service...
10-12 02:43:10.302 2239 2239 I MicroService: MicroService onCreate...
10-12 02:43:10.305 503 2329 W libc : Unable to set property "ctl.interface_start" to "vendor.qti.hardware.iop@2.0::IIop/default": error code: 0x20
10-12 02:43:10.305 503 2329 I hwservicemanager: Tried to start vendor.qti.hardware.iop@2.0::IIop/default as a lazy service, but was unable to. Usually this happens when a service is not installed, but if the service is intended to be used as a lazy service, then it may be configured incorrectly.
10-12 02:43:10.308 2239 2239 I MicroService: Start sub module services ...
01-01 08:01:01.328 0 0 I : __lock_acquire+0xbc/0x1e58
01-01 08:01:01.328 0 0 I : lock_acquire+0x1cc/0x218
01-01 08:01:01.328 0 0 I : _raw_spin_lock_irqsave+0x54/0x98
01-01 08:01:01.328 0 0 I : ion_system_secure_heap_prefetch_work+0x48/0x2c0
01-01 08:01:01.328 0 0 I : process_one_work+0x38c/0x660
01-01 08:01:01.328 0 0 I : worker_thread+0x33c/0x4b8
01-01 08:01:01.328 0 0 I : kthread+0x140/0x150
01-01 08:01:01.328 0 0 I : ret_from_fork+0x10/0x1c
01-01 08:01:01.332 0 0 I [kworke][0x4592c118][02:43:10.284436] wlan: [276:I:HDD] hdd_pm_qos_add_request: 9360: Set cpu_mask 0f for affine_cores
01-01 08:01:01.332 0 0 I [kworke][0x4592c405][02:43:10.284476] wlan: [276:I:HDD] hdd_pm_qos_add_request: 9362: Set cpu_mask 0f for affine_cores
01-01 08:01:01.332 0 0 D cnss : Sending ini sync request, state: 0x17, fw_log_mode: 1
01-01 08:01:01.339 0 0 I [kworke][0x4594ad9a][02:43:10.291005] wlan: [276:I:HIF] Initializing Runtime PM wakelock &sc->prevent_linkdown_lock
01-01 08:01:01.339 0 0 I [kworke][0x4594b880][02:43:10.291149] wlan: [276:I:HIF] hif_pci_enable_bus: con_mode = 0x0, WLAN_SOC_device_id = 0x1101
01-01 08:01:01.339 0 0 I [kworke][0x4594bbd4][02:43:10.291193] wlan: [276:I:HIF] hif_pci_enable_bus: hif_enable_pci done
01-01 08:01:01.339 0 0 I [kworke][0x4594ecd3][02:43:10.291846] wlan: [276:I:HIF] *********** QCA6390 *************
01-01 08:01:01.339 0 0 I [kworke][0x4594ef2e][02:43:10.291878] wlan: [276:I:HIF] hif_pci_enable_bus: hif_type = 0x12, target_type = 0x17
01-01 08:01:01.339 0 0 I [kworke][0x4594f161][02:43:10.291907] wlan: [276:I:HIF] hif_register_tbl_attach: HIF_TYPE_QCA6390
01-01 08:01:01.340 0 0 I [kworke][0x4594f38a][02:43:10.291936] wlan: [276:I:HIF] hif_target_register_tbl_attach: TARGET_TYPE_QCA6390
01-01 08:01:01.340 0 0 I [kworke][0x4594f5a0][02:43:10.291964] wlan: [276:I:HIF] hif_pci_enable_bus:Skip tgt_wake up for srng devices
01-01 08:01:01.341 0 0 E [kworke][0x45955f2d][02:43:10.293371] wlan: [276:E:TXRX] hif_print_hal_shadow_register_cfg: num_config 28
01-01 08:01:01.352 0 0 I [kworke][0x4598b356][02:43:10.304734] wlan: [276:I:TXRX] hif_print_hal_shadow_register_cfg: i 0, val a3b034
01-01 08:01:01.352 0 0 I [kworke][0x4598b612][02:43:10.304770] wlan: [276:I:TXRX] hif_print_hal_shadow_register_cfg: i 1, val a3b03c
01-01 08:01:01.354 0 0 I [kworke][0x45991d52][02:43:10.306147] wlan: [276:I:TXRX] hif_print_hal_shadow_register_cfg: i 2, val a3b044
01-01 08:01:01.354 0 0 I [kworke][0x45991ffc][02:43:10.306182] wlan: [276:I:TXRX] hif_print_hal_shadow_register_cfg: i 3, val a3b04c
01-01 08:01:01.354 0 0 I [kworke][0x45992202][02:43:10.306209] wlan: [276:I:TXRX] hif_print_hal_shadow_register_cfg: i 4, val a3b054
01-01 08:01:01.354 0 0 I [kworke][0x45992430][02:43:10.306238] wlan: [276:I:TXRX] hif_print_hal_shadow_register_cfg: i 5, val a3b028
01-01 08:01:01.354 0 0 I [kworke][0x45992639][02:43:10.306265] wlan: [276:I:TXRX] hif_print_hal_shadow_register_cfg: i 6, val a3b020
01-01 08:01:01.354 0 0 I [kworke][0x45992851][02:43:10.306293] wlan: [276:I:TXRX] hif_print_hal_shadow_register_cfg: i 7, val a3b06c
01-01 08:01:01.354 0 0 I [kworke][0x45992a4f][02:43:10.306319] wlan: [276:I:TXRX] hif_print_hal_shadow_register_cfg: i 8, val a46000
01-01 08:01:01.354 0 0 I [kworke][0x45992c69][02:43:10.306347] wlan: [276:I:TXRX] hif_print_hal_shadow_register_cfg: i 9, val a46008
01-01 08:01:01.354 0 0 I [kworke][0x45992e6a][02:43:10.306374] wlan: [276:I:TXRX] hif_print_hal_shadow_register_cfg: i 10, val a46010
01-01 08:01:01.354 0 0 I [kworke][0x45993067][02:43:10.306401] wlan: [276:I:TXRX] hif_print_hal_shadow_register_cfg: i 11, val a46018
01-01 08:01:01.354 0 0 I [kworke][0x4599327b][02:43:10.306428] wlan: [276:I:TXRX] hif_print_hal_shadow_register_cfg: i 12, val a46034
01-01 08:01:01.354 0 0 I [kworke][0x4599347d][02:43:10.306455] wlan: [276:I:TXRX] hif_print_hal_shadow_register_cfg: i 13, val a370b0
01-01 08:01:01.354 0 0 I [kworke][0x4599367d][02:43:10.306482] wlan: [276:I:TXRX] hif_print_hal_shadow_register_cfg: i 14, val a37018
01-01 08:01:01.354 0 0 I [kworke][0x45993895][02:43:10.306510] wlan: [276:I:TXRX] hif_print_hal_shadow_register_cfg: i 15, val a370c4
01-01 08:01:01.354 0 0 I [kworke][0x45993ac2][02:43:10.306539] wlan: [276:I:TXRX] hif_print_hal_shadow_register_cfg: i 16, val a370cc
01-01 08:01:01.354 0 0 I [kworke][0x45993cd5][02:43:10.306566] wlan: [276:I:TXRX] hif_print_hal_shadow_register_cfg: i 17, val a370d4
01-01 08:01:01.354 0 0 I [kworke][0x45994493][02:43:10.306670] wlan: [276:I:TXRX] hif_print_hal_shadow_register_cfg: i 18, val a370dc
01-01 08:01:01.354 0 0 I [kworke][0x459946d4][02:43:10.306700] wlan: [276:I:TXRX] hif_print_hal_shadow_register_cfg: i 19, val a00400
01-01 08:01:01.354 0 0 I [kworke][0x459948f9][02:43:10.306728] wlan: [276:I:TXRX] hif_print_hal_shadow_register_cfg: i 20, val a03400
01-01 08:01:01.354 0 0 I [kworke][0x45994b08][02:43:10.306756] wlan: [276:I:TXRX] hif_print_hal_shadow_register_cfg: i 21, val a0340c
01-01 08:01:01.354 0 0 I [kworke][0x45994d12][02:43:10.306783] wlan: [276:I:TXRX] hif_print_hal_shadow_register_cfg: i 22, val a05400
10-12 02:43:10.311 2009 2009 I droid.bluetoot: [1012/024310.311091:INFO:com_android_bluetooth_btservice_vendor.cpp(869)] load_bt_configstore_lib loaded HAL: bt_configstore_interface_t=0x75a7094970, bt_configstore_lib_handle=0x6881ad457cb4fb89
01-01 08:01:01.354 0 0 I [kworke][0x45994f13][02:43:10.306810] wlan: [276:I:TXRX] hif_print_hal_shadow_register_cfg: i 23, val a0540c
10-12 02:43:10.311 2009 2009 I bt_config_store: getVendorProperties
10-12 02:43:10.311 2009 2009 D hw-ProcessState: Binder ioctl to enable oneway spam detection failed: Invalid argument
10-12 02:43:10.312 2270 2270 V GraphicsEnvironment: ANGLE Developer option for 'com.qualcomm.qti.uceShimService' set to: 'default'
10-12 02:43:10.312 1140 1173 D CompatibilityInfo: mCompatibilityFlags - 4
10-12 02:43:10.312 1140 1173 D CompatibilityInfo: applicationDensity - 240
10-12 02:43:10.313 1140 1173 D CompatibilityInfo: applicationScale - 1.0
10-12 02:43:10.313 2239 2239 I MicroService: Start SettingsService service ...
10-12 02:43:10.314 2239 2239 I MicroService: Start MicroService service...
10-12 02:43:10.314 2239 2239 D MicroService: start Ap Ip Listener
10-12 02:43:10.314 2270 2270 V GraphicsEnvironment: ANGLE GameManagerService for com.qualcomm.qti.uceShimService: false
10-12 02:43:10.315 1140 1174 I am_proc_bound: [0,2289,.qtidataservices]
10-12 02:43:10.316 2009 2300 D BluetoothDatabase: compactLastConnectionTime: Compacting metadata after load
10-12 02:43:10.317 2009 2300 I BluetoothDatabase: cacheMetadata
10-12 02:43:10.317 2009 2300 V BluetoothDatabase: cacheMetadata: found device LocalStorage
10-12 02:43:10.317 2009 2300 V BluetoothDatabase: cacheMetadata: Database is ready
10-12 02:43:10.317 2270 2270 D NetworkSecurityConfig: No Network Security Config specified, using platform default
10-12 02:43:10.317 1140 1174 D CompatibilityChangeReporter: Compat change id reported: 168419799; UID 10053; state: DISABLED
10-12 02:43:10.317 1140 1174 D CompatibilityInfo: mCompatibilityFlags - 4
10-12 02:43:10.318 1140 1174 D CompatibilityInfo: applicationDensity - 240
10-12 02:43:10.318 1140 1174 D CompatibilityInfo: applicationScale - 1.0
10-12 02:43:10.318 1140 1240 W BestClock: java.time.DateTimeException: Missing NTP fix
10-12 02:43:10.318 1140 1240 I netstats_mobile_sample: [0,0,0,0,0,0,0,0,0,0,0,0,1665513790318]
10-12 02:43:10.318 1140 1240 I netstats_wifi_sample: [0,0,0,0,0,0,0,0,0,0,0,0,1665513790318]
10-12 02:43:10.319 2270 2270 D NetworkSecurityConfig: No Network Security Config specified, using platform default
10-12 02:43:10.320 825 825 I vendor.qti.hardware.btconfigstore@2.0-BTConfigStore: getVendorProperties:: Bluetooth soc type set to: hastings, ret: 8
10-12 02:43:10.320 825 825 I vendor.qti.hardware.btconfigstore@2.0-BTConfigStore: getVendorProperties:: persist.vendor.qcom.bluetooth.enable.splita2dp: true, ret: 4
10-12 02:43:10.320 825 825 I vendor.qti.hardware.btconfigstore@2.0-BTConfigStore: getVendorProperties:: persist.vendor.qcom.bluetooth.a2dp_offload_cap: sbc-aptx-aptxtws-aptxhd-aac-ldac-aptxadaptiver2, ret: 47
10-12 02:43:10.321 825 825 I vendor.qti.hardware.btconfigstore@2.0-BTConfigStore: getVendorProperties:: ro.vendor.bluetooth.wipower: false, ret: 5
10-12 02:43:10.321 825 825 I vendor.qti.hardware.btconfigstore@2.0-BTConfigStore: getVendorProperties:: persist.vendor.qcom.bluetooth.aac_frm_ctl.enabled: true, ret: 4
10-12 02:43:10.321 825 825 I vendor.qti.hardware.btconfigstore@2.0-BTConfigStore: getVendorProperties:: persist.vendor.qcom.bluetooth.enable.swb: true, ret: 4
10-12 02:43:10.321 825 825 I vendor.qti.hardware.btconfigstore@2.0-BTConfigStore: getVendorProperties:: persist.vendor.qcom.bluetooth.enable.swbpm: true, ret: 4
10-12 02:43:10.321 825 825 I vendor.qti.hardware.btconfigstore@2.0-BTConfigStore: getVendorProperties:: persist.vendor.qcom.bluetooth.a2dp_mcast_test.enabled: false, ret: 5
10-12 02:43:10.321 825 825 I vendor.qti.hardware.btconfigstore@2.0-BTConfigStore: getVendorProperties:: persist.vendor.qcom.bluetooth.twsp_state.enabled: false, ret: 5
01-01 08:01:01.354 0 0 I [kworke][0x45995125][02:43:10.306837] wlan: [276:I:TXRX] hif_print_hal_shadow_register_cfg: i 24, val a06400
01-01 08:01:01.354 0 0 I [kworke][0x45995337][02:43:10.306865] wlan: [276:I:TXRX] hif_print_hal_shadow_register_cfg: i 25, val a08400
01-01 08:01:01.354 0 0 I [kworke][0x45995562][02:43:10.306894] wlan: [276:I:TXRX] hif_print_hal_shadow_register_cfg: i 26, val a0b400
01-01 08:01:01.354 0 0 I [kworke][0x4599579c][02:43:10.306923] wlan: [276:I:TXRX] hif_print_hal_shadow_register_cfg: i 27, val a0b40c
01-01 08:01:01.355 0 0 D cnss : Mode: 0, config: ffffff801a02b7b8, host_version: 5.2.022.10G
01-01 08:01:01.355 0 0 D cnss : Sending WLAN config message, state: 0x17
01-01 08:01:01.358 0 0 D cnss : Sending mode message, mode: MISSION(0), state: 0x17
01-01 08:01:01.359 0 0 I binder : 2009:2009 ioctl 40046210 7fe4769674 returned -22
01-01 08:01:01.365 0 0 W logd : Skipping entries from slow reader, pid 1248, fd 14, from LogBuffer::Prune()
10-12 02:43:10.321 825 825 I vendor.qti.hardware.btconfigstore@2.0-BTConfigStore: getVendorProperties:: persist.vendor.qcom.bluetooth.max_power_support: false, ret: 5
01-01 08:01:01.365 0 0 W logd : Skipping entries from slow reader, pid 1248, fd 14, from LogBuffer::Prune()
10-12 02:43:10.321 2009 2009 I bt_config_store: prop type: BT_PROP_SOC_TYPE, prop_value: hastings
01-01 08:01:01.365 0 0 W logd : Skipping entries from slow reader, pid 1248, fd 14, from LogBuffer::Prune()
10-12 02:43:10.321 2009 2009 I bt_config_store: prop type: BT_PROP_SPILT_A2DP, prop_value: true
10-12 02:43:10.321 503 503 I hwservicemanager: Since vendor.qti.hardware.iop@2.0::IIop/default is not registered, trying to start it as a lazy HAL.
10-12 02:43:10.321 2009 2009 I bt_config_store: prop type: BT_PROP_A2DP_OFFLOAD_CAP, prop_value: sbc-aptx-aptxtws-aptxhd-aac-ldac-aptxadaptiver2
10-12 02:43:10.321 2009 2009 I bt_config_store: prop type: BT_PROP_WIPOWER, prop_value: false
10-12 02:43:10.321 2009 2009 I bt_config_store: prop type: BT_PROP_AAC_FRAME_CTL, prop_value: true
10-12 02:43:10.321 2009 2009 I bt_config_store: not handled propType = 6
10-12 02:43:10.321 2009 2009 I bt_config_store: prop type: not handled, prop_value: true
10-12 02:43:10.322 2009 2009 I bt_config_store: not handled propType = 7
10-12 02:43:10.322 2009 2009 I bt_config_store: prop type: not handled, prop_value: true
10-12 02:43:10.322 2009 2009 I bt_config_store: not handled propType = 8
10-12 02:43:10.322 2009 2009 I bt_config_store: prop type: not handled, prop_value: false
10-12 02:43:10.322 2009 2009 I bt_config_store: not handled propType = 9
10-12 02:43:10.322 2009 2009 I bt_config_store: prop type: not handled, prop_value: false
10-12 02:43:10.322 2009 2009 I bt_config_store: not handled propType = 11
10-12 02:43:10.322 2009 2009 I bt_config_store: prop type: not handled, prop_value: false
10-12 02:43:10.322 2009 2009 I BluetoothVendorJni: initNative:: soc_name = hastings
10-12 02:43:10.322 2009 2009 I BluetoothVendorJni: initNative:: a2dp_offload_Cap = sbc-aptx-aptxtws-aptxhd-aac-ldac-aptxadaptiver2
10-12 02:43:10.322 2009 2009 I bt_btif : get_profile_interface: id = vendor
10-12 02:43:10.322 2009 2009 I bt_btif_vendor: init
10-12 02:43:10.322 2009 2009 I bt_btif_vendor: init done
10-12 02:43:10.322 1320 1333 E ANDR-IOP: IIop:: Iop HAL Service is not available.
10-12 02:43:10.323 2009 2009 D BluetoothVendorService: Qti Stack enabled status: true
10-12 02:43:10.323 2009 2009 I BluetoothVendorJni: getSocNameNative
10-12 02:43:10.323 2009 2009 D BluetoothVendorService: socName: hastings
10-12 02:43:10.323 2009 2009 I BluetoothVendorJni: getA2apOffloadCapabilityNative
10-12 02:43:10.323 2009 2009 D BluetoothVendorService: a2dpOffloadCap: sbc-aptx-aptxtws-aptxhd-aac-ldac-aptxadaptiver2
10-12 02:43:10.324 2009 2009 I BluetoothVendorJni: isSplitA2dpEnabledNative
10-12 02:43:10.324 2009 2009 D BluetoothVendorService: splitA2dpEnabled: true
10-12 02:43:10.324 2009 2009 I BluetoothVendorJni: isSwbEnabledNative
10-12 02:43:10.324 2009 2009 D BluetoothVendorService: isSwbEnabled: true
10-12 02:43:10.324 2009 2009 I BluetoothVendorJni: isSwbPmEnabledNative
10-12 02:43:10.324 2009 2009 D BluetoothVendorService: isSwbPmEnabled: true
10-12 02:43:10.324 2009 2009 I bt_btif : get_profile_interface: id = vendorSocket
10-12 02:43:10.324 1140 1174 I am_uid_active: 10053
10-12 02:43:10.328 2009 2009 I AdapterProperties: init(), maxConnectedAudioDevices, default=5, propertyOverlayed=5, finalValue=5
10-12 02:43:10.330 1140 1770 W BestClock: java.time.DateTimeException: Missing NTP fix
10-12 02:43:10.331 1140 1770 W BestClock: java.time.DateTimeException: Missing NTP fix
10-12 02:43:10.334 1140 1240 W BestClock: java.time.DateTimeException: Missing NTP fix
01-01 08:01:01.381 0 0 D cnss : Received QMI WLFW pin connect result indication
01-01 08:01:01.381 0 0 D cnss : Pin connect Result: pwr_pin: 0x1 phy_io_pin: 0x0 rf_io_pin: 0x0
01-01 08:01:01.383 0 0 D cnss : Assign MSI to user: CE, num_vectors: 10, user_base_data: 803, base_vector: 3
10-12 02:43:10.335 2009 2009 D BluetoothAdapterService: onBind()
10-12 02:43:10.336 676 676 I netd : trafficSwapActiveStatsMap() <2.00ms>
10-12 02:43:10.338 2289 2289 D CompatibilityChangeReporter: Compat change id reported: 171979766; UID 10053; state: DISABLED
10-12 02:43:10.339 1140 1679 I commit_sys_config_file: [log-files,2179]
10-12 02:43:10.344 676 676 I netd : tetherGetStats() -> {[]} <5.14ms>
10-12 02:43:10.345 503 2335 W libc : Unable to set property "ctl.interface_start" to "vendor.qti.hardware.iop@2.0::IIop/default": error code: 0x20
10-12 02:43:10.345 503 2335 I hwservicemanager: Tried to start vendor.qti.hardware.iop@2.0::IIop/default as a lazy service, but was unable to. Usually this happens when a service is not installed, but if the service is intended to be used as a lazy service, then it may be configured incorrectly.
10-12 02:43:10.349 1140 1240 W BestClock: java.time.DateTimeException: Missing NTP fix
10-12 02:43:10.349 1140 1240 I netstats_mobile_sample: [0,0,0,0,0,0,0,0,0,0,0,0,1665513790349]
10-12 02:43:10.349 1140 1240 I netstats_wifi_sample: [0,0,0,0,0,0,0,0,0,0,0,0,1665513790349]
10-12 02:43:10.353 2024 2024 D NotificationMediaManager: sendEmptyMediaNotification : 0
10-12 02:43:10.356 1140 1240 D TelephonyRegistry: listen oscl: mHasNotifySubscriptionInfoChangedOccurred==false no callback
10-12 02:43:10.357 1140 1770 W BestClock: java.time.DateTimeException: Missing NTP fix
10-12 02:43:10.359 2270 2270 D NetworkSecurityConfig: No Network Security Config specified, using platform default
10-12 02:43:10.359 1140 1770 W BestClock: java.time.DateTimeException: Missing NTP fix
10-12 02:43:10.359 2270 2270 W nsconfig: .dataservices: New config does not match the previously set config.
10-12 02:43:10.362 2024 2024 W AlarmManager: Unrecognized alarm listener com.android.systemui.keyguard.KeyguardSliceProvider$$ExternalSyntheticLambda0@629518d
10-12 02:43:10.362 1140 1240 D CountryDetector: Using custom country detector class: com.android.server.location.ComprehensiveCountryDetector
10-12 02:43:10.362 1140 1240 E CountryDetector: Could not instantiate the custom country detector class
10-12 02:43:10.362 1140 1240 D CountryDetector: Using default country detector
10-12 02:43:10.363 2024 2024 V KeyguardUpdateMonitor: *** register callback for com.android.systemui.keyguard.KeyguardSliceProvider$2@b175b53
10-12 02:43:10.363 2024 2024 V KeyguardUpdateMonitor: *** unregister callback for null
10-12 02:43:10.366 2289 2289 D ApplicationLoaders: Returning zygote-cached class loader: /system/framework/android.test.base.jar
10-12 02:43:10.370 677 677 D Zygote : Forked child process 2337
10-12 02:43:10.370 1140 1246 W ActivityManager: Slow operation: 1262ms so far, now at startProcess: returned from zygote!
10-12 02:43:10.371 1140 1246 W ActivityManager: Slow operation: 1262ms so far, now at startProcess: done updating battery stats
10-12 02:43:10.371 1140 1246 I am_proc_start: [0,2337,1000,vendor.qti.qesdk.sysservice,added application,vendor.qti.qesdk.sysservice]
10-12 02:43:10.371 1140 1246 W ActivityManager: Slow operation: 1262ms so far, now at startProcess: building log message
10-12 02:43:10.371 1140 1246 I ActivityManager: Start proc 2337:vendor.qti.qesdk.sysservice/1000 for added application vendor.qti.qesdk.sysservice
10-12 02:43:10.371 1140 1246 W ActivityManager: Slow operation: 1262ms so far, now at startProcess: starting to update pids map
10-12 02:43:10.371 1140 1246 W ActivityManager: Slow operation: 1263ms so far, now at startProcess: done updating pids map
10-12 02:43:10.371 1140 1246 W ActivityManager: Slow operation: 1262ms so far, now at startProcess: asking zygote to start proc
10-12 02:43:10.371 1140 1246 D CompatibilityChangeReporter: Compat change id reported: 143937733; UID 10090; state: DISABLED
10-12 02:43:10.372 1539 1577 I adbd : jdwp connection from 2337
01-01 08:01:01.424 0 0 I binder : 2337:2337 ioctl 40046210 7fe476a004 returned -22
10-12 02:43:10.376 2337 2337 D ProcessState: Binder ioctl to enable oneway spam detection failed: Invalid argument
01-01 08:01:01.426 0 0 I [kworke][0x45ae6401][02:43:10.378769] wlan: [276:I:HIF] ce_srng_dest_ring_setup: ce_id 1
10-12 02:43:10.377 2289 2289 D nativeloader: classloader namespace configured for unbundled vendor apk. library_path=/vendor/app/CACertService/lib/arm64:/vendor/lib64
01-01 08:01:01.426 0 0 D cnss : Assign MSI to user: CE, num_vectors: 10, user_base_data: 803, base_vector: 3
01-01 08:01:01.427 0 0 I [kworke][0x45ae88af][02:43:10.379258] wlan: [276:I:HIF] ce_srng_status_ring_setup: ce_id 1
01-01 08:01:01.427 0 0 D cnss : Assign MSI to user: CE, num_vectors: 10, user_base_data: 803, base_vector: 3
01-01 08:01:01.428 0 0 I [kworke][0x45aed951][02:43:10.380333] wlan: [276:I:HIF] ce_srng_dest_ring_setup: ce_id 2
01-01 08:01:01.428 0 0 D cnss : Assign MSI to user: CE, num_vectors: 10, user_base_data: 803, base_vector: 3
01-01 08:01:01.428 0 0 I [kworke][0x45aeffed][02:43:10.380852] wlan: [276:I:HIF] ce_srng_status_ring_setup: ce_id 2
01-01 08:01:01.428 0 0 D cnss : Assign MSI to user: CE, num_vectors: 10, user_base_data: 803, base_vector: 3
01-01 08:01:01.429 0 0 D cnss : Assign MSI to user: CE, num_vectors: 10, user_base_data: 803, base_vector: 3
10-12 02:43:10.386 2289 2289 I Perf : Connecting to perf service.
10-12 02:43:10.390 1140 1862 I am_proc_bound: [0,2337,vendor.qti.qesdk.sysservice]
10-12 02:43:10.394 1140 1862 D CompatibilityChangeReporter: Compat change id reported: 168419799; UID 1000; state: DISABLED
10-12 02:43:10.394 1140 1862 D CompatibilityInfo: mCompatibilityFlags - 4
10-12 02:43:10.394 1140 1862 D CompatibilityInfo: applicationDensity - 240
10-12 02:43:10.394 1140 1862 D CompatibilityInfo: applicationScale - 1.0
10-12 02:43:10.394 2270 2270 I DynamicDDSService: onCreate()
10-12 02:43:10.398 2024 2024 V SystemUIService: SystemUIApplication created.
10-12 02:43:10.398 2024 2024 D SystemUIBootTiming: DependencyInjection took to complete: 1ms
10-12 02:43:10.400 2024 2024 I SystemUIService: Found SurfaceFlinger's GPU Priority: 12545
10-12 02:43:10.403 2337 2337 D CompatibilityChangeReporter: Compat change id reported: 171979766; UID 1000; state: ENABLED
10-12 02:43:10.404 1140 1679 I commit_sys_config_file: [log-files,2244]
10-12 02:43:10.406 503 503 I hwservicemanager: Since vendor.qti.hardware.iop@2.0::IIop/default is not registered, trying to start it as a lazy HAL.
10-12 02:43:10.406 1320 1333 E ANDR-IOP: IIop:: Iop HAL Service is not available.
10-12 02:43:10.407 2289 2289 V GraphicsEnvironment: ANGLE Developer option for 'vendor.qti.hardware.cacert.server' set to: 'default'
10-12 02:43:10.407 2289 2289 V GraphicsEnvironment: ANGLE GameManagerService for vendor.qti.hardware.cacert.server: false
10-12 02:43:10.409 2289 2289 D NetworkSecurityConfig: No Network Security Config specified, using platform default
10-12 02:43:10.410 2289 2289 D NetworkSecurityConfig: No Network Security Config specified, using platform default
10-12 02:43:10.416 503 503 I hwservicemanager: Since vendor.qti.hardware.iop@2.0::IIop/default is not registered, trying to start it as a lazy HAL.
10-12 02:43:10.417 1320 1333 E ANDR-IOP: IIop:: Iop HAL Service is not available.
10-12 02:43:10.418 2024 2024 V SystemUIService: Starting SystemUI services for user 0.
10-12 02:43:10.422 503 2360 W libc : Unable to set property "ctl.interface_start" to "vendor.qti.hardware.iop@2.0::IIop/default": error code: 0x20
10-12 02:43:10.422 503 2360 I hwservicemanager: Tried to start vendor.qti.hardware.iop@2.0::IIop/default as a lazy service, but was unable to. Usually this happens when a service is not installed, but if the service is intended to be used as a lazy service, then it may be configured incorrectly.
10-12 02:43:10.426 503 2363 W libc : Unable to set property "ctl.interface_start" to "vendor.qti.hardware.iop@2.0::IIop/default": error code: 0x20
10-12 02:43:10.427 2024 2024 D SystemUIBootTiming: StartServicescom.android.systemui.util.NotificationChannels took to complete: 10ms
10-12 02:43:10.428 2270 2361 I QmiAgentHwInterface: handling GET_SERVICE in ServiceFetcher
10-12 02:43:10.428 2024 2024 I FalsingManager: xdpi, ydpi: 319.851, 319.851
10-12 02:43:10.429 2024 2024 I FalsingManager: width, height: 2380, 948
10-12 02:43:10.429 2270 2361 D hw-ProcessState: Binder ioctl to enable oneway spam detection failed: Invalid argument
10-12 02:43:10.429 2270 2270 I DynamicDDSService: onBind Received
10-12 02:43:10.429 503 2363 I hwservicemanager: Tried to start vendor.qti.hardware.iop@2.0::IIop/default as a lazy service, but was unable to. Usually this happens when a service is not installed, but if the service is intended to be used as a lazy service, then it may be configured incorrectly.
10-12 02:43:10.430 2270 2364 I SubManager: handling GET_SERVICE in ServiceFetcher
01-01 08:01:01.477 0 0 I binder : 2270:2361 ioctl 40046210 76049019e4 returned -22
01-01 08:01:01.485 0 0 I [kworke][0x45bf8eeb][02:43:10.437367] wlan: [276:I:HIF] ce_srng_dest_ring_setup: ce_id 5
01-01 08:01:01.485 0 0 D cnss : Assign MSI to user: CE, num_vectors: 10, user_base_data: 803, base_vector: 3
01-01 08:01:01.485 0 0 I [kworke][0x45bfb018][02:43:10.437810] wlan: [276:I:HIF] ce_srng_status_ring_setup: ce_id 5
01-01 08:01:01.485 0 0 D cnss : Assign MSI to user: CE, num_vectors: 10, user_base_data: 803, base_vector: 3
01-01 08:01:01.486 0 0 I [kworke][0x45bfe18e][02:43:10.438469] wlan: [276:I:HIF] hif_configure_irq: E
01-01 08:01:01.486 0 0 D cnss : Assign MSI to user: WAKE, num_vectors: 1, user_base_data: 813, base_vector: 13
01-01 08:01:01.486 0 0 D cnss : Get IRQ number 364 for vector index 13
01-01 08:01:01.488 0 0 D cnss : Assign MSI to user: CE, num_vectors: 10, user_base_data: 803, base_vector: 3
01-01 08:01:01.488 0 0 D cnss : Get IRQ number 354 for vector index 3
01-01 08:01:01.488 0 0 D cnss : Get IRQ number 355 for vector index 4
10-12 02:43:10.432 1140 1679 E NativeTombstoneManager: Tombstone's UID (1047) not an app, ignoring
10-12 02:43:10.432 1140 1679 I DropBoxManagerService: add tag=SYSTEM_TOMBSTONE_PROTO isTagEnabled=true flags=0x4
10-12 02:43:10.434 677 677 D Zygote : Forked child process 2366
01-01 08:01:01.493 0 0 D cnss : Get IRQ number 356 for vector index 5
10-12 02:43:10.434 1140 1246 W ActivityManager: Slow operation: 1325ms so far, now at startProcess: returned from zygote!
10-12 02:43:10.434 2270 2364 I android_os_HwBinder: HwBinder: Starting thread pool for getting: vendor.qti.data.factory@2.0::IFactory/default
10-12 02:43:10.434 1140 1246 W ActivityManager: Slow operation: 1325ms so far, now at startProcess: done updating battery stats
10-12 02:43:10.435 1140 1246 I am_proc_start: [0,2366,10090,com.qti.qualcomm.mstatssystemservice,added application,com.qti.qualcomm.mstatssystemservice]
10-12 02:43:10.435 1140 1246 W ActivityManager: Slow operation: 1325ms so far, now at startProcess: building log message
10-12 02:43:10.435 1140 1246 I ActivityManager: Start proc 2366:com.qti.qualcomm.mstatssystemservice/u0a90 for added application com.qti.qualcomm.mstatssystemservice
10-12 02:43:10.435 1140 1246 W ActivityManager: Slow operation: 1325ms so far, now at startProcess: starting to update pids map
10-12 02:43:10.435 1140 1246 W ActivityManager: Slow operation: 1325ms so far, now at startProcess: done updating pids map
10-12 02:43:10.435 1140 1246 W ActivityManager: Slow operation: 1324ms so far, now at startProcess: asking zygote to start proc
10-12 02:43:10.435 2270 2364 I SubManager: Cnd HAL is up
10-12 02:43:10.436 2270 2358 I SubManager: handling HAL_SERVER_UP
10-12 02:43:10.436 2270 2361 I android_os_HwBinder: HwBinder: Starting thread pool for getting: vendor.qti.data.factory@2.0::IFactory/default
10-12 02:43:10.436 2270 2361 I QmiAgentHwInterface: Cnd HAL is up
10-12 02:43:10.437 2270 2358 I android_os_HwBinder: HwBinder: Starting thread pool for getting: vendor.qti.data.factory@2.0::IFactory/default
10-12 02:43:10.439 2270 2358 I DynamicDDS/Token: <- RCV:OnAvailableEvent{}
10-12 02:43:10.440 2270 2358 I SubManager: Connected to dynamicdds subscription manager SUCC
10-12 02:43:10.440 2270 2357 I DynamicDDSService: Subscription Manager Service listener: onAvailable
10-12 02:43:10.441 2270 2358 I QmiAgentHwInterface: handling HAL_SERVER_UP
10-12 02:43:10.446 2270 2357 I android_os_HwBinder: HwBinder: Starting thread pool for getting: vendor.qti.data.factory@2.0::IFactory/default
10-12 02:43:10.448 2270 2358 I android_os_HwBinder: HwBinder: Starting thread pool for getting: vendor.qti.data.factory@2.0::IFactory/default
10-12 02:43:10.449 2270 2358 I QmiAgent/ServiceCallback: <- RCV:OnAvailableEvent{}
10-12 02:43:10.449 2270 2358 I QmiAgentHwInterface: Connected to qmi agent SUCC
10-12 02:43:10.450 2270 2357 I QmiAgentHwInterface: Connected to qmi agent SUCC
10-12 02:43:10.450 2270 2357 E QmiAgentHwInterface: Failed to sendRequest: android.os.RemoteException: sendRequest failed with status: 2
10-12 02:43:10.450 2270 2357 I DynamicDDSService: Qmi HwInterface Service listener: onAvailable
10-12 02:43:10.452 2246 2246 I Perf : Connecting to perf service.
10-12 02:43:10.469 2337 2337 I Perf : Connecting to perf service.
10-12 02:43:10.472 2366 2366 I libc : SetHeapTaggingLevel: tag level set to 0
10-12 02:43:10.473 2246 2246 V GraphicsEnvironment: ANGLE Developer option for 'com.thundercomm.microsettings' set to: 'default'
10-12 02:43:10.476 2246 2246 V GraphicsEnvironment: ANGLE GameManagerService for com.thundercomm.microsettings: false
10-12 02:43:10.481 677 677 D Zygote : Forked child process 2371
10-12 02:43:10.482 1140 1246 W ActivityManager: Slow operation: 1371ms so far, now at startProcess: returned from zygote!
10-12 02:43:10.482 1140 1246 W ActivityManager: Slow operation: 1372ms so far, now at startProcess: done updating battery stats
10-12 02:43:10.482 1140 1246 I am_proc_start: [0,2371,1068,com.android.se,added application,com.android.se]
10-12 02:43:10.483 1140 1246 W ActivityManager: Slow operation: 1372ms so far, now at startProcess: building log message
10-12 02:43:10.483 2337 2337 V GraphicsEnvironment: ANGLE Developer option for 'vendor.qti.qesdk.sysservice' set to: 'default'
10-12 02:43:10.483 1140 1246 I ActivityManager: Start proc 2371:com.android.se/1068 for added application com.android.se
10-12 02:43:10.483 1140 1246 W ActivityManager: Slow operation: 1372ms so far, now at startProcess: starting to update pids map
10-12 02:43:10.483 1140 1246 W ActivityManager: Slow operation: 1372ms so far, now at startProcess: done updating pids map
10-12 02:43:10.483 1140 1246 W ActivityManager: Slow operation: 1371ms so far, now at startProcess: asking zygote to start proc
10-12 02:43:10.483 2337 2337 V GraphicsEnvironment: ANGLE GameManagerService for vendor.qti.qesdk.sysservice: false
01-01 08:01:01.493 0 0 D cnss : Get IRQ number 357 for vector index 6
01-01 08:01:01.494 0 0 D cnss : Get IRQ number 359 for vector index 8
01-01 08:01:01.495 0 0 D cnss : Get IRQ number 360 for vector index 9
01-01 08:01:01.495 0 0 D cnss : Get IRQ number 362 for vector index 11
01-01 08:01:01.497 0 0 E [kworke][0x45c339ae][02:43:10.449884] wlan: [276:E:mlme] mlme_init_reg_cfg: 2374: null pdev
01-01 08:01:01.511 0 0 E [kworke][0x45c71a80][02:43:10.463122] wlan: [276:E:WMI] WMI handle is NULL
01-01 08:01:01.519 0 0 I [kworke][0x45c9906d][02:43:10.471521] wlan: [276:I:HIF] Initializing Runtime PM wakelock &p2p_soc_obj->roc_runtime_lock
01-01 08:01:01.519 0 0 D cnss : Platform cap_flag is 0x4
01-01 08:01:01.519 0 0 E [kworke][0x45c99992][02:43:10.471643] wlan: [276:E:QDF] cds_get_context: 1486: Module ID 66 context is Null
10-12 02:43:10.487 1140 1979 W ServiceManager: Permission failure: android.permission.HIGH_SAMPLING_RATE_SENSORS from uid=10087 pid=2024
10-12 02:43:10.493 2337 2337 D NetworkSecurityConfig: No Network Security Config specified, using platform default
10-12 02:43:10.493 2337 2337 D NetworkSecurityConfig: No Network Security Config specified, using platform default
10-12 02:43:10.499 2246 2246 D NetworkSecurityConfig: No Network Security Config specified, using platform default
10-12 02:43:10.500 2246 2246 D NetworkSecurityConfig: No Network Security Config specified, using platform default
10-12 02:43:10.501 2246 2246 D SettingsApplication: hookWebView:
10-12 02:43:10.502 2024 2024 V KeyguardUpdateMonitor: *** register callback for com.android.systemui.classifier.FalsingCollectorImpl$2@4350aee
10-12 02:43:10.502 2024 2024 V KeyguardUpdateMonitor: *** unregister callback for null
10-12 02:43:10.505 503 503 I hwservicemanager: Since vendor.qti.hardware.iop@2.0::IIop/default is not registered, trying to start it as a lazy HAL.
10-12 02:43:10.506 1320 1333 E ANDR-IOP: IIop:: Iop HAL Service is not available.
10-12 02:43:10.516 2246 2246 I WebViewFactory: Loading com.android.webview version 91.0.4472.114 (code 447211453)
10-12 02:43:10.519 2024 2024 D NavigationModeController: getCurrentUserContext: contextUser=0 currentUser=0
10-12 02:43:10.519 2024 2024 D NavigationModeController: getCurrentInteractionMode: mode=2 contextUser=0
10-12 02:43:10.519 503 2379 W libc : Unable to set property "ctl.interface_start" to "vendor.qti.hardware.iop@2.0::IIop/default": error code: 0x20
10-12 02:43:10.520 503 2379 I hwservicemanager: Tried to start vendor.qti.hardware.iop@2.0::IIop/default as a lazy service, but was unable to. Usually this happens when a service is not installed, but if the service is intended to be used as a lazy service, then it may be configured incorrectly.
10-12 02:43:10.520 2024 2024 D NavigationModeController: updateCurrentInteractionMode: mode=2
10-12 02:43:10.520 2024 2024 D NavigationModeController: contextUser=0
10-12 02:43:10.520 2024 2024 D NavigationModeController: assetPaths=
10-12 02:43:10.520 2024 2024 D NavigationModeController: and /system/framework/framework-res.apk
10-12 02:43:10.520 2024 2024 D NavigationModeController: /product/overlay/FrameworksResCommon_Sys.apk
10-12 02:43:10.520 2024 2024 D NavigationModeController: /product/overlay/FrameworksResCommonQva_Sys.apk
10-12 02:43:10.520 2024 2024 D NavigationModeController: /vendor/overlay/FrameworksResTarget.apk
10-12 02:43:10.520 2024 2024 D NavigationModeController: /product/overlay/FrameworkResource/FrameworksResOverlay.apk
10-12 02:43:10.520 2024 2024 D NavigationModeController: and /system_ext/priv-app/SystemUI/SystemUI.apk
10-12 02:43:10.520 2024 2024 D NavigationModeController: /product/overlay/NavigationBarModeGestural/NavigationBarModeGesturalOverlay.apk
