10-12 02:43:08.350 1953 1953 V CamX : [ VERB][UTILS ] camxhashmap.cpp:210 GetInPlace() Key not found
10-12 02:43:08.350 1953 1953 V CamX : [ VERB][UTILS ] camxhashmap.cpp:210 GetInPlace() Key not found
10-12 02:43:08.350 1953 1953 V CamX : [ VERB][UTILS ] camxhashmap.cpp:210 GetInPlace() Key not found
10-12 02:43:08.351 1953 1953 V CamX : [ VERB][UTILS ] camxhashmap.cpp:210 GetInPlace() Key not found
10-12 02:43:08.351 1953 1953 V CamX : [ VERB][UTILS ] camxhashmap.cpp:210 GetInPlace() Key not found
10-12 02:43:08.351 1953 1953 V CamX : [ VERB][UTILS ] camxhashmap.cpp:210 GetInPlace() Key not found
10-12 02:43:08.351 1953 1953 V CamX : [ VERB][UTILS ] camxhashmap.cpp:210 GetInPlace() Key not found
10-12 02:43:08.351 1953 1953 V CamX : [ VERB][UTILS ] camxhashmap.cpp:210 GetInPlace() Key not found
10-12 02:43:08.351 1953 1953 V CamX : [ VERB][UTILS ] camxhashmap.cpp:210 GetInPlace() Key not found
10-12 02:43:08.351 1953 1953 V CamX : [ VERB][UTILS ] camxhashmap.cpp:210 GetInPlace() Key not found
10-12 02:43:08.351 1953 1953 V CamX : [ VERB][UTILS ] camxhashmap.cpp:210 GetInPlace() Key not found
10-12 02:43:08.351 1953 1953 V CamX : [ VERB][UTILS ] camxhashmap.cpp:210 GetInPlace() Key not found
10-12 02:43:08.351 1953 1953 V CamX : [ VERB][UTILS ] camxhashmap.cpp:210 GetInPlace() Key not found
10-12 02:43:08.351 1953 1953 V CamX : [ VERB][UTILS ] camxhashmap.cpp:210 GetInPlace() Key not found
10-12 02:43:08.351 1953 1953 V CamX : [ VERB][UTILS ] camxhashmap.cpp:210 GetInPlace() Key not found
10-12 02:43:08.351 1953 1953 V CamX : [ VERB][UTILS ] camxhashmap.cpp:210 GetInPlace() Key not found
10-12 02:43:08.351 1953 1953 V CamX : [ VERB][UTILS ] camxhashmap.cpp:210 GetInPlace() Key not found
10-12 02:43:08.351 1953 1953 V CamX : [ VERB][UTILS ] camxhashmap.cpp:210 GetInPlace() Key not found
10-12 02:43:08.351 1953 1953 V CamX : [ VERB][UTILS ] camxhashmap.cpp:210 GetInPlace() Key not found
10-12 02:43:08.352 1140 1770 I commit_sys_config_file: [net-policy,3]
10-12 02:43:08.352 1953 1953 V CamX : [ VERB][UTILS ] camxhashmap.cpp:210 GetInPlace() Key not found
10-12 02:43:08.352 1140 1770 W NetworkPolicy: setRestrictBackgroundUL: already false
10-12 02:43:08.352 1953 1953 V CamX : [ VERB][UTILS ] camxhashmap.cpp:210 GetInPlace() Key not found
10-12 02:43:08.352 1953 1953 V CamX : [ VERB][UTILS ] camxhashmap.cpp:210 GetInPlace() Key not found
10-12 02:43:08.352 1953 1953 V CamX : [ VERB][UTILS ] camxhashmap.cpp:210 GetInPlace() Key not found
10-12 02:43:08.352 1953 1953 V CamX : [ VERB][UTILS ] camxhashmap.cpp:210 GetInPlace() Key not found
10-12 02:43:08.352 1953 1953 V CamX : [ VERB][UTILS ] camxhashmap.cpp:210 GetInPlace() Key not found
10-12 02:43:08.352 1953 1953 V CamX : [ VERB][UTILS ] camxhashmap.cpp:210 GetInPlace() Key not found
10-12 02:43:08.352 676 676 I netd : firewallReplaceUidChain(fw_standby, false, []) -> {true} <0.04ms>
10-12 02:43:08.352 1953 1953 V CamX : [ VERB][UTILS ] camxhashmap.cpp:210 GetInPlace() Key not found
10-12 02:43:08.352 1953 1953 V CamX : [ VERB][UTILS ] camxhashmap.cpp:210 GetInPlace() Key not found
10-12 02:43:08.352 1953 1953 V CamX : [ VERB][UTILS ] camxhashmap.cpp:210 GetInPlace() Key not found
10-12 02:43:08.352 1953 1953 V CamX : [ VERB][UTILS ] camxhashmap.cpp:210 GetInPlace() Key not found
10-12 02:43:08.352 1953 1953 V CamX : [ VERB][UTILS ] camxhashmap.cpp:210 GetInPlace() Key not found
10-12 02:43:08.352 1953 1953 V CamX : [ VERB][UTILS ] camxhashmap.cpp:210 GetInPlace() Key not found
10-12 02:43:08.352 1953 1953 V CamX : [ VERB][UTILS ] camxhashmap.cpp:210 GetInPlace() Key not found
10-12 02:43:08.352 1953 1953 V CamX : [ VERB][UTILS ] camxhashmap.cpp:210 GetInPlace() Key not found
10-12 02:43:08.353 1953 1953 V CamX : [ VERB][UTILS ] camxhashmap.cpp:210 GetInPlace() Key not found
10-12 02:43:08.353 1953 1953 V CamX : [ VERB][UTILS ] camxhashmap.cpp:210 GetInPlace() Key not found
10-12 02:43:08.353 1953 1953 V CamX : [ VERB][UTILS ] camxhashmap.cpp:210 GetInPlace() Key not found
10-12 02:43:08.353 1953 1953 V CamX : [ VERB][UTILS ] camxhashmap.cpp:210 GetInPlace() Key not found
10-12 02:43:08.353 1953 1953 V CamX : [ VERB][UTILS ] camxhashmap.cpp:210 GetInPlace() Key not found
10-12 02:43:08.353 1953 1953 V CamX : [ VERB][UTILS ] camxhashmap.cpp:210 GetInPlace() Key not found
10-12 02:43:08.353 1953 1953 V CamX : [ VERB][UTILS ] camxhashmap.cpp:210 GetInPlace() Key not found
10-12 02:43:08.353 1953 1953 V CamX : [ VERB][UTILS ] camxhashmap.cpp:210 GetInPlace() Key not found
10-12 02:43:08.353 1953 1953 V CamX : [ VERB][UTILS ] camxhashmap.cpp:210 GetInPlace() Key not found
10-12 02:43:08.353 1953 1953 V CamX : [ VERB][UTILS ] camxhashmap.cpp:210 GetInPlace() Key not found
10-12 02:43:08.353 1953 1953 V CamX : [ VERB][UTILS ] camxhashmap.cpp:210 GetInPlace() Key not found
10-12 02:43:08.353 1953 1953 V CamX : [ VERB][UTILS ] camxhashmap.cpp:210 GetInPlace() Key not found
10-12 02:43:08.354 1953 1953 V CamX : [ VERB][UTILS ] camxhashmap.cpp:210 GetInPlace() Key not found
10-12 02:43:08.354 1953 1953 V CamX : [ VERB][UTILS ] camxhashmap.cpp:210 GetInPlace() Key not found
10-12 02:43:08.354 1953 1953 V CamX : [ VERB][UTILS ] camxhashmap.cpp:210 GetInPlace() Key not found
10-12 02:43:08.354 1953 1953 V CamX : [ VERB][UTILS ] camxhashmap.cpp:210 GetInPlace() Key not found
10-12 02:43:08.354 1953 1953 V CamX : [ VERB][UTILS ] camxhashmap.cpp:210 GetInPlace() Key not found
10-12 02:43:08.354 1953 1953 V CamX : [ VERB][UTILS ] camxhashmap.cpp:210 GetInPlace() Key not found
10-12 02:43:08.354 1953 1953 V CamX : [ VERB][UTILS ] camxhashmap.cpp:210 GetInPlace() Key not found
10-12 02:43:08.354 1953 1953 V CamX : [ VERB][UTILS ] camxhashmap.cpp:210 GetInPlace() Key not found
10-12 02:43:08.354 1953 1953 V CamX : [ VERB][UTILS ] camxhashmap.cpp:210 GetInPlace() Key not found
10-12 02:43:08.354 1953 1953 V CamX : [ VERB][UTILS ] camxhashmap.cpp:210 GetInPlace() Key not found
10-12 02:43:08.354 1953 1953 V CamX : [ VERB][UTILS ] camxhashmap.cpp:210 GetInPlace() Key not found
10-12 02:43:08.355 1953 1953 V CamX : [ VERB][UTILS ] camxhashmap.cpp:210 GetInPlace() Key not found
10-12 02:43:08.355 1953 1953 V CamX : [ VERB][UTILS ] camxhashmap.cpp:210 GetInPlace() Key not found
10-12 02:43:08.355 1953 1953 V CamX : [ VERB][UTILS ] camxhashmap.cpp:210 GetInPlace() Key not found
10-12 02:43:08.355 1953 1953 V CamX : [ VERB][UTILS ] camxhashmap.cpp:210 GetInPlace() Key not found
10-12 02:43:08.355 1953 1953 V CamX : [ VERB][UTILS ] camxhashmap.cpp:210 GetInPlace() Key not found
10-12 02:43:08.355 1953 1953 V CamX : [ VERB][UTILS ] camxhashmap.cpp:210 GetInPlace() Key not found
10-12 02:43:08.355 1953 1953 V CamX : [ VERB][UTILS ] camxhashmap.cpp:210 GetInPlace() Key not found
10-12 02:43:08.355 1953 1953 V CamX : [ VERB][UTILS ] camxhashmap.cpp:210 GetInPlace() Key not found
10-12 02:43:08.355 1953 1953 V CamX : [ VERB][UTILS ] camxhashmap.cpp:210 GetInPlace() Key not found
10-12 02:43:08.355 1953 1953 V CamX : [ VERB][UTILS ] camxhashmap.cpp:210 GetInPlace() Key not found
10-12 02:43:08.355 1953 1953 V CamX : [ VERB][UTILS ] camxhashmap.cpp:210 GetInPlace() Key not found
10-12 02:43:08.355 1953 1953 V CamX : [ VERB][UTILS ] camxhashmap.cpp:210 GetInPlace() Key not found
10-12 02:43:08.356 1953 1953 V CamX : [ VERB][UTILS ] camxhashmap.cpp:210 GetInPlace() Key not found
10-12 02:43:08.356 1953 1953 V CamX : [ VERB][UTILS ] camxhashmap.cpp:210 GetInPlace() Key not found
10-12 02:43:08.356 1953 1953 V CamX : [ VERB][UTILS ] camxhashmap.cpp:210 GetInPlace() Key not found
10-12 02:43:08.356 1953 1953 V CamX : [ VERB][UTILS ] camxhashmap.cpp:210 GetInPlace() Key not found
10-12 02:43:08.356 1953 1953 V CamX : [ VERB][UTILS ] camxhashmap.cpp:210 GetInPlace() Key not found
10-12 02:43:08.356 1953 1953 V CamX : [ VERB][UTILS ] camxhashmap.cpp:210 GetInPlace() Key not found
10-12 02:43:08.356 1953 1953 V CamX : [ VERB][UTILS ] camxhashmap.cpp:210 GetInPlace() Key not found
10-12 02:43:08.356 1953 1953 V CamX : [ VERB][UTILS ] camxhashmap.cpp:210 GetInPlace() Key not found
10-12 02:43:08.356 1953 1953 V CamX : [ VERB][UTILS ] camxhashmap.cpp:210 GetInPlace() Key not found
10-12 02:43:08.356 1953 1953 V CamX : [ VERB][UTILS ] camxhashmap.cpp:210 GetInPlace() Key not found
10-12 02:43:08.356 1953 1953 V CamX : [ VERB][UTILS ] camxhashmap.cpp:210 GetInPlace() Key not found
10-12 02:43:08.356 1953 1953 V CamX : [ VERB][UTILS ] camxhashmap.cpp:210 GetInPlace() Key not found
10-12 02:43:08.356 1953 1953 V CamX : [ VERB][UTILS ] camxhashmap.cpp:210 GetInPlace() Key not found
10-12 02:43:08.357 1953 1953 V CamX : [ VERB][UTILS ] camxhashmap.cpp:210 GetInPlace() Key not found
10-12 02:43:08.357 1953 1953 V CamX : [ VERB][UTILS ] camxhashmap.cpp:210 GetInPlace() Key not found
10-12 02:43:08.357 1953 1953 V CamX : [ VERB][UTILS ] camxhashmap.cpp:210 GetInPlace() Key not found
10-12 02:43:08.357 1953 1953 V CamX : [ VERB][UTILS ] camxhashmap.cpp:210 GetInPlace() Key not found
10-12 02:43:08.357 1953 1953 V CamX : [ VERB][UTILS ] camxhashmap.cpp:210 GetInPlace() Key not found
10-12 02:43:08.357 1953 1953 V CamX : [ VERB][UTILS ] camxhashmap.cpp:210 GetInPlace() Key not found
10-12 02:43:08.357 1953 1953 V CamX : [ VERB][UTILS ] camxhashmap.cpp:210 GetInPlace() Key not found
10-12 02:43:08.357 1953 1953 V CamX : [ VERB][UTILS ] camxhashmap.cpp:210 GetInPlace() Key not found
10-12 02:43:08.357 1953 1953 V CamX : [ VERB][UTILS ] camxhashmap.cpp:210 GetInPlace() Key not found
10-12 02:43:08.357 1953 1953 V CamX : [ VERB][UTILS ] camxhashmap.cpp:210 GetInPlace() Key not found
10-12 02:43:08.357 1953 1953 V CamX : [ VERB][UTILS ] camxhashmap.cpp:210 GetInPlace() Key not found
10-12 02:43:08.357 1953 1953 V CamX : [ VERB][UTILS ] camxhashmap.cpp:210 GetInPlace() Key not found
10-12 02:43:08.357 1953 1953 V CamX : [ VERB][UTILS ] camxhashmap.cpp:210 GetInPlace() Key not found
10-12 02:43:08.357 1953 1953 V CamX : [ VERB][UTILS ] camxhashmap.cpp:210 GetInPlace() Key not found
10-12 02:43:08.357 1953 1953 V CamX : [ VERB][UTILS ] camxhashmap.cpp:210 GetInPlace() Key not found
10-12 02:43:08.357 1953 1953 V CamX : [ VERB][UTILS ] camxhashmap.cpp:210 GetInPlace() Key not found
10-12 02:43:08.358 1953 1953 V CamX : [ VERB][UTILS ] camxhashmap.cpp:210 GetInPlace() Key not found
10-12 02:43:08.358 1953 1953 V CamX : [ VERB][UTILS ] camxhashmap.cpp:210 GetInPlace() Key not found
10-12 02:43:08.358 1953 1953 V CamX : [ VERB][UTILS ] camxhashmap.cpp:210 GetInPlace() Key not found
10-12 02:43:08.358 1953 1953 V CamX : [ VERB][UTILS ] camxhashmap.cpp:210 GetInPlace() Key not found
10-12 02:43:08.358 1953 1953 V CamX : [ VERB][UTILS ] camxhashmap.cpp:210 GetInPlace() Key not found
10-12 02:43:08.358 1295 1800 W OMXUtils: do not know color format 0x7f000789 = 2130708361
10-12 02:43:08.358 1953 1953 V CamX : [ VERB][UTILS ] camxhashmap.cpp:210 GetInPlace() Key not found
10-12 02:43:08.358 1953 1953 V CamX : [ VERB][UTILS ] camxhashmap.cpp:210 GetInPlace() Key not found
10-12 02:43:08.358 1953 1953 V CamX : [ VERB][UTILS ] camxhashmap.cpp:210 GetInPlace() Key not found
10-12 02:43:08.358 1953 1953 V CamX : [ VERB][UTILS ] camxhashmap.cpp:210 GetInPlace() Key not found
10-12 02:43:08.358 1953 1953 V CamX : [ VERB][UTILS ] camxhashmap.cpp:210 GetInPlace() Key not found
10-12 02:43:08.359 1330 1992 E OMXNodeInstance: getConfig(0xea040b00:google.vp8.encoder, ConfigAndroidIntraRefresh(0x6f60000a)) ERROR: Undefined(0x80001001)
10-12 02:43:08.359 1953 1953 V CamX : [ VERB][UTILS ] camxhashmap.cpp:210 GetInPlace() Key not found
10-12 02:43:08.359 1953 1953 V CamX : [ VERB][UTILS ] camxhashmap.cpp:210 GetInPlace() Key not found
10-12 02:43:08.359 1953 1953 V CamX : [ VERB][UTILS ] camxhashmap.cpp:210 GetInPlace() Key not found
10-12 02:43:08.359 1330 2000 E OMXNodeInstance: getParameter(0xea040b00:google.vp8.encoder, ParamVideoIntraRefresh(0x6000006)) ERROR: UnsupportedIndex(0x8000101a)
10-12 02:43:08.359 1953 1953 V CamX : [ VERB][UTILS ] camxhashmap.cpp:210 GetInPlace() Key not found
10-12 02:43:08.359 1953 1953 V CamX : [ VERB][UTILS ] camxhashmap.cpp:210 GetInPlace() Key not found
10-12 02:43:08.359 1295 1800 D MediaCodecInfo: detail feature-frame-parsing wasn't present to remove
10-12 02:43:08.359 1953 1953 V CamX : [ VERB][UTILS ] camxhashmap.cpp:210 GetInPlace() Key not found
10-12 02:43:08.359 1953 1953 V CamX : [ VERB][UTILS ] camxhashmap.cpp:210 GetInPlace() Key not found
10-12 02:43:08.359 1953 1953 V CamX : [ VERB][UTILS ] camxhashmap.cpp:210 GetInPlace() Key not found
10-12 02:43:08.359 1953 1953 V CamX : [ VERB][UTILS ] camxhashmap.cpp:210 GetInPlace() Key not found
10-12 02:43:08.359 1953 1953 V CamX : [ VERB][UTILS ] camxhashmap.cpp:210 GetInPlace() Key not found
10-12 02:43:08.359 1953 1953 V CamX : [ VERB][UTILS ] camxhashmap.cpp:210 GetInPlace() Key not found
10-12 02:43:08.360 1953 1953 V CamX : [ VERB][UTILS ] camxhashmap.cpp:210 GetInPlace() Key not found
10-12 02:43:08.360 1953 1953 V CamX : [ VERB][UTILS ] camxhashmap.cpp:210 GetInPlace() Key not found
10-12 02:43:08.360 1953 1953 V CamX : [ VERB][UTILS ] camxhashmap.cpp:210 GetInPlace() Key not found
10-12 02:43:08.360 1953 1953 V CamX : [ VERB][UTILS ] camxhashmap.cpp:210 GetInPlace() Key not found
10-12 02:43:08.360 1953 1953 V CamX : [ VERB][UTILS ] camxhashmap.cpp:210 GetInPlace() Key not found
10-12 02:43:08.360 1953 1953 V CamX : [ VERB][UTILS ] camxhashmap.cpp:210 GetInPlace() Key not found
10-12 02:43:08.360 1953 1953 V CamX : [ VERB][UTILS ] camxhashmap.cpp:210 GetInPlace() Key not found
10-12 02:43:08.360 1953 1953 V CamX : [ VERB][UTILS ] camxhashmap.cpp:210 GetInPlace() Key not found
10-12 02:43:08.360 1953 1953 V CamX : [ VERB][UTILS ] camxhashmap.cpp:210 GetInPlace() Key not found
10-12 02:43:08.360 1953 1953 V CamX : [ VERB][UTILS ] camxhashmap.cpp:210 GetInPlace() Key not found
10-12 02:43:08.360 1953 1953 V CamX : [ VERB][UTILS ] camxhashmap.cpp:210 GetInPlace() Key not found
10-12 02:43:08.360 1953 1953 V CamX : [ VERB][UTILS ] camxhashmap.cpp:210 GetInPlace() Key not found
10-12 02:43:08.360 1953 1953 V CamX : [ VERB][UTILS ] camxhashmap.cpp:210 GetInPlace() Key not found
10-12 02:43:08.360 1953 1953 V CamX : [ VERB][UTILS ] camxhashmap.cpp:210 GetInPlace() Key not found
10-12 02:43:08.360 1953 1953 V CamX : [ VERB][UTILS ] camxhashmap.cpp:210 GetInPlace() Key not found
10-12 02:43:08.361 1953 1953 V CamX : [ VERB][UTILS ] camxhashmap.cpp:210 GetInPlace() Key not found
10-12 02:43:08.361 1953 1953 V CamX : [ VERB][UTILS ] camxhashmap.cpp:210 GetInPlace() Key not found
10-12 02:43:08.361 1140 1140 W BestClock: java.time.DateTimeException: Missing NTP fix
10-12 02:43:08.361 1953 1953 V CamX : [ VERB][UTILS ] camxhashmap.cpp:210 GetInPlace() Key not found
10-12 02:43:08.361 1953 1953 V CamX : [ VERB][UTILS ] camxhashmap.cpp:210 GetInPlace() Key not found
10-12 02:43:08.361 1953 1953 V CamX : [ VERB][UTILS ] camxhashmap.cpp:210 GetInPlace() Key not found
10-12 02:43:08.361 1953 1953 V CamX : [ VERB][UTILS ] camxhashmap.cpp:210 GetInPlace() Key not found
10-12 02:43:08.361 1953 1953 V CamX : [ VERB][UTILS ] camxhashmap.cpp:210 GetInPlace() Key not found
10-12 02:43:08.361 1953 1953 V CamX : [ VERB][UTILS ] camxhashmap.cpp:210 GetInPlace() Key not found
10-12 02:43:08.361 1953 1953 V CamX : [ VERB][UTILS ] camxhashmap.cpp:210 GetInPlace() Key not found
10-12 02:43:08.361 1953 1953 V CamX : [ VERB][UTILS ] camxhashmap.cpp:210 GetInPlace() Key not found
10-12 02:43:08.361 1953 1953 V CamX : [ VERB][UTILS ] camxhashmap.cpp:210 GetInPlace() Key not found
10-12 02:43:08.361 1953 1953 V CamX : [ VERB][UTILS ] camxhashmap.cpp:210 GetInPlace() Key not found
10-12 02:43:08.362 1953 1953 V CamX : [ VERB][UTILS ] camxhashmap.cpp:210 GetInPlace() Key not found
10-12 02:43:08.362 1953 1953 V CamX : [ VERB][UTILS ] camxhashmap.cpp:210 GetInPlace() Key not found
10-12 02:43:08.362 1953 1953 V CamX : [ VERB][UTILS ] camxhashmap.cpp:210 GetInPlace() Key not found
10-12 02:43:08.362 1953 1953 V CamX : [ VERB][UTILS ] camxhashmap.cpp:210 GetInPlace() Key not found
10-12 02:43:08.362 1953 1953 V CamX : [ VERB][UTILS ] camxhashmap.cpp:210 GetInPlace() Key not found
10-12 02:43:08.362 1953 1953 V CamX : [ VERB][UTILS ] camxhashmap.cpp:210 GetInPlace() Key not found
10-12 02:43:08.362 1953 1953 V CamX : [ VERB][UTILS ] camxhashmap.cpp:210 GetInPlace() Key not found
10-12 02:43:08.362 1953 1953 V CamX : [ VERB][UTILS ] camxhashmap.cpp:210 GetInPlace() Key not found
10-12 02:43:08.362 1953 1953 V CamX : [ VERB][UTILS ] camxhashmap.cpp:210 GetInPlace() Key not found
10-12 02:43:08.362 1953 1953 V CamX : [ VERB][UTILS ] camxhashmap.cpp:210 GetInPlace() Key not found
10-12 02:43:08.366 676 676 I netd : trafficSwapActiveStatsMap() <3.96ms>
10-12 02:43:08.367 1295 1800 I OMXClient: IOmx service obtained
10-12 02:43:08.368 1330 1991 I OMXMaster: makeComponentInstance(OMX.google.vp9.encoder) in android.hardwar process
10-12 02:43:08.370 1953 1953 F libc : Fatal signal 6 (SIGABRT), code -6 (SI_TKILL) in tid 1953 (android.hardwar), pid 1953 (android.hardwar)
10-12 02:43:08.372 1295 1800 W OMXUtils: do not know color format 0x7f000789 = 2130708361
10-12 02:43:08.373 1330 1850 E OMXNodeInstance: getConfig(0xea0401d0:google.vp9.encoder, ConfigAndroidIntraRefresh(0x6f60000a)) ERROR: Undefined(0x80001001)
10-12 02:43:08.373 1330 2000 E OMXNodeInstance: getParameter(0xea0401d0:google.vp9.encoder, ParamVideoIntraRefresh(0x6000006)) ERROR: UnsupportedIndex(0x8000101a)
10-12 02:43:08.373 1295 1800 D MediaCodecInfo: detail feature-frame-parsing wasn't present to remove
10-12 02:43:08.373 1140 1770 W BestClock: java.time.DateTimeException: Missing NTP fix
10-12 02:43:08.375 676 744 I netd : firewallReplaceUidChain(fw_standby, false, []) -> {true} <0.07ms>
01-01 08:00:59.439 0 0 E : INFO: trying to register non-static key.
01-01 08:00:59.444 0 0 E : the code is fine but needs lockdep annotation.
01-01 08:00:59.450 0 0 I : CPU: 7 PID: 1596 Comm: kworker/u16:18 Tainted: G S W O 4.19.157+ #1
01-01 08:00:59.450 0 0 I Hardware name: Qualcomm Technologies, Inc. kona MTP-RmPM8150b. VX1(MCE) EVT2 (DT)
01-01 08:00:59.450 0 0 I Workqueue: events_unbound ion_system_secure_heap_prefetch_work
01-01 08:00:59.450 0 0 I Call trace:
01-01 08:00:59.450 0 0 I : dump_backtrace+0x0/0x258
01-01 08:00:59.450 0 0 I : show_stack+0x20/0x30
01-01 08:00:59.450 0 0 I : dump_stack+0xd8/0x12c
01-01 08:00:59.450 0 0 I : register_lock_class+0x4d0/0x5c8
01-01 08:00:59.450 0 0 I : __lock_acquire+0xbc/0x1e58
01-01 08:00:59.450 0 0 I : lock_acquire+0x1cc/0x218
01-01 08:00:59.450 0 0 I : _raw_spin_lock_irqsave+0x54/0x98
01-01 08:00:59.450 0 0 I : ion_system_secure_heap_prefetch_work+0x94/0x2c0
01-01 08:00:59.450 0 0 I : process_one_work+0x38c/0x660
01-01 08:00:59.450 0 0 I : worker_thread+0x268/0x4b8
01-01 08:00:59.450 0 0 I : kthread+0x140/0x150
01-01 08:00:59.450 0 0 I : ret_from_fork+0x10/0x1c
01-01 08:00:59.451 0 0 I msm_pcie_link_train: PCIe RC0 link initialized
01-01 08:00:59.452 0 0 E : INFO: trying to register non-static key.
01-01 08:00:59.457 0 0 E : the code is fine but needs lockdep annotation.
01-01 08:00:59.463 0 0 I : CPU: 7 PID: 1596 Comm: kworker/u16:18 Tainted: G S W O 4.19.157+ #1
01-01 08:00:59.463 0 0 I Hardware name: Qualcomm Technologies, Inc. kona MTP-RmPM8150b. VX1(MCE) EVT2 (DT)
01-01 08:00:59.463 0 0 I Workqueue: events_unbound ion_system_secure_heap_prefetch_work
01-01 08:00:59.463 0 0 I Call trace:
01-01 08:00:59.463 0 0 I : dump_backtrace+0x0/0x258
01-01 08:00:59.463 0 0 I : show_stack+0x20/0x30
01-01 08:00:59.463 0 0 I : dump_stack+0xd8/0x12c
01-01 08:00:59.463 0 0 I : register_lock_class+0x4d0/0x5c8
01-01 08:00:59.463 0 0 I : __lock_acquire+0xbc/0x1e58
01-01 08:00:59.463 0 0 I : lock_acquire+0x1cc/0x218
01-01 08:00:59.463 0 0 I : _raw_spin_lock_irqsave+0x54/0x98
01-01 08:00:59.463 0 0 I : ion_system_secure_heap_prefetch_work+0x94/0x2c0
01-01 08:00:59.463 0 0 I : process_one_work+0x38c/0x660
01-01 08:00:59.463 0 0 I : worker_thread+0x268/0x4b8
01-01 08:00:59.463 0 0 I : kthread+0x140/0x150
01-01 08:00:59.463 0 0 I : ret_from_fork+0x10/0x1c
01-01 08:00:59.465 0 0 E : INFO: trying to register non-static key.
10-12 02:43:08.375 1140 1823 D ConnectivityService: NetReassign [no changes]
10-12 02:43:08.375 1140 1770 D TelephonyRegistry: listen oscl: mHasNotifySubscriptionInfoChangedOccurred==false no callback
10-12 02:43:08.381 1140 1679 I commit_sys_config_file: [log-files,222]
10-12 02:43:08.382 676 676 I netd : tetherGetStats() -> {[]} <8.82ms>
10-12 02:43:08.389 1417 1417 V C2Store : in init
10-12 02:43:08.389 1417 1417 V C2Store : loading dll
10-12 02:43:08.393 1140 1767 D TelephonyRegistry: listen oscl: mHasNotifySubscriptionInfoChangedOccurred==false no callback
10-12 02:43:08.397 676 676 I netd : bandwidthSetGlobalAlert(2097152) <3.18ms>
10-12 02:43:08.397 1140 1140 D SystemServerTiming: MakeNetworkStatsServiceReady took to complete: 51ms
10-12 02:43:08.397 1140 1140 I SystemServerTiming: MakeConnectivityServiceReady
10-12 02:43:08.397 1140 1140 D PermissionMonitor: Monitoring
10-12 02:43:08.398 677 677 D Zygote : Forked child process 2024
10-12 02:43:08.399 1140 1246 W ActivityManager: Slow operation: 169ms so far, now at startProcess: returned from zygote!
10-12 02:43:08.399 1140 1246 W ActivityManager: Slow operation: 169ms so far, now at startProcess: done updating battery stats
10-12 02:43:08.399 1140 1246 I am_proc_start: [0,2024,10087,com.android.systemui,service,{com.android.systemui/com.android.systemui.ImageWallpaper}]
10-12 02:43:08.399 1140 1246 W ActivityManager: Slow operation: 169ms so far, now at startProcess: building log message
10-12 02:43:08.399 1140 1246 I ActivityManager: Start proc 2024:com.android.systemui/u0a87 for service {com.android.systemui/com.android.systemui.ImageWallpaper}
10-12 02:43:08.399 1140 1246 W ActivityManager: Slow operation: 169ms so far, now at startProcess: starting to update pids map
10-12 02:43:08.400 1140 1246 W ActivityManager: Slow operation: 170ms so far, now at startProcess: done updating pids map
10-12 02:43:08.400 1140 1246 W ActivityManager: Slow operation: 77ms so far, now at startProcess: asking zygote to start proc
10-12 02:43:08.403 1140 1679 E NativeTombstoneManager: Tombstone's UID (0) not an app, ignoring
10-12 02:43:08.406 1140 1140 D PermissionMonitor: Users: 1, Apps: 12
10-12 02:43:08.406 1140 1679 I DropBoxManagerService: add tag=SYSTEM_TOMBSTONE_PROTO isTagEnabled=true flags=0x4
10-12 02:43:08.406 676 676 I netd : networkSetPermissionForUser(1, [10081, 10086, 10087, 1002]) <0.01ms>
10-12 02:43:08.407 676 676 I netd : networkSetPermissionForUser(2, [2000, 10048, 1073, 10020, 1000, 10072, 10060, 10092]) <0.00ms>
10-12 02:43:08.407 676 676 I netd : trafficSetNetPermForUids(12, [1000, 1002, 1013, 1073, 2000, 10020]) <0.15ms>
10-12 02:43:08.410 676 676 I netd : trafficSetNetPermForUids(4, [1027, 10027, 10029, 10031, 10032, 10035, 10036, 10043, 10047, 10048, 10057, 10059, 10060, 10062, 10065, 10066, 10071, 10074, 10080, 10083, 10084, 10086, 10088, 10091, 10092, 10095, 10097]) <0.33ms>
10-12 02:43:08.410 676 676 I netd : trafficSetNetPermForUids(8, [1041, 1047, 10100]) <0.09ms>
10-12 02:43:08.412 676 676 I netd : trafficSetNetPermForUids(0, [1001, 1068, 10000, 10001, 10002, 10003, 10004, 10005, 10006, 10007, 10008, 10009, 10010, 10011, 10012, 10013, 10014, 10015, 10016, 10017, 10018, 10019, 10021, 10022, 10023, 10024, 10025, 10026, 10028, 10030, 10033, 10034, 10037, 10038, 10039, 10040, 10041, 10042, 10044, 10045, 10046, 10049, 10050, 10051, 10052, 10053, 10054, 10055, 10056, 10058, 10061, 10063, 10064, 10067, 10068, 10069, 10070, 10072, 10073, 10075, 10076, 10077, 10078, 10079, 10081, 10082, 10085, 10087, 10089, 10090, 10093, 10094, 10096, 10098, 10099, 10101]) <1.38ms>
01-01 08:00:59.467 0 0 I cnss_pci 0000: 01:00.0: enabling device (0000 -> 0002)
01-01 08:00:59.470 0 0 E : the code is fine but needs lockdep annotation.
01-01 08:00:59.470 0 0 I : CPU: 7 PID: 1596 Comm: kworker/u16:18 Tainted: G S W O 4.19.157+ #1
01-01 08:00:59.470 0 0 I Hardware name: Qualcomm Technologies, Inc. kona MTP-RmPM8150b. VX1(MCE) EVT2 (DT)
01-01 08:00:59.470 0 0 I Workqueue: events_unbound ion_system_secure_heap_prefetch_work
01-01 08:00:59.470 0 0 I Call trace:
01-01 08:00:59.470 0 0 I : dump_backtrace+0x0/0x258
01-01 08:00:59.470 0 0 I : show_stack+0x20/0x30
01-01 08:00:59.470 0 0 I : dump_stack+0xd8/0x12c
01-01 08:00:59.470 0 0 I : register_lock_class+0x4d0/0x5c8
01-01 08:00:59.470 0 0 I : __lock_acquire+0xbc/0x1e58
01-01 08:00:59.470 0 0 I : lock_acquire+0x1cc/0x218
01-01 08:00:59.470 0 0 I : _raw_spin_lock_irqsave+0x54/0x98
01-01 08:00:59.470 0 0 I : ion_system_secure_heap_prefetch_work+0x94/0x2c0
01-01 08:00:59.470 0 0 I : process_one_work+0x38c/0x660
01-01 08:00:59.470 0 0 I : worker_thread+0x268/0x4b8
01-01 08:00:59.476 0 0 I : kthread+0x140/0x150
01-01 08:00:59.476 0 0 I : ret_from_fork+0x10/0x1c
10-12 02:43:08.431 1417 1417 V C2Store : in ~ComponentModule
10-12 02:43:08.431 1417 1417 V C2Store : unloading dll
10-12 02:43:08.431 1417 1417 V C2Store : in init
10-12 02:43:08.431 1417 1417 V C2Store : loading dll
01-01 08:00:59.478 0 0 E : INFO: trying to register non-static key.
01-01 08:00:59.483 0 0 E : the code is fine but needs lockdep annotation.
01-01 08:00:59.483 0 0 D cnss : Config PCIe remap window register to 0x4000003f
10-12 02:43:08.437 676 676 I netd : registerUnsolicitedEventListener() <2.81ms>
01-01 08:00:59.488 0 0 I : CPU: 7 PID: 1596 Comm: kworker/u16:18 Tainted: G S W O 4.19.157+ #1
01-01 08:00:59.488 0 0 I Hardware name: Qualcomm Technologies, Inc. kona MTP-RmPM8150b. VX1(MCE) EVT2 (DT)
01-01 08:00:59.488 0 0 I Workqueue: events_unbound ion_system_secure_heap_prefetch_work
01-01 08:00:59.488 0 0 I Call trace:
01-01 08:00:59.488 0 0 I : dump_backtrace+0x0/0x258
01-01 08:00:59.488 0 0 I : show_stack+0x20/0x30
01-01 08:00:59.488 0 0 I : dump_stack+0xd8/0x12c
01-01 08:00:59.488 0 0 I : register_lock_class+0x4d0/0x5c8
01-01 08:00:59.488 0 0 I : __lock_acquire+0xbc/0x1e58
01-01 08:00:59.488 0 0 I : lock_acquire+0x1cc/0x218
01-01 08:00:59.488 0 0 I : _raw_spin_lock_irqsave+0x54/0x98
01-01 08:00:59.488 0 0 I : ion_system_secure_heap_prefetch_work+0x94/0x2c0
01-01 08:00:59.488 0 0 I : process_one_work+0x38c/0x660
01-01 08:00:59.489 0 0 I : worker_thread+0x268/0x4b8
01-01 08:00:59.489 0 0 I : kthread+0x140/0x150
01-01 08:00:59.489 0 0 I : ret_from_fork+0x10/0x1c
10-12 02:43:08.439 1140 1140 D SystemServerTiming: MakeConnectivityServiceReady took to complete: 41ms
10-12 02:43:08.440 1140 1140 I SystemServerTiming: MakeVpnManagerServiceReady
10-12 02:43:08.440 1140 1823 D ConnectivityService: NetReassign [no changes]
01-01 08:00:59.491 0 0 E : INFO: trying to register non-static key.
01-01 08:00:59.491 0 0 D cnss : Read register offset 0x1f8031c, val = 0x6
01-01 08:00:59.496 0 0 E : the code is fine but needs lockdep annotation.
01-01 08:00:59.496 0 0 I : CPU: 7 PID: 1596 Comm: kworker/u16:18 Tainted: G S W O 4.19.157+ #1
01-01 08:00:59.496 0 0 I Hardware name: Qualcomm Technologies, Inc. kona MTP-RmPM8150b. VX1(MCE) EVT2 (DT)
01-01 08:00:59.496 0 0 I Workqueue: events_unbound ion_system_secure_heap_prefetch_work
01-01 08:00:59.496 0 0 I Call trace:
01-01 08:00:59.496 0 0 I : dump_backtrace+0x0/0x258
01-01 08:00:59.496 0 0 I : show_stack+0x20/0x30
01-01 08:00:59.496 0 0 I : dump_stack+0xd8/0x12c
01-01 08:00:59.496 0 0 I : register_lock_class+0x4d0/0x5c8
01-01 08:00:59.496 0 0 I : __lock_acquire+0xbc/0x1e58
01-01 08:00:59.496 0 0 I : lock_acquire+0x1cc/0x218
01-01 08:00:59.496 0 0 I : _raw_spin_lock_irqsave+0x54/0x98
01-01 08:00:59.496 0 0 I : ion_system_secure_heap_prefetch_work+0x94/0x2c0
01-01 08:00:59.496 0 0 I : process_one_work+0x38c/0x660
01-01 08:00:59.496 0 0 I : worker_thread+0x268/0x4b8
01-01 08:00:59.496 0 0 I : kthread+0x140/0x150
01-01 08:00:59.496 0 0 I : ret_from_fork+0x10/0x1c
01-01 08:00:59.498 0 0 E : INFO: trying to register non-static key.
01-01 08:00:59.502 0 0 D cnss : Write val 0x2 to register offset 0x1f8031c
01-01 08:00:59.507 0 0 E : the code is fine but needs lockdep annotation.
01-01 08:00:59.507 0 0 I : CPU: 7 PID: 1596 Comm: kworker/u16:18 Tainted: G S W O 4.19.157+ #1
01-01 08:00:59.507 0 0 I Hardware name: Qualcomm Technologies, Inc. kona MTP-RmPM8150b. VX1(MCE) EVT2 (DT)
01-01 08:00:59.507 0 0 I Workqueue: events_unbound ion_system_secure_heap_prefetch_work
01-01 08:00:59.507 0 0 I Call trace:
01-01 08:00:59.507 0 0 I : dump_backtrace+0x0/0x258
01-01 08:00:59.507 0 0 I : show_stack+0x20/0x30
01-01 08:00:59.507 0 0 I : dump_stack+0xd8/0x12c
01-01 08:00:59.507 0 0 I : register_lock_class+0x4d0/0x5c8
01-01 08:00:59.507 0 0 I : __lock_acquire+0xbc/0x1e58
01-01 08:00:59.507 0 0 I : lock_acquire+0x1cc/0x218
01-01 08:00:59.507 0 0 I : _raw_spin_lock_irqsave+0x54/0x98
01-01 08:00:59.507 0 0 I : ion_system_secure_heap_prefetch_work+0x94/0x2c0
01-01 08:00:59.507 0 0 I : process_one_work+0x38c/0x660
01-01 08:00:59.507 0 0 I : worker_thread+0x268/0x4b8
01-01 08:00:59.507 0 0 I : kthread+0x140/0x150
01-01 08:00:59.507 0 0 I : ret_from_fork+0x10/0x1c
10-12 02:43:08.456 1417 1417 V C2Store : in ~ComponentModule
10-12 02:43:08.457 1417 1417 V C2Store : unloading dll
10-12 02:43:08.457 1417 1417 V C2Store : in init
10-12 02:43:08.457 1417 1417 V C2Store : loading dll
10-12 02:43:08.462 1417 1417 V C2Store : in ~ComponentModule
10-12 02:43:08.462 1417 1417 V C2Store : unloading dll
10-12 02:43:08.462 1417 1417 V C2Store : in init
10-12 02:43:08.462 1417 1417 V C2Store : loading dll
10-12 02:43:08.467 1417 1417 V C2Store : in ~ComponentModule
10-12 02:43:08.467 1417 1417 V C2Store : unloading dll
10-12 02:43:08.467 1417 1417 V C2Store : in init
10-12 02:43:08.467 1417 1417 V C2Store : loading dll
01-01 08:00:59.509 0 0 E : INFO: trying to register non-static key.
01-01 08:00:59.513 0 0 D cnss : Setting MHI state: INIT(0)
01-01 08:00:59.517 0 0 E : the code is fine but needs lockdep annotation.
01-01 08:00:59.517 0 0 I : CPU: 7 PID: 1596 Comm: kworker/u16:18 Tainted: G S W O 4.19.157+ #1
01-01 08:00:59.517 0 0 I Hardware name: Qualcomm Technologies, Inc. kona MTP-RmPM8150b. VX1(MCE) EVT2 (DT)
01-01 08:00:59.517 0 0 I Workqueue: events_unbound ion_system_secure_heap_prefetch_work
01-01 08:00:59.518 0 0 I Call trace:
01-01 08:00:59.518 0 0 I : dump_backtrace+0x0/0x258
01-01 08:00:59.518 0 0 I : show_stack+0x20/0x30
01-01 08:00:59.518 0 0 I : dump_stack+0xd8/0x12c
01-01 08:00:59.518 0 0 I : register_lock_class+0x4d0/0x5c8
01-01 08:00:59.518 0 0 I : __lock_acquire+0xbc/0x1e58
01-01 08:00:59.518 0 0 I : lock_acquire+0x1cc/0x218
01-01 08:00:59.518 0 0 I : _raw_spin_lock_irqsave+0x54/0x98
01-01 08:00:59.518 0 0 I : ion_system_secure_heap_prefetch_work+0x94/0x2c0
01-01 08:00:59.518 0 0 I : process_one_work+0x38c/0x660
01-01 08:00:59.518 0 0 I : worker_thread+0x268/0x4b8
01-01 08:00:59.518 0 0 I : kthread+0x140/0x150
01-01 08:00:59.518 0 0 I : ret_from_fork+0x10/0x1c
01-01 08:00:59.520 0 0 E : INFO: trying to register non-static key.
01-01 08:00:59.524 0 0 D cnss : Setting MHI state: POWER_ON(2)
01-01 08:00:59.528 0 0 E : the code is fine but needs lockdep annotation.
01-01 08:00:59.528 0 0 I : CPU: 7 PID: 1596 Comm: kworker/u16:18 Tainted: G S W O 4.19.157+ #1
01-01 08:00:59.528 0 0 I Hardware name: Qualcomm Technologies, Inc. kona MTP-RmPM8150b. VX1(MCE) EVT2 (DT)
01-01 08:00:59.528 0 0 I Workqueue: events_unbound ion_system_secure_heap_prefetch_work
01-01 08:00:59.528 0 0 I Call trace:
01-01 08:00:59.528 0 0 I : dump_backtrace+0x0/0x258
01-01 08:00:59.528 0 0 I : show_stack+0x20/0x30
01-01 08:00:59.528 0 0 I : dump_stack+0xd8/0x12c
01-01 08:00:59.528 0 0 I : register_lock_class+0x4d0/0x5c8
01-01 08:00:59.528 0 0 I : __lock_acquire+0xbc/0x1e58
01-01 08:00:59.528 0 0 I : lock_acquire+0x1cc/0x218
01-01 08:00:59.528 0 0 I : _raw_spin_lock_irqsave+0x54/0x98
01-01 08:00:59.528 0 0 I : ion_system_secure_heap_prefetch_work+0x94/0x2c0
01-01 08:00:59.528 0 0 I : process_one_work+0x38c/0x660
01-01 08:00:59.528 0 0 I : worker_thread+0x268/0x4b8
01-01 08:00:59.528 0 0 I : kthread+0x140/0x150
01-01 08:00:59.528 0 0 I : ret_from_fork+0x10/0x1c
01-01 08:00:59.530 0 0 E : INFO: trying to register non-static key.
10-12 02:43:08.474 1417 1417 V C2Store : in ~ComponentModule
10-12 02:43:08.474 1417 1417 V C2Store : unloading dll
10-12 02:43:08.475 1417 1417 V C2Store : in init
10-12 02:43:08.475 1417 1417 V C2Store : loading dll
01-01 08:00:59.537 0 0 I binder : 2024:2024 ioctl 40046210 7fe476a004 returned -22
01-01 08:00:59.539 0 0 E : the code is fine but needs lockdep annotation.
01-01 08:00:59.539 0 0 I : CPU: 7 PID: 1596 Comm: kworker/u16:18 Tainted: G S W O 4.19.157+ #1
01-01 08:00:59.545 0 0 I Hardware name: Qualcomm Technologies, Inc. kona MTP-RmPM8150b. VX1(MCE) EVT2 (DT)
01-01 08:00:59.545 0 0 I Workqueue: events_unbound ion_system_secure_heap_prefetch_work
01-01 08:00:59.545 0 0 I Call trace:
01-01 08:00:59.545 0 0 I : dump_backtrace+0x0/0x258
01-01 08:00:59.545 0 0 I : show_stack+0x20/0x30
01-01 08:00:59.545 0 0 I : dump_stack+0xd8/0x12c
01-01 08:00:59.545 0 0 I : register_lock_class+0x4d0/0x5c8
01-01 08:00:59.545 0 0 I : __lock_acquire+0xbc/0x1e58
01-01 08:00:59.545 0 0 I : lock_acquire+0x1cc/0x218
01-01 08:00:59.545 0 0 I : _raw_spin_lock_irqsave+0x54/0x98
01-01 08:00:59.545 0 0 I : ion_system_secure_heap_prefetch_work+0x94/0x2c0
01-01 08:00:59.545 0 0 I : process_one_work+0x38c/0x660
01-01 08:00:59.545 0 0 I : worker_thread+0x268/0x4b8
01-01 08:00:59.545 0 0 I : kthread+0x140/0x150
01-01 08:00:59.545 0 0 I : ret_from_fork+0x10/0x1c
01-01 08:00:59.546 0 0 W cnss_pci 0000: 01:00.0: Falling back to syfs fallback for: qca6390/amss20.bin
01-01 08:00:59.553 0 0 E : INFO: trying to register non-static key.
01-01 08:00:59.553 0 0 I binder : 2009:2009 ioctl 40046210 7fe476a004 returned -22
01-01 08:00:59.558 0 0 E : the code is fine but needs lockdep annotation.
01-01 08:00:59.558 0 0 I : CPU: 7 PID: 1596 Comm: kworker/u16:18 Tainted: G S W O 4.19.157+ #1
01-01 08:00:59.558 0 0 I Hardware name: Qualcomm Technologies, Inc. kona MTP-RmPM8150b. VX1(MCE) EVT2 (DT)
01-01 08:00:59.558 0 0 I Workqueue: events_unbound ion_system_secure_heap_prefetch_work
01-01 08:00:59.558 0 0 I Call trace:
01-01 08:00:59.558 0 0 I : dump_backtrace+0x0/0x258
01-01 08:00:59.558 0 0 I : show_stack+0x20/0x30
01-01 08:00:59.558 0 0 I : dump_stack+0xd8/0x12c
01-01 08:00:59.558 0 0 I : register_lock_class+0x4d0/0x5c8
01-01 08:00:59.558 0 0 I : __lock_acquire+0xbc/0x1e58
01-01 08:00:59.558 0 0 I : lock_acquire+0x1cc/0x218
01-01 08:00:59.558 0 0 I : _raw_spin_lock_irqsave+0x54/0x98
01-01 08:00:59.558 0 0 I : ion_system_secure_heap_prefetch_work+0x94/0x2c0
01-01 08:00:59.558 0 0 I : process_one_work+0x38c/0x660
01-01 08:00:59.558 0 0 I : worker_thread+0x268/0x4b8
01-01 08:00:59.558 0 0 I : kthread+0x140/0x150
01-01 08:00:59.558 0 0 I : ret_from_fork+0x10/0x1c
10-12 02:43:08.493 1417 1417 V C2Store : in ~ComponentModule
10-12 02:43:08.493 1417 1417 V C2Store : unloading dll
10-12 02:43:08.493 1417 1417 V C2Store : in init
10-12 02:43:08.493 1417 1417 V C2Store : loading dll
10-12 02:43:08.497 1539 1577 I adbd : jdwp connection from 2009
10-12 02:43:08.497 1539 1577 I adbd : jdwp connection from 2024
10-12 02:43:08.500 1140 1140 D SystemServerTiming: MakeVpnManagerServiceReady took to complete: 61ms
10-12 02:43:08.501 1140 1140 I SystemServerTiming: MakeVcnManagementServiceReady
10-12 02:43:08.501 1140 1823 D ConnectivityService: Got NetworkProvider Messenger for VcnNetworkProvider
10-12 02:43:08.502 1140 1140 D TelephonyRegistry: listen oscl: mHasNotifySubscriptionInfoChangedOccurred==false no callback
10-12 02:43:08.503 1140 1823 D ConnectivityService: NetReassign [no changes]
10-12 02:43:08.507 1417 1417 V C2Store : in ~ComponentModule
10-12 02:43:08.507 1417 1417 V C2Store : unloading dll
10-12 02:43:08.507 1417 1417 V C2Store : in init
10-12 02:43:08.507 1417 1417 V C2Store : loading dll
10-12 02:43:08.509 1140 1860 I AS.BtHelper: In onSystemReady(), calling resetBluetoothSco()
10-12 02:43:08.509 1140 1860 I AS.BtHelper: In resetBluetoothSco(), calling clearAllScoClients()
10-12 02:43:08.510 1140 1860 D BluetoothHeadset: Binding service...
10-12 02:43:08.510 1140 1860 W BluetoothManagerService: bindBluetoothProfileService:Trying to bind to profile: 1, while Bluetooth is disabled
10-12 02:43:08.510 1140 1140 D SystemServerTiming: MakeVcnManagementServiceReady took to complete: 9ms
10-12 02:43:08.510 1140 1140 I SystemServerTiming: MakeNetworkPolicyServiceReady
10-12 02:43:08.510 1140 1860 D BluetoothA2dp: Binding service...
10-12 02:43:08.511 1140 1823 D ConnectivityService: NetReassign [no changes]
10-12 02:43:08.512 1140 1140 D SystemServerTiming: MakeNetworkPolicyServiceReady took to complete: 2ms
10-12 02:43:08.512 1140 1140 I SystemServerTiming: PhaseThirdPartyAppsCanStart
10-12 02:43:08.512 1140 1140 I SystemServiceManager: Starting phase 600
10-12 02:43:08.512 1140 1140 I SystemServerTiming: OnBootPhase_600
10-12 02:43:08.512 1140 1140 I SystemServerTiming: OnBootPhase_600_com.android.server.security.FileIntegrityService
10-12 02:43:08.512 1140 1140 D SystemServerTiming: OnBootPhase_600_com.android.server.security.FileIntegrityService took to complete: 0ms
10-12 02:43:08.512 1140 1140 I SystemServerTiming: OnBootPhase_600_com.android.server.pm.Installer
10-12 02:43:08.512 1140 1140 D SystemServerTiming: OnBootPhase_600_com.android.server.pm.Installer took to complete: 0ms
10-12 02:43:08.512 1140 1140 I SystemServerTiming: OnBootPhase_600_com.android.server.os.DeviceIdentifiersPolicyService
10-12 02:43:08.512 1140 1140 D SystemServerTiming: OnBootPhase_600_com.android.server.os.DeviceIdentifiersPolicyService took to complete: 0ms
10-12 02:43:08.512 1140 1140 I SystemServerTiming: OnBootPhase_600_com.android.server.uri.UriGrantsManagerService$Lifecycle
10-12 02:43:08.512 1140 1140 D SystemServerTiming: OnBootPhase_600_com.android.server.uri.UriGrantsManagerService$Lifecycle took to complete: 0ms
10-12 02:43:08.512 1140 1140 I SystemServerTiming: OnBootPhase_600_com.android.server.powerstats.PowerStatsService
10-12 02:43:08.512 1140 1860 D BluetoothHearingAid: Binding service...
10-12 02:43:08.513 1140 1140 D SystemServerTiming: OnBootPhase_600_com.android.server.powerstats.PowerStatsService took to complete: 0ms
10-12 02:43:08.513 1140 1140 I SystemServerTiming: OnBootPhase_600_com.android.server.wm.ActivityTaskManagerService$Lifecycle
10-12 02:43:08.513 1140 1140 D SystemServerTiming: OnBootPhase_600_com.android.server.wm.ActivityTaskManagerService$Lifecycle took to complete: 0ms
10-12 02:43:08.513 1140 1140 I SystemServerTiming: OnBootPhase_600_com.android.server.am.ActivityManagerService$Lifecycle
10-12 02:43:08.513 1140 1140 I ExplicitHealthCheckController: Explicit health checks enabled.
10-12 02:43:08.513 1140 1140 I PackageWatchdog: Syncing state, reason: health check state enabled
10-12 02:43:08.513 1140 1140 I PackageWatchdog: Discarding observer rollback-observer. All packages expired
10-12 02:43:08.513 1140 1140 D SystemServerTiming: OnBootPhase_600_com.android.server.am.ActivityManagerService$Lifecycle took to complete: 1ms
10-12 02:43:08.514 1140 1140 I SystemServerTiming: OnBootPhase_600_com.android.server.pm.DataLoaderManagerService
10-12 02:43:08.514 1140 1140 D SystemServerTiming: OnBootPhase_600_com.android.server.pm.DataLoaderManagerService took to complete: 0ms
10-12 02:43:08.514 1140 1140 I SystemServerTiming: OnBootPhase_600_com.android.server.power.PowerManagerService
10-12 02:43:08.514 814 1758 D audio_hw_primary: adev_set_parameters: enter: BT_SCO=off
10-12 02:43:08.514 814 1758 D audio_hw_hfp: hfp_set_parameters: enter
10-12 02:43:08.514 814 1758 D audio_hw_extn: audio_extn_fm_set_parameters: Enter
10-12 02:43:08.514 1417 1417 V C2Store : in ~ComponentModule
10-12 02:43:08.514 1417 1417 V C2Store : unloading dll
10-12 02:43:08.514 1140 1140 D SystemServerTiming: OnBootPhase_600_com.android.server.power.PowerManagerService took to complete: 0ms
10-12 02:43:08.514 1417 1417 V C2Store : in init
10-12 02:43:08.514 1140 1140 I SystemServerTiming: OnBootPhase_600_com.android.server.power.ThermalManagerService
10-12 02:43:08.514 1417 1417 V C2Store : loading dll
10-12 02:43:08.514 1140 1140 D SystemServerTiming: OnBootPhase_600_com.android.server.power.ThermalManagerService took to complete: 0ms
10-12 02:43:08.514 1140 1140 I SystemServerTiming: OnBootPhase_600_com.android.server.power.hint.HintManagerService
10-12 02:43:08.514 1140 1140 D SystemServerTiming: OnBootPhase_600_com.android.server.power.hint.HintManagerService took to complete: 0ms
10-12 02:43:08.514 1140 1140 I SystemServerTiming: OnBootPhase_600_com.android.server.recoverysystem.RecoverySystemService$Lifecycle
10-12 02:43:08.514 1140 1140 D SystemServerTiming: OnBootPhase_600_com.android.server.recoverysystem.RecoverySystemService$Lifecycle took to complete: 0ms
10-12 02:43:08.514 1140 1140 I SystemServerTiming: OnBootPhase_600_com.android.server.lights.LightsService
10-12 02:43:08.514 1140 1140 D SystemServerTiming: OnBootPhase_600_com.android.server.lights.LightsService took to complete: 0ms
10-12 02:43:08.514 1140 1140 I SystemServerTiming: OnBootPhase_600_com.android.server.display.DisplayManagerService
10-12 02:43:08.514 1140 1140 D SystemServerTiming: OnBootPhase_600_com.android.server.display.DisplayManagerService took to complete: 0ms
10-12 02:43:08.514 1140 1140 I SystemServerTiming: OnBootPhase_600_com.android.server.pm.verify.domain.DomainVerificationService
10-12 02:43:08.515 1140 1140 D SystemServerTiming: OnBootPhase_600_com.android.server.pm.verify.domain.DomainVerificationService took to complete: 0ms
10-12 02:43:08.515 1140 1140 I SystemServerTiming: OnBootPhase_600_com.android.server.pm.PackageInstallerService$Lifecycle
10-12 02:43:08.515 1140 1140 D SystemServerTiming: OnBootPhase_600_com.android.server.pm.PackageInstallerService$Lifecycle took to complete: 0ms
10-12 02:43:08.515 1140 1140 I SystemServerTiming: OnBootPhase_600_com.android.server.pm.UserManagerService$LifeCycle
10-12 02:43:08.515 1140 1140 D SystemServerTiming: OnBootPhase_600_com.android.server.pm.UserManagerService$LifeCycle took to complete: 0ms
10-12 02:43:08.515 1140 1140 I SystemServerTiming: OnBootPhase_600_com.android.server.om.OverlayManagerService
10-12 02:43:08.515 1140 1140 D SystemServerTiming: OnBootPhase_600_com.android.server.om.OverlayManagerService took to complete: 0ms
10-12 02:43:08.515 1140 1140 I SystemServerTiming: OnBootPhase_600_com.android.server.SensorPrivacyService
10-12 02:43:08.515 1140 1140 D SystemServerTiming: OnBootPhase_600_com.android.server.SensorPrivacyService took to complete: 0ms
10-12 02:43:08.515 1140 1140 I SystemServerTiming: OnBootPhase_600_com.android.server.sensors.SensorService
10-12 02:43:08.515 1140 1140 D SystemServerTiming: OnBootPhase_600_com.android.server.sensors.SensorService took to complete: 0ms
10-12 02:43:08.515 1140 1140 I SystemServerTiming: OnBootPhase_600_com.android.server.SystemConfigService
10-12 02:43:08.515 1140 1140 D SystemServerTiming: OnBootPhase_600_com.android.server.SystemConfigService took to complete: 0ms
10-12 02:43:08.515 1140 1140 I SystemServerTiming: OnBootPhase_600_com.android.server.BatteryService
10-12 02:43:08.515 1140 1863 I AS.AudioDeviceInventory: removePreferredDevicesForStrategySync, strategy: 15
10-12 02:43:08.515 678 678 I zygote : Background concurrent copying GC freed 211915(10MB) AllocSpace objects, 16(504KB) LOS objects, 49% free, 8927KB/17MB, paused 70us,19us total 109.470ms
10-12 02:43:08.515 1140 1140 D SystemServerTiming: OnBootPhase_600_com.android.server.BatteryService took to complete: 0ms
10-12 02:43:08.515 1140 1140 I SystemServerTiming: OnBootPhase_600_com.android.server.usage.UsageStatsService
10-12 02:43:08.515 1140 1140 D SystemServerTiming: OnBootPhase_600_com.android.server.usage.UsageStatsService took to complete: 0ms
10-12 02:43:08.515 1029 1774 I AudioFlinger: systemReady
10-12 02:43:08.515 1140 1140 I SystemServerTiming: OnBootPhase_600_com.android.server.webkit.WebViewUpdateService
10-12 02:43:08.515 1140 1140 D SystemServerTiming: OnBootPhase_600_com.android.server.webkit.WebViewUpdateService took to complete: 0ms
10-12 02:43:08.515 1140 1140 I SystemServerTiming: OnBootPhase_600_com.android.server.CachedDeviceStateService
10-12 02:43:08.515 1140 1140 D SystemServerTiming: OnBootPhase_600_com.android.server.CachedDeviceStateService took to complete: 0ms
10-12 02:43:08.515 1140 1140 I SystemServerTiming: OnBootPhase_600_com.android.server.BinderCallsStatsService$LifeCycle
10-12 02:43:08.515 1140 1140 D SystemServerTiming: OnBootPhase_600_com.android.server.BinderCallsStatsService$LifeCycle took to complete: 0ms
10-12 02:43:08.516 1140 1140 I SystemServerTiming: OnBootPhase_600_com.android.server.LooperStatsService$Lifecycle
10-12 02:43:08.516 1140 1140 D SystemServerTiming: OnBootPhase_600_com.android.server.LooperStatsService$Lifecycle took to complete: 0ms
10-12 02:43:08.516 1140 1140 I SystemServerTiming: OnBootPhase_600_com.android.server.rollback.RollbackManagerService
10-12 02:43:08.516 1140 1140 D SystemServerTiming: OnBootPhase_600_com.android.server.rollback.RollbackManagerService took to complete: 0ms
10-12 02:43:08.516 1140 1140 I SystemServerTiming: OnBootPhase_600_com.android.server.os.NativeTombstoneManagerService
10-12 02:43:08.516 1140 1140 D SystemServerTiming: OnBootPhase_600_com.android.server.os.NativeTombstoneManagerService took to complete: 0ms
10-12 02:43:08.516 1140 1140 I SystemServerTiming: OnBootPhase_600_com.android.server.os.BugreportManagerService
10-12 02:43:08.516 1140 1140 D SystemServerTiming: OnBootPhase_600_com.android.server.os.BugreportManagerService took to complete: 0ms
10-12 02:43:08.516 1140 1140 I SystemServerTiming: OnBootPhase_600_com.android.server.gpu.GpuService
10-12 02:43:08.516 1140 1140 D SystemServerTiming: OnBootPhase_600_com.android.server.gpu.GpuService took to complete: 0ms
10-12 02:43:08.516 1140 1140 I SystemServerTiming: OnBootPhase_600_com.android.server.security.KeyChainSystemService
10-12 02:43:08.516 1140 1140 D SystemServerTiming: OnBootPhase_600_com.android.server.security.KeyChainSystemService took to complete: 0ms
10-12 02:43:08.516 1140 1140 I SystemServerTiming: OnBootPhase_600_com.android.server.telecom.TelecomLoaderService
10-12 02:43:08.516 1140 1140 D SystemServerTiming: OnBootPhase_600_com.android.server.telecom.TelecomLoaderService took to complete: 0ms
10-12 02:43:08.512 2024 2024 D ProcessState: Binder ioctl to enable oneway spam detection failed: Invalid argument
10-12 02:43:08.516 1140 1140 I SystemServerTiming: OnBootPhase_600_com.android.server.accounts.AccountManagerService$Lifecycle
10-12 02:43:08.516 1140 1140 D SystemServerTiming: OnBootPhase_600_com.android.server.accounts.AccountManagerService$Lifecycle took to complete: 0ms
10-12 02:43:08.516 1140 1140 I SystemServerTiming: OnBootPhase_600_com.android.server.content.ContentService$Lifecycle
10-12 02:43:08.516 1140 1140 D SystemServerTiming: OnBootPhase_600_com.android.server.content.ContentService$Lifecycle took to complete: 0ms
10-12 02:43:08.516 1140 1140 I SystemServerTiming: OnBootPhase_600_com.android.server.DropBoxManagerService
10-12 02:43:08.516 1140 1140 D SystemServerTiming: OnBootPhase_600_com.android.server.DropBoxManagerService took to complete: 0ms
10-12 02:43:08.516 1140 1140 I SystemServerTiming: OnBootPhase_600_com.android.role.RoleService
10-12 02:43:08.516 1140 1140 D SystemServerTiming: OnBootPhase_600_com.android.role.RoleService took to complete: 0ms
10-12 02:43:08.516 1140 1140 I SystemServerTiming: OnBootPhase_600_com.android.server.vibrator.VibratorManagerService$Lifecycle
10-12 02:43:08.516 1140 1140 D SystemServerTiming: OnBootPhase_600_com.android.server.vibrator.VibratorManagerService$Lifecycle took to complete: 0ms
10-12 02:43:08.516 1140 1140 I SystemServerTiming: OnBootPhase_600_com.android.server.alarm.AlarmManagerService
10-12 02:43:08.516 1140 1140 D SystemServerTiming: OnBootPhase_600_com.android.server.alarm.AlarmManagerService took to complete: 0ms
10-12 02:43:08.517 1140 1140 I SystemServerTiming: OnBootPhase_600_com.android.server.devicestate.DeviceStateManagerService
10-12 02:43:08.517 1140 1140 D SystemServerTiming: OnBootPhase_600_com.android.server.devicestate.DeviceStateManagerService took to complete: 0ms
10-12 02:43:08.517 1140 1140 I SystemServerTiming: OnBootPhase_600_com.android.server.camera.CameraServiceProxy
10-12 02:43:08.517 1140 1140 D SystemServerTiming: OnBootPhase_600_com.android.server.camera.CameraServiceProxy took to complete: 0ms
10-12 02:43:08.517 1140 1140 I SystemServerTiming: OnBootPhase_600_com.android.server.BluetoothService
10-12 02:43:08.517 1140 1140 D SystemServerTiming: OnBootPhase_600_com.android.server.BluetoothService took to complete: 0ms
10-12 02:43:08.517 1140 1140 I SystemServerTiming: OnBootPhase_600_com.android.server.connectivity.IpConnectivityMetrics
10-12 02:43:08.517 1140 1140 D SystemServerTiming: OnBootPhase_600_com.android.server.connectivity.IpConnectivityMetrics took to complete: 0ms
10-12 02:43:08.517 1140 1140 I SystemServerTiming: OnBootPhase_600_com.android.server.net.watchlist.NetworkWatchlistService$Lifecycle
10-12 02:43:08.517 1140 1140 D SystemServerTiming: OnBootPhase_600_com.android.server.net.watchlist.NetworkWatchlistService$Lifecycle took to complete: 0ms
10-12 02:43:08.517 1140 1140 I SystemServerTiming: OnBootPhase_600_com.android.server.PinnerService
10-12 02:43:08.517 1140 1140 D SystemServerTiming: OnBootPhase_600_com.android.server.PinnerService took to complete: 0ms
10-12 02:43:08.517 1140 1140 I SystemServerTiming: OnBootPhase_600_com.google.android.startop.iorap.IorapForwardingService
10-12 02:43:08.517 1140 1140 D SystemServerTiming: OnBootPhase_600_com.google.android.startop.iorap.IorapForwardingService took to complete: 0ms
10-12 02:43:08.517 1140 1140 I SystemServerTiming: OnBootPhase_600_com.android.server.ActivityTriggerService
10-12 02:43:08.517 1140 1140 D SystemServerTiming: OnBootPhase_600_com.android.server.ActivityTriggerService took to complete: 0ms
