10-12 02:43:09.614 1140 2014 W ZygoteProcess: Got error connecting to zygote, retrying. msg= Connection refused
10-12 02:43:09.614 1140 2175 I ActivityNotifier: binding to Dynamic DDS service
10-12 02:43:09.615 1140 2175 W ContextImpl: Calling a method in the system process without a qualified user: android.app.ContextImpl.bindService:1895 android.content.ContextWrapper.bindService:810 com.qualcomm.qti.activityextension.ActivityNotifier.bindToDynamicDDSService:103 com.qualcomm.qti.activityextension.ActivityNotifier.handleSendActivityInvokeNotification:184 com.qualcomm.qti.activityextension.ActivityNotifier.access$300:26
10-12 02:43:09.615 1140 1862 W ActivityManager: Slow operation: 774ms so far, now at startProcess: done updating battery stats
10-12 02:43:09.615 1140 1862 I am_proc_start: [0,2150,1073,com.android.networkstack.process,service,{com.android.networkstack/com.android.server.NetworkStackService}]
10-12 02:43:09.615 1140 1862 W ActivityManager: Slow operation: 774ms so far, now at startProcess: building log message
10-12 02:43:09.615 1140 1862 I ActivityManager: Start proc 2150:com.android.networkstack.process/1073 for service {com.android.networkstack/com.android.server.NetworkStackService}
10-12 02:43:09.615 1140 1862 W ActivityManager: Slow operation: 775ms so far, now at startProcess: starting to update pids map
10-12 02:43:09.615 2198 2198 I WebViewZygoteInit: Starting WebViewZygoteInit
01-01 08:01:00.698 0 0 E : INFO: trying to register non-static key.
10-12 02:43:09.617 1140 2187 D CCodecBufferChannel: [c2.android.vorbis.decoder#151] Created input block pool with allocatorID 16 => poolID 20 - OK (0)
10-12 02:43:09.617 1140 1862 W ActivityManager: Slow operation: 776ms so far, now at startProcess: done updating pids map
10-12 02:43:09.617 1140 1862 I am_proc_bound: [0,2150,com.android.networkstack.process]
10-12 02:43:09.619 1140 1862 D CompatibilityChangeReporter: Compat change id reported: 168419799; UID 1073; state: DISABLED
10-12 02:43:09.619 1140 1862 D CompatibilityInfo: mCompatibilityFlags - 4
10-12 02:43:09.620 1140 1862 D CompatibilityInfo: applicationDensity - 240
10-12 02:43:09.620 1140 1862 D CompatibilityInfo: applicationScale - 1.0
01-01 08:01:00.703 0 0 E : the code is fine but needs lockdep annotation.
01-01 08:01:00.709 0 0 I : CPU: 2 PID: 1596 Comm: kworker/u16:18 Tainted: G S W O 4.19.157+ #1
01-01 08:01:00.709 0 0 I Hardware name: Qualcomm Technologies, Inc. kona MTP-RmPM8150b. VX1(MCE) EVT2 (DT)
01-01 08:01:00.709 0 0 I Workqueue: events_unbound ion_system_secure_heap_prefetch_work
01-01 08:01:00.709 0 0 I Call trace:
01-01 08:01:00.709 0 0 I : dump_backtrace+0x0/0x258
01-01 08:01:00.709 0 0 I : show_stack+0x20/0x30
01-01 08:01:00.709 0 0 I : dump_stack+0xd8/0x12c
01-01 08:01:00.709 0 0 I : register_lock_class+0x4d0/0x5c8
01-01 08:01:00.709 0 0 I : __lock_acquire+0xbc/0x1e58
10-12 02:43:09.626 1140 2187 I CCodecBufferChannel: [c2.android.vorbis.decoder#151] Created output block pool with allocatorID 16 => poolID 20 - OK
01-01 08:01:00.709 0 0 I : lock_acquire+0x1cc/0x218
01-01 08:01:00.709 0 0 I : _raw_spin_lock_irqsave+0x54/0x98
01-01 08:01:00.709 0 0 I : ion_system_secure_heap_prefetch_work+0x94/0x2c0
01-01 08:01:00.709 0 0 I : process_one_work+0x38c/0x660
01-01 08:01:00.709 0 0 I : worker_thread+0x268/0x4b8
01-01 08:01:00.709 0 0 I : kthread+0x140/0x150
01-01 08:01:00.709 0 0 I : ret_from_fork+0x10/0x1c
01-01 08:01:00.710 0 0 D cnss : Sending BDF download message, state: 0x13, type: 1
01-01 08:01:00.710 0 0 D cnss : FW name added with prefix: qca6390/bdwlan.elf
01-01 08:01:00.711 0 0 W cnss2 b0000000.qcom,cnss-qca6390: Falling back to syfs fallback for: qca6390/bdwlan.elf
10-12 02:43:09.627 1140 2187 D CCodecBufferChannel: [c2.android.vorbis.decoder#151] Configured output block pool ids 20 => OK
01-01 08:01:00.717 0 0 E : INFO: trying to register non-static key.
01-01 08:01:00.722 0 0 E : the code is fine but needs lockdep annotation.
10-12 02:43:09.627 1140 2187 D CCodecBufferChannel: [c2.android.vorbis.decoder#151] start: updating output delay 0
10-12 02:43:09.629 1140 2187 I CCodecBufferChannel: pipelineRoom(3) is <= numClientBuffers(3). Not signalling any more buffers to client
10-12 02:43:09.629 1417 2192 D SimpleC2Component: Using output block pool with poolID 20 => got 20 - 0
10-12 02:43:09.633 1140 1240 I service_manager_slow: [75,alarm]
10-12 02:43:09.634 1140 1240 W BestClock: java.time.DateTimeException: Missing NTP fix
10-12 02:43:09.634 1140 1240 I netstats_mobile_sample: [0,0,0,0,0,0,0,0,0,0,0,0,1665513789634]
10-12 02:43:09.634 1140 1240 I netstats_wifi_sample: [0,0,0,0,0,0,0,0,0,0,0,0,1665513789634]
10-12 02:43:09.634 2009 2009 I BluetoothBATServiceJni: classInitNative: Enter
10-12 02:43:09.634 2009 2009 I BluetoothBATServiceJni: classInitNative: succeeds
10-12 02:43:09.634 1140 2013 W NativeCrashListener: Couldn't find ProcessRecord for pid 1953
10-12 02:43:09.646 1140 1679 I commit_sys_config_file: [log-files,1487]
10-12 02:43:09.650 633 633 E tombstoned: Tombstone written to: tombstone_29
10-12 02:43:09.651 1292 1802 D MediaBufferGroup: creating MemoryDealer
10-12 02:43:09.653 1140 1862 I am_uid_active: 1073
10-12 02:43:09.654 1140 2187 I CCodecBufferChannel: pipelineRoom(2) is <= numClientBuffers(2). Not signalling any more buffers to client
10-12 02:43:09.655 1140 2187 I CCodecBufferChannel: pipelineRoom(1) is <= numClientBuffers(1). Not signalling any more buffers to client
10-12 02:43:09.659 677 677 I Zygote : Process 2107 exited cleanly (0)
01-01 08:01:00.728 0 0 I : CPU: 2 PID: 1596 Comm: kworker/u16:18 Tainted: G S W O 4.19.157+ #1
01-01 08:01:00.728 0 0 I Hardware name: Qualcomm Technologies, Inc. kona MTP-RmPM8150b. VX1(MCE) EVT2 (DT)
01-01 08:01:00.728 0 0 I Workqueue: events_unbound ion_system_secure_heap_prefetch_work
10-12 02:43:09.663 1140 1862 D CompatibilityInfo: mCompatibilityFlags - 4
01-01 08:01:00.728 0 0 I Call trace:
01-01 08:01:00.728 0 0 I : dump_backtrace+0x0/0x258
01-01 08:01:00.728 0 0 I : show_stack+0x20/0x30
10-12 02:43:09.663 1140 1862 D CompatibilityInfo: applicationDensity - 240
10-12 02:43:09.663 1140 1862 D CompatibilityInfo: applicationScale - 1.0
10-12 02:43:09.664 1140 1173 I wm_task_created: [3,-1]
01-01 08:01:00.728 0 0 I : dump_stack+0xd8/0x12c
01-01 08:01:00.728 0 0 I : register_lock_class+0x4d0/0x5c8
01-01 08:01:00.728 0 0 I : __lock_acquire+0xbc/0x1e58
01-01 08:01:00.728 0 0 I : lock_acquire+0x1cc/0x218
01-01 08:01:00.728 0 0 I : _raw_spin_lock_irqsave+0x54/0x98
10-12 02:43:09.669 1140 1679 E NativeTombstoneManager: Tombstone's UID (1047) not an app, ignoring
01-01 08:01:00.728 0 0 I : ion_system_secure_heap_prefetch_work+0x94/0x2c0
10-12 02:43:09.669 1140 1173 I wm_task_created: [4,-1]
10-12 02:43:09.669 1140 1679 I DropBoxManagerService: add tag=SYSTEM_TOMBSTONE_PROTO isTagEnabled=true flags=0x4
10-12 02:43:09.672 2198 2198 I WebViewZygoteInit: Beginning application preload for com.android.webview
10-12 02:43:09.675 1140 1862 D CompatibilityChangeReporter: Compat change id reported: 168419799; UID 1073; state: DISABLED
10-12 02:43:09.675 1140 1862 D CompatibilityInfo: mCompatibilityFlags - 4
10-12 02:43:09.676 1140 1862 D CompatibilityInfo: applicationDensity - 240
10-12 02:43:09.676 1140 1862 D CompatibilityInfo: applicationScale - 1.0
10-12 02:43:09.677 1140 1862 W ActivityManager: Slow operation: 63ms so far, now at attachApplicationLocked: after mServices.attachApplicationLocked
10-12 02:43:09.678 1140 2191 I dvm_lock_sample: [system_server,0,Binder:1140_7,187,ActivityManagerService.java,1458,void com.android.server.am.ActivityManagerService$AppDeathRecipient.binderDied(),,0,null,37]
01-01 08:01:00.728 0 0 I : process_one_work+0x38c/0x660
10-12 02:43:09.679 1140 1240 W BestClock: java.time.DateTimeException: Missing NTP fix
10-12 02:43:09.679 1140 2191 I ActivityManager: Process WebViewLoader-armeabi-v7a (pid 2076) has died: psvc PER
10-12 02:43:09.681 503 503 I hwservicemanager: Since vendor.qti.hardware.iop@2.0::IIop/default is not registered, trying to start it as a lazy HAL.
10-12 02:43:09.682 2150 2150 D CompatibilityChangeReporter: Compat change id reported: 171979766; UID 1073; state: ENABLED
10-12 02:43:09.682 2198 2198 D nativeloader: classloader namespace configured for unbundled product apk. library_path=/product/app/webview/lib/arm:/product/app/webview/webview.apk!/lib/armeabi-v7a:/product/lib:/system/product/lib
10-12 02:43:09.683 1140 2191 I am_proc_died: [0,2076,WebViewLoader-armeabi-v7a,-700,0]
01-01 08:01:00.728 0 0 I : worker_thread+0x268/0x4b8
01-01 08:01:00.728 0 0 I : kthread+0x140/0x150
01-01 08:01:00.728 0 0 I : ret_from_fork+0x10/0x1c
01-01 08:01:00.745 0 0 E init : Control message: Could not find 'vendor.qti.hardware.iop@2.0::IIop/default' for ctl.interface_start from pid: 503 (/system/bin/hwservicemanager)
01-01 08:01:00.761 0 0 D cnss : Downloading BDF: qca6390/bdwlan.elf, size: 57908
10-12 02:43:09.686 676 676 I netd : trafficSwapActiveStatsMap() <4.81ms>
10-12 02:43:09.689 1140 2191 I am_low_memory: 5
10-12 02:43:09.690 1140 1245 I dvm_lock_sample: [system_server,1,ActivityManager,106,BroadcastQueue.java,986,void com.android.server.am.BroadcastQueue.processNextBroadcast(boolean),,0,null,21]
10-12 02:43:09.692 1140 1140 D CompatibilityInfo: mCompatibilityFlags - 4
10-12 02:43:09.692 1140 1140 D CompatibilityInfo: applicationDensity - 240
10-12 02:43:09.693 1140 1140 D CompatibilityInfo: applicationScale - 1.0
10-12 02:43:09.693 1140 1823 D ConnectivityService: Got NetworkProvider Messenger for VpnNetworkProvider:0
10-12 02:43:09.694 1140 1770 W BestClock: java.time.DateTimeException: Missing NTP fix
10-12 02:43:09.694 1140 1140 D CompatibilityInfo: mCompatibilityFlags - 4
10-12 02:43:09.694 1140 1140 D CompatibilityInfo: applicationDensity - 240
10-12 02:43:09.694 1140 1140 D CompatibilityInfo: applicationScale - 1.0
10-12 02:43:09.695 1140 1770 W BestClock: java.time.DateTimeException: Missing NTP fix
10-12 02:43:09.697 1140 1249 I libprocessgroup: Successfully killed process cgroup uid 1037 pid 2076 in 0ms
10-12 02:43:09.697 1140 1140 D SystemServerTiming: StartSystemUI took to complete: 110ms
10-12 02:43:09.698 1140 1140 I SystemServerTiming: startMicroService
10-12 02:43:09.698 1140 1140 D SystemServerTiming: startMicroService took to complete: 0ms
10-12 02:43:09.698 1140 1140 I SystemServerTiming: startRemoteControlService
10-12 02:43:09.698 1140 1140 D SystemServerTiming: startRemoteControlService took to complete: 1ms
10-12 02:43:09.698 1140 1140 I SystemServerTiming: startTcService
10-12 02:43:09.698 1140 1174 I ActivityManager: Process WebViewLoader-arm64-v8a (pid 2107) has died: psvc PER
10-12 02:43:09.699 1140 2194 D CCodecBufferChannel: [c2.android.vorbis.decoder#294] MediaCodec discarded an unknown buffer
10-12 02:43:09.699 1140 2194 D CCodecBufferChannel: [c2.android.vorbis.decoder#294] MediaCodec discarded an unknown buffer
10-12 02:43:09.703 503 503 I hwservicemanager: Since vendor.qti.hardware.iop@2.0::IIop/default is not registered, trying to start it as a lazy HAL.
10-12 02:43:09.704 1140 1174 I am_proc_died: [0,2107,WebViewLoader-arm64-v8a,-700,0]
10-12 02:43:09.705 1140 1174 I am_uid_stopped: 1037
10-12 02:43:09.705 676 676 I netd : tetherGetStats() -> {[]} <1.91ms>
10-12 02:43:09.706 1140 1174 I am_low_memory: 4
10-12 02:43:09.708 1140 1216 I EventSequenceValidator: Transition from INTENT_STARTED to ACTIVITY_LAUNCHED
10-12 02:43:09.709 1140 1140 D SystemServerTiming: startTcService took to complete: 10ms
10-12 02:43:09.709 1140 1140 D SystemServerTiming: startOtherServices took to complete: 3862ms
10-12 02:43:09.709 1140 1140 D SystemServerTiming: StartServices took to complete: 8827ms
10-12 02:43:09.713 1140 2175 E ActivityNotifier: bindService succ
10-12 02:43:09.713 1140 2175 I ActivityNotifier: binding to Dynamic DDS service
10-12 02:43:09.713 1140 2175 W ContextImpl: Calling a method in the system process without a qualified user: android.app.ContextImpl.bindService:1895 android.content.ContextWrapper.bindService:810 com.qualcomm.qti.activityextension.ActivityNotifier.bindToDynamicDDSService:103 com.qualcomm.qti.activityextension.ActivityNotifier.handleSendActivityInvokeNotification:184 com.qualcomm.qti.activityextension.ActivityNotifier.access$300:26
10-12 02:43:09.714 1140 2175 E ActivityNotifier: bindService succ
10-12 02:43:09.715 1140 1213 W Looper : Drained
10-12 02:43:09.716 1140 1246 W system_server: Long monitor contention with owner main (1140) at android.content.ComponentName com.android.server.am.ActivityManagerService.startService(android.app.IApplicationThread, android.content.Intent, java.lang.String, boolean, java.lang.String, java.lang.String, int)(ActivityManagerService.java:11968) waiters=3 in void com.android.server.am.ProcessList.handleProcessStart(com.android.server.am.ProcessRecord, java.lang.String, int[], int, int, int, java.lang.String, java.lang.String, java.lang.String, long) for 557ms
10-12 02:43:09.716 1140 1246 I dvm_lock_sample: [system_server,1,ActivityManager:procStart,557,ProcessList.java,2160,void com.android.server.am.ProcessList.handleProcessStart(com.android.server.am.ProcessRecord, java.lang.String, int[], int, int, int, java.lang.String, java.lang.String, java.lang.String, long),ActivityManagerService.java,11968,android.content.ComponentName com.android.server.am.ActivityManagerService.startService(android.app.IApplicationThread, android.content.Intent, java.lang.String, boolean, java.lang.String, java.lang.String, int),100]
10-12 02:43:09.716 1140 1246 W ActivityManager: Slow operation: 624ms so far, now at startProcess: asking zygote to start proc
10-12 02:43:09.717 2024 2024 D CompatibilityChangeReporter: Compat change id reported: 160794467; UID 10087; state: ENABLED
10-12 02:43:09.719 1140 1140 W Looper : Slow delivery took 7718ms main h=android.app.PropertyInvalidatedCache$AutoCorker$1 c=null m=0
10-12 02:43:09.722 1140 2216 I hw-BpHwBinder: onLastStrongRef automatically unlinking death recipients
10-12 02:43:09.723 1140 1240 W BestClock: java.time.DateTimeException: Missing NTP fix
10-12 02:43:09.724 1140 1240 I netstats_mobile_sample: [0,0,0,0,0,0,0,0,0,0,0,0,1665513789723]
10-12 02:43:09.724 1140 1240 I netstats_wifi_sample: [0,0,0,0,0,0,0,0,0,0,0,0,1665513789723]
10-12 02:43:09.734 1140 1263 E KernelCpuSpeedReader: Failed to read cpu-freq: /sys/devices/system/cpu/cpu4/cpufreq/stats/time_in_state: open failed: ENOENT (No such file or directory)
10-12 02:43:09.734 1140 1263 E KernelCpuSpeedReader: Failed to read cpu-freq: /sys/devices/system/cpu/cpu0/cpufreq/stats/time_in_state: open failed: ENOENT (No such file or directory)
10-12 02:43:09.739 1292 1343 I MMParserExtractor: Created(0xb4000072822819b0)
10-12 02:43:09.742 1140 2187 D CCodecBufferChannel: [c2.android.vorbis.decoder#151] MediaCodec discarded an unknown buffer
01-01 08:01:00.778 0 0 E : INFO: trying to register non-static key.
01-01 08:01:00.783 0 0 E : the code is fine but needs lockdep annotation.
10-12 02:43:09.743 1140 2187 D CCodecBufferChannel: [c2.android.vorbis.decoder#151] MediaCodec discarded an unknown buffer
01-01 08:01:00.789 0 0 I : CPU: 2 PID: 1596 Comm: kworker/u16:18 Tainted: G S W O 4.19.157+ #1
01-01 08:01:00.789 0 0 I Hardware name: Qualcomm Technologies, Inc. kona MTP-RmPM8150b. VX1(MCE) EVT2 (DT)
10-12 02:43:09.743 1140 2187 D CCodecBufferChannel: [c2.android.vorbis.decoder#151] MediaCodec discarded an unknown buffer
01-01 08:01:00.789 0 0 I Workqueue: events_unbound ion_system_secure_heap_prefetch_work
01-01 08:01:00.789 0 0 I Call trace:
01-01 08:01:00.789 0 0 I : dump_backtrace+0x0/0x258
10-12 02:43:09.744 1140 1679 I commit_sys_config_file: [log-files,1584]
01-01 08:01:00.789 0 0 I : show_stack+0x20/0x30
10-12 02:43:09.746 1140 1216 I InputManager: Enabling motion classifier because user switched: feature enabled, long press timeout = 400
10-12 02:43:09.746 1140 1216 I InputClassifier: Enabling motion classifier
01-01 08:01:00.789 0 0 I : dump_stack+0xd8/0x12c
01-01 08:01:00.789 0 0 I : register_lock_class+0x4d0/0x5c8
01-01 08:01:00.789 0 0 I : __lock_acquire+0xbc/0x1e58
01-01 08:01:00.789 0 0 I : lock_acquire+0x1cc/0x218
01-01 08:01:00.789 0 0 I : _raw_spin_lock_irqsave+0x54/0x98
01-01 08:01:00.789 0 0 I : ion_system_secure_heap_prefetch_work+0x94/0x2c0
01-01 08:01:00.789 0 0 I : process_one_work+0x38c/0x660
01-01 08:01:00.789 0 0 I : worker_thread+0x268/0x4b8
01-01 08:01:00.789 0 0 I : kthread+0x140/0x150
01-01 08:01:00.789 0 0 I : ret_from_fork+0x10/0x1c
10-12 02:43:09.749 503 2213 W libc : Unable to set property "ctl.interface_start" to "vendor.qti.hardware.iop@2.0::IIop/default": error code: 0x20
10-12 02:43:09.750 503 2213 I hwservicemanager: Tried to start vendor.qti.hardware.iop@2.0::IIop/default as a lazy service, but was unable to. Usually this happens when a service is not installed, but if the service is intended to be used as a lazy service, then it may be configured incorrectly.
10-12 02:43:09.752 1140 2071 D MediaCodecList: codecHandlesFormat: no format, so no extra checks
10-12 02:43:09.753 1140 2071 D MediaCodecList: codecHandlesFormat: no format, so no extra checks
10-12 02:43:09.755 1140 1245 I dvm_lock_sample: [system_server,1,ActivityManager,18,MessageQueue.java,554,boolean android.os.MessageQueue.enqueueMessage(android.os.Message, long),-,600,boolean android.os.MessageQueue.enqueueMessage(android.os.Message, long),3]
10-12 02:43:09.760 1512 1512 I update_engine: [INFO:cleanup_previous_update_action.cc(112)] Executing task 4
10-12 02:43:09.762 1417 2022 I hw-BpHwBinder: onLastStrongRef automatically unlinking death recipients
10-12 02:43:09.763 1140 2218 I hw-BpHwBinder: onLastStrongRef automatically unlinking death recipients
01-01 08:01:00.797 0 0 I init : Untracked pid 2059 exited with status 0
01-01 08:01:00.798 0 0 E init : Control message: Could not find 'vendor.qti.hardware.iop@2.0::IIop/default' for ctl.interface_start from pid: 503 (/system/bin/hwservicemanager)
01-01 08:01:00.807 0 0 E : INFO: trying to register non-static key.
01-01 08:01:00.812 0 0 E i2c_geni 980000.i2c: i2c error :-107
01-01 08:01:00.812 0 0 E : [MAX975X:max96755g_write_8bit_byte] *ERROR* Failed to write dev:0x15 addr:0x20 value:0x10
01-01 08:01:00.812 0 0 E : [drm:dsi_display_set_backlight] *ERROR* [msm-dsi-error]: unable to set backlight
01-01 08:01:00.812 0 0 E : [MAX975X:max96755x_drm_notifier_callback] *ERROR* receives BLANK:UNBLANK
01-01 08:01:00.813 0 0 E i2c_geni 980000.i2c: i2c error :-107
01-01 08:01:00.813 0 0 E : [MAX975X:mcu_keep_wakeup_work_func] *ERROR* Failed to write dev:0x15 addr:0x22 value:0x80
10-12 02:43:09.764 960 1097 I SDM : DisplayBuiltIn::Init: Ready to register display id 29
10-12 02:43:09.765 1140 1140 D ConditionProviders.SCP: onConnected
10-12 02:43:09.766 1417 2022 V C2Store : in ~ComponentModule
01-01 08:01:00.820 0 0 E i2c_geni 980000.i2c: i2c error :-107
01-01 08:01:00.823 0 0 E : the code is fine but needs lockdep annotation.
01-01 08:01:00.823 0 0 I : CPU: 2 PID: 1596 Comm: kworker/u16:18 Tainted: G S W O 4.19.157+ #1
01-01 08:01:00.823 0 0 I Hardware name: Qualcomm Technologies, Inc. kona MTP-RmPM8150b. VX1(MCE) EVT2 (DT)
01-01 08:01:00.823 0 0 I Workqueue: events_unbound ion_system_secure_heap_prefetch_work
01-01 08:01:00.830 0 0 I init : Service 'vendor.camera-provider-2-4' (pid 1953) received signal 6
01-01 08:01:00.830 0 0 I init : Sending signal 9 to service 'vendor.camera-provider-2-4' (pid 1953) process group...
10-12 02:43:09.766 1417 2022 V C2Store : unloading dll
10-12 02:43:09.766 1140 1140 D ConditionProviders: Subscribing to condition://android/event?userId=-10000&calendar=&reply=1 with ComponentInfo{android/com.android.server.notification.EventConditionProvider}
10-12 02:43:09.766 1140 1140 D ConditionProviders: Subscribing to condition://android/schedule?days=1.2.3.4.5.6.7&start=22.0&end=7.0&exitAtAlarm=true with ComponentInfo{android/com.android.server.notification.ScheduleConditionProvider}
10-12 02:43:09.767 1140 1140 I notification_cancel_all: [1000,1140,android,0,0,0,20,NULL]
10-12 02:43:09.770 1512 1512 I update_engine: [INFO:cleanup_previous_update_action.cc(124)] CleanupPreviousUpdateAction scheduled task ID 5 for WaitBootCompleted
01-01 08:01:00.838 0 0 W logd : Skipping entries from slow reader, pid 1248, fd 14, from LogBuffer::Prune()
10-12 02:43:09.770 1140 1140 I am_uid_running: 10101
10-12 02:43:09.770 1140 1140 D CompatibilityChangeReporter: Compat change id reported: 135634846; UID 10101; state: DISABLED
10-12 02:43:09.771 1140 1140 D CompatibilityChangeReporter: Compat change id reported: 177438394; UID 10101; state: DISABLED
10-12 02:43:09.771 1140 1140 D CompatibilityChangeReporter: Compat change id reported: 135772972; UID 10101; state: DISABLED
10-12 02:43:09.771 1140 1140 D CompatibilityChangeReporter: Compat change id reported: 135754954; UID 10101; state: ENABLED
10-12 02:43:09.778 1140 1249 I libprocessgroup: Successfully killed process cgroup uid 1037 pid 2107 in 0ms
10-12 02:43:09.781 2150 2150 I Perf : Connecting to perf service.
10-12 02:43:09.785 503 2217 W libc : Unable to set property "ctl.interface_start" to "vendor.qti.hardware.iop@2.0::IIop/default": error code: 0x20
10-12 02:43:09.786 503 2217 I hwservicemanager: Tried to start vendor.qti.hardware.iop@2.0::IIop/default as a lazy service, but was unable to. Usually this happens when a service is not installed, but if the service is intended to be used as a lazy service, then it may be configured incorrectly.
10-12 02:43:09.795 2150 2150 V GraphicsEnvironment: ANGLE Developer option for 'com.android.networkstack' set to: 'default'
10-12 02:43:09.796 503 503 I hwservicemanager: getTransport: Cannot find entry android.hardware.input.classifier@1.0::IInputClassifier/default in either framework or device VINTF manifest.
10-12 02:43:09.796 1140 2219 I InputClassifier: Could not obtain InputClassifier HAL
10-12 02:43:09.796 1140 2220 D CCodec : allocate(c2.android.vorbis.decoder)
01-01 08:01:00.841 0 0 E : [MAX975X:mcu_keep_wakeup_work_func] *ERROR* Failed to write dev:0x15 addr:0x22 value:0x80
01-01 08:01:00.842 0 0 I Call trace:
01-01 08:01:00.842 0 0 I : dump_backtrace+0x0/0x258
01-01 08:01:00.842 0 0 I : show_stack+0x20/0x30
01-01 08:01:00.842 0 0 I : dump_stack+0xd8/0x12c
01-01 08:01:00.842 0 0 I : register_lock_class+0x4d0/0x5c8
01-01 08:01:00.842 0 0 I : __lock_acquire+0xbc/0x1e58
01-01 08:01:00.842 0 0 I : lock_acquire+0x1cc/0x218
01-01 08:01:00.842 0 0 I : _raw_spin_lock_irqsave+0x54/0x98
01-01 08:01:00.842 0 0 I : ion_system_secure_heap_prefetch_work+0x94/0x2c0
01-01 08:01:00.842 0 0 I : process_one_work+0x38c/0x660
01-01 08:01:00.842 0 0 I : worker_thread+0x268/0x4b8
01-01 08:01:00.842 0 0 I : kthread+0x140/0x150
01-01 08:01:00.842 0 0 I : ret_from_fork+0x10/0x1c
01-01 08:01:00.862 0 0 E : INFO: trying to register non-static key.
01-01 08:01:00.869 0 0 D cnss : Sending M3 information message, state: 0x13
01-01 08:01:00.871 0 0 E : the code is fine but needs lockdep annotation.
01-01 08:01:00.871 0 0 I : CPU: 2 PID: 1596 Comm: kworker/u16:18 Tainted: G S W O 4.19.157+ #1
01-01 08:01:00.873 0 0 I binder : 1320:1333 ioctl 40046210 6e3c4befc4 returned -22
01-01 08:01:00.886 0 0 I libprocessgroup: Successfully killed process cgroup uid 1047 pid 1953 in 55ms
01-01 08:01:00.886 0 0 I Hardware name: Qualcomm Technologies, Inc. kona MTP-RmPM8150b. VX1(MCE) EVT2 (DT)
01-01 08:01:00.886 0 0 I Workqueue: events_unbound ion_system_secure_heap_prefetch_work
01-01 08:01:00.897 0 0 I Call trace:
01-01 08:01:00.897 0 0 I : dump_backtrace+0x0/0x258
01-01 08:01:00.897 0 0 I : show_stack+0x20/0x30
01-01 08:01:00.897 0 0 I : dump_stack+0xd8/0x12c
01-01 08:01:00.897 0 0 I : register_lock_class+0x4d0/0x5c8
01-01 08:01:00.897 0 0 I : __lock_acquire+0xbc/0x1e58
01-01 08:01:00.897 0 0 I : lock_acquire+0x1cc/0x218
01-01 08:01:00.897 0 0 I : _raw_spin_lock_irqsave+0x54/0x98
01-01 08:01:00.897 0 0 I : ion_system_secure_heap_prefetch_work+0x94/0x2c0
01-01 08:01:00.897 0 0 I : process_one_work+0x38c/0x660
01-01 08:01:00.897 0 0 I : worker_thread+0x268/0x4b8
01-01 08:01:00.897 0 0 I : kthread+0x140/0x150
01-01 08:01:00.897 0 0 I : ret_from_fork+0x10/0x1c
01-01 08:01:00.903 0 0 D cnss : M3 memory, va: 0xffffff8020aa6000, pa: 0x00000000a1800000, size: 0x411bc
01-01 08:01:00.920 0 0 D cnss : Received QMI WLFW FW initialization done indication
01-01 08:01:00.920 0 0 D cnss : Posting event: FW_READY(4), state: 0x13 flags: 0x0
01-01 08:01:00.921 0 0 D cnss : Processing driver event: FW_READY(4), state: 0x13
01-01 08:01:00.921 0 0 D cnss : PCIE Gen speed not setup
10-12 02:43:09.798 1140 1770 W BestClock: java.time.DateTimeException: Missing NTP fix
10-12 02:43:09.799 1140 1770 W BestClock: java.time.DateTimeException: Missing NTP fix
10-12 02:43:09.799 1140 1770 W BestClock: java.time.DateTimeException: Missing NTP fix
10-12 02:43:09.800 1140 1770 W BestClock: java.time.DateTimeException: Missing NTP fix
10-12 02:43:09.800 1140 2220 I CCodec : setting up 'default' as default (vendor) store
10-12 02:43:09.800 1417 2022 V C2Store : in init
10-12 02:43:09.800 1417 2022 V C2Store : loading dll
10-12 02:43:09.801 1140 1770 W BestClock: java.time.DateTimeException: Missing NTP fix
10-12 02:43:09.802 1140 1770 W BestClock: java.time.DateTimeException: Missing NTP fix
10-12 02:43:09.804 1140 2220 I CCodec : Created component [c2.android.vorbis.decoder]
10-12 02:43:09.804 1140 1679 I commit_sys_config_file: [log-files,1644]
10-12 02:43:09.804 1140 2220 D CCodecConfig: read media type: audio/vorbis
10-12 02:43:09.807 2150 2150 V GraphicsEnvironment: ANGLE GameManagerService for com.android.networkstack: false
10-12 02:43:09.810 960 1097 I SDM : DisplayBuiltIn::Init: Register display id 29 successfully
10-12 02:43:09.811 1140 2220 D ReflectedParamUpdater: extent() != 1 for single value type: algo.buffers.max-count.values
10-12 02:43:09.811 960 2224 I Dpps : GetInstance: DppsServer ref count increased to 1
10-12 02:43:09.811 960 2224 I Dpps : DppsFactoryImpSDM::GetAdClientInterface():206 AD not supported, AD_PROP = ro.vendor.display.ad
10-12 02:43:09.811 960 2224 I Dpps : DppsFactoryImp::GetAbaClientInterface():621 Aba not supported
10-12 02:43:09.813 1140 2220 D ReflectedParamUpdater: extent() != 1 for single value type: output.subscribed-indices.values
10-12 02:43:09.813 1140 2220 D ReflectedParamUpdater: extent() != 1 for single value type: input.buffers.allocator-ids.values
10-12 02:43:09.813 1140 2220 D ReflectedParamUpdater: extent() != 1 for single value type: output.buffers.allocator-ids.values
10-12 02:43:09.814 1140 2220 D ReflectedParamUpdater: extent() != 1 for single value type: algo.buffers.allocator-ids.values
10-12 02:43:09.814 1140 2220 D ReflectedParamUpdater: extent() != 1 for single value type: output.buffers.pool-ids.values
10-12 02:43:09.814 1140 2220 D ReflectedParamUpdater: extent() != 1 for single value type: algo.buffers.pool-ids.values
10-12 02:43:09.814 1292 1292 I MMParserExtractor: Created(0xb400007282281d30)
10-12 02:43:09.817 1140 2220 I CCodecConfig: query failed after returning 7 values (BAD_INDEX)
10-12 02:43:09.817 1140 2220 D CCodecConfig: c2 config diff is Dict {
10-12 02:43:09.817 1140 2220 D CCodecConfig: c2::u32 coded.bitrate.value = 64000
10-12 02:43:09.817 1140 2220 D CCodecConfig: c2::u32 input.buffers.max-size.value = 32768
10-12 02:43:09.817 1140 2220 D CCodecConfig: c2::u32 input.delay.value = 0
10-12 02:43:09.817 1140 2220 D CCodecConfig: string input.media-type.value = "audio/vorbis"
10-12 02:43:09.817 1140 2220 D CCodecConfig: string output.media-type.value = "audio/raw"
10-12 02:43:09.817 1140 2220 D CCodecConfig: c2::u32 raw.channel-count.value = 1
10-12 02:43:09.817 1140 2220 D CCodecConfig: c2::u32 raw.sample-rate.value = 48000
10-12 02:43:09.817 1140 2220 D CCodecConfig: }
10-12 02:43:09.818 1140 2070 D MediaCodecList: codecHandlesFormat: no format, so no extra checks
10-12 02:43:09.819 1140 2220 D CCodec : [c2.android.vorbis.decoder] buffers are bound to CCodec for this session
10-12 02:43:09.819 1140 2220 D CCodecConfig: no c2 equivalents for durationUs
10-12 02:43:09.819 1140 2070 D MediaCodecList: codecHandlesFormat: no format, so no extra checks
10-12 02:43:09.819 1140 2220 D CCodecConfig: no c2 equivalents for track-id
10-12 02:43:09.819 1140 2220 D CCodecConfig: no c2 equivalents for csd-1
10-12 02:43:09.819 1140 2220 D CCodecConfig: no c2 equivalents for language
10-12 02:43:09.819 1140 2220 D CCodecConfig: no c2 equivalents for file-format
10-12 02:43:09.819 1140 2220 D CCodecConfig: no c2 equivalents for flags
10-12 02:43:09.823 2150 2150 D NetworkSecurityConfig: No Network Security Config specified, using platform default
10-12 02:43:09.824 2150 2150 D NetworkSecurityConfig: No Network Security Config specified, using platform default
10-12 02:43:09.825 1320 1333 D hw-ProcessState: Binder ioctl to enable oneway spam detection failed: Invalid argument
10-12 02:43:09.828 960 2224 E Dpps : DppsFbDriverProbe::GetPanelInfoByNode():135 Failed to open msm_fb_panel_info node 0, path sys/class/graphics/fb0/msm_fb_panel_info ret No such file or directory
10-12 02:43:09.828 960 2224 E Dpps : DppsFbDriverProbe::GetFBNodeIndex():97 Unable to get panel info for node index 0, ret -2
10-12 02:43:09.828 960 2224 E Dpps : DppsFbDriverProbe::Open():60 failed to FB Index ret -2
10-12 02:43:09.828 960 2224 E Dpps : DppsFactoryImpSDM::GetDriverProbe():405 failed to open FB driver on display 0 ret -2
10-12 02:43:09.828 960 2224 I Dpps : DppsFactoryImpSDM::GetDriverProbe():408 Trying to open DRM driver on display 0, feature_type 3
10-12 02:43:09.828 1140 1679 E NativeTombstoneManager: Tombstone's UID (1047) not an app, ignoring
10-12 02:43:09.828 960 2224 I Dpps : DppsFactoryImpSDM::GetLtmDriverInterface():790 LTM version 1
10-12 02:43:09.828 960 2224 I Dpps : DppsDrmDriverProbeSDM::GetLtmBuffers():1113 ltm_buffer_cnt 3
10-12 02:43:09.828 1140 1679 I DropBoxManagerService: add tag=SYSTEM_TOMBSTONE_PROTO isTagEnabled=true flags=0x4
10-12 02:43:09.829 960 2224 I Dpps : DppsDrmDriverProbeSDM::GetLtmBuffers():1157 drm_fb_id[0] 31
10-12 02:43:09.829 960 2224 I Dpps : DppsDrmDriverProbeSDM::GetLtmBuffers():1157 drm_fb_id[1] 228
10-12 02:43:09.829 960 2224 I Dpps : DppsDrmDriverProbeSDM::GetLtmBuffers():1157 drm_fb_id[2] 229
10-12 02:43:09.829 960 2224 I Dpps : DppsDrmDriverProbeSDM::GetLtmBuffers():1157 drm_fb_id[3] 0
10-12 02:43:09.829 960 2224 I Dpps : DppsDrmDriverProbeSDM::GetLtmBuffers():1157 drm_fb_id[4] 0
10-12 02:43:09.829 960 2224 I Dpps : DppsDrmDriverProbeSDM::GetLtmBuffers():1159 uva[0] 0x7b950b7000
10-12 02:43:09.829 960 2224 I Dpps : DppsDrmDriverProbeSDM::GetLtmBuffers():1159 uva[1] 0x7b95078000
10-12 02:43:09.829 960 2224 I Dpps : DppsDrmDriverProbeSDM::GetLtmBuffers():1159 uva[2] 0x7b95068000
10-12 02:43:09.830 960 2224 I Dpps : DppsDrmDriverProbeSDM::GetLtmBuffers():1159 uva[3] 0x0
10-12 02:43:09.830 960 2224 I Dpps : DppsDrmDriverProbeSDM::GetLtmBuffers():1159 uva[4] 0x0
10-12 02:43:09.830 960 2224 I Dpps : DppsFactoryImpSDM::GetLtmXmlParser():842 panel_name hx82101+hx8692_video_mode_dsi_truly_panel
10-12 02:43:09.830 960 2224 I Dpps : DppsFactoryImpSDM::GetLtmXmlParser():860 ltm_xml_file /vendor/etc/ltm_config_hx82101+hx8692_video_mode_dsi_truly_panel.xml
10-12 02:43:09.830 1140 2220 D CCodecConfig: config failed => CORRUPTED
10-12 02:43:09.830 960 2224 E Dpps : DpiXmlImpl::parse():154 Could not load XML file /vendor/etc/ltm_config_hx82101+hx8692_video_mode_dsi_truly_panel.xml. Error: 3
10-12 02:43:09.830 960 2224 E Dpps : DppsFactoryImpSDM::GetLtmXmlParser():869 failed to call ProcessOps(kParseConfig) ret -22
10-12 02:43:09.830 960 2224 I Dpps : LtmFeatureImp::Init():156 feature initialization is successful
10-12 02:43:09.830 1140 2220 D CCodecConfig: c2 config diff is c2::u32 coded.bitrate.value = 140000
10-12 02:43:09.831 1140 2220 W Codec2Client: query -- param skipped: index = 1107298332.
10-12 02:43:09.831 1140 2220 D CCodec : setup formats input: AMessage(what = 0x00000000) = {
10-12 02:43:09.831 1140 2220 D CCodec : int32_t bitrate = 140000
10-12 02:43:09.831 1140 2220 D CCodec : int32_t channel-count = 1
10-12 02:43:09.831 1140 2220 D CCodec : int32_t max-input-size = 65307
10-12 02:43:09.831 1140 2220 D CCodec : string mime = "audio/vorbis"
10-12 02:43:09.831 1140 2220 D CCodec : int32_t sample-rate = 48000
10-12 02:43:09.831 1140 2220 D CCodec : }
10-12 02:43:09.831 1140 2220 D CCodec : setup formats output: AMessage(what = 0x00000000) = {
10-12 02:43:09.831 1140 2220 D CCodec : int32_t channel-count = 1
10-12 02:43:09.831 1140 2220 D CCodec : string mime = "audio/raw"
10-12 02:43:09.831 1140 2220 D CCodec : int32_t sample-rate = 48000
10-12 02:43:09.831 1140 2220 D CCodec : int32_t android._config-pcm-encoding = 2
10-12 02:43:09.831 1140 2220 D CCodec : }
10-12 02:43:09.832 1140 2220 I CCodecConfig: query failed after returning 7 values (BAD_INDEX)
10-12 02:43:09.834 1038 1099 D PermissionCache: checking android.permission.ACCESS_SURFACE_FLINGER for uid=10087 => granted (38021 us)
10-12 02:43:09.838 1140 1240 W BestClock: java.time.DateTimeException: Missing NTP fix
10-12 02:43:09.838 1140 1862 I wm_task_created: [5,-1]
10-12 02:43:09.842 1140 1862 I wm_task_created: [6,-1]
10-12 02:43:09.846 1140 2220 W Codec2Client: query -- param skipped: index = 1342179345.
10-12 02:43:09.846 1140 2220 W Codec2Client: query -- param skipped: index = 2415921170.
10-12 02:43:09.848 1140 2220 D CCodecBufferChannel: [c2.android.vorbis.decoder#697] Created input block pool with allocatorID 16 => poolID 21 - OK (0)
10-12 02:43:09.853 1140 1862 I wm_task_created: [7,-1]
10-12 02:43:09.853 960 2224 I Dpps : DppsFactoryImp::GetLtmClientInterface():868 Create dummy client for display 1
10-12 02:43:09.853 960 2224 I Dpps : DppsFactoryImp::GetLtmClientInterface():868 Create dummy client for display 2
10-12 02:43:09.853 960 2224 I Dpps : DppsFactoryImp::GetAbaClientInterface():607 Create dummy client for display 3
10-12 02:43:09.853 960 2224 I Dpps : DppsFactoryImp::GetLtmClientInterface():868 Create dummy client for display 3
10-12 02:43:09.855 1140 2229 D CCodec : allocate(c2.android.vorbis.decoder)
10-12 02:43:09.857 1140 2220 I CCodecBufferChannel: [c2.android.vorbis.decoder#697] Created output block pool with allocatorID 16 => poolID 21 - OK
10-12 02:43:09.859 1140 2220 D CCodecBufferChannel: [c2.android.vorbis.decoder#697] Configured output block pool ids 21 => OK
10-12 02:43:09.859 1140 2220 D CCodecBufferChannel: [c2.android.vorbis.decoder#697] start: updating output delay 0
10-12 02:43:09.861 1140 2220 I CCodecBufferChannel: pipelineRoom(3) is <= numClientBuffers(3). Not signalling any more buffers to client
10-12 02:43:09.864 1140 2220 I CCodecBufferChannel: pipelineRoom(2) is <= numClientBuffers(2). Not signalling any more buffers to client
10-12 02:43:09.865 1140 2220 I CCodecBufferChannel: pipelineRoom(1) is <= numClientBuffers(1). Not signalling any more buffers to client
10-12 02:43:09.865 676 676 I netd : trafficSwapActiveStatsMap() <27.20ms>
10-12 02:43:09.868 676 676 I netd : tetherGetStats() -> {[]} <1.88ms>
10-12 02:43:09.869 1140 2229 I CCodec : setting up 'default' as default (vendor) store
10-12 02:43:09.870 1140 1240 W BestClock: java.time.DateTimeException: Missing NTP fix
10-12 02:43:09.870 1140 1240 I netstats_mobile_sample: [0,0,0,0,0,0,0,0,0,0,0,0,1665513789870]
10-12 02:43:09.870 1140 1240 I netstats_wifi_sample: [0,0,0,0,0,0,0,0,0,0,0,0,1665513789870]
10-12 02:43:09.872 1140 2229 I CCodec : Created component [c2.android.vorbis.decoder]
10-12 02:43:09.873 1140 1770 W BestClock: java.time.DateTimeException: Missing NTP fix
10-12 02:43:09.874 1140 1770 W BestClock: java.time.DateTimeException: Missing NTP fix
10-12 02:43:09.875 1140 2229 D CCodecConfig: read media type: audio/vorbis
10-12 02:43:09.879 1274 1274 I CNSS : process_cnss_diag_msg: start cnss log timer
10-12 02:43:09.882 1292 1292 D MediaBufferGroup: creating MemoryDealer
10-12 02:43:09.885 1140 1240 W BestClock: java.time.DateTimeException: Missing NTP fix
10-12 02:43:09.886 1140 2229 D ReflectedParamUpdater: extent() != 1 for single value type: algo.buffers.max-count.values
01-01 08:01:00.929 0 0 I init : Untracked pid 2079 exited with status 0
01-01 08:01:00.939 0 0 E : INFO: trying to register non-static key.
01-01 08:01:00.944 0 0 E : the code is fine but needs lockdep annotation.
01-01 08:01:00.950 0 0 I : CPU: 2 PID: 1596 Comm: kworker/u16:18 Tainted: G S W O 4.19.157+ #1
01-01 08:01:00.950 0 0 I Hardware name: Qualcomm Technologies, Inc. kona MTP-RmPM8150b. VX1(MCE) EVT2 (DT)
01-01 08:01:00.950 0 0 I Workqueue: events_unbound ion_system_secure_heap_prefetch_work
01-01 08:01:00.950 0 0 I Call trace:
01-01 08:01:00.950 0 0 I : dump_backtrace+0x0/0x258
01-01 08:01:00.950 0 0 I : show_stack+0x20/0x30
01-01 08:01:00.950 0 0 I : dump_stack+0xd8/0x12c
01-01 08:01:00.950 0 0 I : register_lock_class+0x4d0/0x5c8
01-01 08:01:00.950 0 0 I : __lock_acquire+0xbc/0x1e58
01-01 08:01:00.950 0 0 I : lock_acquire+0x1cc/0x218
01-01 08:01:00.950 0 0 I : _raw_spin_lock_irqsave+0x54/0x98
01-01 08:01:00.950 0 0 I : ion_system_secure_heap_prefetch_work+0x94/0x2c0
01-01 08:01:00.950 0 0 I : process_one_work+0x38c/0x660
01-01 08:01:00.950 0 0 I : worker_thread+0x268/0x4b8
01-01 08:01:00.950 0 0 I : kthread+0x140/0x150
01-01 08:01:00.950 0 0 I : ret_from_fork+0x10/0x1c
10-12 02:43:09.887 1140 2229 D ReflectedParamUpdater: extent() != 1 for single value type: output.subscribed-indices.values
10-12 02:43:09.887 1140 2229 D ReflectedParamUpdater: extent() != 1 for single value type: input.buffers.allocator-ids.values
10-12 02:43:09.887 1140 2229 D ReflectedParamUpdater: extent() != 1 for single value type: output.buffers.allocator-ids.values
10-12 02:43:09.888 1140 2229 D ReflectedParamUpdater: extent() != 1 for single value type: algo.buffers.allocator-ids.values
10-12 02:43:09.888 1140 2229 D ReflectedParamUpdater: extent() != 1 for single value type: output.buffers.pool-ids.values
10-12 02:43:09.888 1140 2229 D ReflectedParamUpdater: extent() != 1 for single value type: algo.buffers.pool-ids.values
10-12 02:43:09.890 1140 2229 I CCodecConfig: query failed after returning 7 values (BAD_INDEX)
10-12 02:43:09.890 1140 2229 D CCodecConfig: c2 config diff is Dict {
10-12 02:43:09.890 1140 2229 D CCodecConfig: c2::u32 coded.bitrate.value = 64000
10-12 02:43:09.890 1140 2229 D CCodecConfig: c2::u32 input.buffers.max-size.value = 32768
10-12 02:43:09.890 1140 2229 D CCodecConfig: c2::u32 input.delay.value = 0
10-12 02:43:09.890 1140 2229 D CCodecConfig: string input.media-type.value = "audio/vorbis"
10-12 02:43:09.890 1140 2229 D CCodecConfig: string output.media-type.value = "audio/raw"
10-12 02:43:09.890 1140 2229 D CCodecConfig: c2::u32 raw.channel-count.value = 1
10-12 02:43:09.890 1140 2229 D CCodecConfig: c2::u32 raw.sample-rate.value = 48000
10-12 02:43:09.890 1140 2229 D CCodecConfig: }
10-12 02:43:09.894 503 503 I hwservicemanager: Since vendor.qti.hardware.iop@2.0::IIop/default is not registered, trying to start it as a lazy HAL.
10-12 02:43:09.895 1320 1333 E ANDR-IOP: IIop:: Iop HAL Service is not available.
10-12 02:43:09.897 1140 2229 D CCodec : [c2.android.vorbis.decoder] buffers are bound to CCodec for this session
10-12 02:43:09.897 1140 2229 D CCodecConfig: no c2 equivalents for durationUs
10-12 02:43:09.897 1140 2229 D CCodecConfig: no c2 equivalents for track-id
10-12 02:43:09.897 1140 2229 D CCodecConfig: no c2 equivalents for csd-1
10-12 02:43:09.898 1140 2229 D CCodecConfig: no c2 equivalents for language
10-12 02:43:09.898 1140 2229 D CCodecConfig: no c2 equivalents for file-format
10-12 02:43:09.898 1140 2229 D CCodecConfig: no c2 equivalents for flags
10-12 02:43:09.899 1140 2229 D CCodecConfig: config failed => CORRUPTED
10-12 02:43:09.900 1140 1679 I commit_sys_config_file: [log-files,1740]
10-12 02:43:09.900 1140 2229 D CCodecConfig: c2 config diff is c2::u32 coded.bitrate.value = 239920
10-12 02:43:09.900 1140 2229 D CCodecConfig: c2::u32 raw.sample-rate.value = 44100
10-12 02:43:09.900 1140 2229 W Codec2Client: query -- param skipped: index = 1107298332.
10-12 02:43:09.900 1140 2229 D CCodec : setup formats input: AMessage(what = 0x00000000) = {
10-12 02:43:09.900 1140 2229 D CCodec : int32_t bitrate = 239920
10-12 02:43:09.900 1140 2229 D CCodec : int32_t channel-count = 1
10-12 02:43:09.900 1140 2229 D CCodec : int32_t max-input-size = 65307
10-12 02:43:09.900 1140 2229 D CCodec : string mime = "audio/vorbis"
10-12 02:43:09.900 1140 2229 D CCodec : int32_t sample-rate = 44100
10-12 02:43:09.900 1140 2229 D CCodec : }
10-12 02:43:09.900 1140 2229 D CCodec : setup formats output: AMessage(what = 0x00000000) = {
10-12 02:43:09.900 1140 2229 D CCodec : int32_t channel-count = 1
10-12 02:43:09.900 1140 2229 D CCodec : string mime = "audio/raw"
10-12 02:43:09.900 1140 2229 D CCodec : int32_t sample-rate = 44100
10-12 02:43:09.900 1140 2229 D CCodec : int32_t android._config-pcm-encoding = 2
10-12 02:43:09.900 1140 2229 D CCodec : }
10-12 02:43:09.901 1140 2229 I CCodecConfig: query failed after returning 7 values (BAD_INDEX)
10-12 02:43:09.901 1417 2226 D SimpleC2Component: Using output block pool with poolID 21 => got 21 - 0
10-12 02:43:09.903 676 676 I netd : trafficSwapActiveStatsMap() <3.54ms>
10-12 02:43:09.905 676 676 I netd : tetherGetStats() -> {[]} <1.71ms>
10-12 02:43:09.907 677 677 D Zygote : Forked child process 2239
10-12 02:43:09.908 1140 1246 W ActivityManager: Slow operation: 817ms so far, now at startProcess: returned from zygote!
10-12 02:43:09.909 1140 1246 W ActivityManager: Slow operation: 817ms so far, now at startProcess: done updating battery stats
10-12 02:43:09.909 1140 1246 I am_proc_start: [0,2239,1000,com.thundercomm.microservice,added application,com.thundercomm.microservice]
10-12 02:43:09.909 1140 1246 W ActivityManager: Slow operation: 817ms so far, now at startProcess: building log message
10-12 02:43:09.909 1140 1246 I ActivityManager: Start proc 2239:com.thundercomm.microservice/1000 for added application com.thundercomm.microservice
10-12 02:43:09.909 1140 1246 W ActivityManager: Slow operation: 818ms so far, now at startProcess: starting to update pids map
10-12 02:43:09.911 1140 1246 W ActivityManager: Slow operation: 819ms so far, now at startProcess: done updating pids map
10-12 02:43:09.911 1140 1246 W ActivityManager: Slow operation: 812ms so far, now at startProcess: asking zygote to start proc
10-12 02:43:09.912 1140 1240 W BestClock: java.time.DateTimeException: Missing NTP fix
10-12 02:43:09.914 1140 1240 I netstats_mobile_sample: [0,0,0,0,0,0,0,0,0,0,0,0,1665513789914]
10-12 02:43:09.914 1140 1240 I netstats_wifi_sample: [0,0,0,0,0,0,0,0,0,0,0,0,1665513789914]
10-12 02:43:09.916 1140 1770 W BestClock: java.time.DateTimeException: Missing NTP fix
10-12 02:43:09.917 1140 1770 W BestClock: java.time.DateTimeException: Missing NTP fix
10-12 02:43:09.919 1140 1174 D CompatibilityChangeReporter: Compat change id reported: 171306433; UID 1000; state: ENABLED
01-01 08:01:00.953 0 0 E init : Control message: Could not find 'vendor.qti.hardware.iop@2.0::IIop/default' for ctl.interface_start from pid: 503 (/system/bin/hwservicemanager)
01-01 08:01:00.969 0 0 E : INFO: trying to register non-static key.
01-01 08:01:00.974 0 0 E : the code is fine but needs lockdep annotation.
01-01 08:01:00.979 0 0 I : CPU: 2 PID: 1596 Comm: kworker/u16:18 Tainted: G S W O 4.19.157+ #1
01-01 08:01:00.979 0 0 I Hardware name: Qualcomm Technologies, Inc. kona MTP-RmPM8150b. VX1(MCE) EVT2 (DT)
01-01 08:01:00.979 0 0 I Workqueue: events_unbound ion_system_secure_heap_prefetch_work
01-01 08:01:00.979 0 0 I Call trace:
01-01 08:01:00.979 0 0 I : dump_backtrace+0x0/0x258
01-01 08:01:00.979 0 0 I : show_stack+0x20/0x30
01-01 08:01:00.979 0 0 I : dump_stack+0xd8/0x12c
01-01 08:01:00.979 0 0 I : register_lock_class+0x4d0/0x5c8
01-01 08:01:00.979 0 0 I : __lock_acquire+0xbc/0x1e58
01-01 08:01:00.979 0 0 I : lock_acquire+0x1cc/0x218
01-01 08:01:00.979 0 0 I : _raw_spin_lock_irqsave+0x54/0x98
01-01 08:01:00.979 0 0 I : ion_system_secure_heap_prefetch_work+0x94/0x2c0
01-01 08:01:00.979 0 0 I : process_one_work+0x38c/0x660
01-01 08:01:00.979 0 0 I : worker_thread+0x268/0x4b8
01-01 08:01:00.979 0 0 I : kthread+0x140/0x150
01-01 08:01:00.979 0 0 I : ret_from_fork+0x10/0x1c
10-12 02:43:09.921 1140 2229 W Codec2Client: query -- param skipped: index = 1342179345.
10-12 02:43:09.921 1140 2229 W Codec2Client: query -- param skipped: index = 2415921170.
10-12 02:43:09.923 1140 2229 D CCodecBufferChannel: [c2.android.vorbis.decoder#844] Created input block pool with allocatorID 16 => poolID 22 - OK (0)
10-12 02:43:09.924 1140 1679 I commit_sys_config_file: [log-files,1764]
10-12 02:43:09.925 1140 2229 I CCodecBufferChannel: [c2.android.vorbis.decoder#844] Created output block pool with allocatorID 16 => poolID 22 - OK
10-12 02:43:09.926 1140 2229 D CCodecBufferChannel: [c2.android.vorbis.decoder#844] Configured output block pool ids 22 => OK
10-12 02:43:09.926 1140 2229 D CCodecBufferChannel: [c2.android.vorbis.decoder#844] start: updating output delay 0
10-12 02:43:09.928 1140 2229 I CCodecBufferChannel: pipelineRoom(3) is <= numClientBuffers(3). Not signalling any more buffers to client
10-12 02:43:09.928 1417 2234 D SimpleC2Component: Using output block pool with poolID 22 => got 22 - 0
10-12 02:43:09.930 2009 2009 I droid.bluetoot: [1012/024309.929220:INFO:com_android_bluetooth_btservice_AdapterService.cpp(814)] hal_util_load_bt_library loaded HAL: btinterface=0x75a77927b8, handle=0x6db3244b141e631d
10-12 02:43:09.930 2009 2009 D BluetoothAdapterService: setAdvanceAudioSupport
10-12 02:43:09.930 2009 2009 D BluetoothGroupService: setAdvanceAudioSupport: Setting support from LEA Module
10-12 02:43:09.931 2009 2009 D AdapterServiceConfig: initAdvAudioConfig: adv_audio_feature_mask = 0
10-12 02:43:09.931 1140 2229 I CCodecBufferChannel: pipelineRoom(2) is <= numClientBuffers(2). Not signalling any more buffers to client
10-12 02:43:09.932 1140 2229 I CCodecBufferChannel: pipelineRoom(1) is <= numClientBuffers(1). Not signalling any more buffers to client
10-12 02:43:09.933 503 2237 W libc : Unable to set property "ctl.interface_start" to "vendor.qti.hardware.iop@2.0::IIop/default": error code: 0x20
10-12 02:43:09.933 503 2237 I hwservicemanager: Tried to start vendor.qti.hardware.iop@2.0::IIop/default as a lazy service, but was unable to. Usually this happens when a service is not installed, but if the service is intended to be used as a lazy service, then it may be configured incorrectly.
10-12 02:43:09.935 2198 2198 I WebViewZygoteInit: Application preload done
10-12 02:43:09.937 1140 1679 E NativeTombstoneManager: Tombstone's UID (1047) not an app, ignoring
10-12 02:43:09.938 1140 1679 I DropBoxManagerService: add tag=SYSTEM_TOMBSTONE_PROTO isTagEnabled=true flags=0x4
10-12 02:43:09.939 1288 1288 D incidentd: WorkDirectory::getReports
10-12 02:43:09.950 1292 1292 D MediaBufferGroup: creating MemoryDealer
01-01 08:01:00.998 0 0 E : INFO: trying to register non-static key.
01-01 08:01:01.003 0 0 E : the code is fine but needs lockdep annotation.
01-01 08:01:01.009 0 0 I : CPU: 2 PID: 1596 Comm: kworker/u16:18 Tainted: G S W O 4.19.157+ #1
01-01 08:01:01.009 0 0 I Hardware name: Qualcomm Technologies, Inc. kona MTP-RmPM8150b. VX1(MCE) EVT2 (DT)
01-01 08:01:01.009 0 0 I Workqueue: events_unbound ion_system_secure_heap_prefetch_work
01-01 08:01:01.009 0 0 I Call trace:
01-01 08:01:01.009 0 0 I : dump_backtrace+0x0/0x258
01-01 08:01:01.009 0 0 I : show_stack+0x20/0x30
01-01 08:01:01.009 0 0 I : dump_stack+0xd8/0x12c
01-01 08:01:01.009 0 0 I : register_lock_class+0x4d0/0x5c8
01-01 08:01:01.009 0 0 I : __lock_acquire+0xbc/0x1e58
01-01 08:01:01.009 0 0 I : lock_acquire+0x1cc/0x218
01-01 08:01:01.009 0 0 I : _raw_spin_lock_irqsave+0x54/0x98
01-01 08:01:01.009 0 0 I : ion_system_secure_heap_prefetch_work+0x94/0x2c0
01-01 08:01:01.009 0 0 I : process_one_work+0x38c/0x660
01-01 08:01:01.009 0 0 I : worker_thread+0x268/0x4b8
01-01 08:01:01.009 0 0 I : kthread+0x140/0x150
01-01 08:01:01.009 0 0 I : ret_from_fork+0x10/0x1c
10-12 02:43:09.968 1140 1240 W BestClock: java.time.DateTimeException: Missing NTP fix
10-12 02:43:09.972 676 676 I netd : trafficSwapActiveStatsMap() <3.29ms>
10-12 02:43:09.978 2009 2009 W AdapterServiceConfig: LC3 Codec is not supported. adv_audio_feature_mask = 0
10-12 02:43:09.979 2009 2009 E AdapterServiceConfig: adapterService is null
10-12 02:43:09.979 2009 2009 D AdapterServiceConfig: getAudioProperties mIsA2dpSink false mIsBAEnabled false mIsSplitA2dpEnabled true
10-12 02:43:09.987 676 676 I netd : tetherGetStats() -> {[]} <1.80ms>
10-12 02:43:09.988 2009 2009 V AdapterServiceConfig: Adding HeadsetService
10-12 02:43:09.988 2009 2009 V AdapterServiceConfig: Adding A2dpService
10-12 02:43:09.988 2009 2009 I AdapterServiceConfig: Profile A2dpSinkService Not added
10-12 02:43:09.989 1140 1173 D ConnectivityService: requestNetwork for uid/pid:1073/2150 activeRequest: null callbackRequest: 16 [NetworkRequest [ REQUEST id=17, [ Capabilities: INTERNET&NOT_RESTRICTED&TRUSTED&NOT_VCN_MANAGED Uid: 1073 RequestorUid: 1073 RequestorPkg: com.android.networkstack] ]] callback flags: 0 priority: 2147483647
10-12 02:43:09.989 2009 2009 V AdapterServiceConfig: Adding HidHostService
10-12 02:43:09.989 2009 2009 V AdapterServiceConfig: Adding PanService
10-12 02:43:09.989 1140 1823 D ConnectivityService: NetReassign [no changes]
10-12 02:43:09.989 2009 2009 V AdapterServiceConfig: Adding GattService
10-12 02:43:09.989 2009 2009 V AdapterServiceConfig: Adding BluetoothMapService
10-12 02:43:09.989 2009 2009 V AdapterServiceConfig: Adding AvrcpControllerService
10-12 02:43:09.989 1140 1954 D Ethernet: got request NetworkRequest [ REQUEST id=17, [ Capabilities: INTERNET&NOT_RESTRICTED&TRUSTED&NOT_VCN_MANAGED Uid: 1073 RequestorUid: 1073 RequestorPkg: com.android.networkstack] ]
10-12 02:43:09.989 2009 2009 V AdapterServiceConfig: Adding SapService
