10-12 02:43:12.724 1140 1215 D BluetoothManagerService: Sending State Change: OFF > TURNING_ON
10-12 02:43:12.727 2024 2024 D KeyguardUpdateMonitor: handleRingerModeChange(2)
10-12 02:43:12.730 2009 2245 D AdapterServiceConfig: adv_audio_feature_mask = 0
10-12 02:43:12.730 2009 2245 D BluetoothAdapterService: Calling setProfileServiceState for: HeadsetService
10-12 02:43:12.730 1520 2691 D QSEECOMAPI: QSEECom_get_handle sb_length = 0x40000
10-12 02:43:12.731 2009 2323 D BluetoothActiveDeviceManager: handleMessage(MESSAGE_ADAPTER_ACTION_STATE_CHANGED): newState=11
10-12 02:43:12.733 1140 2610 D CompatibilityInfo: mCompatibilityFlags - 4
10-12 02:43:12.733 1140 2610 D CompatibilityInfo: applicationDensity - 240
10-12 02:43:12.733 1140 2610 D CompatibilityInfo: applicationScale - 1.0
10-12 02:43:12.735 2024 2056 I OpenGLRenderer: Davey! duration=870ms; Flags=0, FrameTimelineVsyncId=215, IntendedVsync=55810198265, Vsync=56593531567, InputEventId=0, HandleInputStart=56593632476, AnimationStart=56593633674, PerformTraversalsStart=56594205340, DrawStart=56675253101, FrameDeadline=55843531597, FrameInterval=56593556434, FrameStartTime=16666666, SyncQueued=56675734247, SyncStart=56675859038, IssueDrawCommandsStart=56675902424, SwapBuffers=56678542736, FrameCompleted=56680852945, DequeueBufferDuration=12344, QueueBufferDuration=1906510, GpuCompleted=56679116278, SwapBuffersCompleted=56680852945, DisplayPresentTime=0,
10-12 02:43:12.736 2024 2024 D WallpaperService: Wallpaper has updated the surface:null
10-12 02:43:12.737 1520 2691 D QSEECOMAPI: App is not loaded in QSEE
10-12 02:43:12.737 1520 2691 D QSEECOMAPI: app_arch = 2, total_files = 9
10-12 02:43:12.738 2009 2245 D BluetoothAdapterService: Calling setProfileServiceState for: A2dpService
10-12 02:43:12.739 1140 2610 D CompatibilityInfo: mCompatibilityFlags - 4
10-12 02:43:12.739 1520 2691 E ion : ioctl c0044901 failed with code -1: Inappropriate ioctl for device
10-12 02:43:12.739 1140 2610 D CompatibilityInfo: applicationDensity - 240
10-12 02:43:12.739 1140 2610 D CompatibilityInfo: applicationScale - 1.0
10-12 02:43:12.739 2009 2009 I HeadsetService: create()
10-12 02:43:12.739 2009 2009 I BluetoothVendorHfJni: classInitNative: succeeds
10-12 02:43:12.741 2009 2245 D BluetoothAdapterService: Calling setProfileServiceState for: HidHostService
10-12 02:43:12.742 2009 2009 D HeadsetService: Received start request. Starting profile...
10-12 02:43:12.742 1140 2160 D CompatibilityInfo: mCompatibilityFlags - 4
10-12 02:43:12.743 1140 2160 D CompatibilityInfo: applicationDensity - 240
10-12 02:43:12.743 1140 2160 D CompatibilityInfo: applicationScale - 1.0
10-12 02:43:12.744 2009 2245 D BluetoothAdapterService: Calling setProfileServiceState for: PanService
10-12 02:43:12.746 2009 2009 I HeadsetService: start()
10-12 02:43:12.748 1140 2191 D CompatibilityInfo: mCompatibilityFlags - 4
10-12 02:43:12.749 1140 2191 D CompatibilityInfo: applicationDensity - 240
10-12 02:43:12.749 1140 2191 D CompatibilityInfo: applicationScale - 1.0
10-12 02:43:12.751 2009 2245 D BluetoothAdapterService: Calling setProfileServiceState for: BluetoothMapService
10-12 02:43:12.753 1140 2191 D CompatibilityInfo: mCompatibilityFlags - 4
10-12 02:43:12.753 1140 2191 D CompatibilityInfo: applicationDensity - 240
10-12 02:43:12.753 1140 2191 D CompatibilityInfo: applicationScale - 1.0
10-12 02:43:12.754 2024 2024 W System : ClassLoader referenced unknown path:
10-12 02:43:12.754 1140 1979 D TelephonyRegistry: listen oscl: mHasNotifySubscriptionInfoChangedOccurred==false no callback
10-12 02:43:12.754 2009 2245 D BluetoothAdapterService: Calling setProfileServiceState for: AvrcpControllerService
10-12 02:43:12.755 1140 1979 D CompatibilityInfo: mCompatibilityFlags - 4
10-12 02:43:12.755 1140 1979 D CompatibilityInfo: applicationDensity - 240
10-12 02:43:12.755 2009 2009 D HeadsetPhoneState: The sim in i: 0 is absent
10-12 02:43:12.755 1140 1979 D CompatibilityInfo: applicationScale - 1.0
10-12 02:43:12.757 2009 2245 D BluetoothAdapterService: Calling setProfileServiceState for: SapService
10-12 02:43:12.757 2009 2009 I HeadsetService: mIsTwsPlusEnabled: false
10-12 02:43:12.757 2009 2009 I HeadsetService: mIsTwsPlusShoEnabled: false
10-12 02:43:12.757 2009 2009 D HeadsetService: Max_HFP_Connections 5
10-12 02:43:12.757 2009 2009 D HeadsetService: mSetMaxConfig 5
10-12 02:43:12.757 2009 2009 I BluetoothHeadsetServiceJni: classInitNative: succeeds
10-12 02:43:12.757 2009 2009 D HeadsetService: isInbandRingingEnabled returning: false
10-12 02:43:12.757 2009 2009 I bt_btif : get_profile_interface: id = handsfree
10-12 02:43:12.757 2009 2009 I bt_stack: [INFO:btif_hf.cc(2433)] GetInterface
10-12 02:43:12.758 1140 2160 D CompatibilityInfo: mCompatibilityFlags - 4
10-12 02:43:12.758 1140 2160 D CompatibilityInfo: applicationDensity - 240
10-12 02:43:12.758 1140 2160 D CompatibilityInfo: applicationScale - 1.0
10-12 02:43:12.758 2009 2287 I bt_btif_storage: btif_storage_get_adapter_property service_mask:0x20000040
10-12 02:43:12.758 2009 2674 I bt_stack: [INFO:port_api.cc(123)] RFCOMM_CreateConnection BDA: ff:ff:ff:ff:ff:ff
10-12 02:43:12.758 2009 2287 D bt_btif : btif_hf_upstreams_evt: event=BTA_AG_ENABLE_EVT
10-12 02:43:12.758 2009 2674 I bt_stack: [INFO:port_api.cc(123)] RFCOMM_CreateConnection BDA: ff:ff:ff:ff:ff:ff
10-12 02:43:12.759 2009 2674 I bt_stack: [INFO:port_api.cc(123)] RFCOMM_CreateConnection BDA: ff:ff:ff:ff:ff:ff
10-12 02:43:12.759 2009 2674 I bt_stack: [INFO:port_api.cc(123)] RFCOMM_CreateConnection BDA: ff:ff:ff:ff:ff:ff
10-12 02:43:12.759 2009 2674 I bt_stack: [INFO:port_api.cc(123)] RFCOMM_CreateConnection BDA: ff:ff:ff:ff:ff:ff
10-12 02:43:12.759 2009 2287 D bt_btif : btif_hf_upstreams_evt: event=BTA_AG_REGISTER_EVT
10-12 02:43:12.759 2009 2287 D bt_btif : btif_hf_upstreams_evt: event=BTA_AG_REGISTER_EVT
10-12 02:43:12.759 2009 2674 I bt_stack: [INFO:port_api.cc(123)] RFCOMM_CreateConnection BDA: ff:ff:ff:ff:ff:ff
10-12 02:43:12.759 825 2664 I vendor.qti.bluetooth@1.0-ibs_handler: ProcessIbsCmd: Received IBS_WAKE_IND: 0xFD
10-12 02:43:12.759 825 2664 I vendor.qti.bluetooth@1.0-ibs_handler: ProcessIbsCmd: Writing IBS_WAKE_ACK
10-12 02:43:12.760 2009 2674 I bt_stack: [INFO:port_api.cc(123)] RFCOMM_CreateConnection BDA: ff:ff:ff:ff:ff:ff
10-12 02:43:12.760 2009 2674 I bt_stack: [INFO:port_api.cc(123)] RFCOMM_CreateConnection BDA: ff:ff:ff:ff:ff:ff
10-12 02:43:12.760 2009 2287 D bt_btif : btif_hf_upstreams_evt: event=BTA_AG_REGISTER_EVT
10-12 02:43:12.760 2009 2674 I bt_stack: [INFO:port_api.cc(123)] RFCOMM_CreateConnection BDA: ff:ff:ff:ff:ff:ff
10-12 02:43:12.760 2009 2674 I bt_stack: [INFO:port_api.cc(123)] RFCOMM_CreateConnection BDA: ff:ff:ff:ff:ff:ff
10-12 02:43:12.760 2009 2287 D bt_btif : btif_hf_upstreams_evt: event=BTA_AG_REGISTER_EVT
10-12 02:43:12.760 2009 2245 D BluetoothAdapterService: Calling setProfileServiceState for: BluetoothOppService
10-12 02:43:12.760 2009 2287 D bt_btif : btif_hf_upstreams_evt: event=BTA_AG_REGISTER_EVT
10-12 02:43:12.761 2009 2674 I bt_stack: [INFO:port_api.cc(123)] RFCOMM_CreateConnection BDA: ff:ff:ff:ff:ff:ff
10-12 02:43:12.761 2009 2674 I bt_stack: [INFO:port_api.cc(123)] RFCOMM_CreateConnection BDA: ff:ff:ff:ff:ff:ff
10-12 02:43:12.761 2009 2287 D bt_btif : btif_hf_upstreams_evt: event=BTA_AG_REGISTER_EVT
10-12 02:43:12.762 1140 2191 D CompatibilityInfo: mCompatibilityFlags - 4
10-12 02:43:12.762 1140 2191 D CompatibilityInfo: applicationDensity - 240
10-12 02:43:12.762 1140 2191 D CompatibilityInfo: applicationScale - 1.0
10-12 02:43:12.762 2009 2009 D HeadsetService: setHeadsetService(): set to: com.android.bluetooth.hfp.HeadsetService@b833d4a
10-12 02:43:12.763 2009 2009 I bt_btif : get_profile_interface: id = vendorhfservice
10-12 02:43:12.763 2009 2009 I bt_btif_vendor_hf: init done
10-12 02:43:12.763 2009 2009 I bt_btif_vendor_hf: enable_swb: 1
10-12 02:43:12.763 2009 2009 D HeadsetService: registering audio server state callback
10-12 02:43:12.764 2009 2245 D BluetoothAdapterService: Calling setProfileServiceState for: BluetoothPbapService
10-12 02:43:12.764 2009 2009 I HeadsetService: HeadsetService Started
10-12 02:43:12.764 2009 2009 D HeadsetService: profile started successfully
10-12 02:43:12.765 2009 2009 I A2dpService: create()
10-12 02:43:12.765 1140 2191 D CompatibilityInfo: mCompatibilityFlags - 4
10-12 02:43:12.765 1140 2191 D CompatibilityInfo: applicationDensity - 240
10-12 02:43:12.765 1140 2191 D CompatibilityInfo: applicationScale - 1.0
10-12 02:43:12.766 2009 2245 D BluetoothAdapterService: Calling setProfileServiceState for: HearingAidService
10-12 02:43:12.767 1140 1140 D BluetoothA2dp: Proxy object connected
10-12 02:43:12.768 1140 1140 D BluetoothA2dp: Proxy object connected
10-12 02:43:12.768 1140 1140 I AS.BtHelper: In onServiceConnected(), profile: 2, proxy: android.bluetooth.BluetoothA2dp@e099063
10-12 02:43:12.768 1140 1140 D BluetoothA2dp: Proxy object connected
01-01 08:01:03.817 0 0 W QSEECOM : qseecom_load_app: App (fingerpr) does'nt exist, loading apps for first time
10-12 02:43:12.770 2009 2009 D A2dpService: Received start request. Starting profile...
10-12 02:43:12.770 814 1805 D audio_hw_primary: copl(0xf134a7e0):out of compress_wait
10-12 02:43:12.774 1140 2191 D CompatibilityInfo: mCompatibilityFlags - 4
10-12 02:43:12.774 1140 2191 D CompatibilityInfo: applicationDensity - 240
10-12 02:43:12.774 1140 2191 D CompatibilityInfo: applicationScale - 1.0
10-12 02:43:12.775 2024 2024 D InterruptionStateProvider: No alerting: filtered notification: 0|com.android.systemui|1|empty_media|10087
10-12 02:43:12.776 814 2119 D audio_hw_primary: No space available in compress driver, post msg to cb thread
10-12 02:43:12.776 2024 2024 D InterruptionStateProvider: No alerting: filtered notification: 0|com.android.systemui|1|empty_media|10087
10-12 02:43:12.777 814 1805 D audio_hw_primary: copl(0xf134a7e0):calling compress_wait
10-12 02:43:12.778 2009 2009 I A2dpService: start()
10-12 02:43:12.779 2009 2009 I BluetoothA2dpServiceJni: classInitNative: succeeds
10-12 02:43:12.779 2009 2009 I A2dpService: Max connected audio devices set to 5
10-12 02:43:12.779 2009 2009 I A2dpService: mMaxConnectedAudioDevices: 5
10-12 02:43:12.779 2009 2009 D A2dpService: Default TwsPlus ChannelMode: dual-mono
10-12 02:43:12.779 2009 2009 I BluetoothAvrcpServiceJni: classInitNative: succeeds
10-12 02:43:12.779 2009 2009 V Avrcp_ext: make
10-12 02:43:12.779 2009 2009 V Avrcp_ext: mAvrcp = null
10-12 02:43:12.780 2009 2009 V Avrcp_ext: Avrcp
10-12 02:43:12.780 2009 2009 I bt_btif : get_profile_interface: id = avrcp
10-12 02:43:12.789 2024 2272 D PeopleSpaceWidgetMgr: Sbn doesn't contain valid PeopleTileKey: null/0/com.android.systemui
10-12 02:43:12.793 2009 2009 V Avrcp_ext: start
10-12 02:43:12.794 2024 2024 D InterruptionStateProvider: No bubble up: not allowed to bubble: -1|android|32|null|1000
10-12 02:43:12.795 2024 2024 D InterruptionStateProvider: No heads up: unimportant notification: -1|android|32|null|1000
10-12 02:43:12.796 2024 2272 D PeopleSpaceWidgetMgr: Sbn doesn't contain valid PeopleTileKey: null/-1/android
10-12 02:43:12.798 1140 2610 D MediaSessionService: The MediaKeyEventSessionChangedListener (android.os.BinderProxy@b6f3e89) is added by com.android.bluetooth
10-12 02:43:12.799 2009 2009 D BluetoothVendorService: getProfileInfo profile_id: 1
10-12 02:43:12.799 2009 2009 I BluetoothVendorJni: getProfileInfoNative
10-12 02:43:12.799 2009 2009 I bt_btif_vendor: get_profile_info :1
10-12 02:43:12.799 2009 2009 W bt_device_profile: profile_feature_fetch:profile 1
10-12 02:43:12.799 2009 2009 W bt_device_profile: profile_feature_fetch:AVRCP_0103_SUPPORT found 0
10-12 02:43:12.799 2009 2009 D BluetoothVendorService: getProfileInfo profile_id: 1
10-12 02:43:12.799 2009 2009 I BluetoothVendorJni: getProfileInfoNative
10-12 02:43:12.799 2009 2009 I bt_btif_vendor: get_profile_info :1
10-12 02:43:12.799 2009 2009 W bt_device_profile: profile_feature_fetch:profile 1
10-12 02:43:12.799 2009 2009 W bt_device_profile: profile_feature_fetch:AVRCP_COVERART_SUPPORT found 1
10-12 02:43:12.799 2009 2009 D Avrcp_ext: isCoverArtSupported: true
10-12 02:43:12.799 2009 2009 D AdapterProperties: getWhitelistedMediaPlayers: numWhitelistedPlayers = 2
10-12 02:43:12.799 2009 2009 D AdapterProperties: players :com.google.android.apps.youtube.music
10-12 02:43:12.799 2009 2009 D AdapterProperties: players :com.gaana
10-12 02:43:12.799 2009 2009 W Avrcp_ext: List of Players in WhiteListDB Conf file are: [com.google.android.apps.youtube.music, com.gaana]
10-12 02:43:12.799 2009 2009 D Avrcp_ext: avrcpVersion avrcp16 isCoverArtEnabled true
10-12 02:43:12.801 2009 2009 D AvrcpBipRsp: mMaxBipDevices :5
10-12 02:43:12.801 2009 2009 D Avrcp_ext: Starting AVRCP BIP Responder Service
10-12 02:43:12.803 2009 2009 D Avrcp_ext: Starting AVRCP AvrcpPlayerAppSetting Service
10-12 02:43:12.803 2009 2009 V AvrcpPlayerAppSettings: Start
10-12 02:43:12.804 2009 2009 D Avrcp_ext: initMediaPlayerInfoList: 0 controllers
10-12 02:43:12.807 2009 2009 V Avrcp_ext: updateCurrentMediaState: mMediaController: null
10-12 02:43:12.807 2009 2009 W Avrcp_ext: isMusicActive: true getBluetoothPlayState: 0 A2dp State: 11 mAudioPlaybackIsActive: false
10-12 02:43:12.807 2009 2009 W Avrcp_ext: updateCurrentMediaState: isPlaying = false
10-12 02:43:12.807 2009 2009 V Avrcp_ext: Media update: id -1➡-1? [MediaAttributes: none] : [MediaAttributes: none]
10-12 02:43:12.807 2009 2009 D Avrcp_ext: isPackageNameValid: browsedPackage = isValid = false
10-12 02:43:12.807 2009 2009 V Avrcp_ext: updatePlaybackState, state: PlaybackState {state=2, position=-1, buffered position=0, speed=0.0, updated=56771, actions=0, custom actions=[], active item id=-1, error=null} device: null
10-12 02:43:12.808 2009 2009 V Avrcp_ext: Device: no name:
01-01 08:01:03.852 0 0 W logd : Skipping entries from slow reader, pid 1248, fd 14, from LogBuffer::Prune()
10-12 02:43:12.808 2009 2009 V Avrcp_ext: Device: no name:
10-12 02:43:12.808 2009 2009 V Avrcp_ext: Device: no name:
10-12 02:43:12.808 2009 2009 V Avrcp_ext: Device: no name:
10-12 02:43:12.808 2009 2009 V Avrcp_ext: Device: no name:
10-12 02:43:12.808 2009 2009 V Avrcp_ext: updatePlayerStateAndPosition, old=PlaybackState {state=0, position=-1, buffered position=0, speed=0.0, updated=56744, actions=0, custom actions=[], active item id=-1, error=null}, state=PlaybackState {state=2, position=-1, buffered position=0, speed=0.0, updated=56771, actions=0, custom actions=[], active item id=-1, error=null}
10-12 02:43:12.808 2009 2009 V Avrcp_ext: old state = PlaybackState {state=0, position=-1, buffered position=0, speed=0.0, updated=56744, actions=0, custom actions=[], active item id=-1, error=null}, new state= PlaybackState {state=2, position=-1, buffered position=0, speed=0.0, updated=56771, actions=0, custom actions=[], active item id=-1, error=null}
10-12 02:43:12.808 2009 2009 D HeadsetService: getHeadsetService(): returning com.android.bluetooth.hfp.HeadsetService@b833d4a
10-12 02:43:12.808 2009 2009 D HeadsetService: isAudioOn: The number of audio connected devices 0
10-12 02:43:12.808 2009 2009 D HeadsetService: isScoOrCallActive(): Call Active:falseCall is Ringing:falseSCO is Active:false
10-12 02:43:12.808 2009 2009 D HeadsetService: isAudioOn: The number of audio connected devices 0
10-12 02:43:12.808 2009 2009 I Avrcp_ext: updatePlayStatusForDevice: device: null
10-12 02:43:12.808 2009 2009 V Avrcp_ext: updatePlaybackState (1): old=PlaybackState {state=0, position=-1, buffered position=0, speed=0.0, updated=56744, actions=0, custom actions=[], active item id=-1, error=null}(0), new=PlaybackState {state=2, position=-1, buffered position=0, speed=0.0, updated=56771, actions=0, custom actions=[], active item id=-1, error=null}(2)
10-12 02:43:12.808 2009 2009 I Avrcp_ext: Exit updatePlayStatusForDevice
10-12 02:43:12.808 2009 2009 D HeadsetService: isAudioOn: The number of audio connected devices 0
10-12 02:43:12.808 2009 2009 D HeadsetService: isScoOrCallActive(): Call Active:falseCall is Ringing:falseSCO is Active:false
10-12 02:43:12.808 2009 2009 D HeadsetService: isAudioOn: The number of audio connected devices 0
10-12 02:43:12.808 2009 2009 I Avrcp_ext: updatePlayStatusForDevice: device: null
10-12 02:43:12.809 2009 2009 V Avrcp_ext: updatePlaybackState (1): old=PlaybackState {state=0, position=-1, buffered position=0, speed=0.0, updated=56744, actions=0, custom actions=[], active item id=-1, error=null}(0), new=PlaybackState {state=2, position=-1, buffered position=0, speed=0.0, updated=56771, actions=0, custom actions=[], active item id=-1, error=null}(2)
10-12 02:43:12.809 2009 2009 I Avrcp_ext: Exit updatePlayStatusForDevice
10-12 02:43:12.809 2009 2009 D HeadsetService: isAudioOn: The number of audio connected devices 0
10-12 02:43:12.809 2009 2009 D HeadsetService: isScoOrCallActive(): Call Active:falseCall is Ringing:falseSCO is Active:false
10-12 02:43:12.809 2009 2009 D HeadsetService: isAudioOn: The number of audio connected devices 0
10-12 02:43:12.809 2009 2009 I Avrcp_ext: updatePlayStatusForDevice: device: null
10-12 02:43:12.809 2009 2009 V Avrcp_ext: updatePlaybackState (1): old=PlaybackState {state=0, position=-1, buffered position=0, speed=0.0, updated=56744, actions=0, custom actions=[], active item id=-1, error=null}(0), new=PlaybackState {state=2, position=-1, buffered position=0, speed=0.0, updated=56771, actions=0, custom actions=[], active item id=-1, error=null}(2)
10-12 02:43:12.809 2009 2009 I Avrcp_ext: Exit updatePlayStatusForDevice
10-12 02:43:12.809 2009 2009 D HeadsetService: isAudioOn: The number of audio connected devices 0
10-12 02:43:12.809 2009 2009 D HeadsetService: isScoOrCallActive(): Call Active:falseCall is Ringing:falseSCO is Active:false
10-12 02:43:12.809 2009 2009 D HeadsetService: isAudioOn: The number of audio connected devices 0
10-12 02:43:12.809 2009 2009 I Avrcp_ext: updatePlayStatusForDevice: device: null
10-12 02:43:12.809 2009 2009 V Avrcp_ext: updatePlaybackState (1): old=PlaybackState {state=0, position=-1, buffered position=0, speed=0.0, updated=56744, actions=0, custom actions=[], active item id=-1, error=null}(0), new=PlaybackState {state=2, position=-1, buffered position=0, speed=0.0, updated=56771, actions=0, custom actions=[], active item id=-1, error=null}(2)
10-12 02:43:12.809 2009 2009 I Avrcp_ext: Exit updatePlayStatusForDevice
10-12 02:43:12.809 2009 2009 D HeadsetService: isAudioOn: The number of audio connected devices 0
10-12 02:43:12.809 2009 2009 D HeadsetService: isScoOrCallActive(): Call Active:falseCall is Ringing:falseSCO is Active:false
10-12 02:43:12.809 2009 2009 D HeadsetService: isAudioOn: The number of audio connected devices 0
10-12 02:43:12.809 2009 2009 I Avrcp_ext: updatePlayStatusForDevice: device: null
10-12 02:43:12.809 2009 2009 V Avrcp_ext: updatePlaybackState (1): old=PlaybackState {state=0, position=-1, buffered position=0, speed=0.0, updated=56744, actions=0, custom actions=[], active item id=-1, error=null}(0), new=PlaybackState {state=2, position=-1, buffered position=0, speed=0.0, updated=56771, actions=0, custom actions=[], active item id=-1, error=null}(2)
10-12 02:43:12.810 2009 2009 I Avrcp_ext: Exit updatePlayStatusForDevice
10-12 02:43:12.810 2009 2009 D Avrcp_ext: Enter sendPlayPosNotificationRsp
10-12 02:43:12.810 2009 2009 D Avrcp_ext: sendPlayPosNotificationRsp: Not registered or requesting.
10-12 02:43:12.810 2009 2009 D Avrcp_ext: Enter sendPlayPosNotificationRsp
10-12 02:43:12.810 2009 2009 D Avrcp_ext: sendPlayPosNotificationRsp: Not registered or requesting.
10-12 02:43:12.810 2009 2009 D Avrcp_ext: Enter sendPlayPosNotificationRsp
10-12 02:43:12.810 2009 2009 D Avrcp_ext: sendPlayPosNotificationRsp: Not registered or requesting.
10-12 02:43:12.810 2009 2009 D Avrcp_ext: Enter sendPlayPosNotificationRsp
10-12 02:43:12.810 2009 2009 D Avrcp_ext: sendPlayPosNotificationRsp: Not registered or requesting.
10-12 02:43:12.810 2009 2009 D Avrcp_ext: Enter sendPlayPosNotificationRsp
10-12 02:43:12.810 2009 2009 D Avrcp_ext: sendPlayPosNotificationRsp: Not registered or requesting.
10-12 02:43:12.810 2009 2009 V Avrcp_ext: Exit updatePlayerStateAndPosition
10-12 02:43:12.825 2009 2009 V Avrcp_ext: Exit start
10-12 02:43:12.825 2009 2009 V Avrcp_ext: Exit make
10-12 02:43:12.826 2009 2009 I A2dpCodecConfig: Aptx Adaptive priority: 8001
10-12 02:43:12.827 2009 2009 I bt_btif : get_profile_interface: id = a2dp
10-12 02:43:12.827 2009 2009 I btif_av : isBATEnabled: 0
10-12 02:43:12.827 2009 2009 E bt_btif : bta_av_co_get_active_peer: peer index out of bounds: 5
10-12 02:43:12.827 2009 2009 E bt_btif : btif_av_is_split_a2dp_enabled: No active peer codec config found, by default splitmode
10-12 02:43:12.828 2009 2702 I bt_osi_thread: run_thread: thread id 2702, thread name media_worker started
10-12 02:43:12.829 2009 2009 I btif_av : isBATEnabled: 0
10-12 02:43:12.829 2009 2009 E bt_btif : bta_av_co_get_active_peer: peer index out of bounds: 5
10-12 02:43:12.829 2009 2009 E bt_btif : btif_av_is_split_a2dp_enabled: No active peer codec config found, by default splitmode
10-12 02:43:12.829 2009 2009 I a2dp_codec: A2dp_SetOffloadStatus:status = 1
10-12 02:43:12.829 2009 2009 D a2dp_codec: init
10-12 02:43:12.829 2009 2009 D a2dp_codec: createCodec: codec SBC
10-12 02:43:12.829 2009 2009 D a2dp_codec: setCodecPriority: codec_priority_: 1001
10-12 02:43:12.829 2009 2009 D a2dp_codec: A2dpCodecConfig: init all codec caps info
10-12 02:43:12.829 2009 2009 D a2dp_sbc: A2dpCodecConfigSbc
10-12 02:43:12.829 2009 2009 D a2dp_sbc: init: SBC enabled in HW mode
10-12 02:43:12.829 2009 2009 I a2dp_codec: init: updated SBC codec priority to 1001
10-12 02:43:12.829 2009 2009 D a2dp_codec: createCodec: codec AAC
10-12 02:43:12.829 2009 2009 D a2dp_codec: setCodecPriority: codec_priority_: 2001
10-12 02:43:12.829 2009 2009 D a2dp_codec: A2dpCodecConfig: init all codec caps info
10-12 02:43:12.829 2009 2009 D a2dp_aac: A2dpCodecConfigAac: AAC VBR is enabled for this target
10-12 02:43:12.829 2009 2009 D a2dp_aac: init: AAC enabled in HW mode
10-12 02:43:12.829 2009 2009 I a2dp_codec: init: updated AAC codec priority to 2001
10-12 02:43:12.829 2009 2009 D a2dp_codec: createCodec: codec aptX
10-12 02:43:12.829 2009 2009 D a2dp_codec: setCodecPriority: codec_priority_: 4001
10-12 02:43:12.829 2009 2009 D a2dp_codec: A2dpCodecConfig: init all codec caps info
10-12 02:43:12.829 2009 2009 D a2dp_vendor_aptx: init: APTX enabled in HW mode
10-12 02:43:12.829 2009 2009 I a2dp_codec: init: updated aptX codec priority to 4001
10-12 02:43:12.829 2009 2009 D a2dp_codec: createCodec: codec aptX-HD
10-12 02:43:12.829 2009 2009 D a2dp_codec: setCodecPriority: codec_priority_: 5001
10-12 02:43:12.829 2009 2009 D a2dp_codec: A2dpCodecConfig: init all codec caps info
10-12 02:43:12.829 2009 2009 D a2dp_vendor_aptx_hd: init: APTX-HD enabled in HW mode
10-12 02:43:12.829 2009 2009 I a2dp_codec: init: updated aptX-HD codec priority to 5001
10-12 02:43:12.829 2009 2009 D a2dp_codec: createCodec: codec LDAC
10-12 02:43:12.829 2009 2009 D a2dp_codec: setCodecPriority: codec_priority_: 3001
10-12 02:43:12.829 2009 2009 D a2dp_codec: A2dpCodecConfig: init all codec caps info
10-12 02:43:12.829 2009 2009 D a2dp_vendor_ldac: init: LDAC enabled in HW mode
10-12 02:43:12.829 2009 2009 I a2dp_codec: init: updated LDAC codec priority to 3001
10-12 02:43:12.829 2009 2009 D a2dp_codec: createCodec: codec aptX-adaptive
10-12 02:43:12.829 2009 2009 D a2dp_codec: setCodecPriority: codec_priority_: 8001
10-12 02:43:12.829 2009 2009 D a2dp_codec: A2dpCodecConfig: init all codec caps info
10-12 02:43:12.829 2009 2009 D a2dp_vendor_aptx_adaptive: init: APTX-Adaptive enabled in HW mode
10-12 02:43:12.830 2009 2009 I a2dp_codec: init: updated aptX-adaptive codec priority to 8001
10-12 02:43:12.830 2009 2009 D a2dp_codec: createCodec: codec aptX-TWS
10-12 02:43:12.830 2009 2009 D a2dp_codec: setCodecPriority: codec_priority_: 7001
10-12 02:43:12.830 2009 2009 D a2dp_codec: A2dpCodecConfig: init all codec caps info
10-12 02:43:12.830 2009 2009 E a2dp_vendor_aptx_tws: init: APTX-Tws enabled in HW mode
10-12 02:43:12.830 2009 2009 I a2dp_codec: init: updated aptX-TWS codec priority to 7001
10-12 02:43:12.830 2009 2009 D a2dp_codec: createCodec: codec SBC SINK
10-12 02:43:12.830 2009 2009 D a2dp_codec: setDefaultCodecPriority: default_codec_priority_: 0
10-12 02:43:12.830 2009 2009 D a2dp_codec: setDefaultCodecPriority: Compute the default codec priority
10-12 02:43:12.830 2009 2009 D a2dp_codec: setDefaultCodecPriority: codec_priority_: 8001
10-12 02:43:12.830 2009 2009 D a2dp_codec: setCodecPriority: codec_priority_: 8001
10-12 02:43:12.830 2009 2009 D a2dp_codec: A2dpCodecConfig: init all codec caps info
10-12 02:43:12.830 2009 2009 D a2dp_codec: createCodec: codec UNKNOWN CODEC INDEX
10-12 02:43:12.830 2009 2009 D a2dp_codec: createCodec: codec UNKNOWN CODEC INDEX
10-12 02:43:12.830 2009 2009 I a2dp_codec: init: initialized Source codec aptX-adaptive
10-12 02:43:12.830 2009 2009 I a2dp_codec: init: initialized Source codec aptX-TWS
10-12 02:43:12.830 2009 2009 I a2dp_codec: init: initialized Source codec aptX-HD
10-12 02:43:12.830 2009 2009 I a2dp_codec: init: initialized Source codec aptX
10-12 02:43:12.830 2009 2009 I a2dp_codec: init: initialized Source codec LDAC
10-12 02:43:12.830 2009 2009 I a2dp_codec: init: initialized Source codec AAC
10-12 02:43:12.830 2009 2009 I a2dp_codec: init: initialized Source codec SBC
10-12 02:43:12.830 2009 2009 I a2dp_codec: init: initialized Sink codec SBC(Sink)
10-12 02:43:12.830 2009 2009 D a2dp_codec: init
10-12 02:43:12.830 2009 2009 D a2dp_codec: createCodec: codec SBC
10-12 02:43:12.830 2009 2009 D a2dp_codec: setCodecPriority: codec_priority_: 1001
10-12 02:43:12.830 2009 2009 D a2dp_codec: A2dpCodecConfig: init all codec caps info
10-12 02:43:12.830 2009 2009 D a2dp_sbc: A2dpCodecConfigSbc
10-12 02:43:12.830 2009 2009 D a2dp_sbc: init: SBC enabled in HW mode
10-12 02:43:12.830 2009 2009 I a2dp_codec: init: updated SBC codec priority to 1001
10-12 02:43:12.830 2009 2009 D a2dp_codec: createCodec: codec AAC
10-12 02:43:12.830 2009 2009 D a2dp_codec: setCodecPriority: codec_priority_: 2001
10-12 02:43:12.830 2009 2009 D a2dp_codec: A2dpCodecConfig: init all codec caps info
10-12 02:43:12.830 2009 2009 D a2dp_aac: A2dpCodecConfigAac: AAC VBR is enabled for this target
10-12 02:43:12.830 2009 2009 D a2dp_aac: init: AAC enabled in HW mode
10-12 02:43:12.830 2009 2009 I a2dp_codec: init: updated AAC codec priority to 2001
10-12 02:43:12.830 2009 2009 D a2dp_codec: createCodec: codec aptX
10-12 02:43:12.830 2009 2009 D a2dp_codec: setCodecPriority: codec_priority_: 4001
10-12 02:43:12.830 2009 2009 D a2dp_codec: A2dpCodecConfig: init all codec caps info
10-12 02:43:12.830 2009 2009 D a2dp_vendor_aptx: init: APTX enabled in HW mode
10-12 02:43:12.830 2009 2009 I a2dp_codec: init: updated aptX codec priority to 4001
10-12 02:43:12.830 2009 2009 D a2dp_codec: createCodec: codec aptX-HD
10-12 02:43:12.830 2009 2009 D a2dp_codec: setCodecPriority: codec_priority_: 5001
10-12 02:43:12.830 2009 2009 D a2dp_codec: A2dpCodecConfig: init all codec caps info
10-12 02:43:12.830 2009 2009 D a2dp_vendor_aptx_hd: init: APTX-HD enabled in HW mode
10-12 02:43:12.830 2009 2009 I a2dp_codec: init: updated aptX-HD codec priority to 5001
10-12 02:43:12.830 2009 2009 D a2dp_codec: createCodec: codec LDAC
10-12 02:43:12.831 2009 2009 D a2dp_codec: setCodecPriority: codec_priority_: 3001
10-12 02:43:12.831 2009 2009 D a2dp_codec: A2dpCodecConfig: init all codec caps info
10-12 02:43:12.831 2009 2009 D a2dp_vendor_ldac: init: LDAC enabled in HW mode
10-12 02:43:12.831 2009 2009 I a2dp_codec: init: updated LDAC codec priority to 3001
10-12 02:43:12.831 2009 2009 D a2dp_codec: createCodec: codec aptX-adaptive
10-12 02:43:12.831 2009 2009 D a2dp_codec: setCodecPriority: codec_priority_: 8001
10-12 02:43:12.831 2009 2009 D a2dp_codec: A2dpCodecConfig: init all codec caps info
10-12 02:43:12.831 2009 2009 D a2dp_vendor_aptx_adaptive: init: APTX-Adaptive enabled in HW mode
10-12 02:43:12.831 2009 2009 I a2dp_codec: init: updated aptX-adaptive codec priority to 8001
10-12 02:43:12.831 2009 2009 D a2dp_codec: createCodec: codec aptX-TWS
10-12 02:43:12.831 2009 2009 D a2dp_codec: setCodecPriority: codec_priority_: 7001
10-12 02:43:12.831 2009 2009 D a2dp_codec: A2dpCodecConfig: init all codec caps info
10-12 02:43:12.831 2009 2009 E a2dp_vendor_aptx_tws: init: APTX-Tws enabled in HW mode
10-12 02:43:12.831 2009 2009 I a2dp_codec: init: updated aptX-TWS codec priority to 7001
10-12 02:43:12.831 2009 2009 D a2dp_codec: createCodec: codec SBC SINK
10-12 02:43:12.831 2009 2009 D a2dp_codec: setDefaultCodecPriority: default_codec_priority_: 0
10-12 02:43:12.831 2009 2009 D a2dp_codec: setDefaultCodecPriority: Compute the default codec priority
10-12 02:43:12.831 2009 2009 D a2dp_codec: setDefaultCodecPriority: codec_priority_: 8001
10-12 02:43:12.831 2009 2009 D a2dp_codec: setCodecPriority: codec_priority_: 8001
10-12 02:43:12.831 2009 2009 D a2dp_codec: A2dpCodecConfig: init all codec caps info
10-12 02:43:12.831 2009 2009 D a2dp_codec: createCodec: codec UNKNOWN CODEC INDEX
10-12 02:43:12.831 2009 2009 D a2dp_codec: createCodec: codec UNKNOWN CODEC INDEX
10-12 02:43:12.831 2009 2009 I a2dp_codec: init: initialized Source codec aptX-adaptive
10-12 02:43:12.831 2009 2009 I a2dp_codec: init: initialized Source codec aptX-TWS
10-12 02:43:12.831 2009 2009 I a2dp_codec: init: initialized Source codec aptX-HD
10-12 02:43:12.831 2009 2009 I a2dp_codec: init: initialized Source codec aptX
10-12 02:43:12.831 2009 2009 I a2dp_codec: init: initialized Source codec LDAC
10-12 02:43:12.831 2009 2009 I a2dp_codec: init: initialized Source codec AAC
10-12 02:43:12.831 2009 2009 I a2dp_codec: init: initialized Source codec SBC
10-12 02:43:12.831 2009 2009 I a2dp_codec: init: initialized Sink codec SBC(Sink)
10-12 02:43:12.831 2009 2009 D a2dp_codec: init
10-12 02:43:12.831 2009 2009 D a2dp_codec: createCodec: codec SBC
10-12 02:43:12.831 2009 2009 D a2dp_codec: setCodecPriority: codec_priority_: 1001
10-12 02:43:12.831 2009 2009 D a2dp_codec: A2dpCodecConfig: init all codec caps info
10-12 02:43:12.831 2009 2009 D a2dp_sbc: A2dpCodecConfigSbc
10-12 02:43:12.831 2009 2009 D a2dp_sbc: init: SBC enabled in HW mode
10-12 02:43:12.831 2009 2009 I a2dp_codec: init: updated SBC codec priority to 1001
10-12 02:43:12.831 2009 2009 D a2dp_codec: createCodec: codec AAC
10-12 02:43:12.831 2009 2009 D a2dp_codec: setCodecPriority: codec_priority_: 2001
10-12 02:43:12.831 2009 2009 D a2dp_codec: A2dpCodecConfig: init all codec caps info
10-12 02:43:12.831 2009 2009 D a2dp_aac: A2dpCodecConfigAac: AAC VBR is enabled for this target
10-12 02:43:12.831 2009 2009 D a2dp_aac: init: AAC enabled in HW mode
10-12 02:43:12.831 2009 2009 I a2dp_codec: init: updated AAC codec priority to 2001
10-12 02:43:12.832 2009 2009 D a2dp_codec: createCodec: codec aptX
10-12 02:43:12.832 2009 2009 D a2dp_codec: setCodecPriority: codec_priority_: 4001
10-12 02:43:12.832 2009 2009 D a2dp_codec: A2dpCodecConfig: init all codec caps info
10-12 02:43:12.832 2009 2009 D a2dp_vendor_aptx: init: APTX enabled in HW mode
10-12 02:43:12.832 2009 2009 I a2dp_codec: init: updated aptX codec priority to 4001
10-12 02:43:12.832 2009 2009 D a2dp_codec: createCodec: codec aptX-HD
10-12 02:43:12.832 2009 2009 D a2dp_codec: setCodecPriority: codec_priority_: 5001
10-12 02:43:12.832 2009 2009 D a2dp_codec: A2dpCodecConfig: init all codec caps info
10-12 02:43:12.832 2009 2009 D a2dp_vendor_aptx_hd: init: APTX-HD enabled in HW mode
10-12 02:43:12.832 2009 2009 I a2dp_codec: init: updated aptX-HD codec priority to 5001
10-12 02:43:12.832 2009 2009 D a2dp_codec: createCodec: codec LDAC
10-12 02:43:12.832 2009 2009 D a2dp_codec: setCodecPriority: codec_priority_: 3001
10-12 02:43:12.832 2009 2009 D a2dp_codec: A2dpCodecConfig: init all codec caps info
10-12 02:43:12.832 2009 2009 D a2dp_vendor_ldac: init: LDAC enabled in HW mode
10-12 02:43:12.832 2009 2009 I a2dp_codec: init: updated LDAC codec priority to 3001
10-12 02:43:12.832 2009 2009 D a2dp_codec: createCodec: codec aptX-adaptive
10-12 02:43:12.832 2009 2009 D a2dp_codec: setCodecPriority: codec_priority_: 8001
10-12 02:43:12.832 2009 2009 D a2dp_codec: A2dpCodecConfig: init all codec caps info
10-12 02:43:12.832 2009 2009 D a2dp_vendor_aptx_adaptive: init: APTX-Adaptive enabled in HW mode
10-12 02:43:12.832 2009 2009 I a2dp_codec: init: updated aptX-adaptive codec priority to 8001
10-12 02:43:12.832 2009 2009 D a2dp_codec: createCodec: codec aptX-TWS
10-12 02:43:12.832 2009 2009 D a2dp_codec: setCodecPriority: codec_priority_: 7001
10-12 02:43:12.832 2009 2009 D a2dp_codec: A2dpCodecConfig: init all codec caps info
10-12 02:43:12.832 2009 2009 E a2dp_vendor_aptx_tws: init: APTX-Tws enabled in HW mode
10-12 02:43:12.832 2009 2009 I a2dp_codec: init: updated aptX-TWS codec priority to 7001
10-12 02:43:12.832 2009 2009 D a2dp_codec: createCodec: codec SBC SINK
10-12 02:43:12.832 2009 2009 D a2dp_codec: setDefaultCodecPriority: default_codec_priority_: 0
10-12 02:43:12.832 2009 2009 D a2dp_codec: setDefaultCodecPriority: Compute the default codec priority
10-12 02:43:12.832 2009 2009 D a2dp_codec: setDefaultCodecPriority: codec_priority_: 8001
10-12 02:43:12.832 2009 2009 D a2dp_codec: setCodecPriority: codec_priority_: 8001
10-12 02:43:12.832 2009 2009 D a2dp_codec: A2dpCodecConfig: init all codec caps info
10-12 02:43:12.832 2009 2009 D a2dp_codec: createCodec: codec UNKNOWN CODEC INDEX
10-12 02:43:12.832 2009 2009 D a2dp_codec: createCodec: codec UNKNOWN CODEC INDEX
10-12 02:43:12.832 2009 2009 I a2dp_codec: init: initialized Source codec aptX-adaptive
10-12 02:43:12.832 2009 2009 I a2dp_codec: init: initialized Source codec aptX-TWS
10-12 02:43:12.832 2009 2009 I a2dp_codec: init: initialized Source codec aptX-HD
10-12 02:43:12.832 2009 2009 I a2dp_codec: init: initialized Source codec aptX
10-12 02:43:12.832 2009 2009 I a2dp_codec: init: initialized Source codec LDAC
10-12 02:43:12.832 2009 2009 I a2dp_codec: init: initialized Source codec AAC
10-12 02:43:12.833 2009 2009 I a2dp_codec: init: initialized Source codec SBC
10-12 02:43:12.833 2009 2009 I a2dp_codec: init: initialized Sink codec SBC(Sink)
10-12 02:43:12.833 2009 2009 D a2dp_codec: init
10-12 02:43:12.833 2009 2009 D a2dp_codec: createCodec: codec SBC
10-12 02:43:12.833 2009 2009 D a2dp_codec: setCodecPriority: codec_priority_: 1001
10-12 02:43:12.833 2009 2009 D a2dp_codec: A2dpCodecConfig: init all codec caps info
10-12 02:43:12.833 2009 2009 D a2dp_sbc: A2dpCodecConfigSbc
10-12 02:43:12.833 2009 2009 D a2dp_sbc: init: SBC enabled in HW mode
10-12 02:43:12.833 2009 2009 I a2dp_codec: init: updated SBC codec priority to 1001
10-12 02:43:12.833 2009 2009 D a2dp_codec: createCodec: codec AAC
10-12 02:43:12.833 2009 2009 D a2dp_codec: setCodecPriority: codec_priority_: 2001
10-12 02:43:12.833 2009 2009 D a2dp_codec: A2dpCodecConfig: init all codec caps info
10-12 02:43:12.833 2009 2009 D a2dp_aac: A2dpCodecConfigAac: AAC VBR is enabled for this target
10-12 02:43:12.833 2009 2009 D a2dp_aac: init: AAC enabled in HW mode
10-12 02:43:12.833 2009 2009 I a2dp_codec: init: updated AAC codec priority to 2001
10-12 02:43:12.833 2009 2009 D a2dp_codec: createCodec: codec aptX
10-12 02:43:12.833 2009 2009 D a2dp_codec: setCodecPriority: codec_priority_: 4001
10-12 02:43:12.833 2009 2009 D a2dp_codec: A2dpCodecConfig: init all codec caps info
10-12 02:43:12.833 2009 2009 D a2dp_vendor_aptx: init: APTX enabled in HW mode
10-12 02:43:12.833 2009 2009 I a2dp_codec: init: updated aptX codec priority to 4001
10-12 02:43:12.833 2009 2009 D a2dp_codec: createCodec: codec aptX-HD
10-12 02:43:12.833 2009 2009 D a2dp_codec: setCodecPriority: codec_priority_: 5001
10-12 02:43:12.833 2009 2009 D a2dp_codec: A2dpCodecConfig: init all codec caps info
10-12 02:43:12.833 2009 2009 D a2dp_vendor_aptx_hd: init: APTX-HD enabled in HW mode
10-12 02:43:12.833 2009 2009 I a2dp_codec: init: updated aptX-HD codec priority to 5001
10-12 02:43:12.833 2009 2009 D a2dp_codec: createCodec: codec LDAC
10-12 02:43:12.833 2009 2009 D a2dp_codec: setCodecPriority: codec_priority_: 3001
10-12 02:43:12.833 2009 2009 D a2dp_codec: A2dpCodecConfig: init all codec caps info
10-12 02:43:12.833 2009 2009 D a2dp_vendor_ldac: init: LDAC enabled in HW mode
10-12 02:43:12.833 2009 2009 I a2dp_codec: init: updated LDAC codec priority to 3001
10-12 02:43:12.833 2009 2009 D a2dp_codec: createCodec: codec aptX-adaptive
10-12 02:43:12.833 2009 2009 D a2dp_codec: setCodecPriority: codec_priority_: 8001
10-12 02:43:12.833 2009 2009 D a2dp_codec: A2dpCodecConfig: init all codec caps info
10-12 02:43:12.833 2009 2009 D a2dp_vendor_aptx_adaptive: init: APTX-Adaptive enabled in HW mode
10-12 02:43:12.833 2009 2009 I a2dp_codec: init: updated aptX-adaptive codec priority to 8001
10-12 02:43:12.833 2009 2009 D a2dp_codec: createCodec: codec aptX-TWS
10-12 02:43:12.833 2009 2009 D a2dp_codec: setCodecPriority: codec_priority_: 7001
10-12 02:43:12.833 2009 2009 D a2dp_codec: A2dpCodecConfig: init all codec caps info
10-12 02:43:12.833 2009 2009 E a2dp_vendor_aptx_tws: init: APTX-Tws enabled in HW mode
10-12 02:43:12.833 2009 2009 I a2dp_codec: init: updated aptX-TWS codec priority to 7001
10-12 02:43:12.833 2009 2009 D a2dp_codec: createCodec: codec SBC SINK
10-12 02:43:12.833 2009 2009 D a2dp_codec: setDefaultCodecPriority: default_codec_priority_: 0
10-12 02:43:12.833 2009 2009 D a2dp_codec: setDefaultCodecPriority: Compute the default codec priority
10-12 02:43:12.833 2009 2009 D a2dp_codec: setDefaultCodecPriority: codec_priority_: 8001
10-12 02:43:12.834 2009 2009 D a2dp_codec: setCodecPriority: codec_priority_: 8001
10-12 02:43:12.834 2009 2009 D a2dp_codec: A2dpCodecConfig: init all codec caps info
10-12 02:43:12.834 2009 2009 D a2dp_codec: createCodec: codec UNKNOWN CODEC INDEX
10-12 02:43:12.834 2009 2009 D a2dp_codec: createCodec: codec UNKNOWN CODEC INDEX
10-12 02:43:12.834 2009 2009 I a2dp_codec: init: initialized Source codec aptX-adaptive
10-12 02:43:12.834 2009 2009 I a2dp_codec: init: initialized Source codec aptX-TWS
10-12 02:43:12.834 2009 2009 I a2dp_codec: init: initialized Source codec aptX-HD
10-12 02:43:12.834 2009 2009 I a2dp_codec: init: initialized Source codec aptX
10-12 02:43:12.834 2009 2009 I a2dp_codec: init: initialized Source codec LDAC
10-12 02:43:12.834 2009 2009 I a2dp_codec: init: initialized Source codec AAC
10-12 02:43:12.834 2009 2009 I a2dp_codec: init: initialized Source codec SBC
10-12 02:43:12.834 2009 2009 I a2dp_codec: init: initialized Sink codec SBC(Sink)
10-12 02:43:12.834 2009 2009 D a2dp_codec: init
10-12 02:43:12.834 2009 2009 D a2dp_codec: createCodec: codec SBC
10-12 02:43:12.834 2009 2009 D a2dp_codec: setCodecPriority: codec_priority_: 1001
10-12 02:43:12.834 2009 2009 D a2dp_codec: A2dpCodecConfig: init all codec caps info
10-12 02:43:12.834 2009 2009 D a2dp_sbc: A2dpCodecConfigSbc
10-12 02:43:12.834 2009 2009 D a2dp_sbc: init: SBC enabled in HW mode
10-12 02:43:12.834 2009 2009 I a2dp_codec: init: updated SBC codec priority to 1001
10-12 02:43:12.834 2009 2009 D a2dp_codec: createCodec: codec AAC
10-12 02:43:12.834 2009 2009 D a2dp_codec: setCodecPriority: codec_priority_: 2001
10-12 02:43:12.834 2009 2009 D a2dp_codec: A2dpCodecConfig: init all codec caps info
10-12 02:43:12.834 2009 2009 D a2dp_aac: A2dpCodecConfigAac: AAC VBR is enabled for this target
10-12 02:43:12.834 2009 2009 D a2dp_aac: init: AAC enabled in HW mode
10-12 02:43:12.834 2009 2009 I a2dp_codec: init: updated AAC codec priority to 2001
10-12 02:43:12.834 2009 2009 D a2dp_codec: createCodec: codec aptX
10-12 02:43:12.834 2009 2009 D a2dp_codec: setCodecPriority: codec_priority_: 4001
10-12 02:43:12.834 2009 2009 D a2dp_codec: A2dpCodecConfig: init all codec caps info
10-12 02:43:12.834 2009 2009 D a2dp_vendor_aptx: init: APTX enabled in HW mode
10-12 02:43:12.834 2009 2009 I a2dp_codec: init: updated aptX codec priority to 4001
10-12 02:43:12.834 2009 2009 D a2dp_codec: createCodec: codec aptX-HD
10-12 02:43:12.834 2009 2009 D a2dp_codec: setCodecPriority: codec_priority_: 5001
10-12 02:43:12.834 2009 2009 D a2dp_codec: A2dpCodecConfig: init all codec caps info
10-12 02:43:12.834 2009 2009 D a2dp_vendor_aptx_hd: init: APTX-HD enabled in HW mode
10-12 02:43:12.834 2009 2009 I a2dp_codec: init: updated aptX-HD codec priority to 5001
10-12 02:43:12.834 2009 2009 D a2dp_codec: createCodec: codec LDAC
10-12 02:43:12.834 2009 2009 D a2dp_codec: setCodecPriority: codec_priority_: 3001
10-12 02:43:12.834 2009 2009 D a2dp_codec: A2dpCodecConfig: init all codec caps info
10-12 02:43:12.835 2009 2009 D a2dp_vendor_ldac: init: LDAC enabled in HW mode
10-12 02:43:12.835 2009 2009 I a2dp_codec: init: updated LDAC codec priority to 3001
10-12 02:43:12.835 2009 2009 D a2dp_codec: createCodec: codec aptX-adaptive
10-12 02:43:12.835 2009 2009 D a2dp_codec: setCodecPriority: codec_priority_: 8001
10-12 02:43:12.835 2009 2009 D a2dp_codec: A2dpCodecConfig: init all codec caps info
10-12 02:43:12.835 2009 2009 D a2dp_vendor_aptx_adaptive: init: APTX-Adaptive enabled in HW mode
10-12 02:43:12.835 2009 2009 I a2dp_codec: init: updated aptX-adaptive codec priority to 8001
10-12 02:43:12.835 2009 2009 D a2dp_codec: createCodec: codec aptX-TWS
10-12 02:43:12.835 2009 2009 D a2dp_codec: setCodecPriority: codec_priority_: 7001
10-12 02:43:12.835 2009 2009 D a2dp_codec: A2dpCodecConfig: init all codec caps info
10-12 02:43:12.835 2009 2009 E a2dp_vendor_aptx_tws: init: APTX-Tws enabled in HW mode
10-12 02:43:12.835 2009 2009 I a2dp_codec: init: updated aptX-TWS codec priority to 7001
10-12 02:43:12.835 2009 2009 D a2dp_codec: createCodec: codec SBC SINK
10-12 02:43:12.835 2009 2009 D a2dp_codec: setDefaultCodecPriority: default_codec_priority_: 0
10-12 02:43:12.835 2009 2009 D a2dp_codec: setDefaultCodecPriority: Compute the default codec priority
10-12 02:43:12.835 2009 2009 D a2dp_codec: setDefaultCodecPriority: codec_priority_: 8001
10-12 02:43:12.835 2009 2009 D a2dp_codec: setCodecPriority: codec_priority_: 8001
10-12 02:43:12.835 2009 2009 D a2dp_codec: A2dpCodecConfig: init all codec caps info
10-12 02:43:12.835 2009 2009 D a2dp_codec: createCodec: codec UNKNOWN CODEC INDEX
10-12 02:43:12.835 2009 2009 D a2dp_codec: createCodec: codec UNKNOWN CODEC INDEX
10-12 02:43:12.835 2009 2009 I a2dp_codec: init: initialized Source codec aptX-adaptive
10-12 02:43:12.835 2009 2009 I a2dp_codec: init: initialized Source codec aptX-TWS
10-12 02:43:12.835 2009 2009 I a2dp_codec: init: initialized Source codec aptX-HD
10-12 02:43:12.835 2009 2009 I a2dp_codec: init: initialized Source codec aptX
10-12 02:43:12.835 2009 2009 I a2dp_codec: init: initialized Source codec LDAC
10-12 02:43:12.835 2009 2009 I a2dp_codec: init: initialized Source codec AAC
10-12 02:43:12.835 2009 2009 I a2dp_codec: init: initialized Source codec SBC
10-12 02:43:12.835 2009 2009 I a2dp_codec: init: initialized Sink codec SBC(Sink)
10-12 02:43:12.835 2009 2009 D bt_btif : btif_dispatch_sm_event: event: 36, len: 6
10-12 02:43:12.835 2009 2009 D bt_btif : btif_dispatch_sm_event: event 36 sent
10-12 02:43:12.835 2009 2287 D bt_btif : ignore updating BTIF_AV_SOURCE_CONFIG_UPDATED_EVT
10-12 02:43:12.836 2009 2009 D bt_btif : btif_av_state_idle_handler: event:BTIF_SM_ENTER_EVT flags: 0 on index: 0, codec_cfg_change: 0
10-12 02:43:12.836 2009 2009 I btif_av : isBATEnabled: 0
10-12 02:43:12.836 2009 2009 E bt_btif : bta_av_co_get_active_peer: peer index out of bounds: 5
10-12 02:43:12.836 2009 2009 E bt_btif : btif_av_is_split_a2dp_enabled: No active peer codec config found, by default splitmode
10-12 02:43:12.836 2009 2009 D a2dp_codec: init
10-12 02:43:12.836 2009 2009 D a2dp_codec: createCodec: codec SBC
10-12 02:43:12.836 2009 2009 D a2dp_codec: setCodecPriority: codec_priority_: 1001
10-12 02:43:12.836 2009 2009 D a2dp_codec: A2dpCodecConfig: init all codec caps info
10-12 02:43:12.836 2009 2009 D a2dp_sbc: A2dpCodecConfigSbc
10-12 02:43:12.836 2009 2009 D a2dp_sbc: init: SBC enabled in HW mode
10-12 02:43:12.836 2009 2009 I a2dp_codec: init: updated SBC codec priority to 1001
10-12 02:43:12.836 2009 2009 D a2dp_codec: createCodec: codec AAC
10-12 02:43:12.836 2009 2009 D a2dp_codec: setCodecPriority: codec_priority_: 2001
10-12 02:43:12.836 2009 2009 D a2dp_codec: A2dpCodecConfig: init all codec caps info
10-12 02:43:12.836 2009 2009 D a2dp_aac: A2dpCodecConfigAac: AAC VBR is enabled for this target
10-12 02:43:12.836 2009 2009 D a2dp_aac: init: AAC enabled in HW mode
10-12 02:43:12.836 2009 2009 I a2dp_codec: init: updated AAC codec priority to 2001
10-12 02:43:12.836 2009 2009 D a2dp_codec: createCodec: codec aptX
10-12 02:43:12.836 2009 2009 D a2dp_codec: setCodecPriority: codec_priority_: 4001
10-12 02:43:12.836 2009 2009 D a2dp_codec: A2dpCodecConfig: init all codec caps info
10-12 02:43:12.836 2009 2009 D a2dp_vendor_aptx: init: APTX enabled in HW mode
10-12 02:43:12.836 2009 2009 I a2dp_codec: init: updated aptX codec priority to 4001
10-12 02:43:12.836 2009 2009 D a2dp_codec: createCodec: codec aptX-HD
10-12 02:43:12.836 2009 2009 D a2dp_codec: setCodecPriority: codec_priority_: 5001
10-12 02:43:12.836 2009 2009 D a2dp_codec: A2dpCodecConfig: init all codec caps info
10-12 02:43:12.836 2009 2009 D a2dp_vendor_aptx_hd: init: APTX-HD enabled in HW mode
10-12 02:43:12.836 2009 2009 I a2dp_codec: init: updated aptX-HD codec priority to 5001
10-12 02:43:12.836 2009 2009 D a2dp_codec: createCodec: codec LDAC
10-12 02:43:12.837 2009 2009 D a2dp_codec: setCodecPriority: codec_priority_: 3001
10-12 02:43:12.837 2009 2009 D a2dp_codec: A2dpCodecConfig: init all codec caps info
10-12 02:43:12.837 2009 2009 D a2dp_vendor_ldac: init: LDAC enabled in HW mode
10-12 02:43:12.837 2009 2009 I a2dp_codec: init: updated LDAC codec priority to 3001
10-12 02:43:12.837 2009 2009 D a2dp_codec: createCodec: codec aptX-adaptive
10-12 02:43:12.837 2009 2009 D a2dp_codec: setCodecPriority: codec_priority_: 8001
10-12 02:43:12.837 2009 2009 D a2dp_codec: A2dpCodecConfig: init all codec caps info
10-12 02:43:12.837 2009 2009 D a2dp_vendor_aptx_adaptive: init: APTX-Adaptive enabled in HW mode
10-12 02:43:12.837 2009 2009 I a2dp_codec: init: updated aptX-adaptive codec priority to 8001
10-12 02:43:12.837 2009 2009 D a2dp_codec: createCodec: codec aptX-TWS
10-12 02:43:12.837 2009 2009 D a2dp_codec: setCodecPriority: codec_priority_: 7001
10-12 02:43:12.837 2009 2009 D a2dp_codec: A2dpCodecConfig: init all codec caps info
10-12 02:43:12.837 2009 2009 E a2dp_vendor_aptx_tws: init: APTX-Tws enabled in HW mode
10-12 02:43:12.837 2009 2009 I a2dp_codec: init: updated aptX-TWS codec priority to 7001
10-12 02:43:12.837 2009 2009 D a2dp_codec: createCodec: codec SBC SINK
10-12 02:43:12.837 2009 2009 D a2dp_codec: setDefaultCodecPriority: default_codec_priority_: 0
10-12 02:43:12.837 2009 2009 D a2dp_codec: setDefaultCodecPriority: Compute the default codec priority
10-12 02:43:12.837 2009 2009 D a2dp_codec: setDefaultCodecPriority: codec_priority_: 8001
10-12 02:43:12.837 2009 2009 D a2dp_codec: setCodecPriority: codec_priority_: 8001
10-12 02:43:12.837 2009 2009 D a2dp_codec: A2dpCodecConfig: init all codec caps info
10-12 02:43:12.837 2009 2009 D a2dp_codec: createCodec: codec UNKNOWN CODEC INDEX
10-12 02:43:12.837 2009 2009 D a2dp_codec: createCodec: codec UNKNOWN CODEC INDEX
10-12 02:43:12.837 2009 2009 I a2dp_codec: init: initialized Source codec aptX-adaptive
10-12 02:43:12.837 2009 2009 I a2dp_codec: init: initialized Source codec aptX-TWS
10-12 02:43:12.837 2009 2009 I a2dp_codec: init: initialized Source codec aptX-HD
10-12 02:43:12.837 2009 2009 I a2dp_codec: init: initialized Source codec aptX
10-12 02:43:12.837 2009 2009 I a2dp_codec: init: initialized Source codec LDAC
10-12 02:43:12.837 2009 2009 I a2dp_codec: init: initialized Source codec AAC
10-12 02:43:12.837 2009 2009 I a2dp_codec: init: initialized Source codec SBC
10-12 02:43:12.837 2009 2009 I a2dp_codec: init: initialized Sink codec SBC(Sink)
10-12 02:43:12.837 2009 2009 E bt_btif : btif_sm_get_state : Invalid handle
10-12 02:43:12.837 2009 2009 E bt_btif : btif_sm_get_state : Invalid handle
10-12 02:43:12.837 2009 2009 E bt_btif : btif_sm_get_state : Invalid handle
10-12 02:43:12.837 2009 2009 E bt_btif : btif_sm_get_state : Invalid handle
10-12 02:43:12.837 2009 2009 E bt_btif : btif_sm_get_state : Invalid handle
10-12 02:43:12.837 2009 2009 E bt_btif : btif_media_send_reset_vendor_state:
10-12 02:43:12.837 2009 2009 E bt_btif : btif_sm_get_state : Invalid handle
10-12 02:43:12.837 2009 2009 E bt_btif : btif_sm_get_state : Invalid handle
10-12 02:43:12.837 2009 2009 E bt_btif : btif_sm_get_state : Invalid handle
10-12 02:43:12.837 2009 2702 D bt_btif_a2dp_source: btif_a2dp_source_command_ready: event: 7 BTIF_MEDIA_RESET_VS_STATE
10-12 02:43:12.837 2009 2009 E bt_btif : btif_sm_get_state : Invalid handle
10-12 02:43:12.837 2009 2009 I btif_av : isBATEnabled: 0
10-12 02:43:12.837 2009 2009 E bt_btif : bta_av_co_get_active_peer: peer index out of bounds: 5
10-12 02:43:12.838 2009 2009 E bt_btif : btif_av_is_split_a2dp_enabled: No active peer codec config found, by default splitmode
10-12 02:43:12.838 2009 2009 E bt_btif : btif_media_send_reset_vendor_state:
10-12 02:43:12.838 2009 2702 D bt_btif_a2dp_source: btif_a2dp_source_command_ready: event: 2 BTIF_MEDIA_AUDIO_TX_STOP
10-12 02:43:12.838 2009 2009 D bt_btif : btif_av_state_idle_handler: event:BTIF_SM_ENTER_EVT flags: 0 on index: 1, codec_cfg_change: 0
10-12 02:43:12.838 2009 2009 I btif_av : isBATEnabled: 0
10-12 02:43:12.838 2009 2009 E bt_btif : bta_av_co_get_active_peer: peer index out of bounds: 5
10-12 02:43:12.838 2009 2009 E bt_btif : btif_av_is_split_a2dp_enabled: No active peer codec config found, by default splitmode
10-12 02:43:12.838 2009 2009 D a2dp_codec: init
