01-01 08:00:52.228 1140 1140 I SystemServiceManager: Starting com.android.server.powerstats.PowerStatsService
01-01 08:00:52.233 0 0 I binder : 1140:1140 ioctl 40046210 7fe4769a44 returned -22
01-01 08:00:52.240 0 0 E kona-asoc-snd soc: qcom,msm-audio-apr:qcom,q6core-audio:sound: ASoC: no source widget found for MIC BIAS3
01-01 08:00:52.243 1140 1140 D SystemServerTiming: StartPowerStatsService took to complete: 15ms
01-01 08:00:52.243 1140 1140 I SystemServerTiming: StartIStatsService
01-01 08:00:52.246 1140 1140 D SystemServerTiming: StartIStatsService took to complete: 3ms
01-01 08:00:52.247 1140 1140 I SystemServerTiming: MemtrackProxyService
01-01 08:00:52.251 0 0 E kona-asoc-snd soc: qcom,msm-audio-apr:qcom,q6core-audio:sound: ASoC: Failed to add route MIC BIAS3 -> direct -> TX DMIC0
01-01 08:00:52.251 1140 1140 D SystemServerTiming: MemtrackProxyService took to complete: 4ms
01-01 08:00:52.251 1140 1140 I SystemServerTiming: StartActivityManager
01-01 08:00:52.251 1140 1140 I SystemServiceManager: Starting com.android.server.wm.ActivityTaskManagerService$Lifecycle
01-01 08:00:52.261 1140 1140 I SystemServiceManager: Starting com.android.server.am.ActivityManagerService$Lifecycle
01-01 08:00:52.272 1140 1140 I ActivityManager: Memory class: 512
01-01 08:00:52.264 0 0 E kona-asoc-snd soc: qcom,msm-audio-apr:qcom,q6core-audio:sound: ASoC: no sink widget found for MIC BIAS3
01-01 08:00:52.274 0 0 I binder : 1237:1237 ioctl 40046210 ffc082c8 returned -22
01-01 08:00:52.274 1140 1245 I Binder : Setting heavy hitter watcher config: false, 0, 0.0
01-01 08:00:52.275 0 0 E kona-asoc-snd soc: qcom,msm-audio-apr:qcom,q6core-audio:sound: ASoC: Failed to add route Digital Mic0 -> direct -> MIC BIAS3
01-01 08:00:52.287 0 0 E kona-asoc-snd soc: qcom,msm-audio-apr:qcom,q6core-audio:sound: ASoC: no source widget found for MIC BIAS3
01-01 08:00:52.298 0 0 E kona-asoc-snd soc: qcom,msm-audio-apr:qcom,q6core-audio:sound: ASoC: Failed to add route MIC BIAS3 -> direct -> TX DMIC1
01-01 08:00:52.311 0 0 E kona-asoc-snd soc: qcom,msm-audio-apr:qcom,q6core-audio:sound: ASoC: no sink widget found for MIC BIAS3
01-01 08:00:52.321 1140 1140 I PackageWatchdog: Updated health check state for package com.qualcomm.qti.devicestatisticsservice: INACTIVE -> PASSED
01-01 08:00:52.325 1241 1241 I iorapd : iorapd (the prefetchening) firing up
01-01 08:00:52.321 0 0 E kona-asoc-snd soc: qcom,msm-audio-apr:qcom,q6core-audio:sound: ASoC: Failed to add route Digital Mic1 -> direct -> MIC BIAS3
01-01 08:00:52.334 0 0 E kona-asoc-snd soc: qcom,msm-audio-apr:qcom,q6core-audio:sound: ASoC: no source widget found for MIC BIAS1
01-01 08:00:52.336 1140 1140 D BatteryStatsImpl: Reading daily items from /data/system/batterystats-daily.xml
01-01 08:00:52.339 1241 1241 I iorapd : Opened existing database at '/data/misc/iorapd/sqlite.db'
01-01 08:00:52.340 1241 1241 W iorapd : Reconnect to package manager service: 1 times
01-01 08:00:52.340 0 0 I binder : 1241:1241 ioctl 40046210 7ffb7c8bf4 returned -22
01-01 08:00:52.345 0 0 E kona-asoc-snd soc: qcom,msm-audio-apr:qcom,q6core-audio:sound: ASoC: Failed to add route MIC BIAS1 -> direct -> TX DMIC2
01-01 08:00:52.345 0 0 E kona-asoc-snd soc: qcom,msm-audio-apr:qcom,q6core-audio:sound: ASoC: no sink widget found for MIC BIAS1
01-01 08:00:52.345 0 0 E kona-asoc-snd soc: qcom,msm-audio-apr:qcom,q6core-audio:sound: ASoC: Failed to add route Digital Mic2 -> direct -> MIC BIAS1
01-01 08:00:52.345 0 0 E kona-asoc-snd soc: qcom,msm-audio-apr:qcom,q6core-audio:sound: ASoC: no source widget found for MIC BIAS1
01-01 08:00:52.378 1140 1263 I service_manager_slow: [11,bluetooth_manager]
01-01 08:00:52.379 1140 1263 I KernelCpuUidFreqTimeReader: mPerClusterTimesAvailable=false
01-01 08:00:52.392 0 0 E kona-asoc-snd soc: qcom,msm-audio-apr:qcom,q6core-audio:sound: ASoC: Failed to add route MIC BIAS1 -> direct -> TX DMIC3
01-01 08:00:52.404 0 0 E kona-asoc-snd soc: qcom,msm-audio-apr:qcom,q6core-audio:sound: ASoC: no sink widget found for MIC BIAS1
01-01 08:00:52.405 1140 1263 E KernelCpuSpeedReader: Failed to read cpu-freq: /sys/devices/system/cpu/cpu4/cpufreq/stats/time_in_state: open failed: ENOENT (No such file or directory)
01-01 08:00:52.405 1140 1263 E KernelCpuSpeedReader: Failed to read cpu-freq: /sys/devices/system/cpu/cpu0/cpufreq/stats/time_in_state: open failed: ENOENT (No such file or directory)
01-01 08:00:52.403 577 577 I auditd : type=1400 audit(0.0:35): avc: denied { read } for comm="Binder:577_2" name="wakeup58" dev="sysfs" ino=77286 scontext=u:r:system_suspend:s0 tcontext=u:object_r:sysfs:s0 tclass=dir permissive=0
01-01 08:00:52.403 577 577 I auditd : type=1400 audit(0.0:36): avc: denied { read } for comm="Binder:577_2" name="wakeup48" dev="sysfs" ino=72757 scontext=u:r:system_suspend:s0 tcontext=u:object_r:sysfs:s0 tclass=dir permissive=0
01-01 08:00:52.403 577 577 I auditd : type=1400 audit(0.0:37): avc: denied { read } for comm="Binder:577_2" name="wakeup4" dev="sysfs" ino=47146 scontext=u:r:system_suspend:s0 tcontext=u:object_r:sysfs:s0 tclass=dir permissive=0
01-01 08:00:52.403 577 577 I auditd : type=1400 audit(0.0:38): avc: denied { read } for comm="Binder:577_2" name="wakeup38" dev="sysfs" ino=66990 scontext=u:r:system_suspend:s0 tcontext=u:object_r:sysfs:s0 tclass=dir permissive=0
01-01 08:00:52.403 577 577 I auditd : type=1400 audit(0.0:39): avc: denied { read } for comm="Binder:577_2" name="wakeup28" dev="sysfs" ino=56586 scontext=u:r:system_suspend:s0 tcontext=u:object_r:sysfs:s0 tclass=dir permissive=0
01-01 08:00:52.403 577 577 I auditd : type=1400 audit(0.0:40): avc: denied { read } for comm="Binder:577_2" name="wakeup56" dev="sysfs" ino=77214 scontext=u:r:system_suspend:s0 tcontext=u:object_r:sysfs:s0 tclass=dir permissive=0
01-01 08:00:52.403 577 577 I auditd : type=1400 audit(0.0:41): avc: denied { read } for comm="Binder:577_2" name="wakeup2" dev="sysfs" ino=46670 scontext=u:r:system_suspend:s0 tcontext=u:object_r:sysfs:s0 tclass=dir permissive=0
01-01 08:00:52.411 577 577 I auditd : type=1400 audit(0.0:42): avc: denied { read } for comm="Binder:577_2" name="wakeup54" dev="sysfs" ino=77142 scontext=u:r:system_suspend:s0 tcontext=u:object_r:sysfs:s0 tclass=dir permissive=0
01-01 08:00:52.411 577 577 I auditd : type=1400 audit(0.0:43): avc: denied { read } for comm="Binder:577_2" name="wakeup44" dev="sysfs" ino=71540 scontext=u:r:system_suspend:s0 tcontext=u:object_r:sysfs:s0 tclass=dir permissive=0
01-01 08:00:52.411 577 577 I auditd : type=1400 audit(0.0:44): avc: denied { read } for comm="Binder:577_2" name="wakeup0" dev="sysfs" ino=43878 scontext=u:r:system_suspend:s0 tcontext=u:object_r:sysfs:s0 tclass=dir permissive=0
01-01 08:00:52.415 0 0 E kona-asoc-snd soc: qcom,msm-audio-apr:qcom,q6core-audio:sound: ASoC: Failed to add route Digital Mic3 -> direct -> MIC BIAS1
01-01 08:00:52.427 0 0 E kona-asoc-snd soc: qcom,msm-audio-apr:qcom,q6core-audio:sound: ASoC: no source widget found for MIC BIAS4
01-01 08:00:52.423 577 577 I auditd : type=1400 audit(0.0:45): avc: denied { read } for comm="Binder:577_2" name="wakeup62" dev="sysfs" ino=77442 scontext=u:r:system_suspend:s0 tcontext=u:object_r:sysfs:s0 tclass=dir permissive=0
01-01 08:00:52.423 577 577 I auditd : type=1400 audit(0.0:46): avc: denied { read } for comm="Binder:577_2" name="wakeup52" dev="sysfs" ino=77070 scontext=u:r:system_suspend:s0 tcontext=u:object_r:sysfs:s0 tclass=dir permissive=0
01-01 08:00:52.423 577 577 I auditd : type=1400 audit(0.0:47): avc: denied { read } for comm="Binder:577_2" name="wakeup9" dev="sysfs" ino=55570 scontext=u:r:system_suspend:s0 tcontext=u:object_r:sysfs:s0 tclass=dir permissive=0
01-01 08:00:52.423 577 577 I auditd : type=1400 audit(0.0:48): avc: denied { read } for comm="Binder:577_2" name="wakeup32" dev="sysfs" ino=57033 scontext=u:r:system_suspend:s0 tcontext=u:object_r:sysfs:s0 tclass=dir permissive=0
01-01 08:00:52.423 577 577 I auditd : type=1400 audit(0.0:49): avc: denied { read } for comm="Binder:577_2" name="wakeup60" dev="sysfs" ino=77370 scontext=u:r:system_suspend:s0 tcontext=u:object_r:sysfs:s0 tclass=dir permissive=0
01-01 08:00:52.423 577 577 I auditd : type=1400 audit(0.0:50): avc: denied { read } for comm="Binder:577_2" name="wakeup50" dev="sysfs" ino=76998 scontext=u:r:system_suspend:s0 tcontext=u:object_r:sysfs:s0 tclass=dir permissive=0
01-01 08:00:52.423 577 577 I auditd : type=1400 audit(0.0:51): avc: denied { read } for comm="Binder:577_2" name="wakeup7" dev="sysfs" ino=55466 scontext=u:r:system_suspend:s0 tcontext=u:object_r:sysfs:s0 tclass=dir permissive=0
01-01 08:00:52.423 577 577 I auditd : type=1400 audit(0.0:52): avc: denied { read } for comm="Binder:577_2" name="wakeup79" dev="sysfs" ino=82240 scontext=u:r:system_suspend:s0 tcontext=u:object_r:sysfs:s0 tclass=dir permissive=0
01-01 08:00:52.423 577 577 I auditd : type=1400 audit(0.0:53): avc: denied { read } for comm="Binder:577_2" name="wakeup40" dev="sysfs" ino=67429 scontext=u:r:system_suspend:s0 tcontext=u:object_r:sysfs:s0 tclass=dir permissive=0
01-01 08:00:52.423 577 577 I auditd : type=1400 audit(0.0:54): avc: denied { read } for comm="Binder:577_2" name="wakeup30" dev="sysfs" ino=56801 scontext=u:r:system_suspend:s0 tcontext=u:object_r:sysfs:s0 tclass=dir permissive=0
01-01 08:00:52.435 577 577 I auditd : type=1400 audit(0.0:55): avc: denied { read } for comm="Binder:577_2" name="wakeup59" dev="sysfs" ino=77334 scontext=u:r:system_suspend:s0 tcontext=u:object_r:sysfs:s0 tclass=dir permissive=0
01-01 08:00:52.435 577 577 I auditd : type=1400 audit(0.0:56): avc: denied { read } for comm="Binder:577_2" name="wakeup5" dev="sysfs" ino=47178 scontext=u:r:system_suspend:s0 tcontext=u:object_r:sysfs:s0 tclass=dir permissive=0
01-01 08:00:52.435 577 577 I auditd : type=1400 audit(0.0:57): avc: denied { read } for comm="Binder:577_2" name="wakeup39" dev="sysfs" ino=67393 scontext=u:r:system_suspend:s0 tcontext=u:object_r:sysfs:s0 tclass=dir permissive=0
01-01 08:00:52.438 0 0 E kona-asoc-snd soc: qcom,msm-audio-apr:qcom,q6core-audio:sound: ASoC: Failed to add route MIC BIAS4 -> direct -> TX DMIC4
01-01 08:00:52.445 0 0 I binder : 1269:1269 ioctl 40046210 7fd59c0184 returned -22
01-01 08:00:52.451 0 0 E kona-asoc-snd soc: qcom,msm-audio-apr:qcom,q6core-audio:sound: ASoC: no sink widget found for MIC BIAS4
01-01 08:00:52.435 577 577 I auditd : type=1400 audit(0.0:58): avc: denied { read } for comm="Binder:577_2" name="wakeup29" dev="sysfs" ino=56695 scontext=u:r:system_suspend:s0 tcontext=u:object_r:sysfs:s0 tclass=dir permissive=0
01-01 08:00:52.435 577 577 I auditd : type=1400 audit(0.0:59): avc: denied { read } for comm="Binder:577_2" name="wakeup57" dev="sysfs" ino=77250 scontext=u:r:system_suspend:s0 tcontext=u:object_r:sysfs:s0 tclass=dir permissive=0
01-01 08:00:52.435 577 577 I auditd : type=1400 audit(0.0:60): avc: denied { read } for comm="Binder:577_2" name="wakeup19" dev="sysfs" ino=56015 scontext=u:r:system_suspend:s0 tcontext=u:object_r:sysfs:s0 tclass=dir permissive=0
01-01 08:00:52.435 577 577 I auditd : type=1400 audit(0.0:61): avc: denied { read } for comm="Binder:577_2" name="wakeup37" dev="sysfs" ino=66954 scontext=u:r:system_suspend:s0 tcontext=u:object_r:sysfs:s0 tclass=dir permissive=0
01-01 08:00:52.447 577 577 I auditd : type=1400 audit(0.0:62): avc: denied { read } for comm="Binder:577_2" name="wakeup27" dev="sysfs" ino=56552 scontext=u:r:system_suspend:s0 tcontext=u:object_r:sysfs:s0 tclass=dir permissive=0
01-01 08:00:52.447 577 577 I auditd : type=1400 audit(0.0:63): avc: denied { read } for comm="Binder:577_2" name="wakeup55" dev="sysfs" ino=77178 scontext=u:r:system_suspend:s0 tcontext=u:object_r:sysfs:s0 tclass=dir permissive=0
01-01 08:00:52.447 577 577 I auditd : type=1400 audit(0.0:64): avc: denied { read } for comm="Binder:577_2" name="wakeup17" dev="sysfs" ino=55939 scontext=u:r:system_suspend:s0 tcontext=u:object_r:sysfs:s0 tclass=dir permissive=0
01-01 08:00:52.447 577 577 I auditd : type=1400 audit(0.0:65): avc: denied { read } for comm="Binder:577_2" name="wakeup1" dev="sysfs" ino=43906 scontext=u:r:system_suspend:s0 tcontext=u:object_r:sysfs:s0 tclass=dir permissive=0
01-01 08:00:52.447 577 577 I auditd : type=1400 audit(0.0:66): avc: denied { read } for comm="Binder:577_2" name="wakeup63" dev="sysfs" ino=77478 scontext=u:r:system_suspend:s0 tcontext=u:object_r:sysfs:s0 tclass=dir permissive=0
01-01 08:00:52.447 577 577 I auditd : type=1400 audit(0.0:67): avc: denied { read } for comm="Binder:577_2" name="wakeup25" dev="sysfs" ino=56349 scontext=u:r:system_suspend:s0 tcontext=u:object_r:sysfs:s0 tclass=dir permissive=0
01-01 08:00:52.447 577 577 I auditd : type=1400 audit(0.0:68): avc: denied { read } for comm="Binder:577_2" name="wakeup53" dev="sysfs" ino=77106 scontext=u:r:system_suspend:s0 tcontext=u:object_r:sysfs:s0 tclass=dir permissive=0
01-01 08:00:52.447 577 577 I auditd : type=1400 audit(0.0:69): avc: denied { read } for comm="Binder:577_2" name="wakeup81" dev="sysfs" ino=83493 scontext=u:r:system_suspend:s0 tcontext=u:object_r:sysfs:s0 tclass=dir permissive=0
01-01 08:00:52.447 577 577 I auditd : type=1400 audit(0.0:70): avc: denied { read } for comm="Binder:577_2" name="wakeup15" dev="sysfs" ino=55839 scontext=u:r:system_suspend:s0 tcontext=u:object_r:sysfs:s0 tclass=dir permissive=0
01-01 08:00:52.447 577 577 I auditd : type=1400 audit(0.0:71): avc: denied { read } for comm="Binder:577_2" name="wakeup43" dev="sysfs" ino=71522 scontext=u:r:system_suspend:s0 tcontext=u:object_r:sysfs:s0 tclass=dir permissive=0
01-01 08:00:52.459 577 577 I auditd : type=1400 audit(0.0:72): avc: denied { read } for comm="Binder:577_2" name="wakeup33" dev="sysfs" ino=60833 scontext=u:r:system_suspend:s0 tcontext=u:object_r:sysfs:s0 tclass=dir permissive=0
01-01 08:00:52.459 577 577 I auditd : type=1400 audit(0.0:73): avc: denied { read } for comm="Binder:577_2" name="wakeup61" dev="sysfs" ino=77406 scontext=u:r:system_suspend:s0 tcontext=u:object_r:sysfs:s0 tclass=dir permissive=0
01-01 08:00:52.459 577 577 I auditd : type=1400 audit(0.0:74): avc: denied { read } for comm="Binder:577_2" name="wakeup23" dev="sysfs" ino=56250 scontext=u:r:system_suspend:s0 tcontext=u:object_r:sysfs:s0 tclass=dir permissive=0
01-01 08:00:52.459 577 577 I auditd : type=1400 audit(0.0:75): avc: denied { read } for comm="Binder:577_2" name="wakeup51" dev="sysfs" ino=77034 scontext=u:r:system_suspend:s0 tcontext=u:object_r:sysfs:s0 tclass=dir permissive=0
01-01 08:00:52.459 577 577 I auditd : type=1400 audit(0.0:76): avc: denied { read } for comm="Binder:577_2" name="wakeup8" dev="sysfs" ino=55492 scontext=u:r:system_suspend:s0 tcontext=u:object_r:sysfs:s0 tclass=dir permissive=0
01-01 08:00:52.461 0 0 E kona-asoc-snd soc: qcom,msm-audio-apr:qcom,q6core-audio:sound: ASoC: Failed to add route Digital Mic4 -> direct -> MIC BIAS4
01-01 08:00:52.480 1140 1263 W KernelMemoryBandwidthStats: No kernel memory bandwidth stats available
01-01 08:00:52.459 577 577 I auditd : type=1400 audit(0.0:77): avc: denied { read } for comm="Binder:577_2" name="wakeup13" dev="sysfs" ino=55731 scontext=u:r:system_suspend:s0 tcontext=u:object_r:sysfs:s0 tclass=dir permissive=0
01-01 08:00:52.471 577 577 I auditd : type=1400 audit(0.0:78): avc: denied { read } for comm="Binder:577_2" name="wakeup41" dev="sysfs" ino=68240 scontext=u:r:system_suspend:s0 tcontext=u:object_r:sysfs:s0 tclass=dir permissive=0
01-01 08:00:52.471 577 577 I auditd : type=1400 audit(0.0:79): avc: denied { read } for comm="Binder:577_2" name="wakeup31" dev="sysfs" ino=56899 scontext=u:r:system_suspend:s0 tcontext=u:object_r:sysfs:s0 tclass=dir permissive=0
01-01 08:00:52.471 577 577 I auditd : type=1400 audit(0.0:80): avc: denied { read } for comm="Binder:577_2" name="wakeup21" dev="sysfs" ino=56090 scontext=u:r:system_suspend:s0 tcontext=u:object_r:sysfs:s0 tclass=dir permissive=0
01-01 08:00:52.471 577 577 I auditd : type=1400 audit(0.0:81): avc: denied { read } for comm="Binder:577_2" name="wakeup6" dev="sysfs" ino=55440 scontext=u:r:system_suspend:s0 tcontext=u:object_r:sysfs:s0 tclass=dir permissive=0
01-01 08:00:52.471 577 577 I auditd : type=1400 audit(0.0:82): avc: denied { read } for comm="Binder:577_2" name="wakeup78" dev="sysfs" ino=82202 scontext=u:r:system_suspend:s0 tcontext=u:object_r:sysfs:s0 tclass=dir permissive=0
01-01 08:00:52.471 577 577 I auditd : type=1400 audit(0.0:83): avc: denied { read } for comm="Binder:577_2" name="wakeup11" dev="sysfs" ino=55646 scontext=u:r:system_suspend:s0 tcontext=u:object_r:sysfs:s0 tclass=dir permissive=0
01-01 08:00:52.474 0 0 E kona-asoc-snd soc: qcom,msm-audio-apr:qcom,q6core-audio:sound: ASoC: no source widget found for MIC BIAS4
01-01 08:00:52.485 0 0 E kona-asoc-snd soc: qcom,msm-audio-apr:qcom,q6core-audio:sound: ASoC: Failed to add route MIC BIAS4 -> direct -> TX DMIC5
01-01 08:00:52.497 0 0 E kona-asoc-snd soc: qcom,msm-audio-apr:qcom,q6core-audio:sound: ASoC: no sink widget found for MIC BIAS4
01-01 08:00:52.497 1140 1240 I commit_sys_config_file: [batterystats,13]
01-01 08:00:52.510 1140 1240 I commit_sys_config_file: [batterystats,13]
01-01 08:00:52.508 0 0 E kona-asoc-snd soc: qcom,msm-audio-apr:qcom,q6core-audio:sound: ASoC: Failed to add route Digital Mic5 -> direct -> MIC BIAS4
01-01 08:00:52.521 0 0 E kona-asoc-snd soc: qcom,msm-audio-apr:qcom,q6core-audio:sound: ASoC: no sink widget found for IN1_HPHL
01-01 08:00:52.531 0 0 E kona-asoc-snd soc: qcom,msm-audio-apr:qcom,q6core-audio:sound: ASoC: Failed to add route HPHL_OUT -> direct -> IN1_HPHL
01-01 08:00:52.535 0 0 I binder : 1283:1283 ioctl 40046210 7fda5ad664 returned -22
01-01 08:00:52.544 0 0 E kona-asoc-snd soc: qcom,msm-audio-apr:qcom,q6core-audio:sound: ASoC: no sink widget found for IN2_HPHR
01-01 08:00:52.554 0 0 E kona-asoc-snd soc: qcom,msm-audio-apr:qcom,q6core-audio:sound: ASoC: Failed to add route HPHR_OUT -> direct -> IN2_HPHR
01-01 08:00:52.567 0 0 E kona-asoc-snd soc: qcom,msm-audio-apr:qcom,q6core-audio:sound: ASoC: no sink widget found for IN3_AUX
01-01 08:00:52.588 1140 1140 I service_manager_stats: [100,62,45504]
01-01 08:00:52.577 0 0 E kona-asoc-snd soc: qcom,msm-audio-apr:qcom,q6core-audio:sound: ASoC: Failed to add route AUX_OUT -> direct -> IN3_AUX
01-01 08:00:52.589 0 0 E kona-asoc-snd soc: qcom,msm-audio-apr:qcom,q6core-audio:sound: ASoC: no source widget found for ADC1_OUTPUT
01-01 08:00:52.600 0 0 E kona-asoc-snd soc: qcom,msm-audio-apr:qcom,q6core-audio:sound: ASoC: Failed to add route ADC1_OUTPUT -> direct -> TX SWR_ADC0
01-01 08:00:52.614 0 0 E kona-asoc-snd soc: qcom,msm-audio-apr:qcom,q6core-audio:sound: ASoC: no source widget found for ADC2_OUTPUT
01-01 08:00:52.626 1291 1291 I installd: installd firing up
01-01 08:00:52.628 1140 1140 I IntentFirewall: Read new rules (A:0 B:0 S:0)
01-01 08:00:52.625 0 0 E kona-asoc-snd soc: qcom,msm-audio-apr:qcom,q6core-audio:sound: ASoC: Failed to add route ADC2_OUTPUT -> direct -> TX SWR_ADC1
01-01 08:00:52.635 0 0 I binder : 1288:1288 ioctl 40046210 7fdfbabaa4 returned -22
01-01 08:00:52.638 0 0 E kona-asoc-snd soc: qcom,msm-audio-apr:qcom,q6core-audio:sound: ASoC: no source widget found for ADC3_OUTPUT
01-01 08:00:52.649 0 0 E kona-asoc-snd soc: qcom,msm-audio-apr:qcom,q6core-audio:sound: ASoC: Failed to add route ADC3_OUTPUT -> direct -> TX SWR_ADC2
01-01 08:00:52.653 0 0 I binder : 1291:1291 ioctl 40046210 7fdbaf0224 returned -22
01-01 08:00:52.663 1140 1140 D AppOps : AppOpsService published
01-01 08:00:52.662 0 0 E kona-asoc-snd soc: qcom,msm-audio-apr:qcom,q6core-audio:sound: ASoC: no source widget found for ADC4_OUTPUT
01-01 08:00:52.673 0 0 E kona-asoc-snd soc: qcom,msm-audio-apr:qcom,q6core-audio:sound: ASoC: Failed to add route ADC4_OUTPUT -> direct -> TX SWR_ADC3
01-01 08:00:52.666 1140 1140 D SystemServerTiming: StartActivityManager took to complete: 414ms
01-01 08:00:52.666 1140 1140 I SystemServerTiming: StartDataLoaderManagerService
01-01 08:00:52.666 1140 1140 I SystemServiceManager: Starting com.android.server.pm.DataLoaderManagerService
01-01 08:00:52.689 1140 1140 D SystemServerTiming: StartDataLoaderManagerService took to complete: 24ms
01-01 08:00:52.690 1140 1140 I SystemServerTiming: StartIncrementalService
01-01 08:00:52.685 0 0 E kona-asoc-snd soc: qcom,msm-audio-apr:qcom,q6core-audio:sound: ASoC: no source widget found for DMIC1_OUTPUT
01-01 08:00:52.694 1140 1140 D SystemServerTiming: StartIncrementalService took to complete: 5ms
01-01 08:00:52.694 1140 1140 I SystemServerTiming: StartPowerManager
01-01 08:00:52.695 1140 1140 I SystemServiceManager: Starting com.android.server.power.PowerManagerService
01-01 08:00:52.697 0 0 E kona-asoc-snd soc: qcom,msm-audio-apr:qcom,q6core-audio:sound: ASoC: Failed to add route DMIC1_OUTPUT -> direct -> TX SWR_DMIC0
01-01 08:00:52.710 0 0 E kona-asoc-snd soc: qcom,msm-audio-apr:qcom,q6core-audio:sound: ASoC: no source widget found for DMIC2_OUTPUT
01-01 08:00:52.716 0 0 I binder : 1293:1293 ioctl 40046210 7fe7302b54 returned -22
01-01 08:00:52.721 0 0 E kona-asoc-snd soc: qcom,msm-audio-apr:qcom,q6core-audio:sound: ASoC: Failed to add route DMIC2_OUTPUT -> direct -> TX SWR_DMIC1
01-01 08:00:52.734 0 0 E kona-asoc-snd soc: qcom,msm-audio-apr:qcom,q6core-audio:sound: ASoC: no source widget found for DMIC3_OUTPUT
01-01 08:00:52.745 0 0 E kona-asoc-snd soc: qcom,msm-audio-apr:qcom,q6core-audio:sound: ASoC: Failed to add route DMIC3_OUTPUT -> direct -> TX SWR_DMIC2
01-01 08:00:52.758 0 0 E kona-asoc-snd soc: qcom,msm-audio-apr:qcom,q6core-audio:sound: ASoC: no source widget found for DMIC4_OUTPUT
01-01 08:00:52.769 0 0 E kona-asoc-snd soc: qcom,msm-audio-apr:qcom,q6core-audio:sound: ASoC: Failed to add route DMIC4_OUTPUT -> direct -> TX SWR_DMIC3
01-01 08:00:52.782 0 0 E kona-asoc-snd soc: qcom,msm-audio-apr:qcom,q6core-audio:sound: ASoC: no source widget found for DMIC5_OUTPUT
01-01 08:00:52.793 0 0 E kona-asoc-snd soc: qcom,msm-audio-apr:qcom,q6core-audio:sound: ASoC: Failed to add route DMIC5_OUTPUT -> direct -> TX SWR_DMIC4
01-01 08:00:52.790 1140 1140 D SystemServerTiming: StartPowerManager took to complete: 96ms
01-01 08:00:52.791 1140 1140 I SystemServerTiming: StartThermalManager
01-01 08:00:52.791 1140 1140 I SystemServiceManager: Starting com.android.server.power.ThermalManagerService
01-01 08:00:52.792 1140 1140 D SystemServerTiming: StartThermalManager took to complete: 2ms
01-01 08:00:52.793 1140 1140 I SystemServerTiming: StartHintManager
01-01 08:00:52.793 1140 1140 I SystemServiceManager: Starting com.android.server.power.hint.HintManagerService
01-01 08:00:52.797 1140 1140 D SystemServerTiming: StartHintManager took to complete: 4ms
01-01 08:00:52.797 1140 1140 I SystemServerTiming: InitPowerManagement
01-01 08:00:52.801 1140 1140 D SystemServerTiming: InitPowerManagement took to complete: 3ms
01-01 08:00:52.801 1140 1140 I SystemServerTiming: StartRecoverySystemService
01-01 08:00:52.801 1140 1140 I SystemServiceManager: Starting com.android.server.recoverysystem.RecoverySystemService$Lifecycle
01-01 08:00:52.805 1140 1140 D SystemServerTiming: StartRecoverySystemService took to complete: 5ms
01-01 08:00:52.809 1140 1140 I rescue_note: [0,1,45724]
01-01 08:00:52.809 1140 1140 I SystemServerTiming: StartLightsService
01-01 08:00:52.809 1140 1140 I SystemServiceManager: Starting com.android.server.lights.LightsService
01-01 08:00:52.806 0 0 E kona-asoc-snd soc: qcom,msm-audio-apr:qcom,q6core-audio:sound: ASoC: no source widget found for DMIC6_OUTPUT
01-01 08:00:52.818 1140 1140 D SystemServerTiming: StartLightsService took to complete: 9ms
01-01 08:00:52.818 1140 1140 I SystemServerTiming: StartSidekickService
01-01 08:00:52.818 1140 1140 D SystemServerTiming: StartSidekickService took to complete: 0ms
01-01 08:00:52.818 1140 1140 I SystemServerTiming: StartDisplayManager
01-01 08:00:52.818 1140 1140 I SystemServiceManager: Starting com.android.server.display.DisplayManagerService
01-01 08:00:52.817 0 0 E kona-asoc-snd soc: qcom,msm-audio-apr:qcom,q6core-audio:sound: ASoC: Failed to add route DMIC6_OUTPUT -> direct -> TX SWR_DMIC5
01-01 08:00:52.830 0 0 E kona-asoc-snd soc: qcom,msm-audio-apr:qcom,q6core-audio:sound: ASoC: no source widget found for DMIC7_OUTPUT
01-01 08:00:52.841 0 0 E kona-asoc-snd soc: qcom,msm-audio-apr:qcom,q6core-audio:sound: ASoC: Failed to add route DMIC7_OUTPUT -> direct -> TX SWR_DMIC6
01-01 08:00:52.858 1140 1216 I DisplayDeviceRepository: Display device added: DisplayDeviceInfo{"内置屏幕": uniqueId="local:4630946370410392961", 2380 x 1020, modeId 1, defaultModeId 1, supportedModes [{id=1, width=2380, height=1020, fps=60.000004, alternativeRefreshRates=[]}], colorMode 0, supportedColorModes [0], hdrCapabilities HdrCapabilities{mSupportedHdrTypes=[2, 3, 4], mMaxLuminance=500.0, mMaxAverageLuminance=500.0, mMinLuminance=0.0}, allmSupported false, gameContentTypeSupported false, density 240, 319.851 x 319.851 dpi, appVsyncOff 1000000, presDeadline 16666666, touch INTERNAL, rotation 0, type INTERNAL, address {port=129, model=0x40446d3026322d}, deviceProductInfo DeviceProductInfo{name=, manufacturerPnpId=QCM, productId=1, modelYear=null, manufactureDate=ManufactureDate{week=27, year=2006}, connectionToSinkType=0}, state UNKNOWN, frameRateOverride , brightnessMinimum 0.0, brightnessMaximum 1.0, brightnessDefault 1.0, FLAG_DEFAULT_DISPLAY, FLAG_ROTATES_WITH_CONTENT, FLAG_SECURE, FLAG_SUPPORTS_PROTECTED_BUFFERS}
01-01 08:00:52.854 0 0 E kona-asoc-snd soc: qcom,msm-audio-apr:qcom,q6core-audio:sound: ASoC: no source widget found for DMIC8_OUTPUT
01-01 08:00:52.866 0 0 E kona-asoc-snd soc: qcom,msm-audio-apr:qcom,q6core-audio:sound: ASoC: Failed to add route DMIC8_OUTPUT -> direct -> TX SWR_DMIC7
01-01 08:00:52.867 1140 1140 D SystemServerTiming: StartDisplayManager took to complete: 50ms
01-01 08:00:52.867 1140 1140 I SystemServerTiming: WaitForDisplay
01-01 08:00:52.867 1140 1140 I SystemServiceManager: Starting phase 100
01-01 08:00:52.868 1140 1140 I SystemServerTiming: OnBootPhase_100
01-01 08:00:52.868 1140 1140 I SystemServerTiming: OnBootPhase_100_com.android.server.security.FileIntegrityService
01-01 08:00:52.868 1140 1140 D SystemServerTiming: OnBootPhase_100_com.android.server.security.FileIntegrityService took to complete: 0ms
01-01 08:00:52.868 1140 1140 I SystemServerTiming: OnBootPhase_100_com.android.server.pm.Installer
01-01 08:00:52.868 1140 1140 D SystemServerTiming: OnBootPhase_100_com.android.server.pm.Installer took to complete: 0ms
01-01 08:00:52.868 1140 1140 I SystemServerTiming: OnBootPhase_100_com.android.server.os.DeviceIdentifiersPolicyService
01-01 08:00:52.868 1140 1140 D SystemServerTiming: OnBootPhase_100_com.android.server.os.DeviceIdentifiersPolicyService took to complete: 0ms
01-01 08:00:52.868 1140 1140 I SystemServerTiming: OnBootPhase_100_com.android.server.uri.UriGrantsManagerService$Lifecycle
01-01 08:00:52.868 1140 1140 D SystemServerTiming: OnBootPhase_100_com.android.server.uri.UriGrantsManagerService$Lifecycle took to complete: 0ms
01-01 08:00:52.868 1140 1140 I SystemServerTiming: OnBootPhase_100_com.android.server.powerstats.PowerStatsService
01-01 08:00:52.868 1140 1140 D SystemServerTiming: OnBootPhase_100_com.android.server.powerstats.PowerStatsService took to complete: 0ms
01-01 08:00:52.868 1140 1140 I SystemServerTiming: OnBootPhase_100_com.android.server.wm.ActivityTaskManagerService$Lifecycle
01-01 08:00:52.868 1140 1140 D SystemServerTiming: OnBootPhase_100_com.android.server.wm.ActivityTaskManagerService$Lifecycle took to complete: 0ms
01-01 08:00:52.868 1140 1140 I SystemServerTiming: OnBootPhase_100_com.android.server.am.ActivityManagerService$Lifecycle
01-01 08:00:52.868 1140 1140 D SystemServerTiming: OnBootPhase_100_com.android.server.am.ActivityManagerService$Lifecycle took to complete: 0ms
01-01 08:00:52.868 1140 1140 I SystemServerTiming: OnBootPhase_100_com.android.server.pm.DataLoaderManagerService
01-01 08:00:52.868 1140 1140 D SystemServerTiming: OnBootPhase_100_com.android.server.pm.DataLoaderManagerService took to complete: 0ms
01-01 08:00:52.868 1140 1140 I SystemServerTiming: OnBootPhase_100_com.android.server.power.PowerManagerService
01-01 08:00:52.868 1140 1140 D SystemServerTiming: OnBootPhase_100_com.android.server.power.PowerManagerService took to complete: 0ms
01-01 08:00:52.868 1140 1140 I SystemServerTiming: OnBootPhase_100_com.android.server.power.ThermalManagerService
01-01 08:00:52.868 1140 1140 D SystemServerTiming: OnBootPhase_100_com.android.server.power.ThermalManagerService took to complete: 0ms
01-01 08:00:52.868 1140 1140 I SystemServerTiming: OnBootPhase_100_com.android.server.power.hint.HintManagerService
01-01 08:00:52.868 1140 1140 D SystemServerTiming: OnBootPhase_100_com.android.server.power.hint.HintManagerService took to complete: 0ms
01-01 08:00:52.868 1140 1140 I SystemServerTiming: OnBootPhase_100_com.android.server.recoverysystem.RecoverySystemService$Lifecycle
01-01 08:00:52.869 1140 1140 D SystemServerTiming: OnBootPhase_100_com.android.server.recoverysystem.RecoverySystemService$Lifecycle took to complete: 0ms
01-01 08:00:52.869 1140 1140 I SystemServerTiming: OnBootPhase_100_com.android.server.lights.LightsService
01-01 08:00:52.869 1140 1140 D SystemServerTiming: OnBootPhase_100_com.android.server.lights.LightsService took to complete: 0ms
01-01 08:00:52.869 1140 1140 I SystemServerTiming: OnBootPhase_100_com.android.server.display.DisplayManagerService
01-01 08:00:52.870 1140 1216 I LogicalDisplayMapper: Applying layout: [{addr: {port=129, model=0x40446d3026322d}, dispId: 0(ON)}], Previous layout: null
01-01 08:00:52.880 1140 1216 I LogicalDisplayMapper: Adding new display: 0: DisplayInfo{"内置屏幕", displayId 0", displayGroupId -1, FLAG_SECURE, FLAG_SUPPORTS_PROTECTED_BUFFERS, FLAG_TRUSTED, real 2380 x 1020, largest app 2380 x 1020, smallest app 2380 x 1020, appVsyncOff 1000000, presDeadline 16666666, mode 1, defaultMode 1, modes [{id=1, width=2380, height=1020, fps=60.000004, alternativeRefreshRates=[]}], hdrCapabilities HdrCapabilities{mSupportedHdrTypes=[2, 3, 4], mMaxLuminance=500.0, mMaxAverageLuminance=500.0, mMinLuminance=0.0}, userDisabledHdrTypes [], minimalPostProcessingSupported false, rotation 0, state UNKNOWN, type INTERNAL, uniqueId "local:4630946370410392961", app 2380 x 1020, density 240 (319.851 x 319.851) dpi, layerStack 0, colorMode 0, supportedColorModes [0], address {port=129, model=0x40446d3026322d}, deviceProductInfo DeviceProductInfo{name=, manufacturerPnpId=QCM, productId=1, modelYear=null, manufactureDate=ManufactureDate{week=27, year=2006}, connectionToSinkType=0}, removeMode 0, refreshRateOverride 0.0, brightnessMinimum 0.0, brightnessMaximum 1.0, brightnessDefault 1.0}
01-01 08:00:52.881 1140 1216 I LogicalDisplayMapper: Setting new display group 0 for display 0, from previous group: null
01-01 08:00:52.879 0 0 E kona-asoc-snd soc: qcom,msm-audio-apr:qcom,q6core-audio:sound: ASoC: no sink widget found for SpkrLeft IN
01-01 08:00:52.890 0 0 E kona-asoc-snd soc: qcom,msm-audio-apr:qcom,q6core-audio:sound: ASoC: Failed to add route WSA_SPK1 OUT -> direct -> SpkrLeft IN
01-01 08:00:52.890 0 0 I binder : 1311:1311 ioctl 40046210 7ffd859fb4 returned -22
01-01 08:00:52.888 1140 1216 E DisplayDeviceConfig: requesting nits when no mapping exists.
01-01 08:00:52.889 1311 1311 I wificond: wificond is starting up...
01-01 08:00:52.903 0 0 E kona-asoc-snd soc: qcom,msm-audio-apr:qcom,q6core-audio:sound: ASoC: no sink widget found for SpkrRight IN
01-01 08:00:52.914 0 0 E kona-asoc-snd soc: qcom,msm-audio-apr:qcom,q6core-audio:sound: ASoC: Failed to add route WSA_SPK2 OUT -> direct -> SpkrRight IN
01-01 08:00:52.927 0 0 E kona-asoc-snd soc: qcom,msm-audio-apr:qcom,q6core-audio:sound: ASoC: no sink widget found for VA MIC BIAS3
01-01 08:00:52.938 0 0 E kona-asoc-snd soc: qcom,msm-audio-apr:qcom,q6core-audio:sound: ASoC: Failed to add route Digital Mic0 -> direct -> VA MIC BIAS3
01-01 08:00:52.940 0 0 I binder : 1292:1292 ioctl 40046210 7fd27b2834 returned -22
01-01 08:00:52.910 1140 1216 I am_wtf : [0,1140,system_server,-1,DisplayDeviceConfig,requesting nits when no mapping exists.]
01-01 08:00:52.910 1140 1216 E DisplayDeviceConfig: requesting nits when no mapping exists.
01-01 08:00:52.911 1140 1216 I am_wtf : [0,1140,system_server,-1,DisplayDeviceConfig,requesting nits when no mapping exists.]
01-01 08:00:52.912 1140 1140 D SystemServerTiming: OnBootPhase_100_com.android.server.display.DisplayManagerService took to complete: 44ms
01-01 08:00:52.913 1140 1140 D SystemServerTiming: OnBootPhase_100 took to complete: 45ms
01-01 08:00:52.913 1140 1140 D SystemServerTiming: WaitForDisplay took to complete: 45ms
01-01 08:00:52.913 1140 1140 I SystemServerTiming: StartDomainVerificationService
01-01 08:00:52.916 1140 1216 I DisplayDeviceRepository: Display device changed state: "内置屏幕", ON
01-01 08:00:52.917 1140 1140 D SystemServerTiming: StartDomainVerificationService took to complete: 5ms
01-01 08:00:52.918 1140 1140 I SystemServerTiming: StartPackageManagerService
01-01 08:00:52.918 1140 1140 I Watchdog: Pausing HandlerChecker: main thread for reason: packagemanagermain. Pause count: 1
01-01 08:00:52.919 1140 1140 I PackageManagerTiming: create package manager
01-01 08:00:52.934 1140 1140 I boot_progress_pms_start: 45851
01-01 08:00:52.935 1140 1140 I PackageManagerTiming: readListOfPackagesToBeDisabled
01-01 08:00:52.935 1140 1140 D PackageManagerTiming: readListOfPackagesToBeDisabled took to complete: 0ms
01-01 08:00:52.935 1140 1140 I PackageManagerTiming: createSubComponents
01-01 08:00:52.952 0 0 E kona-asoc-snd soc: qcom,msm-audio-apr:qcom,q6core-audio:sound: ASoC: no sink widget found for VA MIC BIAS3
01-01 08:00:52.952 0 0 I binder : 1320:1320 ioctl 40046210 7fcf5be594 returned -22
01-01 08:00:52.954 0 0 I binder : 1311:1311 ioctl 40046210 7ffd859f34 returned -22
01-01 08:00:52.962 1311 1311 I HidlServiceManagement: Registered android.system.wifi.keystore@1.0::IKeystore/default
01-01 08:00:52.963 0 0 E kona-asoc-snd soc: qcom,msm-audio-apr:qcom,q6core-audio:sound: ASoC: Failed to add route Digital Mic1 -> direct -> VA MIC BIAS3
01-01 08:00:52.976 0 0 E kona-asoc-snd soc: qcom,msm-audio-apr:qcom,q6core-audio:sound: ASoC: no sink widget found for VA MIC BIAS4
01-01 08:00:52.987 0 0 E kona-asoc-snd soc: qcom,msm-audio-apr:qcom,q6core-audio:sound: ASoC: Failed to add route Digital Mic4 -> direct -> VA MIC BIAS4
01-01 08:00:53.000 0 0 E kona-asoc-snd soc: qcom,msm-audio-apr:qcom,q6core-audio:sound: ASoC: no sink widget found for VA MIC BIAS4
01-01 08:00:53.011 0 0 E kona-asoc-snd soc: qcom,msm-audio-apr:qcom,q6core-audio:sound: ASoC: Failed to add route Digital Mic5 -> direct -> VA MIC BIAS4
01-01 08:00:53.024 0 0 E kona-asoc-snd soc: qcom,msm-audio-apr:qcom,q6core-audio:sound: ASoC: no source widget found for VA MIC BIAS3
01-01 08:00:53.035 0 0 E kona-asoc-snd soc: qcom,msm-audio-apr:qcom,q6core-audio:sound: ASoC: Failed to add route VA MIC BIAS3 -> direct -> VA DMIC0
01-01 08:00:53.049 0 0 E kona-asoc-snd soc: qcom,msm-audio-apr:qcom,q6core-audio:sound: ASoC: no source widget found for VA MIC BIAS3
01-01 08:00:53.061 0 0 E kona-asoc-snd soc: qcom,msm-audio-apr:qcom,q6core-audio:sound: ASoC: Failed to add route VA MIC BIAS3 -> direct -> VA DMIC1
01-01 08:00:53.070 1140 1140 D PackageManagerTiming: createSubComponents took to complete: 135ms
01-01 08:00:53.070 1140 1140 I PackageManagerTiming: addSharedUsers
01-01 08:00:53.071 1140 1140 D PackageManagerTiming: addSharedUsers took to complete: 1ms
01-01 08:00:53.072 1140 1140 I PackageManagerTiming: get system config
01-01 08:00:53.072 1140 1140 D PackageManagerTiming: get system config took to complete: 0ms
01-01 08:00:53.077 1140 1140 D PackageManager: Directories scanned as system partitions: [/system:0, /vendor:524288, /odm:4194304, /oem:262144, /product:1048576, /system_ext:2097152, /apex/com.android.vndk.v30:8388608, /apex/com.android.wifi:8388608, /apex/com.android.vndk.v31:8388608, /apex/com.android.tzdata:8388608, /apex/com.android.tethering:8388608, /apex/com.android.sdkext:8388608, /apex/com.android.scheduling:8388608, /apex/com.android.runtime:8388608, /apex/com.android.resolv:8388608, /apex/com.android.permission:8388608, /apex/com.android.os.statsd:8388608, /apex/com.android.neuralnetworks:8388608, /apex/com.android.mediaprovider:8388608, /apex/com.android.media.swcodec:8388608, /apex/com.android.media:8388608, /apex/com.android.ipsec:8388608, /apex/com.android.i18n:8388608, /apex/com.android.extservices:8388608, /apex/com.android.conscrypt:8388608, /apex/com.android.art:8388608, /apex/com.android.appsearch:8388608, /apex/com.android.adbd:8388608]
01-01 08:00:53.074 0 0 E kona-asoc-snd soc: qcom,msm-audio-apr:qcom,q6core-audio:sound: ASoC: no source widget found for VA MIC BIAS4
01-01 08:00:53.080 0 0 I binder : 1295:1295 ioctl 40046210 ff9e89b8 returned -22
01-01 08:00:53.085 0 0 E kona-asoc-snd soc: qcom,msm-audio-apr:qcom,q6core-audio:sound: ASoC: Failed to add route VA MIC BIAS4 -> direct -> VA DMIC4
01-01 08:00:53.089 1140 1174 W android.permission.PermissionManager: Missing ActivityManager; assuming 1013 does not hold android.permission.UPDATE_DEVICE_STATS
01-01 08:00:53.091 0 0 I binder : 1299:1299 ioctl 40046210 7fe1a0ee44 returned -22
01-01 08:00:53.098 0 0 E kona-asoc-snd soc: qcom,msm-audio-apr:qcom,q6core-audio:sound: ASoC: no source widget found for VA MIC BIAS4
01-01 08:00:53.105 1140 1174 W android.permission.PermissionManager: Missing ActivityManager; assuming 1013 does not hold android.permission.UPDATE_DEVICE_STATS
01-01 08:00:53.107 1140 1140 D SELinuxMMAC: Using policy file /system/etc/selinux/plat_mac_permissions.xml
01-01 08:00:53.107 0 0 I binder : 1295:1295 ioctl 40046210 ff9e89a0 returned -22
01-01 08:00:53.109 0 0 E kona-asoc-snd soc: qcom,msm-audio-apr:qcom,q6core-audio:sound: ASoC: Failed to add route VA MIC BIAS4 -> direct -> VA DMIC5
01-01 08:00:53.112 1140 1140 D SELinuxMMAC: Using policy file /system_ext/etc/selinux/system_ext_mac_permissions.xml
01-01 08:00:53.114 1140 1140 D SELinuxMMAC: Using policy file /product/etc/selinux/product_mac_permissions.xml
01-01 08:00:53.115 1140 1140 D SELinuxMMAC: Using policy file /vendor/etc/selinux/vendor_mac_permissions.xml
01-01 08:00:53.116 1299 1299 W storaged: health: invalid battery status
01-01 08:00:53.117 1140 1140 D SELinuxMMAC: Using policy file /odm/etc/selinux/odm_mac_permissions.xml
01-01 08:00:53.119 1140 1140 I PackageManagerTiming: loadFallbacks
01-01 08:00:53.120 1140 1140 D PackageManagerTiming: loadFallbacks took to complete: 1ms
01-01 08:00:53.120 1140 1140 I PackageManagerTiming: read user settings
01-01 08:00:53.118 0 0 I binder : 1299:1299 ioctl 40046210 7fe1a0ed74 returned -22
01-01 08:00:53.121 0 0 E kona-asoc-snd soc: qcom,msm-audio-apr:qcom,q6core-audio:sound: ASoC: no source widget found for ADC1_OUTPUT
01-01 08:00:53.132 0 0 E kona-asoc-snd soc: qcom,msm-audio-apr:qcom,q6core-audio:sound: ASoC: Failed to add route ADC1_OUTPUT -> direct -> VA SWR_ADC0
01-01 08:00:53.167 0 0 E kona-asoc-snd soc: qcom,msm-audio-apr:qcom,q6core-audio:sound: ASoC: no source widget found for ADC2_OUTPUT
01-01 08:00:53.179 0 0 E kona-asoc-snd soc: qcom,msm-audio-apr:qcom,q6core-audio:sound: ASoC: Failed to add route ADC2_OUTPUT -> direct -> VA SWR_ADC1
01-01 08:00:53.192 0 0 E kona-asoc-snd soc: qcom,msm-audio-apr:qcom,q6core-audio:sound: ASoC: no source widget found for ADC3_OUTPUT
01-01 08:00:53.203 0 0 E kona-asoc-snd soc: qcom,msm-audio-apr:qcom,q6core-audio:sound: ASoC: Failed to add route ADC3_OUTPUT -> direct -> VA SWR_ADC2
01-01 08:00:53.216 0 0 E kona-asoc-snd soc: qcom,msm-audio-apr:qcom,q6core-audio:sound: ASoC: no source widget found for ADC4_OUTPUT
01-01 08:00:53.227 0 0 E kona-asoc-snd soc: qcom,msm-audio-apr:qcom,q6core-audio:sound: ASoC: Failed to add route ADC4_OUTPUT -> direct -> VA SWR_ADC3
01-01 08:00:53.233 1140 1140 W android.permission.PermissionManager: Missing ActivityManager; assuming 1000 holds android.permission.SET_PREFERRED_APPLICATIONS
01-01 08:00:53.237 1140 1140 W android.permission.PermissionManager: Missing ActivityManager; assuming 1000 holds android.permission.SET_PREFERRED_APPLICATIONS
01-01 08:00:53.238 1140 1140 W android.permission.PermissionManager: Missing ActivityManager; assuming 1000 holds android.permission.SET_PREFERRED_APPLICATIONS
01-01 08:00:53.240 1140 1240 I service_manager_slow: [12,installd]
01-01 08:00:53.240 1140 1140 W android.permission.PermissionManager: Missing ActivityManager; assuming 1000 holds android.permission.SET_PREFERRED_APPLICATIONS
01-01 08:00:53.245 1140 1300 W ProcessCpuTracker: Failed to stat(/proc/1294): android.system.ErrnoException: stat failed: ENOENT (No such file or directory)
01-01 08:00:53.245 1140 1300 W ProcessCpuTracker: Skipping unknown process pid 1294
01-01 08:00:53.246 1140 1140 W android.permission.PermissionManager: Missing ActivityManager; assuming 1000 holds android.permission.SET_PREFERRED_APPLICATIONS
01-01 08:00:53.247 1140 1300 W ProcessCpuTracker: Failed to stat(/proc/1296): android.system.ErrnoException: stat failed: ENOENT (No such file or directory)
01-01 08:00:53.248 1140 1140 W android.permission.PermissionManager: Missing ActivityManager; assuming 1000 holds android.permission.SET_PREFERRED_APPLICATIONS
01-01 08:00:53.248 1140 1300 W ProcessCpuTracker: Skipping unknown process pid 1296
01-01 08:00:53.249 1140 1300 W ProcessCpuTracker: Failed to stat(/proc/1297): android.system.ErrnoException: stat failed: ENOENT (No such file or directory)
01-01 08:00:53.249 1140 1300 W ProcessCpuTracker: Skipping unknown process pid 1297
01-01 08:00:53.251 1140 1140 W android.permission.PermissionManager: Missing ActivityManager; assuming 1000 holds android.permission.SET_PREFERRED_APPLICATIONS
01-01 08:00:53.251 1140 1300 W ProcessCpuTracker: Failed to stat(/proc/1309): android.system.ErrnoException: stat failed: ENOENT (No such file or directory)
01-01 08:00:53.252 1140 1300 W ProcessCpuTracker: Skipping unknown process pid 1309
01-01 08:00:53.256 1140 1140 W android.permission.PermissionManager: Missing ActivityManager; assuming 1000 holds android.permission.SET_PREFERRED_APPLICATIONS
01-01 08:00:53.257 1140 1140 W android.permission.PermissionManager: Missing ActivityManager; assuming 1000 holds android.permission.SET_PREFERRED_APPLICATIONS
01-01 08:00:53.260 1140 1140 W android.permission.PermissionManager: Missing ActivityManager; assuming 1000 holds android.permission.SET_PREFERRED_APPLICATIONS
01-01 08:00:53.261 1140 1140 W android.permission.PermissionManager: Missing ActivityManager; assuming 1000 holds android.permission.SET_PREFERRED_APPLICATIONS
01-01 08:00:53.262 1140 1140 W android.permission.PermissionManager: Missing ActivityManager; assuming 1000 holds android.permission.SET_PREFERRED_APPLICATIONS
01-01 08:00:53.266 1140 1140 W android.permission.PermissionManager: Missing ActivityManager; assuming 1000 holds android.permission.SET_PREFERRED_APPLICATIONS
01-01 08:00:53.268 1140 1140 W android.permission.PermissionManager: Missing ActivityManager; assuming 1000 holds android.permission.SET_PREFERRED_APPLICATIONS
01-01 08:00:53.268 1140 1140 W android.permission.PermissionManager: Missing ActivityManager; assuming 1000 holds android.permission.SET_PREFERRED_APPLICATIONS
01-01 08:00:53.271 1140 1140 W android.permission.PermissionManager: Missing ActivityManager; assuming 1000 holds android.permission.SET_PREFERRED_APPLICATIONS
01-01 08:00:53.273 1140 1140 W android.permission.PermissionManager: Missing ActivityManager; assuming 1000 holds android.permission.SET_PREFERRED_APPLICATIONS
01-01 08:00:53.274 1140 1140 W android.permission.PermissionManager: Missing ActivityManager; assuming 1000 holds android.permission.SET_PREFERRED_APPLICATIONS
01-01 08:00:53.263 0 0 E kona-asoc-snd soc: qcom,msm-audio-apr:qcom,q6core-audio:sound: ASoC: no source widget found for DMIC1_OUTPUT
01-01 08:00:53.285 1140 1140 W android.permission.PermissionManager: Missing ActivityManager; assuming 1000 holds android.permission.SET_PREFERRED_APPLICATIONS
01-01 08:00:53.289 1140 1140 W android.permission.PermissionManager: Missing ActivityManager; assuming 1000 holds android.permission.SET_PREFERRED_APPLICATIONS
01-01 08:00:53.290 1347 1347 I imsrcsd : Uce Service HAL is starting up...
01-01 08:00:53.291 1140 1140 W android.permission.PermissionManager: Missing ActivityManager; assuming 1000 holds android.permission.SET_PREFERRED_APPLICATIONS
01-01 08:00:53.287 0 0 E kona-asoc-snd soc: qcom,msm-audio-apr:qcom,q6core-audio:sound: ASoC: Failed to add route DMIC1_OUTPUT -> direct -> VA SWR_MIC0
01-01 08:00:53.292 1140 1140 W android.permission.PermissionManager: Missing ActivityManager; assuming 1000 holds android.permission.SET_PREFERRED_APPLICATIONS
01-01 08:00:53.294 1140 1140 W android.permission.PermissionManager: Missing ActivityManager; assuming 1000 holds android.permission.SET_PREFERRED_APPLICATIONS
01-01 08:00:53.294 1140 1140 W android.permission.PermissionManager: Missing ActivityManager; assuming 1000 holds android.permission.SET_PREFERRED_APPLICATIONS
01-01 08:00:53.295 1140 1140 W android.permission.PermissionManager: Missing ActivityManager; assuming 1000 holds android.permission.SET_PREFERRED_APPLICATIONS
01-01 08:00:53.296 1140 1140 W android.permission.PermissionManager: Missing ActivityManager; assuming 1000 holds android.permission.SET_PREFERRED_APPLICATIONS
01-01 08:00:53.300 1140 1140 W android.permission.PermissionManager: Missing ActivityManager; assuming 1000 holds android.permission.SET_PREFERRED_APPLICATIONS
01-01 08:00:53.301 1347 1347 I imsrcsd : Uce Service HAL loading imsrcsbaseimpl
01-01 08:00:53.302 1140 1140 W android.permission.PermissionManager: Missing ActivityManager; assuming 1000 holds android.permission.SET_PREFERRED_APPLICATIONS
01-01 08:00:53.303 1140 1140 W android.permission.PermissionManager: Missing ActivityManager; assuming 1000 holds android.permission.SET_PREFERRED_APPLICATIONS
01-01 08:00:53.311 1140 1140 W android.permission.PermissionManager: Missing ActivityManager; assuming 1000 holds android.permission.SET_PREFERRED_APPLICATIONS
01-01 08:00:53.312 1140 1140 W android.permission.PermissionManager: Missing ActivityManager; assuming 1000 holds android.permission.SET_PREFERRED_APPLICATIONS
01-01 08:00:53.313 1140 1140 W android.permission.PermissionManager: Missing ActivityManager; assuming 1000 holds android.permission.SET_PREFERRED_APPLICATIONS
01-01 08:00:53.314 1140 1140 W android.permission.PermissionManager: Missing ActivityManager; assuming 1000 holds android.permission.SET_PREFERRED_APPLICATIONS
01-01 08:00:53.315 1140 1140 W android.permission.PermissionManager: Missing ActivityManager; assuming 1000 holds android.permission.SET_PREFERRED_APPLICATIONS
01-01 08:00:53.316 1140 1140 W android.permission.PermissionManager: Missing ActivityManager; assuming 1000 holds android.permission.SET_PREFERRED_APPLICATIONS
01-01 08:00:53.317 1140 1140 W android.permission.PermissionManager: Missing ActivityManager; assuming 1000 holds android.permission.SET_PREFERRED_APPLICATIONS
01-01 08:00:53.307 0 0 E kona-asoc-snd soc: qcom,msm-audio-apr:qcom,q6core-audio:sound: ASoC: no source widget found for DMIC2_OUTPUT
01-01 08:00:53.319 0 0 E kona-asoc-snd soc: qcom,msm-audio-apr:qcom,q6core-audio:sound: ASoC: Failed to add route DMIC2_OUTPUT -> direct -> VA SWR_MIC1
01-01 08:00:53.324 1140 1140 W android.permission.PermissionManager: Missing ActivityManager; assuming 1000 holds android.permission.SET_PREFERRED_APPLICATIONS
01-01 08:00:53.329 1140 1140 W android.permission.PermissionManager: Missing ActivityManager; assuming 1000 holds android.permission.SET_PREFERRED_APPLICATIONS
01-01 08:00:53.331 1140 1140 W android.permission.PermissionManager: Missing ActivityManager; assuming 1000 holds android.permission.SET_PREFERRED_APPLICATIONS
01-01 08:00:53.332 1140 1140 W android.permission.PermissionManager: Missing ActivityManager; assuming 1000 holds android.permission.SET_PREFERRED_APPLICATIONS
01-01 08:00:53.332 1140 1140 W android.permission.PermissionManager: Missing ActivityManager; assuming 1000 holds android.permission.SET_PREFERRED_APPLICATIONS
01-01 08:00:53.332 1140 1140 W android.permission.PermissionManager: Missing ActivityManager; assuming 1000 holds android.permission.SET_PREFERRED_APPLICATIONS
01-01 08:00:53.333 1140 1140 W android.permission.PermissionManager: Missing ActivityManager; assuming 1000 holds android.permission.SET_PREFERRED_APPLICATIONS
01-01 08:00:53.333 1140 1140 W android.permission.PermissionManager: Missing ActivityManager; assuming 1000 holds android.permission.SET_PREFERRED_APPLICATIONS
01-01 08:00:53.333 1140 1140 W android.permission.PermissionManager: Missing ActivityManager; assuming 1000 holds android.permission.SET_PREFERRED_APPLICATIONS
01-01 08:00:53.334 1140 1140 W android.permission.PermissionManager: Missing ActivityManager; assuming 1000 holds android.permission.SET_PREFERRED_APPLICATIONS
01-01 08:00:53.334 1140 1140 W android.permission.PermissionManager: Missing ActivityManager; assuming 1000 holds android.permission.SET_PREFERRED_APPLICATIONS
01-01 08:00:53.334 1140 1140 W android.permission.PermissionManager: Missing ActivityManager; assuming 1000 holds android.permission.SET_PREFERRED_APPLICATIONS
01-01 08:00:53.335 1140 1140 W android.permission.PermissionManager: Missing ActivityManager; assuming 1000 holds android.permission.SET_PREFERRED_APPLICATIONS
01-01 08:00:53.335 1140 1140 W android.permission.PermissionManager: Missing ActivityManager; assuming 1000 holds android.permission.SET_PREFERRED_APPLICATIONS
01-01 08:00:53.335 1140 1140 W android.permission.PermissionManager: Missing ActivityManager; assuming 1000 holds android.permission.SET_PREFERRED_APPLICATIONS
01-01 08:00:53.343 1140 1140 W android.permission.PermissionManager: Missing ActivityManager; assuming 1000 holds android.permission.SET_PREFERRED_APPLICATIONS
