10-12 02:43:10.520 2024 2024 D NavigationModeController: /product/overlay/SystemUIResCommon_Sys.apk
10-12 02:43:10.522 2024 2024 D NavigationModeController: getCurrentInteractionMode: mode=2 contextUser=0
10-12 02:43:10.529 1539 1577 I adbd : jdwp connection from 2371
10-12 02:43:10.530 2246 2246 D nativeloader: classloader namespace configured for unbundled product apk. library_path=/product/app/webview/lib/arm64:/product/app/webview/webview.apk!/lib/arm64-v8a:/product/lib64:/system/product/lib64
01-01 08:01:01.579 0 0 I binder : 2371:2371 ioctl 40046210 7fe476a004 returned -22
10-12 02:43:10.531 2371 2371 D ProcessState: Binder ioctl to enable oneway spam detection failed: Invalid argument
10-12 02:43:10.545 1140 1679 I commit_sys_config_file: [log-files,2385]
10-12 02:43:10.545 1539 1577 I adbd : jdwp connection from 2366
10-12 02:43:10.552 2371 2371 I service_manager_slow: [17,activity]
10-12 02:43:10.552 1140 1173 I am_proc_bound: [0,2371,com.android.se]
10-12 02:43:10.553 1140 1173 D CompatibilityChangeReporter: Compat change id reported: 168419799; UID 1068; state: DISABLED
10-12 02:43:10.553 1140 1173 D CompatibilityInfo: mCompatibilityFlags - 4
10-12 02:43:10.554 1140 1173 D CompatibilityInfo: applicationDensity - 240
10-12 02:43:10.554 1140 1173 D CompatibilityInfo: applicationScale - 1.0
10-12 02:43:10.554 2024 2382 V MediaRouter: Selecting route: RouteInfo{ name=平板电脑, description=null, status=null, category=RouteCategory{ name=系统 types=ROUTE_TYPE_LIVE_AUDIO ROUTE_TYPE_LIVE_VIDEO groupable=false }, supportedTypes=ROUTE_TYPE_LIVE_AUDIO ROUTE_TYPE_LIVE_VIDEO , presentationDisplay=null }
10-12 02:43:10.554 677 677 D Zygote : Forked child process 2404
10-12 02:43:10.555 1140 1246 W ActivityManager: Slow operation: 1443ms so far, now at startProcess: returned from zygote!
10-12 02:43:10.555 2024 2382 I MediaRouter: Skip setBluetoothA2dpOn(): types=8388615, isPlaybackActive()=false, BT route=null
10-12 02:43:10.555 1140 1173 I am_uid_active: 1068
10-12 02:43:10.556 1140 1246 W ActivityManager: Slow operation: 1444ms so far, now at startProcess: done updating battery stats
10-12 02:43:10.556 1140 1246 I am_proc_start: [0,2404,1000,com.thundercomm.remotecontrolservice,added application,com.thundercomm.remotecontrolservice]
10-12 02:43:10.556 1140 1246 W ActivityManager: Slow operation: 1445ms so far, now at startProcess: building log message
10-12 02:43:10.556 1140 1246 I ActivityManager: Start proc 2404:com.thundercomm.remotecontrolservice/1000 for added application com.thundercomm.remotecontrolservice
10-12 02:43:10.556 1140 1246 W ActivityManager: Slow operation: 1445ms so far, now at startProcess: starting to update pids map
10-12 02:43:10.557 1140 1246 W ActivityManager: Slow operation: 1445ms so far, now at startProcess: done updating pids map
10-12 02:43:10.557 1140 1246 W ActivityManager: Slow operation: 1444ms so far, now at startProcess: asking zygote to start proc
01-01 08:01:01.608 0 0 I binder : 2366:2366 ioctl 40046210 7fe476a004 returned -22
10-12 02:43:10.560 2024 2024 D SystemUIBootTiming: StartServicescom.android.systemui.keyguard.KeyguardViewMediator took to complete: 132ms
10-12 02:43:10.561 2024 2024 D NavigationModeController: getCurrentInteractionMode: mode=2 contextUser=0
10-12 02:43:10.566 1140 1174 I am_uid_running: 10083
10-12 02:43:10.566 1140 1174 D CompatibilityChangeReporter: Compat change id reported: 135634846; UID 10083; state: DISABLED
10-12 02:43:10.566 1140 1174 D CompatibilityChangeReporter: Compat change id reported: 177438394; UID 10083; state: DISABLED
10-12 02:43:10.566 1140 1174 D CompatibilityChangeReporter: Compat change id reported: 135772972; UID 10083; state: DISABLED
10-12 02:43:10.567 1140 1174 D CompatibilityChangeReporter: Compat change id reported: 135754954; UID 10083; state: ENABLED
10-12 02:43:10.567 2024 2024 D SystemUIBootTiming: StartServicescom.android.systemui.recents.Recents took to complete: 8ms
10-12 02:43:10.569 2371 2371 D CompatibilityChangeReporter: Compat change id reported: 171979766; UID 1068; state: ENABLED
10-12 02:43:10.569 2024 2024 I vol.Events: writeEvent collection_started
10-12 02:43:10.560 2366 2366 D ProcessState: Binder ioctl to enable oneway spam detection failed: Invalid argument
10-12 02:43:10.577 1292 1292 I MMParserExtractor: Created(0xb400007282281d30)
10-12 02:43:10.582 2024 2043 I ndroid.systemu: Background young concurrent copying GC freed 25213(2015KB) AllocSpace objects, 2(40KB) LOS objects, 87% free, 3474KB/27MB, paused 99us,75us total 103.717ms
10-12 02:43:10.587 1140 1140 W Looper : Slow dispatch took 349ms main h=android.app.ActivityThread$H c=android.app.LoadedApk$ReceiverDispatcher$Args$$ExternalSyntheticLambda0@9d0e7ef m=0
10-12 02:43:10.590 1140 1140 D ConditionProviders.SCP: onSubscribe condition://android/schedule?days=1.2.3.4.5.6.7&start=22.0&end=7.0&exitAtAlarm=true
10-12 02:43:10.590 2024 2403 D MediaCodecList: codecHandlesFormat: no format, so no extra checks
10-12 02:43:10.590 1140 1140 D ConditionProviders.SCP: setRegistered true
10-12 02:43:10.591 2024 2403 D MediaCodecList: codecHandlesFormat: no format, so no extra checks
10-12 02:43:10.592 1140 1213 D UsbDeviceManager: push notification:正在通过 USB 为此设备充电
10-12 02:43:10.596 1292 1343 I MMParserExtractor: Created(0xb4000072822819b0)
10-12 02:43:10.600 1140 1140 D ConditionProviders.SCP: evaluateSubscriptionLocked cal=ScheduleCalendar[mDays={1, 2, 3, 4, 5, 6, 7}, mSchedule=ScheduleInfo{days=[1, 2, 3, 4, 5, 6, 7], startHour=22, startMinute=0, endHour=7, endMinute=0, exitAtAlarm=true, nextAlarm=Thu Jan 01 08:00:00 GMT+08:00 1970 (0)}], now=Wed Oct 12 02:43:10 GMT+08:00 2022 (1665513790590), nextUserAlarmTime=Thu Jan 01 08:00:00 GMT+08:00 1970 (0)
10-12 02:43:10.600 1140 1140 D ConditionProviders.SCP: notifyCondition condition://android/schedule?days=1.2.3.4.5.6.7&start=22.0&end=7.0&exitAtAlarm=true STATE_TRUE reason=meetsSchedule
10-12 02:43:10.602 2024 2410 D CCodec : allocate(c2.android.vorbis.decoder)
10-12 02:43:10.603 2024 2410 D hw-ProcessState: Binder ioctl to enable oneway spam detection failed: Invalid argument
10-12 02:43:10.603 1140 1173 I am_proc_bound: [0,2366,com.qti.qualcomm.mstatssystemservice]
01-01 08:01:01.651 0 0 I binder : 2024:2410 ioctl 40046210 7597605124 returned -22
10-12 02:43:10.610 1140 1679 I commit_sys_config_file: [log-files,2451]
10-12 02:43:10.611 2371 2371 I Perf : Connecting to perf service.
10-12 02:43:10.613 2024 2410 I Codec2Client: Available Codec2 services: "default" "software"
10-12 02:43:10.614 1140 1140 D ConditionProviders.SCP: Scheduling evaluate for Wed Oct 12 07:00:00 GMT+08:00 2022 (1665529200000), in +4h16m49s410ms, now=Wed Oct 12 02:43:10 GMT+08:00 2022 (1665513790590)
10-12 02:43:10.615 2024 2405 D MediaCodecList: codecHandlesFormat: no format, so no extra checks
10-12 02:43:10.616 2024 2405 D MediaCodecList: codecHandlesFormat: no format, so no extra checks
10-12 02:43:10.616 1140 1173 D CompatibilityChangeReporter: Compat change id reported: 168419799; UID 10090; state: DISABLED
10-12 02:43:10.617 1140 1173 D CompatibilityInfo: mCompatibilityFlags - 4
10-12 02:43:10.617 1140 1173 D CompatibilityInfo: applicationDensity - 240
10-12 02:43:10.617 1140 1173 D CompatibilityInfo: applicationScale - 1.0
10-12 02:43:10.617 2024 2410 I CCodec : setting up 'default' as default (vendor) store
10-12 02:43:10.618 1539 1577 I adbd : jdwp connection from 2404
10-12 02:43:10.618 2246 2246 D SettingsApplication: Throwable
10-12 02:43:10.618 2246 2246 D SettingsApplication: SettingsApplication onCreate
10-12 02:43:10.618 1140 1173 I am_uid_active: 10090
10-12 02:43:10.618 2246 2246 W ContextImpl: Calling a method in the system process without a qualified user: android.app.ContextImpl.startService:1816 android.content.ContextWrapper.startService:774 com.thundercomm.microsettings.service.SettingsApplication.onCreate:30 android.app.Instrumentation.callApplicationOnCreate:1212 android.app.ActivityThread.handleBindApplication:6744
10-12 02:43:10.621 2366 2366 D CompatibilityChangeReporter: Compat change id reported: 171979766; UID 10090; state: DISABLED
10-12 02:43:10.622 1140 1862 W ActivityManager: Unable to start service Intent { act=com.thundercomm.microsettings.SETTING_SERVICE pkg=com.thundercomm.microsettings } U=0: not found
10-12 02:43:10.622 2246 2246 D SettingsApplication: Setting Service is start
10-12 02:43:10.622 2246 2246 W ContextImpl: Calling a method in the system process without a qualified user: android.app.ContextImpl.startService:1816 android.content.ContextWrapper.startService:774 com.thundercomm.microsettings.service.SettingsApplication.onCreate:36 android.app.Instrumentation.callApplicationOnCreate:1212 android.app.ActivityThread.handleBindApplication:6744
10-12 02:43:10.623 1140 1862 W ActivityManager: Unable to start service Intent { act=com.thundercomm.microsettings.EOL_SERVICE pkg=com.thundercomm.microsettings } U=0: not found
10-12 02:43:10.623 2246 2246 D SettingsApplication: EOL Service is start
10-12 02:43:10.625 1417 2113 V C2Store : in init
10-12 02:43:10.625 1417 2113 V C2Store : loading dll
10-12 02:43:10.625 1140 1140 I ConnectivityModuleConnector: Networking module service connected
10-12 02:43:10.625 1140 1140 I ConnectivityModuleConnector: Networking module service connected
10-12 02:43:10.625 1140 1140 I NetworkStackClient: Network stack service connected
10-12 02:43:10.628 2024 2410 I CCodec : Created component [c2.android.vorbis.decoder]
10-12 02:43:10.628 2024 2410 D CCodecConfig: read media type: audio/vorbis
10-12 02:43:10.629 2366 2366 D ApplicationLoaders: Returning zygote-cached class loader: /system/framework/android.test.base.jar
10-12 02:43:10.630 2371 2371 I service_manager_slow: [18,vendor.perfservice]
10-12 02:43:10.631 503 503 I hwservicemanager: Since vendor.qti.hardware.iop@2.0::IIop/default is not registered, trying to start it as a lazy HAL.
10-12 02:43:10.631 1320 1333 E ANDR-IOP: IIop:: Iop HAL Service is not available.
10-12 02:43:10.632 2246 2246 D SettingsService: SettingsService started
10-12 02:43:10.633 2246 2246 D DisplaySettingServiceBinder: init
10-12 02:43:10.636 1140 1843 W ActivityThread: Failed to find provider info for com.android.calendar (user not unlocked)
10-12 02:43:10.637 2024 2418 D CCodec : allocate(c2.android.vorbis.decoder)
01-01 08:01:01.682 0 0 E [kworke][0x45f9521e][02:43:10.634528] wlan: [276:E:QDF] cds_get_context: 1486: Module ID 66 context is Null
10-12 02:43:10.638 1140 1843 W ActivityThread: Failed to find provider info for com.android.calendar (user not unlocked)
10-12 02:43:10.646 2246 2246 D DisplaySettingServiceBinder: registerScreenSaverBroadcast:
10-12 02:43:10.647 2246 2246 D DisplaySettingServiceBinder: registerScreenCleanBroadcast:
10-12 02:43:10.647 2246 2246 D DisplaySettingServiceBinder: registerWashingModeBroadcast:
01-01 08:01:01.689 0 0 I binder : 2404:2404 ioctl 40046210 7fe476a004 returned -22
10-12 02:43:10.646 2404 2404 D ProcessState: Binder ioctl to enable oneway spam detection failed: Invalid argument
10-12 02:43:10.648 503 2434 W libc : Unable to set property "ctl.interface_start" to "vendor.qti.hardware.iop@2.0::IIop/default": error code: 0x20
10-12 02:43:10.648 503 2434 I hwservicemanager: Tried to start vendor.qti.hardware.iop@2.0::IIop/default as a lazy service, but was unable to. Usually this happens when a service is not installed, but if the service is intended to be used as a lazy service, then it may be configured incorrectly.
10-12 02:43:10.648 2246 2246 D DisplaySettingServiceBinder: registerDockViewBroadcast:
10-12 02:43:10.651 2024 2418 I CCodec : setting up 'default' as default (vendor) store
10-12 02:43:10.654 2371 2371 W ContextImpl: Failed to ensure /data/user/0/com.android.se/cache: mkdir failed: ENOENT (No such file or directory)
10-12 02:43:10.654 2371 2371 W ContextImpl: Failed to update user.inode_cache: stat failed: ENOENT (No such file or directory)
10-12 02:43:10.655 2024 2410 D ReflectedParamUpdater: extent() != 1 for single value type: algo.buffers.max-count.values
10-12 02:43:10.656 2024 2418 I CCodec : Created component [c2.android.vorbis.decoder]
10-12 02:43:10.657 2024 2410 D ReflectedParamUpdater: extent() != 1 for single value type: output.subscribed-indices.values
10-12 02:43:10.657 2246 2246 D SoundSettingServiceBinder: init
10-12 02:43:10.657 2246 2246 D VolumeChangeObserver: registerReceiver:
10-12 02:43:10.657 2024 2418 D CCodecConfig: read media type: audio/vorbis
10-12 02:43:10.659 2246 2246 D NotificationSettingServiceBinder: init
10-12 02:43:10.659 2246 2246 D SettingMicroservices: getInstance
10-12 02:43:10.662 2371 2371 V GraphicsEnvironment: ANGLE Developer option for 'com.android.se' set to: 'default'
10-12 02:43:10.663 2024 2418 D ReflectedParamUpdater: extent() != 1 for single value type: algo.buffers.max-count.values
10-12 02:43:10.664 2371 2371 V GraphicsEnvironment: ANGLE GameManagerService for com.android.se: false
10-12 02:43:10.664 2024 2418 D ReflectedParamUpdater: extent() != 1 for single value type: output.subscribed-indices.values
10-12 02:43:10.664 2024 2418 D ReflectedParamUpdater: extent() != 1 for single value type: input.buffers.allocator-ids.values
10-12 02:43:10.664 2246 2246 D MicroServiceManager: add linkToDeath
10-12 02:43:10.665 2024 2418 D ReflectedParamUpdater: extent() != 1 for single value type: output.buffers.allocator-ids.values
10-12 02:43:10.665 2246 2246 D MicroServiceManager: bindMicroService: called already get service
10-12 02:43:10.665 2024 2418 D ReflectedParamUpdater: extent() != 1 for single value type: algo.buffers.allocator-ids.values
10-12 02:43:10.666 2239 2271 I MicroService: registerCommonListener: 1
10-12 02:43:10.666 2024 2418 D ReflectedParamUpdater: extent() != 1 for single value type: output.buffers.pool-ids.values
10-12 02:43:10.666 2246 2246 D SettingMicroservices: SettingMicroservices:
10-12 02:43:10.666 2246 2246 D SettingMicroservices: initMicroservices
10-12 02:43:10.666 677 677 D Zygote : Forked child process 2432
01-01 08:01:01.738 0 0 I binder : 2432:2432 ioctl 40046210 7fe476a004 returned -22
10-12 02:43:10.666 2239 2271 I MicroService: registerConnectListener: 1
10-12 02:43:10.666 2239 2271 I MicroService: onConnectStateChanged: -1
10-12 02:43:10.666 2239 2271 I MicroService: onConnectStateChanged count = 1
10-12 02:43:10.666 2024 2418 D ReflectedParamUpdater: extent() != 1 for single value type: algo.buffers.pool-ids.values
10-12 02:43:10.666 1140 1246 W ActivityManager: Slow operation: 1554ms so far, now at startProcess: returned from zygote!
10-12 02:43:10.667 1140 1246 W ActivityManager: Slow operation: 1554ms so far, now at startProcess: done updating battery stats
10-12 02:43:10.667 1140 1246 I am_proc_start: [0,2432,1000,com.thundercomm.tcservice,added application,com.thundercomm.tcservice]
10-12 02:43:10.667 1140 1246 W ActivityManager: Slow operation: 1554ms so far, now at startProcess: building log message
10-12 02:43:10.667 1140 1246 I ActivityManager: Start proc 2432:com.thundercomm.tcservice/1000 for added application com.thundercomm.tcservice
10-12 02:43:10.667 1140 1246 W ActivityManager: Slow operation: 1554ms so far, now at startProcess: starting to update pids map
10-12 02:43:10.667 1140 1246 W ActivityManager: Slow operation: 1554ms so far, now at startProcess: done updating pids map
10-12 02:43:10.667 1140 1246 W ActivityManager: Slow operation: 1553ms so far, now at startProcess: asking zygote to start proc
10-12 02:43:10.667 1140 1246 D CompatibilityChangeReporter: Compat change id reported: 143937733; UID 10064; state: ENABLED
10-12 02:43:10.668 2371 2371 D NetworkSecurityConfig: No Network Security Config specified, using platform default
10-12 02:43:10.668 2371 2371 D NetworkSecurityConfig: No Network Security Config specified, using platform default
10-12 02:43:10.669 2024 2410 D ReflectedParamUpdater: extent() != 1 for single value type: input.buffers.allocator-ids.values
10-12 02:43:10.669 2024 2418 I CCodecConfig: query failed after returning 7 values (BAD_INDEX)
10-12 02:43:10.669 2024 2418 D CCodecConfig: c2 config diff is Dict {
10-12 02:43:10.669 2024 2418 D CCodecConfig: c2::u32 coded.bitrate.value = 64000
10-12 02:43:10.669 2024 2418 D CCodecConfig: c2::u32 input.buffers.max-size.value = 32768
10-12 02:43:10.669 2024 2418 D CCodecConfig: c2::u32 input.delay.value = 0
10-12 02:43:10.669 2024 2418 D CCodecConfig: string input.media-type.value = "audio/vorbis"
10-12 02:43:10.669 2024 2418 D CCodecConfig: string output.media-type.value = "audio/raw"
10-12 02:43:10.669 2024 2418 D CCodecConfig: c2::u32 raw.channel-count.value = 1
10-12 02:43:10.669 2024 2418 D CCodecConfig: c2::u32 raw.sample-rate.value = 48000
10-12 02:43:10.669 2024 2418 D CCodecConfig: }
10-12 02:43:10.670 2024 2410 D ReflectedParamUpdater: extent() != 1 for single value type: output.buffers.allocator-ids.values
10-12 02:43:10.670 2024 2410 D ReflectedParamUpdater: extent() != 1 for single value type: algo.buffers.allocator-ids.values
10-12 02:43:10.670 1140 1215 I DropBoxManagerService: add tag=system_app_strictmode isTagEnabled=true flags=0x2
10-12 02:43:10.670 2024 2410 D ReflectedParamUpdater: extent() != 1 for single value type: output.buffers.pool-ids.values
10-12 02:43:10.670 2024 2410 D ReflectedParamUpdater: extent() != 1 for single value type: algo.buffers.pool-ids.values
10-12 02:43:10.671 2024 2418 D CCodec : [c2.android.vorbis.decoder] buffers are bound to CCodec for this session
10-12 02:43:10.671 2024 2418 D CCodecConfig: no c2 equivalents for durationUs
10-12 02:43:10.671 2024 2418 D CCodecConfig: no c2 equivalents for track-id
10-12 02:43:10.671 2024 2418 D CCodecConfig: no c2 equivalents for csd-1
10-12 02:43:10.671 2024 2418 D CCodecConfig: no c2 equivalents for language
10-12 02:43:10.671 2024 2418 D CCodecConfig: no c2 equivalents for file-format
10-12 02:43:10.671 2024 2418 D CCodecConfig: no c2 equivalents for flags
10-12 02:43:10.672 2024 2410 I CCodecConfig: query failed after returning 7 values (BAD_INDEX)
10-12 02:43:10.673 2024 2410 D CCodecConfig: c2 config diff is Dict {
10-12 02:43:10.673 2024 2410 D CCodecConfig: c2::u32 coded.bitrate.value = 64000
10-12 02:43:10.673 2024 2410 D CCodecConfig: c2::u32 input.buffers.max-size.value = 32768
10-12 02:43:10.673 2024 2410 D CCodecConfig: c2::u32 input.delay.value = 0
10-12 02:43:10.673 2024 2410 D CCodecConfig: string input.media-type.value = "audio/vorbis"
10-12 02:43:10.673 2024 2410 D CCodecConfig: string output.media-type.value = "audio/raw"
10-12 02:43:10.673 2024 2410 D CCodecConfig: c2::u32 raw.channel-count.value = 1
10-12 02:43:10.673 2024 2410 D CCodecConfig: c2::u32 raw.sample-rate.value = 48000
10-12 02:43:10.673 2024 2410 D CCodecConfig: }
10-12 02:43:10.673 2404 2404 I service_manager_slow: [14,activity]
10-12 02:43:10.674 2024 2418 D CCodecConfig: config failed => CORRUPTED
10-12 02:43:10.674 2024 2410 D CCodec : [c2.android.vorbis.decoder] buffers are bound to CCodec for this session
10-12 02:43:10.674 2024 2410 D CCodecConfig: no c2 equivalents for durationUs
10-12 02:43:10.674 2024 2410 D CCodecConfig: no c2 equivalents for track-id
10-12 02:43:10.674 2024 2410 D CCodecConfig: no c2 equivalents for csd-1
10-12 02:43:10.674 2024 2410 D CCodecConfig: no c2 equivalents for language
10-12 02:43:10.674 2246 2246 D SettingMicroservices: registerWifiBroadcast:
10-12 02:43:10.674 2024 2410 D CCodecConfig: no c2 equivalents for file-format
10-12 02:43:10.674 2024 2410 D CCodecConfig: no c2 equivalents for flags
10-12 02:43:10.674 1140 1862 I am_proc_bound: [0,2404,com.thundercomm.remotecontrolservice]
10-12 02:43:10.676 2024 2418 D CCodecConfig: c2 config diff is c2::u32 coded.bitrate.value = 160000
10-12 02:43:10.676 2024 2418 D CCodecConfig: c2::u32 raw.channel-count.value = 2
10-12 02:43:10.676 2024 2418 D CCodecConfig: c2::u32 raw.sample-rate.value = 44100
10-12 02:43:10.676 1140 1140 D BluetoothHeadset: Binding service...
10-12 02:43:10.676 1140 1140 W BluetoothManagerService: bindBluetoothProfileService:Trying to bind to profile: 1, while Bluetooth is disabled
10-12 02:43:10.676 2024 2418 W Codec2Client: query -- param skipped: index = 1107298332.
10-12 02:43:10.676 1140 1140 D BluetoothHearingAid: Binding service...
10-12 02:43:10.676 2024 2418 D CCodec : setup formats input: AMessage(what = 0x00000000) = {
10-12 02:43:10.676 2024 2418 D CCodec : int32_t bitrate = 160000
10-12 02:43:10.676 2024 2418 D CCodec : int32_t channel-count = 2
10-12 02:43:10.676 2024 2418 D CCodec : int32_t max-input-size = 65307
10-12 02:43:10.676 2024 2418 D CCodec : string mime = "audio/vorbis"
10-12 02:43:10.676 2024 2418 D CCodec : int32_t sample-rate = 44100
10-12 02:43:10.676 2024 2418 D CCodec : }
10-12 02:43:10.676 2024 2418 D CCodec : setup formats output: AMessage(what = 0x00000000) = {
10-12 02:43:10.676 2024 2418 D CCodec : int32_t channel-count = 2
10-12 02:43:10.676 2024 2418 D CCodec : string mime = "audio/raw"
10-12 02:43:10.676 2024 2418 D CCodec : int32_t sample-rate = 44100
10-12 02:43:10.676 2024 2418 D CCodec : int32_t android._config-pcm-encoding = 2
10-12 02:43:10.676 2024 2418 D CCodec : }
10-12 02:43:10.676 2024 2418 I CCodecConfig: query failed after returning 7 values (BAD_INDEX)
10-12 02:43:10.677 2024 2410 D CCodecConfig: config failed => CORRUPTED
10-12 02:43:10.678 2024 2410 D CCodecConfig: c2 config diff is c2::u32 coded.bitrate.value = 160000
10-12 02:43:10.678 2024 2410 D CCodecConfig: c2::u32 raw.channel-count.value = 2
10-12 02:43:10.678 2024 2410 D CCodecConfig: c2::u32 raw.sample-rate.value = 44100
10-12 02:43:10.678 2024 2410 W Codec2Client: query -- param skipped: index = 1107298332.
10-12 02:43:10.678 2024 2410 D CCodec : setup formats input: AMessage(what = 0x00000000) = {
10-12 02:43:10.678 2024 2410 D CCodec : int32_t bitrate = 160000
10-12 02:43:10.678 2024 2410 D CCodec : int32_t channel-count = 2
10-12 02:43:10.678 2024 2410 D CCodec : int32_t max-input-size = 65307
10-12 02:43:10.678 2024 2410 D CCodec : string mime = "audio/vorbis"
10-12 02:43:10.678 2024 2410 D CCodec : int32_t sample-rate = 44100
10-12 02:43:10.678 2024 2410 D CCodec : }
10-12 02:43:10.678 2024 2410 D CCodec : setup formats output: AMessage(what = 0x00000000) = {
10-12 02:43:10.678 2024 2410 D CCodec : int32_t channel-count = 2
10-12 02:43:10.678 2024 2410 D CCodec : string mime = "audio/raw"
10-12 02:43:10.678 2024 2410 D CCodec : int32_t sample-rate = 44100
10-12 02:43:10.678 2024 2410 D CCodec : int32_t android._config-pcm-encoding = 2
10-12 02:43:10.678 2024 2410 D CCodec : }
10-12 02:43:10.679 2024 2410 I CCodecConfig: query failed after returning 7 values (BAD_INDEX)
10-12 02:43:10.679 1140 1679 E NativeTombstoneManager: Tombstone's UID (1047) not an app, ignoring
10-12 02:43:10.680 1140 1679 I DropBoxManagerService: add tag=SYSTEM_TOMBSTONE_PROTO isTagEnabled=true flags=0x4
10-12 02:43:10.681 1140 1862 D CompatibilityChangeReporter: Compat change id reported: 168419799; UID 1000; state: DISABLED
10-12 02:43:10.682 1140 1862 D CompatibilityInfo: mCompatibilityFlags - 4
10-12 02:43:10.682 1140 1862 D CompatibilityInfo: applicationDensity - 240
10-12 02:43:10.682 1140 1862 D CompatibilityInfo: applicationScale - 1.0
10-12 02:43:10.683 1539 1577 I adbd : jdwp connection from 2432
10-12 02:43:10.684 2024 2418 W Codec2Client: query -- param skipped: index = 1342179345.
10-12 02:43:10.684 2024 2418 W Codec2Client: query -- param skipped: index = 2415921170.
10-12 02:43:10.685 2024 2418 D C2Store : Using ION
10-12 02:43:10.686 2024 2418 D CCodecBufferChannel: [c2.android.vorbis.decoder#643] Created input block pool with allocatorID 16 => poolID 17 - OK (0)
10-12 02:43:10.688 2024 2410 W Codec2Client: query -- param skipped: index = 1342179345.
10-12 02:43:10.688 2024 2410 W Codec2Client: query -- param skipped: index = 2415921170.
10-12 02:43:10.688 1140 1862 D CompatibilityInfo: mCompatibilityFlags - 4
10-12 02:43:10.688 1140 1862 D CompatibilityInfo: applicationDensity - 240
10-12 02:43:10.688 1140 1862 D CompatibilityInfo: applicationScale - 1.0
10-12 02:43:10.689 2024 2418 I CCodecBufferChannel: [c2.android.vorbis.decoder#643] Created output block pool with allocatorID 16 => poolID 23 - OK
10-12 02:43:10.689 2024 2418 D CCodecBufferChannel: [c2.android.vorbis.decoder#643] Configured output block pool ids 23 => OK
10-12 02:43:10.690 2024 2418 D CCodecBufferChannel: [c2.android.vorbis.decoder#643] start: updating output delay 0
10-12 02:43:10.690 2024 2410 D CCodecBufferChannel: [c2.android.vorbis.decoder#764] Created input block pool with allocatorID 16 => poolID 18 - OK (0)
10-12 02:43:10.690 2024 2418 E ion : ioctl c0044901 failed with code -1: Inappropriate ioctl for device
10-12 02:43:10.690 2432 2432 D ProcessState: Binder ioctl to enable oneway spam detection failed: Invalid argument
10-12 02:43:10.691 2246 2246 D SettingMicroservices: registerBriValueBroadcast:
10-12 02:43:10.692 2024 2418 I CCodecBufferChannel: pipelineRoom(3) is <= numClientBuffers(3). Not signalling any more buffers to client
10-12 02:43:10.693 1140 2191 D CompatibilityInfo: mCompatibilityFlags - 4
10-12 02:43:10.693 1140 2191 D CompatibilityInfo: applicationDensity - 240
10-12 02:43:10.693 1140 2191 D CompatibilityInfo: applicationScale - 1.0
10-12 02:43:10.694 1292 1292 D MediaBufferGroup: creating MemoryDealer
10-12 02:43:10.694 2024 2418 I CCodecBufferChannel: pipelineRoom(2) is <= numClientBuffers(2). Not signalling any more buffers to client
10-12 02:43:10.695 2024 2410 I CCodecBufferChannel: [c2.android.vorbis.decoder#764] Created output block pool with allocatorID 16 => poolID 24 - OK
10-12 02:43:10.695 2024 2418 I CCodecBufferChannel: pipelineRoom(1) is <= numClientBuffers(1). Not signalling any more buffers to client
10-12 02:43:10.695 2024 2410 D CCodecBufferChannel: [c2.android.vorbis.decoder#764] Configured output block pool ids 24 => OK
10-12 02:43:10.696 2024 2410 D CCodecBufferChannel: [c2.android.vorbis.decoder#764] start: updating output delay 0
10-12 02:43:10.697 2024 2410 I CCodecBufferChannel: pipelineRoom(3) is <= numClientBuffers(3). Not signalling any more buffers to client
10-12 02:43:10.700 1292 1802 D MediaBufferGroup: creating MemoryDealer
10-12 02:43:10.700 2024 2410 I CCodecBufferChannel: pipelineRoom(2) is <= numClientBuffers(2). Not signalling any more buffers to client
10-12 02:43:10.700 503 503 I hwservicemanager: Since vendor.qti.hardware.iop@2.0::IIop/default is not registered, trying to start it as a lazy HAL.
10-12 02:43:10.700 2024 2410 I CCodecBufferChannel: pipelineRoom(1) is <= numClientBuffers(1). Not signalling any more buffers to client
10-12 02:43:10.701 1320 2435 E ANDR-IOP: IIop:: Iop HAL Service is not available.
10-12 02:43:10.701 1417 2431 D SimpleC2Component: Using output block pool with poolID 24 => got 24 - 0
10-12 02:43:10.703 2404 2404 D CompatibilityChangeReporter: Compat change id reported: 171979766; UID 1000; state: ENABLED
10-12 02:43:10.703 2246 2246 D SettingMicroservices: registerScreenModeBroadCast
10-12 02:43:10.703 1417 2439 D SimpleC2Component: Using output block pool with poolID 23 => got 23 - 0
10-12 02:43:10.706 2246 2246 D SettingMicroservices: bindMicroService
10-12 02:43:10.706 2246 2246 I MicroServiceManager: addCommonCallbackListener add listener
10-12 02:43:10.706 2246 2246 I MicroServiceManager: addConnectChangedListener add listener
10-12 02:43:10.706 2246 2246 D SettingMicroservices: onBindStatus: 1
10-12 02:43:10.706 2246 2246 D SettingMicroservices: requestNettyConnectStatus:
10-12 02:43:10.706 2246 2246 D SecondScreenSetting: initSecondScreenSetting:
10-12 02:43:10.711 1140 1215 I DropBoxManagerService: add tag=system_app_strictmode isTagEnabled=true flags=0x2
10-12 02:43:10.713 503 2458 W libc : Unable to set property "ctl.interface_start" to "vendor.qti.hardware.iop@2.0::IIop/default": error code: 0x20
10-12 02:43:10.713 2371 2371 I SecureElementService: main onCreate
10-12 02:43:10.713 503 2458 I hwservicemanager: Tried to start vendor.qti.hardware.iop@2.0::IIop/default as a lazy service, but was unable to. Usually this happens when a service is not installed, but if the service is intended to be used as a lazy service, then it may be configured incorrectly.
10-12 02:43:10.715 2371 2371 I SecureElementService: Check if terminal eSE1 is available.
10-12 02:43:10.717 1140 1215 I DropBoxManagerService: add tag=system_app_strictmode isTagEnabled=true flags=0x2
10-12 02:43:10.719 2432 2432 I service_manager_slow: [15,activity]
10-12 02:43:10.720 1140 2191 I am_proc_bound: [0,2432,com.thundercomm.tcservice]
10-12 02:43:10.720 1140 1215 I DropBoxManagerService: add tag=system_app_strictmode isTagEnabled=true flags=0x2
10-12 02:43:10.722 1140 2191 D CompatibilityChangeReporter: Compat change id reported: 168419799; UID 1000; state: DISABLED
10-12 02:43:10.722 1140 2191 D CompatibilityInfo: mCompatibilityFlags - 4
10-12 02:43:10.722 1140 2191 D CompatibilityInfo: applicationDensity - 240
10-12 02:43:10.722 1140 2191 D CompatibilityInfo: applicationScale - 1.0
10-12 02:43:10.724 1140 2191 D CompatibilityInfo: mCompatibilityFlags - 4
10-12 02:43:10.724 1140 2191 D CompatibilityInfo: applicationDensity - 240
10-12 02:43:10.724 1140 2191 D CompatibilityInfo: applicationScale - 1.0
10-12 02:43:10.727 2366 2366 I Perf : Connecting to perf service.
10-12 02:43:10.727 2371 2371 D hw-ProcessState: Binder ioctl to enable oneway spam detection failed: Invalid argument
10-12 02:43:10.728 2246 2246 D SecondScreenSetting: initFontArray:
10-12 02:43:10.728 2246 2246 D SettingEnvironment: getInstance
10-12 02:43:10.728 2246 2246 D SettingEnvironment: SettingEnvironment:
10-12 02:43:10.729 2246 2246 D ScreenCleanManager: ScreenCleanManager construct
10-12 02:43:10.729 2246 2246 D ScreenCleanManager: initManager
10-12 02:43:10.729 2246 2246 D ScreenCleanManager: initView
10-12 02:43:10.733 814 1805 D audio_hw_primary: copl(0xf134a7e0):out of compress_wait
10-12 02:43:10.733 2432 2432 D CompatibilityChangeReporter: Compat change id reported: 171979766; UID 1000; state: ENABLED
10-12 02:43:10.734 1140 2460 I Telecom : BluetoothRouteManager: getBluetoothAudioConnectedDevice: no service available.
01-01 08:01:01.760 0 0 I [kworke][0x461022cd][02:43:10.712405] wlan: [276:I:HIF] Initializing Runtime PM wakelock &psoc_wakelock->wmi_cmd_rsp_runtime_lock
10-12 02:43:10.734 1140 1140 I Telecom : SystemStateHelper: Registering broadcast receiver: android.content.IntentFilter@895ce2d: TS.init@AAA
10-12 02:43:10.734 1140 1140 I Telecom : SystemStateHelper: Registering broadcast receiver: android.content.IntentFilter@68af62: TS.init@AAA
01-01 08:01:01.764 0 0 F [kworke][0x461165f9][02:43:10.716714] wlan: [276:F:WMA] WMA --> wmi_unified_attach - success
01-01 08:01:01.764 0 0 I binder : 2371:2371 ioctl 40046210 7fe4768fb4 returned -22
10-12 02:43:10.734 677 677 D Zygote : Forked child process 2464
01-01 08:01:01.818 0 0 I [kworke][0x46210ab7][02:43:10.770110] wlan: [276:I:HIF] Initializing Runtime PM wakelock &vdev->vdev_set_key_runtime_wakelock
10-12 02:43:10.735 2246 2246 D SettingsService: sendSystemUI
10-12 02:43:10.735 1140 1246 W ActivityManager: Slow operation: 1621ms so far, now at startProcess: returned from zygote!
10-12 02:43:10.735 2246 2246 W ContextImpl: Calling a method in the system process without a qualified user: android.app.ContextImpl.sendBroadcast:1173 android.content.ContextWrapper.sendBroadcast:479 com.thundercomm.microsettings.service.SettingsService.sendSystemUI:59 com.thundercomm.microsettings.service.SettingsService.onCreate:50 android.app.ActivityThread.handleCreateService:4488
10-12 02:43:10.735 1140 1246 W ActivityManager: Slow operation: 1621ms so far, now at startProcess: done updating battery stats
10-12 02:43:10.735 1140 1246 I am_proc_start: [0,2464,10064,com.qualcomm.qti.devicestatisticsservice,added application,com.qualcomm.qti.devicestatisticsservice]
10-12 02:43:10.735 1140 1246 W ActivityManager: Slow operation: 1621ms so far, now at startProcess: building log message
10-12 02:43:10.735 1140 1246 I ActivityManager: Start proc 2464:com.qualcomm.qti.devicestatisticsservice/u0a64 for added application com.qualcomm.qti.devicestatisticsservice
10-12 02:43:10.735 1140 1246 W ActivityManager: Slow operation: 1621ms so far, now at startProcess: starting to update pids map
10-12 02:43:10.735 1140 1246 W ActivityManager: Slow operation: 1622ms so far, now at startProcess: done updating pids map
10-12 02:43:10.736 1140 1246 W ActivityManager: Slow operation: 1622ms so far, now at startProcess: asking zygote to start proc
10-12 02:43:10.740 2246 2246 D SettingsService: onStartCommand
10-12 02:43:10.741 2246 2246 D SoundManager: bindService():
10-12 02:43:10.741 2246 2246 W ContextImpl: Calling a method in the system process without a qualified user: android.app.ContextImpl.bindService:1895 android.content.ContextWrapper.bindService:810 com.thundercomm.microsettings.manager.SoundManager.bindService:206 com.thundercomm.microsettings.manager.SoundManager.connect:197 com.thundercomm.microsettings.service.SettingsService.onStartCommand:80
10-12 02:43:10.742 2246 2246 D SoundManager: BindService mBinderResult:true
10-12 02:43:10.743 2246 2246 D DisplayManager: connect:
10-12 02:43:10.743 2246 2246 D DisplayManager: bindService:
10-12 02:43:10.743 2246 2246 W ContextImpl: Calling a method in the system process without a qualified user: android.app.ContextImpl.bindService:1895 android.content.ContextWrapper.bindService:810 com.thundercomm.microsettings.manager.DisplayManager.bindService:188 com.thundercomm.microsettings.manager.DisplayManager.connect:179 com.thundercomm.microsettings.service.SettingsService.onStartCommand:81
10-12 02:43:10.744 2246 2246 D DisplayManager: BindService mBinderResult: true
10-12 02:43:10.751 814 2119 D audio_hw_primary: No space available in compress driver, post msg to cb thread
10-12 02:43:10.751 814 1805 D audio_hw_primary: copl(0xf134a7e0):calling compress_wait
10-12 02:43:10.752 2371 2371 I android_os_HwBinder: HwBinder: Starting thread pool for getting: android.hardware.secure_element@1.2::ISecureElement/eSE1
10-12 02:43:10.753 999 999 D GPTEE : [TEE_client_api.cpp:122 TEEC_InitializeContext] No variant specified, using default: GPQTEEC
10-12 02:43:10.753 2366 2366 W ContextImpl: Failed to ensure /data/user/0/com.qti.qualcomm.mstatssystemservice/cache: mkdir failed: ENOENT (No such file or directory)
10-12 02:43:10.754 999 999 D GPTEE : [TEE_client_api.cpp:138 TEEC_InitializeContext] Loading module: libGPQTEEC_vendor.so
10-12 02:43:10.754 2366 2366 W ContextImpl: Failed to update user.inode_cache: stat failed: ENOENT (No such file or directory)
10-12 02:43:10.757 2366 2366 V GraphicsEnvironment: ANGLE Developer option for 'com.qti.qualcomm.mstatssystemservice' set to: 'default'
10-12 02:43:10.758 2366 2366 V GraphicsEnvironment: ANGLE GameManagerService for com.qti.qualcomm.mstatssystemservice: false
10-12 02:43:10.759 1140 2466 I Telecom : Logging.Events: Non-call EVENT: AUDIO_ROUTE, Entering state QuiescentEarpieceRoute
01-01 08:01:01.819 0 0 I [kworke][0x46218e8a][02:43:10.771868] wlan: [276:I:HIF] Initializing Runtime PM wakelock &vdev->vdev_set_key_runtime_wakelock
10-12 02:43:10.760 1140 2466 I Telecom : BluetoothRouteManager: getBluetoothAudioConnectedDevice: no service available.
01-01 08:01:01.821 0 0 I [kworke][0x4622037d][02:43:10.773427] wlan: [276:I:HIF] Initializing Runtime PM wakelock &vdev->vdev_set_key_runtime_wakelock
10-12 02:43:10.760 2024 2024 D SystemUIBootTiming: StartServicescom.android.systemui.volume.VolumeUI took to complete: 192ms
10-12 02:43:10.764 2246 2246 D SettingsService: onBind
10-12 02:43:10.764 2246 2246 D SettingsService: getBinder
10-12 02:43:10.764 2246 2246 D SettingsService: action: com.thundercomm.microsettings.sound.IBinderSoundService
01-01 08:01:01.823 0 0 I [kworke][0x4622791f][02:43:10.774995] wlan: [276:I:HIF] Initializing Runtime PM wakelock &vdev->vdev_set_key_runtime_wakelock
10-12 02:43:10.765 2246 2246 D SettingsService: onBind
01-01 08:01:01.829 0 0 I [kworke][0x46248092][02:43:10.781922] wlan: [276:I:HIF] Initializing Runtime PM wakelock &vdev->vdev_set_key_runtime_wakelock
10-12 02:43:10.765 2246 2246 D SettingsService: getBinder
01-01 08:01:01.831 0 0 I [kworke][0x4624fded][02:43:10.783593] wlan: [276:I:HIF] Initializing Runtime PM wakelock &vdev->vdev_set_key_runtime_wakelock
01-01 08:01:01.834 0 0 I [kworke][0x4625e8bc][02:43:10.786724] wlan: [276:I:HIF] Initializing Runtime PM wakelock &wma_handle->wmi_cmd_rsp_runtime_lock
01-01 08:01:01.834 0 0 I [kworke][0x4625ea87][02:43:10.786747] wlan: [276:I:HIF] Initializing Runtime PM wakelock &wma_handle->sap_prevent_runtime_pm_lock
01-01 08:01:01.870 0 0 E [kworke][0x463040e8][02:43:10.822032] wlan: [276:E:QDF] htc_wait_target: 684: Target Ready! TX resource : 1 size:2176, MaxMsgsPerHTCBundle = 1
01-01 08:01:01.884 0 0 I binder : 2464:2464 ioctl 40046210 7fe476a004 returned -22
01-01 08:01:01.887 0 0 E [kworke][0x46355018][02:43:10.839303] wlan: [276:E:QDF] htc_setup_target_buffer_assignments: 576: SVS Index : 1 TX : 0x100 : alloc:1
10-12 02:43:10.765 2246 2246 D SettingsService: action: com.thundercomm.microsettings.display.IBinderDisplayService
10-12 02:43:10.766 999 999 D GPQeSE-HAL: nativeeSEPowerON
10-12 02:43:10.766 999 999 D GPQeSE-HAL: Try 1.1 IEsePowerManager HIDL interface
10-12 02:43:10.766 2246 2246 D DisplayManager: DisplayManager onServiceConnected
10-12 02:43:10.766 2246 2246 D DisplayManager: onServiceConnected: Binder is success!
10-12 02:43:10.766 2246 2246 D DisplaySettingServiceBinder: registDisplayCallback:
10-12 02:43:10.767 2246 2246 I DisplayManager: subscribeDisplay and mode Callback ok!
10-12 02:43:10.767 2246 2246 D SoundManager: ApplicationManager onServiceConnected
10-12 02:43:10.767 2246 2246 D SoundManager: onServiceConnected: Binder is success!
10-12 02:43:10.767 2246 2246 D SoundSettingServiceBinder: registSoundCallback:
10-12 02:43:10.767 2246 2246 D SoundSettingServiceBinder: registSoundCallback !mSoundListenerList.contains
10-12 02:43:10.767 2246 2246 D SoundManager: subscribeSound and mode Callback ok!
10-12 02:43:10.767 2366 2366 D NetworkSecurityConfig: No Network Security Config specified, using platform default
10-12 02:43:10.768 2366 2366 D NetworkSecurityConfig: No Network Security Config specified, using platform default
10-12 02:43:10.770 503 503 I hwservicemanager: Since vendor.qti.hardware.iop@2.0::IIop/default is not registered, trying to start it as a lazy HAL.
10-12 02:43:10.772 1140 1679 I commit_sys_config_file: [log-files,2612]
10-12 02:43:10.773 1320 2435 E ANDR-IOP: IIop:: Iop HAL Service is not available.
10-12 02:43:10.777 1140 2468 I Telecom : CallAudioModeStateMachine: Message received: null.: TS.init->CAMSM.pM_1@AAA
10-12 02:43:10.780 956 956 D eSEPowerManager@1.1: Power ON - PID = 999
10-12 02:43:10.780 956 956 E eSEPowerManager@1.1: openNode: eSE opening failed : No such file or directory
10-12 02:43:10.780 956 956 E eSEPowerManager@1.1: powerOn: ESE_GET_PWR failed: No such file or directory
10-12 02:43:10.780 956 956 E eSEPowerManager@1.1: closeNode: eSE ioctl close failed : Bad file descriptor
10-12 02:43:10.780 2024 2408 I vol.Events: writeEvent level_changed STREAM_VOICE_CALL 2
10-12 02:43:10.786 503 2470 W libc : Unable to set property "ctl.interface_start" to "vendor.qti.hardware.iop@2.0::IIop/default": error code: 0x20
10-12 02:43:10.786 503 2470 I hwservicemanager: Tried to start vendor.qti.hardware.iop@2.0::IIop/default as a lazy service, but was unable to. Usually this happens when a service is not installed, but if the service is intended to be used as a lazy service, then it may be configured incorrectly.
10-12 02:43:10.787 2024 2408 I vol.Events: writeEvent level_changed STREAM_SYSTEM 2
10-12 02:43:10.789 2024 2408 I vol.Events: writeEvent level_changed STREAM_RING 2
10-12 02:43:10.791 2024 2408 I vol.Events: writeEvent level_changed STREAM_MUSIC 13
10-12 02:43:10.793 2024 2408 I vol.Events: writeEvent level_changed STREAM_ALARM 3
10-12 02:43:10.804 2024 2408 I vol.Events: writeEvent level_changed STREAM_BLUETOOTH_SCO 7
10-12 02:43:10.807 971 971 E vendor.qti.hardware.qteeconnector@1.0-impl: gptauuid.xml can not be parsed successfully.
10-12 02:43:10.807 971 971 E vendor.qti.hardware.qteeconnector@1.0-impl: Error getting app name from UUID
10-12 02:43:10.807 999 999 E QTEEGPConnectorClient: doLoad: loading failed with error: -22
10-12 02:43:10.807 999 999 E GPQTEEC : [QTEEC.cpp:851 TEEC_QTEE_OpenSession] Loading app - 32552b22-89fe-42b4-8a45a0c4e2db0326 failed
10-12 02:43:10.807 999 999 D GPQTEEC : [QTEEC.cpp:45 dumpHex] Operation OUT (112 bytes @ 0x0x7d7d9e7880)
10-12 02:43:10.807 999 999 D GPQTEEC : [QTEEC.cpp:52 dumpHex] 00 00 00 00 00 00 00 00 00 00 00 00 00 00 00 00
10-12 02:43:10.807 999 999 D GPQTEEC : [QTEEC.cpp:52 dumpHex] 00 00 00 00 00 00 00 00 00 00 00 00 00 00 00 00
10-12 02:43:10.807 999 999 D GPQTEEC : [QTEEC.cpp:52 dumpHex] 00 00 00 00 00 00 00 00 00 00 00 00 00 00 00 00
10-12 02:43:10.807 999 999 D GPQTEEC : [QTEEC.cpp:52 dumpHex] 00 00 00 00 00 00 00 00 00 00 00 00 00 00 00 00
10-12 02:43:10.808 999 999 D GPQTEEC : [QTEEC.cpp:52 dumpHex] 00 00 00 00 00 00 00 00 00 00 00 00 00 00 00 00
10-12 02:43:10.808 999 999 D GPQTEEC : [QTEEC.cpp:52 dumpHex] 00 00 00 00 00 00 00 00 00 00 00 00 00 00 00 00
10-12 02:43:10.808 999 999 D GPQTEEC : [QTEEC.cpp:52 dumpHex] 00 00 00 00 00 00 00 00 00 00 00 00 00 00 00 00
10-12 02:43:10.808 999 999 E GPQeSE-HAL: TEEC_OpenSession() failed : 0xFFFF0000
10-12 02:43:10.808 999 999 E GPQeSE-HAL: ESE ERROR MESSAGE - let's close everything : 0xFFFF0000
10-12 02:43:10.808 999 999 E GPTEE : [TEE_client_api.cpp:800 TEEC_InvokeCommand] INVALID TEEC session imp
10-12 02:43:10.808 999 999 D GPQeSE-HAL: nativeeSEPowerOff
10-12 02:43:10.808 956 956 D eSEPowerManager@1.1: Power OFF - PID = 999
10-12 02:43:10.808 956 956 E eSEPowerManager@1.1: PID 999 not registered !
10-12 02:43:10.808 999 999 E GPQeSE-HAL: Failure to power off the eSE
10-12 02:43:10.808 999 999 E GPQeSE-HAL: gpqese_open failed
10-12 02:43:10.808 999 999 E GPQeSE-HAL: init_1_1: eSE initialisation FAILED
10-12 02:43:10.808 2371 2371 I SecureElement-Terminal-eSE1: eSE1 was initialized
10-12 02:43:10.809 2371 2371 I SecureElementService: Check if terminal eSE2 is available.
10-12 02:43:10.809 503 503 I hwservicemanager: getTransport: Cannot find entry android.hardware.secure_element@1.2::ISecureElement/eSE2 in either framework or device VINTF manifest.
10-12 02:43:10.810 2371 2371 D SecureElement-Terminal-eSE2: SE Hal V1.2 is not supported
10-12 02:43:10.811 503 503 I hwservicemanager: getTransport: Cannot find entry android.hardware.secure_element@1.1::ISecureElement/eSE2 in either framework or device VINTF manifest.
10-12 02:43:10.811 2371 2371 D SecureElement-Terminal-eSE2: SE Hal V1.1 is not supported
10-12 02:43:10.811 1140 1140 I Telecom : MissedCallNotifierImpl: reloadFromDatabase: Boot not yet complete -- call log db may not be available. Deferring loading until boot complete for user 0: TS.init@AAA
10-12 02:43:10.815 503 503 I hwservicemanager: getTransport: Cannot find entry android.hardware.secure_element@1.0::ISecureElement/eSE2 in either framework or device VINTF manifest.
10-12 02:43:10.815 2371 2371 I SecureElementService: No HAL implementation for eSE2
10-12 02:43:10.817 1140 1140 D TelephonyRegistry: listen oscl: mHasNotifySubscriptionInfoChangedOccurred==false no callback
10-12 02:43:10.817 2432 2432 I Perf : Connecting to perf service.
10-12 02:43:10.818 1140 1140 I Telecom : MissedCallNotifierImpl: reloadFromDatabase: Boot not yet complete -- call log db may not be available. Deferring loading until boot complete for user 0: TS.init@AAA
10-12 02:43:10.823 1140 1140 I Telecom : Class: TelecomSystem.INSTANCE being set
10-12 02:43:10.824 1539 1577 I adbd : jdwp connection from 2464
10-12 02:43:10.824 2024 2024 D InterruptionStateProvider: heads up is enabled
10-12 02:43:10.826 2024 2024 D NavigationModeController: getCurrentInteractionMode: mode=2 contextUser=0
10-12 02:43:10.828 1140 1679 I commit_sys_config_file: [log-files,2668]
10-12 02:43:10.829 2024 2408 I sysui_multi_action: [757,213,758,4,759,-1]
10-12 02:43:10.830 2024 2408 I vol.Events: writeEvent external_ringer_mode_changed unknown
10-12 02:43:10.830 2024 2408 I vol.Events: writeEvent zen_mode_config_changed [disallowAlarms=false disallowMedia=false disallowSystem=true disallowRinger=false]
10-12 02:43:10.832 2432 2432 V GraphicsEnvironment: ANGLE Developer option for 'com.thundercomm.tcservice' set to: 'default'
10-12 02:43:10.834 2432 2432 V GraphicsEnvironment: ANGLE GameManagerService for com.thundercomm.tcservice: false
10-12 02:43:10.836 2404 2404 I Perf : Connecting to perf service.
10-12 02:43:10.836 2464 2464 D ProcessState: Binder ioctl to enable oneway spam detection failed: Invalid argument
10-12 02:43:10.838 2432 2432 D NetworkSecurityConfig: No Network Security Config specified, using platform default
10-12 02:43:10.838 2432 2432 D NetworkSecurityConfig: No Network Security Config specified, using platform default
10-12 02:43:10.839 677 677 D Zygote : Forked child process 2488
01-01 08:01:01.905 0 0 D cnss : Assign MSI to user: DP, num_vectors: 18, user_base_data: 814, base_vector: 14
10-12 02:43:10.840 1140 1246 W ActivityManager: Slow operation: 1726ms so far, now at startProcess: returned from zygote!
10-12 02:43:10.840 1140 1140 W Looper : Slow dispatch took 197ms main h=android.app.ActivityThread$H c=android.app.LoadedApk$ServiceDispatcher$RunConnection@6b4d0f4 m=0
10-12 02:43:10.840 1140 1246 W ActivityManager: Slow operation: 1726ms so far, now at startProcess: done updating battery stats
10-12 02:43:10.840 1140 1246 I am_proc_start: [0,2488,1000,com.qualcomm.qti.qdma,added application,com.qualcomm.qti.qdma]
10-12 02:43:10.840 1140 1246 W ActivityManager: Slow operation: 1727ms so far, now at startProcess: building log message
10-12 02:43:10.840 1140 1246 I ActivityManager: Start proc 2488:com.qualcomm.qti.qdma/1000 for added application com.qualcomm.qti.qdma
10-12 02:43:10.840 1140 1246 W ActivityManager: Slow operation: 1727ms so far, now at startProcess: starting to update pids map
10-12 02:43:10.840 1140 1140 D CompatibilityChangeReporter: Compat change id reported: 150939131; UID 1000; state: ENABLED
10-12 02:43:10.841 1140 1246 W ActivityManager: Slow operation: 1727ms so far, now at startProcess: done updating pids map
10-12 02:43:10.841 1140 1246 W ActivityManager: Slow operation: 1134ms so far, now at startProcess: asking zygote to start proc
10-12 02:43:10.841 503 503 I hwservicemanager: Since vendor.qti.hardware.iop@2.0::IIop/default is not registered, trying to start it as a lazy HAL.
10-12 02:43:10.842 1140 1140 I ConnectivityModuleConnector: Networking module service connected
10-12 02:43:10.842 1140 1140 I ConnectivityModuleConnector: Networking module service connected
10-12 02:43:10.842 1320 2435 E ANDR-IOP: IIop:: Iop HAL Service is not available.
01-01 08:01:01.907 0 0 I [kworke][0x463b5125][02:43:10.859796] wlan: [276:I:HIF] +hif_update_pipe_callback pipeid 5
10-12 02:43:10.847 1140 1140 D AutofillManagerService: Restriction did not change for user 0
10-12 02:43:10.847 1140 1140 D BluetoothManagerService: Bluetooth Adapter name changed to QCOM-BTD by android
10-12 02:43:10.848 1140 1140 D BluetoothManagerService: Stored Bluetooth name: QCOM-BTD
10-12 02:43:10.848 2404 2404 V GraphicsEnvironment: ANGLE Developer option for 'com.thundercomm.remotecontrolservice' set to: 'default'
10-12 02:43:10.849 2404 2404 V GraphicsEnvironment: ANGLE GameManagerService for com.thundercomm.remotecontrolservice: false
10-12 02:43:10.854 2024 2410 I hw-BpHwBinder: onLastStrongRef automatically unlinking death recipients
10-12 02:43:10.857 503 2491 W libc : Unable to set property "ctl.interface_start" to "vendor.qti.hardware.iop@2.0::IIop/default": error code: 0x20
01-01 08:01:01.907 0 0 I [kworke][0x463b52af][02:43:10.859817] wlan: [276:I:HIF] -hif_update_pipe_callback
01-01 08:01:01.907 0 0 D cnss : Assign MSI to user: DP, num_vectors: 18, user_base_data: 814, base_vector: 14
01-01 08:01:01.911 0 0 E [kworke][0x463c5922][02:43:10.863315] wlan: [276:E:DP] dp_srng_get_str_from_hal_ring_type: 7726: Invalid ring type
10-12 02:43:10.857 503 2491 I hwservicemanager: Tried to start vendor.qti.hardware.iop@2.0::IIop/default as a lazy service, but was unable to. Usually this happens when a service is not installed, but if the service is intended to be used as a lazy service, then it may be configured incorrectly.
01-01 08:01:01.920 0 0 I binder : 2432:2432 ioctl 40046210 7fe4768b74 returned -22
10-12 02:43:10.857 1140 1140 D BluetoothManagerService: BluetoothServiceConnection: com.android.bluetooth.btservice.AdapterService
10-12 02:43:10.857 2024 2418 D CCodecBufferChannel: [c2.android.vorbis.decoder#643] MediaCodec discarded an unknown buffer
10-12 02:43:10.857 2024 2418 D CCodecBufferChannel: [c2.android.vorbis.decoder#643] MediaCodec discarded an unknown buffer
10-12 02:43:10.858 1140 1215 D BluetoothManagerService: MESSAGE_BLUETOOTH_SERVICE_CONNECTED: 1
10-12 02:43:10.861 1140 1140 I notification_enqueue: [10087,2024,com.android.systemui,1,empty_media,0,Notification(channel=empty_media_style_id shortcut=null contentView=null vibrate=null sound=null defaults=0x0 flags=0x20 color=0x00000000 category=transport actions=3 vis=PRIVATE),0]
10-12 02:43:10.872 2432 2432 I mpu_uart_fws: Try get hal sevice:
10-12 02:43:10.873 2404 2404 D NetworkSecurityConfig: No Network Security Config specified, using platform default
10-12 02:43:10.874 2404 2404 D NetworkSecurityConfig: No Network Security Config specified, using platform default
01-01 08:01:01.923 0 0 D cnss : Assign MSI to user: DP, num_vectors: 18, user_base_data: 814, base_vector: 14
01-01 08:01:01.923 0 0 D cnss : Assign MSI to user: DP, num_vectors: 18, user_base_data: 814, base_vector: 14
01-01 08:01:01.924 0 0 D cnss : Assign MSI to user: DP, num_vectors: 18, user_base_data: 814, base_vector: 14
