10-12 02:43:07.316 1330 1814 I OMX_SWVDEC: >>> get_parameter(): OMX_IndexParamVideoProfileLevelQuerySupported, port index 0, profile index 1
10-12 02:43:07.316 1330 1814 I OMX_SWVDEC: --- get_supported_profilelevel(): profile index '1' unsupported; no more profiles
10-12 02:43:07.316 1330 1872 I OMX_SWVDEC: >>> get_parameter(): OMX_IndexParamVideoPortFormat, port index 1, index 0
10-12 02:43:07.317 1330 1872 I OMX_SWVDEC: --- get_video_port_format(): color format 0x7fa30c04, compression format 0x00000000
10-12 02:43:07.318 1330 1872 I OMX_SWVDEC: >>> get_extension_index(): 'OMX.google.android.index.describeColorFormat'
10-12 02:43:07.318 1330 1330 I OMX_SWVDEC: >>> get_extension_index(): 'OMX.google.android.index.storeMetaDataInBuffers'
10-12 02:43:07.318 1330 1330 I OMX_SWVDEC: >>> get_extension_index(): 'OMX.google.android.index.storeANWBufferInMetadata'
10-12 02:43:07.318 1330 1330 E OMX_SWVDEC: !!! get_extension_index(): 'OMX.google.android.index.storeANWBufferInMetadata': not implemented
10-12 02:43:07.318 1330 1330 I OMX_SWVDEC: >>> get_extension_index(): 'OMX.google.android.index.prepareForAdaptivePlayback'
10-12 02:43:07.318 1330 1330 I OMX_SWVDEC: >>> get_extension_index(): 'OMX.google.android.index.configureVideoTunnelMode'
10-12 02:43:07.318 1330 1330 E OMX_SWVDEC: !!! get_extension_index(): 'OMX.google.android.index.configureVideoTunnelMode': not implemented
10-12 02:43:07.318 1330 1330 I OMX_SWVDEC: >>> get_extension_index(): 'OMX.google.android.index.useAndroidNativeBuffer2'
10-12 02:43:07.318 1330 1330 I OMX_SWVDEC: >>> get_extension_index(): 'OMX.google.android.index.useAndroidNativeBuffer'
10-12 02:43:07.318 1330 1330 I OMX_SWVDEC: >>> get_extension_index(): 'OMX.google.android.index.enableAndroidNativeBuffers'
10-12 02:43:07.319 1330 1330 I OMX_SWVDEC: >>> get_extension_index(): 'OMX.google.android.index.allocateNativeHandle'
10-12 02:43:07.319 1330 1330 E OMX_SWVDEC: !!! get_extension_index(): 'OMX.google.android.index.allocateNativeHandle': not implemented
10-12 02:43:07.319 1330 1330 I OMX_SWVDEC: >>> get_extension_index(): 'OMX.google.android.index.getAndroidNativeBufferUsage'
10-12 02:43:07.319 1330 1330 I OMX_SWVDEC: >>> get_parameter(): OMX_QcomIndexFlexibleYUVDescription
10-12 02:43:07.319 1330 1814 I OMX_SWVDEC: >>> get_parameter(): OMX_IndexParamVideoPortFormat, port index 1, index 1
10-12 02:43:07.319 1330 1814 I OMX_SWVDEC: --- get_video_port_format(): color format 0x00000015, compression format 0x00000000
10-12 02:43:07.319 1330 1872 I OMX_SWVDEC: >>> get_extension_index(): 'OMX.google.android.index.describeColorFormat'
10-12 02:43:07.319 1330 1815 I OMX_SWVDEC: >>> get_parameter(): OMX_QcomIndexFlexibleYUVDescription
10-12 02:43:07.320 1330 1815 E OMXNodeInstance: getParameter(0xe9f863c4:qti.decoder.h263sw, ??(0x7f000044)) ERROR: UnsupportedSetting(0x80001019)
10-12 02:43:07.320 1330 1873 I OMX_SWVDEC: >>> get_parameter(): OMX_IndexParamVideoPortFormat, port index 1, index 2
10-12 02:43:07.320 1330 1873 I OMX_SWVDEC: --- get_video_port_format(): index '2' unsupported; no more color formats
10-12 02:43:07.320 1330 1330 I OMX_SWVDEC: >>> get_extension_index(): 'OMX.google.android.index.configureVideoTunnelMode'
10-12 02:43:07.321 1330 1330 E OMX_SWVDEC: !!! get_extension_index(): 'OMX.google.android.index.configureVideoTunnelMode': not implemented
10-12 02:43:07.321 1330 1330 E OMXNodeInstance: getExtensionIndex(0xe9f863c4:qti.decoder.h263sw, OMX.google.android.index.configureVideoTunnelMode) ERROR: NotImplemented(0x80001006)
10-12 02:43:07.321 1295 1800 D MediaCodecInfo: detail feature-tunneled-playback wasn't present to remove
10-12 02:43:07.321 1330 1872 I OMX_SWVDEC: >>> get_extension_index(): 'OMX.google.android.index.enableAndroidNativeBuffers'
10-12 02:43:07.321 1330 1872 I OMX_SWVDEC: >>> set_parameter(): OMX_GoogleAndroidIndexEnableAndroidNativeBuffers, enable
10-12 02:43:07.321 1330 1872 I OMX_SWVDEC: >>> get_extension_index(): 'OMX.google.android.index.allocateNativeHandle'
10-12 02:43:07.321 1330 1872 E OMX_SWVDEC: !!! get_extension_index(): 'OMX.google.android.index.allocateNativeHandle': not implemented
10-12 02:43:07.321 1330 1872 I OMX_SWVDEC: >>> get_extension_index(): 'OMX.google.android.index.storeANWBufferInMetadata'
10-12 02:43:07.321 1330 1872 E OMX_SWVDEC: !!! get_extension_index(): 'OMX.google.android.index.storeANWBufferInMetadata': not implemented
10-12 02:43:07.321 1330 1872 I OMX_SWVDEC: >>> get_extension_index(): 'OMX.google.android.index.storeMetaDataInBuffers'
10-12 02:43:07.321 1330 1872 I OMX_SWVDEC: >>> set_parameter(): OMX_QcomIndexParamVideoMetaBufferMode, port index 1, enable
10-12 02:43:07.321 1330 1873 I OMX_SWVDEC: >>> get_state(): OMX_StateLoaded
10-12 02:43:07.321 1330 1873 I OMX_SWVDEC: >>> get_state(): OMX_StateLoaded
10-12 02:43:07.322 1330 1873 I OMX_SWVDEC: >>> component_deinit():
10-12 02:43:07.322 1330 1902 I OMX_SWVDEC: --- async_thread(): exiting
10-12 02:43:07.324 1330 1873 I SWVDEC : >>> swvdec_deinit():
10-12 02:43:07.325 1330 1873 I SWVDEC : --- set_state(): SWVDEC_STATE_INIT -> SWVDEC_STATE_INVALID
10-12 02:43:07.325 1330 1901 I SWVDEC : --- thread_eventd(): SWVDEC_THREAD_SIGNAL_EXIT
10-12 02:43:07.326 1330 1900 I SWVDEC : --- thread_decoder(): SWVDEC_THREAD_SIGNAL_EXIT
10-12 02:43:07.326 1330 1899 I SWVDEC : --- thread_parser(): SWVDEC_THREAD_SIGNAL_EXIT
10-12 02:43:07.327 1330 1873 I SWVDEC : --- swvdec_deinit(): all done, goodbye!
10-12 02:43:07.327 1330 1873 I OMX_SWVDEC: --- component_deinit(): all done, goodbye!
10-12 02:43:07.330 1330 1873 I android.hardware.media.omx@1.0-service: vendor/qcom/proprietary/adsprpc/src/rpcmem_android.c:192: rpcmem_deinit_internal: closed ION fd 7
10-12 02:43:07.330 1330 1873 I android.hardware.media.omx@1.0-service: vendor/qcom/proprietary/adsprpc/src/fastrpc_apps_user.c:3019: fastrpc_apps_user_deinit done
01-01 08:00:58.365 0 0 E : INFO: trying to register non-static key.
01-01 08:00:58.370 0 0 E : the code is fine but needs lockdep annotation.
01-01 08:00:58.375 0 0 I : CPU: 6 PID: 1596 Comm: kworker/u16:18 Tainted: G S W O 4.19.157+ #1
01-01 08:00:58.375 0 0 I Hardware name: Qualcomm Technologies, Inc. kona MTP-RmPM8150b. VX1(MCE) EVT2 (DT)
01-01 08:00:58.375 0 0 I Workqueue: events_unbound ion_system_secure_heap_prefetch_work
01-01 08:00:58.375 0 0 I Call trace:
01-01 08:00:58.375 0 0 I : dump_backtrace+0x0/0x258
01-01 08:00:58.375 0 0 I : show_stack+0x20/0x30
01-01 08:00:58.376 0 0 I : dump_stack+0xd8/0x12c
01-01 08:00:58.376 0 0 I : register_lock_class+0x4d0/0x5c8
01-01 08:00:58.376 0 0 I : __lock_acquire+0xbc/0x1e58
01-01 08:00:58.376 0 0 I : lock_acquire+0x1cc/0x218
01-01 08:00:58.376 0 0 I : _raw_spin_lock_irqsave+0x54/0x98
01-01 08:00:58.376 0 0 I : ion_system_secure_heap_prefetch_work+0x94/0x2c0
01-01 08:00:58.376 0 0 I : process_one_work+0x38c/0x660
01-01 08:00:58.376 0 0 I : worker_thread+0x268/0x4b8
01-01 08:00:58.376 0 0 I : kthread+0x140/0x150
01-01 08:00:58.376 0 0 I : ret_from_fork+0x10/0x1c
10-12 02:43:07.332 1140 1140 I SystemServiceManager: Starting com.android.server.stats.StatsCompanion$Lifecycle
10-12 02:43:07.337 1295 1800 I OMXClient: IOmx service obtained
10-12 02:43:07.337 1330 1872 I OMXMaster: makeComponentInstance(OMX.google.h263.decoder) in android.hardwar process
10-12 02:43:07.341 1140 1140 D SystemServerTiming: StartStatsCompanion took to complete: 31ms
10-12 02:43:07.341 1140 1140 I SystemServerTiming: StartRebootReadinessManagerService
10-12 02:43:07.345 1330 1815 E OMXNodeInstance: getExtensionIndex(0xea040b00:google.h263.decoder, OMX.google.android.index.configureVideoTunnelMode) ERROR: UnsupportedIndex(0x8000101a)
10-12 02:43:07.345 1295 1800 D MediaCodecInfo: detail feature-tunneled-playback wasn't present to remove
10-12 02:43:07.345 1330 1891 E OMXNodeInstance: getExtensionIndex(0xea040b00:google.h263.decoder, OMX.google.android.index.enableAndroidNativeBuffers) ERROR: UnsupportedIndex(0x8000101a)
01-01 08:00:58.387 0 0 E : INFO: trying to register non-static key.
01-01 08:00:58.393 0 0 E : the code is fine but needs lockdep annotation.
01-01 08:00:58.398 0 0 I : CPU: 3 PID: 1596 Comm: kworker/u16:18 Tainted: G S W O 4.19.157+ #1
01-01 08:00:58.398 0 0 I Hardware name: Qualcomm Technologies, Inc. kona MTP-RmPM8150b. VX1(MCE) EVT2 (DT)
01-01 08:00:58.398 0 0 I Workqueue: events_unbound ion_system_secure_heap_prefetch_work
01-01 08:00:58.398 0 0 I Call trace:
01-01 08:00:58.398 0 0 I : dump_backtrace+0x0/0x258
01-01 08:00:58.398 0 0 I : show_stack+0x20/0x30
01-01 08:00:58.398 0 0 I : dump_stack+0xd8/0x12c
01-01 08:00:58.398 0 0 I : register_lock_class+0x4d0/0x5c8
01-01 08:00:58.398 0 0 I : __lock_acquire+0xbc/0x1e58
01-01 08:00:58.398 0 0 I : lock_acquire+0x1cc/0x218
01-01 08:00:58.398 0 0 I : _raw_spin_lock_irqsave+0x54/0x98
01-01 08:00:58.398 0 0 I : ion_system_secure_heap_prefetch_work+0x94/0x2c0
01-01 08:00:58.398 0 0 I : process_one_work+0x38c/0x660
01-01 08:00:58.398 0 0 I : worker_thread+0x268/0x4b8
01-01 08:00:58.398 0 0 I : kthread+0x140/0x150
01-01 08:00:58.398 0 0 I : ret_from_fork+0x10/0x1c
10-12 02:43:07.349 1295 1800 I OMXClient: IOmx service obtained
10-12 02:43:07.349 1330 1873 I OMXMaster: makeComponentInstance(OMX.qcom.video.decoder.hevc) in android.hardwar process
10-12 02:43:07.349 1330 1873 D PlatformConfig: getInstance: Enter
10-12 02:43:07.350 1330 1873 D PlatformConfig: getConfigStoreBool: vpp/enable=false, returning false
10-12 02:43:07.359 1330 1873 D PlatformConfig: getInstance: Enter
10-12 02:43:07.359 1330 1873 D PlatformConfig: getInt32 Config name: vidc_dec_log_in value: 0
10-12 02:43:07.359 1330 1873 D PlatformConfig: getInstance: Enter
10-12 02:43:07.359 1330 1873 D PlatformConfig: getInt32 Config name: vidc_dec_log_out value: 0
10-12 02:43:07.359 1330 1873 D PlatformConfig: getInstance: Enter
10-12 02:43:07.359 1330 1873 D PlatformConfig: getInt32 Config name: vidc_dec_sec_prefetch_size_internal value: 209715200
10-12 02:43:07.359 1330 1873 D PlatformConfig: getInstance: Enter
10-12 02:43:07.359 1330 1873 D PlatformConfig: getInt32 Config name: vidc_dec_sec_prefetch_size_output value: 13434880
10-12 02:43:07.359 1330 1873 D PlatformConfig: getInstance: Enter
10-12 02:43:07.359 1330 1873 D PlatformConfig: getInt32 Config name: vidc_perf_control_enable value: 0
10-12 02:43:07.359 1330 1873 D PlatformConfig: getInstance: Enter
10-12 02:43:07.360 1330 1873 D PlatformConfig: getInt32 Config name: vidc_dec_thumbnail_yuv_output value: 0
10-12 02:43:07.360 1330 1873 D PlatformConfig: getInstance: Enter
10-12 02:43:07.360 1330 1873 D PlatformConfig: getInt32: Returning default
10-12 02:43:07.360 1330 1873 D PlatformConfig: getInstance: Enter
10-12 02:43:07.360 1330 1873 D PlatformConfig: getInt32 Config name: vidc_dec_output_rate value: 120
01-01 08:00:58.401 0 0 E : INFO: trying to register non-static key.
01-01 08:00:58.406 0 0 E : the code is fine but needs lockdep annotation.
01-01 08:00:58.408 0 0 I msm_vidc: high: 00000001: ....d: Opening video instance: fffffff8a88d8000, 1
01-01 08:00:58.412 0 0 I : CPU: 3 PID: 1596 Comm: kworker/u16:18 Tainted: G S W O 4.19.157+ #1
01-01 08:00:58.412 0 0 I Hardware name: Qualcomm Technologies, Inc. kona MTP-RmPM8150b. VX1(MCE) EVT2 (DT)
01-01 08:00:58.412 0 0 I Workqueue: events_unbound ion_system_secure_heap_prefetch_work
01-01 08:00:58.412 0 0 I Call trace:
01-01 08:00:58.412 0 0 I : dump_backtrace+0x0/0x258
01-01 08:00:58.412 0 0 I : show_stack+0x20/0x30
01-01 08:00:58.412 0 0 I : dump_stack+0xd8/0x12c
01-01 08:00:58.412 0 0 I : register_lock_class+0x4d0/0x5c8
01-01 08:00:58.412 0 0 I : __lock_acquire+0xbc/0x1e58
01-01 08:00:58.412 0 0 I : lock_acquire+0x1cc/0x218
01-01 08:00:58.412 0 0 I : _raw_spin_lock_irqsave+0x54/0x98
01-01 08:00:58.412 0 0 I : ion_system_secure_heap_prefetch_work+0x94/0x2c0
01-01 08:00:58.412 0 0 I : process_one_work+0x38c/0x660
01-01 08:00:58.412 0 0 I : worker_thread+0x268/0x4b8
01-01 08:00:58.412 0 0 I : kthread+0x140/0x150
01-01 08:00:58.412 0 0 I : ret_from_fork+0x10/0x1c
10-12 02:43:07.364 1330 1873 I OMX-VDEC-1080P: component_init: OMX.qcom.video.decoder.hevc : fd=7
10-12 02:43:07.364 1330 1873 E OMX-VDEC-1080P: Unsupported output color format for c2d (2141391876)
10-12 02:43:07.364 1330 1873 E OMX-VDEC-1080P: Setting color format failed
10-12 02:43:07.365 1330 1873 D PlatformConfig: getInstance: Enter
10-12 02:43:07.366 1330 1873 D PlatformConfig: getInt32: Returning default
10-12 02:43:07.366 1330 1873 D PlatformConfig: getInstance: Enter
10-12 02:43:07.366 1330 1873 D PlatformConfig: getInt32: Returning default
10-12 02:43:07.367 1330 1873 I OMX-VDEC-1080P: omx_vdec::component_init() success : fd=7
10-12 02:43:07.370 1140 1140 I system_server: Waiting for a blocking GC ClassLinker
10-12 02:43:07.371 1330 1891 E OMX-VDEC-1080P: Extension: OMX.google.android.index.storeANWBufferInMetadata not implemented
10-12 02:43:07.371 1330 1891 E OMX-VDEC-1080P: Extension: OMX.google.android.index.configureVideoTunnelMode not implemented
10-12 02:43:07.371 1330 1891 E OMX-VDEC-1080P: Extension: OMX.google.android.index.useAndroidNativeBuffer is supported
01-01 08:00:58.419 0 0 E : INFO: trying to register non-static key.
10-12 02:43:07.373 1330 1815 E OMXNodeInstance: getParameter(0xe8f90024:qcom.decoder.hevc, ??(0x7f000044)) ERROR: UnsupportedSetting(0x80001019)
10-12 02:43:07.373 1330 1850 E OMXNodeInstance: getParameter(0xe8f90024:qcom.decoder.hevc, ??(0x7f000044)) ERROR: UnsupportedSetting(0x80001019)
10-12 02:43:07.376 1330 1850 E OMX-VDEC-1080P: Extension: OMX.google.android.index.configureVideoTunnelMode not implemented
10-12 02:43:07.376 1330 1850 E OMXNodeInstance: getExtensionIndex(0xe8f90024:qcom.decoder.hevc, OMX.google.android.index.configureVideoTunnelMode) ERROR: NotImplemented(0x80001006)
10-12 02:43:07.376 1295 1800 D MediaCodecInfo: detail feature-tunneled-playback wasn't present to remove
10-12 02:43:07.376 1330 1873 E OMX-VDEC-1080P: set_parameter: Error: 0x80001019, setting param 0x7f00005d
10-12 02:43:07.376 1330 1873 E OMXNodeInstance: setParameter(0xe8f90024:qcom.decoder.hevc, OMX.google.android.index.allocateNativeHandle(0x7f00005d): Output:1 en=0) ERROR: UnsupportedSetting(0x80001019)
10-12 02:43:07.376 1330 1873 E OMX-VDEC-1080P: Extension: OMX.google.android.index.storeANWBufferInMetadata not implemented
10-12 02:43:07.377 1330 1815 I OMX-VDEC-1080P: omx_vdec::component_deinit() complete
01-01 08:00:58.424 0 0 E : the code is fine but needs lockdep annotation.
01-01 08:00:58.430 0 0 I : CPU: 5 PID: 1596 Comm: kworker/u16:18 Tainted: G S W O 4.19.157+ #1
01-01 08:00:58.430 0 0 I Hardware name: Qualcomm Technologies, Inc. kona MTP-RmPM8150b. VX1(MCE) EVT2 (DT)
01-01 08:00:58.430 0 0 I Workqueue: events_unbound ion_system_secure_heap_prefetch_work
01-01 08:00:58.430 0 0 I Call trace:
01-01 08:00:58.430 0 0 I : dump_backtrace+0x0/0x258
01-01 08:00:58.430 0 0 I : show_stack+0x20/0x30
01-01 08:00:58.430 0 0 I : dump_stack+0xd8/0x12c
01-01 08:00:58.430 0 0 I : register_lock_class+0x4d0/0x5c8
01-01 08:00:58.430 0 0 I : __lock_acquire+0xbc/0x1e58
01-01 08:00:58.430 0 0 I : lock_acquire+0x1cc/0x218
01-01 08:00:58.430 0 0 I : _raw_spin_lock_irqsave+0x54/0x98
01-01 08:00:58.430 0 0 I : ion_system_secure_heap_prefetch_work+0x94/0x2c0
01-01 08:00:58.430 0 0 I : process_one_work+0x38c/0x660
01-01 08:00:58.430 0 0 I : worker_thread+0x268/0x4b8
01-01 08:00:58.430 0 0 I : kthread+0x140/0x150
01-01 08:00:58.430 0 0 I : ret_from_fork+0x10/0x1c
10-12 02:43:07.383 1330 1815 I OMX-VDEC-1080P: Exit OMX vdec Destructor: fd=7
01-01 08:00:58.433 0 0 E : INFO: trying to register non-static key.
01-01 08:00:58.438 0 0 I msm_vidc: high: 00000001: h265d: Closed video instance: fffffff8a88d8000
01-01 08:00:58.438 0 0 E : the code is fine but needs lockdep annotation.
01-01 08:00:58.438 0 0 I : CPU: 5 PID: 1596 Comm: kworker/u16:18 Tainted: G S W O 4.19.157+ #1
01-01 08:00:58.438 0 0 I Hardware name: Qualcomm Technologies, Inc. kona MTP-RmPM8150b. VX1(MCE) EVT2 (DT)
01-01 08:00:58.438 0 0 I Workqueue: events_unbound ion_system_secure_heap_prefetch_work
01-01 08:00:58.438 0 0 I Call trace:
01-01 08:00:58.438 0 0 I : dump_backtrace+0x0/0x258
01-01 08:00:58.438 0 0 I : show_stack+0x20/0x30
01-01 08:00:58.438 0 0 I : dump_stack+0xd8/0x12c
01-01 08:00:58.438 0 0 I : register_lock_class+0x4d0/0x5c8
01-01 08:00:58.438 0 0 I : __lock_acquire+0xbc/0x1e58
01-01 08:00:58.438 0 0 I : lock_acquire+0x1cc/0x218
01-01 08:00:58.438 0 0 I : _raw_spin_lock_irqsave+0x54/0x98
01-01 08:00:58.444 0 0 I : ion_system_secure_heap_prefetch_work+0x94/0x2c0
01-01 08:00:58.444 0 0 I : process_one_work+0x38c/0x660
01-01 08:00:58.444 0 0 I : worker_thread+0x268/0x4b8
01-01 08:00:58.444 0 0 I : kthread+0x140/0x150
01-01 08:00:58.444 0 0 I : ret_from_fork+0x10/0x1c
10-12 02:43:07.398 1295 1800 I OMXClient: IOmx service obtained
10-12 02:43:07.398 1330 1815 I OMXMaster: makeComponentInstance(OMX.qcom.video.decoder.hevc.secure) in android.hardwar process
10-12 02:43:07.398 1330 1815 D PlatformConfig: getInstance: Enter
10-12 02:43:07.399 1330 1815 D PlatformConfig: getConfigStoreBool: vpp/enable=false, returning false
01-01 08:00:58.446 0 0 E : INFO: trying to register non-static key.
01-01 08:00:58.451 0 0 E : the code is fine but needs lockdep annotation.
01-01 08:00:58.457 0 0 I : CPU: 5 PID: 1596 Comm: kworker/u16:18 Tainted: G S W O 4.19.157+ #1
01-01 08:00:58.457 0 0 I Hardware name: Qualcomm Technologies, Inc. kona MTP-RmPM8150b. VX1(MCE) EVT2 (DT)
01-01 08:00:58.457 0 0 I Workqueue: events_unbound ion_system_secure_heap_prefetch_work
01-01 08:00:58.457 0 0 I Call trace:
01-01 08:00:58.457 0 0 I : dump_backtrace+0x0/0x258
01-01 08:00:58.457 0 0 I : show_stack+0x20/0x30
01-01 08:00:58.457 0 0 I : dump_stack+0xd8/0x12c
01-01 08:00:58.457 0 0 I : register_lock_class+0x4d0/0x5c8
01-01 08:00:58.457 0 0 I : __lock_acquire+0xbc/0x1e58
01-01 08:00:58.457 0 0 I : lock_acquire+0x1cc/0x218
01-01 08:00:58.457 0 0 I : _raw_spin_lock_irqsave+0x54/0x98
01-01 08:00:58.457 0 0 I : ion_system_secure_heap_prefetch_work+0x94/0x2c0
01-01 08:00:58.457 0 0 I : process_one_work+0x38c/0x660
01-01 08:00:58.457 0 0 I : worker_thread+0x268/0x4b8
01-01 08:00:58.457 0 0 I : kthread+0x140/0x150
01-01 08:00:58.457 0 0 I : ret_from_fork+0x10/0x1c
10-12 02:43:07.410 1330 1815 D PlatformConfig: getInstance: Enter
10-12 02:43:07.410 1330 1815 D PlatformConfig: getInt32 Config name: vidc_dec_log_in value: 0
10-12 02:43:07.410 1330 1815 D PlatformConfig: getInstance: Enter
10-12 02:43:07.410 1330 1815 D PlatformConfig: getInt32 Config name: vidc_dec_log_out value: 0
10-12 02:43:07.410 1330 1815 D PlatformConfig: getInstance: Enter
10-12 02:43:07.410 1330 1815 D PlatformConfig: getInt32 Config name: vidc_dec_sec_prefetch_size_internal value: 209715200
10-12 02:43:07.410 1330 1815 D PlatformConfig: getInstance: Enter
10-12 02:43:07.410 1330 1815 D PlatformConfig: getInt32 Config name: vidc_dec_sec_prefetch_size_output value: 13434880
10-12 02:43:07.410 1330 1815 D PlatformConfig: getInstance: Enter
10-12 02:43:07.410 1330 1815 D PlatformConfig: getInt32 Config name: vidc_perf_control_enable value: 0
10-12 02:43:07.410 1330 1815 D PlatformConfig: getInstance: Enter
10-12 02:43:07.410 1330 1815 D PlatformConfig: getInt32 Config name: vidc_dec_thumbnail_yuv_output value: 0
10-12 02:43:07.410 1330 1815 D PlatformConfig: getInstance: Enter
10-12 02:43:07.410 1330 1815 D PlatformConfig: getInt32: Returning default
10-12 02:43:07.410 1330 1815 D PlatformConfig: getInstance: Enter
10-12 02:43:07.410 1330 1815 D PlatformConfig: getInt32 Config name: vidc_dec_output_rate value: 120
10-12 02:43:07.411 1330 1815 I OMX-VDEC-1080P: component_init: OMX.qcom.video.decoder.hevc : fd=7
10-12 02:43:07.411 1330 1815 E OMX-VDEC-1080P: Unsupported output color format for c2d (2141391876)
10-12 02:43:07.411 1330 1815 E OMX-VDEC-1080P: Setting color format failed
01-01 08:00:58.458 0 0 I msm_vidc: high: 00000001: ....d: Opening video instance: fffffff8a8958000, 1
01-01 08:00:58.459 0 0 E : INFO: trying to register non-static key.
10-12 02:43:07.412 1330 1815 D PlatformConfig: getInstance: Enter
10-12 02:43:07.412 1330 1815 D PlatformConfig: getInt32: Returning default
10-12 02:43:07.413 1330 1815 D PlatformConfig: getInstance: Enter
10-12 02:43:07.413 1330 1815 D PlatformConfig: getInt32: Returning default
10-12 02:43:07.414 1330 1815 I OMX-VDEC-1080P: omx_vdec::component_init() success : fd=7
10-12 02:43:07.417 1330 1330 E OMX-VDEC-1080P: Extension: OMX.google.android.index.storeANWBufferInMetadata not implemented
10-12 02:43:07.417 1330 1330 E OMX-VDEC-1080P: Extension: OMX.google.android.index.configureVideoTunnelMode not implemented
10-12 02:43:07.417 1330 1330 E OMX-VDEC-1080P: Extension: OMX.google.android.index.useAndroidNativeBuffer is supported
10-12 02:43:07.419 1330 1872 E OMXNodeInstance: getParameter(0xe8f90024:qcom.decoder.hevc.secure, ??(0x7f000044)) ERROR: UnsupportedSetting(0x80001019)
10-12 02:43:07.420 1330 1872 E OMXNodeInstance: getParameter(0xe8f90024:qcom.decoder.hevc.secure, ??(0x7f000044)) ERROR: UnsupportedSetting(0x80001019)
10-12 02:43:07.422 1330 1815 E OMX-VDEC-1080P: Extension: OMX.google.android.index.configureVideoTunnelMode not implemented
10-12 02:43:07.422 1330 1815 E OMXNodeInstance: getExtensionIndex(0xe8f90024:qcom.decoder.hevc.secure, OMX.google.android.index.configureVideoTunnelMode) ERROR: NotImplemented(0x80001006)
10-12 02:43:07.423 1295 1800 D MediaCodecInfo: detail feature-tunneled-playback wasn't present to remove
10-12 02:43:07.423 1330 1330 E OMX-VDEC-1080P: set_parameter: Error: 0x80001019, setting param 0x7f00005d
10-12 02:43:07.423 1330 1330 E OMXNodeInstance: setParameter(0xe8f90024:qcom.decoder.hevc.secure, OMX.google.android.index.allocateNativeHandle(0x7f00005d): Output:1 en=0) ERROR: UnsupportedSetting(0x80001019)
10-12 02:43:07.423 1330 1330 E OMX-VDEC-1080P: Extension: OMX.google.android.index.storeANWBufferInMetadata not implemented
10-12 02:43:07.423 1330 1872 I OMX-VDEC-1080P: omx_vdec::component_deinit() complete
10-12 02:43:07.430 675 681 I ServiceManager: Waiting for service 'statscompanion' on '/dev/binder' successful after waiting 1415ms
01-01 08:00:58.462 0 0 E : INFO: trying to register non-static key.
01-01 08:00:58.464 0 0 E : the code is fine but needs lockdep annotation.
01-01 08:00:58.470 0 0 E : the code is fine but needs lockdep annotation.
01-01 08:00:58.475 0 0 I : CPU: 5 PID: 1596 Comm: kworker/u16:18 Tainted: G S W O 4.19.157+ #1
01-01 08:00:58.481 0 0 I Hardware name: Qualcomm Technologies, Inc. kona MTP-RmPM8150b. VX1(MCE) EVT2 (DT)
01-01 08:00:58.481 0 0 I Workqueue: events_unbound ion_system_secure_heap_prefetch_work
01-01 08:00:58.481 0 0 I Call trace:
01-01 08:00:58.481 0 0 I : dump_backtrace+0x0/0x258
01-01 08:00:58.481 0 0 I : show_stack+0x20/0x30
01-01 08:00:58.481 0 0 I : dump_stack+0xd8/0x12c
01-01 08:00:58.481 0 0 I : register_lock_class+0x4d0/0x5c8
01-01 08:00:58.481 0 0 I : __lock_acquire+0xbc/0x1e58
01-01 08:00:58.481 0 0 I : lock_acquire+0x1cc/0x218
10-12 02:43:07.434 1460 1506 E cnss-daemon: wlfw_qmi_ind_cb: Receive Ind : 0x2a
01-01 08:00:58.481 0 0 I : _raw_spin_lock_irqsave+0x54/0x98
01-01 08:00:58.481 0 0 I : ion_system_secure_heap_prefetch_work+0x94/0x2c0
01-01 08:00:58.481 0 0 I : process_one_work+0x38c/0x660
01-01 08:00:58.481 0 0 I : worker_thread+0x268/0x4b8
01-01 08:00:58.481 0 0 I : kthread+0x140/0x150
01-01 08:00:58.481 0 0 I : ret_from_fork+0x10/0x1c
01-01 08:00:58.481 0 0 I : CPU: 2 PID: 1914 Comm: VideoDecMsgThre Tainted: G S W O 4.19.157+ #1
01-01 08:00:58.481 0 0 I Hardware name: Qualcomm Technologies, Inc. kona MTP-RmPM8150b. VX1(MCE) EVT2 (DT)
01-01 08:00:58.481 0 0 I Call trace:
01-01 08:00:58.481 0 0 I : dump_backtrace+0x0/0x258
01-01 08:00:58.481 0 0 I : show_stack+0x20/0x30
01-01 08:00:58.481 0 0 I : dump_stack+0xd8/0x12c
01-01 08:00:58.481 0 0 I : register_lock_class+0x4d0/0x5c8
01-01 08:00:58.481 0 0 I : __lock_acquire+0xbc/0x1e58
01-01 08:00:58.481 0 0 I : lock_acquire+0x1cc/0x218
01-01 08:00:58.481 0 0 I : _raw_spin_lock_irqsave+0x54/0x98
01-01 08:00:58.481 0 0 I : __ion_system_secure_heap_resize+0x768/0x8c0
01-01 08:00:58.481 0 0 I : ion_system_secure_heap_prefetch+0x28/0x38
01-01 08:00:58.481 0 0 I : ion_walk_heaps+0x88/0xb8
01-01 08:00:58.481 0 0 I : ion_ioctl+0x1b0/0x2a8
01-01 08:00:58.481 0 0 I : __arm64_compat_sys_ioctl+0xf4/0x240
01-01 08:00:58.481 0 0 I : el0_svc_common+0xa4/0x190
01-01 08:00:58.481 0 0 I : el0_svc_compat_handler+0x28/0x38
01-01 08:00:58.481 0 0 I : el0_svc_compat+0x8/0x34
10-12 02:43:07.443 1140 1860 I stream_devices_changed: [3,0,2]
01-01 08:00:58.483 0 0 E : INFO: trying to register non-static key.
01-01 08:00:58.483 0 0 E : INFO: trying to register non-static key.
01-01 08:00:58.488 0 0 E : the code is fine but needs lockdep annotation.
01-01 08:00:58.493 0 0 E : the code is fine but needs lockdep annotation.
01-01 08:00:58.499 0 0 I : CPU: 6 PID: 1872 Comm: HwBinder:1330_5 Tainted: G S W O 4.19.157+ #1
01-01 08:00:58.504 0 0 I Hardware name: Qualcomm Technologies, Inc. kona MTP-RmPM8150b. VX1(MCE) EVT2 (DT)
01-01 08:00:58.504 0 0 I Call trace:
01-01 08:00:58.504 0 0 I : dump_backtrace+0x0/0x258
01-01 08:00:58.504 0 0 I : show_stack+0x20/0x30
01-01 08:00:58.504 0 0 I : dump_stack+0xd8/0x12c
01-01 08:00:58.504 0 0 I : register_lock_class+0x4d0/0x5c8
01-01 08:00:58.504 0 0 I : __lock_acquire+0xbc/0x1e58
01-01 08:00:58.504 0 0 I : lock_acquire+0x1cc/0x218
01-01 08:00:58.504 0 0 I : _raw_spin_lock_irqsave+0x54/0x98
01-01 08:00:58.504 0 0 I : __ion_system_secure_heap_resize+0x768/0x8c0
01-01 08:00:58.504 0 0 I : ion_system_secure_heap_drain+0x28/0x38
01-01 08:00:58.504 0 0 I : ion_walk_heaps+0x88/0xb8
01-01 08:00:58.504 0 0 I : ion_ioctl+0x1b0/0x2a8
01-01 08:00:58.504 0 0 I : __arm64_compat_sys_ioctl+0xf4/0x240
01-01 08:00:58.504 0 0 I : el0_svc_common+0xa4/0x190
01-01 08:00:58.504 0 0 I : el0_svc_compat_handler+0x28/0x38
01-01 08:00:58.504 0 0 I : el0_svc_compat+0x8/0x34
01-01 08:00:58.504 0 0 I : CPU: 5 PID: 1596 Comm: kworker/u16:18 Tainted: G S W O 4.19.157+ #1
01-01 08:00:58.504 0 0 I Hardware name: Qualcomm Technologies, Inc. kona MTP-RmPM8150b. VX1(MCE) EVT2 (DT)
01-01 08:00:58.504 0 0 I Workqueue: events_unbound ion_system_secure_heap_prefetch_work
01-01 08:00:58.504 0 0 I Call trace:
01-01 08:00:58.504 0 0 I : dump_backtrace+0x0/0x258
01-01 08:00:58.504 0 0 I : show_stack+0x20/0x30
01-01 08:00:58.504 0 0 I : dump_stack+0xd8/0x12c
01-01 08:00:58.504 0 0 I : register_lock_class+0x4d0/0x5c8
01-01 08:00:58.504 0 0 I : __lock_acquire+0xbc/0x1e58
01-01 08:00:58.504 0 0 I : lock_acquire+0x1cc/0x218
01-01 08:00:58.504 0 0 I : _raw_spin_lock_irqsave+0x54/0x98
01-01 08:00:58.504 0 0 I : ion_system_secure_heap_prefetch_work+0x94/0x2c0
01-01 08:00:58.504 0 0 I : process_one_work+0x38c/0x660
01-01 08:00:58.504 0 0 I : worker_thread+0x268/0x4b8
01-01 08:00:58.504 0 0 I : kthread+0x140/0x150
01-01 08:00:58.504 0 0 I : ret_from_fork+0x10/0x1c
01-01 08:00:58.507 0 0 E : INFO: trying to register non-static key.
01-01 08:00:58.508 0 0 I msm_vidc: high: 00000001: h265d: Closed video instance: fffffff8a8958000
01-01 08:00:58.512 0 0 E : the code is fine but needs lockdep annotation.
01-01 08:00:58.512 0 0 I : CPU: 5 PID: 1596 Comm: kworker/u16:18 Tainted: G S W O 4.19.157+ #1
01-01 08:00:58.512 0 0 I Hardware name: Qualcomm Technologies, Inc. kona MTP-RmPM8150b. VX1(MCE) EVT2 (DT)
01-01 08:00:58.512 0 0 I Workqueue: events_unbound ion_system_secure_heap_prefetch_work
01-01 08:00:58.512 0 0 I Call trace:
01-01 08:00:58.512 0 0 I : dump_backtrace+0x0/0x258
01-01 08:00:58.512 0 0 I : show_stack+0x20/0x30
01-01 08:00:58.512 0 0 I : dump_stack+0xd8/0x12c
01-01 08:00:58.512 0 0 I : register_lock_class+0x4d0/0x5c8
01-01 08:00:58.512 0 0 I : __lock_acquire+0xbc/0x1e58
01-01 08:00:58.512 0 0 I : lock_acquire+0x1cc/0x218
01-01 08:00:58.512 0 0 I : _raw_spin_lock_irqsave+0x54/0x98
01-01 08:00:58.512 0 0 I : ion_system_secure_heap_prefetch_work+0x94/0x2c0
01-01 08:00:58.512 0 0 I : process_one_work+0x38c/0x660
01-01 08:00:58.512 0 0 I : worker_thread+0x268/0x4b8
01-01 08:00:58.512 0 0 I : kthread+0x140/0x150
01-01 08:00:58.512 0 0 I : ret_from_fork+0x10/0x1c
01-01 08:00:58.514 0 0 E : INFO: trying to register non-static key.
10-12 02:43:07.470 1330 1872 I OMX-VDEC-1080P: Exit OMX vdec Destructor: fd=7
10-12 02:43:07.478 1295 1800 I OMXClient: IOmx service obtained
10-12 02:43:07.478 1330 1891 I OMXMaster: makeComponentInstance(OMX.google.hevc.decoder) in android.hardwar process
10-12 02:43:07.496 1330 1815 E OMXNodeInstance: getExtensionIndex(0xea040b70:google.hevc.decoder, OMX.google.android.index.configureVideoTunnelMode) ERROR: UnsupportedIndex(0x8000101a)
10-12 02:43:07.496 1295 1800 D MediaCodecInfo: detail feature-tunneled-playback wasn't present to remove
10-12 02:43:07.497 1330 1330 E OMXNodeInstance: getExtensionIndex(0xea040b70:google.hevc.decoder, OMX.google.android.index.enableAndroidNativeBuffers) ERROR: UnsupportedIndex(0x8000101a)
01-01 08:00:58.522 0 0 E : the code is fine but needs lockdep annotation.
01-01 08:00:58.528 0 0 I : CPU: 5 PID: 1596 Comm: kworker/u16:18 Tainted: G S W O 4.19.157+ #1
01-01 08:00:58.528 0 0 I Hardware name: Qualcomm Technologies, Inc. kona MTP-RmPM8150b. VX1(MCE) EVT2 (DT)
01-01 08:00:58.528 0 0 I Workqueue: events_unbound ion_system_secure_heap_prefetch_work
01-01 08:00:58.528 0 0 I Call trace:
01-01 08:00:58.528 0 0 I : dump_backtrace+0x0/0x258
01-01 08:00:58.528 0 0 I : show_stack+0x20/0x30
01-01 08:00:58.528 0 0 I : dump_stack+0xd8/0x12c
01-01 08:00:58.528 0 0 I : register_lock_class+0x4d0/0x5c8
01-01 08:00:58.528 0 0 I : __lock_acquire+0xbc/0x1e58
01-01 08:00:58.528 0 0 I : lock_acquire+0x1cc/0x218
01-01 08:00:58.528 0 0 I : _raw_spin_lock_irqsave+0x54/0x98
01-01 08:00:58.528 0 0 I : ion_system_secure_heap_prefetch_work+0x94/0x2c0
01-01 08:00:58.528 0 0 I : process_one_work+0x38c/0x660
01-01 08:00:58.528 0 0 I : worker_thread+0x268/0x4b8
01-01 08:00:58.528 0 0 I : kthread+0x140/0x150
01-01 08:00:58.528 0 0 I : ret_from_fork+0x10/0x1c
01-01 08:00:58.530 0 0 E : INFO: trying to register non-static key.
01-01 08:00:58.536 0 0 E : the code is fine but needs lockdep annotation.
01-01 08:00:58.541 0 0 I : CPU: 5 PID: 1596 Comm: kworker/u16:18 Tainted: G S W O 4.19.157+ #1
01-01 08:00:58.541 0 0 I Hardware name: Qualcomm Technologies, Inc. kona MTP-RmPM8150b. VX1(MCE) EVT2 (DT)
01-01 08:00:58.541 0 0 I Workqueue: events_unbound ion_system_secure_heap_prefetch_work
01-01 08:00:58.541 0 0 I Call trace:
01-01 08:00:58.541 0 0 I : dump_backtrace+0x0/0x258
01-01 08:00:58.541 0 0 I : show_stack+0x20/0x30
01-01 08:00:58.541 0 0 I : dump_stack+0xd8/0x12c
01-01 08:00:58.541 0 0 I : register_lock_class+0x4d0/0x5c8
01-01 08:00:58.541 0 0 I : __lock_acquire+0xbc/0x1e58
01-01 08:00:58.541 0 0 I : lock_acquire+0x1cc/0x218
01-01 08:00:58.541 0 0 I : _raw_spin_lock_irqsave+0x54/0x98
01-01 08:00:58.541 0 0 I : ion_system_secure_heap_prefetch_work+0x94/0x2c0
01-01 08:00:58.541 0 0 I : process_one_work+0x38c/0x660
01-01 08:00:58.541 0 0 I : worker_thread+0x268/0x4b8
01-01 08:00:58.541 0 0 I : kthread+0x140/0x150
01-01 08:00:58.541 0 0 I : ret_from_fork+0x10/0x1c
01-01 08:00:58.543 0 0 E : INFO: trying to register non-static key.
10-12 02:43:07.499 1140 1860 I stream_devices_changed: [6,0,1]
10-12 02:43:07.502 1295 1800 I OMXClient: IOmx service obtained
10-12 02:43:07.502 1330 1330 I OMXMaster: makeComponentInstance(OMX.qcom.video.decoder.mpeg2) in android.hardwar process
10-12 02:43:07.502 1330 1330 D PlatformConfig: getInstance: Enter
10-12 02:43:07.503 1330 1330 D PlatformConfig: getConfigStoreBool: vpp/enable=false, returning false
01-01 08:00:58.549 0 0 E : the code is fine but needs lockdep annotation.
01-01 08:00:58.554 0 0 I : CPU: 5 PID: 1596 Comm: kworker/u16:18 Tainted: G S W O 4.19.157+ #1
01-01 08:00:58.554 0 0 I Hardware name: Qualcomm Technologies, Inc. kona MTP-RmPM8150b. VX1(MCE) EVT2 (DT)
01-01 08:00:58.554 0 0 I Workqueue: events_unbound ion_system_secure_heap_prefetch_work
01-01 08:00:58.554 0 0 I Call trace:
01-01 08:00:58.554 0 0 I : dump_backtrace+0x0/0x258
01-01 08:00:58.554 0 0 I : show_stack+0x20/0x30
01-01 08:00:58.554 0 0 I : dump_stack+0xd8/0x12c
01-01 08:00:58.554 0 0 I : register_lock_class+0x4d0/0x5c8
01-01 08:00:58.554 0 0 I : __lock_acquire+0xbc/0x1e58
01-01 08:00:58.554 0 0 I : lock_acquire+0x1cc/0x218
01-01 08:00:58.554 0 0 I : _raw_spin_lock_irqsave+0x54/0x98
01-01 08:00:58.554 0 0 I : ion_system_secure_heap_prefetch_work+0x94/0x2c0
01-01 08:00:58.554 0 0 I : process_one_work+0x38c/0x660
01-01 08:00:58.554 0 0 I : worker_thread+0x268/0x4b8
01-01 08:00:58.554 0 0 I : kthread+0x140/0x150
01-01 08:00:58.554 0 0 I : ret_from_fork+0x10/0x1c
10-12 02:43:07.513 1330 1330 D PlatformConfig: getInstance: Enter
10-12 02:43:07.513 1330 1330 D PlatformConfig: getInt32 Config name: vidc_dec_log_in value: 0
10-12 02:43:07.513 1330 1330 D PlatformConfig: getInstance: Enter
10-12 02:43:07.513 1330 1330 D PlatformConfig: getInt32 Config name: vidc_dec_log_out value: 0
10-12 02:43:07.513 1330 1330 D PlatformConfig: getInstance: Enter
10-12 02:43:07.513 1330 1330 D PlatformConfig: getInt32 Config name: vidc_dec_sec_prefetch_size_internal value: 209715200
10-12 02:43:07.513 1330 1330 D PlatformConfig: getInstance: Enter
10-12 02:43:07.514 1330 1330 D PlatformConfig: getInt32 Config name: vidc_dec_sec_prefetch_size_output value: 13434880
10-12 02:43:07.514 1330 1330 D PlatformConfig: getInstance: Enter
10-12 02:43:07.514 1330 1330 D PlatformConfig: getInt32 Config name: vidc_perf_control_enable value: 0
10-12 02:43:07.514 1330 1330 D PlatformConfig: getInstance: Enter
10-12 02:43:07.514 1330 1330 D PlatformConfig: getInt32 Config name: vidc_dec_thumbnail_yuv_output value: 0
10-12 02:43:07.514 1330 1330 D PlatformConfig: getInstance: Enter
10-12 02:43:07.514 1330 1330 D PlatformConfig: getInt32: Returning default
10-12 02:43:07.514 1330 1330 D PlatformConfig: getInstance: Enter
10-12 02:43:07.514 1330 1330 D PlatformConfig: getInt32 Config name: vidc_dec_output_rate value: 120
10-12 02:43:07.514 1330 1330 I OMX-VDEC-1080P: component_init: OMX.qcom.video.decoder.mpeg2 : fd=7
10-12 02:43:07.515 1330 1330 E OMX-VDEC-1080P: Unsupported output color format for c2d (2141391876)
10-12 02:43:07.515 1330 1330 E OMX-VDEC-1080P: Setting color format failed
01-01 08:00:58.562 0 0 I msm_vidc: high: 00000001: ....d: Opening video instance: fffffff8a894c000, 1
01-01 08:00:58.563 0 0 E : INFO: trying to register non-static key.
10-12 02:43:07.515 1330 1330 D PlatformConfig: getInstance: Enter
10-12 02:43:07.515 1330 1330 D PlatformConfig: getInt32: Returning default
10-12 02:43:07.516 1330 1330 D PlatformConfig: getInstance: Enter
10-12 02:43:07.516 1330 1330 D PlatformConfig: getInt32: Returning default
10-12 02:43:07.516 1330 1330 I OMX-VDEC-1080P: omx_vdec::component_init() success : fd=7
10-12 02:43:07.518 1330 1850 E OMX-VDEC-1080P: Extension: OMX.google.android.index.storeANWBufferInMetadata not implemented
10-12 02:43:07.518 1330 1850 E OMX-VDEC-1080P: Extension: OMX.google.android.index.configureVideoTunnelMode not implemented
10-12 02:43:07.518 1330 1850 E OMX-VDEC-1080P: Extension: OMX.google.android.index.useAndroidNativeBuffer is supported
10-12 02:43:07.520 1330 1872 E OMXNodeInstance: getParameter(0xe8f90024:qcom.decoder.mpeg2, ??(0x7f000044)) ERROR: UnsupportedSetting(0x80001019)
10-12 02:43:07.521 1330 1330 E OMXNodeInstance: getParameter(0xe8f90024:qcom.decoder.mpeg2, ??(0x7f000044)) ERROR: UnsupportedSetting(0x80001019)
10-12 02:43:07.523 1330 1873 E OMX-VDEC-1080P: Extension: OMX.google.android.index.configureVideoTunnelMode not implemented
10-12 02:43:07.523 1330 1873 E OMXNodeInstance: getExtensionIndex(0xe8f90024:qcom.decoder.mpeg2, OMX.google.android.index.configureVideoTunnelMode) ERROR: NotImplemented(0x80001006)
10-12 02:43:07.523 1295 1800 D MediaCodecInfo: detail feature-tunneled-playback wasn't present to remove
10-12 02:43:07.523 1330 1814 E OMX-VDEC-1080P: set_parameter: Error: 0x80001019, setting param 0x7f00005d
10-12 02:43:07.523 1330 1814 E OMXNodeInstance: setParameter(0xe8f90024:qcom.decoder.mpeg2, OMX.google.android.index.allocateNativeHandle(0x7f00005d): Output:1 en=0) ERROR: UnsupportedSetting(0x80001019)
10-12 02:43:07.524 1330 1814 E OMX-VDEC-1080P: Extension: OMX.google.android.index.storeANWBufferInMetadata not implemented
10-12 02:43:07.524 1330 1355 I OMX-VDEC-1080P: omx_vdec::component_deinit() complete
01-01 08:00:58.568 0 0 E : the code is fine but needs lockdep annotation.
01-01 08:00:58.574 0 0 I : CPU: 5 PID: 1596 Comm: kworker/u16:18 Tainted: G S W O 4.19.157+ #1
01-01 08:00:58.574 0 0 I Hardware name: Qualcomm Technologies, Inc. kona MTP-RmPM8150b. VX1(MCE) EVT2 (DT)
01-01 08:00:58.574 0 0 I Workqueue: events_unbound ion_system_secure_heap_prefetch_work
01-01 08:00:58.574 0 0 I Call trace:
01-01 08:00:58.574 0 0 I : dump_backtrace+0x0/0x258
01-01 08:00:58.574 0 0 I : show_stack+0x20/0x30
01-01 08:00:58.574 0 0 I : dump_stack+0xd8/0x12c
01-01 08:00:58.574 0 0 I : register_lock_class+0x4d0/0x5c8
01-01 08:00:58.574 0 0 I : __lock_acquire+0xbc/0x1e58
01-01 08:00:58.574 0 0 I : lock_acquire+0x1cc/0x218
01-01 08:00:58.574 0 0 I : _raw_spin_lock_irqsave+0x54/0x98
01-01 08:00:58.574 0 0 I : ion_system_secure_heap_prefetch_work+0x94/0x2c0
01-01 08:00:58.574 0 0 I : process_one_work+0x38c/0x660
01-01 08:00:58.574 0 0 I : worker_thread+0x268/0x4b8
01-01 08:00:58.574 0 0 I : kthread+0x140/0x150
01-01 08:00:58.574 0 0 I : ret_from_fork+0x10/0x1c
01-01 08:00:58.574 0 0 I msm_vidc: high: 00000001: mpg2d: Closed video instance: fffffff8a894c000
10-12 02:43:07.526 1330 1355 I OMX-VDEC-1080P: Exit OMX vdec Destructor: fd=7
10-12 02:43:07.536 1295 1800 I OMXClient: IOmx service obtained
10-12 02:43:07.536 1330 1872 I OMXMaster: makeComponentInstance(OMX.qcom.video.decoder.mpeg2.secure) in android.hardwar process
10-12 02:43:07.536 1330 1872 D PlatformConfig: getInstance: Enter
10-12 02:43:07.537 1330 1872 D PlatformConfig: getConfigStoreBool: vpp/enable=false, returning false
01-01 08:00:58.583 0 0 E : INFO: trying to register non-static key.
01-01 08:00:58.588 0 0 E : the code is fine but needs lockdep annotation.
01-01 08:00:58.593 0 0 I : CPU: 5 PID: 1596 Comm: kworker/u16:18 Tainted: G S W O 4.19.157+ #1
01-01 08:00:58.593 0 0 I Hardware name: Qualcomm Technologies, Inc. kona MTP-RmPM8150b. VX1(MCE) EVT2 (DT)
01-01 08:00:58.593 0 0 I Workqueue: events_unbound ion_system_secure_heap_prefetch_work
01-01 08:00:58.593 0 0 I Call trace:
01-01 08:00:58.593 0 0 I : dump_backtrace+0x0/0x258
01-01 08:00:58.593 0 0 I : show_stack+0x20/0x30
01-01 08:00:58.593 0 0 I : dump_stack+0xd8/0x12c
01-01 08:00:58.593 0 0 I : register_lock_class+0x4d0/0x5c8
01-01 08:00:58.593 0 0 I : __lock_acquire+0xbc/0x1e58
01-01 08:00:58.593 0 0 I : lock_acquire+0x1cc/0x218
01-01 08:00:58.593 0 0 I : _raw_spin_lock_irqsave+0x54/0x98
01-01 08:00:58.593 0 0 I : ion_system_secure_heap_prefetch_work+0x94/0x2c0
01-01 08:00:58.593 0 0 I : process_one_work+0x38c/0x660
01-01 08:00:58.593 0 0 I : worker_thread+0x268/0x4b8
01-01 08:00:58.593 0 0 I : kthread+0x140/0x150
01-01 08:00:58.593 0 0 I : ret_from_fork+0x10/0x1c
10-12 02:43:07.547 1330 1872 D PlatformConfig: getInstance: Enter
10-12 02:43:07.548 1330 1872 D PlatformConfig: getInt32 Config name: vidc_dec_log_in value: 0
10-12 02:43:07.548 1330 1872 D PlatformConfig: getInstance: Enter
10-12 02:43:07.548 1330 1872 D PlatformConfig: getInt32 Config name: vidc_dec_log_out value: 0
10-12 02:43:07.548 1330 1872 D PlatformConfig: getInstance: Enter
10-12 02:43:07.548 1330 1872 D PlatformConfig: getInt32 Config name: vidc_dec_sec_prefetch_size_internal value: 209715200
10-12 02:43:07.548 1330 1872 D PlatformConfig: getInstance: Enter
10-12 02:43:07.548 1330 1872 D PlatformConfig: getInt32 Config name: vidc_dec_sec_prefetch_size_output value: 13434880
10-12 02:43:07.548 1330 1872 D PlatformConfig: getInstance: Enter
10-12 02:43:07.548 1330 1872 D PlatformConfig: getInt32 Config name: vidc_perf_control_enable value: 0
10-12 02:43:07.548 1330 1872 D PlatformConfig: getInstance: Enter
10-12 02:43:07.548 1330 1872 D PlatformConfig: getInt32 Config name: vidc_dec_thumbnail_yuv_output value: 0
10-12 02:43:07.548 1330 1872 D PlatformConfig: getInstance: Enter
10-12 02:43:07.548 1330 1872 D PlatformConfig: getInt32: Returning default
10-12 02:43:07.548 1330 1872 D PlatformConfig: getInstance: Enter
10-12 02:43:07.548 1330 1872 D PlatformConfig: getInt32 Config name: vidc_dec_output_rate value: 120
01-01 08:00:58.596 0 0 I msm_vidc: high: 00000001: ....d: Opening video instance: fffffff8a894c000, 1
10-12 02:43:07.549 1330 1872 I OMX-VDEC-1080P: component_init: OMX.qcom.video.decoder.mpeg2 : fd=7
10-12 02:43:07.549 1330 1872 E OMX-VDEC-1080P: Unsupported output color format for c2d (2141391876)
10-12 02:43:07.549 1330 1872 E OMX-VDEC-1080P: Setting color format failed
10-12 02:43:07.550 1330 1872 D PlatformConfig: getInstance: Enter
10-12 02:43:07.550 1330 1872 D PlatformConfig: getInt32: Returning default
10-12 02:43:07.550 1330 1872 D PlatformConfig: getInstance: Enter
10-12 02:43:07.550 1330 1872 D PlatformConfig: getInt32: Returning default
10-12 02:43:07.550 1330 1872 I OMX-VDEC-1080P: omx_vdec::component_init() success : fd=7
10-12 02:43:07.554 1330 1330 E OMX-VDEC-1080P: Extension: OMX.google.android.index.storeANWBufferInMetadata not implemented
10-12 02:43:07.554 1330 1330 E OMX-VDEC-1080P: Extension: OMX.google.android.index.configureVideoTunnelMode not implemented
10-12 02:43:07.554 1330 1330 E OMX-VDEC-1080P: Extension: OMX.google.android.index.useAndroidNativeBuffer is supported
10-12 02:43:07.555 1330 1891 E OMXNodeInstance: getParameter(0xe8fa0034:qcom.decoder.mpeg2.secure, ??(0x7f000044)) ERROR: UnsupportedSetting(0x80001019)
10-12 02:43:07.556 1330 1891 E OMXNodeInstance: getParameter(0xe8fa0034:qcom.decoder.mpeg2.secure, ??(0x7f000044)) ERROR: UnsupportedSetting(0x80001019)
10-12 02:43:07.558 1330 1850 E OMX-VDEC-1080P: Extension: OMX.google.android.index.configureVideoTunnelMode not implemented
10-12 02:43:07.558 1330 1850 E OMXNodeInstance: getExtensionIndex(0xe8fa0034:qcom.decoder.mpeg2.secure, OMX.google.android.index.configureVideoTunnelMode) ERROR: NotImplemented(0x80001006)
10-12 02:43:07.559 1295 1800 D MediaCodecInfo: detail feature-tunneled-playback wasn't present to remove
10-12 02:43:07.559 1330 1872 E OMX-VDEC-1080P: set_parameter: Error: 0x80001019, setting param 0x7f00005d
10-12 02:43:07.559 1330 1872 E OMXNodeInstance: setParameter(0xe8fa0034:qcom.decoder.mpeg2.secure, OMX.google.android.index.allocateNativeHandle(0x7f00005d): Output:1 en=0) ERROR: UnsupportedSetting(0x80001019)
10-12 02:43:07.559 1330 1872 E OMX-VDEC-1080P: Extension: OMX.google.android.index.storeANWBufferInMetadata not implemented
10-12 02:43:07.559 1330 1850 I OMX-VDEC-1080P: omx_vdec::component_deinit() complete
10-12 02:43:07.562 1140 1168 I system_server: Background concurrent copying GC freed 82572(4833KB) AllocSpace objects, 5(132KB) LOS objects, 49% free, 6902KB/13MB, paused 175us,42us total 196.127ms
10-12 02:43:07.562 1140 1140 I system_server: WaitForGcToComplete blocked ClassLinker on Background for 191.894ms
10-12 02:43:07.563 1140 1140 I SystemServiceManager: Starting com.android.server.scheduling.RebootReadinessManagerService$Lifecycle
10-12 02:43:07.566 1140 1140 I TetheringManager: registerTetheringEventCallback:android
10-12 02:43:07.566 1140 1140 I TetheringManager: registerTetheringEventCallback caller:android
10-12 02:43:07.567 1140 1140 D SystemServerTiming: StartRebootReadinessManagerService took to complete: 226ms
10-12 02:43:07.567 1140 1140 I SystemServerTiming: StartStatsPullAtomService
10-12 02:43:07.567 1140 1140 I SystemServiceManager: Starting com.android.server.stats.pull.StatsPullAtomService
10-12 02:43:07.568 1140 1140 D SystemServerTiming: StartStatsPullAtomService took to complete: 1ms
10-12 02:43:07.568 1140 1140 I SystemServerTiming: StartIncidentCompanionService
10-12 02:43:07.568 1140 1140 I SystemServiceManager: Starting com.android.server.incident.IncidentCompanionService
10-12 02:43:07.569 1140 1140 D SystemServerTiming: StartIncidentCompanionService took to complete: 1ms
10-12 02:43:07.569 1140 1140 I SystemServerTiming: StartMmsService
10-12 02:43:07.569 1140 1140 I SystemServiceManager: Starting com.android.server.MmsServiceBroker
10-12 02:43:07.570 1140 1140 D SystemServerTiming: StartMmsService took to complete: 1ms
10-12 02:43:07.570 1140 1140 I SystemServerTiming: StartAutoFillService
10-12 02:43:07.570 1140 1140 I SystemServiceManager: Starting com.android.server.autofill.AutofillManagerService
10-12 02:43:07.571 1140 1140 D AutofillManagerService: setLogLevelFromSettings(): level=2, debug=true, verbose=false
10-12 02:43:07.571 1140 1140 D AutofillManagerService: setMaxPartitionsFromSettings(): 10
10-12 02:43:07.571 1140 1140 D AutofillManagerService: setMaxVisibleDatasetsFromSettings(): 0
01-01 08:00:58.600 0 0 E : INFO: trying to register non-static key.
10-12 02:43:07.575 1140 1214 D AutofillUI: destroySaveUiUiThread(): already destroyed
01-01 08:00:58.602 0 0 E : INFO: trying to register non-static key.
10-12 02:43:07.575 1140 1140 D AutofillManagerServiceImpl: Reset component for user 0:
10-12 02:43:07.577 1140 1140 D SystemServerTiming: StartAutoFillService took to complete: 8ms
10-12 02:43:07.577 1140 1140 D SystemServer: TranslationService not defined by OEM
10-12 02:43:07.577 1140 1140 I SystemServerTiming: StartClipboardService
10-12 02:43:07.577 1140 1140 I SystemServiceManager: Starting com.android.server.clipboard.ClipboardService
01-01 08:00:58.605 0 0 E : the code is fine but needs lockdep annotation.
01-01 08:00:58.610 0 0 E : the code is fine but needs lockdep annotation.
01-01 08:00:58.610 0 0 I : CPU: 5 PID: 1596 Comm: kworker/u16:18 Tainted: G S W O 4.19.157+ #1
01-01 08:00:58.621 0 0 I Hardware name: Qualcomm Technologies, Inc. kona MTP-RmPM8150b. VX1(MCE) EVT2 (DT)
01-01 08:00:58.621 0 0 I Workqueue: events_unbound ion_system_secure_heap_prefetch_work
01-01 08:00:58.621 0 0 I Call trace:
01-01 08:00:58.621 0 0 I : dump_backtrace+0x0/0x258
01-01 08:00:58.621 0 0 I : show_stack+0x20/0x30
01-01 08:00:58.621 0 0 I : dump_stack+0xd8/0x12c
01-01 08:00:58.621 0 0 I : register_lock_class+0x4d0/0x5c8
01-01 08:00:58.621 0 0 I : __lock_acquire+0xbc/0x1e58
01-01 08:00:58.621 0 0 I : lock_acquire+0x1cc/0x218
01-01 08:00:58.621 0 0 I : _raw_spin_lock_irqsave+0x54/0x98
01-01 08:00:58.621 0 0 I : ion_system_secure_heap_prefetch_work+0x94/0x2c0
01-01 08:00:58.621 0 0 I : process_one_work+0x38c/0x660
01-01 08:00:58.621 0 0 I : worker_thread+0x268/0x4b8
01-01 08:00:58.621 0 0 I : kthread+0x140/0x150
01-01 08:00:58.621 0 0 I : ret_from_fork+0x10/0x1c
01-01 08:00:58.621 0 0 I : CPU: 0 PID: 1926 Comm: VideoDecMsgThre Tainted: G S W O 4.19.157+ #1
01-01 08:00:58.621 0 0 I Hardware name: Qualcomm Technologies, Inc. kona MTP-RmPM8150b. VX1(MCE) EVT2 (DT)
01-01 08:00:58.621 0 0 I Call trace:
01-01 08:00:58.621 0 0 I : dump_backtrace+0x0/0x258
01-01 08:00:58.621 0 0 I : show_stack+0x20/0x30
01-01 08:00:58.621 0 0 I : dump_stack+0xd8/0x12c
01-01 08:00:58.621 0 0 I : register_lock_class+0x4d0/0x5c8
01-01 08:00:58.621 0 0 I : __lock_acquire+0xbc/0x1e58
01-01 08:00:58.621 0 0 I : lock_acquire+0x1cc/0x218
01-01 08:00:58.621 0 0 I : _raw_spin_lock_irqsave+0x54/0x98
01-01 08:00:58.621 0 0 I : __ion_system_secure_heap_resize+0x768/0x8c0
01-01 08:00:58.621 0 0 I : ion_system_secure_heap_prefetch+0x28/0x38
01-01 08:00:58.621 0 0 I : ion_walk_heaps+0x88/0xb8
01-01 08:00:58.621 0 0 I : ion_ioctl+0x1b0/0x2a8
01-01 08:00:58.621 0 0 I : __arm64_compat_sys_ioctl+0xf4/0x240
01-01 08:00:58.621 0 0 I : el0_svc_common+0xa4/0x190
01-01 08:00:58.621 0 0 I : el0_svc_compat_handler+0x28/0x38
01-01 08:00:58.621 0 0 I : el0_svc_compat+0x8/0x34
01-01 08:00:58.623 0 0 E : INFO: trying to register non-static key.
01-01 08:00:58.628 0 0 E : the code is fine but needs lockdep annotation.
01-01 08:00:58.630 0 0 E : INFO: trying to register non-static key.
01-01 08:00:58.634 0 0 I : CPU: 6 PID: 1850 Comm: HwBinder:1330_4 Tainted: G S W O 4.19.157+ #1
01-01 08:00:58.639 0 0 I Hardware name: Qualcomm Technologies, Inc. kona MTP-RmPM8150b. VX1(MCE) EVT2 (DT)
01-01 08:00:58.639 0 0 E : the code is fine but needs lockdep annotation.
01-01 08:00:58.644 0 0 I Call trace:
01-01 08:00:58.645 0 0 I : dump_backtrace+0x0/0x258
01-01 08:00:58.645 0 0 I : show_stack+0x20/0x30
01-01 08:00:58.645 0 0 I : dump_stack+0xd8/0x12c
01-01 08:00:58.645 0 0 I : register_lock_class+0x4d0/0x5c8
01-01 08:00:58.645 0 0 I : __lock_acquire+0xbc/0x1e58
01-01 08:00:58.645 0 0 I : lock_acquire+0x1cc/0x218
01-01 08:00:58.645 0 0 I : _raw_spin_lock_irqsave+0x54/0x98
01-01 08:00:58.645 0 0 I : __ion_system_secure_heap_resize+0x768/0x8c0
01-01 08:00:58.645 0 0 I : ion_system_secure_heap_drain+0x28/0x38
01-01 08:00:58.645 0 0 I : ion_walk_heaps+0x88/0xb8
01-01 08:00:58.645 0 0 I : ion_ioctl+0x1b0/0x2a8
01-01 08:00:58.645 0 0 I : __arm64_compat_sys_ioctl+0xf4/0x240
01-01 08:00:58.645 0 0 I : el0_svc_common+0xa4/0x190
01-01 08:00:58.645 0 0 I : el0_svc_compat_handler+0x28/0x38
01-01 08:00:58.645 0 0 I : el0_svc_compat+0x8/0x34
01-01 08:00:58.645 0 0 I : CPU: 5 PID: 1596 Comm: kworker/u16:18 Tainted: G S W O 4.19.157+ #1
01-01 08:00:58.645 0 0 I Hardware name: Qualcomm Technologies, Inc. kona MTP-RmPM8150b. VX1(MCE) EVT2 (DT)
01-01 08:00:58.645 0 0 I Workqueue: events_unbound ion_system_secure_heap_prefetch_work
01-01 08:00:58.645 0 0 I Call trace:
01-01 08:00:58.645 0 0 I : dump_backtrace+0x0/0x258
01-01 08:00:58.645 0 0 I : show_stack+0x20/0x30
01-01 08:00:58.645 0 0 I : dump_stack+0xd8/0x12c
01-01 08:00:58.645 0 0 I : register_lock_class+0x4d0/0x5c8
01-01 08:00:58.645 0 0 I : __lock_acquire+0xbc/0x1e58
01-01 08:00:58.645 0 0 I : lock_acquire+0x1cc/0x218
01-01 08:00:58.645 0 0 I : _raw_spin_lock_irqsave+0x54/0x98
01-01 08:00:58.645 0 0 I : ion_system_secure_heap_prefetch_work+0x94/0x2c0
01-01 08:00:58.645 0 0 I : process_one_work+0x38c/0x660
01-01 08:00:58.645 0 0 I : worker_thread+0x268/0x4b8
