01-01 08:00:58.866 0 0 I : el0_svc_compat_handler+0x28/0x38
01-01 08:00:58.866 0 0 I : el0_svc_compat+0x8/0x34
01-01 08:00:58.868 0 0 E : INFO: trying to register non-static key.
10-12 02:43:07.821 1140 1140 D SystemServerTiming: OnBootPhase_500_com.android.server.notification.NotificationManagerService took to complete: 21ms
10-12 02:43:07.821 1140 1140 I SystemServerTiming: OnBootPhase_500_com.android.server.storage.DeviceStorageMonitorService
10-12 02:43:07.821 1140 1140 D SystemServerTiming: OnBootPhase_500_com.android.server.storage.DeviceStorageMonitorService took to complete: 0ms
10-12 02:43:07.821 1140 1140 I SystemServerTiming: OnBootPhase_500_com.android.server.location.LocationManagerService$Lifecycle
10-12 02:43:07.822 1140 1140 V HistoricalRegistry: Interaction before persistence initialized
10-12 02:43:07.822 1140 1140 D SystemServerTiming: OnBootPhase_500_com.android.server.location.LocationManagerService$Lifecycle took to complete: 1ms
10-12 02:43:07.822 1140 1140 I SystemServerTiming: OnBootPhase_500_com.android.server.timedetector.TimeDetectorService$Lifecycle
10-12 02:43:07.822 1140 1140 D SystemServerTiming: OnBootPhase_500_com.android.server.timedetector.TimeDetectorService$Lifecycle took to complete: 0ms
10-12 02:43:07.822 1140 1140 I SystemServerTiming: OnBootPhase_500_com.android.server.timezonedetector.TimeZoneDetectorService$Lifecycle
10-12 02:43:07.822 1140 1140 D SystemServerTiming: OnBootPhase_500_com.android.server.timezonedetector.TimeZoneDetectorService$Lifecycle took to complete: 0ms
10-12 02:43:07.822 1140 1140 I SystemServerTiming: OnBootPhase_500_com.android.server.timezonedetector.location.LocationTimeZoneManagerService$Lifecycle
10-12 02:43:07.822 1140 1140 D SystemServerTiming: OnBootPhase_500_com.android.server.timezonedetector.location.LocationTimeZoneManagerService$Lifecycle took to complete: 0ms
10-12 02:43:07.822 1140 1140 I SystemServerTiming: OnBootPhase_500_com.android.server.search.SearchManagerService$Lifecycle
10-12 02:43:07.822 1140 1140 D SystemServerTiming: OnBootPhase_500_com.android.server.search.SearchManagerService$Lifecycle took to complete: 0ms
10-12 02:43:07.822 1140 1140 I SystemServerTiming: OnBootPhase_500_com.android.server.wallpaper.WallpaperManagerService$Lifecycle
10-12 02:43:07.822 1140 1140 D SystemServerTiming: OnBootPhase_500_com.android.server.wallpaper.WallpaperManagerService$Lifecycle took to complete: 0ms
10-12 02:43:07.822 1140 1140 I SystemServerTiming: OnBootPhase_500_com.android.server.audio.AudioService$Lifecycle
10-12 02:43:07.822 1140 1140 D SystemServerTiming: OnBootPhase_500_com.android.server.audio.AudioService$Lifecycle took to complete: 0ms
10-12 02:43:07.822 1140 1140 I SystemServerTiming: OnBootPhase_500_com.android.server.soundtrigger_middleware.SoundTriggerMiddlewareService$Lifecycle
10-12 02:43:07.822 1140 1140 D SystemServerTiming: OnBootPhase_500_com.android.server.soundtrigger_middleware.SoundTriggerMiddlewareService$Lifecycle took to complete: 0ms
10-12 02:43:07.822 1140 1140 I SystemServerTiming: OnBootPhase_500_com.android.server.DockObserver
10-12 02:43:07.822 1140 1140 D SystemServerTiming: OnBootPhase_500_com.android.server.DockObserver took to complete: 0ms
10-12 02:43:07.823 1140 1140 I SystemServerTiming: OnBootPhase_500_com.android.server.midi.MidiService$Lifecycle
10-12 02:43:07.823 1140 1140 D SystemServerTiming: OnBootPhase_500_com.android.server.midi.MidiService$Lifecycle took to complete: 0ms
10-12 02:43:07.823 1140 1140 I SystemServerTiming: OnBootPhase_500_com.android.server.adb.AdbService$Lifecycle
10-12 02:43:07.823 1140 1140 D SystemServerTiming: OnBootPhase_500_com.android.server.adb.AdbService$Lifecycle took to complete: 0ms
10-12 02:43:07.823 1140 1140 I SystemServerTiming: OnBootPhase_500_com.android.server.usb.UsbService$Lifecycle
10-12 02:43:07.823 1140 1140 D SystemServerTiming: OnBootPhase_500_com.android.server.usb.UsbService$Lifecycle took to complete: 0ms
10-12 02:43:07.823 1140 1140 I SystemServerTiming: OnBootPhase_500_com.android.server.twilight.TwilightService
10-12 02:43:07.823 1140 1140 D SystemServerTiming: OnBootPhase_500_com.android.server.twilight.TwilightService took to complete: 0ms
10-12 02:43:07.823 1140 1140 I SystemServerTiming: OnBootPhase_500_com.android.server.display.color.ColorDisplayService
10-12 02:43:07.823 1140 1140 D SystemServerTiming: OnBootPhase_500_com.android.server.display.color.ColorDisplayService took to complete: 0ms
10-12 02:43:07.823 1140 1140 I SystemServerTiming: OnBootPhase_500_com.android.server.job.JobSchedulerService
10-12 02:43:07.827 1140 1140 V HistoricalRegistry: Interaction before persistence initialized
10-12 02:43:07.829 1140 1140 D SystemServerTiming: OnBootPhase_500_com.android.server.job.JobSchedulerService took to complete: 6ms
10-12 02:43:07.829 1140 1140 I SystemServerTiming: OnBootPhase_500_com.android.server.soundtrigger.SoundTriggerService
10-12 02:43:07.829 1140 1140 D SoundTriggerService: onBootPhase: 500 : false
10-12 02:43:07.829 1140 1140 D SystemServerTiming: OnBootPhase_500_com.android.server.soundtrigger.SoundTriggerService took to complete: 0ms
10-12 02:43:07.829 1140 1140 I SystemServerTiming: OnBootPhase_500_com.android.server.trust.TrustManagerService
01-01 08:00:58.873 0 0 E : the code is fine but needs lockdep annotation.
01-01 08:00:58.874 0 0 E : INFO: trying to register non-static key.
01-01 08:00:58.878 0 0 I : CPU: 6 PID: 1891 Comm: HwBinder:1330_7 Tainted: G S W O 4.19.157+ #1
01-01 08:00:58.883 0 0 I Hardware name: Qualcomm Technologies, Inc. kona MTP-RmPM8150b. VX1(MCE) EVT2 (DT)
01-01 08:00:58.883 0 0 E : the code is fine but needs lockdep annotation.
01-01 08:00:58.889 0 0 I Call trace:
01-01 08:00:58.889 0 0 I : dump_backtrace+0x0/0x258
01-01 08:00:58.889 0 0 I : show_stack+0x20/0x30
01-01 08:00:58.889 0 0 I : dump_stack+0xd8/0x12c
01-01 08:00:58.889 0 0 I : register_lock_class+0x4d0/0x5c8
01-01 08:00:58.889 0 0 I : __lock_acquire+0xbc/0x1e58
01-01 08:00:58.889 0 0 I : lock_acquire+0x1cc/0x218
01-01 08:00:58.889 0 0 I : _raw_spin_lock_irqsave+0x54/0x98
01-01 08:00:58.889 0 0 I : __ion_system_secure_heap_resize+0x768/0x8c0
01-01 08:00:58.889 0 0 I : ion_system_secure_heap_drain+0x28/0x38
01-01 08:00:58.889 0 0 I : ion_walk_heaps+0x88/0xb8
01-01 08:00:58.889 0 0 I : ion_ioctl+0x1b0/0x2a8
01-01 08:00:58.889 0 0 I : __arm64_compat_sys_ioctl+0xf4/0x240
01-01 08:00:58.889 0 0 I : el0_svc_common+0xa4/0x190
01-01 08:00:58.889 0 0 I : el0_svc_compat_handler+0x28/0x38
01-01 08:00:58.889 0 0 I : el0_svc_compat+0x8/0x34
01-01 08:00:58.889 0 0 I : CPU: 5 PID: 1596 Comm: kworker/u16:18 Tainted: G S W O 4.19.157+ #1
01-01 08:00:58.889 0 0 I Hardware name: Qualcomm Technologies, Inc. kona MTP-RmPM8150b. VX1(MCE) EVT2 (DT)
01-01 08:00:58.889 0 0 I Workqueue: events_unbound ion_system_secure_heap_prefetch_work
01-01 08:00:58.889 0 0 I Call trace:
01-01 08:00:58.889 0 0 I : dump_backtrace+0x0/0x258
01-01 08:00:58.889 0 0 I : show_stack+0x20/0x30
01-01 08:00:58.889 0 0 I : dump_stack+0xd8/0x12c
01-01 08:00:58.889 0 0 I : register_lock_class+0x4d0/0x5c8
01-01 08:00:58.889 0 0 I : __lock_acquire+0xbc/0x1e58
01-01 08:00:58.889 0 0 I : lock_acquire+0x1cc/0x218
01-01 08:00:58.889 0 0 I : _raw_spin_lock_irqsave+0x54/0x98
01-01 08:00:58.889 0 0 I : ion_system_secure_heap_prefetch_work+0x94/0x2c0
01-01 08:00:58.889 0 0 I : process_one_work+0x38c/0x660
01-01 08:00:58.889 0 0 I : worker_thread+0x268/0x4b8
01-01 08:00:58.889 0 0 I : kthread+0x140/0x150
01-01 08:00:58.889 0 0 I : ret_from_fork+0x10/0x1c
01-01 08:00:58.891 0 0 E : INFO: trying to register non-static key.
01-01 08:00:58.892 0 0 I msm_vidc: high: 00000001: vp9d: Closed video instance: fffffff918928000
10-12 02:43:07.842 1140 1140 D SystemServerTiming: OnBootPhase_500_com.android.server.trust.TrustManagerService took to complete: 13ms
10-12 02:43:07.842 1140 1140 I SystemServerTiming: OnBootPhase_500_com.android.server.backup.BackupManagerService$Lifecycle
01-01 08:00:58.896 0 0 E : the code is fine but needs lockdep annotation.
01-01 08:00:58.896 0 0 I : CPU: 5 PID: 1596 Comm: kworker/u16:18 Tainted: G S W O 4.19.157+ #1
01-01 08:00:58.896 0 0 I Hardware name: Qualcomm Technologies, Inc. kona MTP-RmPM8150b. VX1(MCE) EVT2 (DT)
01-01 08:00:58.896 0 0 I Workqueue: events_unbound ion_system_secure_heap_prefetch_work
01-01 08:00:58.897 0 0 I Call trace:
01-01 08:00:58.897 0 0 I : dump_backtrace+0x0/0x258
01-01 08:00:58.897 0 0 I : show_stack+0x20/0x30
01-01 08:00:58.897 0 0 I : dump_stack+0xd8/0x12c
01-01 08:00:58.897 0 0 I : register_lock_class+0x4d0/0x5c8
01-01 08:00:58.897 0 0 I : __lock_acquire+0xbc/0x1e58
01-01 08:00:58.897 0 0 I : lock_acquire+0x1cc/0x218
01-01 08:00:58.897 0 0 I : _raw_spin_lock_irqsave+0x54/0x98
01-01 08:00:58.897 0 0 I : ion_system_secure_heap_prefetch_work+0x94/0x2c0
01-01 08:00:58.897 0 0 I : process_one_work+0x38c/0x660
01-01 08:00:58.897 0 0 I : worker_thread+0x268/0x4b8
01-01 08:00:58.897 0 0 I : kthread+0x140/0x150
01-01 08:00:58.897 0 0 I : ret_from_fork+0x10/0x1c
01-01 08:00:58.899 0 0 E : INFO: trying to register non-static key.
10-12 02:43:07.842 1140 1140 D SystemServerTiming: OnBootPhase_500_com.android.server.backup.BackupManagerService$Lifecycle took to complete: 0ms
10-12 02:43:07.842 1140 1140 I SystemServerTiming: OnBootPhase_500_com.android.server.appwidget.AppWidgetService
10-12 02:43:07.842 1140 1140 D SystemServerTiming: OnBootPhase_500_com.android.server.appwidget.AppWidgetService took to complete: 0ms
10-12 02:43:07.842 1140 1140 I SystemServerTiming: OnBootPhase_500_com.android.server.voiceinteraction.VoiceInteractionManagerService
10-12 02:43:07.842 1140 1140 D SystemServerTiming: OnBootPhase_500_com.android.server.voiceinteraction.VoiceInteractionManagerService took to complete: 0ms
10-12 02:43:07.842 1140 1140 I SystemServerTiming: OnBootPhase_500_com.android.server.apphibernation.AppHibernationService
10-12 02:43:07.843 1140 1140 D SystemServerTiming: OnBootPhase_500_com.android.server.apphibernation.AppHibernationService took to complete: 0ms
10-12 02:43:07.843 1140 1140 I SystemServerTiming: OnBootPhase_500_com.android.server.GestureLauncherService
10-12 02:43:07.843 1140 1140 D SystemServerTiming: OnBootPhase_500_com.android.server.GestureLauncherService took to complete: 0ms
10-12 02:43:07.843 1140 1140 I SystemServerTiming: OnBootPhase_500_com.android.server.SensorNotificationService
10-12 02:43:07.843 1140 1140 D SystemServerTiming: OnBootPhase_500_com.android.server.SensorNotificationService took to complete: 0ms
10-12 02:43:07.843 1140 1140 I SystemServerTiming: OnBootPhase_500_com.android.server.emergency.EmergencyAffordanceService
10-12 02:43:07.843 1140 1140 D SystemServerTiming: OnBootPhase_500_com.android.server.emergency.EmergencyAffordanceService took to complete: 0ms
10-12 02:43:07.843 1140 1140 I SystemServerTiming: OnBootPhase_500_com.android.server.blob.BlobStoreManagerService
10-12 02:43:07.846 1140 1140 D SystemServerTiming: OnBootPhase_500_com.android.server.blob.BlobStoreManagerService took to complete: 0ms
10-12 02:43:07.846 1140 1140 I SystemServerTiming: OnBootPhase_500_com.android.server.dreams.DreamManagerService
10-12 02:43:07.847 1140 1140 D SystemServerTiming: OnBootPhase_500_com.android.server.dreams.DreamManagerService took to complete: 0ms
10-12 02:43:07.847 1140 1140 I SystemServerTiming: OnBootPhase_500_com.android.server.companion.CompanionDeviceManagerService
10-12 02:43:07.849 1140 1140 D BluetoothAdapter: registerBluetoothConnectionCallback()
10-12 02:43:07.849 1140 1140 I CompanionDeviceManagerService: initBleScanning()
10-12 02:43:07.849 1140 1140 D SystemServerTiming: OnBootPhase_500_com.android.server.companion.CompanionDeviceManagerService took to complete: 3ms
10-12 02:43:07.849 1140 1140 I SystemServerTiming: OnBootPhase_500_com.android.server.restrictions.RestrictionsManagerService
10-12 02:43:07.849 1140 1140 D SystemServerTiming: OnBootPhase_500_com.android.server.restrictions.RestrictionsManagerService took to complete: 0ms
10-12 02:43:07.849 1140 1140 I SystemServerTiming: OnBootPhase_500_com.android.server.media.MediaSessionService
10-12 02:43:07.850 1140 1140 D SystemServerTiming: OnBootPhase_500_com.android.server.media.MediaSessionService took to complete: 0ms
10-12 02:43:07.850 1140 1140 I SystemServerTiming: OnBootPhase_500_com.android.server.media.MediaResourceMonitorService
10-12 02:43:07.850 1140 1140 D SystemServerTiming: OnBootPhase_500_com.android.server.media.MediaResourceMonitorService took to complete: 0ms
10-12 02:43:07.850 1140 1140 I SystemServerTiming: OnBootPhase_500_com.android.server.biometrics.sensors.fingerprint.FingerprintService
10-12 02:43:07.850 1140 1140 D SystemServerTiming: OnBootPhase_500_com.android.server.biometrics.sensors.fingerprint.FingerprintService took to complete: 0ms
10-12 02:43:07.850 1140 1140 I SystemServerTiming: OnBootPhase_500_com.android.server.biometrics.BiometricService
10-12 02:43:07.850 1140 1140 D SystemServerTiming: OnBootPhase_500_com.android.server.biometrics.BiometricService took to complete: 0ms
10-12 02:43:07.850 1140 1140 I SystemServerTiming: OnBootPhase_500_com.android.server.biometrics.AuthService
10-12 02:43:07.850 1140 1140 D SystemServerTiming: OnBootPhase_500_com.android.server.biometrics.AuthService took to complete: 0ms
10-12 02:43:07.850 1140 1140 I SystemServerTiming: OnBootPhase_500_com.android.server.pm.ShortcutService$Lifecycle
10-12 02:43:07.850 1140 1140 D SystemServerTiming: OnBootPhase_500_com.android.server.pm.ShortcutService$Lifecycle took to complete: 0ms
10-12 02:43:07.850 1140 1140 I SystemServerTiming: OnBootPhase_500_com.android.server.pm.LauncherAppsService
10-12 02:43:07.850 1140 1140 D SystemServerTiming: OnBootPhase_500_com.android.server.pm.LauncherAppsService took to complete: 0ms
10-12 02:43:07.850 1140 1140 I SystemServerTiming: OnBootPhase_500_com.android.server.pm.CrossProfileAppsService
10-12 02:43:07.850 1140 1140 D SystemServerTiming: OnBootPhase_500_com.android.server.pm.CrossProfileAppsService took to complete: 0ms
10-12 02:43:07.850 1140 1140 I SystemServerTiming: OnBootPhase_500_com.android.server.people.PeopleService
10-12 02:43:07.850 1140 1140 D SystemServerTiming: OnBootPhase_500_com.android.server.people.PeopleService took to complete: 0ms
10-12 02:43:07.851 1140 1140 I SystemServerTiming: OnBootPhase_500_com.android.server.media.metrics.MediaMetricsManagerService
10-12 02:43:07.851 1140 1140 D SystemServerTiming: OnBootPhase_500_com.android.server.media.metrics.MediaMetricsManagerService took to complete: 0ms
10-12 02:43:07.851 1140 1140 I SystemServerTiming: OnBootPhase_500_com.android.server.media.projection.MediaProjectionManagerService
10-12 02:43:07.851 1140 1140 D SystemServerTiming: OnBootPhase_500_com.android.server.media.projection.MediaProjectionManagerService took to complete: 0ms
10-12 02:43:07.851 1140 1140 I SystemServerTiming: OnBootPhase_500_com.android.server.slice.SliceManagerService$Lifecycle
10-12 02:43:07.851 1140 1140 D SystemServerTiming: OnBootPhase_500_com.android.server.slice.SliceManagerService$Lifecycle took to complete: 0ms
10-12 02:43:07.851 1140 1140 I SystemServerTiming: OnBootPhase_500_com.android.server.stats.StatsCompanion$Lifecycle
10-12 02:43:07.851 1140 1140 D SystemServerTiming: OnBootPhase_500_com.android.server.stats.StatsCompanion$Lifecycle took to complete: 0ms
10-12 02:43:07.851 1140 1140 I SystemServerTiming: OnBootPhase_500_com.android.server.scheduling.RebootReadinessManagerService$Lifecycle
10-12 02:43:07.851 1140 1140 D SystemServerTiming: OnBootPhase_500_com.android.server.scheduling.RebootReadinessManagerService$Lifecycle took to complete: 0ms
10-12 02:43:07.851 1140 1140 I SystemServerTiming: OnBootPhase_500_com.android.server.stats.pull.StatsPullAtomService
10-12 02:43:07.851 1140 1140 D SystemServerTiming: OnBootPhase_500_com.android.server.stats.pull.StatsPullAtomService took to complete: 1ms
10-12 02:43:07.851 1140 1140 I SystemServerTiming: OnBootPhase_500_com.android.server.incident.IncidentCompanionService
10-12 02:43:07.851 1140 1140 D SystemServerTiming: OnBootPhase_500_com.android.server.incident.IncidentCompanionService took to complete: 0ms
10-12 02:43:07.852 1140 1140 I SystemServerTiming: OnBootPhase_500_com.android.server.MmsServiceBroker
10-12 02:43:07.852 1140 1140 D SystemServerTiming: OnBootPhase_500_com.android.server.MmsServiceBroker took to complete: 0ms
10-12 02:43:07.852 1140 1140 I SystemServerTiming: OnBootPhase_500_com.android.server.autofill.AutofillManagerService
10-12 02:43:07.852 1140 1140 D SystemServerTiming: OnBootPhase_500_com.android.server.autofill.AutofillManagerService took to complete: 0ms
10-12 02:43:07.852 1140 1140 I SystemServerTiming: OnBootPhase_500_com.android.server.clipboard.ClipboardService
10-12 02:43:07.852 1140 1140 D SystemServerTiming: OnBootPhase_500_com.android.server.clipboard.ClipboardService took to complete: 0ms
10-12 02:43:07.852 1140 1140 I SystemServerTiming: OnBootPhase_500_com.android.server.appbinding.AppBindingService$Lifecycle
10-12 02:43:07.852 1140 1140 D SystemServerTiming: OnBootPhase_500_com.android.server.appbinding.AppBindingService$Lifecycle took to complete: 0ms
10-12 02:43:07.852 1140 1140 I SystemServerTiming: OnBootPhase_500_com.android.server.tracing.TracingServiceProxy
10-12 02:43:07.852 1140 1140 D SystemServerTiming: OnBootPhase_500_com.android.server.tracing.TracingServiceProxy took to complete: 0ms
10-12 02:43:07.852 1140 1140 D SystemServerTiming: OnBootPhase_500 took to complete: 186ms
10-12 02:43:07.852 1140 1140 D SystemServerTiming: StartBootPhaseSystemServicesReady took to complete: 186ms
10-12 02:43:07.852 1140 1140 I SystemServerTiming: MakeWindowManagerServiceReady
10-12 02:43:07.855 1330 1891 I OMX-VDEC-1080P: Exit OMX vdec Destructor: fd=7
10-12 02:43:07.855 1140 1140 D SystemServerTiming: MakeWindowManagerServiceReady took to complete: 4ms
10-12 02:43:07.857 1140 1140 I SystemServerTiming: MakePowerManagerServiceReady
10-12 02:43:07.857 1140 1140 I AttentionDetector: readValuesFromDeviceConfig():
10-12 02:43:07.857 1140 1140 I AttentionDetector: mMaximumExtensionMillis=900000
10-12 02:43:07.857 1140 1140 I AttentionDetector: mPreDimCheckDurationMillis=2000
10-12 02:43:07.857 1140 1140 I AttentionDetector: mRequestedPostDimTimeoutMillis=0
10-12 02:43:07.862 1140 1140 E DisplayPowerController[0]: failed to set up display white-balance: java.lang.IllegalStateException: cannot find light sensor
10-12 02:43:07.862 1140 1140 W DisplayPowerController[0]: Screen brightness nits configuration is unavailable; falling back
10-12 02:43:07.863 1140 1961 I DropBoxManagerService: add tag=system_server_wtf isTagEnabled=true flags=0x2
01-01 08:00:58.907 0 0 E : the code is fine but needs lockdep annotation.
01-01 08:00:58.913 0 0 I : CPU: 5 PID: 1596 Comm: kworker/u16:18 Tainted: G S W O 4.19.157+ #1
01-01 08:00:58.913 0 0 I Hardware name: Qualcomm Technologies, Inc. kona MTP-RmPM8150b. VX1(MCE) EVT2 (DT)
01-01 08:00:58.913 0 0 I Workqueue: events_unbound ion_system_secure_heap_prefetch_work
01-01 08:00:58.913 0 0 I Call trace:
01-01 08:00:58.913 0 0 I : dump_backtrace+0x0/0x258
01-01 08:00:58.913 0 0 I : show_stack+0x20/0x30
01-01 08:00:58.913 0 0 I : dump_stack+0xd8/0x12c
01-01 08:00:58.913 0 0 I : register_lock_class+0x4d0/0x5c8
01-01 08:00:58.913 0 0 I : __lock_acquire+0xbc/0x1e58
01-01 08:00:58.913 0 0 I : lock_acquire+0x1cc/0x218
01-01 08:00:58.913 0 0 I : _raw_spin_lock_irqsave+0x54/0x98
01-01 08:00:58.913 0 0 I : ion_system_secure_heap_prefetch_work+0x94/0x2c0
01-01 08:00:58.913 0 0 I : process_one_work+0x38c/0x660
01-01 08:00:58.913 0 0 I : worker_thread+0x268/0x4b8
01-01 08:00:58.913 0 0 I : kthread+0x140/0x150
01-01 08:00:58.913 0 0 I : ret_from_fork+0x10/0x1c
10-12 02:43:07.866 1295 1800 I OMXClient: IOmx service obtained
10-12 02:43:07.866 1330 1355 I OMXMaster: makeComponentInstance(OMX.google.vp9.decoder) in android.hardwar process
10-12 02:43:07.868 941 941 I QTI PowerHAL: Power isBoostSupported: 0
10-12 02:43:07.872 1330 1942 E OMXNodeInstance: getExtensionIndex(0xea040b00:google.vp9.decoder, OMX.google.android.index.configureVideoTunnelMode) ERROR: UnsupportedIndex(0x8000101a)
10-12 02:43:07.872 1295 1800 D MediaCodecInfo: detail feature-tunneled-playback wasn't present to remove
10-12 02:43:07.872 1330 1942 E OMXNodeInstance: getExtensionIndex(0xea040b00:google.vp9.decoder, OMX.google.android.index.enableAndroidNativeBuffers) ERROR: UnsupportedIndex(0x8000101a)
10-12 02:43:07.877 1295 1800 I OMXClient: IOmx service obtained
01-01 08:00:58.916 0 0 E : INFO: trying to register non-static key.
01-01 08:00:58.921 0 0 E : the code is fine but needs lockdep annotation.
01-01 08:00:58.926 0 0 I : CPU: 5 PID: 1596 Comm: kworker/u16:18 Tainted: G S W O 4.19.157+ #1
01-01 08:00:58.926 0 0 I Hardware name: Qualcomm Technologies, Inc. kona MTP-RmPM8150b. VX1(MCE) EVT2 (DT)
01-01 08:00:58.926 0 0 I Workqueue: events_unbound ion_system_secure_heap_prefetch_work
01-01 08:00:58.926 0 0 I Call trace:
01-01 08:00:58.926 0 0 I : dump_backtrace+0x0/0x258
01-01 08:00:58.926 0 0 I : show_stack+0x20/0x30
01-01 08:00:58.926 0 0 I : dump_stack+0xd8/0x12c
01-01 08:00:58.926 0 0 I : register_lock_class+0x4d0/0x5c8
01-01 08:00:58.926 0 0 I : __lock_acquire+0xbc/0x1e58
01-01 08:00:58.926 0 0 I : lock_acquire+0x1cc/0x218
01-01 08:00:58.926 0 0 I : _raw_spin_lock_irqsave+0x54/0x98
01-01 08:00:58.926 0 0 I : ion_system_secure_heap_prefetch_work+0x94/0x2c0
01-01 08:00:58.926 0 0 I : process_one_work+0x38c/0x660
01-01 08:00:58.926 0 0 I : worker_thread+0x268/0x4b8
01-01 08:00:58.926 0 0 I : kthread+0x140/0x150
01-01 08:00:58.926 0 0 I : ret_from_fork+0x10/0x1c
01-01 08:00:58.929 0 0 E : INFO: trying to register non-static key.
01-01 08:00:58.934 0 0 E : the code is fine but needs lockdep annotation.
01-01 08:00:58.936 0 0 I IPv6 : ADDRCONF(NETDEV_UP): vlan8: link is not ready
01-01 08:00:58.939 0 0 I : CPU: 5 PID: 1596 Comm: kworker/u16:18 Tainted: G S W O 4.19.157+ #1
01-01 08:00:58.939 0 0 I Hardware name: Qualcomm Technologies, Inc. kona MTP-RmPM8150b. VX1(MCE) EVT2 (DT)
01-01 08:00:58.939 0 0 I Workqueue: events_unbound ion_system_secure_heap_prefetch_work
01-01 08:00:58.939 0 0 I Call trace:
01-01 08:00:58.939 0 0 I : dump_backtrace+0x0/0x258
01-01 08:00:58.939 0 0 I : show_stack+0x20/0x30
01-01 08:00:58.939 0 0 I : dump_stack+0xd8/0x12c
01-01 08:00:58.939 0 0 I : register_lock_class+0x4d0/0x5c8
01-01 08:00:58.939 0 0 I : __lock_acquire+0xbc/0x1e58
01-01 08:00:58.939 0 0 I : lock_acquire+0x1cc/0x218
01-01 08:00:58.940 0 0 I : _raw_spin_lock_irqsave+0x54/0x98
01-01 08:00:58.940 0 0 I : ion_system_secure_heap_prefetch_work+0x94/0x2c0
01-01 08:00:58.940 0 0 I : process_one_work+0x38c/0x660
01-01 08:00:58.940 0 0 I : worker_thread+0x268/0x4b8
01-01 08:00:58.940 0 0 I : kthread+0x140/0x150
01-01 08:00:58.940 0 0 I : ret_from_fork+0x10/0x1c
01-01 08:00:58.941 0 0 I msm_vidc: high: 00000001: ....e: Opening video instance: fffffff8a88a4000, 0
01-01 08:00:58.942 0 0 E : INFO: trying to register non-static key.
01-01 08:00:58.947 0 0 E : the code is fine but needs lockdep annotation.
10-12 02:43:07.877 1330 1872 I OMXMaster: makeComponentInstance(OMX.qcom.video.encoder.avc) in android.hardwar process
10-12 02:43:07.879 1140 1140 I FaceDownDetector: readValuesFromDeviceConfig():
10-12 02:43:07.879 1140 1140 I FaceDownDetector: mAccelerationThreshold=0.2
10-12 02:43:07.879 1140 1140 I FaceDownDetector: mZAccelerationThreshold=-9.5
10-12 02:43:07.879 1140 1140 I FaceDownDetector: mTimeThreshold=PT1S
10-12 02:43:07.879 1140 1140 I FaceDownDetector: mIsEnabled=true
10-12 02:43:07.881 1140 1140 E SensorManager: sensor or listener is null
10-12 02:43:07.882 1140 1140 I ScreenUndimDetector: readValuesFromDeviceConfig():
10-12 02:43:07.882 1140 1140 I ScreenUndimDetector: mKeepScreenOnForMillis=600000
10-12 02:43:07.882 1140 1140 I ScreenUndimDetector: mKeepScreenOnNotificationEnabled=false
10-12 02:43:07.882 1140 1140 I ScreenUndimDetector: mUndimsRequired=2
10-12 02:43:07.886 1530 1551 D LOWI-9.0.0.87.a: [LOWINetlinkSocketReceiver] unpackRTMLinkMessage: RTM_NEWLINK - ifname vlan8, flags 0x1003 ([UP])
10-12 02:43:07.889 1330 1872 I android.hardware.media.omx@1.0-service: vendor/qcom/proprietary/adsprpc/src/rpcmem_android.c:159: rpcmem_init_internal: opened ION device fd 7, configured heap IDs: system (0x2000000), contig (0x400000), secure (0x200), secure flags (0x80080000)
10-12 02:43:07.889 1330 1872 I android.hardware.media.omx@1.0-service: vendor/qcom/proprietary/adsprpc/src/fastrpc_apps_user.c:3087: fastrpc_apps_user_init done with default domain:3 and &fastrpc_trace:0xe77f9c1c
10-12 02:43:07.889 1140 1240 I android_os_HwBinder: HwBinder: Starting thread pool for getting: android.hardware.health@2.0::IHealth/default
10-12 02:43:07.890 1140 1213 I EthernetTracker: interfaceLinkStateChanged, iface: vlan8, up: false
10-12 02:43:07.891 1140 1964 I DropBoxManagerService: add tag=system_server_wtf isTagEnabled=true flags=0x2
01-01 08:00:58.952 0 0 I : CPU: 5 PID: 1596 Comm: kworker/u16:18 Tainted: G S W O 4.19.157+ #1
10-12 02:43:07.892 1330 1872 D PlatformConfig: getInstance: Enter
10-12 02:43:07.892 1330 1872 D PlatformConfig: getInt32 Config name: vidc_perf_control_enable value: 0
10-12 02:43:07.892 1330 1872 D PlatformConfig: getInstance: Enter
10-12 02:43:07.892 1330 1872 D PlatformConfig: getInt32: Returning default
10-12 02:43:07.892 1330 1872 D PlatformConfig: getInstance: Enter
10-12 02:43:07.892 1330 1872 D PlatformConfig: getInt32 Config name: vidc_enc_log_in value: 0
10-12 02:43:07.892 1330 1872 D PlatformConfig: getInstance: Enter
10-12 02:43:07.892 1330 1872 D PlatformConfig: getInt32 Config name: vidc_enc_log_out value: 0
10-12 02:43:07.892 1330 1872 D PlatformConfig: getInstance: Enter
10-12 02:43:07.893 1330 1872 D PlatformConfig: getInt32 Config name: vidc_enc_csc_custom_matrix value: 0
10-12 02:43:07.893 1330 1872 D PlatformConfig: getInstance: Enter
10-12 02:43:07.893 1330 1872 D PlatformConfig: getInt32 Config name: vidc_enc_auto_blur_disable value: 0
10-12 02:43:07.893 1330 1872 D PlatformConfig: getInstance: Enter
10-12 02:43:07.893 1330 1872 D PlatformConfig: getInt32: Returning default
10-12 02:43:07.893 1330 1872 D PlatformConfig: getInstance: Enter
10-12 02:43:07.893 1330 1872 D PlatformConfig: getInt32 Config name: vidc_enc_linear_color_format value: 0
10-12 02:43:07.893 1330 1872 D PlatformConfig: getInstance: Enter
10-12 02:43:07.893 1330 1872 D PlatformConfig: getInt32 Config name: vidc_enc_bitrate_savings_enable value: 3
10-12 02:43:07.893 1330 1872 D PlatformConfig: getInstance: Enter
10-12 02:43:07.893 1330 1872 D PlatformConfig: getInt32 Config name: vidc_enc_quality_boost_enable value: 1
10-12 02:43:07.893 1140 1140 D SystemServerTiming: MakePowerManagerServiceReady took to complete: 36ms
10-12 02:43:07.893 1140 1140 I SystemServerTiming: StartPermissionPolicyService
10-12 02:43:07.893 1140 1140 I SystemServiceManager: Starting com.android.server.policy.PermissionPolicyService
10-12 02:43:07.895 1140 1140 D SystemServerTiming: StartPermissionPolicyService took to complete: 2ms
10-12 02:43:07.895 1140 1140 I SystemServerTiming: MakePackageManagerServiceReady
10-12 02:43:07.896 1330 1872 I OMX-VENC: Component_init : OMX.qcom.video.encoder.avc : return = 0x0
10-12 02:43:07.904 1330 1355 I OMX-VENC: venc_dev: v4l2 profile : 1 flags : 131095
10-12 02:43:07.904 1330 1891 I OMX-VENC: venc_dev: v4l2 profile : 0 flags : 131095
10-12 02:43:07.904 1330 1891 I OMX-VENC: venc_dev: v4l2 profile : 2 flags : 131095
10-12 02:43:07.904 1330 1924 I OMX-VENC: venc_dev: v4l2 profile : 17 flags : 131095
10-12 02:43:07.905 1330 1924 I OMX-VENC: venc_dev: v4l2 profile : 4 flags : 131095
10-12 02:43:07.906 1295 1800 W OMXUtils: do not know color format 0x7fa30c06 = 2141391878
10-12 02:43:07.906 1140 1140 I commit_sys_config_file: [package-session,3]
10-12 02:43:07.907 1295 1800 W OMXUtils: do not know color format 0x7fa30c04 = 2141391876
10-12 02:43:07.907 1140 1140 V UserDataPreparer: Found /data/user_de/0 with serial number 0
10-12 02:43:07.908 1140 1140 V UserDataPreparer: Found /data/user/0 with serial number 0
10-12 02:43:07.908 1140 1140 V UserDataPreparer: Found /data/system_de/0 with serial number 0
10-12 02:43:07.908 1140 1140 W UserDataPreparer: Invalid user directory /data/system_de/usagestats
10-12 02:43:07.908 1295 1800 W OMXUtils: do not know color format 0x7fa30c00 = 2141391872
10-12 02:43:07.908 1140 1140 V UserDataPreparer: Found /data/system_ce/0 with serial number 0
10-12 02:43:07.909 1140 1140 V UserDataPreparer: Found /data/misc_ce/0 with serial number 0
10-12 02:43:07.909 1295 1800 W OMXUtils: do not know color format 0x7fa30c09 = 2141391881
10-12 02:43:07.910 1295 1800 W OMXUtils: do not know color format 0x7fa30c0a = 2141391882
10-12 02:43:07.911 1295 1800 W OMXUtils: do not know color format 0x7fa30c08 = 2141391880
10-12 02:43:07.912 1295 1800 W OMXUtils: do not know color format 0x7fa30c07 = 2141391879
10-12 02:43:07.913 1295 1800 W OMXUtils: do not know color format 0x7f000789 = 2130708361
10-12 02:43:07.913 1140 1310 W KeyguardServiceDelegate: onScreenTurningOn(): no keyguard service!
10-12 02:43:07.913 1140 1310 V DisplayPowerController[0]: Brightness [1.0] reason changing to: 'override', previous reason: '0'.
10-12 02:43:07.915 1330 1969 E OMX-VENC: venc_dev: async_venc_message_thread interrupted to be exited
10-12 02:43:07.915 1140 1140 I PackageManager: Permission ownership changed. Updating all permissions.
10-12 02:43:07.922 1330 1873 I OMX-VENC: Component Deinit
10-12 02:43:07.934 1140 1140 I Perf : Connecting to perf service.
10-12 02:43:07.935 1140 1263 E KernelCpuSpeedReader: Failed to read cpu-freq: /sys/devices/system/cpu/cpu4/cpufreq/stats/time_in_state: open failed: ENOENT (No such file or directory)
10-12 02:43:07.936 1140 1263 E KernelCpuSpeedReader: Failed to read cpu-freq: /sys/devices/system/cpu/cpu0/cpufreq/stats/time_in_state: open failed: ENOENT (No such file or directory)
10-12 02:43:07.938 1140 1140 D StagingManagerTiming: restoreSessions took to complete: 2ms
10-12 02:43:07.938 1140 1140 D SystemServerTiming: MakePackageManagerServiceReady took to complete: 42ms
10-12 02:43:07.938 1140 1140 I SystemServerTiming: MakeDisplayManagerServiceReady
10-12 02:43:07.942 1140 1140 D SystemServerTiming: MakeDisplayManagerServiceReady took to complete: 4ms
10-12 02:43:07.942 1140 1140 I SystemServerTiming: StartDeviceSpecificServices
10-12 02:43:07.942 1140 1140 D SystemServerTiming: StartDeviceSpecificServices took to complete: 0ms
10-12 02:43:07.942 1140 1140 I SystemServerTiming: GameManagerService
01-01 08:00:58.952 0 0 I Hardware name: Qualcomm Technologies, Inc. kona MTP-RmPM8150b. VX1(MCE) EVT2 (DT)
01-01 08:00:58.952 0 0 I Workqueue: events_unbound ion_system_secure_heap_prefetch_work
01-01 08:00:58.952 0 0 I Call trace:
01-01 08:00:58.952 0 0 I : dump_backtrace+0x0/0x258
01-01 08:00:58.952 0 0 I : show_stack+0x20/0x30
01-01 08:00:58.952 0 0 I : dump_stack+0xd8/0x12c
01-01 08:00:58.952 0 0 I : register_lock_class+0x4d0/0x5c8
01-01 08:00:58.952 0 0 I : __lock_acquire+0xbc/0x1e58
01-01 08:00:58.952 0 0 I : lock_acquire+0x1cc/0x218
01-01 08:00:58.952 0 0 I : _raw_spin_lock_irqsave+0x54/0x98
01-01 08:00:58.952 0 0 I : ion_system_secure_heap_prefetch_work+0x94/0x2c0
01-01 08:00:58.952 0 0 I : process_one_work+0x38c/0x660
01-01 08:00:58.952 0 0 I : worker_thread+0x268/0x4b8
01-01 08:00:58.952 0 0 I : kthread+0x140/0x150
01-01 08:00:58.952 0 0 I : ret_from_fork+0x10/0x1c
01-01 08:00:58.959 0 0 E : INFO: trying to register non-static key.
01-01 08:00:58.964 0 0 E : the code is fine but needs lockdep annotation.
01-01 08:00:58.966 0 0 I msm_vidc: high: 00000001: h264e: Closed video instance: fffffff8a88a4000
01-01 08:00:58.970 0 0 I : CPU: 5 PID: 1596 Comm: kworker/u16:18 Tainted: G S W O 4.19.157+ #1
01-01 08:00:58.970 0 0 I Hardware name: Qualcomm Technologies, Inc. kona MTP-RmPM8150b. VX1(MCE) EVT2 (DT)
01-01 08:00:58.970 0 0 I Workqueue: events_unbound ion_system_secure_heap_prefetch_work
01-01 08:00:58.970 0 0 I Call trace:
01-01 08:00:58.970 0 0 I : dump_backtrace+0x0/0x258
01-01 08:00:58.970 0 0 I : show_stack+0x20/0x30
01-01 08:00:58.970 0 0 I : dump_stack+0xd8/0x12c
01-01 08:00:58.970 0 0 I : register_lock_class+0x4d0/0x5c8
01-01 08:00:58.970 0 0 I : __lock_acquire+0xbc/0x1e58
01-01 08:00:58.970 0 0 I : lock_acquire+0x1cc/0x218
01-01 08:00:58.970 0 0 I : _raw_spin_lock_irqsave+0x54/0x98
01-01 08:00:58.970 0 0 I : ion_system_secure_heap_prefetch_work+0x94/0x2c0
01-01 08:00:58.970 0 0 I : process_one_work+0x38c/0x660
01-01 08:00:58.970 0 0 I : worker_thread+0x268/0x4b8
01-01 08:00:58.970 0 0 I : kthread+0x140/0x150
01-01 08:00:58.970 0 0 I : ret_from_fork+0x10/0x1c
01-01 08:00:58.972 0 0 E : INFO: trying to register non-static key.
01-01 08:00:58.977 0 0 E : the code is fine but needs lockdep annotation.
01-01 08:00:58.983 0 0 I : CPU: 5 PID: 1596 Comm: kworker/u16:18 Tainted: G S W O 4.19.157+ #1
01-01 08:00:58.983 0 0 I Hardware name: Qualcomm Technologies, Inc. kona MTP-RmPM8150b. VX1(MCE) EVT2 (DT)
01-01 08:00:58.983 0 0 I Workqueue: events_unbound ion_system_secure_heap_prefetch_work
01-01 08:00:58.983 0 0 I Call trace:
01-01 08:00:58.983 0 0 I : dump_backtrace+0x0/0x258
01-01 08:00:58.983 0 0 I : show_stack+0x20/0x30
01-01 08:00:58.983 0 0 I : dump_stack+0xd8/0x12c
01-01 08:00:58.983 0 0 I : register_lock_class+0x4d0/0x5c8
01-01 08:00:58.983 0 0 I : __lock_acquire+0xbc/0x1e58
01-01 08:00:58.983 0 0 I : lock_acquire+0x1cc/0x218
01-01 08:00:58.983 0 0 I : _raw_spin_lock_irqsave+0x54/0x98
01-01 08:00:58.983 0 0 I : ion_system_secure_heap_prefetch_work+0x94/0x2c0
01-01 08:00:58.983 0 0 I : process_one_work+0x38c/0x660
01-01 08:00:58.983 0 0 I : worker_thread+0x268/0x4b8
01-01 08:00:58.983 0 0 I : kthread+0x140/0x150
01-01 08:00:58.983 0 0 I : ret_from_fork+0x10/0x1c
01-01 08:00:58.988 0 0 E i2c_geni 980000.i2c: i2c error :-107
01-01 08:00:58.996 0 0 E : [MAX975X:mcu_keep_wakeup_work_func] *ERROR* Failed to write dev:0x15 addr:0x22 value:0x00
01-01 08:00:59.002 0 0 E : INFO: trying to register non-static key.
10-12 02:43:07.942 1140 1140 I SystemServiceManager: Starting com.android.server.app.GameManagerService$Lifecycle
10-12 02:43:07.945 1140 1140 D SystemServerTiming: GameManagerService took to complete: 4ms
10-12 02:43:07.946 1140 1140 I SystemServerTiming: StartBootPhaseDeviceSpecificServicesReady
10-12 02:43:07.946 1140 1140 I SystemServiceManager: Starting phase 520
10-12 02:43:07.946 1140 1140 I SystemServerTiming: OnBootPhase_520
10-12 02:43:07.946 1140 1140 I SystemServerTiming: OnBootPhase_520_com.android.server.security.FileIntegrityService
10-12 02:43:07.946 1140 1140 D SystemServerTiming: OnBootPhase_520_com.android.server.security.FileIntegrityService took to complete: 0ms
10-12 02:43:07.946 1140 1140 I SystemServerTiming: OnBootPhase_520_com.android.server.pm.Installer
10-12 02:43:07.946 1140 1140 D SystemServerTiming: OnBootPhase_520_com.android.server.pm.Installer took to complete: 0ms
10-12 02:43:07.946 1140 1140 I SystemServerTiming: OnBootPhase_520_com.android.server.os.DeviceIdentifiersPolicyService
10-12 02:43:07.946 1140 1140 D SystemServerTiming: OnBootPhase_520_com.android.server.os.DeviceIdentifiersPolicyService took to complete: 0ms
10-12 02:43:07.946 1140 1140 I SystemServerTiming: OnBootPhase_520_com.android.server.uri.UriGrantsManagerService$Lifecycle
10-12 02:43:07.946 1140 1140 D SystemServerTiming: OnBootPhase_520_com.android.server.uri.UriGrantsManagerService$Lifecycle took to complete: 0ms
10-12 02:43:07.946 1140 1140 I SystemServerTiming: OnBootPhase_520_com.android.server.powerstats.PowerStatsService
10-12 02:43:07.946 1140 1140 D SystemServerTiming: OnBootPhase_520_com.android.server.powerstats.PowerStatsService took to complete: 0ms
10-12 02:43:07.946 1140 1140 I SystemServerTiming: OnBootPhase_520_com.android.server.wm.ActivityTaskManagerService$Lifecycle
10-12 02:43:07.946 1140 1140 D SystemServerTiming: OnBootPhase_520_com.android.server.wm.ActivityTaskManagerService$Lifecycle took to complete: 0ms
10-12 02:43:07.946 1140 1140 I SystemServerTiming: OnBootPhase_520_com.android.server.am.ActivityManagerService$Lifecycle
10-12 02:43:07.946 1140 1140 D SystemServerTiming: OnBootPhase_520_com.android.server.am.ActivityManagerService$Lifecycle took to complete: 0ms
10-12 02:43:07.946 1330 1873 I android.hardware.media.omx@1.0-service: vendor/qcom/proprietary/adsprpc/src/rpcmem_android.c:192: rpcmem_deinit_internal: closed ION fd 7
10-12 02:43:07.947 1140 1140 I SystemServerTiming: OnBootPhase_520_com.android.server.pm.DataLoaderManagerService
10-12 02:43:07.947 1140 1140 D SystemServerTiming: OnBootPhase_520_com.android.server.pm.DataLoaderManagerService took to complete: 0ms
10-12 02:43:07.947 1140 1140 I SystemServerTiming: OnBootPhase_520_com.android.server.power.PowerManagerService
10-12 02:43:07.947 1330 1873 I android.hardware.media.omx@1.0-service: vendor/qcom/proprietary/adsprpc/src/fastrpc_apps_user.c:3019: fastrpc_apps_user_deinit done
10-12 02:43:07.947 1140 1140 D SystemServerTiming: OnBootPhase_520_com.android.server.power.PowerManagerService took to complete: 0ms
10-12 02:43:07.947 1140 1140 I SystemServerTiming: OnBootPhase_520_com.android.server.power.ThermalManagerService
10-12 02:43:07.947 1140 1140 D SystemServerTiming: OnBootPhase_520_com.android.server.power.ThermalManagerService took to complete: 0ms
10-12 02:43:07.947 1140 1140 I SystemServerTiming: OnBootPhase_520_com.android.server.power.hint.HintManagerService
10-12 02:43:07.947 1140 1140 D SystemServerTiming: OnBootPhase_520_com.android.server.power.hint.HintManagerService took to complete: 0ms
10-12 02:43:07.947 1140 1140 I SystemServerTiming: OnBootPhase_520_com.android.server.recoverysystem.RecoverySystemService$Lifecycle
10-12 02:43:07.947 1140 1140 D SystemServerTiming: OnBootPhase_520_com.android.server.recoverysystem.RecoverySystemService$Lifecycle took to complete: 0ms
10-12 02:43:07.947 1140 1140 I SystemServerTiming: OnBootPhase_520_com.android.server.lights.LightsService
10-12 02:43:07.947 1140 1140 D SystemServerTiming: OnBootPhase_520_com.android.server.lights.LightsService took to complete: 0ms
10-12 02:43:07.947 1140 1140 I SystemServerTiming: OnBootPhase_520_com.android.server.display.DisplayManagerService
10-12 02:43:07.947 1140 1140 D SystemServerTiming: OnBootPhase_520_com.android.server.display.DisplayManagerService took to complete: 0ms
10-12 02:43:07.948 1140 1140 I SystemServerTiming: OnBootPhase_520_com.android.server.pm.verify.domain.DomainVerificationService
10-12 02:43:07.948 1140 1140 D SystemServerTiming: OnBootPhase_520_com.android.server.pm.verify.domain.DomainVerificationService took to complete: 0ms
10-12 02:43:07.948 1140 1140 I SystemServerTiming: OnBootPhase_520_com.android.server.pm.PackageInstallerService$Lifecycle
10-12 02:43:07.948 1140 1140 D SystemServerTiming: OnBootPhase_520_com.android.server.pm.PackageInstallerService$Lifecycle took to complete: 0ms
10-12 02:43:07.948 1140 1140 I SystemServerTiming: OnBootPhase_520_com.android.server.pm.UserManagerService$LifeCycle
10-12 02:43:07.948 1140 1140 D SystemServerTiming: OnBootPhase_520_com.android.server.pm.UserManagerService$LifeCycle took to complete: 0ms
10-12 02:43:07.948 1140 1140 I SystemServerTiming: OnBootPhase_520_com.android.server.om.OverlayManagerService
10-12 02:43:07.948 1140 1140 D SystemServerTiming: OnBootPhase_520_com.android.server.om.OverlayManagerService took to complete: 0ms
10-12 02:43:07.948 1140 1140 I SystemServerTiming: OnBootPhase_520_com.android.server.SensorPrivacyService
10-12 02:43:07.948 1140 1140 D SystemServerTiming: OnBootPhase_520_com.android.server.SensorPrivacyService took to complete: 0ms
10-12 02:43:07.948 1140 1140 I SystemServerTiming: OnBootPhase_520_com.android.server.sensors.SensorService
10-12 02:43:07.948 1140 1140 D SystemServerTiming: OnBootPhase_520_com.android.server.sensors.SensorService took to complete: 0ms
10-12 02:43:07.948 1140 1140 I SystemServerTiming: OnBootPhase_520_com.android.server.SystemConfigService
10-12 02:43:07.948 1140 1140 D SystemServerTiming: OnBootPhase_520_com.android.server.SystemConfigService took to complete: 0ms
10-12 02:43:07.948 1140 1140 I SystemServerTiming: OnBootPhase_520_com.android.server.BatteryService
01-01 08:00:59.011 0 0 E : the code is fine but needs lockdep annotation.
10-12 02:43:07.948 1140 1140 D SystemServerTiming: OnBootPhase_520_com.android.server.BatteryService took to complete: 0ms
10-12 02:43:07.948 1140 1140 I SystemServerTiming: OnBootPhase_520_com.android.server.usage.UsageStatsService
10-12 02:43:07.948 1140 1140 D SystemServerTiming: OnBootPhase_520_com.android.server.usage.UsageStatsService took to complete: 0ms
10-12 02:43:07.948 1140 1140 I SystemServerTiming: OnBootPhase_520_com.android.server.webkit.WebViewUpdateService
10-12 02:43:07.948 1140 1140 D SystemServerTiming: OnBootPhase_520_com.android.server.webkit.WebViewUpdateService took to complete: 0ms
10-12 02:43:07.949 1140 1140 I SystemServerTiming: OnBootPhase_520_com.android.server.CachedDeviceStateService
10-12 02:43:07.949 1140 1140 D SystemServerTiming: OnBootPhase_520_com.android.server.CachedDeviceStateService took to complete: 0ms
10-12 02:43:07.949 1140 1140 I SystemServerTiming: OnBootPhase_520_com.android.server.BinderCallsStatsService$LifeCycle
10-12 02:43:07.949 1140 1140 D SystemServerTiming: OnBootPhase_520_com.android.server.BinderCallsStatsService$LifeCycle took to complete: 0ms
10-12 02:43:07.949 1140 1140 I SystemServerTiming: OnBootPhase_520_com.android.server.LooperStatsService$Lifecycle
10-12 02:43:07.949 1140 1140 D SystemServerTiming: OnBootPhase_520_com.android.server.LooperStatsService$Lifecycle took to complete: 0ms
10-12 02:43:07.949 1140 1140 I SystemServerTiming: OnBootPhase_520_com.android.server.rollback.RollbackManagerService
10-12 02:43:07.949 1140 1140 D SystemServerTiming: OnBootPhase_520_com.android.server.rollback.RollbackManagerService took to complete: 0ms
10-12 02:43:07.949 1140 1140 I SystemServerTiming: OnBootPhase_520_com.android.server.os.NativeTombstoneManagerService
10-12 02:43:07.949 1140 1140 D SystemServerTiming: OnBootPhase_520_com.android.server.os.NativeTombstoneManagerService took to complete: 0ms
10-12 02:43:07.949 1140 1140 I SystemServerTiming: OnBootPhase_520_com.android.server.os.BugreportManagerService
10-12 02:43:07.949 1140 1140 D SystemServerTiming: OnBootPhase_520_com.android.server.os.BugreportManagerService took to complete: 0ms
10-12 02:43:07.949 1140 1140 I SystemServerTiming: OnBootPhase_520_com.android.server.gpu.GpuService
10-12 02:43:07.949 1140 1140 D SystemServerTiming: OnBootPhase_520_com.android.server.gpu.GpuService took to complete: 0ms
10-12 02:43:07.949 1140 1140 I SystemServerTiming: OnBootPhase_520_com.android.server.security.KeyChainSystemService
10-12 02:43:07.949 1140 1140 D SystemServerTiming: OnBootPhase_520_com.android.server.security.KeyChainSystemService took to complete: 0ms
10-12 02:43:07.949 1140 1140 I SystemServerTiming: OnBootPhase_520_com.android.server.telecom.TelecomLoaderService
10-12 02:43:07.949 1140 1140 D SystemServerTiming: OnBootPhase_520_com.android.server.telecom.TelecomLoaderService took to complete: 0ms
10-12 02:43:07.949 1140 1140 I SystemServerTiming: OnBootPhase_520_com.android.server.accounts.AccountManagerService$Lifecycle
10-12 02:43:07.949 1140 1140 D SystemServerTiming: OnBootPhase_520_com.android.server.accounts.AccountManagerService$Lifecycle took to complete: 0ms
10-12 02:43:07.949 1140 1140 I SystemServerTiming: OnBootPhase_520_com.android.server.content.ContentService$Lifecycle
10-12 02:43:07.949 1140 1140 D SystemServerTiming: OnBootPhase_520_com.android.server.content.ContentService$Lifecycle took to complete: 0ms
10-12 02:43:07.949 1140 1140 I SystemServerTiming: OnBootPhase_520_com.android.server.DropBoxManagerService
10-12 02:43:07.950 1140 1140 D SystemServerTiming: OnBootPhase_520_com.android.server.DropBoxManagerService took to complete: 0ms
10-12 02:43:07.950 1140 1140 I SystemServerTiming: OnBootPhase_520_com.android.role.RoleService
10-12 02:43:07.950 1140 1140 D SystemServerTiming: OnBootPhase_520_com.android.role.RoleService took to complete: 0ms
10-12 02:43:07.950 1140 1140 I SystemServerTiming: OnBootPhase_520_com.android.server.vibrator.VibratorManagerService$Lifecycle
10-12 02:43:07.950 1140 1140 D SystemServerTiming: OnBootPhase_520_com.android.server.vibrator.VibratorManagerService$Lifecycle took to complete: 0ms
10-12 02:43:07.950 1140 1140 I SystemServerTiming: OnBootPhase_520_com.android.server.alarm.AlarmManagerService
10-12 02:43:07.950 1140 1140 D SystemServerTiming: OnBootPhase_520_com.android.server.alarm.AlarmManagerService took to complete: 0ms
10-12 02:43:07.950 1140 1140 I SystemServerTiming: OnBootPhase_520_com.android.server.devicestate.DeviceStateManagerService
10-12 02:43:07.950 1140 1140 D SystemServerTiming: OnBootPhase_520_com.android.server.devicestate.DeviceStateManagerService took to complete: 0ms
10-12 02:43:07.950 1140 1140 I SystemServerTiming: OnBootPhase_520_com.android.server.camera.CameraServiceProxy
10-12 02:43:07.950 1140 1140 D SystemServerTiming: OnBootPhase_520_com.android.server.camera.CameraServiceProxy took to complete: 0ms
10-12 02:43:07.950 1140 1140 I SystemServerTiming: OnBootPhase_520_com.android.server.BluetoothService
10-12 02:43:07.950 1140 1140 D SystemServerTiming: OnBootPhase_520_com.android.server.BluetoothService took to complete: 0ms
10-12 02:43:07.950 1140 1140 I SystemServerTiming: OnBootPhase_520_com.android.server.connectivity.IpConnectivityMetrics
10-12 02:43:07.950 1140 1140 D SystemServerTiming: OnBootPhase_520_com.android.server.connectivity.IpConnectivityMetrics took to complete: 0ms
10-12 02:43:07.950 1140 1140 I SystemServerTiming: OnBootPhase_520_com.android.server.net.watchlist.NetworkWatchlistService$Lifecycle
10-12 02:43:07.950 1140 1140 D SystemServerTiming: OnBootPhase_520_com.android.server.net.watchlist.NetworkWatchlistService$Lifecycle took to complete: 0ms
10-12 02:43:07.950 1140 1140 I SystemServerTiming: OnBootPhase_520_com.android.server.PinnerService
10-12 02:43:07.950 1140 1140 D SystemServerTiming: OnBootPhase_520_com.android.server.PinnerService took to complete: 0ms
10-12 02:43:07.950 1140 1140 I SystemServerTiming: OnBootPhase_520_com.google.android.startop.iorap.IorapForwardingService
10-12 02:43:07.950 1140 1140 D SystemServerTiming: OnBootPhase_520_com.google.android.startop.iorap.IorapForwardingService took to complete: 0ms
10-12 02:43:07.951 1140 1140 I SystemServerTiming: OnBootPhase_520_com.android.server.ActivityTriggerService
10-12 02:43:07.951 1140 1140 D SystemServerTiming: OnBootPhase_520_com.android.server.ActivityTriggerService took to complete: 0ms
10-12 02:43:07.951 1140 1140 I SystemServerTiming: OnBootPhase_520_com.android.server.integrity.AppIntegrityManagerService
10-12 02:43:07.951 1140 1140 D SystemServerTiming: OnBootPhase_520_com.android.server.integrity.AppIntegrityManagerService took to complete: 0ms
10-12 02:43:07.951 1140 1140 I SystemServerTiming: OnBootPhase_520_com.android.server.inputmethod.InputMethodManagerService$Lifecycle
10-12 02:43:07.951 1140 1140 D SystemServerTiming: OnBootPhase_520_com.android.server.inputmethod.InputMethodManagerService$Lifecycle took to complete: 0ms
10-12 02:43:07.951 1140 1140 I SystemServerTiming: OnBootPhase_520_com.android.server.accessibility.AccessibilityManagerService$Lifecycle
10-12 02:43:07.951 1140 1140 D SystemServerTiming: OnBootPhase_520_com.android.server.accessibility.AccessibilityManagerService$Lifecycle took to complete: 0ms
10-12 02:43:07.951 1140 1140 I SystemServerTiming: OnBootPhase_520_com.android.server.StorageManagerService$Lifecycle
10-12 02:43:07.951 1140 1140 D SystemServerTiming: OnBootPhase_520_com.android.server.StorageManagerService$Lifecycle took to complete: 0ms
10-12 02:43:07.950 1953 1953 I android.hardware.camera.provider@2.4-service: CameraProvider@2.4 legacy service is starting.
01-01 08:00:59.017 0 0 I : CPU: 6 PID: 1596 Comm: kworker/u16:18 Tainted: G S W O 4.19.157+ #1
10-12 02:43:07.951 1140 1140 I SystemServerTiming: OnBootPhase_520_com.android.server.usage.StorageStatsService$Lifecycle
10-12 02:43:07.951 1140 1140 D SystemServerTiming: OnBootPhase_520_com.android.server.usage.StorageStatsService$Lifecycle took to complete: 0ms
10-12 02:43:07.951 1140 1140 I SystemServerTiming: OnBootPhase_520_com.android.server.UiModeManagerService
10-12 02:43:07.951 1140 1140 D SystemServerTiming: OnBootPhase_520_com.android.server.UiModeManagerService took to complete: 0ms
10-12 02:43:07.951 1140 1140 I SystemServerTiming: OnBootPhase_520_com.android.server.locksettings.LockSettingsService$Lifecycle
01-01 08:00:59.017 0 0 I Hardware name: Qualcomm Technologies, Inc. kona MTP-RmPM8150b. VX1(MCE) EVT2 (DT)
01-01 08:00:59.017 0 0 I Workqueue: events_unbound ion_system_secure_heap_prefetch_work
01-01 08:00:59.017 0 0 I Call trace:
01-01 08:00:59.017 0 0 I : dump_backtrace+0x0/0x258
01-01 08:00:59.017 0 0 I : show_stack+0x20/0x30
01-01 08:00:59.017 0 0 I : dump_stack+0xd8/0x12c
01-01 08:00:59.017 0 0 I : register_lock_class+0x4d0/0x5c8
01-01 08:00:59.017 0 0 I : __lock_acquire+0xbc/0x1e58
01-01 08:00:59.017 0 0 I : lock_acquire+0x1cc/0x218
01-01 08:00:59.017 0 0 I : _raw_spin_lock_irqsave+0x54/0x98
01-01 08:00:59.017 0 0 I : ion_system_secure_heap_prefetch_work+0x94/0x2c0
01-01 08:00:59.017 0 0 I : process_one_work+0x38c/0x660
01-01 08:00:59.017 0 0 I : worker_thread+0x268/0x4b8
01-01 08:00:59.017 0 0 I : kthread+0x140/0x150
01-01 08:00:59.017 0 0 I : ret_from_fork+0x10/0x1c
10-12 02:43:07.951 1140 1140 D SystemServerTiming: OnBootPhase_520_com.android.server.locksettings.LockSettingsService$Lifecycle took to complete: 0ms
10-12 02:43:07.951 1140 1140 I SystemServerTiming: OnBootPhase_520_com.android.server.PersistentDataBlockService
