01-01 08:01:01.924 0 0 D cnss : Assign MSI to user: DP, num_vectors: 18, user_base_data: 814, base_vector: 14
01-01 08:01:01.924 0 0 D cnss : Assign MSI to user: DP, num_vectors: 18, user_base_data: 814, base_vector: 14
01-01 08:01:01.924 0 0 D cnss : Assign MSI to user: DP, num_vectors: 18, user_base_data: 814, base_vector: 14
01-01 08:01:01.924 0 0 D cnss : Assign MSI to user: DP, num_vectors: 18, user_base_data: 814, base_vector: 14
01-01 08:01:01.925 0 0 D cnss : Assign MSI to user: DP, num_vectors: 18, user_base_data: 814, base_vector: 14
10-12 02:43:10.875 2432 2432 D hw-ProcessState: Binder ioctl to enable oneway spam detection failed: Invalid argument
01-01 08:01:01.925 0 0 I [kworke][0x46405f18][02:43:10.877048] wlan: [276:I:DP] dp_tx_soc_attach Tx Desc Alloc num_pool = 4, descs = 4096
10-12 02:43:10.875 1140 1679 E NativeTombstoneManager: Tombstone's UID (1047) not an app, ignoring
10-12 02:43:10.876 1140 1140 I notification_cancel_all: [1000,1140,com.android.systemui,0,0,0,20,NULL]
10-12 02:43:10.877 1140 1140 D ActivityNotifier: onServiceConnected called
10-12 02:43:10.878 2024 2382 D KeyguardViewMediator: updateActivityLockScreenState(false, false)
10-12 02:43:10.878 2024 2024 W AudioManager: attempt to call registerAudioRecordingCallback() on a previouslyregistered callback
01-01 08:01:01.925 0 0 I [kworke][0x46406fed][02:43:10.877273] wlan: [276:I:DP] dp_tx_soc_attach MSDU Ext Desc Alloc 4, descs = 4096
01-01 08:01:01.927 0 0 I [kworke][0x4641077a][02:43:10.879293] wlan: [276:I:DP] dp_tx_soc_attach HAL Tx init Success
01-01 08:01:01.927 0 0 D cnss : Assign MSI to user: DP, num_vectors: 18, user_base_data: 814, base_vector: 14
01-01 08:01:01.927 0 0 D cnss : Assign MSI to user: DP, num_vectors: 18, user_base_data: 814, base_vector: 14
01-01 08:01:01.927 0 0 I [kworke][0x46411fd5][02:43:10.879618] wlan: [276:I:DP] dp_soc_cmn_setup: 3274: num_reo_dest_rings 4
10-12 02:43:10.879 503 503 I hwservicemanager: Since vendor.qti.hardware.iop@2.0::IIop/default is not registered, trying to start it as a lazy HAL.
01-01 08:01:01.927 0 0 D cnss : Assign MSI to user: DP, num_vectors: 18, user_base_data: 814, base_vector: 14
10-12 02:43:10.881 1320 2435 E ANDR-IOP: IIop:: Iop HAL Service is not available.
10-12 02:43:10.885 1140 1862 I am_proc_bound: [0,2464,com.qualcomm.qti.devicestatisticsservice]
10-12 02:43:10.889 1417 2101 I hw-BpHwBinder: onLastStrongRef automatically unlinking death recipients
01-01 08:01:01.928 0 0 D cnss : Assign MSI to user: DP, num_vectors: 18, user_base_data: 814, base_vector: 14
10-12 02:43:10.889 1417 2101 V C2Store : in ~ComponentModule
01-01 08:01:01.928 0 0 D cnss : Assign MSI to user: DP, num_vectors: 18, user_base_data: 814, base_vector: 14
01-01 08:01:01.928 0 0 D cnss : Assign MSI to user: DP, num_vectors: 18, user_base_data: 814, base_vector: 14
01-01 08:01:01.928 0 0 D cnss : Assign MSI to user: DP, num_vectors: 18, user_base_data: 814, base_vector: 14
10-12 02:43:10.889 1417 2101 V C2Store : unloading dll
01-01 08:01:01.928 0 0 D cnss : Assign MSI to user: DP, num_vectors: 18, user_base_data: 814, base_vector: 14
01-01 08:01:01.928 0 0 D cnss : Assign MSI to user: DP, num_vectors: 18, user_base_data: 814, base_vector: 14
10-12 02:43:10.890 1140 1140 D TelephonyRegistry: notifyCellLocationForSubscriber: subId=2147483647 cellIdentity=null
01-01 08:01:01.928 0 0 D cnss : Assign MSI to user: DP, num_vectors: 18, user_base_data: 814, base_vector: 14
01-01 08:01:01.929 0 0 D cnss : Assign MSI to user: DP, num_vectors: 18, user_base_data: 814, base_vector: 14
10-12 02:43:10.890 1140 1862 D CompatibilityChangeReporter: Compat change id reported: 168419799; UID 10064; state: DISABLED
01-01 08:01:01.929 0 0 D cnss : Assign MSI to user: DP, num_vectors: 18, user_base_data: 814, base_vector: 14
01-01 08:01:01.929 0 0 D cnss : Assign MSI to user: DP, num_vectors: 18, user_base_data: 814, base_vector: 14
10-12 02:43:10.891 1140 1862 D CompatibilityInfo: mCompatibilityFlags - 4
01-01 08:01:01.929 0 0 I [kworke][0x4641ae5a][02:43:10.881518] wlan: [276:I:HAL] hal_reo_set_err_dst_remap_6390: 1024: HWIO_REO_R0_ERROR_DESTINATION_MAPPING_IX_0 0x28005b6d
01-01 08:01:01.929 0 0 D cnss : Assign MSI to user: DP, num_vectors: 18, user_base_data: 814, base_vector: 14
10-12 02:43:10.891 1140 1862 D CompatibilityInfo: applicationDensity - 240
01-01 08:01:01.929 0 0 D cnss : Assign MSI to user: DP, num_vectors: 18, user_base_data: 814, base_vector: 14
01-01 08:01:01.929 0 0 D cnss : Assign MSI to user: DP, num_vectors: 18, user_base_data: 814, base_vector: 14
01-01 08:01:01.929 0 0 D cnss : Assign MSI to user: DP, num_vectors: 18, user_base_data: 814, base_vector: 14
01-01 08:01:01.929 0 0 D cnss : Assign MSI to user: DP, num_vectors: 18, user_base_data: 814, base_vector: 14
01-01 08:01:01.929 0 0 D cnss : Assign MSI to user: DP, num_vectors: 18, user_base_data: 814, base_vector: 14
10-12 02:43:10.891 1140 1862 D CompatibilityInfo: applicationScale - 1.0
01-01 08:01:01.941 0 0 I binder : 2488:2488 ioctl 40046210 7fe476a004 returned -22
10-12 02:43:10.891 1539 1577 I adbd : jdwp connection from 2488
10-12 02:43:10.889 2024 2495 I hw-BpHwBinder: onLastStrongRef automatically unlinking death recipients
10-12 02:43:10.892 1140 1862 I am_uid_active: 10064
10-12 02:43:10.893 2488 2488 D ProcessState: Binder ioctl to enable oneway spam detection failed: Invalid argument
10-12 02:43:10.893 1140 1679 I DropBoxManagerService: add tag=SYSTEM_TOMBSTONE_PROTO isTagEnabled=true flags=0x4
10-12 02:43:10.894 2404 2404 D RemoteControlService: RemoteControlService start.
10-12 02:43:10.895 2464 2464 D CompatibilityChangeReporter: Compat change id reported: 171979766; UID 10064; state: ENABLED
10-12 02:43:10.895 1292 1343 I MMParserExtractor: Created(0xb400007282281d30)
10-12 02:43:10.898 2432 2432 I android_os_HwBinder: HwBinder: Starting thread pool for getting: vendor.ts.uart@1.0::IUartServer/vendor.ts.uart
10-12 02:43:10.900 2404 2404 D RemoteControlService: start remote control service ...
10-12 02:43:10.900 2432 2432 I mpu_uart_fws: hal sevice get success
10-12 02:43:10.901 652 652 I mpu_uart: [SESSION-GET]:get new app session:[protect:14:1],force:1
10-12 02:43:10.901 652 652 I mpu_uart: [SESSION:protect:14]:Create session,sessionID:1
10-12 02:43:10.903 1140 1140 I notification_enqueue: [1000,1140,android,32,NULL,-1,Notification(channel=USB shortcut=null contentView=null vibrate=null sound=null tick defaults=0x0 flags=0x2 color=0x00000000 vis=PUBLIC),0]
10-12 02:43:10.903 1140 1140 I Telecom : WiredHeadsetManager: ACTION_HEADSET_PLUG event, plugged in: false, : WHC.oADA@AAE
10-12 02:43:10.905 2024 2403 D MediaCodecList: codecHandlesFormat: no format, so no extra checks
10-12 02:43:10.905 2024 2403 D MediaCodecList: codecHandlesFormat: no format, so no extra checks
10-12 02:43:10.904 2432 2432 I TcServiceUartComm: [protect]RegCallback res = true1
10-12 02:43:10.905 2404 2404 I RemoteControlService: Current screen size: (2380, 1020)
10-12 02:43:10.906 2404 2404 D RemoteControlService: start Ap Ip Listener
10-12 02:43:10.906 2009 2081 D BluetoothAdapterService: enable() - Enable called with quiet mode status = false
10-12 02:43:10.906 503 2501 W libc : Unable to set property "ctl.interface_start" to "vendor.qti.hardware.iop@2.0::IIop/default": error code: 0x20
10-12 02:43:10.907 2009 2245 I AdapterState: BLE_TURNING_ON : entered
10-12 02:43:10.907 2009 2245 D AdapterProperties: Setting state to BLE_TURNING_ON
10-12 02:43:10.907 1140 1215 D BluetoothManagerService: MESSAGE_INFORM_ADAPTER_SERVICE_UP
10-12 02:43:10.907 1140 1215 D BluetoothManagerService: Broadcasting onBluetoothServiceUp() to 3 receivers.
10-12 02:43:10.907 1140 1215 D BluetoothAdapter: onBluetoothServiceUp: android.bluetooth.IBluetooth$Stub$Proxy@ed69d4a
10-12 02:43:10.907 2009 2081 D BluetoothAdapter: onBluetoothServiceUp: com.android.bluetooth.btservice.AdapterService$AdapterServiceBinder@458f9c1
10-12 02:43:10.908 2009 2245 D BluetoothAdapterService: updateAdapterState() - Broadcasting state BLE_TURNING_ON to 1 receivers.
10-12 02:43:10.908 1140 1215 I DropBoxManagerService: add tag=system_server_strictmode isTagEnabled=true flags=0x2
10-12 02:43:10.909 1140 1140 D MediaSessionService: Global priority session is changed from null to com.android.server.telecom/HeadsetMediaButton (userId=0)
10-12 02:43:10.909 1140 1140 I sysui_multi_action: [757,1501,758,1,793,550,794,0,795,550,796,1,797,empty_media,806,com.android.systemui,857,empty_media_style_id,858,4,947,0,1500,0,1641,transport,1745,1043716538]
10-12 02:43:10.909 1140 1140 I sysui_multi_action: [757,804,799,note_interruptive,801,0,802,1]
10-12 02:43:10.909 2024 2232 D BluetoothAdapter: onBluetoothServiceUp: android.bluetooth.IBluetooth$Stub$Proxy@b61ac2c
10-12 02:43:10.910 503 2501 I hwservicemanager: Tried to start vendor.qti.hardware.iop@2.0::IIop/default as a lazy service, but was unable to. Usually this happens when a service is not installed, but if the service is intended to be used as a lazy service, then it may be configured incorrectly.
10-12 02:43:10.913 2488 2488 I service_manager_slow: [18,activity]
10-12 02:43:10.914 1140 1862 I am_proc_bound: [0,2488,com.qualcomm.qti.qdma]
10-12 02:43:10.915 2024 2514 D CCodec : allocate(c2.android.vorbis.decoder)
10-12 02:43:10.917 652 652 I mpu_uart: [SESSION-GET]:get new app session:[can:b:2],force:1
10-12 02:43:10.917 652 652 I mpu_uart: [SESSION:can:b]:Create session,sessionID:2
10-12 02:43:10.918 2432 2432 I TcServiceUartComm: [can]RegCallback res = true2
10-12 02:43:10.919 2024 2514 I CCodec : setting up 'default' as default (vendor) store
10-12 02:43:10.920 1417 1496 V C2Store : in init
10-12 02:43:10.920 1417 1496 V C2Store : loading dll
10-12 02:43:10.920 1140 1215 I DropBoxManagerService: add tag=system_server_strictmode isTagEnabled=true flags=0x2
10-12 02:43:10.921 1140 1862 D CompatibilityChangeReporter: Compat change id reported: 168419799; UID 1000; state: DISABLED
10-12 02:43:10.921 1140 1862 D CompatibilityInfo: mCompatibilityFlags - 4
10-12 02:43:10.921 1140 1862 D CompatibilityInfo: applicationDensity - 240
10-12 02:43:10.921 1140 1215 D BluetoothManagerService: MESSAGE_BLUETOOTH_STATE_CHANGE: OFF > BLE_TURNING_ON
10-12 02:43:10.921 1140 1215 D BluetoothManagerService: Sending BLE State Change: OFF > BLE_TURNING_ON
10-12 02:43:10.921 1140 1862 D CompatibilityInfo: applicationScale - 1.0
10-12 02:43:10.921 2024 2024 W CarrierConfigManager: Error getting config for subId -1 ICarrierConfigLoader is null
10-12 02:43:10.922 2024 2514 I CCodec : Created component [c2.android.vorbis.decoder]
10-12 02:43:10.923 2024 2514 D CCodecConfig: read media type: audio/vorbis
10-12 02:43:10.926 1140 1823 D ConnectivityService: NetReassign [no changes]
10-12 02:43:10.928 1140 1174 D ConnectivityService: requestNetwork for uid/pid:10087/2024 activeRequest: null callbackRequest: 21 [NetworkRequest [ REQUEST id=22, [ Capabilities: INTERNET&NOT_RESTRICTED&TRUSTED&NOT_VCN_MANAGED Uid: 10087 RequestorUid: 10087 RequestorPkg: com.android.systemui] ]] callback flags: 1 priority: 2147483647
10-12 02:43:10.929 2024 2514 D ReflectedParamUpdater: extent() != 1 for single value type: algo.buffers.max-count.values
10-12 02:43:10.929 1140 1823 D ConnectivityService: NetReassign [no changes]
10-12 02:43:10.929 1140 1954 D Ethernet: got request NetworkRequest [ REQUEST id=22, [ Capabilities: INTERNET&NOT_RESTRICTED&TRUSTED&NOT_VCN_MANAGED Uid: 10087 RequestorUid: 10087 RequestorPkg: com.android.systemui] ]
10-12 02:43:10.929 2024 2514 D ReflectedParamUpdater: extent() != 1 for single value type: output.subscribed-indices.values
10-12 02:43:10.929 1140 1954 D EthernetNetworkFactory: acceptRequest, request: NetworkRequest [ REQUEST id=22, [ Capabilities: INTERNET&NOT_RESTRICTED&TRUSTED&NOT_VCN_MANAGED Uid: 10087 RequestorUid: 10087 RequestorPkg: com.android.systemui] ]
10-12 02:43:10.929 1140 1954 I EthernetNetworkFactory: networkForRequest, request: NetworkRequest [ REQUEST id=22, [ Capabilities: INTERNET&NOT_RESTRICTED&TRUSTED&NOT_VCN_MANAGED Uid: 10087 RequestorUid: 10087 RequestorPkg: com.android.systemui] ], network: null
10-12 02:43:10.929 2024 2514 D ReflectedParamUpdater: extent() != 1 for single value type: input.buffers.allocator-ids.values
10-12 02:43:10.930 2024 2514 D ReflectedParamUpdater: extent() != 1 for single value type: output.buffers.allocator-ids.values
10-12 02:43:10.930 2024 2024 V WifiManager: registerTrafficStateCallback: callback=com.android.systemui.statusbar.policy.WifiSignalController$WifiTrafficStateCallback@d535f18, executor=android.os.HandlerExecutor@e755fd0
10-12 02:43:10.930 2024 2514 D ReflectedParamUpdater: extent() != 1 for single value type: algo.buffers.allocator-ids.values
10-12 02:43:10.930 2024 2514 D ReflectedParamUpdater: extent() != 1 for single value type: output.buffers.pool-ids.values
10-12 02:43:10.931 2024 2514 D ReflectedParamUpdater: extent() != 1 for single value type: algo.buffers.pool-ids.values
10-12 02:43:10.933 1140 1140 W NotificationHistory: Attempted to add notif for locked/gone/disabled user 0
10-12 02:43:10.933 2024 2024 V WifiManager: registerScanResultsCallback: callback=com.android.systemui.statusbar.policy.NetworkControllerImpl$5@808fd71, executor=androidx.mediarouter.media.MediaRoute2Provider$$ExternalSyntheticLambda0@f728756
10-12 02:43:10.933 2024 2514 I CCodecConfig: query failed after returning 7 values (BAD_INDEX)
10-12 02:43:10.933 2024 2514 D CCodecConfig: c2 config diff is Dict {
10-12 02:43:10.933 2024 2514 D CCodecConfig: c2::u32 coded.bitrate.value = 64000
10-12 02:43:10.933 2024 2514 D CCodecConfig: c2::u32 input.buffers.max-size.value = 32768
10-12 02:43:10.933 2024 2514 D CCodecConfig: c2::u32 input.delay.value = 0
10-12 02:43:10.933 2024 2514 D CCodecConfig: string input.media-type.value = "audio/vorbis"
10-12 02:43:10.933 2024 2514 D CCodecConfig: string output.media-type.value = "audio/raw"
10-12 02:43:10.933 2024 2514 D CCodecConfig: c2::u32 raw.channel-count.value = 1
10-12 02:43:10.933 2024 2514 D CCodecConfig: c2::u32 raw.sample-rate.value = 48000
10-12 02:43:10.933 2024 2514 D CCodecConfig: }
10-12 02:43:10.933 1140 1140 I sysui_multi_action: [757,1501,758,1,793,342,794,0,795,342,796,32,806,android,857,USB,858,1,947,0,1500,0]
10-12 02:43:10.934 1140 1140 I sysui_multi_action: [757,804,799,note_interruptive,801,0,802,1]
10-12 02:43:10.934 2024 2514 D CCodec : [c2.android.vorbis.decoder] buffers are bound to CCodec for this session
10-12 02:43:10.934 2024 2514 D CCodecConfig: no c2 equivalents for durationUs
10-12 02:43:10.934 2024 2514 D CCodecConfig: no c2 equivalents for track-id
10-12 02:43:10.934 2024 2514 D CCodecConfig: no c2 equivalents for csd-1
10-12 02:43:10.934 2024 2514 D CCodecConfig: no c2 equivalents for language
10-12 02:43:10.934 1140 1174 D ConnectivityService: requestNetwork for uid/pid:10087/2024 activeRequest: null callbackRequest: 23 [NetworkRequest [ REQUEST id=24, [ Capabilities: INTERNET&NOT_RESTRICTED&TRUSTED&NOT_VCN_MANAGED Uid: 10087 RequestorUid: 10087 RequestorPkg: com.android.systemui] ]] callback flags: 1 priority: 2147483647
10-12 02:43:10.934 2024 2514 D CCodecConfig: no c2 equivalents for file-format
10-12 02:43:10.934 2024 2514 D CCodecConfig: no c2 equivalents for flags
10-12 02:43:10.934 1140 1823 D ConnectivityService: NetReassign [no changes]
10-12 02:43:10.935 2024 2514 D CCodecConfig: config failed => CORRUPTED
10-12 02:43:10.935 1140 1954 D Ethernet: got request NetworkRequest [ REQUEST id=24, [ Capabilities: INTERNET&NOT_RESTRICTED&TRUSTED&NOT_VCN_MANAGED Uid: 10087 RequestorUid: 10087 RequestorPkg: com.android.systemui] ]
10-12 02:43:10.935 1140 1954 D EthernetNetworkFactory: acceptRequest, request: NetworkRequest [ REQUEST id=24, [ Capabilities: INTERNET&NOT_RESTRICTED&TRUSTED&NOT_VCN_MANAGED Uid: 10087 RequestorUid: 10087 RequestorPkg: com.android.systemui] ]
10-12 02:43:10.935 1140 1954 I EthernetNetworkFactory: networkForRequest, request: NetworkRequest [ REQUEST id=24, [ Capabilities: INTERNET&NOT_RESTRICTED&TRUSTED&NOT_VCN_MANAGED Uid: 10087 RequestorUid: 10087 RequestorPkg: com.android.systemui] ], network: null
10-12 02:43:10.935 2024 2514 D CCodecConfig: c2 config diff is c2::u32 coded.bitrate.value = 160000
10-12 02:43:10.935 2024 2514 D CCodecConfig: c2::u32 raw.channel-count.value = 2
10-12 02:43:10.935 2024 2514 W Codec2Client: query -- param skipped: index = 1107298332.
10-12 02:43:10.935 2024 2514 D CCodec : setup formats input: AMessage(what = 0x00000000) = {
10-12 02:43:10.935 2024 2514 D CCodec : int32_t bitrate = 160000
10-12 02:43:10.935 2024 2514 D CCodec : int32_t channel-count = 2
10-12 02:43:10.935 2024 2514 D CCodec : int32_t max-input-size = 65307
10-12 02:43:10.935 2024 2514 D CCodec : string mime = "audio/vorbis"
10-12 02:43:10.935 2024 2514 D CCodec : int32_t sample-rate = 48000
10-12 02:43:10.935 2024 2514 D CCodec : }
01-01 08:01:02.085 0 0 E bt_ioctl: BT_CMD_PWR_CTRL pwr_cntrl:0
10-12 02:43:10.935 2024 2514 D CCodec : setup formats output: AMessage(what = 0x00000000) = {
10-12 02:43:10.935 2024 2514 D CCodec : int32_t channel-count = 2
10-12 02:43:10.935 2024 2514 D CCodec : string mime = "audio/raw"
10-12 02:43:10.935 2024 2514 D CCodec : int32_t sample-rate = 48000
10-12 02:43:10.935 2024 2514 D CCodec : int32_t android._config-pcm-encoding = 2
10-12 02:43:10.935 2024 2514 D CCodec : }
10-12 02:43:10.936 2024 2514 I CCodecConfig: query failed after returning 7 values (BAD_INDEX)
10-12 02:43:10.936 1140 1174 D TelephonyRegistry: listen oscl: mHasNotifySubscriptionInfoChangedOccurred==false no callback
10-12 02:43:10.936 1140 1140 W NotificationHistory: Attempted to add notif for locked/gone/disabled user 0
10-12 02:43:10.937 1140 1140 D CompanionDeviceManagerService: Received BT state transition broadcast: OFF -> BLE_TURNING_ON
10-12 02:43:10.937 1140 1140 W Looper : Drained
10-12 02:43:10.938 2024 2514 W Codec2Client: query -- param skipped: index = 1342179345.
10-12 02:43:10.938 2024 2514 W Codec2Client: query -- param skipped: index = 2415921170.
10-12 02:43:10.939 2009 2245 D BluetoothAdapterService: bleOnProcessStart()
10-12 02:43:10.939 2009 2245 D BluetoothAdapterService: setAdvanceAudioSupport
10-12 02:43:10.939 2009 2245 D BluetoothGroupService: setAdvanceAudioSupport: Setting support from LEA Module
10-12 02:43:10.939 2009 2245 D AdapterServiceConfig: initAdvAudioConfig: adv_audio_feature_mask = 0
10-12 02:43:10.940 2024 2514 D CCodecBufferChannel: [c2.android.vorbis.decoder#365] Created input block pool with allocatorID 16 => poolID 19 - OK (0)
10-12 02:43:10.940 2488 2488 D CompatibilityChangeReporter: Compat change id reported: 171979766; UID 1000; state: ENABLED
10-12 02:43:10.942 2024 2514 I CCodecBufferChannel: [c2.android.vorbis.decoder#365] Created output block pool with allocatorID 16 => poolID 25 - OK
10-12 02:43:10.943 2024 2514 D CCodecBufferChannel: [c2.android.vorbis.decoder#365] Configured output block pool ids 25 => OK
10-12 02:43:10.943 2024 2514 D CCodecBufferChannel: [c2.android.vorbis.decoder#365] start: updating output delay 0
10-12 02:43:10.943 1140 1823 D ConnectivityService: NetReassign [no changes]
10-12 02:43:10.945 2024 2514 I CCodecBufferChannel: pipelineRoom(3) is <= numClientBuffers(3). Not signalling any more buffers to client
01-01 08:01:02.091 0 0 E bt_ioctl: BT state already:0 no change done
01-01 08:01:02.099 0 0 E bt_ioctl: BT_CMD_PWR_CTRL pwr_cntrl:1
10-12 02:43:10.945 2464 2464 D nativeloader: classloader namespace configured for unbundled product apk. library_path=/product/app/DeviceStatisticsService/lib/arm64:/product/lib64:/system/product/lib64
10-12 02:43:10.947 1417 2518 D SimpleC2Component: Using output block pool with poolID 25 => got 25 - 0
10-12 02:43:10.947 2024 2514 I CCodecBufferChannel: pipelineRoom(2) is <= numClientBuffers(2). Not signalling any more buffers to client
10-12 02:43:10.948 1292 1343 D MediaBufferGroup: creating MemoryDealer
10-12 02:43:10.948 2024 2514 I CCodecBufferChannel: pipelineRoom(1) is <= numClientBuffers(1). Not signalling any more buffers to client
10-12 02:43:10.948 652 652 I mpu_uart: [SESSION-GET]:get new app session:[mcu_ota:ff:3],force:1
10-12 02:43:10.948 652 652 I mpu_uart: [SESSION:mcu_ota:ff]:Create session,sessionID:3
10-12 02:43:10.949 2432 2432 I TcServiceUartComm: [mcu_ota]RegCallback res = true3
10-12 02:43:10.953 1140 1679 I commit_sys_config_file: [log-files,2793]
10-12 02:43:10.955 2024 2024 D CompatibilityChangeReporter: Compat change id reported: 171228096; UID 10087; state: ENABLED
10-12 02:43:10.959 2009 2245 W AdapterServiceConfig: LC3 Codec is not supported. adv_audio_feature_mask = 0
10-12 02:43:10.959 2009 2245 D AdapterServiceConfig: getAudioProperties mIsA2dpSink false mIsBAEnabled false mIsSplitA2dpEnabled true
10-12 02:43:10.959 2009 2245 V AdapterServiceConfig: Adding HeadsetService
10-12 02:43:10.959 2009 2245 V AdapterServiceConfig: Adding A2dpService
10-12 02:43:10.960 2009 2245 I AdapterServiceConfig: Profile A2dpSinkService Not added
10-12 02:43:10.960 2009 2245 V AdapterServiceConfig: Adding HidHostService
10-12 02:43:10.960 2009 2245 V AdapterServiceConfig: Adding PanService
10-12 02:43:10.960 2009 2245 V AdapterServiceConfig: Adding GattService
10-12 02:43:10.960 2009 2245 V AdapterServiceConfig: Adding BluetoothMapService
10-12 02:43:10.960 2009 2245 V AdapterServiceConfig: Adding AvrcpControllerService
10-12 02:43:10.960 2009 2245 V AdapterServiceConfig: Adding SapService
10-12 02:43:10.961 2009 2245 V AdapterServiceConfig: Adding BluetoothOppService
10-12 02:43:10.961 2009 2245 V AdapterServiceConfig: Adding BluetoothPbapService
10-12 02:43:10.961 2009 2245 V AdapterServiceConfig: Feature Flag enables support for HearingAidService
10-12 02:43:10.961 2009 2245 V AdapterServiceConfig: Adding HearingAidService
10-12 02:43:10.961 2009 2245 I AdapterServiceConfig: Profile BATService Not added
10-12 02:43:10.961 2009 2245 D BluetoothAdapterService: BleOnProcessStart() - Make Bond State Machine
10-12 02:43:10.965 2024 2024 V KeyguardUpdateMonitor: *** register callback for com.android.systemui.doze.DozeLog$1@c68be48
10-12 02:43:10.965 2024 2024 V KeyguardUpdateMonitor: *** unregister callback for null
10-12 02:43:10.967 1140 1862 D CompatibilityChangeReporter: Compat change id reported: 168419799; UID 1002; state: DISABLED
10-12 02:43:10.967 1140 1862 D CompatibilityInfo: mCompatibilityFlags - 4
10-12 02:43:10.967 1140 1862 D CompatibilityInfo: applicationDensity - 240
10-12 02:43:10.968 1140 1862 D CompatibilityInfo: applicationScale - 1.0
10-12 02:43:10.969 2464 2464 I Perf : Connecting to perf service.
10-12 02:43:10.970 2009 2009 D BtGatt.GattService: classInitNative called
10-12 02:43:10.970 2009 2009 I BtGatt.JNI: classInitNative(L1125): classInitNative: Success!
10-12 02:43:10.971 2009 2009 D BtGatt.DebugUtils: handleDebugAction() action=null
10-12 02:43:10.971 2009 2009 D GattService: Received start request. Starting profile...
10-12 02:43:10.973 2009 2009 D BtGatt.GattService: start()
10-12 02:43:10.973 2009 2009 I bt_btif : get_profile_interface: id = gatt
10-12 02:43:10.974 1140 1679 I commit_sys_config_file: [log-files,2814]
10-12 02:43:10.975 2464 2464 W ContextImpl: Failed to ensure /data/user/0/com.qualcomm.qti.devicestatisticsservice/cache: mkdir failed: errno 126 (Required key not available)
10-12 02:43:10.975 2464 2464 W ContextImpl: Failed to update user.inode_cache: stat failed: ENOENT (No such file or directory)
10-12 02:43:10.976 2009 2009 D BtGatt.AdvertiseManager: advertise manager created
10-12 02:43:10.977 2024 2024 V KeyguardUpdateMonitor: *** register callback for com.android.systemui.statusbar.phone.BiometricUnlockController@f527263
10-12 02:43:10.977 2024 2024 V KeyguardUpdateMonitor: *** unregister callback for null
10-12 02:43:10.979 2009 2009 D CompatibilityChangeReporter: Compat change id reported: 160794467; UID 1002; state: ENABLED
10-12 02:43:10.979 2464 2464 V GraphicsEnvironment: ANGLE Developer option for 'com.qualcomm.qti.devicestatisticsservice' set to: 'default'
10-12 02:43:10.982 2464 2464 V GraphicsEnvironment: ANGLE GameManagerService for com.qualcomm.qti.devicestatisticsservice: false
10-12 02:43:10.986 2009 2009 D BtGatt.SyncManager: advertise manager created
10-12 02:43:10.988 2464 2464 D NetworkSecurityConfig: No Network Security Config specified, using platform default
10-12 02:43:10.988 2464 2464 D NetworkSecurityConfig: No Network Security Config specified, using platform default
10-12 02:43:10.990 2009 2009 I ScanResultHandler: ScanResultHandler
10-12 02:43:10.990 1140 1679 E NativeTombstoneManager: Tombstone's UID (1047) not an app, ignoring
10-12 02:43:10.990 2009 2009 D BtGatt.GattService: setGattService(): set to: com.android.bluetooth.gatt.GattService@cba70fd
10-12 02:43:10.990 2009 2009 D GattService: profile started successfully
10-12 02:43:10.991 503 503 I hwservicemanager: Since vendor.qti.hardware.iop@2.0::IIop/default is not registered, trying to start it as a lazy HAL.
10-12 02:43:10.991 1140 1679 I DropBoxManagerService: add tag=SYSTEM_TOMBSTONE_PROTO isTagEnabled=true flags=0x4
10-12 02:43:10.992 1320 2435 E ANDR-IOP: IIop:: Iop HAL Service is not available.
10-12 02:43:10.994 2009 2009 W BluetoothAdapterService: onProfileServiceStateChange() - Gatt profile service started..
10-12 02:43:10.994 2009 2009 I bt_btif : QTI OMR1 stack: enable
10-12 02:43:10.994 2009 2255 E bt_vnd_log: init_vnd_Logger, Logger Not enabled from config file
10-12 02:43:10.994 2009 2255 I bt_stack_manager: event_start_up_stack is bringing up the stack
10-12 02:43:10.994 2009 2255 I bt_core_module: module_start_up Starting module "btif_config_module"
10-12 02:43:10.994 2009 2255 I bt_core_module: module_start_up Started module "btif_config_module"
10-12 02:43:10.994 2024 2024 D NavigationModeController: getCurrentInteractionMode: mode=2 contextUser=0
10-12 02:43:10.994 2009 2255 W droid.bluetoot: [1012/024310.994858:WARNING:stack_interface.cc(101)] btif_stack_state OnStackState 0x02
10-12 02:43:10.994 2024 2024 D NavigationModeController: getCurrentInteractionMode: mode=2 contextUser=0
10-12 02:43:10.995 2009 2255 I bt_core_module: module_start_up Starting module "btif_bap_config_module"
10-12 02:43:10.995 2009 2255 I bt_core_module: module_start_up Started module "btif_bap_config_module"
10-12 02:43:10.995 2009 2255 I bt_core_module: module_start_up Starting module "device_iot_config_module"
10-12 02:43:10.995 2009 2255 I bt_core_module: module_start_up Started module "device_iot_config_module"
10-12 02:43:10.995 2009 2255 I bt_core_module: module_start_up Starting module "btsnoop_module"
10-12 02:43:10.995 2009 2255 I droid.bluetoot: [1012/024310.995237:INFO:btsnoop.cc(410)] start_up: Filtered Snoop Logs enabled
10-12 02:43:10.995 2009 2255 I droid.bluetoot: [1012/024310.995285:INFO:btsnoop.cc(895)] delete_btsnoop_files: Deleting snoop logs if they exist. filtered = 0
10-12 02:43:10.997 2024 2024 V KeyguardUpdateMonitor: *** register callback for com.android.systemui.accessibility.floatingmenu.AccessibilityFloatingMenuController$1@2e868b6
10-12 02:43:10.997 2024 2024 V KeyguardUpdateMonitor: *** unregister callback for null
10-12 02:43:10.998 503 2528 W libc : Unable to set property "ctl.interface_start" to "vendor.qti.hardware.iop@2.0::IIop/default": error code: 0x20
10-12 02:43:10.998 503 2528 I hwservicemanager: Tried to start vendor.qti.hardware.iop@2.0::IIop/default as a lazy service, but was unable to. Usually this happens when a service is not installed, but if the service is intended to be used as a lazy service, then it may be configured incorrectly.
10-12 02:43:11.004 2024 2024 D NavigationModeController: getCurrentInteractionMode: mode=2 contextUser=0
10-12 02:43:11.004 677 677 D Zygote : Forked child process 2529
01-01 08:01:02.108 0 0 I [kworke][0x4676386c][02:43:11.060852] wlan: [276:I:DP] Peer pool init
10-12 02:43:11.006 1140 1246 W ActivityManager: Slow operation: 1299ms so far, now at startProcess: returned from zygote!
10-12 02:43:11.007 1140 1246 W ActivityManager: Slow operation: 1300ms so far, now at startProcess: done updating battery stats
10-12 02:43:11.007 1140 1246 I am_proc_start: [0,2529,1000,com.android.settings,top-activity,{com.android.settings/com.android.settings.FallbackHome}]
10-12 02:43:11.007 1140 1246 W ActivityManager: Slow operation: 1300ms so far, now at startProcess: building log message
10-12 02:43:11.007 1140 1246 I ActivityManager: Start proc 2529:com.android.settings/1000 for top-activity {com.android.settings/com.android.settings.FallbackHome}
10-12 02:43:11.007 1140 1246 W ActivityManager: Slow operation: 1300ms so far, now at startProcess: starting to update pids map
10-12 02:43:11.008 1140 1246 W ActivityManager: Slow operation: 1301ms so far, now at startProcess: done updating pids map
10-12 02:43:11.008 1140 1246 W ActivityManager: Slow operation: 1238ms so far, now at startProcess: asking zygote to start proc
10-12 02:43:11.008 1140 1246 D CompatibilityChangeReporter: Compat change id reported: 143937733; UID 10101; state: ENABLED
10-12 02:43:11.009 1140 1679 I commit_sys_config_file: [log-files,2850]
10-12 02:43:11.010 2024 2514 D CCodecBufferChannel: [c2.android.vorbis.decoder#365] MediaCodec discarded an unknown buffer
10-12 02:43:11.010 2024 2514 D CCodecBufferChannel: [c2.android.vorbis.decoder#365] MediaCodec discarded an unknown buffer
10-12 02:43:11.012 2009 2255 D bt_snoop: start_up: vendor_logging_level values is 65535
10-12 02:43:11.012 2009 2255 I bt_core_module: module_start_up Started module "btsnoop_module"
10-12 02:43:11.012 2009 2255 I bt_core_module: module_start_up Starting module "hci_module"
10-12 02:43:11.012 2009 2255 I bt_hci : hci_module_start_up
10-12 02:43:11.015 2009 2533 I bt_osi_thread: run_thread: thread id 2533, thread name hci_thread started
10-12 02:43:11.016 2488 2488 W alcomm.qti.qdm: ClassLoaderContext shared library size mismatch. Expected=0, found=1 (PCL[] | PCL[]{PCL[/system/framework/org.apache.http.legacy.jar*2058259660]})
10-12 02:43:11.016 2009 2255 D bt_osi_wakelock: wakelock_initialize_native opening wake locks
10-12 02:43:11.017 2024 2514 I hw-BpHwBinder: onLastStrongRef automatically unlinking death recipients
10-12 02:43:11.017 1417 2519 I hw-BpHwBinder: onLastStrongRef automatically unlinking death recipients
10-12 02:43:11.018 1417 2519 V C2Store : in ~ComponentModule
10-12 02:43:11.018 1417 2519 V C2Store : unloading dll
10-12 02:43:11.021 1140 1679 I commit_sys_config_file: [log-files,2861]
10-12 02:43:11.022 2024 2024 I TetheringManager: registerTetheringEventCallback:com.android.systemui
01-01 08:01:02.109 0 0 I bt_power vendor: bt_qca6390: Linked as a consumer to regulator.9
01-01 08:01:02.109 0 0 W [kworke][0x4676446a][02:43:11.061012] wlan: [276:W:DP] dp_rx_pdev_mon_attach: pdev attach id=0
01-01 08:01:02.109 0 0 E bt_vreg_enable: vreg_en successful for : qca,bt-vdd-aon
01-01 08:01:02.113 0 0 W logd : Skipping entries from slow reader, pid 1248, fd 14, from LogBuffer::Prune()
01-01 08:01:02.116 0 0 W logd : Skipping entries from slow reader, pid 1248, fd 14, from LogBuffer::Prune()
01-01 08:01:02.117 0 0 I bt_power vendor: bt_qca6390: Linked as a consumer to regulator.51
01-01 08:01:02.117 0 0 E bt_vreg_enable: vreg_en successful for : qca,bt-vdd-dig
01-01 08:01:02.123 0 0 D : mv2112_read_status
01-01 08:01:02.124 0 0 D mv2112_update_link: 3.0x901(1G): 0x80
01-01 08:01:02.124 0 0 D mv2112_update_link: 3.0x8109(100M): 0x0
01-01 08:01:02.124 0 0 D mv2112_update_link: link 0x0
01-01 08:01:02.124 0 0 D mv2112_read_status: autoneg is disabled
01-01 08:01:02.124 0 0 I bt_power vendor: bt_qca6390: Linked as a consumer to regulator.8
01-01 08:01:02.124 0 0 E bt_vreg_enable: vreg_en successful for : qca,bt-vdd-rfa1
01-01 08:01:02.133 0 0 I bt_power vendor: bt_qca6390: Linked as a consumer to regulator.36
01-01 08:01:02.133 0 0 E bt_vreg_enable: vreg_en successful for : qca,bt-vdd-rfa2
01-01 08:01:02.137 0 0 D cnss : Assign MSI to user: DP, num_vectors: 18, user_base_data: 814, base_vector: 14
01-01 08:01:02.140 0 0 D cnss : Get IRQ number 365 for vector index 14
01-01 08:01:02.140 0 0 D cnss : Assign MSI to user: DP, num_vectors: 18, user_base_data: 814, base_vector: 14
01-01 08:01:02.140 0 0 D cnss : Get IRQ number 366 for vector index 15
01-01 08:01:02.140 0 0 D cnss : Assign MSI to user: DP, num_vectors: 18, user_base_data: 814, base_vector: 14
01-01 08:01:02.140 0 0 D cnss : Get IRQ number 367 for vector index 16
01-01 08:01:02.140 0 0 D cnss : Assign MSI to user: DP, num_vectors: 18, user_base_data: 814, base_vector: 14
01-01 08:01:02.140 0 0 D cnss : Get IRQ number 368 for vector index 17
01-01 08:01:02.140 0 0 D cnss : Assign MSI to user: DP, num_vectors: 18, user_base_data: 814, base_vector: 14
01-01 08:01:02.140 0 0 D cnss : Assign MSI to user: DP, num_vectors: 18, user_base_data: 814, base_vector: 14
01-01 08:01:02.140 0 0 D cnss : Get IRQ number 370 for vector index 19
01-01 08:01:02.140 0 0 D cnss : Assign MSI to user: DP, num_vectors: 18, user_base_data: 814, base_vector: 14
01-01 08:01:02.140 0 0 D cnss : Get IRQ number 371 for vector index 20
01-01 08:01:02.141 0 0 I bt_power vendor: bt_qca6390: Linked as a consumer to regulator.27
01-01 08:01:02.143 0 0 E bt_vreg_enable: vreg_en successful for : qca,bt-vdd-asd
01-01 08:01:02.151 0 0 E [kworke][0x4682aa47][02:43:11.103331] wlan: [276:E:HIF] hif_pci_ce_irq_set_affinity_hint: 3708: Unable to set cpu mask for offline CPU 0
01-01 08:01:02.165 0 0 I binder : 2529:2529 ioctl 40046210 7fe476a004 returned -22
01-01 08:01:02.170 0 0 I binder : 2540:2540 ioctl 40046210 7fe476a004 returned -22
01-01 08:01:02.172 0 0 I [kworke][0x4688eb58][02:43:11.124678] wlan: [292:I:WMA] wma_rx_service_ready_event: Firmware build version : 101a0521
01-01 08:01:02.172 0 0 I [kworke][0x4688ec9d][02:43:11.124695] wlan: [292:I:WMA] wma_rx_service_ready_event: Board id: 0, Board version: 8 0 0 0 6
01-01 08:01:02.174 0 0 I [kworke][0x46895240][02:43:11.126050] wlan: [292:I:WMA] wma_is_dbs_mandatory: 5417: MAC0 does not support both bands 2 DBS is mandatory
01-01 08:01:02.174 0 0 E [kworke][0x4689575b][02:43:11.126118] wlan: [292:E:QDF] copy_fw_abi_version_tlv: 6979: copy_fw_abi_version_tlv: INIT_CMD version: 1, 0, 0x5f414351, 0x4c4d, 0x0, 0x0
01-01 08:01:02.193 0 0 I binder : 2488:2488 ioctl 40046210 7fe4767fe4 returned -22
01-01 08:01:02.204 0 0 I bt_configure_gpios: BTON:Turn Bt Off bt-reset-gpio(1121) value(0)
01-01 08:01:02.204 0 0 I bt_configure_gpios: BTON:Turn Bt Off
01-01 08:01:02.204 0 0 I bt_configure_gpios: bt-sw-ctrl-gpio(1224) value(1)
01-01 08:01:02.204 0 0 I bt_enable_bt_reset_gpios_safely: bt_enable_bt_reset_gpios_safely: BTON:Turn Bt On
01-01 08:01:02.204 0 0 I bt_enable_bt_reset_gpios_safely: bt_enable_bt_reset_gpios_safely: wl-reset-gpio(1120) value(1)
01-01 08:01:02.204 0 0 I bt_enable_bt_reset_gpios_safely: bt_enable_bt_reset_gpios_safely: BTON: Asserting BT_EN
10-12 02:43:11.023 2024 2024 I TetheringManager: registerTetheringEventCallback caller:com.android.systemui
10-12 02:43:11.024 652 662 I mpu_uart: [MSG-P:RECV]:No message received in 1000 ms
10-12 02:43:11.025 2009 2533 I bt_hci : hci_initialize
10-12 02:43:11.027 2009 2533 I bt_hci : hci_initialize: IBluetoothHci::getService() returned 0xb4000076d28fb230 (remote)
10-12 02:43:11.028 825 825 W vendor.qti.bluetooth@1.0-bluetooth_hci: BluetoothHci::initialize()
10-12 02:43:11.028 825 825 W vendor.qti.bluetooth@1.0-data_handler: DataHandler:: Init()
10-12 02:43:11.031 2009 2255 D bt_hci : hci_module_start_up starting async portion
10-12 02:43:11.032 825 825 W vendor.qti.bluetooth@1.0-data_handler: SOC property set to hastings
10-12 02:43:11.032 825 825 I vendor.qti.bluetooth@1.0-data_handler: data_service_setup_sighandler: Entry
10-12 02:43:11.032 825 825 D vendor.qti.bluetooth@1.0-data_handler: isProtocolAdded:
10-12 02:43:11.032 825 825 I vendor.qti.bluetooth@1.0-data_handler: isProtocolAdded: status:0
10-12 02:43:11.032 825 825 I vendor.qti.bluetooth@1.0-data_handler: Open init_status 0
10-12 02:43:11.032 825 825 I vendor.qti.bluetooth@1.0-data_handler: Open: soc_need_reload_patch = 1
10-12 02:43:11.033 825 825 D vendor.qti.bluetooth@1.0-wake_lock: Init wakelock is initiated
10-12 02:43:11.033 825 825 I vendor.qti.bluetooth@1.0-bluetooth_hci: initialize: linking to deathRecipient
10-12 02:43:11.034 825 2536 D vendor.qti.bluetooth@1.0-data_handler: IsXMEMEnabled : XMEM property value = 0
10-12 02:43:11.034 825 2536 D vendor.qti.bluetooth@1.0-data_handler: StartInitTimer: Init timer started
10-12 02:43:11.035 825 2536 D vendor.qti.bluetooth@1.0-uart_controller: StartRecoveryStuckTimer
10-12 02:43:11.036 825 2536 D vendor.qti.bluetooth@1.0-uart_controller: StartRecoveryStuckTimer:Stuck recovery timer started
10-12 02:43:11.036 825 2536 D vendor.qti.bluetooth@1.0-uart_controller: StartRecoveryStuckTimer: Stuck recovery timer started
10-12 02:43:11.036 825 2536 I vendor.qti.bluetooth@1.0-uart_controller: soc need reload patch = 1
10-12 02:43:11.036 825 2536 D vendor.qti.bluetooth@1.0-power_manager: SetPower: enable: 0
10-12 02:43:11.036 825 2536 E vendor.qti.bluetooth@1.0-power_manager:
10-12 02:43:11.036 825 2536 E vendor.qti.bluetooth@1.0-power_manager: PowerUpChip enable(0) retentionMode(0)
10-12 02:43:11.044 2488 2488 I Perf : Connecting to perf service.
10-12 02:43:11.045 1140 1679 E NativeTombstoneManager: Tombstone's UID (1047) not an app, ignoring
10-12 02:43:11.046 1140 1679 I DropBoxManagerService: add tag=SYSTEM_TOMBSTONE_PROTO isTagEnabled=true flags=0x4
10-12 02:43:11.048 2488 2488 V GraphicsEnvironment: ANGLE Developer option for 'com.qualcomm.qti.qdma' set to: 'default'
10-12 02:43:11.049 2488 2488 V GraphicsEnvironment: ANGLE GameManagerService for com.qualcomm.qti.qdma: false
10-12 02:43:11.050 825 2536 D vendor.qti.bluetooth@1.0-power_manager: SetPower: enable: 1
10-12 02:43:11.050 825 2536 E vendor.qti.bluetooth@1.0-power_manager:
10-12 02:43:11.050 825 2536 E vendor.qti.bluetooth@1.0-power_manager: PowerUpChip enable(1) retentionMode(0)
10-12 02:43:11.056 2488 2488 D NetworkSecurityConfig: Using Network Security Config from resource network_security_config debugBuild: false
10-12 02:43:11.056 677 677 D Zygote : Forked child process 2540
10-12 02:43:11.057 1140 1246 W ActivityManager: Slow operation: 1287ms so far, now at startProcess: returned from zygote!
10-12 02:43:11.057 2488 2488 D NetworkSecurityConfig: Using Network Security Config from resource network_security_config debugBuild: false
10-12 02:43:11.057 1140 1246 W ActivityManager: Slow operation: 1288ms so far, now at startProcess: done updating battery stats
10-12 02:43:11.057 1140 1246 I am_proc_start: [0,2540,10101,android.ext.services,service,{android.ext.services/android.ext.services.autofill.InlineSuggestionRenderServiceImpl}]
10-12 02:43:11.057 1140 1246 W ActivityManager: Slow operation: 1288ms so far, now at startProcess: building log message
10-12 02:43:11.057 1140 1246 I ActivityManager: Start proc 2540:android.ext.services/u0a101 for service {android.ext.services/android.ext.services.autofill.InlineSuggestionRenderServiceImpl}
10-12 02:43:11.057 1140 1246 W ActivityManager: Slow operation: 1288ms so far, now at startProcess: starting to update pids map
10-12 02:43:11.058 1140 1246 W ActivityManager: Slow operation: 1288ms so far, now at startProcess: done updating pids map
10-12 02:43:11.058 1140 1246 W ActivityManager: Slow operation: 492ms so far, now at startProcess: asking zygote to start proc
10-12 02:43:11.058 1140 1246 D CompatibilityChangeReporter: Compat change id reported: 143937733; UID 10083; state: ENABLED
10-12 02:43:11.066 2488 2488 D QCC:LogUtils: init
10-12 02:43:11.066 2488 2488 D QCC:LogUtils: readLogLevelFromConf qdma_conf_path : /data/misc/qdma/conf/debug.conf
10-12 02:43:11.066 2488 2488 D QCC:LogUtils: readLogLevelFromConf qdma_debug_conf_path not exist, default set as default : 3
10-12 02:43:11.066 2488 2488 D QCC:LogUtils: readLogLevelFromConf consoleLogLevel : 4
10-12 02:43:11.066 2488 2488 I QCC:getConfiguredLogLevel: ret : 3
10-12 02:43:11.066 2488 2488 D QCC:Log : initLog - level : 3
10-12 02:43:11.067 2488 2488 D Volley : [2] ApplicationManager.onCreate: Changing log tag to QCC:Volley
10-12 02:43:11.067 2488 2488 I QCC:OptInOutObserver: QDRDBObserver construct for handle
10-12 02:43:11.067 2024 2024 V KeyguardUpdateMonitor: *** register callback for com.android.systemui.statusbar.KeyguardIndicationController$BaseKeyguardCallback@3ba6b66
10-12 02:43:11.067 2488 2488 I QCC:OptInOutObserver: OptInOutObserver construct for context
10-12 02:43:11.068 2488 2488 I QCC:OptInOutObserver: onRegisterDBObserver
10-12 02:43:11.067 2024 2024 V KeyguardUpdateMonitor: *** unregister callback for null
10-12 02:43:11.069 2024 2024 V KeyguardUpdateMonitor: *** register callback for com.android.systemui.statusbar.KeyguardIndicationController$4@971d7f2
10-12 02:43:11.069 2024 2024 V KeyguardUpdateMonitor: *** unregister callback for null
10-12 02:43:11.069 2488 2488 I QCC:ApplicationManager: ********** QDMA Application Started ***********
10-12 02:43:11.071 2024 2024 D StatusBar: disable disable2
10-12 02:43:11.071 1140 1173 I StatusBarManagerService: registerStatusBar bar=com.android.internal.statusbar.IStatusBar$Stub$Proxy@c6c651f
10-12 02:43:11.072 1140 1140 E Binder : Outgoing transactions from this process must be FLAG_ONEWAY
10-12 02:43:11.072 1140 1140 E Binder : java.lang.Throwable
10-12 02:43:11.072 1140 1140 E Binder : at android.os.BinderProxy.transact(BinderProxy.java:528)
10-12 02:43:11.072 1140 1140 E Binder : at com.android.internal.statusbar.IStatusBar$Stub$Proxy.setUdfpsHbmListener(IStatusBar.java:2371)
10-12 02:43:11.072 1140 1140 E Binder : at com.android.server.statusbar.StatusBarManagerService.setUdfpsHbmListener(StatusBarManagerService.java:851)
10-12 02:43:11.072 1140 1140 E Binder : at com.android.server.statusbar.StatusBarManagerService.lambda$notifyBarAttachChanged$3$StatusBarManagerService(StatusBarManagerService.java:1266)
10-12 02:43:11.072 1140 1140 E Binder : at com.android.server.statusbar.StatusBarManagerService$$ExternalSyntheticLambda1.run(Unknown Source:2)
10-12 02:43:11.072 1140 1140 E Binder : at android.os.Handler.handleCallback(Handler.java:938)
10-12 02:43:11.072 1140 1140 E Binder : at android.os.Handler.dispatchMessage(Handler.java:99)
10-12 02:43:11.072 1140 1140 E Binder : at android.os.Looper.loopOnce(Looper.java:201)
10-12 02:43:11.072 1140 1140 E Binder : at android.os.Looper.loop(Looper.java:288)
10-12 02:43:11.072 1140 1140 E Binder : at com.android.server.SystemServer.run(SystemServer.java:908)
10-12 02:43:11.072 1140 1140 E Binder : at com.android.server.SystemServer.main(SystemServer.java:615)
10-12 02:43:11.072 1140 1140 E Binder : at java.lang.reflect.Method.invoke(Native Method)
10-12 02:43:11.072 1140 1140 E Binder : at com.android.internal.os.RuntimeInit$MethodAndArgsCaller.run(RuntimeInit.java:548)
10-12 02:43:11.072 1140 1140 E Binder : at com.android.internal.os.ZygoteInit.main(ZygoteInit.java:987)
10-12 02:43:11.072 2488 2541 V Logger : Log directory path : /data/user_de/0/com.qualcomm.qti.qdma/files
10-12 02:43:11.072 2488 2541 V Logger : Log file path : /data/user_de/0/com.qualcomm.qti.qdma/files/app_log.txt
10-12 02:43:11.073 1140 1245 I am_wtf : [0,1140,system_server,-1,Binder,Outgoing transactions from this process must be FLAG_ONEWAY]
10-12 02:43:11.075 1140 1245 I DropBoxManagerService: add tag=system_server_wtf isTagEnabled=true flags=0x2
10-12 02:43:11.073 2488 2541 V Logger : Backup Log file path : /data/user_de/0/com.qualcomm.qti.qdma/files/app_log.bak
10-12 02:43:11.092 2024 2024 I CameraManagerGlobal: Connecting to camera service
10-12 02:43:11.095 1140 1679 I commit_sys_config_file: [log-files,2935]
10-12 02:43:11.101 2488 2488 I QCC:DMENativeInterface: New dme code version 6 name version QCC12.0-20220126-7d3e1ae
10-12 02:43:11.102 2488 2488 I QCC:DMENativeInterface: Old dme code version 6 name version QCC12.0-20220126-7d3e1ae
10-12 02:43:11.102 2488 2488 I QCC:DMENativeInterface: ***** Verify DME tree integrity *****
10-12 02:43:11.104 1140 1679 I commit_sys_config_file: [log-files,2945]
10-12 02:43:11.105 2488 2488 I QCC:DMENativeInterface: File list from Assets : [QdmaCampaign.dfp, QdmaCampaign.tre, QdmaFile.dfp, QdmaFile.tre, QdmaReg.dfp, QdmaReg.tre, fumo.dfp, fumo.tre, mgmtree.dfp, mgmtree.tre]
10-12 02:43:11.105 2488 2488 I QCC:DMENativeInterface: File list from Application Tree directory : [QdmaCampaign.dfp, QdmaCampaign.tre, QdmaFile.dfp, QdmaFile.tre, QdmaReg.dfp, QdmaReg.tre, fumo.dfp, fumo.tre, mgmtree.dfp, mgmtree.tre, dme_log.txt]
10-12 02:43:11.105 2488 2488 I QCC:DMENativeInterface: Assets Path : dme. Application Tree path : /data/user_de/0/com.qualcomm.qti.qdma/app_dme
10-12 02:43:11.107 1140 1679 E NativeTombstoneManager: Tombstone's UID (1047) not an app, ignoring
10-12 02:43:11.108 1140 1679 I DropBoxManagerService: add tag=SYSTEM_TOMBSTONE_PROTO isTagEnabled=true flags=0x4
10-12 02:43:11.109 2024 2024 E ThemeUtils: View class com.airbnb.lottie.LottieAnimationView is an AppCompat widget that can only be used with a Theme.AppCompat theme (or descendant).
10-12 02:43:11.113 1539 1577 I adbd : jdwp connection from 2540
10-12 02:43:11.117 1539 1577 I adbd : jdwp connection from 2529
10-12 02:43:11.117 2529 2529 D ProcessState: Binder ioctl to enable oneway spam detection failed: Invalid argument
10-12 02:43:11.123 1140 1173 I am_proc_bound: [0,2529,com.android.settings]
10-12 02:43:11.122 2540 2540 D ProcessState: Binder ioctl to enable oneway spam detection failed: Invalid argument
01-01 08:01:02.260 0 0 I bt_configure_gpios: BTON:Turn Bt On bt-reset-gpio(1121) value(1)
10-12 02:43:11.125 1140 1173 D CompatibilityChangeReporter: Compat change id reported: 168419799; UID 1000; state: DISABLED
10-12 02:43:11.125 1140 1173 D CompatibilityInfo: mCompatibilityFlags - 4
10-12 02:43:11.125 1140 1173 D CompatibilityInfo: applicationDensity - 240
10-12 02:43:11.125 1140 1173 D CompatibilityInfo: applicationScale - 1.0
10-12 02:43:11.127 1140 1679 I commit_sys_config_file: [log-files,2967]
10-12 02:43:11.132 2024 2024 D CompatibilityChangeReporter: Compat change id reported: 170233598; UID 10087; state: DISABLED
10-12 02:43:11.133 1140 1173 I wm_restart_activity: [0,122705352,2,com.android.settings/.FallbackHome]
10-12 02:43:11.133 1140 1173 D CompatibilityInfo: mCompatibilityFlags - 4
10-12 02:43:11.133 1140 1173 D CompatibilityInfo: applicationDensity - 240
10-12 02:43:11.133 1140 1173 D CompatibilityInfo: applicationScale - 1.0
10-12 02:43:11.135 1140 1173 I wm_set_resumed_activity: [0,com.android.settings/.FallbackHome,minimalResumeActivityLocked]
10-12 02:43:11.145 2488 2488 D hw-ProcessState: Binder ioctl to enable oneway spam detection failed: Invalid argument
10-12 02:43:11.146 1140 1679 I commit_sys_config_file: [log-files,2987]
10-12 02:43:11.148 2529 2529 D CompatibilityChangeReporter: Compat change id reported: 171979766; UID 1000; state: ENABLED
10-12 02:43:11.149 1140 1679 E NativeTombstoneManager: Tombstone's UID (1047) not an app, ignoring
10-12 02:43:11.150 1140 1679 I DropBoxManagerService: add tag=SYSTEM_TOMBSTONE_PROTO isTagEnabled=true flags=0x4
10-12 02:43:11.153 503 503 I hwservicemanager: Since vendor.qti.hardware.iop@2.0::IIop/default is not registered, trying to start it as a lazy HAL.
10-12 02:43:11.155 1140 2014 E ANDR-PERF-JNI: UXEngine Trigger - Returning null
10-12 02:43:11.156 2488 2488 I QCC:OmaDMNative: qcc_hidl_update_vendor_dropbox(), path=/data/misc/qdma/down isEnabled=1
10-12 02:43:11.157 970 970 D QCC:qccvndhal: /data/vendor/qdma/down is already exist
10-12 02:43:11.157 2488 2488 I QCC:OmaDMNative: qcc_hidl_update_vendor_dropbox() res=0
10-12 02:43:11.160 2488 2488 I QCC:DMENativeInterface: === initEngineNative ===
10-12 02:43:11.162 1140 1173 I am_proc_bound: [0,2540,android.ext.services]
10-12 02:43:11.163 2488 2488 I QCC:DMENativeInterface: DME Working directory: /data/user_de/0/com.qualcomm.qti.qdma/app_dme
10-12 02:43:11.163 1140 1173 D CompatibilityChangeReporter: Compat change id reported: 168419799; UID 10101; state: DISABLED
10-12 02:43:11.163 1140 1173 D CompatibilityInfo: mCompatibilityFlags - 4
10-12 02:43:11.163 1140 1173 D CompatibilityInfo: applicationDensity - 240
10-12 02:43:11.163 1140 1173 D CompatibilityInfo: applicationScale - 1.0
10-12 02:43:11.163 2488 2488 I QCC:OmaDMNative: DME Framework initializing...
10-12 02:43:11.163 2488 2488 I QCC:OmaDMNative: Working directory: /data/user_de/0/com.qualcomm.qti.qdma/app_dme
10-12 02:43:11.163 2488 2488 I QCC:OmaDMNative: Default MTree: mgmtree
10-12 02:43:11.163 2488 2488 I QCC:OmaDMNative: Recovery Storage: dme_main.bak
01-01 08:01:02.260 0 0 I bt_configure_gpios: BTON:Turn Bt On
01-01 08:01:02.260 0 0 I bt_configure_gpios: bt-sw-ctrl-gpio(1224) value(1)
01-01 08:01:02.260 0 0 I bt_configure_gpios: bt_gpio= 1121 on: 1 is successful
10-12 02:43:11.164 2488 2488 D QCC:OmaDMNative: ipth_HALLogInit
10-12 02:43:11.164 2488 2488 W QCC:OmaDMNative: /data/misc/qdma/conf/debug.conf is not exist, set from ddf level by default
10-12 02:43:11.164 2488 2488 D QCC:OmaDMNative: loglevel is set from conf : ddfLevel
10-12 02:43:11.164 1140 1173 I am_uid_active: 10101
10-12 02:43:11.165 1140 1173 D CompatibilityInfo: mCompatibilityFlags - 4
10-12 02:43:11.165 1140 1173 D CompatibilityInfo: applicationDensity - 240
10-12 02:43:11.165 1140 1173 D CompatibilityInfo: applicationScale - 1.0
10-12 02:43:11.165 1140 1173 D CompatibilityInfo: mCompatibilityFlags - 4
10-12 02:43:11.166 1140 1173 D CompatibilityInfo: applicationDensity - 240
10-12 02:43:11.166 1140 1173 D CompatibilityInfo: applicationScale - 1.0
10-12 02:43:11.166 1140 1173 D CompatibilityInfo: mCompatibilityFlags - 4
10-12 02:43:11.166 1140 1173 D CompatibilityInfo: applicationDensity - 240
10-12 02:43:11.166 1140 1173 D CompatibilityInfo: applicationScale - 1.0
10-12 02:43:11.168 2540 2540 D CompatibilityChangeReporter: Compat change id reported: 171979766; UID 10101; state: DISABLED
