10-12 02:43:07.666 1140 1140 D SystemServerTiming: StartBootPhaseLockSettingsReady took to complete: 35ms
10-12 02:43:07.666 1140 1140 I SystemServerTiming: StartBootPhaseSystemServicesReady
10-12 02:43:07.666 1140 1140 I SystemServiceManager: Starting phase 500
10-12 02:43:07.666 1140 1140 I SystemServerTiming: OnBootPhase_500
10-12 02:43:07.666 1140 1140 I SystemServerTiming: OnBootPhase_500_com.android.server.security.FileIntegrityService
10-12 02:43:07.666 1140 1140 D SystemServerTiming: OnBootPhase_500_com.android.server.security.FileIntegrityService took to complete: 0ms
10-12 02:43:07.666 1140 1140 I SystemServerTiming: OnBootPhase_500_com.android.server.pm.Installer
10-12 02:43:07.666 1140 1140 D SystemServerTiming: OnBootPhase_500_com.android.server.pm.Installer took to complete: 0ms
10-12 02:43:07.666 1140 1140 I SystemServerTiming: OnBootPhase_500_com.android.server.os.DeviceIdentifiersPolicyService
10-12 02:43:07.666 1140 1140 D SystemServerTiming: OnBootPhase_500_com.android.server.os.DeviceIdentifiersPolicyService took to complete: 0ms
10-12 02:43:07.666 1140 1140 I SystemServerTiming: OnBootPhase_500_com.android.server.uri.UriGrantsManagerService$Lifecycle
10-12 02:43:07.666 1140 1140 D SystemServerTiming: OnBootPhase_500_com.android.server.uri.UriGrantsManagerService$Lifecycle took to complete: 0ms
10-12 02:43:07.666 1140 1140 I SystemServerTiming: OnBootPhase_500_com.android.server.powerstats.PowerStatsService
10-12 02:43:07.667 1140 1140 E StatsPullAtomCallbackImpl: Failed to start PowerStatsService statsd pullers
10-12 02:43:07.667 1140 1140 D SystemServerTiming: OnBootPhase_500_com.android.server.powerstats.PowerStatsService took to complete: 0ms
10-12 02:43:07.667 1140 1140 I SystemServerTiming: OnBootPhase_500_com.android.server.wm.ActivityTaskManagerService$Lifecycle
10-12 02:43:07.667 1140 1140 D SystemServerTiming: OnBootPhase_500_com.android.server.wm.ActivityTaskManagerService$Lifecycle took to complete: 0ms
10-12 02:43:07.667 1140 1140 I SystemServerTiming: OnBootPhase_500_com.android.server.am.ActivityManagerService$Lifecycle
10-12 02:43:07.670 1140 1140 D ConnectivityService: requestNetwork for uid/pid:1000/1140 activeRequest: null callbackRequest: 6 [NetworkRequest [ REQUEST id=7, [ Capabilities: INTERNET&NOT_RESTRICTED&TRUSTED&NOT_VCN_MANAGED Uid: 1000 RequestorUid: 1000 RequestorPkg: android] ]] callback flags: 0 priority: 2147483647
10-12 02:43:07.671 1140 1140 E BatteryStatsService: Could not register PowerStatsInternal
10-12 02:43:07.672 1140 1823 D ConnectivityService: NetReassign [no changes]
01-01 08:00:58.710 0 0 E : INFO: trying to register non-static key.
01-01 08:00:58.714 0 0 I msm_vidc: high: 00000001: ....d: Opening video instance: fffffff919b08000, 1
01-01 08:00:58.715 0 0 E : the code is fine but needs lockdep annotation.
01-01 08:00:58.715 0 0 I : CPU: 5 PID: 1596 Comm: kworker/u16:18 Tainted: G S W O 4.19.157+ #1
01-01 08:00:58.715 0 0 I Hardware name: Qualcomm Technologies, Inc. kona MTP-RmPM8150b. VX1(MCE) EVT2 (DT)
01-01 08:00:58.715 0 0 I Workqueue: events_unbound ion_system_secure_heap_prefetch_work
01-01 08:00:58.715 0 0 I Call trace:
01-01 08:00:58.715 0 0 I : dump_backtrace+0x0/0x258
01-01 08:00:58.715 0 0 I : show_stack+0x20/0x30
01-01 08:00:58.715 0 0 I : dump_stack+0xd8/0x12c
01-01 08:00:58.715 0 0 I : register_lock_class+0x4d0/0x5c8
01-01 08:00:58.715 0 0 I : __lock_acquire+0xbc/0x1e58
01-01 08:00:58.715 0 0 I : lock_acquire+0x1cc/0x218
01-01 08:00:58.715 0 0 I : _raw_spin_lock_irqsave+0x54/0x98
10-12 02:43:07.674 1330 1355 I OMX-VDEC-1080P: component_init: OMX.qcom.video.decoder.vp8 : fd=7
01-01 08:00:58.715 0 0 I : ion_system_secure_heap_prefetch_work+0x94/0x2c0
01-01 08:00:58.715 0 0 I : process_one_work+0x38c/0x660
01-01 08:00:58.721 0 0 I : worker_thread+0x268/0x4b8
01-01 08:00:58.721 0 0 I : kthread+0x140/0x150
01-01 08:00:58.721 0 0 I : ret_from_fork+0x10/0x1c
10-12 02:43:07.674 1330 1355 E OMX-VDEC-1080P: Unsupported output color format for c2d (2141391876)
10-12 02:43:07.675 1330 1355 E OMX-VDEC-1080P: Setting color format failed
10-12 02:43:07.676 1140 1140 D SystemServerTiming: OnBootPhase_500_com.android.server.am.ActivityManagerService$Lifecycle took to complete: 9ms
10-12 02:43:07.676 1140 1140 I SystemServerTiming: OnBootPhase_500_com.android.server.pm.DataLoaderManagerService
10-12 02:43:07.676 1140 1140 D SystemServerTiming: OnBootPhase_500_com.android.server.pm.DataLoaderManagerService took to complete: 0ms
10-12 02:43:07.676 1330 1355 D PlatformConfig: getInstance: Enter
10-12 02:43:07.676 1140 1140 I SystemServerTiming: OnBootPhase_500_com.android.server.power.PowerManagerService
10-12 02:43:07.676 1140 1140 D SystemServerTiming: OnBootPhase_500_com.android.server.power.PowerManagerService took to complete: 0ms
10-12 02:43:07.676 1330 1355 D PlatformConfig: getInt32: Returning default
10-12 02:43:07.676 1140 1140 I SystemServerTiming: OnBootPhase_500_com.android.server.power.ThermalManagerService
10-12 02:43:07.676 1140 1140 D SystemServerTiming: OnBootPhase_500_com.android.server.power.ThermalManagerService took to complete: 0ms
10-12 02:43:07.676 1330 1355 D PlatformConfig: getInstance: Enter
10-12 02:43:07.676 1140 1140 I SystemServerTiming: OnBootPhase_500_com.android.server.power.hint.HintManagerService
10-12 02:43:07.676 1330 1355 D PlatformConfig: getInt32: Returning default
10-12 02:43:07.676 1140 1140 V HintManagerService: Initializing HintManager service...
10-12 02:43:07.676 1140 1140 V HistoricalRegistry: Interaction before persistence initialized
10-12 02:43:07.676 1140 1140 D SystemServerTiming: OnBootPhase_500_com.android.server.power.hint.HintManagerService took to complete: 0ms
10-12 02:43:07.676 1140 1140 I SystemServerTiming: OnBootPhase_500_com.android.server.recoverysystem.RecoverySystemService$Lifecycle
10-12 02:43:07.676 1140 1140 D SystemServerTiming: OnBootPhase_500_com.android.server.recoverysystem.RecoverySystemService$Lifecycle took to complete: 0ms
10-12 02:43:07.676 1140 1140 I SystemServerTiming: OnBootPhase_500_com.android.server.lights.LightsService
10-12 02:43:07.676 1140 1140 D SystemServerTiming: OnBootPhase_500_com.android.server.lights.LightsService took to complete: 0ms
10-12 02:43:07.676 1140 1140 I SystemServerTiming: OnBootPhase_500_com.android.server.display.DisplayManagerService
10-12 02:43:07.676 1140 1140 D SystemServerTiming: OnBootPhase_500_com.android.server.display.DisplayManagerService took to complete: 0ms
10-12 02:43:07.677 1140 1140 I SystemServerTiming: OnBootPhase_500_com.android.server.pm.verify.domain.DomainVerificationService
10-12 02:43:07.677 1140 1140 D SystemServerTiming: OnBootPhase_500_com.android.server.pm.verify.domain.DomainVerificationService took to complete: 0ms
10-12 02:43:07.677 1140 1140 I SystemServerTiming: OnBootPhase_500_com.android.server.pm.PackageInstallerService$Lifecycle
10-12 02:43:07.677 1140 1140 D SystemServerTiming: OnBootPhase_500_com.android.server.pm.PackageInstallerService$Lifecycle took to complete: 0ms
10-12 02:43:07.677 1140 1140 I SystemServerTiming: OnBootPhase_500_com.android.server.pm.UserManagerService$LifeCycle
10-12 02:43:07.677 1140 1140 D SystemServerTiming: OnBootPhase_500_com.android.server.pm.UserManagerService$LifeCycle took to complete: 0ms
10-12 02:43:07.677 1140 1140 I SystemServerTiming: OnBootPhase_500_com.android.server.om.OverlayManagerService
10-12 02:43:07.677 1140 1140 D SystemServerTiming: OnBootPhase_500_com.android.server.om.OverlayManagerService took to complete: 0ms
10-12 02:43:07.677 1140 1140 I SystemServerTiming: OnBootPhase_500_com.android.server.SensorPrivacyService
10-12 02:43:07.677 1330 1355 I OMX-VDEC-1080P: omx_vdec::component_init() success : fd=7
10-12 02:43:07.679 1330 1815 E OMX-VDEC-1080P: Extension: OMX.google.android.index.storeANWBufferInMetadata not implemented
10-12 02:43:07.679 1330 1815 E OMX-VDEC-1080P: Extension: OMX.google.android.index.configureVideoTunnelMode not implemented
10-12 02:43:07.679 1330 1815 E OMX-VDEC-1080P: Extension: OMX.google.android.index.useAndroidNativeBuffer is supported
10-12 02:43:07.681 1330 1891 E OMXNodeInstance: getParameter(0xe8f90024:qcom.decoder.vp8, ??(0x7f000044)) ERROR: UnsupportedSetting(0x80001019)
10-12 02:43:07.682 1330 1924 E OMXNodeInstance: getParameter(0xe8f90024:qcom.decoder.vp8, ??(0x7f000044)) ERROR: UnsupportedSetting(0x80001019)
10-12 02:43:07.683 1140 1140 D SystemServerTiming: OnBootPhase_500_com.android.server.SensorPrivacyService took to complete: 6ms
10-12 02:43:07.683 1140 1140 I SystemServerTiming: OnBootPhase_500_com.android.server.sensors.SensorService
10-12 02:43:07.683 1140 1140 D SystemServerTiming: OnBootPhase_500_com.android.server.sensors.SensorService took to complete: 0ms
10-12 02:43:07.683 1140 1140 I SystemServerTiming: OnBootPhase_500_com.android.server.SystemConfigService
10-12 02:43:07.683 1140 1140 D SystemServerTiming: OnBootPhase_500_com.android.server.SystemConfigService took to complete: 0ms
10-12 02:43:07.684 1140 1140 I SystemServerTiming: OnBootPhase_500_com.android.server.BatteryService
10-12 02:43:07.684 1140 1140 D SystemServerTiming: OnBootPhase_500_com.android.server.BatteryService took to complete: 0ms
10-12 02:43:07.684 1140 1140 I SystemServerTiming: OnBootPhase_500_com.android.server.usage.UsageStatsService
10-12 02:43:07.685 1330 1355 E OMX-VDEC-1080P: Extension: OMX.google.android.index.configureVideoTunnelMode not implemented
10-12 02:43:07.685 1330 1355 E OMXNodeInstance: getExtensionIndex(0xe8f90024:qcom.decoder.vp8, OMX.google.android.index.configureVideoTunnelMode) ERROR: NotImplemented(0x80001006)
10-12 02:43:07.686 1295 1800 D MediaCodecInfo: detail feature-tunneled-playback wasn't present to remove
10-12 02:43:07.686 1140 1140 D AppStandbyController: Setting app idle enabled state
10-12 02:43:07.686 1330 1355 E OMX-VDEC-1080P: set_parameter: Error: 0x80001019, setting param 0x7f00005d
10-12 02:43:07.686 1330 1355 E OMXNodeInstance: setParameter(0xe8f90024:qcom.decoder.vp8, OMX.google.android.index.allocateNativeHandle(0x7f00005d): Output:1 en=0) ERROR: UnsupportedSetting(0x80001019)
10-12 02:43:07.686 1330 1355 E OMX-VDEC-1080P: Extension: OMX.google.android.index.storeANWBufferInMetadata not implemented
10-12 02:43:07.687 1330 1942 I OMX-VDEC-1080P: omx_vdec::component_deinit() complete
10-12 02:43:07.692 1330 1942 I OMX-VDEC-1080P: Exit OMX vdec Destructor: fd=7
01-01 08:00:58.729 0 0 E : INFO: trying to register non-static key.
01-01 08:00:58.734 0 0 E : the code is fine but needs lockdep annotation.
01-01 08:00:58.738 0 0 I msm_vidc: high: 00000001: vp8d: Closed video instance: fffffff919b08000
01-01 08:00:58.740 0 0 I : CPU: 5 PID: 1596 Comm: kworker/u16:18 Tainted: G S W O 4.19.157+ #1
01-01 08:00:58.740 0 0 I Hardware name: Qualcomm Technologies, Inc. kona MTP-RmPM8150b. VX1(MCE) EVT2 (DT)
01-01 08:00:58.740 0 0 I Workqueue: events_unbound ion_system_secure_heap_prefetch_work
01-01 08:00:58.740 0 0 I Call trace:
01-01 08:00:58.740 0 0 I : dump_backtrace+0x0/0x258
01-01 08:00:58.740 0 0 I : show_stack+0x20/0x30
01-01 08:00:58.740 0 0 I : dump_stack+0xd8/0x12c
01-01 08:00:58.740 0 0 I : register_lock_class+0x4d0/0x5c8
01-01 08:00:58.740 0 0 I : __lock_acquire+0xbc/0x1e58
01-01 08:00:58.740 0 0 I : lock_acquire+0x1cc/0x218
01-01 08:00:58.740 0 0 I : _raw_spin_lock_irqsave+0x54/0x98
01-01 08:00:58.740 0 0 I : ion_system_secure_heap_prefetch_work+0x94/0x2c0
01-01 08:00:58.740 0 0 I : process_one_work+0x38c/0x660
01-01 08:00:58.740 0 0 I : worker_thread+0x268/0x4b8
01-01 08:00:58.740 0 0 I : kthread+0x140/0x150
01-01 08:00:58.740 0 0 I : ret_from_fork+0x10/0x1c
10-12 02:43:07.700 1140 1140 V HistoricalRegistry: Interaction before persistence initialized
10-12 02:43:07.700 1140 1140 D SystemServerTiming: OnBootPhase_500_com.android.server.usage.UsageStatsService took to complete: 16ms
10-12 02:43:07.700 1140 1140 I SystemServerTiming: OnBootPhase_500_com.android.server.webkit.WebViewUpdateService
10-12 02:43:07.700 1140 1140 D SystemServerTiming: OnBootPhase_500_com.android.server.webkit.WebViewUpdateService took to complete: 0ms
10-12 02:43:07.700 1140 1140 I SystemServerTiming: OnBootPhase_500_com.android.server.CachedDeviceStateService
10-12 02:43:07.701 1140 1140 D SystemServerTiming: OnBootPhase_500_com.android.server.CachedDeviceStateService took to complete: 0ms
10-12 02:43:07.701 1140 1140 I SystemServerTiming: OnBootPhase_500_com.android.server.BinderCallsStatsService$LifeCycle
10-12 02:43:07.703 1140 1140 D SystemServerTiming: OnBootPhase_500_com.android.server.BinderCallsStatsService$LifeCycle took to complete: 2ms
10-12 02:43:07.703 1295 1800 I OMXClient: IOmx service obtained
10-12 02:43:07.703 1140 1140 I SystemServerTiming: OnBootPhase_500_com.android.server.LooperStatsService$Lifecycle
10-12 02:43:07.703 1140 1140 D SystemServerTiming: OnBootPhase_500_com.android.server.LooperStatsService$Lifecycle took to complete: 0ms
10-12 02:43:07.703 1140 1140 I SystemServerTiming: OnBootPhase_500_com.android.server.rollback.RollbackManagerService
10-12 02:43:07.703 1140 1140 D SystemServerTiming: OnBootPhase_500_com.android.server.rollback.RollbackManagerService took to complete: 0ms
10-12 02:43:07.703 1140 1140 I SystemServerTiming: OnBootPhase_500_com.android.server.os.NativeTombstoneManagerService
10-12 02:43:07.703 1140 1140 D SystemServerTiming: OnBootPhase_500_com.android.server.os.NativeTombstoneManagerService took to complete: 0ms
10-12 02:43:07.703 1140 1140 I SystemServerTiming: OnBootPhase_500_com.android.server.os.BugreportManagerService
10-12 02:43:07.703 1140 1140 D SystemServerTiming: OnBootPhase_500_com.android.server.os.BugreportManagerService took to complete: 0ms
10-12 02:43:07.703 1140 1140 I SystemServerTiming: OnBootPhase_500_com.android.server.gpu.GpuService
10-12 02:43:07.703 1140 1140 D SystemServerTiming: OnBootPhase_500_com.android.server.gpu.GpuService took to complete: 0ms
10-12 02:43:07.703 1140 1140 I SystemServerTiming: OnBootPhase_500_com.android.server.security.KeyChainSystemService
10-12 02:43:07.703 1140 1140 D SystemServerTiming: OnBootPhase_500_com.android.server.security.KeyChainSystemService took to complete: 0ms
10-12 02:43:07.703 1140 1140 I SystemServerTiming: OnBootPhase_500_com.android.server.telecom.TelecomLoaderService
10-12 02:43:07.703 1140 1140 D SystemServerTiming: OnBootPhase_500_com.android.server.telecom.TelecomLoaderService took to complete: 0ms
10-12 02:43:07.703 1330 1942 I OMXMaster: makeComponentInstance(OMX.google.vp8.decoder) in android.hardwar process
10-12 02:43:07.703 1140 1140 I SystemServerTiming: OnBootPhase_500_com.android.server.accounts.AccountManagerService$Lifecycle
10-12 02:43:07.704 1140 1140 D SystemServerTiming: OnBootPhase_500_com.android.server.accounts.AccountManagerService$Lifecycle took to complete: 0ms
10-12 02:43:07.704 1140 1140 I SystemServerTiming: OnBootPhase_500_com.android.server.content.ContentService$Lifecycle
10-12 02:43:07.704 1140 1140 D SystemServerTiming: OnBootPhase_500_com.android.server.content.ContentService$Lifecycle took to complete: 0ms
10-12 02:43:07.704 1140 1140 I SystemServerTiming: OnBootPhase_500_com.android.server.DropBoxManagerService
10-12 02:43:07.704 1140 1140 D SystemServerTiming: OnBootPhase_500_com.android.server.DropBoxManagerService took to complete: 0ms
10-12 02:43:07.704 1140 1140 I SystemServerTiming: OnBootPhase_500_com.android.role.RoleService
10-12 02:43:07.704 1140 1140 D SystemServerTiming: OnBootPhase_500_com.android.role.RoleService took to complete: 0ms
10-12 02:43:07.704 1140 1140 I SystemServerTiming: OnBootPhase_500_com.android.server.vibrator.VibratorManagerService$Lifecycle
10-12 02:43:07.704 1140 1140 V VibratorManagerService: Initializing VibratorManager service...
10-12 02:43:07.704 1140 1140 V HistoricalRegistry: Interaction before persistence initialized
10-12 02:43:07.706 1140 1140 V VibratorManagerService: VibratorManager service initialized
10-12 02:43:07.706 1140 1140 D SystemServerTiming: OnBootPhase_500_com.android.server.vibrator.VibratorManagerService$Lifecycle took to complete: 2ms
10-12 02:43:07.706 1140 1140 I SystemServerTiming: OnBootPhase_500_com.android.server.alarm.AlarmManagerService
10-12 02:43:07.706 1140 1140 E LazyAlarmStore: Removed TIME_TICK alarm
10-12 02:43:07.707 1140 1245 I am_wtf : [0,1140,system_server,-1,LazyAlarmStore,Removed TIME_TICK alarm]
10-12 02:43:07.708 1140 1245 I DropBoxManagerService: add tag=system_server_wtf isTagEnabled=true flags=0x2
10-12 02:43:07.709 1140 1140 D SystemServerTiming: OnBootPhase_500_com.android.server.alarm.AlarmManagerService took to complete: 4ms
10-12 02:43:07.710 1140 1140 I SystemServerTiming: OnBootPhase_500_com.android.server.devicestate.DeviceStateManagerService
10-12 02:43:07.710 1140 1140 D SystemServerTiming: OnBootPhase_500_com.android.server.devicestate.DeviceStateManagerService took to complete: 0ms
10-12 02:43:07.710 1140 1140 I SystemServerTiming: OnBootPhase_500_com.android.server.camera.CameraServiceProxy
10-12 02:43:07.710 1140 1140 D SystemServerTiming: OnBootPhase_500_com.android.server.camera.CameraServiceProxy took to complete: 0ms
10-12 02:43:07.710 1140 1140 I SystemServerTiming: OnBootPhase_500_com.android.server.BluetoothService
10-12 02:43:07.711 1140 1140 D SystemServerTiming: OnBootPhase_500_com.android.server.BluetoothService took to complete: 1ms
10-12 02:43:07.711 1140 1140 I SystemServerTiming: OnBootPhase_500_com.android.server.connectivity.IpConnectivityMetrics
01-01 08:00:58.749 0 0 E : INFO: trying to register non-static key.
01-01 08:00:58.754 0 0 E : the code is fine but needs lockdep annotation.
01-01 08:00:58.759 0 0 I : CPU: 5 PID: 1596 Comm: kworker/u16:18 Tainted: G S W O 4.19.157+ #1
01-01 08:00:58.759 0 0 I Hardware name: Qualcomm Technologies, Inc. kona MTP-RmPM8150b. VX1(MCE) EVT2 (DT)
01-01 08:00:58.759 0 0 I Workqueue: events_unbound ion_system_secure_heap_prefetch_work
01-01 08:00:58.759 0 0 I Call trace:
01-01 08:00:58.759 0 0 I : dump_backtrace+0x0/0x258
01-01 08:00:58.759 0 0 I : show_stack+0x20/0x30
01-01 08:00:58.759 0 0 I : dump_stack+0xd8/0x12c
01-01 08:00:58.759 0 0 I : register_lock_class+0x4d0/0x5c8
01-01 08:00:58.759 0 0 I : __lock_acquire+0xbc/0x1e58
01-01 08:00:58.759 0 0 I : lock_acquire+0x1cc/0x218
01-01 08:00:58.759 0 0 I : _raw_spin_lock_irqsave+0x54/0x98
01-01 08:00:58.759 0 0 I : ion_system_secure_heap_prefetch_work+0x94/0x2c0
01-01 08:00:58.759 0 0 I : process_one_work+0x38c/0x660
01-01 08:00:58.759 0 0 I : worker_thread+0x268/0x4b8
01-01 08:00:58.759 0 0 I : kthread+0x140/0x150
01-01 08:00:58.759 0 0 I : ret_from_fork+0x10/0x1c
10-12 02:43:07.712 1140 1823 D ConnectivityService: NetReassign [no changes]
10-12 02:43:07.715 1140 1140 D SystemServerTiming: OnBootPhase_500_com.android.server.connectivity.IpConnectivityMetrics took to complete: 4ms
10-12 02:43:07.716 1140 1140 I SystemServerTiming: OnBootPhase_500_com.android.server.net.watchlist.NetworkWatchlistService$Lifecycle
10-12 02:43:07.716 1140 1140 D SystemServerTiming: OnBootPhase_500_com.android.server.net.watchlist.NetworkWatchlistService$Lifecycle took to complete: 0ms
10-12 02:43:07.716 1140 1140 I SystemServerTiming: OnBootPhase_500_com.android.server.PinnerService
10-12 02:43:07.718 1140 1140 D SystemServerTiming: OnBootPhase_500_com.android.server.PinnerService took to complete: 2ms
10-12 02:43:07.718 1140 1140 I SystemServerTiming: OnBootPhase_500_com.google.android.startop.iorap.IorapForwardingService
10-12 02:43:07.718 1140 1140 D SystemServerTiming: OnBootPhase_500_com.google.android.startop.iorap.IorapForwardingService took to complete: 0ms
10-12 02:43:07.718 1140 1140 I SystemServerTiming: OnBootPhase_500_com.android.server.ActivityTriggerService
10-12 02:43:07.718 1140 1140 D SystemServerTiming: OnBootPhase_500_com.android.server.ActivityTriggerService took to complete: 0ms
10-12 02:43:07.718 1140 1140 I SystemServerTiming: OnBootPhase_500_com.android.server.integrity.AppIntegrityManagerService
10-12 02:43:07.718 1140 1140 D SystemServerTiming: OnBootPhase_500_com.android.server.integrity.AppIntegrityManagerService took to complete: 0ms
10-12 02:43:07.718 1140 1140 I SystemServerTiming: OnBootPhase_500_com.android.server.inputmethod.InputMethodManagerService$Lifecycle
10-12 02:43:07.718 1140 1140 D SystemServerTiming: OnBootPhase_500_com.android.server.inputmethod.InputMethodManagerService$Lifecycle took to complete: 0ms
10-12 02:43:07.718 1140 1140 I SystemServerTiming: OnBootPhase_500_com.android.server.accessibility.AccessibilityManagerService$Lifecycle
10-12 02:43:07.718 1140 1140 D SystemServerTiming: OnBootPhase_500_com.android.server.accessibility.AccessibilityManagerService$Lifecycle took to complete: 0ms
10-12 02:43:07.718 1140 1140 I SystemServerTiming: OnBootPhase_500_com.android.server.StorageManagerService$Lifecycle
10-12 02:43:07.722 1140 1140 D SystemServerTiming: OnBootPhase_500_com.android.server.StorageManagerService$Lifecycle took to complete: 4ms
10-12 02:43:07.722 1140 1140 I SystemServerTiming: OnBootPhase_500_com.android.server.usage.StorageStatsService$Lifecycle
10-12 02:43:07.722 1140 1140 D SystemServerTiming: OnBootPhase_500_com.android.server.usage.StorageStatsService$Lifecycle took to complete: 0ms
10-12 02:43:07.723 1140 1140 I SystemServerTiming: OnBootPhase_500_com.android.server.UiModeManagerService
10-12 02:43:07.724 1140 1140 I configuration_changed: 512
10-12 02:43:07.725 1140 1140 I ActivityTaskManager: Config changes=200 {1.0 ?mcc?mnc [zh_CN] ldltr sw680dp w1586dp h608dp 240dpi lrg long land -touch -keyb/v/h -nav/h winConfig={ mBounds=Rect(0, 0 - 2380, 1020) mAppBounds=Rect(0, 0 - 2380, 948) mMaxBounds=Rect(0, 0 - 2380, 1020) mWindowingMode=fullscreen mDisplayWindowingMode=fullscreen mActivityType=undefined mAlwaysOnTop=undefined mRotation=ROTATION_0} s.4 ?fontWeightAdjustment}
10-12 02:43:07.727 1140 1140 I WindowManager: Override config changes=200 {1.0 ?mcc?mnc [zh_CN] ldltr sw680dp w1586dp h608dp 240dpi lrg long land -touch -keyb/v/h -nav/h winConfig={ mBounds=Rect(0, 0 - 2380, 1020) mAppBounds=Rect(0, 0 - 2380, 948) mMaxBounds=Rect(0, 0 - 2380, 1020) mWindowingMode=fullscreen mDisplayWindowingMode=fullscreen mActivityType=undefined mAlwaysOnTop=undefined mRotation=ROTATION_0} s.4 ?fontWeightAdjustment} for displayId=0
10-12 02:43:07.728 1330 1850 E OMXNodeInstance: getExtensionIndex(0xea040b00:google.vp8.decoder, OMX.google.android.index.configureVideoTunnelMode) ERROR: UnsupportedIndex(0x8000101a)
10-12 02:43:07.728 1295 1800 D MediaCodecInfo: detail feature-tunneled-playback wasn't present to remove
10-12 02:43:07.729 1330 1942 E OMXNodeInstance: getExtensionIndex(0xea040b00:google.vp8.decoder, OMX.google.android.index.enableAndroidNativeBuffers) ERROR: UnsupportedIndex(0x8000101a)
10-12 02:43:07.729 1140 1140 D SystemServerTiming: OnBootPhase_500_com.android.server.UiModeManagerService took to complete: 7ms
10-12 02:43:07.729 1140 1140 I SystemServerTiming: OnBootPhase_500_com.android.server.locksettings.LockSettingsService$Lifecycle
10-12 02:43:07.729 1140 1140 D SystemServerTiming: OnBootPhase_500_com.android.server.locksettings.LockSettingsService$Lifecycle took to complete: 0ms
10-12 02:43:07.729 1140 1140 I SystemServerTiming: OnBootPhase_500_com.android.server.PersistentDataBlockService
10-12 02:43:07.730 1140 1140 D SystemServerTiming: OnBootPhase_500_com.android.server.PersistentDataBlockService took to complete: 0ms
10-12 02:43:07.730 1140 1140 I SystemServerTiming: OnBootPhase_500_com.android.server.testharness.TestHarnessModeService
10-12 02:43:07.730 1140 1140 D TestHarnessModeService: Setting up test harness mode
10-12 02:43:07.730 1140 1140 D TestHarnessModeService: Getting PersistentDataBlockManagerInternal from LocalServices
01-01 08:00:58.768 0 0 E : INFO: trying to register non-static key.
01-01 08:00:58.773 0 0 E : the code is fine but needs lockdep annotation.
01-01 08:00:58.778 0 0 I : CPU: 5 PID: 1596 Comm: kworker/u16:18 Tainted: G S W O 4.19.157+ #1
01-01 08:00:58.778 0 0 I Hardware name: Qualcomm Technologies, Inc. kona MTP-RmPM8150b. VX1(MCE) EVT2 (DT)
01-01 08:00:58.778 0 0 I Workqueue: events_unbound ion_system_secure_heap_prefetch_work
01-01 08:00:58.778 0 0 I Call trace:
01-01 08:00:58.778 0 0 I : dump_backtrace+0x0/0x258
01-01 08:00:58.778 0 0 I : show_stack+0x20/0x30
01-01 08:00:58.778 0 0 I : dump_stack+0xd8/0x12c
01-01 08:00:58.778 0 0 I : register_lock_class+0x4d0/0x5c8
01-01 08:00:58.778 0 0 I : __lock_acquire+0xbc/0x1e58
01-01 08:00:58.778 0 0 I : lock_acquire+0x1cc/0x218
01-01 08:00:58.778 0 0 I : _raw_spin_lock_irqsave+0x54/0x98
01-01 08:00:58.778 0 0 I : ion_system_secure_heap_prefetch_work+0x94/0x2c0
01-01 08:00:58.778 0 0 I : process_one_work+0x38c/0x660
01-01 08:00:58.778 0 0 I : worker_thread+0x268/0x4b8
01-01 08:00:58.778 0 0 I : kthread+0x140/0x150
01-01 08:00:58.778 0 0 I : ret_from_fork+0x10/0x1c
10-12 02:43:07.735 1295 1800 I OMXClient: IOmx service obtained
10-12 02:43:07.735 1330 1942 I OMXMaster: makeComponentInstance(OMX.qcom.video.decoder.vp9) in android.hardwar process
10-12 02:43:07.735 1330 1942 D PlatformConfig: getInstance: Enter
10-12 02:43:07.736 1330 1942 D PlatformConfig: getConfigStoreBool: vpp/enable=false, returning false
10-12 02:43:07.746 1330 1942 D PlatformConfig: getInstance: Enter
10-12 02:43:07.746 1330 1942 D PlatformConfig: getInt32 Config name: vidc_dec_log_in value: 0
10-12 02:43:07.746 1330 1942 D PlatformConfig: getInstance: Enter
10-12 02:43:07.746 1330 1942 D PlatformConfig: getInt32 Config name: vidc_dec_log_out value: 0
10-12 02:43:07.746 1330 1942 D PlatformConfig: getInstance: Enter
10-12 02:43:07.746 1330 1942 D PlatformConfig: getInt32 Config name: vidc_dec_sec_prefetch_size_internal value: 209715200
10-12 02:43:07.746 1330 1942 D PlatformConfig: getInstance: Enter
10-12 02:43:07.746 1330 1942 D PlatformConfig: getInt32 Config name: vidc_dec_sec_prefetch_size_output value: 13434880
10-12 02:43:07.746 1330 1942 D PlatformConfig: getInstance: Enter
10-12 02:43:07.746 1330 1942 D PlatformConfig: getInt32 Config name: vidc_perf_control_enable value: 0
10-12 02:43:07.746 1330 1942 D PlatformConfig: getInstance: Enter
10-12 02:43:07.746 1330 1942 D PlatformConfig: getInt32 Config name: vidc_dec_thumbnail_yuv_output value: 0
10-12 02:43:07.746 1330 1942 D PlatformConfig: getInstance: Enter
10-12 02:43:07.746 1330 1942 D PlatformConfig: getInt32: Returning default
10-12 02:43:07.746 1330 1942 D PlatformConfig: getInstance: Enter
10-12 02:43:07.746 1330 1942 D PlatformConfig: getInt32 Config name: vidc_dec_output_rate value: 120
01-01 08:00:58.787 0 0 E : INFO: trying to register non-static key.
01-01 08:00:58.792 0 0 E : the code is fine but needs lockdep annotation.
01-01 08:00:58.794 0 0 I msm_vidc: high: 00000001: ....d: Opening video instance: fffffff919314000, 1
01-01 08:00:58.798 0 0 I : CPU: 5 PID: 1596 Comm: kworker/u16:18 Tainted: G S W O 4.19.157+ #1
01-01 08:00:58.798 0 0 I Hardware name: Qualcomm Technologies, Inc. kona MTP-RmPM8150b. VX1(MCE) EVT2 (DT)
01-01 08:00:58.798 0 0 I Workqueue: events_unbound ion_system_secure_heap_prefetch_work
01-01 08:00:58.798 0 0 I Call trace:
01-01 08:00:58.798 0 0 I : dump_backtrace+0x0/0x258
01-01 08:00:58.798 0 0 I : show_stack+0x20/0x30
01-01 08:00:58.798 0 0 I : dump_stack+0xd8/0x12c
01-01 08:00:58.798 0 0 I : register_lock_class+0x4d0/0x5c8
01-01 08:00:58.798 0 0 I : __lock_acquire+0xbc/0x1e58
01-01 08:00:58.798 0 0 I : lock_acquire+0x1cc/0x218
01-01 08:00:58.798 0 0 I : _raw_spin_lock_irqsave+0x54/0x98
01-01 08:00:58.798 0 0 I : ion_system_secure_heap_prefetch_work+0x94/0x2c0
01-01 08:00:58.798 0 0 I : process_one_work+0x38c/0x660
01-01 08:00:58.798 0 0 I : worker_thread+0x268/0x4b8
01-01 08:00:58.798 0 0 I : kthread+0x140/0x150
01-01 08:00:58.798 0 0 I : ret_from_fork+0x10/0x1c
10-12 02:43:07.750 1330 1942 I OMX-VDEC-1080P: component_init: OMX.qcom.video.decoder.vp9 : fd=7
10-12 02:43:07.751 1330 1942 E OMX-VDEC-1080P: Unsupported output color format for c2d (2141391876)
10-12 02:43:07.751 1330 1942 E OMX-VDEC-1080P: Setting color format failed
10-12 02:43:07.752 1330 1942 D PlatformConfig: getInstance: Enter
10-12 02:43:07.752 1330 1942 D PlatformConfig: getInt32: Returning default
10-12 02:43:07.752 1330 1942 D PlatformConfig: getInstance: Enter
10-12 02:43:07.752 1140 1140 D SystemServerTiming: OnBootPhase_500_com.android.server.testharness.TestHarnessModeService took to complete: 22ms
10-12 02:43:07.752 1140 1140 I SystemServerTiming: OnBootPhase_500_com.android.server.oemlock.OemLockService
10-12 02:43:07.752 1140 1140 D SystemServerTiming: OnBootPhase_500_com.android.server.oemlock.OemLockService took to complete: 0ms
10-12 02:43:07.752 1140 1140 I SystemServerTiming: OnBootPhase_500_com.android.server.DeviceIdleController
10-12 02:43:07.753 1512 1512 I update_engine: [INFO:cleanup_previous_update_action.cc(112)] Executing task 3
10-12 02:43:07.754 1330 1942 D PlatformConfig: getInt32: Returning default
10-12 02:43:07.754 1330 1942 I OMX-VDEC-1080P: omx_vdec::component_init() success : fd=7
10-12 02:43:07.754 1140 1140 V HistoricalRegistry: Interaction before persistence initialized
10-12 02:43:07.758 1512 1512 I update_engine: [INFO:cleanup_previous_update_action.cc(124)] CleanupPreviousUpdateAction scheduled task ID 4 for WaitBootCompleted
10-12 02:43:07.758 1140 1140 D SystemServerTiming: OnBootPhase_500_com.android.server.DeviceIdleController took to complete: 6ms
10-12 02:43:07.758 1140 1140 I SystemServerTiming: OnBootPhase_500_com.android.server.devicepolicy.DevicePolicyManagerService$Lifecycle
10-12 02:43:07.758 1140 1140 D SystemServerTiming: OnBootPhase_500_com.android.server.devicepolicy.DevicePolicyManagerService$Lifecycle took to complete: 0ms
10-12 02:43:07.758 1140 1140 I SystemServerTiming: OnBootPhase_500_com.android.server.texttospeech.TextToSpeechManagerService
10-12 02:43:07.758 1140 1140 D SystemServerTiming: OnBootPhase_500_com.android.server.texttospeech.TextToSpeechManagerService took to complete: 0ms
10-12 02:43:07.758 1140 1140 I SystemServerTiming: OnBootPhase_500_com.android.server.speech.SpeechRecognitionManagerService
10-12 02:43:07.759 1140 1140 D SystemServerTiming: OnBootPhase_500_com.android.server.speech.SpeechRecognitionManagerService took to complete: 0ms
10-12 02:43:07.759 1330 1850 E OMX-VDEC-1080P: Extension: OMX.google.android.index.storeANWBufferInMetadata not implemented
10-12 02:43:07.759 1140 1140 I SystemServerTiming: OnBootPhase_500_com.android.server.searchui.SearchUiManagerService
10-12 02:43:07.759 1330 1850 E OMX-VDEC-1080P: Extension: OMX.google.android.index.configureVideoTunnelMode not implemented
10-12 02:43:07.759 1330 1850 E OMX-VDEC-1080P: Extension: OMX.google.android.index.useAndroidNativeBuffer is supported
10-12 02:43:07.759 1140 1140 D SystemServerTiming: OnBootPhase_500_com.android.server.searchui.SearchUiManagerService took to complete: 0ms
10-12 02:43:07.759 1140 1140 I SystemServerTiming: OnBootPhase_500_com.android.server.smartspace.SmartspaceManagerService
10-12 02:43:07.759 1140 1140 D SystemServerTiming: OnBootPhase_500_com.android.server.smartspace.SmartspaceManagerService took to complete: 0ms
10-12 02:43:07.759 1140 1140 I SystemServerTiming: OnBootPhase_500_com.android.server.graphics.fonts.FontManagerService$Lifecycle
10-12 02:43:07.759 1140 1140 D SystemServerTiming: OnBootPhase_500_com.android.server.graphics.fonts.FontManagerService$Lifecycle took to complete: 0ms
10-12 02:43:07.759 1140 1140 I SystemServerTiming: OnBootPhase_500_com.android.server.textservices.TextServicesManagerService$Lifecycle
10-12 02:43:07.759 1140 1140 D SystemServerTiming: OnBootPhase_500_com.android.server.textservices.TextServicesManagerService$Lifecycle took to complete: 0ms
10-12 02:43:07.759 1140 1140 I SystemServerTiming: OnBootPhase_500_com.android.server.textclassifier.TextClassificationManagerService$Lifecycle
10-12 02:43:07.759 1140 1140 D SystemServerTiming: OnBootPhase_500_com.android.server.textclassifier.TextClassificationManagerService$Lifecycle took to complete: 0ms
10-12 02:43:07.759 1140 1140 I SystemServerTiming: OnBootPhase_500_com.android.server.NetworkScoreService$Lifecycle
10-12 02:43:07.759 1140 1140 D SystemServerTiming: OnBootPhase_500_com.android.server.NetworkScoreService$Lifecycle took to complete: 1ms
10-12 02:43:07.759 1140 1140 I SystemServerTiming: OnBootPhase_500_com.android.server.wifi.WifiService
10-12 02:43:07.760 1140 1140 D SystemServerTiming: OnBootPhase_500_com.android.server.wifi.WifiService took to complete: 0ms
10-12 02:43:07.760 1140 1140 I SystemServerTiming: OnBootPhase_500_com.android.server.wifi.scanner.WifiScanningService
10-12 02:43:07.760 1140 1140 I WifiScanningService: Starting wifiscanner
10-12 02:43:07.760 1140 1140 D SystemServerTiming: OnBootPhase_500_com.android.server.wifi.scanner.WifiScanningService took to complete: 0ms
10-12 02:43:07.760 1140 1140 I SystemServerTiming: OnBootPhase_500_com.android.server.wifi.rtt.RttService
10-12 02:43:07.760 1140 1140 I RttService: Starting wifirtt
10-12 02:43:07.764 1330 1942 E OMXNodeInstance: getParameter(0xe8f90024:qcom.decoder.vp9, ??(0x7f000044)) ERROR: UnsupportedSetting(0x80001019)
10-12 02:43:07.765 1140 1140 D SystemServerTiming: OnBootPhase_500_com.android.server.wifi.rtt.RttService took to complete: 5ms
10-12 02:43:07.765 1140 1140 I SystemServerTiming: OnBootPhase_500_com.android.server.wifi.aware.WifiAwareService
10-12 02:43:07.765 1330 1355 E OMXNodeInstance: getParameter(0xe8f90024:qcom.decoder.vp9, ??(0x7f000044)) ERROR: UnsupportedSetting(0x80001019)
10-12 02:43:07.767 1330 1355 E OMX-VDEC-1080P: Extension: OMX.google.android.index.configureVideoTunnelMode not implemented
10-12 02:43:07.767 1330 1355 E OMXNodeInstance: getExtensionIndex(0xe8f90024:qcom.decoder.vp9, OMX.google.android.index.configureVideoTunnelMode) ERROR: NotImplemented(0x80001006)
10-12 02:43:07.768 1295 1800 D MediaCodecInfo: detail feature-tunneled-playback wasn't present to remove
10-12 02:43:07.768 1330 1815 E OMX-VDEC-1080P: set_parameter: Error: 0x80001019, setting param 0x7f00005d
10-12 02:43:07.768 1330 1815 E OMXNodeInstance: setParameter(0xe8f90024:qcom.decoder.vp9, OMX.google.android.index.allocateNativeHandle(0x7f00005d): Output:1 en=0) ERROR: UnsupportedSetting(0x80001019)
10-12 02:43:07.768 1330 1815 E OMX-VDEC-1080P: Extension: OMX.google.android.index.storeANWBufferInMetadata not implemented
10-12 02:43:07.768 1330 1355 I OMX-VDEC-1080P: omx_vdec::component_deinit() complete
10-12 02:43:07.769 1140 1704 D PackageManager: Size of mPackageChangeObservers after registry is 1
01-01 08:00:58.806 0 0 E : INFO: trying to register non-static key.
01-01 08:00:58.811 0 0 E : the code is fine but needs lockdep annotation.
01-01 08:00:58.817 0 0 I : CPU: 5 PID: 1596 Comm: kworker/u16:18 Tainted: G S W O 4.19.157+ #1
01-01 08:00:58.817 0 0 I Hardware name: Qualcomm Technologies, Inc. kona MTP-RmPM8150b. VX1(MCE) EVT2 (DT)
01-01 08:00:58.817 0 0 I Workqueue: events_unbound ion_system_secure_heap_prefetch_work
01-01 08:00:58.817 0 0 I Call trace:
01-01 08:00:58.817 0 0 I : dump_backtrace+0x0/0x258
01-01 08:00:58.817 0 0 I : show_stack+0x20/0x30
01-01 08:00:58.817 0 0 I : dump_stack+0xd8/0x12c
01-01 08:00:58.817 0 0 I : register_lock_class+0x4d0/0x5c8
01-01 08:00:58.817 0 0 I : __lock_acquire+0xbc/0x1e58
01-01 08:00:58.817 0 0 I : lock_acquire+0x1cc/0x218
01-01 08:00:58.817 0 0 I : _raw_spin_lock_irqsave+0x54/0x98
01-01 08:00:58.817 0 0 I : ion_system_secure_heap_prefetch_work+0x94/0x2c0
01-01 08:00:58.817 0 0 I : process_one_work+0x38c/0x660
01-01 08:00:58.817 0 0 I : worker_thread+0x268/0x4b8
01-01 08:00:58.817 0 0 I : kthread+0x140/0x150
01-01 08:00:58.817 0 0 I : ret_from_fork+0x10/0x1c
01-01 08:00:58.820 0 0 I msm_vidc: high: 00000001: vp9d: Closed video instance: fffffff919314000
10-12 02:43:07.772 1330 1355 I OMX-VDEC-1080P: Exit OMX vdec Destructor: fd=7
10-12 02:43:07.775 1241 1241 I iorapd : iorapd (the prefetchening) readied up
10-12 02:43:07.779 676 676 I netd : registerUnsolicitedEventListener() <0.06ms>
10-12 02:43:07.781 1140 1140 I WifiAwareService: Starting Wi-Fi Aware service
10-12 02:43:07.781 1140 1949 I WifiContext: Found Wifi Resources APK at: com.android.wifi.resources
10-12 02:43:07.782 1140 1140 D SystemServerTiming: OnBootPhase_500_com.android.server.wifi.aware.WifiAwareService took to complete: 17ms
10-12 02:43:07.782 1140 1140 I SystemServerTiming: OnBootPhase_500_com.android.server.wifi.p2p.WifiP2pService
10-12 02:43:07.782 1140 1140 D SystemServerTiming: OnBootPhase_500_com.android.server.wifi.p2p.WifiP2pService took to complete: 0ms
10-12 02:43:07.782 1140 1140 I SystemServerTiming: OnBootPhase_500_com.android.server.ethernet.EthernetService
10-12 02:43:07.782 1140 1140 I EthernetServiceImpl: Starting Ethernet service
10-12 02:43:07.783 1295 1800 I OMXClient: IOmx service obtained
10-12 02:43:07.783 1330 1355 I OMXMaster: makeComponentInstance(OMX.qcom.video.decoder.vp9.secure) in android.hardwar process
10-12 02:43:07.783 1330 1355 D PlatformConfig: getInstance: Enter
10-12 02:43:07.783 1330 1355 D PlatformConfig: getConfigStoreBool: vpp/enable=false, returning false
10-12 02:43:07.784 1140 1951 I WifiAwareStateManager: start()
01-01 08:00:58.825 0 0 E : INFO: trying to register non-static key.
10-12 02:43:07.786 1140 1949 I android_os_HwBinder: HwBinder: Starting thread pool for getting: android.hidl.manager@1.2::IServiceManager/default
10-12 02:43:07.787 1140 1951 D WIFI_AWARE_FACTORY: Registering NetworkFactory
10-12 02:43:07.788 1140 1823 D ConnectivityService: Got NetworkProvider Messenger for WIFI_AWARE_FACTORY
10-12 02:43:07.789 1140 1711 D HalDevMgr: IWifi registration notification: fqName=android.hardware.wifi@1.0::IWifi, name=default, preexisting=true
01-01 08:00:58.830 0 0 E : the code is fine but needs lockdep annotation.
01-01 08:00:58.836 0 0 I : CPU: 5 PID: 1596 Comm: kworker/u16:18 Tainted: G S W O 4.19.157+ #1
01-01 08:00:58.836 0 0 I Hardware name: Qualcomm Technologies, Inc. kona MTP-RmPM8150b. VX1(MCE) EVT2 (DT)
01-01 08:00:58.836 0 0 I Workqueue: events_unbound ion_system_secure_heap_prefetch_work
01-01 08:00:58.836 0 0 I Call trace:
01-01 08:00:58.836 0 0 I : dump_backtrace+0x0/0x258
01-01 08:00:58.836 0 0 I : show_stack+0x20/0x30
01-01 08:00:58.836 0 0 I : dump_stack+0xd8/0x12c
01-01 08:00:58.836 0 0 I : register_lock_class+0x4d0/0x5c8
01-01 08:00:58.836 0 0 I : __lock_acquire+0xbc/0x1e58
01-01 08:00:58.836 0 0 I : lock_acquire+0x1cc/0x218
01-01 08:00:58.836 0 0 I : _raw_spin_lock_irqsave+0x54/0x98
01-01 08:00:58.836 0 0 I : ion_system_secure_heap_prefetch_work+0x94/0x2c0
01-01 08:00:58.836 0 0 I : process_one_work+0x38c/0x660
01-01 08:00:58.836 0 0 I : worker_thread+0x268/0x4b8
01-01 08:00:58.836 0 0 I : kthread+0x140/0x150
01-01 08:00:58.836 0 0 I : ret_from_fork+0x10/0x1c
10-12 02:43:07.794 1330 1355 D PlatformConfig: getInstance: Enter
10-12 02:43:07.795 1330 1355 D PlatformConfig: getInt32 Config name: vidc_dec_log_in value: 0
10-12 02:43:07.795 1330 1355 D PlatformConfig: getInstance: Enter
01-01 08:00:58.844 0 0 I msm_vidc: high: 00000001: ....d: Opening video instance: fffffff918928000, 1
01-01 08:00:58.845 0 0 E : INFO: trying to register non-static key.
10-12 02:43:07.795 1330 1355 D PlatformConfig: getInt32 Config name: vidc_dec_log_out value: 0
10-12 02:43:07.795 1330 1355 D PlatformConfig: getInstance: Enter
10-12 02:43:07.795 1330 1355 D PlatformConfig: getInt32 Config name: vidc_dec_sec_prefetch_size_internal value: 209715200
10-12 02:43:07.795 1330 1355 D PlatformConfig: getInstance: Enter
10-12 02:43:07.795 1330 1355 D PlatformConfig: getInt32 Config name: vidc_dec_sec_prefetch_size_output value: 13434880
10-12 02:43:07.796 1330 1355 D PlatformConfig: getInstance: Enter
10-12 02:43:07.796 1330 1355 D PlatformConfig: getInt32 Config name: vidc_perf_control_enable value: 0
10-12 02:43:07.796 1330 1355 D PlatformConfig: getInstance: Enter
10-12 02:43:07.796 1330 1355 D PlatformConfig: getInt32 Config name: vidc_dec_thumbnail_yuv_output value: 0
10-12 02:43:07.796 1330 1355 D PlatformConfig: getInstance: Enter
10-12 02:43:07.796 1330 1355 D PlatformConfig: getInt32: Returning default
10-12 02:43:07.796 1330 1355 D PlatformConfig: getInstance: Enter
10-12 02:43:07.796 1330 1355 D PlatformConfig: getInt32 Config name: vidc_dec_output_rate value: 120
10-12 02:43:07.796 1140 1949 I android_os_HwBinder: HwBinder: Starting thread pool for getting: android.hardware.wifi@1.0::IWifi/default
10-12 02:43:07.796 1330 1355 I OMX-VDEC-1080P: component_init: OMX.qcom.video.decoder.vp9 : fd=7
10-12 02:43:07.797 1330 1355 E OMX-VDEC-1080P: Unsupported output color format for c2d (2141391876)
10-12 02:43:07.797 1330 1355 E OMX-VDEC-1080P: Setting color format failed
10-12 02:43:07.797 1330 1355 D PlatformConfig: getInstance: Enter
10-12 02:43:07.797 1330 1355 D PlatformConfig: getInt32: Returning default
10-12 02:43:07.797 1330 1355 D PlatformConfig: getInstance: Enter
10-12 02:43:07.798 1330 1355 D PlatformConfig: getInt32: Returning default
10-12 02:43:07.798 1140 1140 D EthernetTracker: Interface match regexp set to 'eth\d'
10-12 02:43:07.799 1140 1140 D Ethernet: Registering NetworkFactory
10-12 02:43:07.799 1330 1355 I OMX-VDEC-1080P: omx_vdec::component_init() success : fd=7
10-12 02:43:07.799 1140 1823 D ConnectivityService: Got NetworkProvider Messenger for Ethernet
10-12 02:43:07.799 1140 1140 E IpConfigStore: Error opening configuration file: java.io.FileNotFoundException: /data/misc/ethernet/ipconfig.txt: open failed: ENOENT (No such file or directory)
10-12 02:43:07.799 1140 1140 D SystemServerTiming: OnBootPhase_500_com.android.server.ethernet.EthernetService took to complete: 17ms
10-12 02:43:07.799 1140 1140 I SystemServerTiming: OnBootPhase_500_com.android.server.ConnectivityServiceInitializer
10-12 02:43:07.799 1140 1140 D SystemServerTiming: OnBootPhase_500_com.android.server.ConnectivityServiceInitializer took to complete: 0ms
10-12 02:43:07.799 1140 1140 I SystemServerTiming: OnBootPhase_500_com.android.server.notification.NotificationManagerService
10-12 02:43:07.801 676 676 I netd : interfaceGetList() -> {[vlan8, lo, sit0, vlan4, dummy0, vlan2, vlan0, bond0, eth0, ip6tnl0, vlan1, ip_vti0, rmnet_ipa0, ip6_vti0]} <0.19ms>
10-12 02:43:07.802 1140 1789 D WifiConfigStore: Reading from all stores completed in 41 ms.
10-12 02:43:07.802 1140 1789 W WifiConfigManager: No stored networks found.
10-12 02:43:07.802 1330 1924 E OMX-VDEC-1080P: Extension: OMX.google.android.index.storeANWBufferInMetadata not implemented
10-12 02:43:07.802 1330 1924 E OMX-VDEC-1080P: Extension: OMX.google.android.index.configureVideoTunnelMode not implemented
10-12 02:43:07.803 1330 1924 E OMX-VDEC-1080P: Extension: OMX.google.android.index.useAndroidNativeBuffer is supported
10-12 02:43:07.804 1330 1924 E OMXNodeInstance: getParameter(0xe8f90024:qcom.decoder.vp9.secure, ??(0x7f000044)) ERROR: UnsupportedSetting(0x80001019)
10-12 02:43:07.804 1140 1789 I WifiInjector: enableVerboseLogging(0): false
10-12 02:43:07.804 1140 1789 E SupplicantStaIfaceHal: Can't call setDebugParams, ISupplicant is null
10-12 02:43:07.804 1140 1789 E HostapdHal: Can't call setDebugParams, IHostapd is null
10-12 02:43:07.805 1140 1789 I WifiService: WifiService starting up with Wi-Fi disabled
10-12 02:43:07.805 1330 1942 E OMXNodeInstance: getParameter(0xe8f90024:qcom.decoder.vp9.secure, ??(0x7f000044)) ERROR: UnsupportedSetting(0x80001019)
10-12 02:43:07.806 1140 1954 I EthernetTracker: maybeTrackInterface: eth0
10-12 02:43:07.806 676 676 I netd : interfaceGetCfg(eth0) -> {InterfaceConfigurationParcel{ifName: eth0, hwAddr: 4a:9f:95:d8:d2:79, ipv4Addr: 0.0.0.0, prefixLength: 0, flags: [up, broadcast, multicast]}} <0.33ms>
10-12 02:43:07.807 676 676 I netd : interfaceSetCfg(InterfaceConfigurationParcel{ifName: eth0, hwAddr: 4a:9f:95:d8:d2:79, ipv4Addr: 0.0.0.0, prefixLength: 0, flags: [broadcast, multicast, up]}) <0.48ms>
10-12 02:43:07.807 1330 1815 E OMX-VDEC-1080P: Extension: OMX.google.android.index.configureVideoTunnelMode not implemented
10-12 02:43:07.807 1330 1815 E OMXNodeInstance: getExtensionIndex(0xe8f90024:qcom.decoder.vp9.secure, OMX.google.android.index.configureVideoTunnelMode) ERROR: NotImplemented(0x80001006)
10-12 02:43:07.808 1295 1800 D MediaCodecInfo: detail feature-tunneled-playback wasn't present to remove
10-12 02:43:07.808 1330 1815 E OMX-VDEC-1080P: set_parameter: Error: 0x80001019, setting param 0x7f00005d
10-12 02:43:07.808 1330 1815 E OMXNodeInstance: setParameter(0xe8f90024:qcom.decoder.vp9.secure, OMX.google.android.index.allocateNativeHandle(0x7f00005d): Output:1 en=0) ERROR: UnsupportedSetting(0x80001019)
10-12 02:43:07.808 1330 1815 E OMX-VDEC-1080P: Extension: OMX.google.android.index.storeANWBufferInMetadata not implemented
10-12 02:43:07.808 676 676 I netd : interfaceGetCfg(eth0) -> {InterfaceConfigurationParcel{ifName: eth0, hwAddr: 4a:9f:95:d8:d2:79, ipv4Addr: 0.0.0.0, prefixLength: 0, flags: [up, broadcast, multicast]}} <0.16ms>
10-12 02:43:07.808 1330 1891 I OMX-VDEC-1080P: omx_vdec::component_deinit() complete
10-12 02:43:07.808 1140 1954 D EthernetTracker: Tracking interface in client mode: eth0
10-12 02:43:07.808 1140 1954 D EthernetNetworkFactory: addInterface, iface: eth0, capabilities: [ Transports: ETHERNET Capabilities: NOT_METERED&INTERNET&NOT_RESTRICTED&TRUSTED&NOT_VPN&NOT_ROAMING&NOT_CONGESTED&NOT_SUSPENDED&NOT_VCN_MANAGED LinkUpBandwidth>=100000Kbps LinkDnBandwidth>=100000Kbps]
10-12 02:43:07.809 1140 1954 D EthernetNetworkFactory: updateCapabilityFilter: [ Transports: ETHERNET Capabilities: NOT_METERED&INTERNET&NOT_RESTRICTED&TRUSTED&NOT_VPN&NOT_ROAMING&NOT_CONGESTED&NOT_SUSPENDED&NOT_VCN_MANAGED]
10-12 02:43:07.809 1140 1954 D Ethernet: got request NetworkRequest [ REQUEST id=1, [ Capabilities: INTERNET&NOT_RESTRICTED&TRUSTED&NOT_VPN&NOT_VCN_MANAGED RequestorUid: 1000 RequestorPkg: android] ]
10-12 02:43:07.810 1140 1954 D EthernetNetworkFactory: acceptRequest, request: NetworkRequest [ REQUEST id=1, [ Capabilities: INTERNET&NOT_RESTRICTED&TRUSTED&NOT_VPN&NOT_VCN_MANAGED RequestorUid: 1000 RequestorPkg: android] ]
10-12 02:43:07.810 1140 1954 I EthernetNetworkFactory: networkForRequest, request: NetworkRequest [ REQUEST id=1, [ Capabilities: INTERNET&NOT_RESTRICTED&TRUSTED&NOT_VPN&NOT_VCN_MANAGED RequestorUid: 1000 RequestorPkg: android] ], network: null
10-12 02:43:07.810 1140 1954 D Ethernet: got request NetworkRequest [ REQUEST id=7, [ Capabilities: INTERNET&NOT_RESTRICTED&TRUSTED&NOT_VCN_MANAGED Uid: 1000 RequestorUid: 1000 RequestorPkg: android] ]
10-12 02:43:07.810 1140 1954 D EthernetNetworkFactory: acceptRequest, request: NetworkRequest [ REQUEST id=7, [ Capabilities: INTERNET&NOT_RESTRICTED&TRUSTED&NOT_VCN_MANAGED Uid: 1000 RequestorUid: 1000 RequestorPkg: android] ]
10-12 02:43:07.810 1140 1954 I EthernetNetworkFactory: networkForRequest, request: NetworkRequest [ REQUEST id=7, [ Capabilities: INTERNET&NOT_RESTRICTED&TRUSTED&NOT_VCN_MANAGED Uid: 1000 RequestorUid: 1000 RequestorPkg: android] ], network: null
10-12 02:43:07.812 1140 1789 D WifiController: isAirplaneModeOn = false, isWifiEnabled = false, isScanningAvailable = false, isLocationModeActive = true
10-12 02:43:07.813 1140 1789 E WifiActiveModeWarden: Something is wrong, no client mode toggles enabled
10-12 02:43:07.813 1140 1789 D WifiNl80211Manager: tearing down interfaces in wificond
10-12 02:43:07.815 1140 1789 D WifiAdaptConnObserver: Adaptive connectivity status initialized to: true
10-12 02:43:07.816 1140 1789 D WifiController: DisabledState.enter()
10-12 02:43:07.818 1140 1140 I dvm_lock_sample: [system_server,1,main,18,AudioService.java,9176,void com.android.server.audio.AudioService$AudioServiceInternal.setRingerModeDelegate(android.media.AudioManagerInternal$RingerModeDelegate),-,6150,void com.android.server.audio.AudioService.onObserveDevicesForAllStreams(int),3]
01-01 08:00:58.850 0 0 E : INFO: trying to register non-static key.
01-01 08:00:58.850 0 0 E : the code is fine but needs lockdep annotation.
01-01 08:00:58.855 0 0 E : the code is fine but needs lockdep annotation.
01-01 08:00:58.860 0 0 I : CPU: 5 PID: 1596 Comm: kworker/u16:18 Tainted: G S W O 4.19.157+ #1
01-01 08:00:58.866 0 0 I Hardware name: Qualcomm Technologies, Inc. kona MTP-RmPM8150b. VX1(MCE) EVT2 (DT)
01-01 08:00:58.866 0 0 I Workqueue: events_unbound ion_system_secure_heap_prefetch_work
01-01 08:00:58.866 0 0 I Call trace:
01-01 08:00:58.866 0 0 I : dump_backtrace+0x0/0x258
01-01 08:00:58.866 0 0 I : show_stack+0x20/0x30
01-01 08:00:58.866 0 0 I : dump_stack+0xd8/0x12c
01-01 08:00:58.866 0 0 I : register_lock_class+0x4d0/0x5c8
01-01 08:00:58.866 0 0 I : __lock_acquire+0xbc/0x1e58
01-01 08:00:58.866 0 0 I : lock_acquire+0x1cc/0x218
01-01 08:00:58.866 0 0 I : _raw_spin_lock_irqsave+0x54/0x98
01-01 08:00:58.866 0 0 I : ion_system_secure_heap_prefetch_work+0x94/0x2c0
01-01 08:00:58.866 0 0 I : process_one_work+0x38c/0x660
01-01 08:00:58.866 0 0 I : worker_thread+0x268/0x4b8
01-01 08:00:58.866 0 0 I : kthread+0x140/0x150
01-01 08:00:58.866 0 0 I : ret_from_fork+0x10/0x1c
01-01 08:00:58.866 0 0 I : CPU: 0 PID: 1957 Comm: VideoDecMsgThre Tainted: G S W O 4.19.157+ #1
01-01 08:00:58.866 0 0 I Hardware name: Qualcomm Technologies, Inc. kona MTP-RmPM8150b. VX1(MCE) EVT2 (DT)
01-01 08:00:58.866 0 0 I Call trace:
01-01 08:00:58.866 0 0 I : dump_backtrace+0x0/0x258
01-01 08:00:58.866 0 0 I : show_stack+0x20/0x30
01-01 08:00:58.866 0 0 I : dump_stack+0xd8/0x12c
01-01 08:00:58.866 0 0 I : register_lock_class+0x4d0/0x5c8
01-01 08:00:58.866 0 0 I : __lock_acquire+0xbc/0x1e58
01-01 08:00:58.866 0 0 I : lock_acquire+0x1cc/0x218
01-01 08:00:58.866 0 0 I : _raw_spin_lock_irqsave+0x54/0x98
01-01 08:00:58.866 0 0 I : __ion_system_secure_heap_resize+0x768/0x8c0
01-01 08:00:58.866 0 0 I : ion_system_secure_heap_prefetch+0x28/0x38
01-01 08:00:58.866 0 0 I : ion_walk_heaps+0x88/0xb8
01-01 08:00:58.866 0 0 I : ion_ioctl+0x1b0/0x2a8
01-01 08:00:58.866 0 0 I : __arm64_compat_sys_ioctl+0xf4/0x240
01-01 08:00:58.866 0 0 I : el0_svc_common+0xa4/0x190
