01-01 08:00:58.031 0 0 D mv2112_update_link: 3.0x8109(100M): 0x0
01-01 08:00:58.031 0 0 D mv2112_update_link: link 0x0
01-01 08:00:58.031 0 0 D mv2112_read_status: autoneg is disabled
10-12 02:43:06.988 1140 1140 D SystemServerTiming: StartTimeDetectorService took to complete: 5ms
10-12 02:43:06.988 1140 1140 I SystemServerTiming: StartTimeZoneDetectorService
10-12 02:43:06.988 1140 1140 I SystemServiceManager: Starting com.android.server.timezonedetector.TimeZoneDetectorService$Lifecycle
10-12 02:43:06.990 1140 1140 D SystemServerTiming: StartTimeZoneDetectorService took to complete: 2ms
10-12 02:43:06.990 1140 1140 I SystemServerTiming: StartLocationTimeZoneManagerService
10-12 02:43:06.990 1140 1140 I SystemServiceManager: Starting com.android.server.timezonedetector.location.LocationTimeZoneManagerService$Lifecycle
10-12 02:43:06.991 1140 1140 D SystemServerTiming: StartLocationTimeZoneManagerService took to complete: 1ms
10-12 02:43:06.991 1140 1140 I SystemServerTiming: StartSearchManagerService
10-12 02:43:06.991 1140 1140 I SystemServiceManager: Starting com.android.server.search.SearchManagerService$Lifecycle
10-12 02:43:06.992 1140 1140 D SystemServerTiming: StartSearchManagerService took to complete: 1ms
10-12 02:43:06.992 1140 1140 I SystemServerTiming: StartWallpaperManagerService
10-12 02:43:06.992 1140 1140 I SystemServiceManager: Starting com.android.server.wallpaper.WallpaperManagerService$Lifecycle
10-12 02:43:06.993 1140 1140 D SystemServerTiming: StartWallpaperManagerService took to complete: 1ms
10-12 02:43:06.993 1140 1140 I SystemServerTiming: StartAudioService
10-12 02:43:06.993 1140 1140 I SystemServiceManager: Starting com.android.server.audio.AudioService$Lifecycle
10-12 02:43:06.993 1295 1800 I OMXClient: IOmx service obtained
10-12 02:43:06.993 1330 1815 I OMXMaster: makeComponentInstance(OMX.google.amrwb.encoder) in android.hardwar process
10-12 02:43:07.003 1295 1800 I OMXClient: IOmx service obtained
10-12 02:43:07.003 1330 1814 I OMXMaster: makeComponentInstance(OMX.google.flac.encoder) in android.hardwar process
10-12 02:43:07.014 652 662 I mpu_uart: [MSG-P:RECV]:No message received in 1000 ms
10-12 02:43:07.018 1295 1800 I OMXClient: IOmx service obtained
10-12 02:43:07.018 1330 1814 I OMXMaster: makeComponentInstance(OMX.qcom.video.encoder.heic) in android.hardwar process
10-12 02:43:07.019 1140 1140 I android_os_HwBinder: HwBinder: Starting thread pool for getting: android.hidl.manager@1.0::IServiceManager/default
10-12 02:43:07.020 1530 1551 D LOWI-9.0.0.87.a: [LOWINetlinkSocketReceiver] unpackRTMLinkMessage: RTM_NEWLINK - ifname vlan4, flags 0x1003 ([UP])
10-12 02:43:07.030 814 1758 D audio_hw_utils: audio_extn_utils_compress_get_dsp_latency:: Using Fix DSP delay
10-12 02:43:07.030 814 1758 D audio_hw_utils: audio_extn_utils_compress_get_dsp_latency:: delay in ms is 50
10-12 02:43:07.033 678 678 D libEGL : loaded /vendor/lib/egl/libGLESv1_CM_adreno.so
10-12 02:43:07.037 1029 1325 D PermissionCache: checking android.permission.MODIFY_AUDIO_ROUTING for uid=1000 => granted (3134 us)
10-12 02:43:07.039 1530 1551 D LOWI-9.0.0.87.a: [LOWINetlinkSocketReceiver] unpackRTMLinkMessage: RTM_NEWLINK - ifname eth0, flags 0x1003 ([UP])
10-12 02:43:07.039 1530 1551 D LOWI-9.0.0.87.a: [LOWINetlinkSocketReceiver] unpackRTMLinkMessage: RTM_NEWLINK - ifname vlan8, flags 0x1002 ()
10-12 02:43:07.041 652 661 I mpu_uart: [MSG-P:R]:recv sync frame timeout
10-12 02:43:07.042 678 678 D libEGL : loaded /vendor/lib/egl/libGLESv2_adreno.so
10-12 02:43:07.050 1029 1817 D PermissionCache: checking android.permission.MODIFY_AUDIO_SETTINGS for uid=1000 => granted (446 us)
10-12 02:43:07.053 814 1758 D audio_hw_primary: adev_set_mic_mute state 0
10-12 02:43:07.059 1029 1774 D AudioFlinger: isLowRamDevice:false totalMemory:8032665600 mClientSharedHeapSize:33554432
10-12 02:43:07.062 1140 1140 D SystemServerTiming: StartAudioService took to complete: 70ms
10-12 02:43:07.063 1140 1140 I SystemServerTiming: StartSoundTriggerMiddlewareService
10-12 02:43:07.063 1140 1140 I SystemServiceManager: Starting com.android.server.soundtrigger_middleware.SoundTriggerMiddlewareService$Lifecycle
10-12 02:43:07.063 1140 1140 D SoundTriggerMiddlewareService: Connecting to default ISoundTriggerHw
10-12 02:43:07.070 1330 1814 I android.hardware.media.omx@1.0-service: vendor/qcom/proprietary/adsprpc/src/rpcmem_android.c:159: rpcmem_init_internal: opened ION device fd 7, configured heap IDs: system (0x2000000), contig (0x400000), secure (0x200), secure flags (0x80080000)
10-12 02:43:07.070 1330 1814 I android.hardware.media.omx@1.0-service: vendor/qcom/proprietary/adsprpc/src/fastrpc_apps_user.c:3087: fastrpc_apps_user_init done with default domain:3 and &fastrpc_trace:0xe833ac1c
10-12 02:43:07.073 1140 1140 I android_os_HwBinder: HwBinder: Starting thread pool for getting: android.hardware.soundtrigger@2.0::ISoundTriggerHw/default
10-12 02:43:07.075 814 1758 I sound_trigger_hw: stdev_get_properties_extended: enter
10-12 02:43:07.075 814 1758 I sound_trigger_hw: get_base_properties: enter
10-12 02:43:07.076 814 1758 W sound_trigger_platform: platform_stdev_get_hw_type: max_cpe_sessions platform configured=1 > driver supported=0
10-12 02:43:07.078 1029 1774 I CaptureStateNotifier: Registering a listener
10-12 02:43:07.078 1140 1140 D SystemServerTiming: StartSoundTriggerMiddlewareService took to complete: 16ms
10-12 02:43:07.078 1140 1140 I SystemServerTiming: StartDockObserver
10-12 02:43:07.078 1140 1140 I SystemServiceManager: Starting com.android.server.DockObserver
10-12 02:43:07.079 1140 1140 W DockObserver: This kernel does not have dock station support
10-12 02:43:07.080 1330 1814 D PlatformConfig: getInstance: Enter
10-12 02:43:07.080 1140 1140 D SystemServerTiming: StartDockObserver took to complete: 2ms
10-12 02:43:07.081 1140 1140 I SystemServerTiming: StartWiredAccessoryManager
01-01 08:00:58.130 0 0 I msm_vidc: high: 00000001: ....e: Opening video instance: fffffff8a9570000, 0
10-12 02:43:07.081 1330 1814 D PlatformConfig: getInt32 Config name: vidc_perf_control_enable value: 0
10-12 02:43:07.081 1330 1814 D PlatformConfig: getInstance: Enter
10-12 02:43:07.081 1330 1814 D PlatformConfig: getInt32: Returning default
10-12 02:43:07.081 1330 1814 D PlatformConfig: getInstance: Enter
10-12 02:43:07.081 1330 1814 D PlatformConfig: getInt32 Config name: vidc_enc_log_in value: 0
10-12 02:43:07.081 1330 1814 D PlatformConfig: getInstance: Enter
10-12 02:43:07.081 1330 1814 D PlatformConfig: getInt32 Config name: vidc_enc_log_out value: 0
10-12 02:43:07.081 1330 1814 D PlatformConfig: getInstance: Enter
10-12 02:43:07.081 1330 1814 D PlatformConfig: getInt32 Config name: vidc_enc_csc_custom_matrix value: 0
10-12 02:43:07.081 1330 1814 D PlatformConfig: getInstance: Enter
10-12 02:43:07.081 1330 1814 D PlatformConfig: getInt32 Config name: vidc_enc_auto_blur_disable value: 0
10-12 02:43:07.081 1330 1814 D PlatformConfig: getInstance: Enter
10-12 02:43:07.082 1330 1814 D PlatformConfig: getInt32: Returning default
10-12 02:43:07.082 1330 1814 D PlatformConfig: getInstance: Enter
10-12 02:43:07.082 1330 1814 D PlatformConfig: getInt32 Config name: vidc_enc_linear_color_format value: 0
10-12 02:43:07.082 1330 1814 D PlatformConfig: getInstance: Enter
10-12 02:43:07.082 1330 1814 D PlatformConfig: getInt32 Config name: vidc_enc_bitrate_savings_enable value: 3
10-12 02:43:07.082 1330 1814 D PlatformConfig: getInstance: Enter
10-12 02:43:07.082 1330 1814 D PlatformConfig: getInt32 Config name: vidc_enc_quality_boost_enable value: 1
10-12 02:43:07.082 1140 1868 I SoundTriggerMiddlewareLogging: setCaptureState[this=com.android.server.soundtrigger_middleware.SoundTriggerMiddlewareImpl@55afdbf, client=null](false)
10-12 02:43:07.082 1140 1140 W WiredAccessoryManager: This kernel does not have usb audio support
10-12 02:43:07.083 1140 1140 W WiredAccessoryManager: This kernel does not have HDMI audio support
10-12 02:43:07.083 1140 1140 E WiredAccessoryManager: file /sys/devices/platform/soc/soc:qcom,msm-ext-disp/extcon/extcon3/name not found
10-12 02:43:07.084 1140 1140 W WiredAccessoryManager: Conn soc:qcom,msm-ext-disp/3/0 does not have DP audio support
10-12 02:43:07.084 1140 1140 E WiredAccessoryManager: file /sys/devices/platform/soc/soc:qcom,msm-ext-disp/extcon/extcon2/name not found
10-12 02:43:07.085 1140 1140 W WiredAccessoryManager: Conn soc:qcom,msm-ext-disp/2/0 does not have DP audio support
10-12 02:43:07.089 1140 1140 E WiredAccessoryManager: set dev_index 1
10-12 02:43:07.091 1140 1140 W WiredAccessoryManager: checkCableIndex set cable 0
10-12 02:43:07.093 1140 1140 E WiredAccessoryManager: set dev_index 0
10-12 02:43:07.095 1140 1140 W WiredAccessoryManager: checkCableIndex set cable 0
10-12 02:43:07.096 1140 1140 D SystemServerTiming: StartWiredAccessoryManager took to complete: 15ms
10-12 02:43:07.096 1140 1140 I SystemServerTiming: StartMidiManager
10-12 02:43:07.097 1140 1140 I SystemServiceManager: Starting com.android.server.midi.MidiService$Lifecycle
10-12 02:43:07.099 1330 1814 I OMX-VENC: Component_init : OMX.qcom.video.encoder.heic : return = 0x0
10-12 02:43:07.100 1330 1850 I OMX-VENC: venc_dev: v4l2 profile : 0 flags : 7
10-12 02:43:07.101 1330 1815 I OMX-VENC: venc_dev: v4l2 profile : 2 flags : 7
10-12 02:43:07.101 1330 1850 I OMX-VENC: venc_dev: v4l2 profile : 1 flags : 7
10-12 02:43:07.101 1330 1815 I OMX-VENC: venc_dev: v4l2 profile : 2 flags : 7
10-12 02:43:07.101 1330 1850 I OMX-VENC: venc_dev: v4l2 profile : 2 flags : 7
10-12 02:43:07.102 1295 1800 W OMXUtils: do not know color format 0x7fa30c06 = 2141391878
10-12 02:43:07.103 1295 1800 W OMXUtils: do not know color format 0x7fa30c04 = 2141391876
10-12 02:43:07.104 1295 1800 W OMXUtils: do not know color format 0x7fa30c00 = 2141391872
10-12 02:43:07.105 1295 1800 W OMXUtils: do not know color format 0x7fa30c09 = 2141391881
10-12 02:43:07.105 1140 1140 D SystemServerTiming: StartMidiManager took to complete: 8ms
10-12 02:43:07.105 1140 1140 I SystemServerTiming: StartAdbService
10-12 02:43:07.105 1295 1800 W OMXUtils: do not know color format 0x7fa30c0a = 2141391882
10-12 02:43:07.105 1140 1140 I SystemServiceManager: Starting com.android.server.adb.AdbService$Lifecycle
10-12 02:43:07.106 1295 1800 W OMXUtils: do not know color format 0x7fa30c08 = 2141391880
10-12 02:43:07.108 1295 1800 W OMXUtils: do not know color format 0x7fa30c07 = 2141391879
10-12 02:43:07.108 1140 1140 D SystemServerTiming: StartAdbService took to complete: 4ms
10-12 02:43:07.109 1140 1140 I SystemServerTiming: StartUsbService
10-12 02:43:07.109 1140 1140 I SystemServiceManager: Starting com.android.server.usb.UsbService$Lifecycle
10-12 02:43:07.109 1295 1800 W OMXUtils: do not know color format 0x7f000789 = 2130708361
10-12 02:43:07.109 1140 1140 D SystemServerTiming: StartUsbService took to complete: 0ms
10-12 02:43:07.109 1140 1220 I SystemServerTimingAsync: InitThreadPoolExec:UsbService$Lifecycle#onStart
10-12 02:43:07.109 1140 1220 D SystemServerInitThreadPool: Started executing UsbService$Lifecycle#onStart
10-12 02:43:07.110 1140 1220 E UsbDeviceManager: failed to write to /sys/class/android_usb/android0/f_rndis/ethaddr
10-12 02:43:07.110 1140 1140 I SystemServerTiming: StartSerialService
10-12 02:43:07.110 1330 1870 E OMX-VENC: venc_dev: async_venc_message_thread interrupted to be exited
01-01 08:00:58.161 0 0 I msm_vidc: high: 00000001: h265e: Closed video instance: fffffff8a9570000
10-12 02:43:07.111 503 503 I hwservicemanager: getTransport: Cannot find entry android.hardware.usb.gadget@1.0::IUsbGadget/default in either framework or device VINTF manifest.
10-12 02:43:07.112 1140 1220 I UsbDeviceManager: USB GADGET HAL not present in the device
10-12 02:43:07.112 1140 1220 I UsbDeviceManager: java.util.NoSuchElementException
10-12 02:43:07.112 1140 1220 I UsbDeviceManager: at android.os.HwBinder.getService(Native Method)
10-12 02:43:07.112 1140 1220 I UsbDeviceManager: at android.hardware.usb.gadget.V1_0.IUsbGadget.getService(IUsbGadget.java:57)
10-12 02:43:07.112 1140 1220 I UsbDeviceManager: at android.hardware.usb.gadget.V1_0.IUsbGadget.getService(IUsbGadget.java:64)
10-12 02:43:07.112 1140 1220 I UsbDeviceManager: at com.android.server.usb.UsbDeviceManager.(UsbDeviceManager.java:293)
10-12 02:43:07.112 1140 1220 I UsbDeviceManager: at com.android.server.usb.UsbService.(UsbService.java:178)
10-12 02:43:07.112 1140 1220 I UsbDeviceManager: at com.android.server.usb.UsbService$Lifecycle.lambda$onStart$0$UsbService$Lifecycle(UsbService.java:92)
10-12 02:43:07.112 1140 1220 I UsbDeviceManager: at com.android.server.usb.UsbService$Lifecycle$$ExternalSyntheticLambda1.run(Unknown Source:2)
10-12 02:43:07.112 1140 1220 I UsbDeviceManager: at com.android.server.SystemServerInitThreadPool.lambda$submitTask$0$SystemServerInitThreadPool(SystemServerInitThreadPool.java:105)
10-12 02:43:07.112 1140 1220 I UsbDeviceManager: at com.android.server.SystemServerInitThreadPool$$ExternalSyntheticLambda0.run(Unknown Source:6)
10-12 02:43:07.112 1140 1220 I UsbDeviceManager: at java.util.concurrent.Executors$RunnableAdapter.call(Executors.java:462)
10-12 02:43:07.112 1140 1220 I UsbDeviceManager: at java.util.concurrent.FutureTask.run(FutureTask.java:266)
10-12 02:43:07.112 1140 1220 I UsbDeviceManager: at java.util.concurrent.ThreadPoolExecutor.runWorker(ThreadPoolExecutor.java:1167)
10-12 02:43:07.112 1140 1220 I UsbDeviceManager: at java.util.concurrent.ThreadPoolExecutor$Worker.run(ThreadPoolExecutor.java:641)
10-12 02:43:07.112 1140 1220 I UsbDeviceManager: at com.android.internal.util.ConcurrentUtils$1$1.run(ConcurrentUtils.java:65)
10-12 02:43:07.113 1330 1872 I OMX-VENC: Component Deinit
10-12 02:43:07.113 678 678 I Zygote : Preloading shared libraries...
10-12 02:43:07.112 1140 1140 D SystemServerTiming: StartSerialService took to complete: 3ms
10-12 02:43:07.118 1140 1140 I SystemServerTiming: StartHardwarePropertiesManagerService
10-12 02:43:07.118 1140 1220 E UsbDeviceManagerJNI: could not open control for mtp No such file or directory
10-12 02:43:07.118 1140 1220 E UsbDeviceManager: Failed to open control for mtp
10-12 02:43:07.119 1140 1220 E UsbDeviceManagerJNI: could not open control for ptp No such file or directory
10-12 02:43:07.119 1140 1220 E UsbDeviceManager: Failed to open control for ptp
10-12 02:43:07.123 1140 1220 W StorageManagerService: No primary storage defined yet; hacking together a stub
10-12 02:43:07.124 1330 1872 I android.hardware.media.omx@1.0-service: vendor/qcom/proprietary/adsprpc/src/rpcmem_android.c:192: rpcmem_deinit_internal: closed ION fd 7
10-12 02:43:07.124 1330 1872 I android.hardware.media.omx@1.0-service: vendor/qcom/proprietary/adsprpc/src/fastrpc_apps_user.c:3019: fastrpc_apps_user_deinit done
10-12 02:43:07.126 678 678 I Zygote : Called ZygoteHooks.endPreload()
10-12 02:43:07.126 678 678 I Zygote : Installed AndroidKeyStoreProvider in 1ms.
10-12 02:43:07.128 1140 1140 D HardwarePropertiesManagerService-JNI: Link to death notification successful
01-01 08:00:58.176 0 0 I : acc_open
01-01 08:00:58.176 0 0 I : acc_release
10-12 02:43:07.130 1140 1140 D SystemServerTiming: StartHardwarePropertiesManagerService took to complete: 11ms
10-12 02:43:07.130 1140 1140 I SystemServerTiming: StartTwilightService
10-12 02:43:07.130 678 678 I Zygote : Warmed up JCA providers in 3ms.
10-12 02:43:07.130 678 678 D Zygote : end preload
10-12 02:43:07.130 1140 1140 I SystemServiceManager: Starting com.android.server.twilight.TwilightService
10-12 02:43:07.130 1140 1140 D SystemServerTiming: StartTwilightService took to complete: 1ms
10-12 02:43:07.130 1140 1140 I SystemServerTiming: StartColorDisplay
10-12 02:43:07.130 1140 1140 I SystemServiceManager: Starting com.android.server.display.color.ColorDisplayService
10-12 02:43:07.131 1140 1681 D SystemServerTimingAsync: SecondaryZygotePreload took to complete: 1282ms
10-12 02:43:07.131 1140 1681 D SystemServerInitThreadPool: Finished executing SecondaryZygotePreload
10-12 02:43:07.131 1140 1681 D SystemServerTimingAsync: InitThreadPoolExec:SecondaryZygotePreload took to complete: 1282ms
10-12 02:43:07.131 1295 1800 I OMXClient: IOmx service obtained
10-12 02:43:07.131 1330 1873 I OMXMaster: makeComponentInstance(OMX.qcom.video.decoder.avc) in android.hardwar process
10-12 02:43:07.133 1140 1220 I android_os_HwBinder: HwBinder: Starting thread pool for getting: android.hidl.manager@1.0::IServiceManager/default
10-12 02:43:07.134 1140 1140 D SystemServerTiming: StartColorDisplay took to complete: 3ms
10-12 02:43:07.134 1140 1140 I SystemServerTiming: StartJobScheduler
10-12 02:43:07.134 1140 1140 I SystemServiceManager: Starting com.android.server.job.JobSchedulerService
10-12 02:43:07.137 1140 1711 I UsbPortManager: Usb hal service started android.hardware.usb@1.0::IUsb default
10-12 02:43:07.138 1140 1711 I android_os_HwBinder: HwBinder: Starting thread pool for getting: android.hardware.usb@1.0::IUsb/default
10-12 02:43:07.140 1330 1873 E android.hardware.media.omx@1.0-service: Service not available yet
10-12 02:43:07.140 945 945 I android.hardware.usb@1.2-service-qti: registering callback
10-12 02:43:07.141 945 1876 E android.hardware.usb@1.2-service-qti: creating thread
10-12 02:43:07.141 1330 1873 D PlatformConfig: getInstance: Enter
10-12 02:43:07.142 945 945 I android.hardware.usb@1.2-service-qti: Contamination presence path:
10-12 02:43:07.143 945 945 I android.hardware.usb@1.2-service-qti: Hardcode parameters for non-typec targets
10-12 02:43:07.143 1140 1711 I UsbPortManager: USB HAL version: 12
10-12 02:43:07.144 1330 1873 D PlatformConfig: getConfigStoreBool: vpp/enable=false, returning false
10-12 02:43:07.145 1140 1220 D SystemServerInitThreadPool: Finished executing UsbService$Lifecycle#onStart
10-12 02:43:07.147 1140 1220 D SystemServerTimingAsync: InitThreadPoolExec:UsbService$Lifecycle#onStart took to complete: 39ms
10-12 02:43:07.149 1140 1140 D JobStore: Start tag: job-info
10-12 02:43:07.150 1140 1140 W JobStore: Periodic job for uid='10099' persisted run-time is too big [360:01:42, 720:01:42]. Clamping to [360:00:51,720:00:51]
10-12 02:43:07.151 1140 1140 W JobStore: Periodic job for uid='1000' persisted run-time is too big [24:01:04, 48:01:04]. Clamping to [24:00:51,48:00:51]
10-12 02:43:07.151 1140 1140 I JobStore: Read 5 jobs
10-12 02:43:07.155 1140 1823 D ConnectivityService: NetReassign [no changes]
10-12 02:43:07.158 1140 1140 V HistoricalRegistry: Interaction before persistence initialized
10-12 02:43:07.158 1140 1140 V HistoricalRegistry: Interaction before persistence initialized
10-12 02:43:07.158 1140 1140 W JobScheduler: !!! RTC not yet good; tracking time updates for job scheduling
10-12 02:43:07.159 1140 1140 D SystemServerTiming: StartJobScheduler took to complete: 25ms
10-12 02:43:07.159 1140 1140 I SystemServerTiming: StartSoundTrigger
10-12 02:43:07.159 1330 1873 D PlatformConfig: getInstance: Enter
10-12 02:43:07.159 1330 1873 D PlatformConfig: getInt32 Config name: vidc_dec_log_in value: 0
10-12 02:43:07.159 1140 1140 I SystemServiceManager: Starting com.android.server.soundtrigger.SoundTriggerService
10-12 02:43:07.159 1330 1873 D PlatformConfig: getInstance: Enter
10-12 02:43:07.159 1330 1873 D PlatformConfig: getInt32 Config name: vidc_dec_log_out value: 0
10-12 02:43:07.159 1330 1873 D PlatformConfig: getInstance: Enter
10-12 02:43:07.159 1330 1873 D PlatformConfig: getInt32 Config name: vidc_dec_sec_prefetch_size_internal value: 209715200
10-12 02:43:07.159 1330 1873 D PlatformConfig: getInstance: Enter
10-12 02:43:07.159 1330 1873 D PlatformConfig: getInt32 Config name: vidc_dec_sec_prefetch_size_output value: 13434880
10-12 02:43:07.159 1330 1873 D PlatformConfig: getInstance: Enter
10-12 02:43:07.159 1330 1873 D PlatformConfig: getInt32 Config name: vidc_perf_control_enable value: 0
10-12 02:43:07.159 1330 1873 D PlatformConfig: getInstance: Enter
10-12 02:43:07.159 1330 1873 D PlatformConfig: getInt32 Config name: vidc_dec_thumbnail_yuv_output value: 0
10-12 02:43:07.160 1330 1873 D PlatformConfig: getInstance: Enter
10-12 02:43:07.160 1330 1873 D PlatformConfig: getInt32: Returning default
10-12 02:43:07.160 1330 1873 D PlatformConfig: getInstance: Enter
10-12 02:43:07.160 1330 1873 D PlatformConfig: getInt32 Config name: vidc_dec_output_rate value: 120
10-12 02:43:07.160 1330 1873 I OMX-VDEC-1080P: component_init: OMX.qcom.video.decoder.avc : fd=7
10-12 02:43:07.160 1330 1873 E OMX-VDEC-1080P: Unsupported output color format for c2d (2141391876)
10-12 02:43:07.160 1330 1873 E OMX-VDEC-1080P: Setting color format failed
01-01 08:00:58.208 0 0 I msm_vidc: high: 00000001: ....d: Opening video instance: fffffff8a97b8000, 1
10-12 02:43:07.161 1330 1873 D PlatformConfig: getInstance: Enter
10-12 02:43:07.162 1330 1873 D PlatformConfig: getInt32: Returning default
10-12 02:43:07.162 1330 1873 D PlatformConfig: getInstance: Enter
10-12 02:43:07.162 1330 1873 D PlatformConfig: getInt32: Returning default
10-12 02:43:07.162 1330 1873 I OMX-VDEC-1080P: omx_vdec::component_init() success : fd=7
10-12 02:43:07.165 1330 1872 E OMX-VDEC-1080P: Extension: OMX.google.android.index.storeANWBufferInMetadata not implemented
10-12 02:43:07.165 1330 1872 E OMX-VDEC-1080P: Extension: OMX.google.android.index.configureVideoTunnelMode not implemented
10-12 02:43:07.165 1330 1872 E OMX-VDEC-1080P: Extension: OMX.google.android.index.useAndroidNativeBuffer is supported
10-12 02:43:07.167 1140 1140 D SystemServerTiming: StartSoundTrigger took to complete: 7ms
10-12 02:43:07.167 1330 1872 E OMXNodeInstance: getParameter(0xe8fa0034:qcom.decoder.avc, ??(0x7f000044)) ERROR: UnsupportedSetting(0x80001019)
10-12 02:43:07.167 1140 1140 I SystemServerTiming: StartTrustManager
10-12 02:43:07.167 1140 1140 I SystemServiceManager: Starting com.android.server.trust.TrustManagerService
10-12 02:43:07.168 1330 1873 E OMXNodeInstance: getParameter(0xe8fa0034:qcom.decoder.avc, ??(0x7f000044)) ERROR: UnsupportedSetting(0x80001019)
10-12 02:43:07.170 1330 1815 E OMX-VDEC-1080P: Extension: OMX.google.android.index.configureVideoTunnelMode not implemented
10-12 02:43:07.170 1330 1815 E OMXNodeInstance: getExtensionIndex(0xe8fa0034:qcom.decoder.avc, OMX.google.android.index.configureVideoTunnelMode) ERROR: NotImplemented(0x80001006)
10-12 02:43:07.170 1295 1800 D MediaCodecInfo: detail feature-tunneled-playback wasn't present to remove
10-12 02:43:07.170 1330 1814 E OMX-VDEC-1080P: set_parameter: Error: 0x80001019, setting param 0x7f00005d
10-12 02:43:07.170 1330 1814 E OMXNodeInstance: setParameter(0xe8fa0034:qcom.decoder.avc, OMX.google.android.index.allocateNativeHandle(0x7f00005d): Output:1 en=0) ERROR: UnsupportedSetting(0x80001019)
10-12 02:43:07.170 1330 1814 E OMX-VDEC-1080P: Extension: OMX.google.android.index.storeANWBufferInMetadata not implemented
10-12 02:43:07.170 1330 1814 I OMX-VDEC-1080P: omx_vdec::component_deinit() complete
10-12 02:43:07.171 1140 1140 D SystemServerTiming: StartTrustManager took to complete: 4ms
10-12 02:43:07.171 1140 1140 I SystemServerTiming: StartBackupManager
10-12 02:43:07.171 1140 1140 I SystemServiceManager: Starting com.android.server.backup.BackupManagerService$Lifecycle
10-12 02:43:07.174 1140 1140 D SystemServerTiming: StartBackupManager took to complete: 3ms
10-12 02:43:07.174 1140 1140 I SystemServerTiming: StartAppWidgetService
10-12 02:43:07.174 1140 1140 I SystemServiceManager: Starting com.android.server.appwidget.AppWidgetService
10-12 02:43:07.176 1140 1140 D SystemServerTiming: StartAppWidgetService took to complete: 2ms
10-12 02:43:07.176 1140 1140 I SystemServerTiming: StartVoiceRecognitionManager
10-12 02:43:07.177 1140 1140 I SystemServiceManager: Starting com.android.server.voiceinteraction.VoiceInteractionManagerService
10-12 02:43:07.180 1330 1814 I OMX-VDEC-1080P: Exit OMX vdec Destructor: fd=7
01-01 08:00:58.230 0 0 I msm_vidc: high: 00000001: h264d: Closed video instance: fffffff8a97b8000
10-12 02:43:07.188 1140 1140 D SystemServerTiming: StartVoiceRecognitionManager took to complete: 11ms
10-12 02:43:07.188 1140 1140 I SystemServerTiming: StartAppHibernationService
10-12 02:43:07.188 1140 1140 I SystemServiceManager: Starting com.android.server.apphibernation.AppHibernationService
10-12 02:43:07.189 1295 1800 I OMXClient: IOmx service obtained
10-12 02:43:07.189 1330 1814 I OMXMaster: makeComponentInstance(OMX.qcom.video.decoder.avc.secure) in android.hardwar process
10-12 02:43:07.191 1140 1140 D SystemServerTiming: StartAppHibernationService took to complete: 2ms
10-12 02:43:07.191 1140 1140 I SystemServerTiming: StartGestureLauncher
10-12 02:43:07.191 1140 1140 I SystemServiceManager: Starting com.android.server.GestureLauncherService
10-12 02:43:07.191 1140 1140 D SystemServerTiming: StartGestureLauncher took to complete: 0ms
10-12 02:43:07.191 1140 1140 I SystemServerTiming: StartSensorNotification
10-12 02:43:07.192 1140 1140 I SystemServiceManager: Starting com.android.server.SensorNotificationService
10-12 02:43:07.192 1140 1140 D SystemServerTiming: StartSensorNotification took to complete: 0ms
10-12 02:43:07.192 1140 1140 I SystemServerTiming: StartDiskStatsService
10-12 02:43:07.194 1140 1140 D SystemServerTiming: StartDiskStatsService took to complete: 2ms
10-12 02:43:07.194 1140 1140 I SystemServerTiming: RuntimeService
10-12 02:43:07.195 1140 1140 D SystemServerTiming: RuntimeService took to complete: 2ms
10-12 02:43:07.195 1140 1140 I SystemServerTiming: StartNetworkTimeUpdateService
10-12 02:43:07.196 1140 1215 W IorapForwardingService: No service published for: iorapd
10-12 02:43:07.191 1140 1140 I auditd : type=1400 audit(0.0:87): avc: denied { read } for comm="system_server" name="u:object_r:vendor_default_prop:s0" dev="tmpfs" ino=28730 scontext=u:r:system_server:s0 tcontext=u:object_r:vendor_default_prop:s0 tclass=file permissive=0
10-12 02:43:07.191 1140 1140 W system_server: type=1400 audit(0.0:87): avc: denied { read } for name="u:object_r:vendor_default_prop:s0" dev="tmpfs" ino=28730 scontext=u:r:system_server:s0 tcontext=u:object_r:vendor_default_prop:s0 tclass=file permissive=0
10-12 02:43:07.196 1140 1140 W libc : Access denied finding property "persist.vendor.ntp.svr_2"
10-12 02:43:07.197 1330 1814 E android.hardware.media.omx@1.0-service: Service not available yet
10-12 02:43:07.199 1330 1814 D PlatformConfig: getInstance: Enter
10-12 02:43:07.199 1140 1140 D SystemServerTiming: StartNetworkTimeUpdateService took to complete: 3ms
10-12 02:43:07.199 1140 1140 I SystemServerTiming: CertBlacklister
10-12 02:43:07.199 1330 1814 D PlatformConfig: getConfigStoreBool: vpp/enable=false, returning false
10-12 02:43:07.200 1140 1140 D SystemServerTiming: CertBlacklister took to complete: 0ms
10-12 02:43:07.200 1140 1140 I SystemServerTiming: StartEmergencyAffordanceService
10-12 02:43:07.200 1140 1140 I SystemServiceManager: Starting com.android.server.emergency.EmergencyAffordanceService
10-12 02:43:07.202 1140 1140 D SystemServerTiming: StartEmergencyAffordanceService took to complete: 2ms
10-12 02:43:07.202 1140 1140 I SystemServerTiming: startBlobStoreManagerService
10-12 02:43:07.202 1140 1140 I SystemServiceManager: Starting com.android.server.blob.BlobStoreManagerService
10-12 02:43:07.207 1140 1140 D SystemServerTiming: startBlobStoreManagerService took to complete: 5ms
10-12 02:43:07.207 1140 1140 I SystemServerTiming: StartDreamManager
10-12 02:43:07.207 1140 1140 I SystemServiceManager: Starting com.android.server.dreams.DreamManagerService
10-12 02:43:07.208 1140 1215 I commit_sys_config_file: [notification-policy,4]
10-12 02:43:07.209 1140 1140 D SystemServerTiming: StartDreamManager took to complete: 2ms
10-12 02:43:07.209 1140 1140 I SystemServerTiming: AddGraphicsStatsService
10-12 02:43:07.210 1330 1814 D PlatformConfig: getInstance: Enter
10-12 02:43:07.210 1330 1814 D PlatformConfig: getInt32 Config name: vidc_dec_log_in value: 0
10-12 02:43:07.210 1330 1814 D PlatformConfig: getInstance: Enter
10-12 02:43:07.210 1330 1814 D PlatformConfig: getInt32 Config name: vidc_dec_log_out value: 0
10-12 02:43:07.210 1330 1814 D PlatformConfig: getInstance: Enter
10-12 02:43:07.210 1330 1814 D PlatformConfig: getInt32 Config name: vidc_dec_sec_prefetch_size_internal value: 209715200
10-12 02:43:07.210 1330 1814 D PlatformConfig: getInstance: Enter
10-12 02:43:07.210 1330 1814 D PlatformConfig: getInt32 Config name: vidc_dec_sec_prefetch_size_output value: 13434880
10-12 02:43:07.210 1330 1814 D PlatformConfig: getInstance: Enter
10-12 02:43:07.210 1330 1814 D PlatformConfig: getInt32 Config name: vidc_perf_control_enable value: 0
10-12 02:43:07.210 1330 1814 D PlatformConfig: getInstance: Enter
10-12 02:43:07.210 1330 1814 D PlatformConfig: getInt32 Config name: vidc_dec_thumbnail_yuv_output value: 0
10-12 02:43:07.211 1330 1814 D PlatformConfig: getInstance: Enter
10-12 02:43:07.211 1330 1814 D PlatformConfig: getInt32: Returning default
10-12 02:43:07.211 1330 1814 D PlatformConfig: getInstance: Enter
10-12 02:43:07.211 1330 1814 D PlatformConfig: getInt32 Config name: vidc_dec_output_rate value: 120
10-12 02:43:07.211 1330 1814 I OMX-VDEC-1080P: component_init: OMX.qcom.video.decoder.avc : fd=7
10-12 02:43:07.212 1330 1814 E OMX-VDEC-1080P: Unsupported output color format for c2d (2141391876)
10-12 02:43:07.212 1330 1814 E OMX-VDEC-1080P: Setting color format failed
01-01 08:00:58.259 0 0 I msm_vidc: high: 00000001: ....d: Opening video instance: fffffff8a97bc000, 1
10-12 02:43:07.213 1330 1814 D PlatformConfig: getInstance: Enter
10-12 02:43:07.213 1330 1814 D PlatformConfig: getInt32: Returning default
10-12 02:43:07.213 1330 1814 D PlatformConfig: getInstance: Enter
10-12 02:43:07.213 1330 1814 D PlatformConfig: getInt32: Returning default
10-12 02:43:07.213 1330 1814 I OMX-VDEC-1080P: omx_vdec::component_init() success : fd=7
10-12 02:43:07.217 1330 1872 E OMX-VDEC-1080P: Extension: OMX.google.android.index.storeANWBufferInMetadata not implemented
10-12 02:43:07.217 1330 1872 E OMX-VDEC-1080P: Extension: OMX.google.android.index.configureVideoTunnelMode not implemented
10-12 02:43:07.217 1330 1872 E OMX-VDEC-1080P: Extension: OMX.google.android.index.useAndroidNativeBuffer is supported
10-12 02:43:07.218 1330 1850 E OMXNodeInstance: getParameter(0xe8fa0034:qcom.decoder.avc.secure, ??(0x7f000044)) ERROR: UnsupportedSetting(0x80001019)
10-12 02:43:07.219 1330 1815 E OMXNodeInstance: getParameter(0xe8fa0034:qcom.decoder.avc.secure, ??(0x7f000044)) ERROR: UnsupportedSetting(0x80001019)
10-12 02:43:07.222 1330 1815 E OMX-VDEC-1080P: Extension: OMX.google.android.index.configureVideoTunnelMode not implemented
10-12 02:43:07.222 1330 1815 E OMXNodeInstance: getExtensionIndex(0xe8fa0034:qcom.decoder.avc.secure, OMX.google.android.index.configureVideoTunnelMode) ERROR: NotImplemented(0x80001006)
10-12 02:43:07.222 1295 1800 D MediaCodecInfo: detail feature-tunneled-playback wasn't present to remove
10-12 02:43:07.223 1330 1330 E OMX-VDEC-1080P: set_parameter: Error: 0x80001019, setting param 0x7f00005d
10-12 02:43:07.223 1330 1330 E OMXNodeInstance: setParameter(0xe8fa0034:qcom.decoder.avc.secure, OMX.google.android.index.allocateNativeHandle(0x7f00005d): Output:1 en=0) ERROR: UnsupportedSetting(0x80001019)
10-12 02:43:07.223 1330 1330 E OMX-VDEC-1080P: Extension: OMX.google.android.index.storeANWBufferInMetadata not implemented
10-12 02:43:07.223 1330 1330 I OMX-VDEC-1080P: omx_vdec::component_deinit() complete
01-01 08:00:58.264 0 0 E : INFO: trying to register non-static key.
01-01 08:00:58.269 0 0 E : the code is fine but needs lockdep annotation.
01-01 08:00:58.275 0 0 I : CPU: 0 PID: 1888 Comm: VideoDecMsgThre Tainted: G S W O 4.19.157+ #1
01-01 08:00:58.275 0 0 I Hardware name: Qualcomm Technologies, Inc. kona MTP-RmPM8150b. VX1(MCE) EVT2 (DT)
01-01 08:00:58.275 0 0 I Call trace:
01-01 08:00:58.275 0 0 I : dump_backtrace+0x0/0x258
01-01 08:00:58.275 0 0 I : show_stack+0x20/0x30
01-01 08:00:58.275 0 0 I : dump_stack+0xd8/0x12c
01-01 08:00:58.275 0 0 I : register_lock_class+0x4d0/0x5c8
01-01 08:00:58.275 0 0 I : __lock_acquire+0xbc/0x1e58
01-01 08:00:58.275 0 0 I : lock_acquire+0x1cc/0x218
01-01 08:00:58.275 0 0 I : _raw_spin_lock_irqsave+0x54/0x98
01-01 08:00:58.275 0 0 I : __ion_system_secure_heap_resize+0x768/0x8c0
01-01 08:00:58.275 0 0 I : ion_system_secure_heap_prefetch+0x28/0x38
01-01 08:00:58.275 0 0 I : ion_walk_heaps+0x88/0xb8
01-01 08:00:58.275 0 0 I : ion_ioctl+0x1b0/0x2a8
01-01 08:00:58.275 0 0 I : __arm64_compat_sys_ioctl+0xf4/0x240
01-01 08:00:58.275 0 0 I : el0_svc_common+0xa4/0x190
01-01 08:00:58.275 0 0 I : el0_svc_compat_handler+0x28/0x38
01-01 08:00:58.275 0 0 I : el0_svc_compat+0x8/0x34
01-01 08:00:58.280 0 0 E : INFO: trying to register non-static key.
01-01 08:00:58.283 0 0 E : INFO: trying to register non-static key.
01-01 08:00:58.285 0 0 E : the code is fine but needs lockdep annotation.
01-01 08:00:58.290 0 0 E : the code is fine but needs lockdep annotation.
01-01 08:00:58.295 0 0 I : CPU: 5 PID: 1596 Comm: kworker/u16:18 Tainted: G S W O 4.19.157+ #1
01-01 08:00:58.301 0 0 I Hardware name: Qualcomm Technologies, Inc. kona MTP-RmPM8150b. VX1(MCE) EVT2 (DT)
01-01 08:00:58.301 0 0 I Workqueue: events_unbound ion_system_secure_heap_prefetch_work
01-01 08:00:58.301 0 0 I Call trace:
01-01 08:00:58.301 0 0 I : dump_backtrace+0x0/0x258
01-01 08:00:58.301 0 0 I : show_stack+0x20/0x30
01-01 08:00:58.301 0 0 I : dump_stack+0xd8/0x12c
01-01 08:00:58.301 0 0 I : register_lock_class+0x4d0/0x5c8
01-01 08:00:58.301 0 0 I : __lock_acquire+0xbc/0x1e58
01-01 08:00:58.301 0 0 I : lock_acquire+0x1cc/0x218
01-01 08:00:58.301 0 0 I : _raw_spin_lock_irqsave+0x54/0x98
01-01 08:00:58.301 0 0 I : ion_system_secure_heap_prefetch_work+0x48/0x2c0
01-01 08:00:58.301 0 0 I : process_one_work+0x38c/0x660
01-01 08:00:58.301 0 0 I : worker_thread+0x268/0x4b8
01-01 08:00:58.301 0 0 I : kthread+0x140/0x150
01-01 08:00:58.301 0 0 I : ret_from_fork+0x10/0x1c
01-01 08:00:58.301 0 0 I : CPU: 4 PID: 1330 Comm: omx@1.0-service Tainted: G S W O 4.19.157+ #1
01-01 08:00:58.301 0 0 I Hardware name: Qualcomm Technologies, Inc. kona MTP-RmPM8150b. VX1(MCE) EVT2 (DT)
01-01 08:00:58.301 0 0 I Call trace:
01-01 08:00:58.301 0 0 I : dump_backtrace+0x0/0x258
01-01 08:00:58.301 0 0 I : show_stack+0x20/0x30
01-01 08:00:58.301 0 0 I : dump_stack+0xd8/0x12c
01-01 08:00:58.301 0 0 I : register_lock_class+0x4d0/0x5c8
01-01 08:00:58.301 0 0 I : __lock_acquire+0xbc/0x1e58
01-01 08:00:58.301 0 0 I : lock_acquire+0x1cc/0x218
01-01 08:00:58.301 0 0 I : _raw_spin_lock_irqsave+0x54/0x98
01-01 08:00:58.301 0 0 I : __ion_system_secure_heap_resize+0x768/0x8c0
01-01 08:00:58.301 0 0 I : ion_system_secure_heap_drain+0x28/0x38
01-01 08:00:58.301 0 0 I : ion_walk_heaps+0x88/0xb8
01-01 08:00:58.301 0 0 I : ion_ioctl+0x1b0/0x2a8
01-01 08:00:58.301 0 0 I : __arm64_compat_sys_ioctl+0xf4/0x240
01-01 08:00:58.301 0 0 I : el0_svc_common+0xa4/0x190
01-01 08:00:58.301 0 0 I : el0_svc_compat_handler+0x28/0x38
01-01 08:00:58.301 0 0 I : el0_svc_compat+0x8/0x34
10-12 02:43:07.256 1140 1140 D SystemServerTiming: AddGraphicsStatsService took to complete: 46ms
10-12 02:43:07.256 1140 1140 I SystemServerTiming: StartCompanionDeviceManager
10-12 02:43:07.256 1140 1140 I SystemServiceManager: Starting com.android.server.companion.CompanionDeviceManagerService
10-12 02:43:07.256 1330 1330 I OMX-VDEC-1080P: Exit OMX vdec Destructor: fd=7
01-01 08:00:58.304 0 0 I msm_vidc: high: 00000001: h264d: Closed video instance: fffffff8a97bc000
01-01 08:00:58.304 0 0 E : INFO: trying to register non-static key.
10-12 02:43:07.260 1140 1140 D SystemServerTiming: StartCompanionDeviceManager took to complete: 3ms
10-12 02:43:07.260 1140 1140 I SystemServerTiming: StartRestrictionManager
10-12 02:43:07.260 1140 1140 I SystemServiceManager: Starting com.android.server.restrictions.RestrictionsManagerService
10-12 02:43:07.261 1140 1140 D SystemServerTiming: StartRestrictionManager took to complete: 2ms
10-12 02:43:07.261 1140 1140 I SystemServerTiming: StartMediaSessionService
10-12 02:43:07.262 1140 1140 I SystemServiceManager: Starting com.android.server.media.MediaSessionService
10-12 02:43:07.264 1140 1140 D SystemServerTiming: StartMediaSessionService took to complete: 2ms
10-12 02:43:07.264 1140 1140 I SystemServerTiming: StartMediaResourceMonitor
10-12 02:43:07.264 1140 1140 I SystemServiceManager: Starting com.android.server.media.MediaResourceMonitorService
10-12 02:43:07.265 1140 1140 D SystemServerTiming: StartMediaResourceMonitor took to complete: 1ms
10-12 02:43:07.265 1140 1140 I SystemServerTiming: StartMediaRouterService
10-12 02:43:07.265 1140 1140 V HistoricalRegistry: Interaction before persistence initialized
01-01 08:00:58.310 0 0 E : the code is fine but needs lockdep annotation.
01-01 08:00:58.315 0 0 I : CPU: 0 PID: 1596 Comm: kworker/u16:18 Tainted: G S W O 4.19.157+ #1
01-01 08:00:58.315 0 0 I Hardware name: Qualcomm Technologies, Inc. kona MTP-RmPM8150b. VX1(MCE) EVT2 (DT)
01-01 08:00:58.315 0 0 I Workqueue: events_unbound ion_system_secure_heap_prefetch_work
01-01 08:00:58.315 0 0 I Call trace:
01-01 08:00:58.315 0 0 I : dump_backtrace+0x0/0x258
01-01 08:00:58.315 0 0 I : show_stack+0x20/0x30
01-01 08:00:58.315 0 0 I : dump_stack+0xd8/0x12c
01-01 08:00:58.315 0 0 I : register_lock_class+0x4d0/0x5c8
01-01 08:00:58.315 0 0 I : __lock_acquire+0xbc/0x1e58
01-01 08:00:58.315 0 0 I : lock_acquire+0x1cc/0x218
01-01 08:00:58.315 0 0 I : _raw_spin_lock_irqsave+0x54/0x98
01-01 08:00:58.315 0 0 I : ion_system_secure_heap_prefetch_work+0x94/0x2c0
01-01 08:00:58.315 0 0 I : process_one_work+0x38c/0x660
01-01 08:00:58.315 0 0 I : worker_thread+0x268/0x4b8
01-01 08:00:58.315 0 0 I : kthread+0x140/0x150
01-01 08:00:58.315 0 0 I : ret_from_fork+0x10/0x1c
10-12 02:43:07.266 1295 1800 I OMXClient: IOmx service obtained
10-12 02:43:07.266 1330 1330 I OMXMaster: makeComponentInstance(OMX.google.h264.decoder) in android.hardwar process
10-12 02:43:07.270 1140 1140 D SystemServerTiming: StartMediaRouterService took to complete: 6ms
10-12 02:43:07.271 1140 1140 I SystemServerTiming: StartFingerprintSensor
10-12 02:43:07.271 1140 1140 I SystemServiceManager: Starting com.android.server.biometrics.sensors.fingerprint.FingerprintService
10-12 02:43:07.274 1140 1140 D SystemServerTiming: StartFingerprintSensor took to complete: 4ms
10-12 02:43:07.274 1140 1140 I SystemServerTiming: StartBiometricService
10-12 02:43:07.274 1140 1140 I SystemServiceManager: Starting com.android.server.biometrics.BiometricService
10-12 02:43:07.277 1140 1140 D SystemServerTiming: StartBiometricService took to complete: 2ms
10-12 02:43:07.277 1140 1140 I SystemServerTiming: StartAuthService
10-12 02:43:07.277 1140 1140 I SystemServiceManager: Starting com.android.server.biometrics.AuthService
10-12 02:43:07.278 1140 1140 D AuthService: Registering HIDL ID: 0 Modality: 2 Strength: 15
10-12 02:43:07.278 1140 1140 D AuthService: Registering HIDL ID: 1 Modality: 8 Strength: 15
10-12 02:43:07.281 1140 1140 E AuthService: HIDL face configuration exists, but FaceService is null.
01-01 08:00:58.319 0 0 E : INFO: trying to register non-static key.
01-01 08:00:58.324 0 0 E : the code is fine but needs lockdep annotation.
01-01 08:00:58.330 0 0 I : CPU: 4 PID: 1596 Comm: kworker/u16:18 Tainted: G S W O 4.19.157+ #1
01-01 08:00:58.330 0 0 I Hardware name: Qualcomm Technologies, Inc. kona MTP-RmPM8150b. VX1(MCE) EVT2 (DT)
01-01 08:00:58.330 0 0 I Workqueue: events_unbound ion_system_secure_heap_prefetch_work
01-01 08:00:58.330 0 0 I Call trace:
01-01 08:00:58.330 0 0 I : dump_backtrace+0x0/0x258
01-01 08:00:58.330 0 0 I : show_stack+0x20/0x30
01-01 08:00:58.330 0 0 I : dump_stack+0xd8/0x12c
01-01 08:00:58.330 0 0 I : register_lock_class+0x4d0/0x5c8
01-01 08:00:58.330 0 0 I : __lock_acquire+0xbc/0x1e58
01-01 08:00:58.330 0 0 I : lock_acquire+0x1cc/0x218
01-01 08:00:58.330 0 0 I : _raw_spin_lock_irqsave+0x54/0x98
01-01 08:00:58.330 0 0 I : ion_system_secure_heap_prefetch_work+0x94/0x2c0
01-01 08:00:58.330 0 0 I : process_one_work+0x38c/0x660
01-01 08:00:58.330 0 0 I : worker_thread+0x268/0x4b8
01-01 08:00:58.330 0 0 I : kthread+0x140/0x150
01-01 08:00:58.330 0 0 I : ret_from_fork+0x10/0x1c
10-12 02:43:07.285 1140 1140 D SystemServerTiming: StartAuthService took to complete: 8ms
10-12 02:43:07.285 1140 1140 I SystemServerTiming: StartBackgroundDexOptService
10-12 02:43:07.285 1140 1140 W BackgroundDexOptService: SysProp pm.dexopt.downgrade_after_inactive_days not set
10-12 02:43:07.286 1140 1140 D SystemServerTiming: StartBackgroundDexOptService took to complete: 1ms
10-12 02:43:07.286 1140 1140 I SystemServerTiming: StartDynamicCodeLoggingService
10-12 02:43:07.287 1330 1872 E OMXNodeInstance: getExtensionIndex(0xea041740:google.h264.decoder, OMX.google.android.index.configureVideoTunnelMode) ERROR: UnsupportedIndex(0x8000101a)
10-12 02:43:07.288 1295 1800 D MediaCodecInfo: detail feature-tunneled-playback wasn't present to remove
10-12 02:43:07.288 1330 1872 E OMXNodeInstance: getExtensionIndex(0xea041740:google.h264.decoder, OMX.google.android.index.enableAndroidNativeBuffers) ERROR: UnsupportedIndex(0x8000101a)
10-12 02:43:07.288 1140 1140 D SystemServerTiming: StartDynamicCodeLoggingService took to complete: 1ms
10-12 02:43:07.288 1140 1140 I SystemServerTiming: StartPruneInstantAppsJobService
10-12 02:43:07.289 1140 1140 D SystemServerTiming: StartPruneInstantAppsJobService took to complete: 0ms
10-12 02:43:07.289 1140 1140 I SystemServerTiming: StartShortcutServiceLifecycle
10-12 02:43:07.289 1140 1140 I SystemServiceManager: Starting com.android.server.pm.ShortcutService$Lifecycle
10-12 02:43:07.292 1140 1140 V HistoricalRegistry: Interaction before persistence initialized
10-12 02:43:07.295 1295 1800 I OMXClient: IOmx service obtained
10-12 02:43:07.295 1330 1330 I OMXMaster: makeComponentInstance(OMX.qti.video.decoder.h263sw) in android.hardwar process
10-12 02:43:07.295 1330 1330 D PlatformConfig: getInstance: Enter
10-12 02:43:07.295 1140 1140 D SystemServerTiming: StartShortcutServiceLifecycle took to complete: 6ms
10-12 02:43:07.295 1140 1140 I SystemServerTiming: StartLauncherAppsService
10-12 02:43:07.295 1140 1140 I SystemServiceManager: Starting com.android.server.pm.LauncherAppsService
10-12 02:43:07.295 1330 1330 D PlatformConfig: getConfigStoreBool: vpp/enable=false, returning false
01-01 08:00:58.332 0 0 E : INFO: trying to register non-static key.
01-01 08:00:58.337 0 0 E : the code is fine but needs lockdep annotation.
01-01 08:00:58.343 0 0 I : CPU: 3 PID: 1596 Comm: kworker/u16:18 Tainted: G S W O 4.19.157+ #1
01-01 08:00:58.343 0 0 I Hardware name: Qualcomm Technologies, Inc. kona MTP-RmPM8150b. VX1(MCE) EVT2 (DT)
01-01 08:00:58.343 0 0 I Workqueue: events_unbound ion_system_secure_heap_prefetch_work
01-01 08:00:58.343 0 0 I Call trace:
01-01 08:00:58.343 0 0 I : dump_backtrace+0x0/0x258
01-01 08:00:58.343 0 0 I : show_stack+0x20/0x30
01-01 08:00:58.343 0 0 I : dump_stack+0xd8/0x12c
01-01 08:00:58.343 0 0 I : register_lock_class+0x4d0/0x5c8
01-01 08:00:58.343 0 0 I : __lock_acquire+0xbc/0x1e58
01-01 08:00:58.343 0 0 I : lock_acquire+0x1cc/0x218
01-01 08:00:58.343 0 0 I : _raw_spin_lock_irqsave+0x54/0x98
01-01 08:00:58.343 0 0 I : ion_system_secure_heap_prefetch_work+0x94/0x2c0
01-01 08:00:58.343 0 0 I : process_one_work+0x38c/0x660
01-01 08:00:58.343 0 0 I : worker_thread+0x268/0x4b8
01-01 08:00:58.343 0 0 I : kthread+0x140/0x150
01-01 08:00:58.343 0 0 I : ret_from_fork+0x10/0x1c
10-12 02:43:07.298 1140 1140 D SystemServerTiming: StartLauncherAppsService took to complete: 3ms
10-12 02:43:07.298 1140 1140 I SystemServerTiming: StartCrossProfileAppsService
10-12 02:43:07.298 1140 1140 I SystemServiceManager: Starting com.android.server.pm.CrossProfileAppsService
10-12 02:43:07.298 1140 1894 D BiometricService: Registering ID: 0 Modality: 2 Strength: 15
10-12 02:43:07.299 1140 1894 D BiometricStrengthController: updateStrengths: revert sensorId=0 to oemStrength=15
10-12 02:43:07.300 1140 1894 D BiometricService/Sensor: updateStrength: Before(ID(0), oemStrength: 15, updatedStrength: 15, modality 2, state: 0, cookie: 0, props: ID: 0, Strength: 2, Type: 1) After(ID(0), oemStrength: 15, updatedStrength: 15, modality 2, state: 0, cookie: 0, props: ID: 0, Strength: 2, Type: 1)
10-12 02:43:07.300 1140 1140 D SystemServerTiming: StartCrossProfileAppsService took to complete: 2ms
10-12 02:43:07.300 1140 1140 I SystemServerTiming: StartPeopleService
10-12 02:43:07.300 1140 1140 I SystemServiceManager: Starting com.android.server.people.PeopleService
10-12 02:43:07.302 1140 1140 D SystemServerTiming: StartPeopleService took to complete: 2ms
10-12 02:43:07.302 1140 1140 I SystemServerTiming: StartMediaMetricsManager
10-12 02:43:07.302 1140 1140 I SystemServiceManager: Starting com.android.server.media.metrics.MediaMetricsManagerService
10-12 02:43:07.305 1140 1140 D SystemServerTiming: StartMediaMetricsManager took to complete: 2ms
10-12 02:43:07.305 1140 1140 I SystemServerTiming: StartMediaProjectionManager
10-12 02:43:07.305 1140 1140 I SystemServiceManager: Starting com.android.server.media.projection.MediaProjectionManagerService
10-12 02:43:07.306 1140 1140 V MediaRouter: Selecting route: RouteInfo{ name=平板电脑, description=null, status=null, category=RouteCategory{ name=系统 types=ROUTE_TYPE_LIVE_AUDIO ROUTE_TYPE_LIVE_VIDEO groupable=false }, supportedTypes=ROUTE_TYPE_LIVE_AUDIO ROUTE_TYPE_LIVE_VIDEO , presentationDisplay=null }
10-12 02:43:07.306 1140 1140 I MediaRouter: Skip setBluetoothA2dpOn(): types=8388615, isPlaybackActive()=false, BT route=null
10-12 02:43:07.307 1330 1330 I android.hardware.media.omx@1.0-service: vendor/qcom/proprietary/adsprpc/src/rpcmem_android.c:159: rpcmem_init_internal: opened ION device fd 7, configured heap IDs: system (0x2000000), contig (0x400000), secure (0x200), secure flags (0x80080000)
10-12 02:43:07.307 1330 1330 I android.hardware.media.omx@1.0-service: vendor/qcom/proprietary/adsprpc/src/fastrpc_apps_user.c:3087: fastrpc_apps_user_init done with default domain:3 and &fastrpc_trace:0xe81f5c1c
10-12 02:43:07.307 1140 1140 D SystemServerTiming: StartMediaProjectionManager took to complete: 2ms
10-12 02:43:07.307 1140 1140 I SystemServerTiming: StartSliceManagerService
10-12 02:43:07.307 1140 1140 I SystemServiceManager: Starting com.android.server.slice.SliceManagerService$Lifecycle
10-12 02:43:07.309 1330 1330 I OMX_SWVDEC: >>> component_init(): 'OMX.qti.video.decoder.h263sw', version date: 2017-10-06T11:32:51+0530
10-12 02:43:07.309 1330 1330 I SWVDEC : >>> swvdec_init(): H.263 codec, version date: 2017-12-21@13:47:54
10-12 02:43:07.310 1140 1140 D SystemServerTiming: StartSliceManagerService took to complete: 3ms
10-12 02:43:07.310 1140 1140 I SystemServerTiming: StartStatsCompanion
10-12 02:43:07.311 1330 1330 I SWVDEC : --- set_state(): SWVDEC_STATE_INVALID -> SWVDEC_STATE_INIT
10-12 02:43:07.311 1330 1330 I SWVDEC : >>> swvdec_check_inst_load():
10-12 02:43:07.311 1330 1330 I OMX_SWVDEC: --- set_frame_dimensions(): 1920 x 1080
10-12 02:43:07.311 1330 1330 I SWVDEC : >>> swvdec_setproperty():
10-12 02:43:07.311 1330 1330 I SWVDEC : --- set_frame_dimensions(): 1920 x 1080
10-12 02:43:07.311 1330 1330 I OMX_SWVDEC: --- set_frame_attributes(): 'OMX_QCOM_COLOR_FormatYUV420PackedSemiPlanar32m': stride 2048, scanlines 1536, size 4718592
10-12 02:43:07.311 1330 1330 I SWVDEC : >>> swvdec_setproperty():
10-12 02:43:07.311 1330 1330 I SWVDEC : --- set_frame_attributes(): semiplanar NV12_32, stride 2048, scanlines 1536, size 4718592
10-12 02:43:07.312 1330 1330 I SWVDEC : >>> swvdec_getproperty():
10-12 02:43:07.312 1330 1330 I SWVDEC : --- get_property(): buffer requirements ip: 3133440 bytes x (1 to 32), 128-byte aligned
10-12 02:43:07.312 1330 1330 I OMX_SWVDEC: --- get_buffer_requirements_swvdec(): ip port: 3133440 bytes x 5, 128-byte aligned
10-12 02:43:07.312 1330 1330 I SWVDEC : >>> swvdec_getproperty():
10-12 02:43:07.312 1330 1330 I SWVDEC : --- get_property(): buffer requirements op: 4718592 bytes x (3 to 32), 128-byte aligned
10-12 02:43:07.312 1330 1330 I OMX_SWVDEC: --- get_buffer_requirements_swvdec(): op port: 4718592 bytes x 3, 128-byte aligned
10-12 02:43:07.312 1330 1902 I OMX_SWVDEC: --- async_thread(): created
10-12 02:43:07.312 1330 1330 I OMX_SWVDEC: --- component_init(): OMX_StateInvalid -> OMX_StateLoaded
10-12 02:43:07.312 1330 1330 I OMX_SWVDEC: >>> set_callbacks():
01-01 08:00:58.349 0 0 E : INFO: trying to register non-static key.
01-01 08:00:58.354 0 0 E : the code is fine but needs lockdep annotation.
01-01 08:00:58.360 0 0 I : CPU: 3 PID: 1596 Comm: kworker/u16:18 Tainted: G S W O 4.19.157+ #1
01-01 08:00:58.360 0 0 I Hardware name: Qualcomm Technologies, Inc. kona MTP-RmPM8150b. VX1(MCE) EVT2 (DT)
01-01 08:00:58.360 0 0 I Workqueue: events_unbound ion_system_secure_heap_prefetch_work
01-01 08:00:58.360 0 0 I Call trace:
01-01 08:00:58.360 0 0 I : dump_backtrace+0x0/0x258
01-01 08:00:58.360 0 0 I : show_stack+0x20/0x30
01-01 08:00:58.360 0 0 I : dump_stack+0xd8/0x12c
01-01 08:00:58.360 0 0 I : register_lock_class+0x4d0/0x5c8
01-01 08:00:58.360 0 0 I : __lock_acquire+0xbc/0x1e58
01-01 08:00:58.360 0 0 I : lock_acquire+0x1cc/0x218
01-01 08:00:58.360 0 0 I : _raw_spin_lock_irqsave+0x54/0x98
01-01 08:00:58.360 0 0 I : ion_system_secure_heap_prefetch_work+0x94/0x2c0
01-01 08:00:58.360 0 0 I : process_one_work+0x38c/0x660
01-01 08:00:58.360 0 0 I : worker_thread+0x268/0x4b8
01-01 08:00:58.360 0 0 I : kthread+0x140/0x150
01-01 08:00:58.360 0 0 I : ret_from_fork+0x10/0x1c
10-12 02:43:07.315 1330 1330 I OMX_SWVDEC: >>> set_parameter(): OMX_IndexParamStandardComponentRole 'video_decoder.h263'
10-12 02:43:07.315 1330 1814 I OMX_SWVDEC: >>> get_parameter(): OMX_IndexParamVideoProfileLevelQuerySupported, port index 0, profile index 0
10-12 02:43:07.315 1330 1814 I OMX_SWVDEC: --- get_supported_profilelevel(): H.263 baseline profile, level 70
