10-12 02:43:09.990 1140 1954 D EthernetNetworkFactory: acceptRequest, request: NetworkRequest [ REQUEST id=17, [ Capabilities: INTERNET&NOT_RESTRICTED&TRUSTED&NOT_VCN_MANAGED Uid: 1073 RequestorUid: 1073 RequestorPkg: com.android.networkstack] ]
10-12 02:43:09.990 1140 1954 I EthernetNetworkFactory: networkForRequest, request: NetworkRequest [ REQUEST id=17, [ Capabilities: INTERNET&NOT_RESTRICTED&TRUSTED&NOT_VCN_MANAGED Uid: 1073 RequestorUid: 1073 RequestorPkg: com.android.networkstack] ], network: null
10-12 02:43:09.990 2009 2009 V AdapterServiceConfig: Adding BluetoothOppService
10-12 02:43:09.990 2009 2009 V AdapterServiceConfig: Adding BluetoothPbapService
10-12 02:43:09.990 2009 2009 V AdapterServiceConfig: Feature Flag enables support for HearingAidService
10-12 02:43:09.992 1140 1823 D ConnectivityService: NetReassign [no changes]
01-01 08:01:01.027 0 0 E : INFO: trying to register non-static key.
01-01 08:01:01.032 0 0 E : the code is fine but needs lockdep annotation.
01-01 08:01:01.038 0 0 I : CPU: 2 PID: 1596 Comm: kworker/u16:18 Tainted: G S W O 4.19.157+ #1
01-01 08:01:01.038 0 0 I Hardware name: Qualcomm Technologies, Inc. kona MTP-RmPM8150b. VX1(MCE) EVT2 (DT)
01-01 08:01:01.038 0 0 I Workqueue: events_unbound ion_system_secure_heap_prefetch_work
01-01 08:01:01.038 0 0 I Call trace:
01-01 08:01:01.038 0 0 I : dump_backtrace+0x0/0x258
01-01 08:01:01.038 0 0 I : show_stack+0x20/0x30
01-01 08:01:01.038 0 0 I : dump_stack+0xd8/0x12c
01-01 08:01:01.038 0 0 I : register_lock_class+0x4d0/0x5c8
01-01 08:01:01.038 0 0 I : __lock_acquire+0xbc/0x1e58
01-01 08:01:01.038 0 0 I : lock_acquire+0x1cc/0x218
01-01 08:01:01.038 0 0 I : _raw_spin_lock_irqsave+0x54/0x98
01-01 08:01:01.038 0 0 I : ion_system_secure_heap_prefetch_work+0x94/0x2c0
01-01 08:01:01.038 0 0 I : process_one_work+0x38c/0x660
01-01 08:01:01.038 0 0 I : worker_thread+0x268/0x4b8
01-01 08:01:01.038 0 0 I : kthread+0x140/0x150
01-01 08:01:01.038 0 0 I : ret_from_fork+0x10/0x1c
10-12 02:43:10.001 2024 2024 W OneHandedController: Device doesn't support OneHanded feature
10-12 02:43:10.002 2009 2009 V AdapterServiceConfig: Adding HearingAidService
10-12 02:43:10.003 2009 2009 I AdapterServiceConfig: Profile BATService Not added
10-12 02:43:10.005 1140 2220 D CCodecBufferChannel: [c2.android.vorbis.decoder#697] MediaCodec discarded an unknown buffer
10-12 02:43:10.005 676 676 I netd : registerUnsolicitedEventListener() <0.04ms>
10-12 02:43:10.005 503 503 I hwservicemanager: Since vendor.qti.hardware.iop@2.0::IIop/default is not registered, trying to start it as a lazy HAL.
10-12 02:43:10.005 1140 2220 D CCodecBufferChannel: [c2.android.vorbis.decoder#697] MediaCodec discarded an unknown buffer
10-12 02:43:10.006 1140 2220 D CCodecBufferChannel: [c2.android.vorbis.decoder#697] MediaCodec discarded an unknown buffer
10-12 02:43:10.011 2150 2150 D ApplicationLoaders: Returning zygote-cached class loader: /system/framework/android.test.base.jar
10-12 02:43:10.011 1320 1333 E ANDR-IOP: IIop:: Iop HAL Service is not available.
10-12 02:43:10.016 2009 2009 D BluetoothAdapterService: onCreate()
10-12 02:43:10.020 1140 1679 I commit_sys_config_file: [log-files,1860]
01-01 08:01:01.056 0 0 E : INFO: trying to register non-static key.
01-01 08:01:01.061 0 0 E : the code is fine but needs lockdep annotation.
01-01 08:01:01.067 0 0 I : CPU: 2 PID: 1596 Comm: kworker/u16:18 Tainted: G S W O 4.19.157+ #1
01-01 08:01:01.067 0 0 I Hardware name: Qualcomm Technologies, Inc. kona MTP-RmPM8150b. VX1(MCE) EVT2 (DT)
01-01 08:01:01.067 0 0 I Workqueue: events_unbound ion_system_secure_heap_prefetch_work
10-12 02:43:10.023 652 662 I mpu_uart: [MSG-P:RECV]:No message received in 1000 ms
01-01 08:01:01.067 0 0 I Call trace:
01-01 08:01:01.067 0 0 I : dump_backtrace+0x0/0x258
01-01 08:01:01.067 0 0 I : show_stack+0x20/0x30
01-01 08:01:01.067 0 0 I : dump_stack+0xd8/0x12c
01-01 08:01:01.067 0 0 I : register_lock_class+0x4d0/0x5c8
01-01 08:01:01.067 0 0 I : __lock_acquire+0xbc/0x1e58
01-01 08:01:01.067 0 0 I : lock_acquire+0x1cc/0x218
01-01 08:01:01.067 0 0 I : _raw_spin_lock_irqsave+0x54/0x98
01-01 08:01:01.067 0 0 I : ion_system_secure_heap_prefetch_work+0x94/0x2c0
01-01 08:01:01.067 0 0 I : process_one_work+0x38c/0x660
01-01 08:01:01.067 0 0 I : worker_thread+0x268/0x4b8
01-01 08:01:01.067 0 0 I : kthread+0x140/0x150
01-01 08:01:01.067 0 0 I : ret_from_fork+0x10/0x1c
10-12 02:43:10.036 2009 2009 I BluetoothVendorJni: classInitNative: succeeds
10-12 02:43:10.037 2009 2009 D AdapterState: make() - Creating AdapterState
10-12 02:43:10.040 2009 2009 I BluetoothVendorSocketJni: classInitNative: succeeds
10-12 02:43:10.041 2009 2245 I AdapterState: OFF : entered
10-12 02:43:10.041 2009 2245 D AdapterProperties: Setting state to OFF
10-12 02:43:10.043 652 661 I mpu_uart: [MSG-P:R]:recv sync frame timeout
10-12 02:43:10.043 2150 2150 D NetworkSecurityConfig: No Network Security Config specified, using platform default
10-12 02:43:10.048 677 677 D Zygote : Forked child process 2246
10-12 02:43:10.049 1140 1246 W ActivityManager: Slow operation: 951ms so far, now at startProcess: returned from zygote!
10-12 02:43:10.050 1140 1246 W ActivityManager: Slow operation: 951ms so far, now at startProcess: done updating battery stats
10-12 02:43:10.050 1140 1246 I am_proc_start: [0,2246,1000,com.thundercomm.microsettings,added application,com.thundercomm.microsettings]
10-12 02:43:10.050 1140 1246 W ActivityManager: Slow operation: 951ms so far, now at startProcess: building log message
10-12 02:43:10.050 1140 1246 I ActivityManager: Start proc 2246:com.thundercomm.microsettings/1000 for added application com.thundercomm.microsettings
10-12 02:43:10.050 1140 1246 W ActivityManager: Slow operation: 951ms so far, now at startProcess: starting to update pids map
10-12 02:43:10.050 1140 1246 W ActivityManager: Slow operation: 952ms so far, now at startProcess: done updating pids map
10-12 02:43:10.051 1140 1246 W ActivityManager: Slow operation: 951ms so far, now at startProcess: asking zygote to start proc
10-12 02:43:10.051 2009 2009 D BluetoothKeystoreService: new BluetoothKeystoreService isCommonCriteriaMode: false
10-12 02:43:10.052 2009 2009 D BluetoothKeystoreService: start
10-12 02:43:10.052 1140 2220 I hw-BpHwBinder: onLastStrongRef automatically unlinking death recipients
10-12 02:43:10.052 2009 2009 I droid.bluetoot: [1012/024310.052831:INFO:com_android_bluetooth_btservice_BluetoothKeystore.cpp(97)] classInitNative: succeeds
10-12 02:43:10.053 2009 2009 D BluetoothKeystoreService: setBluetoothKeystoreService(): set to: com.android.bluetooth.btservice.bluetoothkeystore.BluetoothKeystoreService@fbf3463
10-12 02:43:10.057 2009 2009 D BluetoothKeystoreService: loadConfigData
01-01 08:01:01.081 0 0 E init : Control message: Could not find 'vendor.qti.hardware.iop@2.0::IIop/default' for ctl.interface_start from pid: 503 (/system/bin/hwservicemanager)
01-01 08:01:01.086 0 0 E : INFO: trying to register non-static key.
01-01 08:01:01.099 0 0 D : mv2112_read_status
01-01 08:01:01.101 0 0 E : the code is fine but needs lockdep annotation.
01-01 08:01:01.101 0 0 I : CPU: 2 PID: 1596 Comm: kworker/u16:18 Tainted: G S W O 4.19.157+ #1
01-01 08:01:01.107 0 0 I Hardware name: Qualcomm Technologies, Inc. kona MTP-RmPM8150b. VX1(MCE) EVT2 (DT)
01-01 08:01:01.107 0 0 I Workqueue: events_unbound ion_system_secure_heap_prefetch_work
01-01 08:01:01.107 0 0 I Call trace:
01-01 08:01:01.107 0 0 I : dump_backtrace+0x0/0x258
01-01 08:01:01.107 0 0 I : show_stack+0x20/0x30
01-01 08:01:01.107 0 0 I : dump_stack+0xd8/0x12c
01-01 08:01:01.107 0 0 I : register_lock_class+0x4d0/0x5c8
01-01 08:01:01.107 0 0 I : __lock_acquire+0xbc/0x1e58
01-01 08:01:01.107 0 0 I : lock_acquire+0x1cc/0x218
01-01 08:01:01.107 0 0 I : _raw_spin_lock_irqsave+0x54/0x98
01-01 08:01:01.107 0 0 I : ion_system_secure_heap_prefetch_work+0x94/0x2c0
01-01 08:01:01.107 0 0 I : process_one_work+0x38c/0x660
01-01 08:01:01.107 0 0 I : worker_thread+0x268/0x4b8
01-01 08:01:01.107 0 0 I : kthread+0x140/0x150
01-01 08:01:01.107 0 0 I : ret_from_fork+0x10/0x1c
10-12 02:43:10.059 503 2243 W libc : Unable to set property "ctl.interface_start" to "vendor.qti.hardware.iop@2.0::IIop/default": error code: 0x20
10-12 02:43:10.059 503 2243 I hwservicemanager: Tried to start vendor.qti.hardware.iop@2.0::IIop/default as a lazy service, but was unable to. Usually this happens when a service is not installed, but if the service is intended to be used as a lazy service, then it may be configured incorrectly.
01-01 08:01:01.115 0 0 D mv2112_update_link: 3.0x901(1G): 0x80
01-01 08:01:01.115 0 0 D mv2112_update_link: 3.0x8109(100M): 0x0
01-01 08:01:01.115 0 0 D mv2112_update_link: link 0x0
01-01 08:01:01.115 0 0 D mv2112_read_status: autoneg is disabled
10-12 02:43:10.065 1140 1240 W BestClock: java.time.DateTimeException: Missing NTP fix
10-12 02:43:10.065 1140 1240 I netstats_mobile_sample: [0,0,0,0,0,0,0,0,0,0,0,0,1665513790065]
10-12 02:43:10.066 1140 1240 I netstats_wifi_sample: [0,0,0,0,0,0,0,0,0,0,0,0,1665513790065]
10-12 02:43:10.069 1140 1770 W BestClock: java.time.DateTimeException: Missing NTP fix
10-12 02:43:10.069 1140 1770 W BestClock: java.time.DateTimeException: Missing NTP fix
10-12 02:43:10.072 2009 2009 D BluetoothKeystoreService: getCompareResult: 0
10-12 02:43:10.073 2009 2009 I bt_btif : QTI OMR1 stack: init: start restricted = 0 : common criteria mode = 0, config compare result = 0
10-12 02:43:10.074 2009 2009 D bt_osi_allocation_tracker: canary initialized
10-12 02:43:10.081 1140 1173 D NetworkStats: registerNetworkStatsProvider from OffloadController uid/pid=1073/2150
10-12 02:43:10.082 1140 2229 D CCodecBufferChannel: [c2.android.vorbis.decoder#844] MediaCodec discarded an unknown buffer
10-12 02:43:10.082 1140 2229 D CCodecBufferChannel: [c2.android.vorbis.decoder#844] MediaCodec discarded an unknown buffer
10-12 02:43:10.082 1140 2229 D CCodecBufferChannel: [c2.android.vorbis.decoder#844] MediaCodec discarded an unknown buffer
10-12 02:43:10.084 1140 1679 I commit_sys_config_file: [log-files,1924]
10-12 02:43:10.087 2009 2255 I bt_osi_thread: run_thread: thread id 2255, thread name stack_manager started
10-12 02:43:10.087 2009 2255 I bt_stack_manager: event_init_stack is initializing the stack
10-12 02:43:10.087 1140 1140 D NetworkSecurityConfig: No Network Security Config specified, using platform default
10-12 02:43:10.088 1140 1140 D NetworkSecurityConfig: No Network Security Config specified, using platform default
10-12 02:43:10.089 1417 2114 I hw-BpHwBinder: onLastStrongRef automatically unlinking death recipients
10-12 02:43:10.089 1417 2114 V C2Store : in ~ComponentModule
10-12 02:43:10.089 1417 2114 V C2Store : unloading dll
10-12 02:43:10.090 1140 2257 I hw-BpHwBinder: onLastStrongRef automatically unlinking death recipients
01-01 08:01:01.127 0 0 E : INFO: trying to register non-static key.
01-01 08:01:01.132 0 0 E : the code is fine but needs lockdep annotation.
01-01 08:01:01.137 0 0 I : CPU: 2 PID: 1596 Comm: kworker/u16:18 Tainted: G S W O 4.19.157+ #1
01-01 08:01:01.137 0 0 I Hardware name: Qualcomm Technologies, Inc. kona MTP-RmPM8150b. VX1(MCE) EVT2 (DT)
01-01 08:01:01.137 0 0 I Workqueue: events_unbound ion_system_secure_heap_prefetch_work
01-01 08:01:01.137 0 0 I Call trace:
01-01 08:01:01.137 0 0 I : dump_backtrace+0x0/0x258
01-01 08:01:01.137 0 0 I : show_stack+0x20/0x30
01-01 08:01:01.137 0 0 I : dump_stack+0xd8/0x12c
01-01 08:01:01.137 0 0 I : register_lock_class+0x4d0/0x5c8
01-01 08:01:01.138 0 0 I : __lock_acquire+0xbc/0x1e58
01-01 08:01:01.138 0 0 I : lock_acquire+0x1cc/0x218
01-01 08:01:01.138 0 0 I : _raw_spin_lock_irqsave+0x54/0x98
01-01 08:01:01.138 0 0 I : ion_system_secure_heap_prefetch_work+0x94/0x2c0
01-01 08:01:01.138 0 0 I : process_one_work+0x38c/0x660
01-01 08:01:01.138 0 0 I : worker_thread+0x268/0x4b8
01-01 08:01:01.138 0 0 I : kthread+0x140/0x150
01-01 08:01:01.138 0 0 I : ret_from_fork+0x10/0x1c
10-12 02:43:10.096 1140 1140 W Looper : Slow dispatch took 291ms main h=android.app.ActivityThread$H c=null m=114
10-12 02:43:10.097 1140 1140 I PackageWatchdog: Syncing health check requests for packages: {}
10-12 02:43:10.097 1140 1140 I ExplicitHealthCheckController: Service not ready to get health check supported packages. Binding...
10-12 02:43:10.098 1140 1140 I ExplicitHealthCheckController: Explicit health check service is bound
10-12 02:43:10.100 1539 1577 I adbd : jdwp connection from 2239
10-12 02:43:10.104 2239 2239 D ProcessState: Binder ioctl to enable oneway spam detection failed: Invalid argument
10-12 02:43:10.104 1140 1173 D NetworkStats: registerNetworkStatsProvider from BpfCoordinator uid/pid=1073/2150
10-12 02:43:10.108 2009 2261 I bt_osi_thread: run_thread: thread id 2261, thread name alarm_default_ca started
10-12 02:43:10.109 2009 2268 I bt_osi_thread: run_thread: thread id 2268, thread name alarm_dispatcher started
01-01 08:01:01.152 0 0 I binder : 2239:2239 ioctl 40046210 7fe476a004 returned -22
01-01 08:01:01.158 0 0 E : INFO: trying to register non-static key.
01-01 08:01:01.163 0 0 E : the code is fine but needs lockdep annotation.
01-01 08:01:01.169 0 0 I : CPU: 2 PID: 1596 Comm: kworker/u16:18 Tainted: G S W O 4.19.157+ #1
01-01 08:01:01.169 0 0 I Hardware name: Qualcomm Technologies, Inc. kona MTP-RmPM8150b. VX1(MCE) EVT2 (DT)
01-01 08:01:01.169 0 0 I Workqueue: events_unbound ion_system_secure_heap_prefetch_work
01-01 08:01:01.169 0 0 I Call trace:
01-01 08:01:01.169 0 0 I : dump_backtrace+0x0/0x258
01-01 08:01:01.169 0 0 I : show_stack+0x20/0x30
01-01 08:01:01.169 0 0 I : dump_stack+0xd8/0x12c
01-01 08:01:01.169 0 0 I : register_lock_class+0x4d0/0x5c8
01-01 08:01:01.169 0 0 I : __lock_acquire+0xbc/0x1e58
01-01 08:01:01.169 0 0 I : lock_acquire+0x1cc/0x218
01-01 08:01:01.169 0 0 I : _raw_spin_lock_irqsave+0x54/0x98
01-01 08:01:01.169 0 0 I : ion_system_secure_heap_prefetch_work+0x94/0x2c0
01-01 08:01:01.169 0 0 I : process_one_work+0x38c/0x660
01-01 08:01:01.169 0 0 I : worker_thread+0x268/0x4b8
01-01 08:01:01.169 0 0 I : kthread+0x140/0x150
01-01 08:01:01.169 0 0 I : ret_from_fork+0x10/0x1c
10-12 02:43:10.109 2009 2255 I bt_config_source: 1
10-12 02:43:10.109 2009 2255 W droid.bluetoot: [1012/024310.109870:WARNING:stack_interface.cc(101)] btif_stack_state OnStackState 0000
10-12 02:43:10.110 2009 2255 E bt_osi_config: config_new unable to open file '/data/misc/bluedroid/bap_config.conf': No such file or directory
10-12 02:43:10.110 2009 2255 W bt_btif_bap_config: init unable to load config file: /data/misc/bluedroid/bap_config.conf; using backup.
10-12 02:43:10.110 1140 1240 W BestClock: java.time.DateTimeException: Missing NTP fix
10-12 02:43:10.110 2009 2255 E bt_osi_config: config_new unable to open file '/data/misc/bluedroid/bap_config.bak': No such file or directory
10-12 02:43:10.110 2009 2255 E bt_btif_bap_config: init unable to transcode legacy file; creating empty config.
10-12 02:43:10.110 2009 2255 I bt_config_source: 3
10-12 02:43:10.110 2009 2255 I bt_btif_core: btif_init_bluetooth entered
10-12 02:43:10.110 2009 2255 D bt_device_interop: interop_init_feature_name_id_map
10-12 02:43:10.112 676 744 I netd : registerUnsolicitedEventListener() <0.03ms>
10-12 02:43:10.114 1140 1174 I am_proc_bound: [0,2239,com.thundercomm.microservice]
10-12 02:43:10.114 1140 1174 D CompatibilityInfo: mCompatibilityFlags - 4
10-12 02:43:10.114 1140 1174 D CompatibilityInfo: applicationDensity - 240
10-12 02:43:10.114 1140 1174 D CompatibilityInfo: applicationScale - 1.0
10-12 02:43:10.116 1140 1174 D CompatibilityChangeReporter: Compat change id reported: 181136395; UID 1000; state: DISABLED
10-12 02:43:10.117 1140 1174 D CompatibilityChangeReporter: Compat change id reported: 174042936; UID 1000; state: DISABLED
10-12 02:43:10.117 2009 2255 D bt_osi_config: config_parse no key/value separator found on line 492.
10-12 02:43:10.118 677 677 D Zygote : Forked child process 2270
01-01 08:01:01.188 0 0 E : INFO: trying to register non-static key.
10-12 02:43:10.118 1140 1246 W ActivityManager: Slow operation: 1018ms so far, now at startProcess: returned from zygote!
10-12 02:43:10.118 1140 1679 E NativeTombstoneManager: Tombstone's UID (1047) not an app, ignoring
10-12 02:43:10.118 1140 1174 D CompatibilityInfo: mCompatibilityFlags - 4
10-12 02:43:10.119 1140 1174 D CompatibilityInfo: applicationDensity - 240
10-12 02:43:10.119 1140 1174 D CompatibilityInfo: applicationScale - 1.0
10-12 02:43:10.119 2009 2255 D bt_device_interop: feature:: 0, key :: 08:62:66, value :: Address_Based
10-12 02:43:10.119 2009 2255 D bt_device_interop: feature:: 0, key :: 38:2C:4A:C9, value :: Address_Based
10-12 02:43:10.119 2009 2255 D bt_device_interop: feature:: 0, key :: 38:2C:4A:E6, value :: Address_Based
10-12 02:43:10.119 1140 1679 I DropBoxManagerService: add tag=SYSTEM_TOMBSTONE_PROTO isTagEnabled=true flags=0x4
10-12 02:43:10.119 2009 2255 D bt_device_interop: feature:: 0, key :: 54:A0:50:D9, value :: Address_Based
10-12 02:43:10.119 2009 2255 D bt_device_interop: feature:: 0, key :: AC:9E:17, value :: Address_Based
10-12 02:43:10.119 2009 2255 D bt_device_interop: feature:: 0, key :: F0:79:59, value :: Address_Based
10-12 02:43:10.119 2009 2255 D bt_device_interop: feature:: 0, key :: 80:E4:DA:70, value :: Address_Based
10-12 02:43:10.119 2009 2255 D bt_device_interop: feature:: 0, key :: 1C:96:5A, value :: Address_Based
10-12 02:43:10.119 2009 2255 D bt_device_interop: feature:: 0, key :: 80:EA:CA, value :: Address_Based
10-12 02:43:10.119 2009 2255 D bt_device_interop: feature:: 0, key :: 51:01:00, value :: Address_Based
10-12 02:43:10.119 2009 2255 D bt_device_interop: feature:: 0, key :: 61:01:00, value :: Address_Based
10-12 02:43:10.119 2009 2255 D bt_device_interop: feature:: 2, key :: A0:E9:DB, value :: Address_Based
10-12 02:43:10.119 2009 2255 D bt_device_interop: feature:: 2, key :: 00:14:02, value :: Address_Based
10-12 02:43:10.119 2009 2255 D bt_device_interop: feature:: 2, key :: 1C:48:F9, value :: Address_Based
10-12 02:43:10.119 2009 2255 D bt_device_interop: feature:: 2, key :: 44:5E:F3, value :: Address_Based
10-12 02:43:10.119 2009 2255 D bt_device_interop: feature:: 2, key :: D4:9C:28, value :: Address_Based
10-12 02:43:10.119 2009 2255 D bt_device_interop: feature:: 2, key :: 00:18:6B, value :: Address_Based
10-12 02:43:10.119 2009 2255 D bt_device_interop: feature:: 2, key :: B8:AD:3E, value :: Address_Based
10-12 02:43:10.119 2009 2255 D bt_device_interop: feature:: 2, key :: 00:11:B1, value :: Address_Based
10-12 02:43:10.119 2009 2255 D bt_device_interop: feature:: 2, key :: A4:15:66, value :: Address_Based
10-12 02:43:10.119 2009 2255 D bt_device_interop: feature:: 2, key :: 00:14:F1, value :: Address_Based
10-12 02:43:10.119 2009 2255 D bt_device_interop: feature:: 2, key :: 00:26:7E, value :: Address_Based
10-12 02:43:10.119 2009 2255 D bt_device_interop: feature:: 2, key :: 90:03:B7, value :: Address_Based
10-12 02:43:10.120 2009 2255 D bt_device_interop: feature:: 2, key :: 04:F8:C2, value :: Address_Based
10-12 02:43:10.120 2009 2255 D bt_device_interop: feature:: 2, key :: 00:18:91, value :: Address_Based
10-12 02:43:10.120 2009 2255 D bt_device_interop: feature:: 2, key :: 00:24:1C, value :: Address_Based
10-12 02:43:10.120 2009 2255 D bt_device_interop: feature:: 2, key :: 00:08:8b, value :: Address_Based
10-12 02:43:10.120 1140 1246 W ActivityManager: Slow operation: 1020ms so far, now at startProcess: done updating battery stats
10-12 02:43:10.120 2009 2255 D bt_device_interop: feature:: 2, key :: 94:16:25, value :: Address_Based
10-12 02:43:10.120 1140 1246 I am_proc_start: [0,2270,1001,.dataservices,added application,.dataservices]
10-12 02:43:10.120 2009 2255 D bt_device_interop: feature:: 2, key :: 00:25:DB, value :: Address_Based
10-12 02:43:10.120 1140 1246 W ActivityManager: Slow operation: 1020ms so far, now at startProcess: building log message
10-12 02:43:10.120 2009 2255 D bt_device_interop: feature:: 2, key :: A0:C9:A0, value :: Address_Based
10-12 02:43:10.120 1140 1246 I ActivityManager: Start proc 2270:.dataservices/1001 for added application .dataservices
10-12 02:43:10.120 2009 2255 D bt_device_interop: feature:: 2, key :: 4C:BC:42, value :: Address_Based
10-12 02:43:10.120 1140 1246 W ActivityManager: Slow operation: 1020ms so far, now at startProcess: starting to update pids map
10-12 02:43:10.120 2009 2255 D bt_device_interop: feature:: 2, key :: EC:41:18, value :: Address_Based
10-12 02:43:10.120 2009 2255 D bt_device_interop: feature:: 2, key :: C8:FD:19, value :: Address_Based
10-12 02:43:10.120 2009 2255 D bt_device_interop: feature:: 2, key :: 04:7F:0E, value :: Address_Based
01-01 08:01:01.193 0 0 E : the code is fine but needs lockdep annotation.
01-01 08:01:01.199 0 0 I : CPU: 2 PID: 1596 Comm: kworker/u16:18 Tainted: G S W O 4.19.157+ #1
01-01 08:01:01.199 0 0 I Hardware name: Qualcomm Technologies, Inc. kona MTP-RmPM8150b. VX1(MCE) EVT2 (DT)
01-01 08:01:01.199 0 0 I Workqueue: events_unbound ion_system_secure_heap_prefetch_work
10-12 02:43:10.120 2009 2255 D bt_device_interop: feature:: 3, key :: 34:C7:31, value :: Address_Based
10-12 02:43:10.120 2009 2255 D bt_device_interop: feature:: 3, key :: 00:07:04, value :: Address_Based
10-12 02:43:10.120 1140 1246 W ActivityManager: Slow operation: 1020ms so far, now at startProcess: done updating pids map
10-12 02:43:10.120 2009 2255 D bt_device_interop: feature:: 3, key :: E0:75:0A, value :: Address_Based
10-12 02:43:10.120 2009 2255 D bt_device_interop: feature:: 3, key :: Audi, value :: Name_Based
10-12 02:43:10.120 2009 2255 D bt_device_interop: feature:: 3, key :: BMW, value :: Name_Based
10-12 02:43:10.120 1140 1246 W ActivityManager: Slow operation: 1016ms so far, now at startProcess: asking zygote to start proc
10-12 02:43:10.120 2009 2255 D bt_device_interop: feature:: 3, key :: Parrot, value :: Name_Based
10-12 02:43:10.120 2009 2255 D bt_device_interop: feature:: 3, key :: Car, value :: Name_Based
10-12 02:43:10.120 2009 2255 D bt_device_interop: feature:: 3, key :: NISSAN, value :: Name_Based
10-12 02:43:10.120 1140 1246 D CompatibilityChangeReporter: Compat change id reported: 143937733; UID 10053; state: DISABLED
10-12 02:43:10.120 2009 2255 D bt_device_interop: feature:: 4, key :: 00:0F:F6, value :: Address_Based
10-12 02:43:10.120 2009 2255 D bt_device_interop: feature:: 5, key :: 00:18:91, value :: Address_Based
10-12 02:43:10.120 2009 2255 D bt_device_interop: feature:: 5, key :: 00:21:4F, value :: Address_Based
10-12 02:43:10.120 2009 2255 D bt_device_interop: feature:: 5, key :: 20:15:06, value :: Address_Based
10-12 02:43:10.120 2009 2255 D bt_device_interop: feature:: 5, key :: 9C:DF:03, value :: Address_Based
10-12 02:43:10.120 2009 2255 D bt_device_interop: feature:: 5, key :: 04:52:C7, value :: Address_Based
10-12 02:43:10.120 2009 2255 D bt_device_interop: feature:: 5, key :: 30:14:4A, value :: Address_Based
10-12 02:43:10.120 2009 2255 D bt_device_interop: feature:: 5, key :: 00:54:AF, value :: Address_Based
10-12 02:43:10.120 2009 2255 D bt_device_interop: feature:: 5, key :: 7C:1C:4E, value :: Address_Based
10-12 02:43:10.120 2009 2255 D bt_device_interop: feature:: 5, key :: 50:65:83, value :: Address_Based
10-12 02:43:10.120 2009 2255 D bt_device_interop: feature:: 5, key :: 00:1E:7C, value :: Address_Based
10-12 02:43:10.120 2009 2255 D bt_device_interop: feature:: 5, key :: C8:84:47, value :: Address_Based
10-12 02:43:10.120 2009 2255 D bt_device_interop: feature:: 5, key :: D0:8A:55, value :: Address_Based
10-12 02:43:10.120 2009 2255 D bt_device_interop: feature:: 5, key :: 48:F0:7B, value :: Address_Based
10-12 02:43:10.120 2009 2255 D bt_device_interop: feature:: 5, key :: 00:0A:08, value :: Address_Based
10-12 02:43:10.121 2009 2255 D bt_device_interop: feature:: 5, key :: 00:11:2D, value :: Address_Based
10-12 02:43:10.121 2009 2255 D bt_device_interop: feature:: 5, key :: A8:54:B2, value :: Address_Based
10-12 02:43:10.121 2009 2255 D bt_device_interop: feature:: 5, key :: AC:7A:4D, value :: Address_Based
10-12 02:43:10.121 2009 2255 D bt_device_interop: feature:: 5, key :: E8:EC:A3, value :: Address_Based
10-12 02:43:10.121 2009 2255 D bt_device_interop: feature:: 5, key :: 98:52:3D, value :: Address_Based
10-12 02:43:10.121 2009 2255 D bt_device_interop: feature:: 22, key :: 00:12:A1, value :: Address_Based
10-12 02:43:10.121 2009 2255 D bt_device_interop: feature:: 22, key :: Targus BT Laser Notebook Mouse, value :: Name_Based
10-12 02:43:10.121 2009 2255 D bt_device_interop: feature:: 7, key :: Motorola Keyboard KZ500, value :: Name_Based
10-12 02:43:10.121 2009 2255 D bt_device_interop: Entry is already present in the list
10-12 02:43:10.121 2009 2255 D bt_device_interop: feature:: 7, key :: Motorola Keyboard KZ500 v122, value :: Name_Based
10-12 02:43:10.121 2150 2150 D CompatibilityChangeReporter: Compat change id reported: 147600208; UID 1073; state: ENABLED
10-12 02:43:10.121 2009 2255 D bt_device_interop: feature:: 7, key :: 0x22b8-0x093D, value :: Vndr_Prdt_Based
10-12 02:43:10.121 2009 2255 D bt_device_interop: feature:: 8, key :: 20:4C:10, value :: Address_Based
10-12 02:43:10.121 2009 2255 D bt_device_interop: feature:: 8, key :: 0x004C, value :: Manufacturer_Based
10-12 02:43:10.121 2009 2255 D bt_device_interop: feature:: 11, key :: 00:14:09, value :: Address_Based
10-12 02:43:10.121 2009 2255 D bt_device_interop: feature:: 11, key :: 00:06:F5, value :: Address_Based
10-12 02:43:10.121 2009 2255 D bt_device_interop: feature:: 12, key :: BSMBB09DS, value :: Name_Based
10-12 02:43:10.121 2009 2255 D bt_device_interop: feature:: 12, key :: ELECOM, value :: Name_Based
10-12 02:43:10.121 2009 2255 D bt_device_interop: feature:: 26, key :: FC:C2:DE, value :: Address_Based
10-12 02:43:10.121 2009 2255 D bt_device_interop: feature:: 26, key :: 00:26:B4, value :: Address_Based
10-12 02:43:10.121 2009 2255 D bt_device_interop: feature:: 26, key :: 00:04:3E, value :: Address_Based
10-12 02:43:10.121 2009 2255 D bt_device_interop: feature:: 26, key :: 00:23:01, value :: Address_Based
10-12 02:43:10.121 2009 2255 D bt_device_interop: feature:: 26, key :: 1C:48:F9, value :: Address_Based
10-12 02:43:10.121 2009 2255 D bt_device_interop: feature:: 26, key :: 00:54:AF, value :: Address_Based
10-12 02:43:10.121 2009 2255 D bt_device_interop: feature:: 26, key :: 00:26:E8, value :: Address_Based
10-12 02:43:10.121 2009 2255 D bt_device_interop: feature:: 26, key :: 00:37:6D, value :: Address_Based
10-12 02:43:10.121 2009 2255 D bt_device_interop: feature:: 26, key :: 9C:3A:AF, value :: Address_Based
10-12 02:43:10.121 2009 2255 D bt_device_interop: feature:: 26, key :: 00:18:91, value :: Address_Based
10-12 02:43:10.121 2009 2255 D bt_device_interop: feature:: 26, key :: 0C:E0:E4, value :: Address_Based
01-01 08:01:01.199 0 0 I Call trace:
01-01 08:01:01.199 0 0 I : dump_backtrace+0x0/0x258
01-01 08:01:01.199 0 0 I : show_stack+0x20/0x30
01-01 08:01:01.199 0 0 I : dump_stack+0xd8/0x12c
01-01 08:01:01.199 0 0 I : register_lock_class+0x4d0/0x5c8
01-01 08:01:01.199 0 0 I : __lock_acquire+0xbc/0x1e58
01-01 08:01:01.199 0 0 I : lock_acquire+0x1cc/0x218
01-01 08:01:01.199 0 0 I : _raw_spin_lock_irqsave+0x54/0x98
01-01 08:01:01.199 0 0 I : ion_system_secure_heap_prefetch_work+0x94/0x2c0
01-01 08:01:01.199 0 0 I : process_one_work+0x38c/0x660
01-01 08:01:01.199 0 0 I : worker_thread+0x268/0x4b8
01-01 08:01:01.199 0 0 I : kthread+0x140/0x150
01-01 08:01:01.199 0 0 I : ret_from_fork+0x10/0x1c
01-01 08:01:01.206 0 0 I init : Service 'exec 23 (/vendor/bin/modprobe -a -d /vendor/lib/modules/ qca_cld3_qca6390 qca_cld3_qca6490)' (pid 1204) exited with status 0 oneshot service took 9.482000 seconds in background
10-12 02:43:10.122 1140 1174 D CompatibilityChangeReporter: Compat change id reported: 182478738; UID 1073; state: DISABLED
10-12 02:43:10.125 2239 2239 D CompatibilityChangeReporter: Compat change id reported: 171979766; UID 1000; state: ENABLED
01-01 08:01:01.217 0 0 E : INFO: trying to register non-static key.
10-12 02:43:10.128 2009 2255 D bt_device_interop: feature:: 26, key :: 00:07:04, value :: Address_Based
01-01 08:01:01.222 0 0 E : the code is fine but needs lockdep annotation.
01-01 08:01:01.228 0 0 I : CPU: 2 PID: 1596 Comm: kworker/u16:18 Tainted: G S W O 4.19.157+ #1
01-01 08:01:01.228 0 0 I Hardware name: Qualcomm Technologies, Inc. kona MTP-RmPM8150b. VX1(MCE) EVT2 (DT)
01-01 08:01:01.228 0 0 I Workqueue: events_unbound ion_system_secure_heap_prefetch_work
01-01 08:01:01.228 0 0 I Call trace:
01-01 08:01:01.228 0 0 I : dump_backtrace+0x0/0x258
01-01 08:01:01.228 0 0 I : show_stack+0x20/0x30
01-01 08:01:01.228 0 0 I : dump_stack+0xd8/0x12c
01-01 08:01:01.228 0 0 I : register_lock_class+0x4d0/0x5c8
01-01 08:01:01.228 0 0 I : __lock_acquire+0xbc/0x1e58
01-01 08:01:01.228 0 0 I : lock_acquire+0x1cc/0x218
01-01 08:01:01.228 0 0 I : _raw_spin_lock_irqsave+0x54/0x98
01-01 08:01:01.228 0 0 I : ion_system_secure_heap_prefetch_work+0x94/0x2c0
01-01 08:01:01.228 0 0 I : process_one_work+0x38c/0x660
01-01 08:01:01.228 0 0 I : worker_thread+0x268/0x4b8
01-01 08:01:01.228 0 0 I : kthread+0x140/0x150
01-01 08:01:01.228 0 0 I : ret_from_fork+0x10/0x1c
01-01 08:01:01.230 0 0 I binder : 2270:2270 ioctl 40046210 7fe476a004 returned -22
01-01 08:01:01.239 0 0 W : (NULL device *): Falling back to syfs fallback for: wlan/qca_cld/qca6390/WCNSS_qcom_cfg.ini
10-12 02:43:10.128 2009 2255 D bt_device_interop: feature:: 26, key :: A4:15:66, value :: Address_Based
01-01 08:01:01.246 0 0 E : INFO: trying to register non-static key.
01-01 08:01:01.251 0 0 E : the code is fine but needs lockdep annotation.
10-12 02:43:10.128 2009 2255 D bt_device_interop: feature:: 26, key :: D0:13:1E, value :: Address_Based
10-12 02:43:10.128 2009 2255 D bt_device_interop: feature:: 26, key :: 8F:20:B4, value :: Address_Based
10-12 02:43:10.128 2009 2255 D bt_device_interop: feature:: 26, key :: A8:B9:B3, value :: Address_Based
10-12 02:43:10.128 2009 2255 D bt_device_interop: feature:: 26, key :: 00:0D:F0, value :: Address_Based
10-12 02:43:10.128 2009 2255 D bt_device_interop: feature:: 26, key :: 00:08:E0, value :: Address_Based
10-12 02:43:10.128 2009 2255 D bt_device_interop: feature:: 26, key :: 00:25:52, value :: Address_Based
10-12 02:43:10.128 2009 2255 D bt_device_interop: feature:: 26, key :: 1C:52:16, value :: Address_Based
10-12 02:43:10.128 2009 2255 D bt_device_interop: feature:: 26, key :: 00:06:66, value :: Address_Based
10-12 02:43:10.128 2009 2255 D bt_device_interop: feature:: 26, key :: 00:24:E4, value :: address_Based
10-12 02:43:10.130 2009 2255 D bt_device_interop: feature:: 26, key :: 00:1C:D8, value :: Address_Based
10-12 02:43:10.130 2009 2255 D bt_device_interop: feature:: 26, key :: AC:FD:CE, value :: Address_Based
10-12 02:43:10.130 2009 2255 D bt_device_interop: feature:: 26, key :: 08:76:95, value :: Address_Based
10-12 02:43:10.130 2009 2255 D bt_device_interop: feature:: 26, key :: 00:00:45, value :: Address_Based
10-12 02:43:10.130 2009 2255 D bt_device_interop: feature:: 26, key :: EB:06:EF, value :: Address_Based
10-12 02:43:10.130 2009 2255 D bt_device_interop: feature:: 26, key :: 74:95:EC, value :: Address_Based
10-12 02:43:10.130 2009 2255 D bt_device_interop: feature:: 26, key :: AC:FD:93, value :: Address_Based
10-12 02:43:10.130 2009 2255 D bt_device_interop: feature:: 26, key :: AA:A8:AC, value :: Address_Based
10-12 02:43:10.131 2009 2255 D bt_device_interop: feature:: 26, key :: B8:D5:0B, value :: Address_Based
10-12 02:43:10.131 2009 2255 D bt_device_interop: feature:: 26, key :: 50:1A:A5, value :: Address_Based
10-12 02:43:10.131 2009 2255 D bt_device_interop: feature:: 26, key :: E4:22:A5, value :: Address_Based
10-12 02:43:10.131 2009 2255 D bt_device_interop: feature:: 26, key :: 4C:BC:42, value :: Address_Based
10-12 02:43:10.131 2009 2255 D bt_device_interop: feature:: 17, key :: 00:0D:FD, value :: Address_Based
10-12 02:43:10.131 2009 2255 D bt_device_interop: feature:: 17, key :: 00:1B:DC, value :: Address_Based
10-12 02:43:10.131 2009 2255 D bt_device_interop: feature:: 17, key :: 00:07:04, value :: Address_Based
10-12 02:43:10.131 2009 2255 D bt_device_interop: feature:: 17, key :: A4:15:66, value :: Address_Based
10-12 02:43:10.131 2009 2255 D bt_device_interop: feature:: 17, key :: 00:54:AF, value :: Address_Based
10-12 02:43:10.131 2009 2255 D bt_device_interop: feature:: 17, key :: 00:23:7F, value :: Address_Based
10-12 02:43:10.131 2009 2255 D bt_device_interop: feature:: 17, key :: B8:69:C2, value :: Address_Based
10-12 02:43:10.131 2009 2255 D bt_device_interop: feature:: 14, key :: 28:A1:83, value :: Address_Based
10-12 02:43:10.131 2009 2255 D bt_device_interop: feature:: 14, key :: A0:14:3D, value :: Address_Based
10-12 02:43:10.131 2009 2255 D bt_device_interop: feature:: 14, key :: 90:03:B7, value :: Address_Based
10-12 02:43:10.131 2009 2255 D bt_device_interop: feature:: 14, key :: 00:21:3c, value :: Address_Based
01-01 08:01:01.257 0 0 I : CPU: 2 PID: 1596 Comm: kworker/u16:18 Tainted: G S W O 4.19.157+ #1
01-01 08:01:01.257 0 0 I Hardware name: Qualcomm Technologies, Inc. kona MTP-RmPM8150b. VX1(MCE) EVT2 (DT)
01-01 08:01:01.257 0 0 I Workqueue: events_unbound ion_system_secure_heap_prefetch_work
01-01 08:01:01.257 0 0 I Call trace:
01-01 08:01:01.257 0 0 I : dump_backtrace+0x0/0x258
10-12 02:43:10.131 2009 2255 D bt_device_interop: feature:: 14, key :: 9C:DF:03, value :: Address_Based
01-01 08:01:01.257 0 0 I : show_stack+0x20/0x30
01-01 08:01:01.257 0 0 I : dump_stack+0xd8/0x12c
01-01 08:01:01.257 0 0 I : register_lock_class+0x4d0/0x5c8
01-01 08:01:01.257 0 0 I : __lock_acquire+0xbc/0x1e58
01-01 08:01:01.257 0 0 I : lock_acquire+0x1cc/0x218
01-01 08:01:01.257 0 0 I : _raw_spin_lock_irqsave+0x54/0x98
01-01 08:01:01.257 0 0 I : ion_system_secure_heap_prefetch_work+0x94/0x2c0
01-01 08:01:01.257 0 0 I : process_one_work+0x38c/0x660
01-01 08:01:01.257 0 0 I : worker_thread+0x268/0x4b8
01-01 08:01:01.257 0 0 I : kthread+0x140/0x150
01-01 08:01:01.257 0 0 I : ret_from_fork+0x10/0x1c
10-12 02:43:10.131 2009 2255 D bt_device_interop: feature:: 14, key :: E0:75:0A, value :: Address_Based
10-12 02:43:10.131 2009 2255 D bt_device_interop: feature:: 14, key :: 48:F0:7B, value :: Address_Based
10-12 02:43:10.131 676 676 I netd : trafficSwapActiveStatsMap() <21.12ms>
10-12 02:43:10.131 2009 2255 D bt_device_interop: feature:: 14, key :: 04:52:C7, value :: Address_Based
10-12 02:43:10.132 2009 2255 D bt_device_interop: feature:: 14, key :: 30:C3:D9, value :: Address_Based
10-12 02:43:10.132 2009 2255 D bt_device_interop: feature:: 14, key :: 00:E0:4C, value :: Address_Based
10-12 02:43:10.132 2009 2255 D bt_device_interop: feature:: 14, key :: abramtek M1, value :: Name_Based
10-12 02:43:10.132 2009 2255 D bt_device_interop: feature:: 14, key :: Buick Verano, value :: Name_Based
10-12 02:43:10.132 2009 2255 D bt_device_interop: feature:: 15, key :: B0:00:73, value :: Address_Based
10-12 02:43:10.133 2009 2255 D bt_device_interop: feature:: 15, key :: Audi_MMI_2781, value :: Name_Based
10-12 02:43:10.133 2009 2255 D bt_device_interop: feature:: 15, key :: 28:83:35, value :: Address_Based
10-12 02:43:10.133 2009 2255 D bt_device_interop: feature:: 16, key :: B8:AD:3E, value :: Address_Based
10-12 02:43:10.133 2009 2255 D bt_device_interop: feature:: 16, key :: LG HBSA100, value :: Name_Based
10-12 02:43:10.133 2009 2255 D bt_device_interop: feature:: 16, key :: LG HBS1100, value :: Name_Based
10-12 02:43:10.133 2009 2255 D bt_device_interop: feature:: 16, key :: 00:18:09, value :: Address_Based
10-12 02:43:10.133 2009 2255 D bt_device_interop: feature:: 16, key :: MDR-XB80BS, value :: Name_Based
10-12 02:43:10.133 2009 2255 D bt_device_interop: feature:: 16, key :: 7C:04:D0, value :: Address_Based
10-12 02:43:10.133 2009 2255 D bt_device_interop: feature:: 16, key :: 24:F6:77, value :: Address_Based
10-12 02:43:10.133 2009 2255 D bt_device_interop: feature:: 16, key :: AirPods, value :: Name_Based
10-12 02:43:10.133 2009 2255 D bt_device_interop: feature:: 16, key :: 48:D6:D5, value :: Address_Based
10-12 02:43:10.133 2009 2255 D bt_device_interop: feature:: 16, key :: Pixel Buds 7943, value :: Name_Based
10-12 02:43:10.133 2009 2255 D bt_device_interop: feature:: 16, key :: 8C:DE:52, value :: Address_Based
10-12 02:43:10.133 2009 2255 D bt_device_interop: feature:: 16, key :: SRS-X33, value :: Name_Based
10-12 02:43:10.133 2009 2255 D bt_device_interop: feature:: 16, key :: 04:5D:4B, value :: Address_Based
10-12 02:43:10.133 2009 2255 D bt_device_interop: feature:: 16, key :: WH-1000XM2, value :: Name_Based
10-12 02:43:10.133 2009 2255 D bt_device_interop: feature:: 16, key :: h.ear (MDR-100ABN), value :: Name_Based
10-12 02:43:10.133 2009 2255 D bt_device_interop: feature:: 16, key :: WI-1000X, value :: Name_Based
10-12 02:43:10.133 2009 2255 D bt_device_interop: feature:: 16, key :: WH-H800 (h.ear), value :: Name_Based
10-12 02:43:10.133 2009 2255 D bt_device_interop: feature:: 16, key :: MDR-1000X, value :: Name_Based
10-12 02:43:10.133 2009 2255 D bt_device_interop: feature:: 16, key :: WI-H700 (h.ear), value :: Name_Based
10-12 02:43:10.133 2009 2255 D bt_device_interop: feature:: 16, key :: WH-H900N (h.ear), value :: Name_Based
10-12 02:43:10.133 2009 2255 D bt_device_interop: feature:: 16, key :: 10:4F:A8, value :: Address_Based
10-12 02:43:10.133 2009 2255 D bt_device_interop: feature:: 16, key :: MDR-1ABT, value :: Name_Based
10-12 02:43:10.133 2009 2255 D bt_device_interop: feature:: 16, key :: h.ear (MDR-EX750BT), value :: Name_Based
10-12 02:43:10.133 2009 2255 D bt_device_interop: feature:: 16, key :: AC:9B:0A, value :: Address_Based
10-12 02:43:10.133 2009 2255 D bt_device_interop: feature:: 16, key :: MDR-ZX770BN, value :: Name_Based
10-12 02:43:10.133 2009 2255 D bt_device_interop: feature:: 16, key :: 04:52:C7, value :: Address_Based
10-12 02:43:10.133 2009 2255 D bt_device_interop: feature:: 16, key :: Bose QuietComfort 35, value :: Name_Based
10-12 02:43:10.134 2009 2255 D bt_device_interop: feature:: 16, key :: 94:B2:CC, value :: Address_Based
10-12 02:43:10.134 2009 2255 D bt_device_interop: feature:: 16, key :: AVH-X5890BT, value :: Name_Based
10-12 02:43:10.134 2009 2255 D bt_device_interop: feature:: 16, key :: AVH-A208BT, value :: Name_Based
10-12 02:43:10.134 2009 2255 D bt_device_interop: feature:: 16, key :: 74:5E:1C, value :: Address_Based
10-12 02:43:10.134 2009 2255 D bt_device_interop: feature:: 16, key :: AVH-X5790BT, value :: Name_Based
10-12 02:43:10.134 2009 2255 D bt_device_interop: feature:: 16, key :: 00:1D:86, value :: Address_Based
10-12 02:43:10.134 2009 2255 D bt_device_interop: feature:: 16, key :: Car Multimedia, value :: Name_Based
10-12 02:43:10.134 2009 2255 D bt_device_interop: feature:: 16, key :: DDX6, value :: Name_Based
10-12 02:43:10.134 2009 2255 D bt_device_interop: feature:: 16, key :: 90:03:B7, value :: Address_Based
10-12 02:43:10.134 2009 2255 D bt_device_interop: feature:: 16, key :: Parrot ASTEROID, value :: Name_Based
10-12 02:43:10.134 2009 2255 D bt_device_interop: feature:: 16, key :: 0C:E0:E4, value :: Address_Based
10-12 02:43:10.134 2009 2255 D bt_device_interop: feature:: 16, key :: PLT_BBTPRO, value :: Name_Based
10-12 02:43:10.134 2009 2255 D bt_device_interop: feature:: 16, key :: A4:15:66, value :: Address_Based
10-12 02:43:10.134 2009 2255 D bt_device_interop: feature:: 16, key :: Tracks Air, value :: Name_Based
10-12 02:43:10.134 2009 2255 D bt_device_interop: feature:: 16, key :: 00:1A:7D, value :: Address_Based
10-12 02:43:10.134 2009 2255 D bt_device_interop: feature:: 16, key :: 66 Audio BTS, value :: Name_Based
10-12 02:43:10.134 2009 2255 D bt_device_interop: feature:: 16, key :: 88:E6:03, value :: Address_Based
10-12 02:43:10.134 2009 2255 D bt_device_interop: feature:: 16, key :: XB10, value :: Name_Based
10-12 02:43:10.134 2009 2255 D bt_device_interop: feature:: 16, key :: B8:69:C2, value :: Address_Based
10-12 02:43:10.134 2009 2255 D bt_device_interop: feature:: 16, key :: SRS-XB3, value :: Name_Based
10-12 02:43:10.134 2009 2255 D bt_device_interop: feature:: 16, key :: 30:C3:D9, value :: Address_Based
10-12 02:43:10.134 2009 2255 D bt_device_interop: feature:: 16, key :: MB Bluetooth 84389, value :: Name_Based
10-12 02:43:10.134 2009 2255 D bt_device_interop: feature:: 16, key :: 00:02:5B, value :: Address_Based
10-12 02:43:10.134 2009 2255 D bt_device_interop: feature:: 16, key :: HATS_00025B0085E9, value :: Name_Based
10-12 02:43:10.134 2009 2255 D bt_device_interop: feature:: 16, key :: A8:BE:27, value :: Address_Based
10-12 02:43:10.134 2009 2255 D bt_device_interop: feature:: 16, key :: BeatsX, value :: Name_Based
10-12 02:43:10.134 2009 2255 D bt_device_interop: feature:: 16, key :: E0:D1:E6, value :: Address_Based
10-12 02:43:10.135 2009 2255 D bt_device_interop: feature:: 16, key :: MINIJAMBOX by Jawbone, value :: Name_Based
10-12 02:43:10.135 2009 2255 D bt_device_interop: feature:: 16, key :: 2C:41:A1, value :: Address_Based
10-12 02:43:10.135 2009 2255 D bt_device_interop: feature:: 16, key :: Bose SoundSport, value :: Name_Based
10-12 02:43:10.135 2009 2255 D bt_device_interop: feature:: 16, key :: Bose QC35 II, value :: Name_Based
10-12 02:43:10.135 2009 2255 D bt_device_interop: feature:: 16, key :: DC:A4:CA, value :: Address_Based
10-12 02:43:10.135 2009 2255 D bt_device_interop: feature:: 16, key :: Beats Solo³, value :: Name_Based
10-12 02:43:10.135 2009 2255 D bt_device_interop: feature:: 16, key :: 58:E2:8F, value :: Address_Based
10-12 02:43:10.135 2009 2255 D bt_device_interop: feature:: 16, key :: BeatsStudio Wireless, value :: Name_Based
10-12 02:43:10.135 2009 2255 D bt_device_interop: feature:: 16, key :: FC:4B:BC, value :: Address_Based
10-12 02:43:10.135 2009 2255 D bt_device_interop: feature:: 16, key :: XAV-AX100, value :: Name_Based
10-12 02:43:10.135 676 676 I netd : tetherGetStats() -> {[]} <2.10ms>
10-12 02:43:10.135 2009 2255 D bt_device_interop: feature:: 16, key :: 00:18:6b, value :: Address_Based
10-12 02:43:10.135 2009 2255 D bt_device_interop: feature:: 16, key :: LG HBS730, value :: Name_Based
10-12 02:43:10.135 2009 2255 D bt_device_interop: feature:: 16, key :: 8C:57:9B, value :: Address_Based
10-12 02:43:10.135 2009 2255 D bt_device_interop: feature:: 16, key :: h.ear go (SRS-HG1), value :: Name_Based
10-12 02:43:10.135 2009 2255 D bt_device_interop: feature:: 16, key :: 40:ED:98, value :: Address_Based
10-12 02:43:10.135 2009 2255 D bt_device_interop: feature:: 16, key :: FiiO BTR1K, value :: Name_Based
10-12 02:43:10.135 2009 2255 D bt_device_interop: feature:: 16, key :: 0C:A6:94, value :: Address_Based
10-12 02:43:10.135 2009 2255 D bt_device_interop: feature:: 16, key :: HK Soho Wireless, value :: Name_Based
10-12 02:43:10.135 2009 2255 D bt_device_interop: feature:: 16, key :: 00:09:A7, value :: Address_Based
10-12 02:43:10.136 2009 2255 D bt_device_interop: feature:: 16, key :: Beoplay H4, value :: Name_Based
10-12 02:43:10.136 2009 2255 D bt_device_interop: feature:: 16, key :: 70:26:05, value :: Address_Based
10-12 02:43:10.136 2009 2255 D bt_device_interop: feature:: 16, key :: WF-SP700N, value :: Name_Based
10-12 02:43:10.136 2009 2255 D bt_device_interop: feature:: 16, key :: Pixel Buds, value :: Name_Based
10-12 02:43:10.137 2009 2255 D bt_device_interop: Entry is already present in the list
10-12 02:43:10.138 2009 2255 D bt_device_interop: feature:: 16, key :: 00:09:a7, value :: Address_Based
10-12 02:43:10.138 2009 2255 D bt_device_interop: feature:: 16, key :: Beoplay E8, value :: Name_Based
10-12 02:43:10.138 2009 2255 D bt_device_interop: feature:: 16, key :: Bose SoundWear, value :: Name_Based
10-12 02:43:10.138 2009 2255 D bt_device_interop: feature:: 16, key :: Bose Free SoundSport, value :: Name_Based
10-12 02:43:10.138 2009 2255 D bt_device_interop: feature:: 16, key :: Samsung Level On, value :: Name_Based
10-12 02:43:10.138 2009 2255 D bt_device_interop: feature:: 16, key :: a0:56:b2, value :: Address_Based
10-12 02:43:10.138 1140 1240 W BestClock: java.time.DateTimeException: Missing NTP fix
10-12 02:43:10.138 2009 2255 D bt_device_interop: feature:: 16, key :: BMW 08939, value :: Name_Based
10-12 02:43:10.138 2009 2255 D bt_device_interop: feature:: 16, key :: MB Bluetooth, value :: Name_Based
10-12 02:43:10.138 2009 2255 D bt_device_interop: feature:: 16, key :: 94:e3:6d, value :: Address_Based
10-12 02:43:10.138 2009 2255 D bt_device_interop: feature:: 16, key :: BMW 99999, value :: Name_Based
10-12 02:43:10.138 2009 2255 D bt_device_interop: feature:: 16, key :: E4:19:C1, value :: Address_Based
10-12 02:43:10.138 2009 2255 D bt_device_interop: feature:: 16, key :: FreeBuds 3, value :: Name_Based
10-12 02:43:10.138 2009 2255 D bt_device_interop: feature:: 16, key :: 28:83:35, value :: Address_Based
10-12 02:43:10.138 2009 2255 D bt_device_interop: feature:: 16, key :: Level U Pro (5F23), value :: Name_Based
10-12 02:43:10.138 1140 1240 I netstats_mobile_sample: [0,0,0,0,0,0,0,0,0,0,0,0,1665513790138]
10-12 02:43:10.138 2009 2255 D bt_device_interop: feature:: 33, key :: AC:FD:CE, value :: Address_Based
10-12 02:43:10.138 2009 2255 D bt_device_interop: feature:: 21, key :: 00:1B:DC-0x0012, value :: SSR_Max_Lat_Based
10-12 02:43:10.138 1140 1240 I netstats_wifi_sample: [0,0,0,0,0,0,0,0,0,0,0,0,1665513790138]
10-12 02:43:10.138 2009 2255 D bt_device_interop: feature:: 21, key :: DC:2C:26-0x0000, value :: SSR_Max_Lat_Based
10-12 02:43:10.138 2009 2255 D bt_device_interop: feature:: 21, key :: 54:46:6B-0x0001, value :: SSR_Max_Lat_Based
10-12 02:43:10.138 2009 2255 D bt_device_interop: feature:: 25, key :: 98:7b:f3, value :: Address_Based
10-12 02:43:10.138 2009 2255 D bt_device_interop: feature:: 27, key :: 04:52:c7, value :: Address_Based
10-12 02:43:10.138 2009 2255 D bt_device_interop: feature:: 27, key :: AirPods Pro, value :: Name_Based
10-12 02:43:10.138 2009 2255 D bt_device_interop: feature:: 27, key :: 24:A8:7D, value :: Address_Based
10-12 02:43:10.138 2009 2255 D bt_device_interop: feature:: 27, key :: f0:45:da, value :: Address_Based
10-12 02:43:10.138 2009 2255 D bt_device_interop: feature:: 28, key :: 00:08:8a, value :: Address_Based
10-12 02:43:10.139 2009 2255 D bt_device_interop: feature:: 28, key :: JABRA EASYGO, value :: Name_Based
10-12 02:43:10.139 2009 2255 D bt_device_interop: feature:: 28, key :: 55:55:55, value :: Address_Based
10-12 02:43:10.139 2009 2255 D bt_device_interop: feature:: 28, key :: LG HBSF110 Master, value :: Name_Based
10-12 02:43:10.139 2009 2255 D bt_device_interop: feature:: 29, key :: 00:09:93, value :: Address_Based
10-12 02:43:10.139 2009 2255 D bt_device_interop: feature:: 29, key :: 74:6f:f7, value :: Address_Based
10-12 02:43:10.139 2009 2255 D bt_device_interop: feature:: 29, key :: A0:56:B2:4F, value :: Address_Based
10-12 02:43:10.139 2009 2255 D bt_device_interop: feature:: 29, key :: 00:54:AF, value :: Address_Based
10-12 02:43:10.139 2009 2255 D bt_device_interop: feature:: 29, key :: 00:00:2E, value :: Address_Based
10-12 02:43:10.139 2009 2255 D bt_device_interop: feature:: 29, key :: A0:56:B2:5A, value :: Address_Based
10-12 02:43:10.139 2009 2255 D bt_device_interop: feature:: 9, key :: 08:62:66, value :: Address_Based
10-12 02:43:10.139 2009 2255 D bt_device_interop: feature:: 9, key :: 38:2C:4A:C9, value :: Address_Based
10-12 02:43:10.139 2009 2255 D bt_device_interop: feature:: 9, key :: 38:2C:4A:E6, value :: Address_Based
10-12 02:43:10.139 2009 2255 D bt_device_interop: feature:: 9, key :: 54:A0:50:D9, value :: Address_Based
10-12 02:43:10.139 2009 2255 D bt_device_interop: feature:: 9, key :: AC:9E:17, value :: Address_Based
10-12 02:43:10.139 2009 2255 D bt_device_interop: feature:: 9, key :: F0:79:59, value :: Address_Based
10-12 02:43:10.139 2009 2255 D bt_device_interop: feature:: 23, key :: 00:1D:86, value :: Address_Based
10-12 02:43:10.139 2009 2255 D bt_device_interop: feature:: 23, key :: KMM-BT51*HD, value :: Name_Based
10-12 02:43:10.139 2009 2255 D bt_device_interop: feature:: 10, key :: Pixel C Keyboard, value :: Name_Based
10-12 02:43:10.139 2009 2255 D bt_device_interop: feature:: 10, key :: MiMouse, value :: Name_Based
10-12 02:43:10.139 2009 2255 D bt_device_interop: feature:: 10, key :: HTC Fetch, value :: Name_Based
10-12 02:43:10.140 2009 2255 D bt_device_interop: feature:: 31, key :: LG Lighting, value :: Name_Based
10-12 02:43:10.140 2009 2255 D bt_device_interop: feature:: 31, key :: KS_5w4Zu, value :: Name_Based
10-12 02:43:10.140 2009 2255 D bt_device_interop: feature:: 31, key :: ZUK, value :: Name_Based
10-12 02:43:10.140 2009 2255 D bt_device_interop: feature:: 31, key :: ITAG, value :: Name_Based
10-12 02:43:10.140 2009 2255 D bt_device_interop: feature:: 31, key :: Pokemon GO Plus, value :: Name_Based
10-12 02:43:10.140 2009 2255 D bt_device_interop: feature:: 31, key :: FeiZhiX8/X8Pro, value :: Name_Based
10-12 02:43:10.140 2009 2255 D bt_device_interop: feature:: 31, key :: FeiZhiAPEX, value :: Name_Based
10-12 02:43:10.140 2009 2255 D bt_device_interop: feature:: 31, key :: FeiZhiWee, value :: Name_Based
10-12 02:43:10.140 2009 2255 D bt_device_interop: feature:: 31, key :: FeiZhi Wee 2T, value :: Name_Based
10-12 02:43:10.140 2009 2255 D bt_device_interop: feature:: 34, key :: 2c:dc:ad:08, value :: Address_Based
10-12 02:43:10.140 2009 2255 D bt_device_interop: feature:: 34, key :: 74:6f:f7, value :: Address_Based
10-12 02:43:10.140 2009 2255 D bt_device_interop: feature:: 34, key :: 90:03:b7, value :: Address_Based
10-12 02:43:10.140 2009 2255 D bt_device_interop: feature:: 34, key :: 00:06:F5, value :: Address_Based
10-12 02:43:10.140 2009 2255 D bt_device_interop: feature:: 35, key :: 50:65:83, value :: Address_Based
10-12 02:43:10.140 2009 2255 D bt_device_interop: feature:: 35, key :: 28:3f:69, value :: Address_Based
10-12 02:43:10.140 2009 2255 D bt_device_interop: feature:: 35, key :: AirPods, value :: Name_Based
