01-01 08:00:46.012 548 548 I vold : Verified that /data/vendor_de/0 has the encryption policy b8906fb015e0235731e25d501bd668a3 v2 modes 1/4 flags 0xa
01-01 08:00:46.012 548 548 I vold : Verified that /data/user_de/0 has the encryption policy b8906fb015e0235731e25d501bd668a3 v2 modes 1/4 flags 0xa
01-01 08:00:46.012 548 548 D vold : /system/bin/vold_prepare_subdirs
01-01 08:00:46.012 548 548 D vold : prepare
01-01 08:00:46.012 548 548 D vold :
01-01 08:00:46.012 548 548 D vold : 0
01-01 08:00:46.012 548 548 D vold : 1
01-01 08:00:46.077 548 548 D vold : Detected support for FS_IOC_ADD_ENCRYPTION_KEY
01-01 08:00:46.238 0 0 I apexd : This device does not support updatable APEX. Exiting
01-01 08:00:46.245 0 0 I apexd : Marking APEXd as ready
01-01 08:00:46.338 0 0 D cnss : File system is ready, fs_ready is 1, count is 1
01-01 08:00:46.338 0 0 D cnss : Posting event: COLD_BOOT_CAL_START(5), state: 0x0 flags: 0x0
01-01 08:00:46.338 0 0 D cnss : PM stay awake, state: 0x0, count: 1
01-01 08:00:46.338 0 0 D cnss : PM relax, state: 0x0, count: 0
01-01 08:00:46.338 0 0 D cnss : PM stay awake, state: 0x0, count: 1
01-01 08:00:46.338 0 0 D cnss : Processing driver event: COLD_BOOT_CAL_START(5), state: 0x0
01-01 08:00:46.338 0 0 D cnss : Regulator vdd-wlan-io is being enabled
01-01 08:00:46.339 0 0 D cnss : Regulator wlan-ant-switch is being enabled
01-01 08:00:46.339 0 0 D cnss : Regulator vdd-wlan-aon is being enabled
01-01 08:00:46.339 0 0 D cnss : Regulator vdd-wlan-dig is being enabled
01-01 08:00:46.340 0 0 D cnss : Regulator vdd-wlan-rfa1 is being enabled
01-01 08:00:46.340 0 0 D cnss : Regulator vdd-wlan-rfa2 is being enabled
01-01 08:00:46.341 0 0 D cnss : BT_EN_GPIO State: Off. Delay WLAN_GPIO enable
01-01 08:00:46.442 0 0 D cnss : Assert WLAN_EN GPIO successfully
01-01 08:00:46.442 0 0 D cnss : Resuming PCI link
01-01 08:00:46.442 0 0 I msm_pcie_enable: PCIe: Assert the reset of endpoint of RC0.
01-01 08:00:46.454 0 0 I msm_pcie_enable: PCIe: RC0: PCIE20_PARF_INT_ALL_MASK: 0x7f80d202
01-01 08:00:46.464 0 0 I pcie_phy_init: PCIe RC0 PHY is ready!
01-01 08:00:46.479 0 0 I msm_pcie_enable: PCIe: Release the reset of endpoint of RC0.
01-01 08:00:46.498 0 0 E i2c_geni 980000.i2c: i2c error :-107
01-01 08:00:46.502 0 0 I logd : logd reinit
01-01 08:00:46.503 0 0 E : [MAX975X:mcu_keep_wakeup_work_func] *ERROR* Failed to write dev:0x15 addr:0x22 value:0x00
01-01 08:00:46.511 0 0 E logd : FrameworkListener: read() failed (Connection reset by peer)
01-01 08:00:46.514 0 0 I msm_pcie_link_train: PCIe RC0 link initialized
01-01 08:00:46.530 0 0 I cnss_pci 0000: 01:00.0: enabling device (0000 -> 0002)
01-01 08:00:46.536 0 0 D cnss : Read register offset 0x1f8031c, val = 0x6
01-01 08:00:46.536 0 0 D cnss : Write val 0x2 to register offset 0x1f8031c
01-01 08:00:46.536 0 0 D cnss : Setting MHI state: INIT(0)
01-01 08:00:46.560 0 0 D cnss : Setting MHI state: POWER_ON(2)
01-01 08:00:46.564 0 0 W cnss_pci 0000: 01:00.0: Falling back to syfs fallback for: qca6390/amss20.bin
01-01 08:00:46.580 0 0 I ueventd : firmware: loading 'qca6390/amss20.bin' for '/devices/platform/soc/1c00000.qcom,pcie/pci0000:00/0000:00:00.0/0000:01:00.0/firmware/qca6390!amss20.bin'
01-01 08:00:46.619 0 0 I ueventd : loading /devices/platform/soc/1c00000.qcom,pcie/pci0000:00/0000:00:00.0/0000:01:00.0/firmware/qca6390!amss20.bin took 39ms
01-01 08:00:46.275 672 672 I liblog : 91
01-01 08:00:46.275 672 672 I liblog : 1
01-01 08:00:46.276 672 672 I liblog : 17
01-01 08:00:46.891 0 0 I update_verifier: Started with arg 1: nonencrypted
01-01 08:00:46.898 0 0 I binder : 674:674 ioctl 40046210 7fc64e35d4 returned -22
01-01 08:00:46.904 0 0 D hw-ProcessState: Binder ioctl to enable oneway spam detection failed: Invalid argument
01-01 08:00:46.909 0 0 I update_verifier: Booting slot 0: isSlotMarkedSuccessful=1
01-01 08:00:46.916 0 0 I update_verifier: Leaving update_verifier.
01-01 08:00:46.967 0 0 I binder : 675:675 ioctl 40046210 7fc2450db4 returned -22
01-01 08:00:46.981 0 0 W subsys-pil-tz 17300000.qcom,lpass: Falling back to syfs fallback for: adsp.mdt
01-01 08:00:46.981 0 0 W subsys-pil-tz 8300000.qcom,turing: Falling back to syfs fallback for: cdsp.mdt
01-01 08:00:46.996 0 0 I ueventd : firmware: loading 'adsp.mdt' for '/devices/platform/soc/17300000.qcom,lpass/firmware/adsp.mdt'
01-01 08:00:47.008 0 0 I ueventd : firmware: loading 'cdsp.mdt' for '/devices/platform/soc/8300000.qcom,turing/firmware/cdsp.mdt'
01-01 08:00:47.011 0 0 I ueventd : loading /devices/platform/soc/17300000.qcom,lpass/firmware/adsp.mdt took 14ms
01-01 08:00:47.013 0 0 I subsys-pil-tz 17300000.qcom,lpass: adsp: loading from 0x000000008a100000 to 0x000000008be00000
01-01 08:00:47.017 0 0 D cnss : MHI status cb is called with reason MISSION_MODE(6)
01-01 08:00:47.018 0 0 W subsys-pil-tz 17300000.qcom,lpass: Falling back to syfs fallback for: adsp.b02
01-01 08:00:47.019 0 0 D cnss : Notify MHI to use already allocated images
01-01 08:00:47.019 0 0 D cnss : PM relax, state: 0x8, count: 0
01-01 08:00:47.020 0 0 W subsys-pil-tz 17300000.qcom,lpass: Falling back to syfs fallback for: adsp.b03
01-01 08:00:47.020 0 0 W subsys-pil-tz 17300000.qcom,lpass: Falling back to syfs fallback for: adsp.b04
01-01 08:00:47.029 0 0 E ueventd : firmware: could not find firmware for dsi_prop
01-01 08:00:47.036 0 0 W subsys-pil-tz 17300000.qcom,lpass: Falling back to syfs fallback for: adsp.b05
01-01 08:00:47.038 0 0 W subsys-pil-tz 17300000.qcom,lpass: Falling back to syfs fallback for: adsp.b06
01-01 08:00:47.039 0 0 W subsys-pil-tz 17300000.qcom,lpass: Falling back to syfs fallback for: adsp.b07
01-01 08:00:47.040 0 0 I ueventd : loading /devices/platform/soc/8300000.qcom,turing/firmware/cdsp.mdt took 32ms
01-01 08:00:47.041 0 0 I ueventd : firmware: loading 'adsp.b02' for '/devices/platform/soc/17300000.qcom,lpass/firmware/adsp.b02'
01-01 08:00:47.043 0 0 I ueventd : firmware: loading 'adsp.b04' for '/devices/platform/soc/17300000.qcom,lpass/firmware/adsp.b04'
01-01 08:00:47.044 0 0 W subsys-pil-tz 17300000.qcom,lpass: Falling back to syfs fallback for: adsp.b08
01-01 08:00:47.045 0 0 I ueventd : loading /devices/platform/soc/17300000.qcom,lpass/firmware/adsp.b02 took 3ms
01-01 08:00:47.050 0 0 W subsys-pil-tz 17300000.qcom,lpass: Falling back to syfs fallback for: adsp.b09
01-01 08:00:47.051 0 0 E OF : graph: no port node found in /soc/qcom,dsi-display-primary
01-01 08:00:47.051 0 0 W [drm] [msm-dsi-warn]: [hx82101+hx8692 video mode dsi truly panel] fallback to default te-pin-select
01-01 08:00:47.054 0 0 I subsys-pil-tz 8300000.qcom,turing: cdsp: loading from 0x0000000087800000 to 0x0000000088c00000
01-01 08:00:47.055 0 0 I msm_drm ae00000.qcom,mdss_mdp: Linked as a consumer to regulator.31
01-01 08:00:47.058 0 0 E : [drm:dp_display_init_aux_switch][msm-dp-err][683 ]failed to register notifier (-22)
01-01 08:00:47.064 0 0 W subsys-pil-tz 17300000.qcom,lpass: Falling back to syfs fallback for: adsp.b10
01-01 08:00:47.066 0 0 W subsys-pil-tz 17300000.qcom,lpass: Falling back to syfs fallback for: adsp.b11
01-01 08:00:47.067 0 0 W subsys-pil-tz 17300000.qcom,lpass: Falling back to syfs fallback for: adsp.b12
01-01 08:00:47.069 0 0 W subsys-pil-tz 17300000.qcom,lpass: Falling back to syfs fallback for: adsp.b13
01-01 08:00:47.069 0 0 W subsys-pil-tz 17300000.qcom,lpass: Falling back to syfs fallback for: adsp.b14
01-01 08:00:47.070 0 0 W subsys-pil-tz 17300000.qcom,lpass: Falling back to syfs fallback for: adsp.b15
01-01 08:00:47.070 0 0 W subsys-pil-tz 17300000.qcom,lpass: Falling back to syfs fallback for: adsp.b16
01-01 08:00:47.072 0 0 W subsys-pil-tz 17300000.qcom,lpass: Falling back to syfs fallback for: adsp.b17
01-01 08:00:47.073 0 0 W subsys-pil-tz 17300000.qcom,lpass: Falling back to syfs fallback for: adsp.b18
01-01 08:00:47.074 0 0 E register_client_adhoc: find path.src 1 dest 590
01-01 08:00:47.075 0 0 E register_client_adhoc: Client handle 15 mdss_reg
01-01 08:00:47.077 0 0 E register_client_adhoc: find path.src 22 dest 512
01-01 08:00:47.078 0 0 E register_client_adhoc: find path.src 23 dest 512
01-01 08:00:47.080 0 0 E register_client_adhoc: Client handle 53 mdss_sde
01-01 08:00:47.080 0 0 I [drm:sde_dbg_init:4676] evtlog_status: enable:11, panic:1, dump:2
01-01 08:00:47.083 0 0 W subsys-pil-tz 8300000.qcom,turing: Falling back to syfs fallback for: cdsp.b03
01-01 08:00:47.084 0 0 W subsys-pil-tz 8300000.qcom,turing: Falling back to syfs fallback for: cdsp.b02
01-01 08:00:47.085 0 0 W subsys-pil-tz 8300000.qcom,turing: Falling back to syfs fallback for: cdsp.b04
01-01 08:00:47.086 0 0 W subsys-pil-tz 8300000.qcom,turing: Falling back to syfs fallback for: cdsp.b05
01-01 08:00:47.087 0 0 W subsys-pil-tz 8300000.qcom,turing: Falling back to syfs fallback for: cdsp.b06
01-01 08:00:47.092 0 0 W subsys-pil-tz 8300000.qcom,turing: Falling back to syfs fallback for: cdsp.b08
01-01 08:00:47.093 0 0 W subsys-pil-tz 8300000.qcom,turing: Falling back to syfs fallback for: cdsp.b09
01-01 08:00:47.096 0 0 W subsys-pil-tz 8300000.qcom,turing: Falling back to syfs fallback for: cdsp.b11
01-01 08:00:47.098 0 0 E register_client_adhoc: find path.src 1 dest 589
01-01 08:00:47.099 0 0 E register_client_adhoc: Failed to find path.src 1 dest 589
01-01 08:00:47.386 0 0 I msm_drm ae00000.qcom,mdss_mdp: bound soc:qcom,wb-display@0 (ops sde_wb_comp_ops)
01-01 08:00:47.404 0 0 I msm-dsi-display soc: qcom,dsi-display-primary: Linked as a consumer to regulator.25
01-01 08:00:47.414 0 0 I [drm:dsi_display_bind] [msm-dsi-info]: Successfully bind display panel 'qcom,mdss_dsi_panel_hx82101_hx8692_truly_v2_video'
01-01 08:00:47.427 0 0 I msm_drm ae00000.qcom,mdss_mdp: bound soc:qcom,dsi-display-primary (ops dsi_display_comp_ops)
01-01 08:00:47.437 0 0 I msm_drm ae00000.qcom,mdss_mdp: bound af20000.qcom,sde_rscc (ops sde_rsc_comp_ops)
01-01 08:00:47.442 0 0 I binder : 676:676 ioctl 40046210 7ffaa5f1a4 returned -22
01-01 08:00:47.445 0 0 I : [drm] mapped mdp address space @ffffff8014100000
01-01 08:00:47.459 0 0 I binder : 676:676 ioctl 40046210 7ffaa5f3b4 returned -22
01-01 08:00:47.467 0 0 I qcom_rpmh DRV: apps_rsc TCS Busy, retrying RPMH message send: addr=0x30080
01-01 08:00:47.478 0 0 I : [drm:_sde_kms_hw_init_blocks:3613] sde hardware revision:0x60000000
01-01 08:00:47.489 0 0 I subsys-pil-tz 8300000.qcom,turing: cdsp: Brought out of reset
01-01 08:00:47.498 0 0 I subsys-pil-tz 8300000.qcom,turing: Subsystem error monitoring/handling services are up
01-01 08:00:47.498 0 0 I msmdrm_smmu ae00000.qcom,mdss_mdp: qcom,smmu_sde_unsec_cb: Linked as a consumer to 15000000.apps-smmu
01-01 08:00:47.507 0 0 I subsys-pil-tz 8300000.qcom,turing: cdsp: Power/Clock ready interrupt received
01-01 08:00:47.548 0 0 I iommu : Adding device ae00000.qcom,mdss_mdp:qcom,smmu_sde_unsec_cb to group 51
01-01 08:00:47.555 0 0 I qcom_smd_qrtr_probe: Entered
01-01 08:00:47.557 0 0 E : [drm:dp_display_init_aux_switch][msm-dp-err][490 ]failed to register notifier (-22)
01-01 08:00:47.557 0 0 E register_client_adhoc: find path.src 1 dest 589
01-01 08:00:47.557 0 0 E register_client_adhoc: Failed to find path.src 1 dest 589
01-01 08:00:47.558 0 0 I adsprpc : fastrpc_restart_notifier_cb: cdsp subsystem is up
01-01 08:00:47.560 0 0 I msm_cvp : info: Opening cvp instance: fffffff8ec73a280
01-01 08:00:47.562 0 0 I msm_cvp_v4l2 ab00000.qcom,cvp: Linked as a consumer to regulator.77
01-01 08:00:47.565 0 0 I qcom_smd_qrtr_probe: SMD QRTR driver probed
01-01 08:00:47.566 0 0 I : [drm] probing device qcom,smmu_sde_unsec
01-01 08:00:47.566 0 0 I : [drm] Created domain mdp_ns, secure=0
01-01 08:00:47.596 0 0 I subsys-pil-tz 17300000.qcom,lpass: adsp: Brought out of reset
01-01 08:00:47.607 0 0 W subsys-pil-tz 9800000.qcom,npu: Falling back to syfs fallback for: npu.mdt
01-01 08:00:47.612 0 0 I msm_cvp_v4l2 ab00000.qcom,cvp: Linked as a consumer to regulator.76
01-01 08:00:47.620 0 0 I subsys-pil-tz 17300000.qcom,lpass: Subsystem error monitoring/handling services are up
01-01 08:00:47.636 0 0 I subsys-restart: __subsystem_get(): Changing subsys fw_name to cvpss
01-01 08:00:47.641 0 0 E : [drm:dp_display_init_aux_switch][msm-dp-err][490 ]failed to register notifier (-22)
01-01 08:00:47.642 0 0 E register_client_adhoc: find path.src 1 dest 589
01-01 08:00:47.642 0 0 E register_client_adhoc: Failed to find path.src 1 dest 589
01-01 08:00:47.642 0 0 I subsys-pil-tz 17300000.qcom,lpass: adsp: Power/Clock ready interrupt received
01-01 08:00:47.652 0 0 W subsys-pil-tz abb0000.qcom,cvpss: Falling back to syfs fallback for: cvpss.mdt
01-01 08:00:47.659 0 0 I qcom_rpmh DRV: apps_rsc TCS Busy, retrying RPMH message send: addr=0x30030
01-01 08:00:47.682 0 0 I subsys-pil-tz abb0000.qcom,cvpss: cvpss: loading from 0x0000000087300000 to 0x0000000087800000
01-01 08:00:47.689 0 0 I qcom_rpmh DRV: apps_rsc TCS Busy, retrying RPMH message send: addr=0x30040
01-01 08:00:47.701 0 0 W subsys-pil-tz abb0000.qcom,cvpss: Falling back to syfs fallback for: cvpss.b02
01-01 08:00:47.710 0 0 I msmdrm_smmu ae00000.qcom,mdss_mdp: qcom,smmu_sde_sec_cb: Linked as a consumer to 15000000.apps-smmu
01-01 08:00:47.712 0 0 W subsys-pil-tz abb0000.qcom,cvpss: Falling back to syfs fallback for: cvpss.b03
01-01 08:00:47.712 0 0 W subsys-pil-tz abb0000.qcom,cvpss: Falling back to syfs fallback for: cvpss.b04
01-01 08:00:47.712 0 0 W subsys-pil-tz abb0000.qcom,cvpss: Falling back to syfs fallback for: cvpss.b05
01-01 08:00:47.721 0 0 W subsys-pil-tz abb0000.qcom,cvpss: Falling back to syfs fallback for: cvpss.b06
01-01 08:00:47.722 0 0 W subsys-pil-tz abb0000.qcom,cvpss: Falling back to syfs fallback for: cvpss.b07
01-01 08:00:47.722 0 0 W subsys-pil-tz abb0000.qcom,cvpss: Falling back to syfs fallback for: cvpss.b08
01-01 08:00:47.722 0 0 W subsys-pil-tz abb0000.qcom,cvpss: Falling back to syfs fallback for: cvpss.b09
01-01 08:00:47.725 0 0 W subsys-pil-tz abb0000.qcom,cvpss: Falling back to syfs fallback for: cvpss.b10
01-01 08:00:47.737 0 0 I subsys-pil-tz 9800000.qcom,npu: npu: loading from 0x0000000086900000 to 0x0000000086e00000
01-01 08:00:47.737 0 0 I adsprpc : fastrpc_restart_notifier_cb: adsp subsystem is up
01-01 08:00:47.737 0 0 I iommu : Adding device ae00000.qcom,mdss_mdp:qcom,smmu_sde_sec_cb to group 52
01-01 08:00:47.738 0 0 I : [drm] probing device qcom,smmu_sde_sec
01-01 08:00:47.738 0 0 I : [drm] Created domain mdp_s, secure=1
01-01 08:00:47.743 0 0 W subsys-pil-tz abb0000.qcom,cvpss: Falling back to syfs fallback for: cvpss.b19
01-01 08:00:47.750 0 0 I adsprpc : fastrpc_rpmsg_probe: opened rpmsg channel for adsp
01-01 08:00:47.756 0 0 W subsys-pil-tz 9800000.qcom,npu: Falling back to syfs fallback for: npu.b02
01-01 08:00:47.757 0 0 W subsys-pil-tz 9800000.qcom,npu: Falling back to syfs fallback for: npu.b03
01-01 08:00:47.758 0 0 W subsys-pil-tz 9800000.qcom,npu: Falling back to syfs fallback for: npu.b04
01-01 08:00:47.759 0 0 W subsys-pil-tz 9800000.qcom,npu: Falling back to syfs fallback for: npu.b05
01-01 08:00:47.759 0 0 W subsys-pil-tz 9800000.qcom,npu: Falling back to syfs fallback for: npu.b06
01-01 08:00:47.766 0 0 I [drm:dsi_panel_get_mode] [msm-dsi-info]: default topology: lm: 1 comp_enc:0 intf: 1
01-01 08:00:47.771 0 0 I qcom_smd_qrtr_probe: Entered
01-01 08:00:47.790 0 0 E : [drm:dp_display_init_aux_switch][msm-dp-err][486 ]failed to register notifier (-22)
01-01 08:00:47.813 0 0 I adsprpc : fastrpc_rpmsg_probe: opened rpmsg channel for cdsp
01-01 08:00:47.829 0 0 E register_client_adhoc: find path.src 1 dest 589
01-01 08:00:47.829 0 0 E register_client_adhoc: Failed to find path.src 1 dest 589
01-01 08:00:47.840 0 0 I qcom_smd_qrtr_probe: SMD QRTR driver probed
01-01 08:00:47.845 0 0 E : [drm:dp_display_init_aux_switch][msm-dp-err][486 ]failed to register notifier (-22)
01-01 08:00:47.863 0 0 I apr_tal_rpmsg qcom,glink: adsp.apr_audio_svc.-1.-1: apr_tal_rpmsg_probe: Channel[apr_audio_svc] state[Up]
01-01 08:00:47.871 0 0 E register_client_adhoc: find path.src 1 dest 589
01-01 08:00:47.871 0 0 E register_client_adhoc: Failed to find path.src 1 dest 589
01-01 08:00:47.882 0 0 D cnss : DRV subsystem is connected
01-01 08:00:47.885 0 0 I subsys-pil-tz 9800000.qcom,npu: npu: Brought out of reset
01-01 08:00:47.891 0 0 E : [drm:dp_display_init_aux_switch][msm-dp-err][486 ]failed to register notifier (-22)
01-01 08:00:47.892 0 0 I subsys-pil-tz abb0000.qcom,cvpss: cvpss: Brought out of reset
01-01 08:00:47.450 677 677 I boot_progress_start: 40367
01-01 08:00:47.914 0 0 W NPU_WARN: host_session_msg_hdlr: 1904 handle npu session msg when FW is disabled
01-01 08:00:47.914 0 0 I NPU_INFO: npu_get_fw_caps: 236 fw caps 0:2007
01-01 08:00:47.914 0 0 I NPU_INFO: npu_get_fw_caps: 236 fw caps 1:80000005
01-01 08:00:47.914 0 0 I NPU_INFO: npu_get_fw_caps: 236 fw caps 2:0
01-01 08:00:47.914 0 0 I NPU_INFO: npu_get_fw_caps: 236 fw caps 3:0
01-01 08:00:47.914 0 0 I NPU_INFO: npu_get_fw_caps: 236 fw caps 4:0
01-01 08:00:47.914 0 0 I NPU_INFO: npu_get_fw_caps: 236 fw caps 5:0
01-01 08:00:47.914 0 0 I NPU_INFO: npu_get_fw_caps: 236 fw caps 6:0
01-01 08:00:47.914 0 0 I NPU_INFO: npu_get_fw_caps: 236 fw caps 7:0
01-01 08:00:47.918 0 0 E register_client_adhoc: find path.src 1 dest 589
01-01 08:00:47.918 0 0 E register_client_adhoc: Failed to find path.src 1 dest 589
01-01 08:00:48.066 0 0 E : [drm:dp_display_init_aux_switch][msm-dp-err][486 ]failed to register notifier (-22)
01-01 08:00:48.070 0 0 I qcom_smd_qrtr_probe: Entered
01-01 08:00:48.074 0 0 I : [drm] Supports vblank timestamp caching Rev 2 (21.10.2013).
01-01 08:00:48.082 0 0 I qcom_smd_qrtr_probe: SMD QRTR driver probed
01-01 08:00:48.086 0 0 I : [drm] No driver support for vblank timestamp query.
01-01 08:00:48.109 0 0 E register_client_adhoc: find path.src 1 dest 589
01-01 08:00:48.110 0 0 E register_client_adhoc: Failed to find path.src 1 dest 589
01-01 08:00:48.123 0 0 I msm_cvp : info: Closed cvp instance: fffffff8ec73a280 session_id = 0
01-01 08:00:48.129 0 0 I : [drm] Initialized msm_drm 1.3.0 20130625 for ae00000.qcom,mdss_mdp on minor 0
01-01 08:00:48.135 0 0 E : [drm:dp_display_init_aux_switch][msm-dp-err][749 ]failed to register notifier (-22)
01-01 08:00:48.137 0 0 I : [drm] cont_splash feature not enabled
01-01 08:00:48.322 0 0 E i2c_geni 980000.i2c: i2c error :-107
01-01 08:00:48.327 0 0 E : [MAX975X:mcu_keep_wakeup_work_func] *ERROR* Failed to write dev:0x15 addr:0x22 value:0x00
01-01 08:00:48.138 677 677 I snet_event_log: [200284993,-1,]
01-01 08:00:48.141 678 678 I snet_event_log: [200284993,-1,]
01-01 08:00:48.280 677 677 I boot_progress_preload_start: 41196
01-01 08:00:48.302 678 678 D Zygote32Timing: PostZygoteInitGC took to complete: 17ms
01-01 08:00:48.302 678 678 D Zygote32Timing: ZygoteInit took to complete: 23ms
01-01 08:00:48.368 677 677 D Zygote64Timing: BeginPreload took to complete: 87ms
01-01 08:00:48.837 0 0 I subsys-restart: __subsystem_get(): Changing subsys fw_name to slpi
01-01 08:00:48.847 0 0 W subsys-pil-tz 5c00000.qcom,ssc: Falling back to syfs fallback for: slpi.mdt
01-01 08:00:48.871 0 0 I subsys-pil-tz 5c00000.qcom,ssc: slpi: loading from 0x0000000088c00000 to 0x000000008a100000
01-01 08:00:48.898 0 0 W subsys-pil-tz 5c00000.qcom,ssc: Falling back to syfs fallback for: slpi.b03
01-01 08:00:48.898 0 0 W subsys-pil-tz 5c00000.qcom,ssc: Falling back to syfs fallback for: slpi.b04
01-01 08:00:48.898 0 0 W subsys-pil-tz 5c00000.qcom,ssc: Falling back to syfs fallback for: slpi.b06
01-01 08:00:48.899 0 0 W subsys-pil-tz 5c00000.qcom,ssc: Falling back to syfs fallback for: slpi.b05
01-01 08:00:48.899 0 0 W subsys-pil-tz 5c00000.qcom,ssc: Falling back to syfs fallback for: slpi.b07
01-01 08:00:48.900 0 0 W subsys-pil-tz 5c00000.qcom,ssc: Falling back to syfs fallback for: slpi.b09
01-01 08:00:48.900 0 0 W subsys-pil-tz 5c00000.qcom,ssc: Falling back to syfs fallback for: slpi.b02
01-01 08:00:48.900 0 0 W subsys-pil-tz 5c00000.qcom,ssc: Falling back to syfs fallback for: slpi.b10
01-01 08:00:48.900 0 0 W subsys-pil-tz 5c00000.qcom,ssc: Falling back to syfs fallback for: slpi.b08
01-01 08:00:48.902 0 0 W subsys-pil-tz 5c00000.qcom,ssc: Falling back to syfs fallback for: slpi.b12
01-01 08:00:48.902 0 0 W subsys-pil-tz 5c00000.qcom,ssc: Falling back to syfs fallback for: slpi.b11
01-01 08:00:48.902 0 0 W subsys-pil-tz 5c00000.qcom,ssc: Falling back to syfs fallback for: slpi.b13
01-01 08:00:48.903 0 0 W subsys-pil-tz 5c00000.qcom,ssc: Falling back to syfs fallback for: slpi.b14
01-01 08:00:48.903 0 0 W subsys-pil-tz 5c00000.qcom,ssc: Falling back to syfs fallback for: slpi.b15
01-01 08:00:48.905 0 0 W subsys-pil-tz 5c00000.qcom,ssc: Falling back to syfs fallback for: slpi.b16
01-01 08:00:48.906 0 0 W subsys-pil-tz 5c00000.qcom,ssc: Falling back to syfs fallback for: slpi.b17
01-01 08:00:48.906 0 0 W subsys-pil-tz 5c00000.qcom,ssc: Falling back to syfs fallback for: slpi.b18
01-01 08:00:48.907 0 0 W subsys-pil-tz 5c00000.qcom,ssc: Falling back to syfs fallback for: slpi.b20
01-01 08:00:48.907 0 0 W subsys-pil-tz 5c00000.qcom,ssc: Falling back to syfs fallback for: slpi.b19
01-01 08:00:49.036 0 0 I binder : 822:822 ioctl 40046210 7fdc2bb3f4 returned -22
01-01 08:00:49.041 0 0 I binder : 817:817 ioctl 40046210 7fcca96f44 returned -22
01-01 08:00:49.048 0 0 I binder : 822:822 ioctl 40046210 7fdc2bb3d4 returned -22
01-01 08:00:49.271 0 0 I binder : 935:935 ioctl 40046210 7fc0b4e884 returned -22
01-01 08:00:49.325 0 0 I subsys-pil-tz 5c00000.qcom,ssc: slpi: Brought out of reset
01-01 08:00:49.386 0 0 I subsys-pil-tz 5c00000.qcom,ssc: Subsystem error monitoring/handling services are up
01-01 08:00:49.395 0 0 I subsys-pil-tz 5c00000.qcom,ssc: slpi: Power/Clock ready interrupt received
01-01 08:00:49.403 0 0 I qcom_rpmh DRV: apps_rsc TCS Busy, retrying RPMH message send: addr=0x30030
01-01 08:00:49.411 0 0 I qcom_rpmh DRV: apps_rsc TCS Busy, retrying RPMH message send: addr=0x30040
01-01 08:00:49.416 0 0 I adsprpc : fastrpc_restart_notifier_cb: slpi subsystem is up
01-01 08:00:49.416 0 0 E register_client_adhoc: find path.src 1 dest 589
01-01 08:00:49.420 0 0 E register_client_adhoc: Failed to find path.src 1 dest 589
01-01 08:00:49.436 0 0 I adsprpc : fastrpc_rpmsg_probe: opened rpmsg channel for slpi
01-01 08:00:49.483 0 0 I binder : 941:941 ioctl 40046210 7ff7de1a14 returned -22
01-01 08:00:49.484 0 0 E : [drm:dp_display_init_aux_switch][msm-dp-err][350 ]failed to register notifier (-22)
01-01 08:00:49.503 0 0 E register_client_adhoc: find path.src 1 dest 589
01-01 08:00:49.503 0 0 E register_client_adhoc: Failed to find path.src 1 dest 589
01-01 08:00:49.515 0 0 I qcom_smd_qrtr_probe: Entered
01-01 08:00:49.535 0 0 I qcom_smd_qrtr_probe: SMD QRTR driver probed
01-01 08:00:49.558 0 0 E : [drm:dp_display_init_aux_switch][msm-dp-err][749 ]failed to register notifier (-22)
01-01 08:00:49.144 946 946 I android.hardware.wifi@1.0-service: Wifi Hal is booting up...
01-01 08:00:49.572 0 0 E register_client_adhoc: find path.src 1 dest 589
01-01 08:00:49.154 946 946 I HidlServiceManagement: Registered android.hardware.wifi@1.4::IWifi/default (start delay of 250ms) --------- beginning of crash
01-01 08:00:49.323 828 828 F libc : Fatal signal 6 (SIGABRT), code -6 (SI_TKILL) in tid 828 (android.hardwar), pid 828 (android.hardwar)
01-01 08:00:49.575 0 0 E register_client_adhoc: Failed to find path.src 1 dest 589
01-01 08:00:49.816 0 0 W QSEECOM : qseecom_load_app: App (soter64) does'nt exist, loading apps for first time
01-01 08:00:49.841 0 0 I binder : 986:986 ioctl 40046210 7fea149664 returned -22
01-01 08:00:49.861 0 0 W QSEECOM : qseecom_load_app: App with id 4 (soter64) now loaded
01-01 08:00:49.598 1014 1014 I irsc_util: Starting irsc tool
01-01 08:00:49.624 1014 1014 I irsc_util: Num of entries:298
01-01 08:00:49.624 1014 1014 I irsc_util: Ending irsc tool
01-01 08:00:50.056 0 0 I sysmon-qmi: ssctl_new_server: Connection established between QMI handle and adsp's SSCTL service
01-01 08:00:50.059 0 0 I sysmon-qmi: ssctl_new_server: Connection established between QMI handle and slpi's SSCTL service
01-01 08:00:50.152 0 0 E i2c_geni 980000.i2c: i2c error :-107
01-01 08:00:50.157 0 0 E : [MAX975X:mcu_keep_wakeup_work_func] *ERROR* Failed to write dev:0x15 addr:0x22 value:0x00
01-01 08:00:50.165 0 0 E diag : In diag_send_peripheral_buffering_mode, buffering flag not set for 6
01-01 08:00:50.193 0 0 I logd : logdr: UID=1047 GID=1005 PID=1002 n tail=0 logMask=8 pid=828 start=0ns deadline=0ns
01-01 08:00:50.206 0 0 I msm_vidc: high: 00000001: ....d: Opening video instance: fffffff8d169c000, 1
01-01 08:00:50.207 0 0 E diag : In diag_send_feature_mask_update, control channel is not open, p: 1, ffffffa9077d78e0
01-01 08:00:50.224 0 0 E diag : In diag_send_feature_mask_update, control channel is not open, p: 5, ffffffa9077d8220
01-01 08:00:50.228 0 0 D cnss : WLFW server arriving: node 7 port 1
01-01 08:00:50.234 0 0 I msm_vidc_v4l2 aa00000.qcom,vidc: Linked as a consumer to regulator.75
01-01 08:00:50.236 0 0 I sysmon-qmi: ssctl_new_server: Connection established between QMI handle and slpi's SSCTL service
01-01 08:00:50.237 0 0 E diag : In diag_send_peripheral_buffering_mode, buffering flag not set for 1
01-01 08:00:50.237 0 0 E diag : In diag_send_peripheral_buffering_mode, buffering flag not set for 5
01-01 08:00:50.242 0 0 D cnss : Posting event: SERVER_ARRIVE(0), state: 0x8 flags: 0x0
01-01 08:00:50.242 0 0 E diag : In diag_send_feature_mask_update, control channel is not open, p: 3, ffffffa9077d7d80
01-01 08:00:50.243 0 0 E diag : In diag_send_peripheral_buffering_mode, buffering flag not set for 3
01-01 08:00:50.246 0 0 I sysmon-qmi: ssctl_new_server: Connection established between QMI handle and cdsp's SSCTL service
01-01 08:00:50.253 0 0 I servloc : service_locator_new_server: Connection established with the Service locator
01-01 08:00:50.255 0 0 I servloc : init_service_locator: Service locator initialized
01-01 08:00:49.819 908 908 I auditd : type=1400 audit(0.0:13): avc: denied { read } for comm="android.hardwar" name="type" dev="sysfs" ino=68221 scontext=u:r:hal_health_default:s0 tcontext=u:object_r:sysfs:s0 tclass=file permissive=0
01-01 08:00:50.259 0 0 I binder : 1031:1031 ioctl 40046210 7ff32b6dd4 returned -22
01-01 08:00:50.261 0 0 D cnss : PM stay awake, state: 0x8, count: 1
01-01 08:00:50.262 0 0 W healthd : No battery devices found
01-01 08:00:50.271 0 0 I msm_vidc_v4l2 aa00000.qcom,vidc: Linked as a consumer to regulator.74
01-01 08:00:49.842 0 0 W healthd : battery none chg=
01-01 08:00:49.845 0 0 D cnss : PM relax, state: 0x8, count: 0
01-01 08:00:49.846 0 0 D cnss : PM stay awake, state: 0x8, count: 1
01-01 08:00:49.846 0 0 D cnss : Processing driver event: SERVER_ARRIVE(0), state: 0x8
01-01 08:00:49.846 0 0 I cnss : QMI WLFW service connected, state: 0x9
01-01 08:00:49.846 0 0 D cnss : Sending indication register message, state: 0x9
01-01 08:00:49.867 0 0 I logd : logdr: UID=1047 GID=1005 PID=1002 n tail=0 logMask=1 pid=828 start=0ns deadline=0ns
01-01 08:00:49.873 0 0 D cnss : Sending host capability message, state: 0x9
01-01 08:00:49.874 0 0 I service-notifier: service_notifier_new_server: Connection established between QMI handle and 74 service
01-01 08:00:49.878 0 0 I adsprpc : fastrpc_get_service_location_notify: PDR notifier for adsp registered for msm/adsp/audio_pd (audio_pdr_adsprpc)
01-01 08:00:49.879 0 0 I subsys-restart: __subsystem_get(): Changing subsys fw_name to venus
01-01 08:00:49.900 0 0 W subsys-pil-tz aab0000.qcom,venus: Falling back to syfs fallback for: venus.mdt
01-01 08:00:49.902 0 0 D cnss : Number of clients is 2
01-01 08:00:49.902 0 0 D cnss : Assign MSI to user: WAKE, num_vectors: 1, user_base_data: 813, base_vector: 13
01-01 08:00:49.902 0 0 D cnss : WAKE MSI base data is 813
01-01 08:00:49.902 0 0 D cnss : Calibration done is 0
01-01 08:00:49.902 0 0 D cnss : Sending iova starting 0xa0000000 with size 0x10010000
01-01 08:00:49.904 0 0 I audio_notifer_reg_service: service PDR_ADSP is in use
01-01 08:00:49.905 0 0 I adsprpc : fastrpc_get_service_location_notify: audio_pdr_adsprpc (msm/adsp/audio_pd) PDR service for adsp is uninitialized
01-01 08:00:49.912 0 0 D cnss : PM relax, state: 0x9, count: 0
01-01 08:00:49.912 0 0 I adsprpc : fastrpc_pdr_notifier_cb: msm/adsp/audio_pd (audio_pdr_adsprpc) is up on adsp
01-01 08:00:49.912 0 0 I apr_adsp_up: Q6 is Up
01-01 08:00:49.936 0 0 I sps : BAM 0x0000000003a84000 (va:0xffffff801c040000) enabled: ver:0x19, number of pipes:25
01-01 08:00:49.936 0 0 I sps : BAM 0x0000000003a84000 is registered.
01-01 08:00:49.936 0 0 E rmt_storage: ERR:main: Mmap Failed for rmts (-1)...pausing execution!
01-01 08:00:49.923 469 469 I auditd : type=1400 audit(0.0:14): avc: denied { setattr } for comm="init" name="rawdump" dev="tmpfs" ino=20547 scontext=u:r:vendor_init:s0 tcontext=u:object_r:block_device:s0 tclass=lnk_file permissive=0
01-01 08:00:49.927 469 469 I auditd : type=1400 audit(0.0:15): avc: denied { setattr } for comm="init" name="rawdump" dev="tmpfs" ino=20547 scontext=u:r:vendor_init:s0 tcontext=u:object_r:block_device:s0 tclass=lnk_file permissive=0
01-01 08:00:49.958 0 0 I binder : 1035:1035 ioctl 40046210 7fd09d98c4 returned -22
01-01 08:00:49.964 0 0 I msm-audio-ion soc: qcom,msm-audio-apr:qcom,msm-audio-ion: Linked as a consumer to 15000000.apps-smmu
01-01 08:00:49.969 0 0 I iommu : Adding device soc:qcom,msm-audio-apr:qcom,msm-audio-ion to group 53
01-01 08:00:49.971 0 0 I subsys-pil-tz aab0000.qcom,venus: venus: loading from 0x0000000086e00000 to 0x0000000087300000
01-01 08:00:49.993 0 0 W subsys-pil-tz aab0000.qcom,venus: Falling back to syfs fallback for: venus.b02
01-01 08:00:49.994 0 0 W subsys-pil-tz aab0000.qcom,venus: Falling back to syfs fallback for: venus.b03
01-01 08:00:49.994 0 0 W subsys-pil-tz aab0000.qcom,venus: Falling back to syfs fallback for: venus.b04
01-01 08:00:49.995 0 0 W subsys-pil-tz aab0000.qcom,venus: Falling back to syfs fallback for: venus.b05
01-01 08:00:49.995 0 0 W subsys-pil-tz aab0000.qcom,venus: Falling back to syfs fallback for: venus.b07
01-01 08:00:49.996 0 0 W subsys-pil-tz aab0000.qcom,venus: Falling back to syfs fallback for: venus.b08
01-01 08:00:49.996 0 0 W subsys-pil-tz aab0000.qcom,venus: Falling back to syfs fallback for: venus.b09
01-01 08:00:49.996 0 0 W subsys-pil-tz aab0000.qcom,venus: Falling back to syfs fallback for: venus.b06
01-01 08:00:49.996 0 0 W subsys-pil-tz aab0000.qcom,venus: Falling back to syfs fallback for: venus.b10
01-01 08:00:49.997 0 0 W subsys-pil-tz aab0000.qcom,venus: Falling back to syfs fallback for: venus.b19
01-01 08:00:50.015 0 0 E : [drm:dp_display_init_aux_switch][msm-dp-err][490 ]failed to register notifier (-22)
01-01 08:00:50.019 0 0 I : Mass Storage Function, version: 2009/09/11
01-01 08:00:50.026 0 0 E register_client_adhoc: find path.src 1 dest 589
01-01 08:00:50.027 0 0 E register_client_adhoc: Failed to find path.src 1 dest 589
01-01 08:00:50.028 0 0 I LUN : removable file: (no medium)
01-01 08:00:50.035 1002 1002 F DEBUG : *** *** *** *** *** *** *** *** *** *** *** *** *** *** *** ***
01-01 08:00:50.035 1002 1002 F DEBUG : Build fingerprint: 'TC/figure_CN/figure:12/SKQ1.220201.001/1090:userdebug/test-keys'
01-01 08:00:50.035 1002 1002 F DEBUG : Revision: '0'
01-01 08:00:50.036 1002 1002 F DEBUG : ABI: 'arm64'
01-01 08:00:50.036 1002 1002 F DEBUG : Timestamp: 1970-01-01 08:00:49.522771613+0800
01-01 08:00:50.036 1002 1002 F DEBUG : Process uptime: 0s
01-01 08:00:50.036 1002 1002 F DEBUG : Cmdline: /vendor/bin/hw/android.hardware.camera.provider@2.4-service_64
01-01 08:00:50.036 1002 1002 F DEBUG : pid: 828, tid: 828, name: android.hardwar >>> /vendor/bin/hw/android.hardware.camera.provider@2.4-service_64 <<<
01-01 08:00:50.036 1002 1002 F DEBUG : uid: 1047
01-01 08:00:50.036 1002 1002 F DEBUG : signal 6 (SIGABRT), code -6 (SI_TKILL), fault addr --------
01-01 08:00:50.036 1002 1002 F DEBUG : x0 0000000000000000 x1 000000000000033c x2 0000000000000006 x3 0000000000000000
01-01 08:00:50.036 1002 1002 F DEBUG : x4 00000000000cd288 x5 00000000000cd288 x6 00000000000cd288 x7 7f7f7f7f7f7f7f7f
01-01 08:00:50.036 1002 1002 F DEBUG : x8 0000000000000083 x9 05615359d18fc448 x10 0000007fdd63c628 x11 fffffffffffffffd
01-01 08:00:50.036 1002 1002 F DEBUG : x12 00000073feb92000 x13 0000000000000000 x14 0000007fdd63cdb0 x15 0000000034155555
01-01 08:00:50.036 1002 1002 F DEBUG : x16 000000771c4cf5a0 x17 000000771c4ab7c0 x18 0000007721676000 x19 00000073fd26553c
01-01 08:00:50.036 1002 1002 F DEBUG : x20 b40000742bc61a90 x21 00000077205ef000 x22 0000007fdd63d28c x23 00000073fd9dcaa0
01-01 08:00:50.036 1002 1002 F DEBUG : x24 00000073fd97cfc0 x25 00000073fd926db0 x26 0000000000000060 x27 0000000000000000
01-01 08:00:50.036 1002 1002 F DEBUG : x28 b40000745bc60748 x29 0000007fdd6696d0
01-01 08:00:50.036 1002 1002 F DEBUG : lr 00000073fd85e7dc sp 0000007fdd63d220 pc 000000771c4ab7cc pst 0000000000001000
01-01 08:00:50.036 1002 1002 F DEBUG : backtrace:
01-01 08:00:50.036 1002 1002 F DEBUG : #00 pc 00000000000a17cc /apex/com.android.runtime/lib64/bionic/libc.so (tgkill+12) (BuildId: 369edc656806aeaf384cbeb8f7a347af)
01-01 08:00:50.036 1002 1002 F DEBUG : #01 pc 00000000006457d8 /vendor/lib64/hw/camera.qcom.so (CamX::HwEnvironment::GetInstance() (.cfi)+6368) (BuildId: e14a83250e14920069418bc668b76d4d)
01-01 08:00:50.036 1002 1002 F DEBUG : #02 pc 0000000000266a50 /vendor/lib64/hw/camera.qcom.so (CamX::HAL3Module::GetInstance()+664) (BuildId: e14a83250e14920069418bc668b76d4d)
01-01 08:00:50.036 1002 1002 F DEBUG : #03 pc 000000000025a294 /vendor/lib64/hw/camera.qcom.so (CamX::get_number_of_cameras() (.cfi)+84) (BuildId: e14a83250e14920069418bc668b76d4d)
01-01 08:00:50.036 1002 1002 F DEBUG : #04 pc 0000000000034908 /vendor/lib64/android.hardware.camera.provider@2.4-legacy.so (android::hardware::camera::common::V1_0::helper::CameraModule::init()+200) (BuildId: c456d5ffa961e6c6954debfeaac86fd5)
01-01 08:00:50.036 1002 1002 F DEBUG : #05 pc 0000000000026e48 /vendor/lib64/android.hardware.camera.provider@2.4-legacy.so (android::hardware::camera::provider::V2_4::implementation::LegacyCameraProviderImpl_2_4::initialize()+140) (BuildId: c456d5ffa961e6c6954debfeaac86fd5)
01-01 08:00:50.036 1002 1002 F DEBUG : #06 pc 0000000000026638 /vendor/lib64/android.hardware.camera.provider@2.4-legacy.so (android::hardware::camera::provider::V2_4::implementation::LegacyCameraProviderImpl_2_4::LegacyCameraProviderImpl_2_4()+160) (BuildId: c456d5ffa961e6c6954debfeaac86fd5)
01-01 08:00:50.036 1002 1002 F DEBUG : #07 pc 000000000000415c /vendor/lib64/hw/android.hardware.camera.provider@2.4-impl.so (android::hardware::camera::provider::V2_4::implementation::CameraProvider* android::hardware::camera::provider::V2_4::implementation::getProviderImpl() (.cfi)+64) (BuildId: 5e2f33df9f94aadf6b2d7d01985be38c)
01-01 08:00:50.036 1002 1002 F DEBUG : #08 pc 0000000000051d94 /apex/com.android.vndk.v30/lib64/libhidlbase.so (android::hardware::PassthroughServiceManager::get(android::hardware::hidl_string const&, android::hardware::hidl_string const&)::'lambda'(void*, std::__1::basic_string, std::__1::allocator > const&, std::__1::basic_string, std::__1::allocator > const&)::operator()(void*, std::__1::basic_string, std::__1::allocator > const&, std::__1::basic_string, std::__1::allocator > const&) const+96) (BuildId: fc3e2389a057aeefafa6557f6d78a06b)
01-01 08:00:50.036 1002 1002 F DEBUG : #09 pc 000000000004cdf0 /apex/com.android.vndk.v30/lib64/libhidlbase.so (android::hardware::PassthroughServiceManager::openLibs(std::__1::basic_string, std::__1::allocator > const&, std::__1::function, std::__1::allocator > const&, std::__1::basic_string, std::__1::allocator > const&)> const&)+944) (BuildId: fc3e2389a057aeefafa6557f6d78a06b)
01-01 08:00:50.036 1002 1002 F DEBUG : #10 pc 00000000000502a0 /apex/com.android.vndk.v30/lib64/libhidlbase.so (android::hardware::PassthroughServiceManager::get(android::hardware::hidl_string const&, android::hardware::hidl_string const&)+92) (BuildId: fc3e2389a057aeefafa6557f6d78a06b)
01-01 08:00:50.036 1002 1002 F DEBUG : #11 pc 000000000004dd8c /apex/com.android.vndk.v30/lib64/libhidlbase.so (android::hardware::details::getRawServiceInternal(std::__1::basic_string, std::__1::allocator > const&, std::__1::basic_string, std::__1::allocator > const&, bool, bool)+1488) (BuildId: fc3e2389a057aeefafa6557f6d78a06b)
01-01 08:00:50.036 1002 1002 F DEBUG : #12 pc 000000000004b91c /apex/com.android.vndk.v30/lib64/libhidlbase.so (android::hardware::details::registerPassthroughServiceImplementation(std::__1::basic_string, std::__1::allocator > const&, std::__1::basic_string, std::__1::allocator > const&, std::__1::function const&, std::__1::basic_string, std::__1::allocator > const&)>, std::__1::basic_string, std::__1::allocator > const&)+80) (BuildId: fc3e2389a057aeefafa6557f6d78a06b)
01-01 08:00:50.036 1002 1002 F DEBUG : #13 pc 000000000004bc9c /apex/com.android.vndk.v30/lib64/libhidlbase.so (android::hardware::registerPassthroughServiceImplementation(std::__1::basic_string, std::__1::allocator > const&, std::__1::basic_string, std::__1::allocator > const&, std::__1::basic_string, std::__1::allocator > const&)+56) (BuildId: fc3e2389a057aeefafa6557f6d78a06b)
01-01 08:00:50.036 1002 1002 F DEBUG : #14 pc 0000000000001130 /vendor/bin/hw/android.hardware.camera.provider@2.4-service_64 (main.cfi+196) (BuildId: a1ba6e409ca848af1f0b7c62860af7da)
01-01 08:00:50.037 1002 1002 F DEBUG : #15 pc 000000000004a084 /apex/com.android.runtime/lib64/bionic/libc.so (__libc_init+100) (BuildId: 369edc656806aeaf384cbeb8f7a347af)
01-01 08:00:50.047 0 0 E : [drm:dp_display_init_aux_switch][msm-dp-err][490 ]failed to register notifier (-22)
01-01 08:00:50.089 0 0 I : file system registered
01-01 08:00:50.111 0 0 I binder : 1029:1029 ioctl 40046210 7fecb475c4 returned -22
01-01 08:00:50.111 0 0 I binder : 1029:1029 ioctl 40046210 7fecb475e4 returned -22
01-01 08:00:50.114 0 0 I f_cdev_alloc: port_name:at_usb0 (fffffff8d00e6c80) portno:(0)
01-01 08:00:50.122 0 0 I f_cdev_alloc: port_name:at_usb1 (fffffff8d00e4880) portno:(1)
01-01 08:00:50.127 0 0 I f_cdev_alloc: port_name:at_usb2 (fffffff8d00e5a80) portno:(2)
01-01 08:00:50.146 0 0 E register_client_adhoc: find path.src 1 dest 589
01-01 08:00:50.146 0 0 E register_client_adhoc: Failed to find path.src 1 dest 589
01-01 08:00:50.157 0 0 E : [drm:dp_display_init_aux_switch][msm-dp-err][490 ]failed to register notifier (-22)
01-01 08:00:50.186 0 0 I subsys-pil-tz aab0000.qcom,venus: venus: Brought out of reset
01-01 08:00:50.186 0 0 W kona-asoc-snd soc: qcom,msm-audio-apr:qcom,q6core-audio:sound: msm_init_aux_dev: Max WSA devices is 0 for this target?
01-01 08:00:50.191 0 0 E kona-asoc-snd soc: qcom,msm-audio-apr:qcom,q6core-audio:sound: ASoC: CODEC DAI wsa_macro_vifeedback not registered
01-01 08:00:50.199 0 0 I binder : 1038:1038 ioctl 40046210 7fec5f2664 returned -22
01-01 08:00:50.203 0 0 E register_client_adhoc: find path.src 1 dest 589
01-01 08:00:50.204 0 0 E register_client_adhoc: Failed to find path.src 1 dest 589
01-01 08:00:50.217 0 0 I msm_vidc: high: 00000001: h264d: Closed video instance: fffffff8d169c000
01-01 08:00:50.217 0 0 E : [drm:dp_display_init_aux_switch][msm-dp-err][490 ]failed to register notifier (-22)
01-01 08:00:50.224 0 0 I msm_vidc: high: 00000001: ....d: Opening video instance: fffffff8d169c000, 1
01-01 08:00:50.230 0 0 I binder : 1038:1038 ioctl 40046210 7fec5f4094 returned -22
01-01 08:00:50.237 0 0 E qcom-lpi-pinctrl soc: qcom,msm-audio-apr:qcom,q6core-audio:lpi_pinctrl@33c0000: snd_event_notify: No snd dev entry found
01-01 08:00:50.246 0 0 I msm_vidc: high: 00000001: h264d: Closed video instance: fffffff8d169c000
01-01 08:00:50.247 1 1 I auditd : type=1107 audit(0.0:16): uid=0 auid=4294967295 ses=4294967295 subj=u:r:init:s0 msg='avc: denied { set } for property=ctl.start$console pid=1092 uid=0 gid=0 scontext=u:r:vendor_qti_init_shell:s0 tcontext=u:object_r:ctl_start_prop:s0 tclass=property_service permissive=0'
01-01 08:00:50.253 0 0 I msm_vidc: high: 00000001: ....d: Opening video instance: fffffff8d3360000, 1
01-01 08:00:50.259 0 0 W kona-asoc-snd soc: qcom,msm-audio-apr:qcom,q6core-audio:sound: msm_init_aux_dev: Max WSA devices is 0 for this target?
01-01 08:00:50.261 0 0 E kona-asoc-snd soc: qcom,msm-audio-apr:qcom,q6core-audio:sound: ASoC: CODEC DAI wsa_macro_vifeedback not registered
01-01 08:00:50.262 0 0 I msm_vidc: high: 00000001: h265d: Closed video instance: fffffff8d3360000
01-01 08:00:50.263 0 0 I msm_vidc: high: 00000002: ....d: Opening video instance: fffffff8cf950000, 1
01-01 08:00:50.269 502 502 I auditd : avc: denied { find } for pid=1038 uid=1000 name=vendor.qti.hardware.display.config.IDisplayConfig/default scontext=u:r:surfaceflinger:s0 tcontext=u:object_r:default_android_service:s0 tclass=service_manager permissive=0
01-01 08:00:50.277 502 502 I auditd : avc: denied { find } for pid=1038 uid=1000 name=vendor.qti.hardware.display.config.IDisplayConfig/default scontext=u:r:surfaceflinger:s0 tcontext=u:object_r:default_android_service:s0 tclass=service_manager permissive=0
01-01 08:00:50.278 0 0 I msm_vidc: high: 00000002: h265d: Closed video instance: fffffff8cf950000
01-01 08:00:50.279 0 0 I msm_vidc: high: 00000001: ....d: Opening video instance: fffffff8cf950000, 1
01-01 08:00:50.287 0 0 I msm_vidc: high: 00000001: vp8d: Closed video instance: fffffff8cf950000
01-01 08:00:50.288 0 0 I msm_vidc: high: 00000001: ....d: Opening video instance: fffffff8cf950000, 1
01-01 08:00:50.301 0 0 I msm_vidc: high: 00000001: vp9d: Closed video instance: fffffff8cf950000
01-01 08:00:50.304 0 0 I msm_vidc: high: 00000001: ....d: Opening video instance: fffffff8d0048000, 1
01-01 08:00:50.308 0 0 E register_client_adhoc: find path.src 1 dest 589
01-01 08:00:50.309 0 0 E register_client_adhoc: Failed to find path.src 1 dest 589
01-01 08:00:50.310 0 0 I msm_vidc: high: 00000001: vp9d: Closed video instance: fffffff8d0048000
01-01 08:00:50.318 0 0 I platform soc: qcom,msm-audio-apr:qcom,voice-mhi-audio: assigned reserved memory node mailbox_region
01-01 08:00:50.327 0 0 I msm_vidc: high: 00000001: ....d: Opening video instance: fffffff8d0048000, 1
01-01 08:00:50.332 0 0 E : [drm:dp_display_init_aux_switch][msm-dp-err][490 ]failed to register notifier (-22)
01-01 08:00:50.335 0 0 I msm_vidc: high: 00000001: mpg2d: Closed video instance: fffffff8d0048000
01-01 08:00:50.344 0 0 I msm_vidc: high: 00000001: ....d: Opening video instance: fffffff8d0048000, 1
01-01 08:00:50.347 0 0 W kona-asoc-snd soc: qcom,msm-audio-apr:qcom,q6core-audio:sound: msm_init_aux_dev: Max WSA devices is 0 for this target?
01-01 08:00:50.349 0 0 E kona-asoc-snd soc: qcom,msm-audio-apr:qcom,q6core-audio:sound: ASoC: CODEC DAI wsa_macro_vifeedback not registered
01-01 08:00:50.349 0 0 I msm_vidc: high: 00000001: mpg2d: Closed video instance: fffffff8d0048000
01-01 08:00:50.361 0 0 E register_client_adhoc: find path.src 1 dest 589
01-01 08:00:50.362 0 0 E register_client_adhoc: Failed to find path.src 1 dest 589
01-01 08:00:50.366 0 0 I msm_vidc: high: 00000001: ....e: Opening video instance: fffffff8d0110000, 0
01-01 08:00:50.372 677 677 D Zygote64Timing: PreloadClasses took to complete: 2004ms
01-01 08:00:50.370 0 0 E : [drm:dp_display_init_aux_switch][msm-dp-err][490 ]failed to register notifier (-22)
01-01 08:00:50.386 0 0 I msm_vidc: high: 00000001: h264e: Closed video instance: fffffff8d0110000
01-01 08:00:50.392 0 0 I msm_vidc: high: 00000001: ....e: Opening video instance: fffffff8d0110000, 0
01-01 08:00:50.393 0 0 W : bolero-clk-rsc-mngr bolero-clk-rsc-mngr: DMA mask not set
01-01 08:00:50.404 0 0 W tx_macro tx-macro: DMA mask not set
01-01 08:00:50.404 0 0 E tx_macro tx-macro: tx_macro_probe: va-macro not registered yet, defer
01-01 08:00:50.413 0 0 I msm_vidc: high: 00000001: h265e: Closed video instance: fffffff8d0110000
01-01 08:00:50.415 0 0 W rx_macro rx-macro: DMA mask not set
01-01 08:00:50.415 0 0 E rx_macro rx-macro: rx_macro_probe: va-macro not registered yet, defer
01-01 08:00:50.416 0 0 I msm_vidc: high: 00000001: ....e: Opening video instance: fffffff8d03a0000, 0
01-01 08:00:50.428 677 677 D Zygote64Timing: CacheNonBootClasspathClassLoaders took to complete: 57ms
01-01 08:00:50.427 0 0 W wsa_macro wsa-macro: DMA mask not set
01-01 08:00:50.427 0 0 E wsa_macro wsa-macro: wsa_macro_probe: va-macro not registered yet, defer
01-01 08:00:50.437 0 0 W va_macro va-macro: DMA mask not set
01-01 08:00:50.437 0 0 E msm_cdc_pinctrl_get_gpiodata: device node is null
01-01 08:00:50.442 0 0 I msm_vidc: high: 00000001: h265e: Closed video instance: fffffff8d03a0000
01-01 08:00:50.445 0 0 I va_macro va-macro: Linked as a consumer to regulator.7
01-01 08:00:50.445 0 0 I va_macro va-macro: bolero_register_macro: register macro successful:3
01-01 08:00:50.448 0 0 I msm_vidc: high: 00000001: ....e: Opening video instance: fffffff8d16bc000, 0
01-01 08:00:50.451 0 0 W wcd938x_codec wcd938x-codec: DMA mask not set
01-01 08:00:50.451 0 0 I wcd938x_codec wcd938x-codec: msm_cdc_dt_parse_vreg_info: cdc-vdd-rxtx: vol=[1800000 1800000]uV, curr=[30000]uA, ond 0 lpm 0
01-01 08:00:50.451 0 0 I wcd938x_codec wcd938x-codec: msm_cdc_dt_parse_vreg_info: cdc-vddio: vol=[1800000 1800000]uV, curr=[30000]uA, ond 0 lpm 0
01-01 08:00:50.451 0 0 I wcd938x_codec wcd938x-codec: msm_cdc_dt_parse_vreg_info: cdc-vdd-buck: vol=[1800000 1800000]uV, curr=[650000]uA, ond 0 lpm 0
01-01 08:00:50.451 0 0 I wcd938x_codec wcd938x-codec: msm_cdc_dt_parse_vreg_info: cdc-vdd-mic-bias: vol=[3296000 3296000]uV, curr=[30000]uA, ond 0 lpm 0
01-01 08:00:50.451 0 0 I wcd938x_codec wcd938x-codec: Linked as a consumer to regulator.7
01-01 08:00:50.452 0 0 I wcd938x_codec wcd938x-codec: Linked as a consumer to regulator.48
01-01 08:00:50.457 0 0 I msm_vidc: high: 00000001: h265e: Closed video instance: fffffff8d16bc000
01-01 08:00:50.458 0 0 W kona-asoc-snd soc: qcom,msm-audio-apr:qcom,q6core-audio:sound: msm_init_aux_dev: Max WSA devices is 0 for this target?
01-01 08:00:50.460 0 0 I msm_vidc: high: 00000001: ....e: Opening video instance: fffffff8d16bc000, 0
01-01 08:00:50.467 677 677 D Zygote64Timing: PreloadResources took to complete: 39ms
01-01 08:00:50.462 0 0 E kona-asoc-snd soc: qcom,msm-audio-apr:qcom,q6core-audio:sound: ASoC: CODEC DAI wsa_macro_vifeedback not registered
01-01 08:00:50.462 0 0 I msm_vidc: err : 00000001: ....e: msm_vidc_comm_update_ctrl: failed: control name Ltr Count, min 0, max 0, step 0, default_value 0
01-01 08:00:50.478 0 0 I msm_vidc: high: 00000001: vp8e: Closed video instance: fffffff8d16bc000
01-01 08:00:50.478 0 0 E register_client_adhoc: find path.src 1 dest 589
01-01 08:00:50.478 0 0 E register_client_adhoc: Failed to find path.src 1 dest 589
01-01 08:00:50.489 0 0 E : [drm:dp_display_init_aux_switch][msm-dp-err][490 ]failed to register notifier (-22)
01-01 08:00:50.506 0 0 I tx_macro tx-macro: bolero_register_macro: register macro successful:0
01-01 08:00:50.510 0 0 I rx_macro rx-macro: bolero_register_macro: register macro successful:1
01-01 08:00:50.513 0 0 I wsa_macro wsa-macro: bolero_register_macro: register macro successful:2
01-01 08:00:50.518 0 0 W kona-asoc-snd soc: qcom,msm-audio-apr:qcom,q6core-audio:sound: msm_init_aux_dev: Max WSA devices is 0 for this target?
01-01 08:00:50.534 0 0 I init : starting service 'bootanim'...
01-01 08:00:50.539 0 0 W swr-wcd tx_swr_ctrl: DMA mask not set
01-01 08:00:50.548 0 0 W swr-wcd rx_swr_ctrl: DMA mask not set
01-01 08:00:50.563 0 0 I init : Control message: Processed ctl.start for 'bootanim' from pid: 1038 (/system/bin/surfaceflinger)
01-01 08:00:50.577 677 677 I boot_progress_preload_end: 43493
01-01 08:00:50.577 677 677 D Zygote64Timing: ZygotePreload took to complete: 2297ms
01-01 08:00:50.601 0 0 W kgsl-3d0: Falling back to syfs fallback for: a650_sqe.fw
01-01 08:00:50.620 0 0 E swr-wcd rx_swr_ctrl: swrm_get_logical_dev_num: device 0xd01170224 is not ready
01-01 08:00:50.639 0 0 E swr_get_logical_dev_num: Error -22 to get logical addr for device d01170224
01-01 08:00:50.651 0 0 W kgsl-3d0: Falling back to syfs fallback for: a650_gmu.bin
01-01 08:00:50.656 677 677 D Zygote64Timing: PostZygoteInitGC took to complete: 79ms
01-01 08:00:50.656 677 677 D Zygote64Timing: ZygoteInit took to complete: 2383ms
01-01 08:00:50.663 0 0 E swr-wcd rx_swr_ctrl: swrm_get_logical_dev_num: device 0xd01170224 is not ready
01-01 08:00:50.672 0 0 E swr_get_logical_dev_num: Error -22 to get logical addr for device d01170224
01-01 08:00:50.690 0 0 E msm-pcm-routing soc: qcom,msm-pcm-routing: ASoC: no source widget found for AUDIO_REF_EC_UL30 MUX
01-01 08:00:50.701 0 0 E msm-pcm-routing soc: qcom,msm-pcm-routing: ASoC: Failed to add route AUDIO_REF_EC_UL30 MUX -> direct -> MM_UL30
01-01 08:00:50.712 0 0 E swr-wcd rx_swr_ctrl: swrm_get_logical_dev_num: device 0xd01170224 is not ready
01-01 08:00:50.725 0 0 E msm-pcm-routing soc: qcom,msm-pcm-routing: ASoC: no source widget found for AUX_PCM_TX
01-01 08:00:50.734 0 0 E swr_get_logical_dev_num: Error -22 to get logical addr for device d01170224
01-01 08:00:50.742 0 0 E msm-pcm-routing soc: qcom,msm-pcm-routing: ASoC: Failed to add route AUX_PCM_TX -> AUX_PCM_UL_TX -> VoLTE Stub Tx Mixer
01-01 08:00:50.754 0 0 E swr-wcd rx_swr_ctrl: swrm_get_logical_dev_num: device 0xd01170224 is not ready
01-01 08:00:50.765 0 0 E msm-pcm-routing soc: qcom,msm-pcm-routing: ASoC: no source widget found for AUX_PCM_RX
01-01 08:00:50.775 0 0 E swr_get_logical_dev_num: Error -22 to get logical addr for device d01170224
01-01 08:00:50.783 0 0 E msm-pcm-routing soc: qcom,msm-pcm-routing: ASoC: Failed to add route AUX_PCM_RX -> direct -> BE_OUT
01-01 08:00:50.793 0 0 E swr-wcd rx_swr_ctrl: swrm_get_logical_dev_num: device 0xd01170224 is not ready
01-01 08:00:50.806 0 0 W msm-pcm-routing soc: qcom,msm-pcm-routing: ASoC: no dapm match for MM_DL23 --> MultiMedia23 --> QUIN_TDM_RX_1 Audio Mixer
01-01 08:00:50.806 0 0 E msm-pcm-routing soc: qcom,msm-pcm-routing: ASoC: Failed to add route MM_DL23 -> MultiMedia23 -> QUIN_TDM_RX_1 Audio Mixer
01-01 08:00:50.810 0 0 I binder : 1131:1131 ioctl 40046210 7ff0d07bd4 returned -22
