10-12 02:43:12.210 2024 2024 E EmergencyButton: at com.android.keyguard.KeyguardUpdateMonitor.sendUpdates(KeyguardUpdateMonitor.java:3085)
10-12 02:43:12.210 2024 2024 E EmergencyButton: at com.android.keyguard.KeyguardUpdateMonitor.registerCallback(KeyguardUpdateMonitor.java:3062)
10-12 02:43:12.210 2024 2024 E EmergencyButton: at com.android.keyguard.EmergencyButtonController.onViewAttached(EmergencyButtonController.java:119)
10-12 02:43:12.210 2024 2024 E EmergencyButton: at com.android.systemui.util.ViewController$1.onViewAttachedToWindow(ViewController.java:52)
10-12 02:43:12.210 2024 2024 E EmergencyButton: at com.android.systemui.util.ViewController.init(ViewController.java:80)
10-12 02:43:12.210 2024 2024 E EmergencyButton: at com.android.systemui.statusbar.phone.NotificationPanelViewController.initBottomArea(NotificationPanelViewController.java:1201)
10-12 02:43:12.210 2024 2024 E EmergencyButton: at com.android.systemui.statusbar.phone.NotificationPanelViewController.reInflateViews(NotificationPanelViewController.java:1154)
10-12 02:43:12.210 2024 2024 E EmergencyButton: at com.android.systemui.statusbar.phone.NotificationPanelViewController.access$10100(NotificationPanelViewController.java:184)
10-12 02:43:12.210 2024 2024 E EmergencyButton: at com.android.systemui.statusbar.phone.NotificationPanelViewController$ConfigurationListener.onThemeChanged(NotificationPanelViewController.java:4394)
10-12 02:43:12.210 2024 2024 E EmergencyButton: at com.android.systemui.statusbar.phone.ConfigurationControllerImpl.notifyThemeChanged(ConfigurationControllerImpl.kt:56)
10-12 02:43:12.210 2024 2024 E EmergencyButton: at com.android.systemui.statusbar.phone.StatusBar.updateTheme(StatusBar.java:3796)
10-12 02:43:12.210 2024 2024 E EmergencyButton: at com.android.systemui.statusbar.phone.StatusBar.onColorsChanged(StatusBar.java:2037)
10-12 02:43:12.210 2024 2024 E EmergencyButton: at com.android.internal.colorextraction.ColorExtractor.triggerColorsChanged(ColorExtractor.java:207)
10-12 02:43:12.210 2024 2024 E EmergencyButton: at com.android.internal.colorextraction.ColorExtractor$LoadWallpaperColors.onPostExecute(ColorExtractor.java:107)
10-12 02:43:12.210 2024 2024 E EmergencyButton: at com.android.internal.colorextraction.ColorExtractor$LoadWallpaperColors.onPostExecute(ColorExtractor.java:93)
10-12 02:43:12.210 2024 2024 E EmergencyButton: at android.os.AsyncTask.finish(AsyncTask.java:771)
10-12 02:43:12.210 2024 2024 E EmergencyButton: at android.os.AsyncTask.access$900(AsyncTask.java:199)
10-12 02:43:12.210 2024 2024 E EmergencyButton: at android.os.AsyncTask$InternalHandler.handleMessage(AsyncTask.java:788)
10-12 02:43:12.210 2024 2024 E EmergencyButton: at android.os.Handler.dispatchMessage(Handler.java:106)
10-12 02:43:12.210 2024 2024 E EmergencyButton: at android.os.Looper.loopOnce(Looper.java:201)
10-12 02:43:12.210 2024 2024 E EmergencyButton: at android.os.Looper.loop(Looper.java:288)
10-12 02:43:12.210 2024 2024 E EmergencyButton: at android.app.ActivityThread.main(ActivityThread.java:7880)
10-12 02:43:12.210 2024 2024 E EmergencyButton: at java.lang.reflect.Method.invoke(Native Method)
10-12 02:43:12.210 2024 2024 E EmergencyButton: at com.android.internal.os.RuntimeInit$MethodAndArgsCaller.run(RuntimeInit.java:548)
10-12 02:43:12.210 2024 2024 E EmergencyButton: at com.android.internal.os.ZygoteInit.main(ZygoteInit.java:1009)
10-12 02:43:12.216 2024 2381 W ActivityThread: Failed to find provider info for com.android.contacts (user not unlocked)
10-12 02:43:12.224 2024 2339 W ActivityThread: Failed to find provider info for com.android.contacts (user not unlocked)
10-12 02:43:12.235 2024 2024 V WallpaperService: Setting wallpaper dimming: 0
10-12 02:43:12.239 2024 2362 D EglHelper: createEglContext start
10-12 02:43:12.243 2024 2362 D EglHelper: createEglContext done
10-12 02:43:12.243 2024 2362 D EglHelper: createEglSurface start
10-12 02:43:12.244 2024 2362 D EglHelper: createEglSurface done
10-12 02:43:12.283 1520 2661 D QSEECOMAPI: Loaded image: APP id = 7
01-01 08:01:03.330 0 0 W QSEECOM : qseecom_load_app: App with id 7 (fingerpr) now loaded
10-12 02:43:12.294 1520 2661 I QFP : qsc_start_app: Loading app [fingerpr] succeeded
10-12 02:43:12.294 1520 2661 I QFP : openFramework: entry with eeprom_buffer_size=0
10-12 02:43:12.303 825 2536 D vendor.qti.bluetooth@1.0-patch_dl_manager: ReadHciEvent: Expected CC
10-12 02:43:12.303 825 2536 I vendor.qti.bluetooth@1.0-patch_dl_manager: SocInit: Download TLV file successfully
10-12 02:43:12.304 546 556 D DrmLibTime: got the req here! ret=0
10-12 02:43:12.304 825 2536 D vendor.qti.bluetooth@1.0-patch_dl_manager: ReadHciEvent: Expected CC
10-12 02:43:12.304 825 2536 I vendor.qti.bluetooth@1.0-patch_dl_manager: HandleEdlCmdResEvt: BT SoC FW SU Build info: BTFM.HST.2.0.0.c3-00477-QCACHROMZ-1, 35
10-12 02:43:12.304 825 2536 D vendor.qti.bluetooth@1.0-patch_dl_manager: HandleEdlCmdResEvt: Writing SU build info. in /data/vendor/bluetooth/bt_fw_version.txt
10-12 02:43:12.304 825 2536 D vendor.qti.bluetooth@1.0-patch_dl_manager: HandleEdlCmdResEvt: Done Writing SU build info. in /data/vendor/bluetooth/bt_fw_version.txt
10-12 02:43:12.304 825 2536 D vendor.qti.bluetooth@1.0-patch_dl_manager: GetAddOnFeatureList: Sending HCI_VS_GET_ADDON_FEATURES_SUPPORT
10-12 02:43:12.304 825 2536 D vendor.qti.bluetooth@1.0-patch_dl_manager: HCI-CMD: 0x1 0x1d 0xfc 0x0
10-12 02:43:12.304 546 556 D DrmLibTime: command id, time_cmd_id = 770
10-12 02:43:12.304 546 556 D DrmLibTime: time_getutcsec starts!
10-12 02:43:12.304 546 556 D DrmLibTime: QSEE Time Listener: time_getutcsec
10-12 02:43:12.304 546 556 D DrmLibTime: QSEE Time Listener: get_utc_seconds
10-12 02:43:12.304 546 556 D DrmLibTime: QSEE Time Listener: time_get_modem_time
10-12 02:43:12.304 546 556 D DrmLibTime: QSEE Time Listener: Checking if ATS_MODEM is set or not.
10-12 02:43:12.304 546 556 D QC-time-services: Lib:time_genoff_operation: pargs->base = 13
10-12 02:43:12.304 546 556 D QC-time-services: Lib:time_genoff_operation: pargs->operation = 2
10-12 02:43:12.305 546 556 D QC-time-services: Lib:time_genoff_operation: pargs->ts_val = 0
10-12 02:43:12.305 546 556 D QC-time-services: Lib:time_genoff_operation: Send to server passed!!
10-12 02:43:12.305 649 1023 D QC-time-services: Daemon: Connection accepted:time_genoff
10-12 02:43:12.305 649 2663 D QC-time-services: Daemon:Received base = 13, unit = 1, operation = 2,value = 0
10-12 02:43:12.305 649 2663 D QC-time-services: Daemon:genoff_opr: Base = 13, val = 0, operation = 2
10-12 02:43:12.305 649 2663 D QC-time-services: offset is: 0 for base: 13
10-12 02:43:12.305 546 556 E QC-time-services: Receive Passed == base = 13, unit = 1, operation = 2, result = 0
10-12 02:43:12.306 546 556 D DrmLibTime: QSEE Time Listener: ATS_MODEM is not set. Fallback to Android system time.
10-12 02:43:12.306 546 556 D DrmLibTime: QSEE Time Listener: Retrieved Android system time: 1665513792
10-12 02:43:12.306 546 556 D DrmLibTime: time_getutcsec returns 0, sec = 1665513792; nsec = 0
10-12 02:43:12.306 546 556 D DrmLibTime: time_getutcsec finished!
10-12 02:43:12.306 546 556 D DrmLibTime: iotcl_continue_command finished! and return 0
10-12 02:43:12.306 546 556 D DrmLibTime: before calling ioctl to read the next time_cmd
10-12 02:43:12.308 649 1023 E QC-time-services: Daemon: Time-services: Waiting to acceptconnection
10-12 02:43:12.321 1140 1339 I commit_sys_config_file: [package-user-0,3]
10-12 02:43:12.321 1140 1339 I commit_sys_config_file: [package,88]
01-01 08:01:03.374 0 0 I display_panel_avdd: disabling
01-01 08:01:03.376 0 0 I vdd_tof : disabling
10-12 02:43:12.349 2024 2024 D QSTileHost: Recreating tiles
10-12 02:43:12.349 2024 2024 D QSTileHost: Creating tile: internet
10-12 02:43:12.353 2024 2024 D QSTileHost: Creating tile: bt
10-12 02:43:12.353 2024 2024 D QSTileHost: Creating tile: screenshot
10-12 02:43:12.356 825 2536 D vendor.qti.bluetooth@1.0-patch_dl_manager: ReadHciEvent: Expected CC
10-12 02:43:12.356 825 2536 I vendor.qti.bluetooth@1.0-patch_dl_manager: GetAddOnFeatureList: param_len 13, cmd_status = 0
10-12 02:43:12.356 825 2536 I vendor.qti.bluetooth@1.0-patch_dl_manager: GetAddOnFeatureList: feat_mask_len 5 product_id = 16, rsp_version = 1
10-12 02:43:12.356 825 2536 I vendor.qti.bluetooth@1.0-patch_dl_manager: GetOTPBytesInfo: Sending HCI_VS_PERSIST_ACCESS_OTP_GET cmd
10-12 02:43:12.356 825 2536 D vendor.qti.bluetooth@1.0-patch_dl_manager: ReadHciEvent: Expected CC
10-12 02:43:12.357 825 2536 E vendor.qti.bluetooth@1.0-patch_dl_manager: GetVsHciEvent: HCI_VS_PERSIST_ACCESS_OTP_GET cmd failed config_type: 0xa subopcode: 0x0 status: 0x12
10-12 02:43:12.357 825 2536 I vendor.qti.bluetooth@1.0-patch_dl_manager: EnableEnhControllerLog: disabled(0)
10-12 02:43:12.357 825 2536 D vendor.qti.bluetooth@1.0-patch_dl_manager: ReadHciEvent: Expected CC
10-12 02:43:12.357 825 2536 I vendor.qti.bluetooth@1.0-patch_dl_manager: HciReset: HCI RESET
10-12 02:43:12.358 2024 2024 D QSTileHost: Creating tile: screenrecord
10-12 02:43:12.358 2024 2024 D QSTileHost: Creating tile: dark
10-12 02:43:12.359 2024 2024 D QSTileHost: Creating tile: night
10-12 02:43:12.361 825 2536 D vendor.qti.bluetooth@1.0-patch_dl_manager: ReadCmdCmplEvent: Cmd Cmpl received for opcode c03
10-12 02:43:12.361 825 2536 D vendor.qti.bluetooth@1.0-uart_controller: add on features read true
10-12 02:43:12.364 825 2536 I vendor.qti.bluetooth@1.0-diag_interface: Init: Init diag completed
10-12 02:43:12.364 825 2536 D vendor.qti.bluetooth@1.0-logger: Init: Registered Diag callbacks
10-12 02:43:12.365 2024 2024 D QSTileHost: Creating tile: gamemode
10-12 02:43:12.366 2024 2024 D QSTileHost: Creating tile: dbg:mem
10-12 02:43:12.367 825 2536 D vendor.qti.bluetooth@1.0-power_manager: SetPower: enable: 1
10-12 02:43:12.367 825 2536 E vendor.qti.bluetooth@1.0-power_manager:
10-12 02:43:12.367 825 2536 E vendor.qti.bluetooth@1.0-power_manager: PowerUpChip enable(1) retentionMode(1)
10-12 02:43:12.380 2024 2272 D ControlsListingControllerImpl: Unsubscribing callback
01-01 08:01:03.416 0 0 E bt_ioctl: BT_CMD_PWR_CTRL pwr_cntrl:2
01-01 08:01:03.421 0 0 E bt_vreg_unvote: vreg_unvote successful for : qca,bt-vdd-rfa2
10-12 02:43:12.387 2024 2024 D ControlsFavoritePersistenceWrapper: No favorites, returning empty list
01-01 08:01:03.429 0 0 E bt_vreg_unvote: vreg_unvote successful for : qca,bt-vdd-rfa1
10-12 02:43:12.388 2024 2024 I WalletControllerImpl: Setting WalletTile position: null
10-12 02:43:12.388 2024 2272 D ControlsListingControllerImpl: Subscribing callback, service count: 0
10-12 02:43:12.389 2024 2272 D ControlsListingControllerImpl: Subscribing callback, service count: 0
01-01 08:01:03.436 0 0 E bt_vreg_unvote: vreg_unvote successful for : qca,bt-vdd-dig
01-01 08:01:03.443 0 0 E bt_vreg_unvote: vreg_unvote successful for : qca,bt-vdd-aon
10-12 02:43:12.401 1520 2661 E QFP : qfpCommand: error from send_command_to_tz: 0, QFP result -11 on (0 0)
10-12 02:43:12.401 1520 2661 I QFP : close: close, usecase 3 options 0
10-12 02:43:12.401 1520 2661 I QFP : closeHandle: closeHandle (0 0)
10-12 02:43:12.403 825 2536 D vendor.qti.bluetooth@1.0-uart_controller: Init succeded
10-12 02:43:12.403 825 2536 I vendor.qti.bluetooth@1.0-data_handler: SetHostAddOnFeatures: chip_ver: (0x400a020000100200), chip_ver_str: HASTINGS_VER_2_0
10-12 02:43:12.403 825 2536 I vendor.qti.bluetooth@1.0-data_handler: SetHostAddOnFeatures: before get_soc_info call
10-12 02:43:12.404 825 2536 I vendor.qti.bluetooth@1.0-data_handler: SetHostAddOnFeatures: after get_soc_info call
10-12 02:43:12.404 825 2536 W vendor.qti.bluetooth@1.0-data_handler: SetHostAddOnFeatures: failed to get soc info or feat not req for this chip
10-12 02:43:12.404 825 2536 D vendor.qti.bluetooth@1.0-data_handler: StopInitTimer: InitTimer Stopped
10-12 02:43:12.404 825 2536 D vendor.qti.bluetooth@1.0-data_handler: Firmware download succeded.
10-12 02:43:12.404 825 2536 I vendor.qti.bluetooth@1.0-bluetooth_hci: operator(): Set callbacks received from BT client inorder to provide status and data through them
10-12 02:43:12.404 2009 2533 I bt_hci : event_finish_startup
10-12 02:43:12.405 2009 2255 I bt_core_module: module_start_up Started module "hci_module"
10-12 02:43:12.407 2009 2673 I bt_osi_thread: run_thread: thread id 2673, thread name bt_workqueue started
10-12 02:43:12.407 2009 2673 I droid.bluetoot: [1012/024312.407504:INFO:btu_task.cc(107)] Bluetooth chip preload is complete
10-12 02:43:12.409 1520 2661 D QSEECOMAPI: QSEECom_dealloc_memory
10-12 02:43:12.409 1520 2661 D QSEECOMAPI: QSEECom_shutdown_app, app_id = 7
10-12 02:43:12.414 2009 2673 W bt_l2cap: L2CAP - L2CA_Register() called for PSM: 0x0001
10-12 02:43:12.415 2009 2673 W bt_l2cap: L2CAP - L2CA_Register() called for PSM: 0x001f
10-12 02:43:12.416 2009 2673 I droid.bluetoot: [1012/024312.416084:INFO:gatt_api.cc(1223)] GATT_Register 81818181-8181-8181-8181-818181818181
10-12 02:43:12.416 2009 2673 I droid.bluetoot: [1012/024312.416370:INFO:gatt_api.cc(1244)] allocated gatt_if=1
10-12 02:43:12.416 2009 2673 I droid.bluetoot: [1012/024312.416579:INFO:gatt_api.cc(166)] GATTS_AddService
10-12 02:43:12.416 2009 2673 I droid.bluetoot: [1012/024312.416711:INFO:gatt_api.cc(269)] GATTS_AddService: service parsed correctly, now starting
10-12 02:43:12.417 2009 2673 W bt_l2cap: L2CAP - L2CA_Register() called for PSM: 0x0003
10-12 02:43:12.417 2009 2673 I droid.bluetoot: [1012/024312.417231:INFO:gatt_api.cc(1223)] GATT_Register 82828282-8282-8282-8282-828282828282
10-12 02:43:12.417 2009 2673 I droid.bluetoot: [1012/024312.417374:INFO:gatt_api.cc(1244)] allocated gatt_if=2
10-12 02:43:12.417 2009 2673 I droid.bluetoot: [1012/024312.417506:INFO:gatt_api.cc(166)] GATTS_AddService
10-12 02:43:12.417 2009 2673 I droid.bluetoot: [1012/024312.417640:INFO:gatt_api.cc(269)] GATTS_AddService: service parsed correctly, now starting
10-12 02:43:12.419 2009 2674 I bt_osi_thread: run_thread: thread id 2674, thread name btu message loop started
10-12 02:43:12.421 2009 2675 I bt_osi_thread: run_thread: thread id 2675, thread name module_wrapper started
10-12 02:43:12.422 2009 2675 I bt_core_module: module_start_up Starting module "controller_module"
10-12 02:43:12.422 2009 2675 I bt_stack: [INFO:controller.cc(1326)] load_bt_configstore_lib loaded HAL: bt_configstore_interface_t=0x75a7094970, bt_configstore_lib_handle=0x6881ad457cb4fb89
10-12 02:43:12.422 2009 2675 I bt_config_store: getVendorProperties
10-12 02:43:12.422 825 2536 D vendor.qti.bluetooth@1.0-data_handler: operator(): init thread exited now
10-12 02:43:12.426 825 825 I vendor.qti.hardware.btconfigstore@2.0-BTConfigStore: getVendorProperties:: Bluetooth soc type set to: hastings, ret: 8
10-12 02:43:12.426 825 825 I vendor.qti.hardware.btconfigstore@2.0-BTConfigStore: getVendorProperties:: persist.vendor.qcom.bluetooth.enable.splita2dp: true, ret: 4
10-12 02:43:12.426 825 825 I vendor.qti.hardware.btconfigstore@2.0-BTConfigStore: getVendorProperties:: persist.vendor.qcom.bluetooth.a2dp_offload_cap: sbc-aptx-aptxtws-aptxhd-aac-ldac-aptxadaptiver2, ret: 47
10-12 02:43:12.426 825 825 I vendor.qti.hardware.btconfigstore@2.0-BTConfigStore: getVendorProperties:: ro.vendor.bluetooth.wipower: false, ret: 5
10-12 02:43:12.426 825 825 I vendor.qti.hardware.btconfigstore@2.0-BTConfigStore: getVendorProperties:: persist.vendor.qcom.bluetooth.aac_frm_ctl.enabled: true, ret: 4
10-12 02:43:12.426 825 825 I vendor.qti.hardware.btconfigstore@2.0-BTConfigStore: getVendorProperties:: persist.vendor.qcom.bluetooth.enable.swb: true, ret: 4
10-12 02:43:12.426 825 825 I vendor.qti.hardware.btconfigstore@2.0-BTConfigStore: getVendorProperties:: persist.vendor.qcom.bluetooth.enable.swbpm: true, ret: 4
10-12 02:43:12.426 825 825 I vendor.qti.hardware.btconfigstore@2.0-BTConfigStore: getVendorProperties:: persist.vendor.qcom.bluetooth.a2dp_mcast_test.enabled: false, ret: 5
10-12 02:43:12.426 825 825 I vendor.qti.hardware.btconfigstore@2.0-BTConfigStore: getVendorProperties:: persist.vendor.qcom.bluetooth.twsp_state.enabled: false, ret: 5
10-12 02:43:12.426 825 825 I vendor.qti.hardware.btconfigstore@2.0-BTConfigStore: getVendorProperties:: persist.vendor.qcom.bluetooth.max_power_support: false, ret: 5
10-12 02:43:12.426 2009 2675 I bt_config_store: prop type: BT_PROP_SOC_TYPE, prop_value: hastings
10-12 02:43:12.426 2009 2675 I bt_config_store: prop type: BT_PROP_SPILT_A2DP, prop_value: true
10-12 02:43:12.426 2009 2675 I bt_config_store: prop type: BT_PROP_A2DP_OFFLOAD_CAP, prop_value: sbc-aptx-aptxtws-aptxhd-aac-ldac-aptxadaptiver2
10-12 02:43:12.426 2009 2675 I bt_config_store: prop type: BT_PROP_WIPOWER, prop_value: false
10-12 02:43:12.426 2009 2675 I bt_config_store: prop type: BT_PROP_AAC_FRAME_CTL, prop_value: true
10-12 02:43:12.426 2009 2675 I bt_config_store: not handled propType = 6
10-12 02:43:12.426 2009 2675 I bt_config_store: prop type: not handled, prop_value: true
10-12 02:43:12.426 2009 2675 I bt_config_store: not handled propType = 7
10-12 02:43:12.426 2009 2675 I bt_config_store: prop type: not handled, prop_value: true
10-12 02:43:12.426 2009 2675 I bt_config_store: not handled propType = 8
10-12 02:43:12.427 2009 2675 I bt_config_store: prop type: not handled, prop_value: false
10-12 02:43:12.427 2009 2675 I bt_config_store: not handled propType = 9
10-12 02:43:12.427 2009 2675 I bt_config_store: prop type: not handled, prop_value: false
10-12 02:43:12.427 2009 2675 I bt_config_store: not handled propType = 11
01-01 08:01:03.474 0 0 W QSEECOM : __qseecom_unload_app: App (7) is unloaded
01-01 08:01:03.475 0 0 D qbt : qbt_release: entry minor_no=0 fd_available=0
01-01 08:01:03.475 0 0 D qbt : qbt_release: Releasing wakelock
01-01 08:01:03.475 0 0 D qbt : qbt_release: exit : fd_available=1
01-01 08:01:03.475 0 0 D qbt : qbt_release: entry minor_no=1 fd_available=1
01-01 08:01:03.475 0 0 D qbt : qbt_release: exit : fd_available=1
10-12 02:43:12.427 2009 2675 I bt_config_store: prop type: not handled, prop_value: false
10-12 02:43:12.427 2009 2675 I bt_config_store: soc_name: hastings, soc_type = 0004
10-12 02:43:12.427 2009 2675 I bt_controller: start_up:: soc_name:hastings, soc_type = 4
10-12 02:43:12.427 2009 2675 I bt_controller: start_up:: spilt_a2dp_supported = 1
10-12 02:43:12.427 2009 2675 I bt_controller: start_up:: a2dp_offload_Cap = sbc-aptx-aptxtws-aptxhd-aac-ldac-aptxadaptiver2
10-12 02:43:12.427 2009 2675 I bt_controller: start_up:: wipower_supported = 0
10-12 02:43:12.427 2009 2675 I bt_controller: start_up:: aac_frame_ctl_enabled = 1
10-12 02:43:12.427 2009 2675 I bt_controller: start_up:: a2dp_multicast_supported = 0
10-12 02:43:12.427 2009 2675 I bt_controller: start_up:: twsp_state_supported = 0
10-12 02:43:12.427 2009 2675 I bt_controller: decode_max_power_values: MAX POW property is not set
10-12 02:43:12.427 2009 2675 I bt_controller: start_up:: max_power_prop_enabled = 0
10-12 02:43:12.427 1520 2661 E QFP : Dropping unsupported QBT command
10-12 02:43:12.427 1520 2661 I QFP : openFramework:QFP TZ VERSION: 3.0.3.39
10-12 02:43:12.427 1520 2661 E QFP : releaseWakelock: qbt sensor handle is invalid
10-12 02:43:12.427 1520 2661 E QFP : qfp_init failed -1
10-12 02:43:12.427 1520 2661 I QFP : QfpThreadOptimize::invoke: entry.
10-12 02:43:12.427 1520 2661 I QFP : QfpThreadOptimize::invoke: QFP not initialized, exiting Optimize thread
10-12 02:43:12.427 1520 2661 I QFP : QfpThreadErieEvent::invoke: entry.
10-12 02:43:12.427 1520 2661 I QFP : QfpThreadErieEvent::invoke: QFP not initialized, exiting ErieEvent thread
10-12 02:43:12.428 1520 1520 I QFP : notifyPowerState: 2
10-12 02:43:12.428 1520 1520 I QFP : notifyPowerState: 2
10-12 02:43:12.428 1520 1520 I QFP : notifyPowerState: screen state 2
10-12 02:43:12.428 1520 1520 E QFP : set active group call error -1
10-12 02:43:12.428 825 825 I vendor.qti.bluetooth@1.0-ibs_handler: DeviceWakeUp: Writing IBS_WAKE_IND
10-12 02:43:12.428 1140 1140 W Looper : Slow dispatch took 270ms main h=android.os.Handler c=com.android.server.biometrics.sensors.fingerprint.hidl.Fingerprint21$$ExternalSyntheticLambda2@51204cd m=0
10-12 02:43:12.428 1140 1140 D BiometricScheduler/Fingerprint21: [Added] {[1] FingerprintUpdateActiveUserClient, proto=1, owner=android, cookie=0, requestId=-1, userId=0}, new queue size: 1
10-12 02:43:12.428 1140 1140 V BiometricScheduler/Fingerprint21: Not idle, current operation: {[0] FingerprintUpdateActiveUserClient, proto=1, owner=android, cookie=0, requestId=-1, userId=0}, State: 2
10-12 02:43:12.428 825 2664 I vendor.qti.bluetooth@1.0-ibs_handler: ProcessIbsCmd: Received IBS_WAKE_ACK: 0xFC
10-12 02:43:12.428 825 2664 I vendor.qti.bluetooth@1.0-ibs_handler: ProcessIbsCmd: Signal wack_cond_
10-12 02:43:12.429 1140 1140 D BiometricScheduler/Fingerprint21: [Added] {[2] FingerprintInternalCleanupClient, proto=7, owner=android, cookie=0, requestId=-1, userId=0}, new queue size: 2
10-12 02:43:12.429 1140 1140 V BiometricScheduler/Fingerprint21: Not idle, current operation: {[0] FingerprintUpdateActiveUserClient, proto=1, owner=android, cookie=0, requestId=-1, userId=0}, State: 2
10-12 02:43:12.429 1140 1140 W Looper : Slow delivery took 271ms main h=android.os.Handler c=com.android.server.biometrics.sensors.fingerprint.hidl.Fingerprint21$$ExternalSyntheticLambda12@2dd6093 m=0
10-12 02:43:12.429 825 825 D vendor.qti.bluetooth@1.0-ibs_handler: DeviceWakeUp: Unblocked from waiting for FC, pthread_cond_timedwait ret = 0
10-12 02:43:12.430 1520 2677 I QFP : QfpThreadOptimize::invoke: entry.
10-12 02:43:12.430 1520 2677 I QFP : QfpThreadOptimize::invoke: QFP not initialized, exiting Optimize thread
10-12 02:43:12.430 1520 2677 I QFP : QfpThreadErieEvent::invoke: entry.
10-12 02:43:12.430 1520 2677 I QFP : QfpThreadErieEvent::invoke: QFP not initialized, exiting ErieEvent thread
10-12 02:43:12.434 825 2664 D vendor.qti.bluetooth@1.0-ibs_handler: ibs_spurious_wake_timer_start: Spurious wake timer created
10-12 02:43:12.437 825 2681 D vendor.qti.bluetooth@1.0-data_handler: operator(): Resetting Rx thread stuck prop
10-12 02:43:12.438 1140 1140 D BiometricScheduler/Fingerprint21: [Finishing] {[0] FingerprintUpdateActiveUserClient, proto=1, owner=android, cookie=0, requestId=-1, userId=0}, success: true
10-12 02:43:12.438 1140 1140 D BiometricScheduler/Fingerprint21: [Polled] {[1] FingerprintUpdateActiveUserClient, proto=1, owner=android, cookie=0, requestId=-1, userId=0}, State: 0
10-12 02:43:12.438 1140 1140 D BiometricScheduler/Fingerprint21: [Starting] {[1] FingerprintUpdateActiveUserClient, proto=1, owner=android, cookie=0, requestId=-1, userId=0}, State: 0
10-12 02:43:12.438 1140 1140 D BiometricScheduler/Fingerprint21: [Started] {[1] FingerprintUpdateActiveUserClient, proto=1, owner=android, cookie=0, requestId=-1, userId=0}
10-12 02:43:12.439 1520 1520 I QFP : notifyPowerState: 2
10-12 02:43:12.439 1520 1520 I QFP : notifyPowerState: 2
10-12 02:43:12.439 1520 1520 I QFP : notifyPowerState: 2
10-12 02:43:12.439 1520 1520 I QFP : notifyPowerState: screen state 2
10-12 02:43:12.440 1520 2682 I QFP : Initializing QFP framework, container 0 handle 0
10-12 02:43:12.440 1520 2682 I QFP : getPersistPropVal: persist.vendor.qfp.qbt_fd_name = /dev/qbt_fd (default /dev/qbt_fd)
10-12 02:43:12.440 1520 2682 I QFP : getPersistPropVal: persist.vendor.qfp.qbt_ipc_name = /dev/qbt_ipc (default /dev/qbt_ipc)
10-12 02:43:12.441 1520 2682 E QFP : Dropping unsupported QBT command
01-01 08:01:03.488 0 0 D qbt : qbt_open: entry minor_no=0 fd_available=1
01-01 08:01:03.488 0 0 D qbt : qbt_open: exit : 0 fd_available=0
01-01 08:01:03.489 0 0 D qbt : qbt_open: entry minor_no=1 fd_available=0
01-01 08:01:03.489 0 0 D qbt : qbt_open: exit : 0 fd_available=0
01-01 08:01:03.489 0 0 D qbt : qbt_ioctl: cmd received 107
01-01 08:01:03.489 0 0 D qbt : qbt_ioctl: Acquiring wakelock
10-12 02:43:12.446 1520 2682 D QSEECOMAPI: QSEECom_get_handle sb_length = 0x40000
10-12 02:43:12.447 1520 2682 D QSEECOMAPI: App is not loaded in QSEE
10-12 02:43:12.449 1520 2682 D QSEECOMAPI: app_arch = 2, total_files = 9
10-12 02:43:12.450 825 2681 D vendor.qti.bluetooth@1.0-data_handler: operator(): Resetting Rx thread stuck prop completed
10-12 02:43:12.451 1520 2682 E ion : ioctl c0044901 failed with code -1: Inappropriate ioctl for device
10-12 02:43:12.472 2009 2675 D bt_controller: start_up read local simple pairing options
01-01 08:01:03.519 0 0 W QSEECOM : qseecom_load_app: App (fingerpr) does'nt exist, loading apps for first time
10-12 02:43:12.475 2009 2675 D bt_controller: start_up simple pairing options is 0x1
10-12 02:43:12.475 2009 2675 W bt_device_profile: rf_path_loss_values_fetch:profile 6
10-12 02:43:12.475 2009 2675 W bt_device_profile: rf_path_loss_values_fetch:RF_TX_PATH_COMPENSATION_VALUE found, tx value : 0
10-12 02:43:12.475 2009 2675 W bt_device_profile: rf_path_loss_values_fetch:profile 6
10-12 02:43:12.476 2009 2675 W bt_device_profile: rf_path_loss_values_fetch:RF_RX_PATH_COMPENSATION_VALUE found, rx value : 0
10-12 02:43:12.478 2009 2675 D bt_controller: start_up HCI write RF compensation tx value : 0, rx value : 0
10-12 02:43:12.478 2009 2675 I bt_config_store: getHostAddOnFeatures
10-12 02:43:12.482 825 825 D vendor.qti.bluetooth@1.0-data_handler: isProtocolInitialized:
10-12 02:43:12.482 825 825 I vendor.qti.bluetooth@1.0-data_handler: isProtocolInitialized: status:1
10-12 02:43:12.482 825 825 I vendor.qti.hardware.btconfigstore@2.0-BTConfigStore: getHostAddOnFeatures: 0x0
10-12 02:43:12.482 2009 2675 I bt_config_store: getHostAddOnFeatures:: halResult = 1
10-12 02:43:12.482 2009 2675 I bt_config_store: getControllerAddOnFeatures
10-12 02:43:12.486 825 825 D vendor.qti.bluetooth@1.0-data_handler: isProtocolInitialized:
10-12 02:43:12.486 825 825 I vendor.qti.bluetooth@1.0-data_handler: isProtocolInitialized: status:1
10-12 02:43:12.486 825 825 I vendor.qti.hardware.btconfigstore@2.0-BTConfigStore: getControllerAddOnFeatures: 0x765e2a66e8
10-12 02:43:12.486 2009 2675 I bt_config_store: getControllerAddOnFeatures:: halResult = 0
10-12 02:43:12.487 2009 2675 I bt_config_store: getControllerAddOnFeatures:: product_id = 16, version = 1, feat_mask_len = 5 features data: 0x1c 0xfd 0x7f 0xe 0x1
10-12 02:43:12.495 2009 2675 I bt_core_module: module_start_up Started module "controller_module"
10-12 02:43:12.495 2009 2675 W bt_osi_thread: run_thread: thread id 2675, thread name module_wrapper exited
10-12 02:43:12.496 2009 2673 V bt_stack: [VERBOSE1:connection_manager.cc(198)] reset : after_reset1
10-12 02:43:12.496 2024 2024 D QSPanel : setHorizontalContentContainer
10-12 02:43:12.497 2009 2673 W bt_btm : btm_decode_ext_features_page: feature page 1 ignored
10-12 02:43:12.497 2009 2673 W bt_btm : btm_decode_ext_features_page: feature page 2 ignored
10-12 02:43:12.497 2009 2674 I bt_btm_sec: BTM_SecRegister p_cb_info->p_le_callback == 0x0x75a777c738
10-12 02:43:12.497 2009 2674 I bt_btm_sec: BTM_SecRegister btm_cb.api.p_le_callback = 0x0x75a777c738
10-12 02:43:12.498 2009 2674 V bt_stack: [VERBOSE1:bta_gattc_act.cc(210)] bta_gattc_register: state:0
10-12 02:43:12.498 2009 2674 V bt_stack: [VERBOSE1:bta_gattc_act.cc(132)] bta_gattc_enable
10-12 02:43:12.498 2009 2674 I bt_stack: [INFO:gatt_api.cc(1223)] GATT_Register ebdc0821-ae62-8123-45f6-f1c24d899251
10-12 02:43:12.498 2009 2674 I bt_stack: [INFO:gatt_api.cc(1244)] allocated gatt_if=3
10-12 02:43:12.498 2009 2674 V bt_stack: [VERBOSE1:gatt_api.cc(1369)] GATT_StartIf gatt_if=3
10-12 02:43:12.498 2009 2674 V bt_stack: [VERBOSE1:gatt_utils.cc(293)] gatt_find_the_connected_bda start_idx=0
10-12 02:43:12.499 2009 2674 V bt_stack: [VERBOSE1:gatt_utils.cc(305)] found=0 found_idx=10
10-12 02:43:12.510 2024 2024 D QSPanel : setHorizontalContentContainer
10-12 02:43:12.513 2024 2024 D QSPanel : setHorizontalContentContainer
10-12 02:43:12.514 2024 2024 D QSPanel : setHorizontalContentContainer
10-12 02:43:12.514 2024 2024 D QSPanel : qs brightness view is null
10-12 02:43:12.517 2009 2674 V bt_stack: [VERBOSE1:ble_advertiser_hci_interface.cc(943)] Initialize
10-12 02:43:12.517 2009 2674 I bt_stack: [INFO:ble_advertiser_hci_interface.cc(947)] Extended advertising will be in use
10-12 02:43:12.517 2009 2287 D AdapterProperties: BT_PROPERTY_LOCAL_LE_FEATURES: update from BT controller mNumOfAdvertisementInstancesSupported = 16 mRpaOffloadSupported = true mNumOfOffloadedIrkSupported = 32 mNumOfOffloadedScanFilterSupported = 32 mOffloadedScanResultStorageBytes= 10240 mIsActivityAndEnergyReporting = true mVersSupported = 96 mTotNumOfTrackableAdv = 32 mIsExtendedScanSupported = true mIsDebugLogSupported = false mIsLe2MPhySupported = true mIsLeCodedPhySupported = true mIsLeExtendedAdvertisingSupported = true mIsLePeriodicAdvertisingSupported = true mLeMaximumAdvertisingDataLength = 1650 mDynamicAudioBufferSizeSupportedCodecsGroup1 = 0 mDynamicAudioBufferSizeSupportedCodecsGroup2 = 0
10-12 02:43:12.519 2024 2024 D QSPanel : setHorizontalContentContainer
10-12 02:43:12.519 2024 2024 D QSPanel : qs brightness view is null
10-12 02:43:12.520 2009 2287 E bt_btif_storage: btif_storage_get_adapter_property: Controller ready!
10-12 02:43:12.520 2009 2287 I bt_btif_storage: btif_storage_get_adapter_property service_mask:0x20000000
10-12 02:43:12.521 2009 2287 D AdapterProperties: Address is:22:22:11:65:33:EA
10-12 02:43:12.526 2009 2674 I bt_stack: [INFO:btm_ble_bgconn.cc(429)] Already connection initiated (or) No Pending connections(or) Resources of lcb are exhausted
10-12 02:43:12.546 2009 2287 D AdapterProperties: Name is: QCOM-BTD
10-12 02:43:12.548 2009 2287 D AdapterProperties: Scan Mode:20
10-12 02:43:12.548 2009 2287 D AdapterProperties: Discoverable Timeout:120
10-12 02:43:12.548 2009 2287 E BluetoothVendorJni: adapter_vendor_properties_callback: Status is: 0, Properties: 1
10-12 02:43:12.548 2009 2287 D BluetoothVendorService: Property type: 5
10-12 02:43:12.549 2009 2287 D AdapterProperties: BT_PROPERTY_ADD_ON_FEATURES: update from BT controller
10-12 02:43:12.549 2009 2287 D AdapterProperties: mWiPowerFastbootEnabled = false
10-12 02:43:12.549 2009 2287 D AdapterProperties: SplitA2DPScrambleDataRequired = false
10-12 02:43:12.549 2009 2287 D AdapterProperties: mSplitA2DP44p1KhzSampleFreq = true
10-12 02:43:12.549 2009 2287 D AdapterProperties: mSplitA2DP48KhzSampleFreq = true
10-12 02:43:12.549 2009 2287 D AdapterProperties: mSplitA2DPSingleVSCommandSupport = true
10-12 02:43:12.549 2009 2287 D AdapterProperties: mSplitA2DPSourceSBCEncoding = false
10-12 02:43:12.549 2009 2287 D AdapterProperties: mSplitA2DPSourceSBC = true
10-12 02:43:12.549 2009 2287 D AdapterProperties: mSplitA2DPSourceMP3 = false
10-12 02:43:12.549 2009 2287 D AdapterProperties: mSplitA2DPSourceAAC = true
10-12 02:43:12.549 2009 2287 D AdapterProperties: mSplitA2DPSourceLDAC = true
10-12 02:43:12.549 2009 2287 D AdapterProperties: mSplitA2DPSourceAPTX = true
10-12 02:43:12.549 2009 2287 D AdapterProperties: mSplitA2DPSourceAPTXHD = true
10-12 02:43:12.549 2009 2287 D AdapterProperties: mSplitA2DPSourceAPTXADAPTIVE = true
10-12 02:43:12.549 2009 2287 D AdapterProperties: mSplitA2DPSourceAPTXTWSPLUS = true
10-12 02:43:12.549 2009 2287 D AdapterProperties: mSplitA2DPSinkSBC = true
10-12 02:43:12.549 2009 2287 D AdapterProperties: mSplitA2DPSinkMP3 = true
10-12 02:43:12.549 2009 2287 D AdapterProperties: mSplitA2DPSinkAAC = true
10-12 02:43:12.549 2009 2287 D AdapterProperties: mSplitA2DPSinkLDAC = true
10-12 02:43:12.549 2009 2287 D AdapterProperties: mSplitA2DPSinkAPTX = true
10-12 02:43:12.549 2009 2287 D AdapterProperties: mSplitA2DPSinkAPTXHD = true
10-12 02:43:12.549 2009 2287 D AdapterProperties: mSplitA2DPSinkAPTXADAPTIVE = true
10-12 02:43:12.549 2009 2287 D AdapterProperties: mSplitA2DPSinkAPTXTWSPLUS = false
10-12 02:43:12.549 2009 2287 D AdapterProperties: mVoiceDualSCO = false
10-12 02:43:12.549 2009 2287 D AdapterProperties: mVoiceTWSPLUSeSCOAG = true
10-12 02:43:12.549 2009 2287 D AdapterProperties: mSWBVoicewithAptxAdaptiveAG = true
10-12 02:43:12.549 2009 2287 D AdapterProperties: SplitA2DPSourceAACABR = false
10-12 02:43:12.549 2009 2287 D AdapterProperties: SplitA2DPSourceTxSplitAPTXADAPTIVE = false
10-12 02:43:12.549 2009 2287 D AdapterProperties: BroadcastAudioTxwithEC_2_5 = true
10-12 02:43:12.549 2009 2287 D AdapterProperties: mBroadcastAudioTxwithEC_3_9 = false
10-12 02:43:12.549 2009 2287 D AdapterProperties: mBroadcastAudioRxwithEC_2_5 = false
10-12 02:43:12.549 2009 2287 D AdapterProperties: mBroadcastAudioRxwithEC_3_9= false
10-12 02:43:12.549 2009 2287 D bt_btif_vendor: btif_vendor_update_whitelisted_media_players
10-12 02:43:12.549 2009 2287 D bt_device_interop: interop_get_whitelisted_media_players_list :
10-12 02:43:12.549 2009 2287 D bt_device_interop: interop_database_get_whitelisted_media_players_list()
10-12 02:43:12.549 2009 2287 E bt_device_interop: interop_database_get_whitelisted_media_players_list(): found feature - INTEROP_BROWSE_PLAYER_WHITE_LIST
10-12 02:43:12.549 2009 2287 W bt_btif : fetch_whitelisted_media_players: Found list of Whitelisted media players
10-12 02:43:12.549 2009 2287 D bt_btif_vendor: btif_vendor_update_whitelisted_media_players: 2 - WL media players found
10-12 02:43:12.549 2009 2287 E BluetoothVendorJni: whitelisted_players_properties_callback: Status is: 0, Properties: 1
10-12 02:43:12.549 2009 2287 D BluetoothVendorService: Property type: 6
10-12 02:43:12.549 2009 2287 D BluetoothVendorService: player_name :com.google.android.apps.youtube.music
10-12 02:43:12.549 2009 2287 D AdapterProperties: updateWhitelistedMediaPlayers
10-12 02:43:12.549 2009 2287 D AdapterProperties: Adding to Whitelisted Players list:com.google.android.apps.youtube.music
10-12 02:43:12.549 2009 2287 D BluetoothVendorService: player_name :com.gaana
10-12 02:43:12.549 2009 2287 D AdapterProperties: updateWhitelistedMediaPlayers
10-12 02:43:12.550 2009 2287 D AdapterProperties: Adding to Whitelisted Players list:com.gaana
10-12 02:43:12.550 2009 2287 I bt_stack: [INFO:btif_bqr.cc(304)] EnableBtQualityReport: is_enable: 1
10-12 02:43:12.550 2009 2287 W bt_stack: [WARNING:btif_bqr.cc(318)] EnableBtQualityReport: Bluetooth Quality Report - Root inflammation event enabled, bqr_prop_evtmask: 16, bqr_prop_interval_ms: 0
10-12 02:43:12.550 2009 2287 I bt_stack: [INFO:btif_bqr.cc(353)] EnableBtQualityReport: Event Mask: 0x00040010, Interval: 0
10-12 02:43:12.550 2009 2287 I bt_stack: [INFO:btif_bqr.cc(402)] ConfigureBqr: Action:
10-12 02:43:12.550 2009 2287 I bt_btif_core: btif_enable_bluetooth_evt entered: status 0
10-12 02:43:12.550 2009 2287 W bt_btif : btif_enable_bluetooth_evt: Saving the Adapter Address
10-12 02:43:12.550 2009 2287 D AdapterProperties: Address is:22:22:11:65:33:EA
10-12 02:43:12.550 825 825 D vendor.qti.bluetooth@1.0-uart_controller: CheckForBQRRootInflammationBit: BQR root inflammation enabled
10-12 02:43:12.551 2009 2674 I bt_stack: [INFO:btif_bqr.cc(386)] BqrVscCompleteCallback, current event mask: 0x00040010
10-12 02:43:12.551 2009 2674 I bt_stack: [INFO:btif_bqr.cc(288)] ConfigureBqrCmpl: current_evt_mask: 0x00040010
10-12 02:43:12.551 2009 2674 I bt_stack: [INFO:btm_devctl.cc(1311)] BTM_BT_Quality_Report_VSE_Register: Success to (un)register VSEvents. is_register: 1
10-12 02:43:12.551 2009 2674 W bt_stack: [WARNING:btif_bqr.cc(265)] ConfigBqrA2dpScoThreshold: a2dp_choppy_threshold: 0, sco_choppy_threshold: 0
10-12 02:43:12.554 2009 2684 I bt_osi_thread: run_thread: thread id 2684, thread name btif_sock started
10-12 02:43:12.556 2009 2287 D bt_bte_conf: Device ID record 1 : primary
10-12 02:43:12.556 2009 2287 D bt_bte_conf: vendorId = 001d
10-12 02:43:12.556 2009 2287 D bt_bte_conf: vendorIdSource = 0001
10-12 02:43:12.556 2009 2287 D bt_bte_conf: product = 1200
10-12 02:43:12.556 2009 2287 D bt_bte_conf: version = 1436
10-12 02:43:12.556 2009 2287 D bt_bte_conf: clientExecutableURL =
10-12 02:43:12.556 2009 2287 D bt_bte_conf: serviceDescription =
10-12 02:43:12.556 2009 2287 D bt_bte_conf: documentationURL =
10-12 02:43:12.556 2009 2287 D bt_bte_conf: bte_load_did_conf no section named DID2.
10-12 02:43:12.557 2009 2287 I bt_btif_core: btif_enable_bluetooth_evt finished
10-12 02:43:12.557 2009 2255 I bt_stack_manager: event_start_up_stack finished
10-12 02:43:12.557 2009 2287 I bt_btif_queue: btif_disconnect_queue_disconnect_next
10-12 02:43:12.557 2009 2287 W bt_stack: [WARNING:stack_interface.cc(101)] btif_stack_state OnStackState 0x03
10-12 02:43:12.557 2009 2245 I AdapterState: BLE_ON : entered
10-12 02:43:12.557 2009 2245 D AdapterProperties: Setting state to BLE_ON
10-12 02:43:12.559 2009 2245 D BluetoothAdapterService: updateAdapterState() - Broadcasting state BLE_ON to 1 receivers.
10-12 02:43:12.560 1140 1215 D BluetoothManagerService: MESSAGE_BLUETOOTH_STATE_CHANGE: BLE_TURNING_ON > BLE_ON
10-12 02:43:12.560 1140 1215 D BluetoothManagerService: Bluetooth is in LE only mode
10-12 02:43:12.560 1140 1215 D BluetoothManagerService: Binding Bluetooth GATT service
10-12 02:43:12.562 1140 1215 D BluetoothManagerService: Sending BLE State Change: BLE_TURNING_ON > BLE_ON
10-12 02:43:12.566 1520 2682 D QSEECOMAPI: Loaded image: APP id = 8
01-01 08:01:03.614 0 0 W QSEECOM : qseecom_load_app: App with id 8 (fingerpr) now loaded
10-12 02:43:12.574 1520 2682 I QFP : qsc_start_app: Loading app [fingerpr] succeeded
10-12 02:43:12.574 1520 2682 I QFP : openFramework: entry with eeprom_buffer_size=0
10-12 02:43:12.577 2024 2024 W DepthController: Invalid qs expansion
10-12 02:43:12.582 546 556 D DrmLibTime: got the req here! ret=0
10-12 02:43:12.582 546 556 D DrmLibTime: command id, time_cmd_id = 770
10-12 02:43:12.582 546 556 D DrmLibTime: time_getutcsec starts!
10-12 02:43:12.582 546 556 D DrmLibTime: QSEE Time Listener: time_getutcsec
10-12 02:43:12.582 546 556 D DrmLibTime: QSEE Time Listener: get_utc_seconds
10-12 02:43:12.582 546 556 D DrmLibTime: QSEE Time Listener: time_get_modem_time
10-12 02:43:12.582 546 556 D DrmLibTime: QSEE Time Listener: Checking if ATS_MODEM is set or not.
10-12 02:43:12.582 546 556 D QC-time-services: Lib:time_genoff_operation: pargs->base = 13
10-12 02:43:12.582 546 556 D QC-time-services: Lib:time_genoff_operation: pargs->operation = 2
10-12 02:43:12.582 546 556 D QC-time-services: Lib:time_genoff_operation: pargs->ts_val = 0
10-12 02:43:12.582 546 556 D QC-time-services: Lib:time_genoff_operation: Send to server passed!!
10-12 02:43:12.582 649 1023 D QC-time-services: Daemon: Connection accepted:time_genoff
10-12 02:43:12.583 649 2686 D QC-time-services: Daemon:Received base = 13, unit = 1, operation = 2,value = 0
10-12 02:43:12.583 649 2686 D QC-time-services: Daemon:genoff_opr: Base = 13, val = 0, operation = 2
10-12 02:43:12.583 649 2686 D QC-time-services: offset is: 0 for base: 13
10-12 02:43:12.583 546 556 E QC-time-services: Receive Passed == base = 13, unit = 1, operation = 2, result = 0
10-12 02:43:12.583 546 556 D DrmLibTime: QSEE Time Listener: ATS_MODEM is not set. Fallback to Android system time.
10-12 02:43:12.583 546 556 D DrmLibTime: QSEE Time Listener: Retrieved Android system time: 1665513792
10-12 02:43:12.583 546 556 D DrmLibTime: time_getutcsec returns 0, sec = 1665513792; nsec = 0
10-12 02:43:12.583 546 556 D DrmLibTime: time_getutcsec finished!
10-12 02:43:12.583 546 556 D DrmLibTime: iotcl_continue_command finished! and return 0
10-12 02:43:12.583 546 556 D DrmLibTime: before calling ioctl to read the next time_cmd
10-12 02:43:12.590 649 1023 E QC-time-services: Daemon: Time-services: Waiting to acceptconnection
10-12 02:43:12.591 2024 2024 V ShadeControllerImpl: NotificationShadeWindow: com.android.systemui.statusbar.phone.NotificationShadeWindowView{a840c9 I.E...... ......ID 0,0-2380,1020} canPanelBeCollapsed(): false
10-12 02:43:12.600 1140 1708 I InputDispatcher: Erasing monitor swipe-up (server) on display 0, pid=2579
10-12 02:43:12.600 2024 2024 D KeyguardViewMediator: onSystemReady
10-12 02:43:12.604 2024 2024 D KeyguardViewMediator: doKeyguard: not showing because lockscreen is off
10-12 02:43:12.604 1140 2191 I InputDispatcher: Created monitor swipe-up for display 0, gesture=true, pid=2579
10-12 02:43:12.604 2024 2024 V KeyguardUpdateMonitor: *** register callback for com.android.systemui.keyguard.KeyguardViewMediator$2@a5b65d3
10-12 02:43:12.604 2024 2024 V KeyguardUpdateMonitor: *** unregister callback for null
10-12 02:43:12.604 2024 2024 D KeyguardViewMediator: adjustStatusBarLocked: mShowing=false mOccluded=false isSecure=false force=false --> flags=0x0
10-12 02:43:12.606 2024 2024 D KeyguardViewMediator: handleNotifyWakingUp
10-12 02:43:12.612 2024 2024 W DepthController: Invalid qs expansion
10-12 02:43:12.613 2024 2024 D StatusBar: updateQsExpansionEnabled - QS Expand enabled: true
10-12 02:43:12.614 2024 2024 D KeyguardViewMediator: handleNotifyScreenTurningOn
10-12 02:43:12.628 2024 2024 D KeyguardViewMediator: handleNotifyScreenTurnedOn
10-12 02:43:12.629 2024 2024 I Choreographer: Skipped 47 frames! The application may be doing too much work on its main thread.
10-12 02:43:12.638 825 2664 I vendor.qti.bluetooth@1.0-ibs_handler: ProcessIbsCmd: Received IBS_SLEEP_IND: 0xFE
10-12 02:43:12.652 2024 2232 I OpenGLRenderer: Davey! duration=786ms; Flags=0, FrameTimelineVsyncId=215, IntendedVsync=55810198265, Vsync=56593531567, InputEventId=0, HandleInputStart=56593632476, AnimationStart=56593633674, PerformTraversalsStart=56594205340, DrawStart=56594385445, FrameDeadline=55843531597, FrameInterval=56593556434, FrameStartTime=16666666, SyncQueued=56594392945, SyncStart=56594522945, IssueDrawCommandsStart=56594576226, SwapBuffers=56595158622, FrameCompleted=56596664195, DequeueBufferDuration=34428, QueueBufferDuration=1096459, GpuCompleted=56595826643, SwapBuffersCompleted=56596664195, DisplayPresentTime=1899312655,
10-12 02:43:12.688 1520 2682 E QFP : qfpCommand: error from send_command_to_tz: 0, QFP result -11 on (0 0)
10-12 02:43:12.688 1520 2682 I QFP : close: close, usecase 3 options 0
10-12 02:43:12.688 1520 2682 I QFP : closeHandle: closeHandle (0 0)
10-12 02:43:12.693 2024 2024 I sysui_multi_action: [757,111,758,1]
10-12 02:43:12.693 2024 2024 I sysui_multi_action: [757,126,758,1,759,126,927,0,928,0,1593,0]
10-12 02:43:12.694 2024 2024 I sysui_multi_action: [757,113,758,1,759,113,927,1,928,0,1593,0]
10-12 02:43:12.694 2024 2024 I sysui_multi_action: [757,0,758,1,759,0,927,2,928,0,1593,0]
10-12 02:43:12.694 2024 2024 I sysui_multi_action: [757,0,758,1,759,0,927,3,928,0,1593,0]
10-12 02:43:12.695 2024 2024 I sysui_multi_action: [757,1706,758,1,759,1706,927,4,928,0,1593,0]
10-12 02:43:12.695 1520 2682 D QSEECOMAPI: QSEECom_dealloc_memory
10-12 02:43:12.695 1520 2682 D QSEECOMAPI: QSEECom_shutdown_app, app_id = 8
10-12 02:43:12.695 2024 2024 I sysui_multi_action: [757,491,758,1,759,491,927,5,928,0,1311,-1,1593,0]
10-12 02:43:12.696 2024 2024 I sysui_multi_action: [757,0,758,1,759,0,927,6,928,0,1593,0]
10-12 02:43:12.696 2024 2024 I sysui_multi_action: [757,0,758,1,759,0,927,7,1593,0]
10-12 02:43:12.696 2024 2024 I sysui_multi_action: [757,111,758,1]
10-12 02:43:12.697 2024 2024 I sysui_multi_action: [757,126,758,1,759,126,927,0,928,0,1593,0]
10-12 02:43:12.697 2024 2024 I sysui_multi_action: [757,113,758,1,759,113,927,1,928,0,1593,0]
10-12 02:43:12.697 2024 2024 I sysui_multi_action: [757,0,758,1,759,0,927,2,928,0,1593,0]
10-12 02:43:12.697 2024 2024 I sysui_multi_action: [757,0,758,1,759,0,927,3,928,0,1593,0]
10-12 02:43:12.713 1520 2682 E QFP : Dropping unsupported QBT command
10-12 02:43:12.713 1520 2682 I QFP : openFramework:QFP TZ VERSION: 3.0.3.39
10-12 02:43:12.713 1520 2682 E QFP : releaseWakelock: qbt sensor handle is invalid
10-12 02:43:12.713 1520 2682 E QFP : qfp_init failed -1
10-12 02:43:12.713 1520 2682 I QFP : QfpThreadOptimize::invoke: entry.
10-12 02:43:12.713 1520 2682 I QFP : QfpThreadOptimize::invoke: QFP not initialized, exiting Optimize thread
10-12 02:43:12.713 1520 2682 I QFP : QfpThreadErieEvent::invoke: entry.
10-12 02:43:12.713 1520 2682 I QFP : QfpThreadErieEvent::invoke: QFP not initialized, exiting ErieEvent thread
10-12 02:43:12.713 1520 1520 I QFP : notifyPowerState: 2
10-12 02:43:12.713 1520 1520 I QFP : notifyPowerState: 2
10-12 02:43:12.713 1520 1520 I QFP : notifyPowerState: screen state 2
01-01 08:01:03.760 0 0 W QSEECOM : __qseecom_unload_app: App (8) is unloaded
01-01 08:01:03.761 0 0 D qbt : qbt_release: entry minor_no=0 fd_available=0
01-01 08:01:03.761 0 0 D qbt : qbt_release: Releasing wakelock
01-01 08:01:03.761 0 0 D qbt : qbt_release: exit : fd_available=1
01-01 08:01:03.761 0 0 D qbt : qbt_release: entry minor_no=1 fd_available=1
01-01 08:01:03.761 0 0 D qbt : qbt_release: exit : fd_available=1
10-12 02:43:12.713 1520 1520 E QFP : set active group call error -1
10-12 02:43:12.713 1520 2690 I QFP : QfpThreadOptimize::invoke: entry.
10-12 02:43:12.713 1520 2690 I QFP : QfpThreadOptimize::invoke: QFP not initialized, exiting Optimize thread
01-01 08:01:03.767 0 0 D qbt : qbt_open: entry minor_no=0 fd_available=1
10-12 02:43:12.713 1520 2690 I QFP : QfpThreadErieEvent::invoke: entry.
10-12 02:43:12.713 1520 2690 I QFP : QfpThreadErieEvent::invoke: QFP not initialized, exiting ErieEvent thread
10-12 02:43:12.714 1140 1140 W Looper : Drained
10-12 02:43:12.714 1140 1140 W Looper : Slow dispatch took 276ms main h=android.os.Handler c=com.android.server.biometrics.sensors.BiometricScheduler$InternalCallback$$ExternalSyntheticLambda0@5ed0b71 m=0
10-12 02:43:12.714 1140 1140 D BluetoothManagerService: Bluetooth Adapter address changed to 22:22:11:65:33:EA
10-12 02:43:12.714 1140 1140 D BluetoothManagerService: Stored Bluetoothaddress: 22:22:11:65:33:EA
10-12 02:43:12.714 1140 1140 D BluetoothManagerService: Bluetooth Adapter name changed to QCOM-BTD by android
10-12 02:43:12.714 1140 1140 D BluetoothManagerService: Stored Bluetooth name: QCOM-BTD
10-12 02:43:12.714 1140 1140 D BluetoothManagerService: Bluetooth Adapter address changed to 22:22:11:65:33:EA
10-12 02:43:12.714 1140 1140 D BluetoothManagerService: Stored Bluetoothaddress: 22:22:11:65:33:EA
10-12 02:43:12.714 1140 1140 D CompanionDeviceManagerService: Received BT state transition broadcast: BLE_TURNING_ON -> BLE_ON
10-12 02:43:12.716 1140 1140 I CompanionDeviceManagerService: startBleScan()
10-12 02:43:12.716 1140 1140 I CompanionDeviceManagerService: Read associations from disk: {0=[]}
10-12 02:43:12.716 1140 1140 D BluetoothManagerService: BluetoothServiceConnection: com.android.bluetooth.gatt.GattService
10-12 02:43:12.717 1140 1215 D BluetoothManagerService: MESSAGE_BLUETOOTH_SERVICE_CONNECTED: 2
10-12 02:43:12.717 1140 1215 D BluetoothManagerService: continueFromBleOnState()
10-12 02:43:12.718 1140 1140 D BiometricScheduler/Fingerprint21: [Finishing] {[1] FingerprintUpdateActiveUserClient, proto=1, owner=android, cookie=0, requestId=-1, userId=0}, success: true
10-12 02:43:12.718 1140 1140 D BiometricScheduler/Fingerprint21: [Polled] {[2] FingerprintInternalCleanupClient, proto=7, owner=android, cookie=0, requestId=-1, userId=0}, State: 0
10-12 02:43:12.718 1140 1140 D BiometricScheduler/Fingerprint21: [Starting] {[2] FingerprintInternalCleanupClient, proto=7, owner=android, cookie=0, requestId=-1, userId=0}, State: 0
10-12 02:43:12.718 1140 1140 D BiometricScheduler/Fingerprint21: [Started] {[2] FingerprintInternalCleanupClient, proto=7, owner=android, cookie=0, requestId=-1, userId=0}
10-12 02:43:12.718 1140 1140 D Biometrics/InternalCleanupClient: Starting enumerate: {[3] FingerprintInternalEnumerateClient, proto=6, owner=android, cookie=0, requestId=-1, userId=0}
10-12 02:43:12.718 1520 1520 I QFP : notifyPowerState: 2
10-12 02:43:12.718 1520 1520 I QFP : notifyPowerState: 2
10-12 02:43:12.718 1520 1520 I QFP : notifyPowerState: 2
10-12 02:43:12.718 1520 1520 I QFP : notifyPowerState: screen state 2
10-12 02:43:12.718 2009 2081 D BluetoothAdapterService: updateQuietModeStatus()-updateQuietModeStatus called with quiet mode status:false
10-12 02:43:12.719 1520 2691 I QFP : Initializing QFP framework, container 0 handle 0
10-12 02:43:12.719 1520 2691 I QFP : getPersistPropVal: persist.vendor.qfp.qbt_fd_name = /dev/qbt_fd (default /dev/qbt_fd)
10-12 02:43:12.719 1520 2691 I QFP : getPersistPropVal: persist.vendor.qfp.qbt_ipc_name = /dev/qbt_ipc (default /dev/qbt_ipc)
10-12 02:43:12.719 1520 2691 E QFP : Dropping unsupported QBT command
10-12 02:43:12.720 2009 2245 I BluetoothVendorJni: bredrstartupNative
10-12 02:43:12.720 2009 2245 I bt_btif_vendor: bredrstartup
10-12 02:43:12.720 1140 1215 D BluetoothManagerService: Persisting Bluetooth Setting: 1
10-12 02:43:12.720 2009 2245 I AdapterState: TURNING_ON : entered
10-12 02:43:12.720 2009 2245 D AdapterProperties: Setting state to TURNING_ON
10-12 02:43:12.721 2009 2245 D BluetoothAdapterService: updateAdapterState() - Broadcasting state TURNING_ON to 1 receivers.
10-12 02:43:12.721 1140 1215 D BluetoothManagerService: MESSAGE_BLUETOOTH_STATE_CHANGE: BLE_ON > TURNING_ON
10-12 02:43:12.721 1140 1215 D BluetoothManagerService: Sending BLE State Change: BLE_ON > TURNING_ON
10-12 02:43:12.721 2009 2245 D BluetoothAdapterService: startCoreServices()
10-12 02:43:12.721 2009 2245 I AdapterServiceConfig: Stereo recording and unicast features are disabled in Host AddOn features
10-12 02:43:12.721 2009 2245 I AdapterServiceConfig: BCA disabled in Host AddOn features
10-12 02:43:12.721 2009 2245 I AdapterServiceConfig: BCS disabled in Host AddOn features
10-12 02:43:12.722 2024 2024 W AudioManager: attempt to call registerAudioRecordingCallback() on a previouslyregistered callback
10-12 02:43:12.723 1140 1140 D CompanionDeviceManagerService: Received BT state transition broadcast: BLE_ON -> TURNING_ON
01-01 08:01:03.767 0 0 D qbt : qbt_open: exit : 0 fd_available=0
01-01 08:01:03.767 0 0 D qbt : qbt_open: entry minor_no=1 fd_available=0
01-01 08:01:03.767 0 0 D qbt : qbt_open: exit : 0 fd_available=0
01-01 08:01:03.767 0 0 D qbt : qbt_ioctl: cmd received 107
01-01 08:01:03.767 0 0 D qbt : qbt_ioctl: Acquiring wakelock
