10-12 02:43:12.969 2009 2009 D HearingAidService: profile started successfully
10-12 02:43:12.970 2697 2697 I android.hardware.camera.provider@2.4-service: CameraProvider@2.4 legacy service is starting.
10-12 02:43:12.971 2009 2009 D BluetoothMediaBrowserService: onCreate
10-12 02:43:12.971 2009 2704 D BluetoothSdpJni: sdpCreateMapMasRecordNative
10-12 02:43:12.971 2009 2704 D BluetoothSdpJni: SDP Create record success - handle: 0
10-12 02:43:12.973 2009 2713 D ObexServerSockets0: Accepting socket connection...
10-12 02:43:12.975 2009 2712 D ObexServerSockets0: Accepting socket connection...
10-12 02:43:12.980 2009 2674 I bt_stack: [INFO:port_api.cc(123)] RFCOMM_CreateConnection BDA: ff:ff:ff:ff:ff:ff
10-12 02:43:12.980 2024 2024 D NotificationMediaManager: onMediaDataLoaded Notification Key : 0|com.android.systemui|1|empty_media|10087
10-12 02:43:12.983 2009 2695 V Avrcp_ext: updateCurrentMediaState: mMediaController: null
10-12 02:43:12.983 2009 2695 W Avrcp_ext: isMusicActive: true getBluetoothPlayState: 2 A2dp State: 11 mAudioPlaybackIsActive: false
10-12 02:43:12.983 2009 2695 W Avrcp_ext: updateCurrentMediaState: isPlaying = false
10-12 02:43:12.983 2009 2695 V Avrcp_ext: Media update: id -1➡-1? [MediaAttributes: none] : [MediaAttributes: none]
10-12 02:43:12.983 2009 2695 D Avrcp_ext: isPackageNameValid: browsedPackage = isValid = false
10-12 02:43:12.983 2009 2695 V Avrcp_ext: updatePlaybackState, state: PlaybackState {state=2, position=-1, buffered position=0, speed=0.0, updated=56947, actions=0, custom actions=[], active item id=-1, error=null} device: null
10-12 02:43:12.983 2009 2695 V Avrcp_ext: Device: no name:
10-12 02:43:12.983 2009 2695 V Avrcp_ext: Device: no name:
10-12 02:43:12.983 2009 2695 V Avrcp_ext: Device: no name:
10-12 02:43:12.983 2009 2695 V Avrcp_ext: Device: no name:
10-12 02:43:12.984 2009 2695 V Avrcp_ext: Device: no name:
10-12 02:43:12.984 2009 2695 V Avrcp_ext: updatePlayerStateAndPosition, old=PlaybackState {state=2, position=-1, buffered position=0, speed=0.0, updated=56771, actions=0, custom actions=[], active item id=-1, error=null}, state=PlaybackState {state=2, position=-1, buffered position=0, speed=0.0, updated=56947, actions=0, custom actions=[], active item id=-1, error=null}
10-12 02:43:12.984 2009 2695 V Avrcp_ext: old state = PlaybackState {state=2, position=-1, buffered position=0, speed=0.0, updated=56771, actions=0, custom actions=[], active item id=-1, error=null}, new state= PlaybackState {state=2, position=-1, buffered position=0, speed=0.0, updated=56947, actions=0, custom actions=[], active item id=-1, error=null}
10-12 02:43:12.984 2009 2695 D HeadsetService: getHeadsetService(): returning com.android.bluetooth.hfp.HeadsetService@b833d4a
10-12 02:43:12.984 2009 2695 D HeadsetService: isAudioOn: The number of audio connected devices 0
10-12 02:43:12.984 2009 2695 D HeadsetService: isScoOrCallActive(): Call Active:falseCall is Ringing:falseSCO is Active:false
10-12 02:43:12.984 2009 2695 D HeadsetService: isAudioOn: The number of audio connected devices 0
10-12 02:43:12.984 2009 2695 I Avrcp_ext: updatePlayStatusForDevice: device: null
10-12 02:43:12.984 2009 2695 V Avrcp_ext: updatePlaybackState (1): old=PlaybackState {state=2, position=-1, buffered position=0, speed=0.0, updated=56771, actions=0, custom actions=[], active item id=-1, error=null}(2), new=PlaybackState {state=2, position=-1, buffered position=0, speed=0.0, updated=56947, actions=0, custom actions=[], active item id=-1, error=null}(2)
10-12 02:43:12.984 2009 2695 I Avrcp_ext: Exit updatePlayStatusForDevice
10-12 02:43:12.984 2009 2695 D HeadsetService: isAudioOn: The number of audio connected devices 0
10-12 02:43:12.984 2009 2695 D HeadsetService: isScoOrCallActive(): Call Active:falseCall is Ringing:falseSCO is Active:false
10-12 02:43:12.984 2009 2695 D HeadsetService: isAudioOn: The number of audio connected devices 0
10-12 02:43:12.984 2009 2695 I Avrcp_ext: updatePlayStatusForDevice: device: null
10-12 02:43:12.984 2009 2695 V Avrcp_ext: updatePlaybackState (1): old=PlaybackState {state=2, position=-1, buffered position=0, speed=0.0, updated=56771, actions=0, custom actions=[], active item id=-1, error=null}(2), new=PlaybackState {state=2, position=-1, buffered position=0, speed=0.0, updated=56947, actions=0, custom actions=[], active item id=-1, error=null}(2)
10-12 02:43:12.984 2009 2695 I Avrcp_ext: Exit updatePlayStatusForDevice
10-12 02:43:12.984 2009 2695 D HeadsetService: isAudioOn: The number of audio connected devices 0
10-12 02:43:12.984 2009 2695 D HeadsetService: isScoOrCallActive(): Call Active:falseCall is Ringing:falseSCO is Active:false
10-12 02:43:12.984 2009 2695 D HeadsetService: isAudioOn: The number of audio connected devices 0
10-12 02:43:12.984 2009 2695 I Avrcp_ext: updatePlayStatusForDevice: device: null
10-12 02:43:12.985 2009 2695 V Avrcp_ext: updatePlaybackState (1): old=PlaybackState {state=2, position=-1, buffered position=0, speed=0.0, updated=56771, actions=0, custom actions=[], active item id=-1, error=null}(2), new=PlaybackState {state=2, position=-1, buffered position=0, speed=0.0, updated=56947, actions=0, custom actions=[], active item id=-1, error=null}(2)
10-12 02:43:12.985 2009 2695 I Avrcp_ext: Exit updatePlayStatusForDevice
10-12 02:43:12.985 2009 2695 D HeadsetService: isAudioOn: The number of audio connected devices 0
10-12 02:43:12.985 2009 2695 D HeadsetService: isScoOrCallActive(): Call Active:falseCall is Ringing:falseSCO is Active:false
10-12 02:43:12.985 2009 2695 D HeadsetService: isAudioOn: The number of audio connected devices 0
10-12 02:43:12.985 2009 2695 I Avrcp_ext: updatePlayStatusForDevice: device: null
10-12 02:43:12.985 2009 2695 V Avrcp_ext: updatePlaybackState (1): old=PlaybackState {state=2, position=-1, buffered position=0, speed=0.0, updated=56771, actions=0, custom actions=[], active item id=-1, error=null}(2), new=PlaybackState {state=2, position=-1, buffered position=0, speed=0.0, updated=56947, actions=0, custom actions=[], active item id=-1, error=null}(2)
10-12 02:43:12.985 2009 2695 I Avrcp_ext: Exit updatePlayStatusForDevice
10-12 02:43:12.985 2009 2695 D HeadsetService: isAudioOn: The number of audio connected devices 0
10-12 02:43:12.985 2009 2695 D HeadsetService: isScoOrCallActive(): Call Active:falseCall is Ringing:falseSCO is Active:false
10-12 02:43:12.986 2009 2009 I BtOppService: handleMessage :300
10-12 02:43:12.986 2009 2695 D HeadsetService: isAudioOn: The number of audio connected devices 0
10-12 02:43:12.986 2009 2695 I Avrcp_ext: updatePlayStatusForDevice: device: null
10-12 02:43:12.986 2009 2695 V Avrcp_ext: updatePlaybackState (1): old=PlaybackState {state=2, position=-1, buffered position=0, speed=0.0, updated=56771, actions=0, custom actions=[], active item id=-1, error=null}(2), new=PlaybackState {state=2, position=-1, buffered position=0, speed=0.0, updated=56947, actions=0, custom actions=[], active item id=-1, error=null}(2)
10-12 02:43:12.986 2009 2695 I Avrcp_ext: Exit updatePlayStatusForDevice
10-12 02:43:12.986 2009 2695 D Avrcp_ext: Enter sendPlayPosNotificationRsp
10-12 02:43:12.986 2009 2695 D Avrcp_ext: sendPlayPosNotificationRsp: Not registered or requesting.
10-12 02:43:12.986 2009 2695 D Avrcp_ext: Enter sendPlayPosNotificationRsp
10-12 02:43:12.986 2009 2695 D Avrcp_ext: sendPlayPosNotificationRsp: Not registered or requesting.
10-12 02:43:12.986 2009 2695 D Avrcp_ext: Enter sendPlayPosNotificationRsp
10-12 02:43:12.986 2009 2695 D Avrcp_ext: sendPlayPosNotificationRsp: Not registered or requesting.
10-12 02:43:12.986 2009 2695 D Avrcp_ext: Enter sendPlayPosNotificationRsp
10-12 02:43:12.986 2009 2695 D Avrcp_ext: sendPlayPosNotificationRsp: Not registered or requesting.
10-12 02:43:12.986 2009 2695 D Avrcp_ext: Enter sendPlayPosNotificationRsp
10-12 02:43:12.986 2009 2695 D Avrcp_ext: sendPlayPosNotificationRsp: Not registered or requesting.
10-12 02:43:12.986 2009 2695 V Avrcp_ext: Exit updatePlayerStateAndPosition
10-12 02:43:12.988 1140 1140 I notification_cancel_all: [1002,2009,com.android.bluetooth,0,0,64,9,NULL]
10-12 02:43:12.989 2009 2674 W bt_l2cap: L2CAP - L2CA_Register() called for PSM: 0x1025
10-12 02:43:12.989 2009 2009 W BluetoothAdapterService: onProfileServiceStateChange() - All profile services started..
10-12 02:43:12.989 2009 2009 D AdapterProperties: onBluetoothReady, state=TURNING_ON, ScanMode=20
10-12 02:43:12.989 2009 2707 D ObexServerSockets: Succeed to create listening sockets
10-12 02:43:12.989 2009 2707 D ObexServerSockets1: startAccept()
10-12 02:43:12.991 2009 2009 D BluetoothAdapterService: updateUuids() - Updating UUIDs for bonded devices
10-12 02:43:12.993 2009 2009 I BluetoothAdapterService: initProfileServices: Initializing all bluetooth profile services
10-12 02:43:12.993 2009 2009 I BluetoothA2dpSinkServiceJni: classInitNative: succeeds
10-12 02:43:12.993 2009 2009 D HeadsetService: getHeadsetService(): returning com.android.bluetooth.hfp.HeadsetService@b833d4a
10-12 02:43:12.993 2009 2009 W HeadsetClientService: getHeadsetClientService(): service is null
10-12 02:43:12.993 2009 2009 W MapClientService: getMapClientService(): service is null
10-12 02:43:12.993 2009 2009 D HidDeviceService: getHidDeviceService(): service is NULL
10-12 02:43:12.993 2009 2009 W PbapClientService: getPbapClientService(): service is null
10-12 02:43:12.993 2009 2009 W BluetoothGroupService: getGroupService(): service is NULL
10-12 02:43:12.994 2009 2245 I AdapterState: ON : entered
10-12 02:43:12.994 2009 2245 D AdapterProperties: Setting state to ON
10-12 02:43:12.994 2009 2287 D AdapterProperties: Scan Mode:21
10-12 02:43:12.994 2009 2287 D AdapterProperties: Discoverable Timeout:120
10-12 02:43:12.994 2009 2287 D AdapterProperties: mLocalIOCapability set to 1
10-12 02:43:12.995 2009 2287 D AdapterProperties: mLocalIOCapabilityBLE set to 4
10-12 02:43:12.995 2009 2287 I btif_av : isBATEnabled: 0
10-12 02:43:12.995 2009 2287 E bt_btif : bta_av_co_get_active_peer: peer index out of bounds: 5
10-12 02:43:12.995 2009 2287 E bt_btif : btif_av_is_split_a2dp_enabled: No active peer codec config found, by default splitmode
10-12 02:43:12.996 2009 2245 D BluetoothAdapterService: updateAdapterState() - Broadcasting state ON to 1 receivers.
10-12 02:43:12.997 1140 1215 D BluetoothManagerService: MESSAGE_BLUETOOTH_STATE_CHANGE: TURNING_ON > ON
10-12 02:43:12.998 1140 1215 D BluetoothManagerService: Broadcasting onBluetoothStateChange(true) to 10 receivers.
10-12 02:43:12.998 1140 1215 D BluetoothHeadset: onBluetoothStateChange: up=true
10-12 02:43:12.998 1140 1215 D BluetoothHeadset: Binding service...
10-12 02:43:13.002 1140 1215 D BluetoothManagerService: Creating new ProfileServiceConnections object for profile: 1
10-12 02:43:13.002 2009 2674 I bt_stack: [INFO:port_api.cc(123)] RFCOMM_CreateConnection BDA: ff:ff:ff:ff:ff:ff
10-12 02:43:13.003 2009 2714 D BluetoothSdpJni: sdpCreateSapsRecordNative
10-12 02:43:13.003 2009 2714 D BluetoothSdpJni: SDP Create record success - handle: 1
10-12 02:43:13.003 1140 1215 D BluetoothHeadset: onBluetoothStateChange: up=true
10-12 02:43:13.003 1140 1215 D BluetoothHeadset: Binding service...
10-12 02:43:13.004 1140 1215 W BluetoothManagerService: psc is not null in bindBluetoothProfileService
10-12 02:43:13.004 1140 1215 D BluetoothManagerService: Sending BLE State Change: TURNING_ON > ON
10-12 02:43:13.004 2009 2009 W BluetoothAdapterService: fetchWifiState - isWifiConnected =false
10-12 02:43:13.004 1140 1215 D BluetoothManagerService: Sending State Change: TURNING_ON > ON
10-12 02:43:13.004 2009 2009 D BluetoothVendorService: setWifiState to: false
10-12 02:43:13.004 2009 2009 I BluetoothVendorJni: setWifiStateNative
10-12 02:43:13.004 2009 2009 I bt_btif_vendor: setWifiState :0
10-12 02:43:13.005 1140 1140 D CompanionDeviceManagerService: Received BT state transition broadcast: TURNING_ON -> ON
10-12 02:43:13.006 2009 2716 D ObexServerSockets1: Accepting socket connection...
10-12 02:43:13.006 1140 1140 I CompanionDeviceManagerService: startBleScan()
10-12 02:43:13.007 2009 2707 D BluetoothVendorService: getProfileInfo profile_id: 2
10-12 02:43:13.007 2009 2707 I BluetoothVendorJni: getProfileInfoNative
10-12 02:43:13.007 2009 2707 I bt_btif_vendor: get_profile_info :2
10-12 02:43:13.007 2009 2707 W bt_device_profile: profile_feature_fetch:profile 2
10-12 02:43:13.007 2009 2707 W bt_device_profile: profile_feature_fetch:PBAP_0102_SUPPORT found 1
10-12 02:43:13.007 2009 2707 D BluetoothVendorService: getProfileInfo profile_id: 2
10-12 02:43:13.007 2009 2707 I BluetoothVendorJni: getProfileInfoNative
10-12 02:43:13.008 2009 2707 I bt_btif_vendor: get_profile_info :2
10-12 02:43:13.008 2009 2009 D BluetoothAdapterService: Soft AP is on band: 1
10-12 02:43:13.008 2009 2707 W bt_device_profile: profile_feature_fetch:profile 2
10-12 02:43:13.008 2009 2707 W bt_device_profile: profile_feature_fetch:USE_SIM_SUPPORT found 1
10-12 02:43:13.008 2009 2707 D BluetoothPbapFixes: isSupportedPbap12: true
10-12 02:43:13.008 2009 2707 D BluetoothPbapFixes: isSimSupported: true
10-12 02:43:13.008 2009 2707 D BluetoothPbapFixes: creating PBAP 1.1 record with sim support
10-12 02:43:13.008 2009 2707 D BluetoothSdpJni: sdpCreatePbapPseRecordNative
10-12 02:43:13.008 2009 2707 D BluetoothSdpJni: SDP Create record success - handle: 2
10-12 02:43:13.008 2009 2707 D BluetoothPbapService: created Sdp record, mSdpHandle=2
10-12 02:43:13.010 2009 2009 D BluetoothVendorService: getPowerBackoff
10-12 02:43:13.016 2009 2718 D ObexServerSockets1: Accepting socket connection...
10-12 02:43:13.017 2009 2323 D BluetoothActiveDeviceManager: handleMessage(MESSAGE_ADAPTER_ACTION_STATE_CHANGED): newState=12
10-12 02:43:13.017 2009 2009 D AvrcpBipRsp: action: android.bluetooth.adapter.action.STATE_CHANGED
10-12 02:43:13.017 2009 2009 D AvrcpBipRsp: state:12
10-12 02:43:13.018 2009 2009 D BtOppService: action : android.bluetooth.adapter.action.STATE_CHANGED
10-12 02:43:13.025 652 662 I mpu_uart: [MSG-P:RECV]:No message received in 1000 ms
10-12 02:43:13.038 2009 2009 I BluetoothPhonePolicy: delay auto connect by 500 ms
10-12 02:43:13.038 2009 2009 D BluetoothAdapterService: isQuetModeEnabled() - Enabled = false
10-12 02:43:13.038 2009 2009 D AvrcpBipRsp: Handler(): got msg=1
10-12 02:43:13.038 2009 2009 D AvrcpBipRsp: startL2capListener
10-12 02:43:13.038 2009 2009 D AvrcpBipRsp: closeServerSocket
10-12 02:43:13.038 2009 2009 D ObexServerSockets: create(rfcomm = -1, l2capPsm = 4129)
10-12 02:43:13.042 2024 2024 W ConstraintSet: id unknown center_vertical_guideline
10-12 02:43:13.042 2024 2024 W ConstraintSet: id unknown center_horizontal_guideline
10-12 02:43:13.042 2024 2024 W ConstraintSet: id unknown media_action_barrier
10-12 02:43:13.043 2024 2024 W ConstraintSet: id unknown remove_text
10-12 02:43:13.043 2024 2024 W ConstraintSet: id unknown settings
10-12 02:43:13.043 2024 2024 W ConstraintSet: id unknown cancel
10-12 02:43:13.043 2024 2024 W ConstraintSet: id unknown dismiss
10-12 02:43:13.048 2009 2674 W bt_l2cap: L2CAP - L2CA_Register() called for PSM: 0x1021
10-12 02:43:13.048 652 661 I mpu_uart: [MSG-P:R]:recv sync frame timeout
10-12 02:43:13.048 2009 2009 D ObexServerSockets: Succeed to create listening sockets
10-12 02:43:13.048 2009 2009 D ObexServerSockets2: startAccept()
10-12 02:43:13.049 2009 2009 I BtOppService: handleMessage :1
10-12 02:43:13.049 2009 2009 D BtOppService: start Socket Listeners
10-12 02:43:13.049 2009 2009 D BtOppService: stopListeners: mServerSocket is null
10-12 02:43:13.049 2009 2723 D ObexServerSockets2: Accepting socket connection...
10-12 02:43:13.050 2009 2009 D ObexServerSockets: create(rfcomm = 12, l2capPsm = 4131)
10-12 02:43:13.050 1520 2691 E QFP : qfpCommand: error from send_command_to_tz: 0, QFP result -11 on (0 0)
10-12 02:43:13.050 1520 2691 I QFP : close: close, usecase 3 options 0
10-12 02:43:13.050 1520 2691 I QFP : closeHandle: closeHandle (0 0)
10-12 02:43:13.051 2024 2272 D LocalBluetoothProfileManager: Adding local A2DP profile
10-12 02:43:13.052 2024 2272 D BluetoothA2dp: Binding service...
10-12 02:43:13.053 2009 2674 I bt_stack: [INFO:port_api.cc(123)] RFCOMM_CreateConnection BDA: ff:ff:ff:ff:ff:ff
10-12 02:43:13.054 2024 2272 D LocalBluetoothProfileManager: Adding local HEADSET profile
10-12 02:43:13.054 2024 2272 D BluetoothHeadset: Binding service...
10-12 02:43:13.055 1140 1979 W BluetoothManagerService: psc is not null in bindBluetoothProfileService
10-12 02:43:13.055 2024 2272 D LocalBluetoothProfileManager: Adding local MAP profile
10-12 02:43:13.056 2024 2272 D BluetoothMap: Create BluetoothMap proxy object
10-12 02:43:13.057 2024 2272 D BluetoothMap: Binding service...
10-12 02:43:13.059 2024 2272 D LocalBluetoothProfileManager: Adding local OPP profile
10-12 02:43:13.059 2024 2272 D LocalBluetoothProfileManager: Adding local HID_HOST profile
10-12 02:43:13.059 2009 2009 D BluetoothAdapter: listenUsingInsecureL2capOn: port=4131
10-12 02:43:13.060 2024 2272 D BluetoothHidHost: Binding service...
10-12 02:43:13.061 2024 2272 D LocalBluetoothProfileManager: Adding local PAN profile
10-12 02:43:13.062 1520 2691 D QSEECOMAPI: QSEECom_dealloc_memory
10-12 02:43:13.062 1520 2691 D QSEECOMAPI: QSEECom_shutdown_app, app_id = 9
10-12 02:43:13.062 2024 2272 D BluetoothPan: Binding service...
10-12 02:43:13.065 2024 2272 D LocalBluetoothProfileManager: Adding local PBAP profile
10-12 02:43:13.067 2024 2272 D LocalBluetoothProfileManager: Adding local SAP profile
10-12 02:43:13.067 2024 2272 D BluetoothSap: Create BluetoothSap proxy object
10-12 02:43:13.068 2024 2272 D BluetoothSap: Binding service...
10-12 02:43:13.068 2009 2674 W bt_l2cap: L2CAP - L2CA_Register() called for PSM: 0x1023
01-01 08:01:04.129 0 0 W QSEECOM : __qseecom_unload_app: App (9) is unloaded
10-12 02:43:13.078 2009 2009 D ObexServerSockets: Succeed to create listening sockets
10-12 02:43:13.079 2009 2009 D ObexServerSockets3: startAccept()
10-12 02:43:13.081 2009 2725 D ObexServerSockets3: Accepting socket connection...
10-12 02:43:13.081 2009 2726 D ObexServerSockets3: Accepting socket connection...
10-12 02:43:13.084 1520 2691 E QFP : Dropping unsupported QBT command
10-12 02:43:13.084 2009 2009 D BluetoothSdpJni: sdpCreateOppOpsRecordNative
10-12 02:43:13.084 1520 2691 I QFP : openFramework:QFP TZ VERSION: 3.0.3.39
10-12 02:43:13.084 2009 2009 D BluetoothSdpJni: SDP Create record success - handle: 3
10-12 02:43:13.084 1520 2691 E QFP : releaseWakelock: qbt sensor handle is invalid
10-12 02:43:13.084 2009 2674 W bt_device_profile: profile_feature_fetch:profile 5
10-12 02:43:13.084 1520 2691 E QFP : qfp_init failed -1
10-12 02:43:13.084 1520 2691 E QFP : execute: could not enumerate error -1
10-12 02:43:13.084 1520 2691 I QFP : onError: ERROR: -1
10-12 02:43:13.084 1520 2691 I QFP : onError: Valid Error Code: 2
10-12 02:43:13.084 2009 2674 W bt_device_profile: profile_feature_fetch:opp_0100_support found 0
10-12 02:43:13.084 1520 2691 I QFP : onError: Vendor Error Code: 0
10-12 02:43:13.085 1520 2691 I QFP : ~QtiBiometricsFingerprintCallback:
10-12 02:43:13.085 1520 2691 I QFP : QfpThreadOptimize::invoke: entry.
10-12 02:43:13.085 1520 2691 I QFP : QfpThreadOptimize::invoke: QFP not initialized, exiting Optimize thread
10-12 02:43:13.085 1520 2691 I QFP : QfpThreadErieEvent::invoke: entry.
10-12 02:43:13.085 1520 2691 I QFP : QfpThreadErieEvent::invoke: QFP not initialized, exiting ErieEvent thread
10-12 02:43:13.088 1140 1140 D Fingerprint21: handleError, client: FingerprintInternalCleanupClient, error: 2, vendorCode: 0
10-12 02:43:13.088 1140 1140 E Fingerprint21: onError for non-error consumer: FingerprintInternalCleanupClient
10-12 02:43:13.090 2009 2009 D BtOppService: mOppSdpHandle :3
01-01 08:01:04.132 0 0 D qbt : qbt_release: entry minor_no=0 fd_available=0
01-01 08:01:04.132 0 0 D qbt : qbt_release: Releasing wakelock
01-01 08:01:04.132 0 0 D qbt : qbt_release: exit : fd_available=1
01-01 08:01:04.132 0 0 D qbt : qbt_release: entry minor_no=1 fd_available=1
01-01 08:01:04.132 0 0 D qbt : qbt_release: exit : fd_available=1
10-12 02:43:13.104 1140 1215 D BluetoothHeadset: Proxy object connected
10-12 02:43:13.104 1140 1215 D BluetoothHeadset: Proxy object connected
10-12 02:43:13.105 1140 1140 I AS.BtHelper: In onServiceConnected(), profile: 1, proxy: android.bluetooth.BluetoothHeadset@67fade0
10-12 02:43:13.105 1140 1140 I Telecom : BluetoothDeviceManager: Got BluetoothHeadset: com.android.server.telecom.BluetoothHeadsetProxy@493275e: BMSL.oSC@AAs
10-12 02:43:13.115 1140 1863 I AS.BtHelper: setBtScoActiveDevice: (null) -> (null)
10-12 02:43:13.115 1140 1863 I AS.BtHelper: In checkScoAudioState(), mScoAudioState: 0
01-01 08:01:04.171 0 0 D : mv2112_read_status
01-01 08:01:04.172 0 0 D mv2112_update_link: 3.0x901(1G): 0x80
01-01 08:01:04.172 0 0 D mv2112_update_link: 3.0x8109(100M): 0x0
01-01 08:01:04.172 0 0 D mv2112_update_link: link 0x0
01-01 08:01:04.172 0 0 D mv2112_read_status: autoneg is disabled
10-12 02:43:13.155 2024 2297 D BluetoothHeadset: Proxy object connected
10-12 02:43:13.159 2024 2024 W ConstraintSet: id unknown center_vertical_guideline
10-12 02:43:13.159 2024 2024 W ConstraintSet: id unknown center_horizontal_guideline
10-12 02:43:13.159 2024 2024 W ConstraintSet: id unknown media_action_barrier
10-12 02:43:13.159 2024 2024 W ConstraintSet: id unknown remove_text
10-12 02:43:13.160 2024 2024 W ConstraintSet: id unknown settings
10-12 02:43:13.160 2024 2024 W ConstraintSet: id unknown cancel
10-12 02:43:13.160 2024 2024 W ConstraintSet: id unknown dismiss
10-12 02:43:13.168 825 2664 I vendor.qti.bluetooth@1.0-ibs_handler: ProcessIbsCmd: Received IBS_SLEEP_IND: 0xFE
10-12 02:43:13.174 2697 2697 I android.hardware.camera.provider@2.4-service_64: vendor/qcom/proprietary/adsprpc/src/rpcmem_android.c:159: rpcmem_init_internal: opened ION device fd 7, configured heap IDs: system (0x2000000), contig (0x400000), secure (0x200), secure flags (0x80080000)
10-12 02:43:13.175 2697 2697 I android.hardware.camera.provider@2.4-service_64: vendor/qcom/proprietary/adsprpc/src/fastrpc_apps_user.c:3087: fastrpc_apps_user_init done with default domain:3 and &fastrpc_trace:0x7663386fa0
10-12 02:43:13.177 2024 2024 W ConstraintSet: id unknown center_vertical_guideline
10-12 02:43:13.177 2024 2024 W ConstraintSet: id unknown center_horizontal_guideline
10-12 02:43:13.177 2024 2024 W ConstraintSet: id unknown media_action_barrier
10-12 02:43:13.178 2024 2024 W ConstraintSet: id unknown remove_text
10-12 02:43:13.178 2024 2024 W ConstraintSet: id unknown settings
10-12 02:43:13.178 2024 2024 W ConstraintSet: id unknown cancel
10-12 02:43:13.178 2024 2024 W ConstraintSet: id unknown dismiss
10-12 02:43:13.194 2024 2024 W ConstraintSet: id unknown center_vertical_guideline
10-12 02:43:13.195 2024 2024 W ConstraintSet: id unknown center_horizontal_guideline
10-12 02:43:13.195 2024 2024 W ConstraintSet: id unknown media_action_barrier
10-12 02:43:13.195 2024 2024 W ConstraintSet: id unknown remove_text
10-12 02:43:13.195 2024 2024 W ConstraintSet: id unknown settings
10-12 02:43:13.195 2024 2024 W ConstraintSet: id unknown cancel
10-12 02:43:13.195 2024 2024 W ConstraintSet: id unknown dismiss
10-12 02:43:13.206 2697 2697 I CamX : [CONFIG][HAL ] camxhal3module.cpp:390 HAL3Module() ***************************************************
10-12 02:43:13.206 2697 2697 I CamX : [CONFIG][HAL ] camxhal3module.cpp:391 HAL3Module() SHA1: a4dd00f6f17aafc2d3c6bdc37e12cc39a5810c71
10-12 02:43:13.206 2697 2697 I CamX : [CONFIG][HAL ] camxhal3module.cpp:392 HAL3Module() COMMITID: Ic356193edde683af3fd932e8966e6f6f431c4c25
10-12 02:43:13.206 2697 2697 I CamX : [CONFIG][HAL ] camxhal3module.cpp:393 HAL3Module() BUILD TS: 10/12/2022 3:35:3
10-12 02:43:13.206 2697 2697 I CamX : [CONFIG][HAL ] camxhal3module.cpp:394 HAL3Module() ***************************************************
10-12 02:43:13.208 2024 2024 W ConstraintSet: id unknown center_vertical_guideline
10-12 02:43:13.208 2024 2024 W ConstraintSet: id unknown center_horizontal_guideline
10-12 02:43:13.208 2024 2024 W ConstraintSet: id unknown media_action_barrier
10-12 02:43:13.208 2024 2024 W ConstraintSet: id unknown remove_text
10-12 02:43:13.208 2024 2024 W ConstraintSet: id unknown settings
10-12 02:43:13.208 2024 2024 W ConstraintSet: id unknown cancel
10-12 02:43:13.208 2024 2024 W ConstraintSet: id unknown dismiss
10-12 02:43:13.222 2024 2024 W ConstraintSet: id unknown center_vertical_guideline
10-12 02:43:13.222 2024 2024 W ConstraintSet: id unknown center_horizontal_guideline
10-12 02:43:13.222 2024 2024 W ConstraintSet: id unknown media_action_barrier
10-12 02:43:13.222 2024 2024 W ConstraintSet: id unknown remove_text
10-12 02:43:13.223 2024 2024 W ConstraintSet: id unknown settings
10-12 02:43:13.223 2024 2024 W ConstraintSet: id unknown cancel
10-12 02:43:13.223 2024 2024 W ConstraintSet: id unknown dismiss
10-12 02:43:13.233 2024 2024 W ConstraintSet: id unknown center_vertical_guideline
10-12 02:43:13.233 2024 2024 W ConstraintSet: id unknown center_horizontal_guideline
10-12 02:43:13.233 2024 2024 W ConstraintSet: id unknown media_action_barrier
10-12 02:43:13.233 2024 2024 W ConstraintSet: id unknown remove_text
10-12 02:43:13.233 2024 2024 W ConstraintSet: id unknown settings
10-12 02:43:13.233 2024 2024 W ConstraintSet: id unknown cancel
10-12 02:43:13.233 2024 2024 W ConstraintSet: id unknown dismiss
10-12 02:43:13.245 2024 2024 W ConstraintSet: id unknown center_vertical_guideline
10-12 02:43:13.245 2024 2024 W ConstraintSet: id unknown center_horizontal_guideline
10-12 02:43:13.245 2024 2024 W ConstraintSet: id unknown media_action_barrier
10-12 02:43:13.245 2024 2024 W ConstraintSet: id unknown remove_text
10-12 02:43:13.245 2024 2024 W ConstraintSet: id unknown settings
10-12 02:43:13.245 2024 2024 W ConstraintSet: id unknown cancel
10-12 02:43:13.245 2024 2024 W ConstraintSet: id unknown dismiss
10-12 02:43:13.272 2697 2697 V CamX : [ VERB][CORE ] camxoverridesettingsfile.cpp:385 Initialize() Could not find override settings text file at: /vendor/etc/camera/camxoverridesettings.txt
10-12 02:43:13.272 2697 2697 V CamX : [ VERB][CORE ] camxoverridesettingsfile.cpp:385 Initialize() Could not find override settings text file at: ./camxoverridesettings.txt
10-12 02:43:13.272 2697 2697 V CamX : [ VERB][UTILS ] camxhashmap.cpp:210 GetInPlace() Key not found
10-12 02:43:13.273 2697 2697 V CamX : [ VERB][UTILS ] camxhashmap.cpp:210 GetInPlace() Key not found
10-12 02:43:13.273 2697 2697 V CamX : [ VERB][UTILS ] camxhashmap.cpp:210 GetInPlace() Key not found
10-12 02:43:13.273 2697 2697 V CamX : [ VERB][UTILS ] camxhashmap.cpp:210 GetInPlace() Key not found
10-12 02:43:13.273 2697 2697 V CamX : [ VERB][UTILS ] camxhashmap.cpp:210 GetInPlace() Key not found
10-12 02:43:13.273 2697 2697 V CamX : [ VERB][UTILS ] camxhashmap.cpp:210 GetInPlace() Key not found
10-12 02:43:13.273 2697 2697 V CamX : [ VERB][UTILS ] camxhashmap.cpp:210 GetInPlace() Key not found
10-12 02:43:13.273 2697 2697 V CamX : [ VERB][UTILS ] camxhashmap.cpp:210 GetInPlace() Key not found
10-12 02:43:13.273 2697 2697 V CamX : [ VERB][UTILS ] camxhashmap.cpp:210 GetInPlace() Key not found
10-12 02:43:13.273 2697 2697 V CamX : [ VERB][UTILS ] camxhashmap.cpp:210 GetInPlace() Key not found
10-12 02:43:13.273 2697 2697 V CamX : [ VERB][UTILS ] camxhashmap.cpp:210 GetInPlace() Key not found
10-12 02:43:13.273 2697 2697 V CamX : [ VERB][UTILS ] camxhashmap.cpp:210 GetInPlace() Key not found
10-12 02:43:13.273 2697 2697 V CamX : [ VERB][UTILS ] camxhashmap.cpp:210 GetInPlace() Key not found
10-12 02:43:13.274 2697 2697 V CamX : [ VERB][UTILS ] camxhashmap.cpp:210 GetInPlace() Key not found
10-12 02:43:13.274 2697 2697 V CamX : [ VERB][UTILS ] camxhashmap.cpp:210 GetInPlace() Key not found
10-12 02:43:13.274 2697 2697 V CamX : [ VERB][UTILS ] camxhashmap.cpp:210 GetInPlace() Key not found
10-12 02:43:13.274 2697 2697 V CamX : [ VERB][UTILS ] camxhashmap.cpp:210 GetInPlace() Key not found
10-12 02:43:13.274 2697 2697 V CamX : [ VERB][UTILS ] camxhashmap.cpp:210 GetInPlace() Key not found
10-12 02:43:13.274 2697 2697 V CamX : [ VERB][UTILS ] camxhashmap.cpp:210 GetInPlace() Key not found
10-12 02:43:13.274 2697 2697 V CamX : [ VERB][UTILS ] camxhashmap.cpp:210 GetInPlace() Key not found
10-12 02:43:13.274 2697 2697 V CamX : [ VERB][UTILS ] camxhashmap.cpp:210 GetInPlace() Key not found
10-12 02:43:13.274 2697 2697 V CamX : [ VERB][UTILS ] camxhashmap.cpp:210 GetInPlace() Key not found
10-12 02:43:13.274 2697 2697 V CamX : [ VERB][UTILS ] camxhashmap.cpp:210 GetInPlace() Key not found
10-12 02:43:13.274 2697 2697 V CamX : [ VERB][UTILS ] camxhashmap.cpp:210 GetInPlace() Key not found
10-12 02:43:13.274 2697 2697 V CamX : [ VERB][UTILS ] camxhashmap.cpp:210 GetInPlace() Key not found
10-12 02:43:13.274 2697 2697 V CamX : [ VERB][UTILS ] camxhashmap.cpp:210 GetInPlace() Key not found
10-12 02:43:13.274 2697 2697 V CamX : [ VERB][UTILS ] camxhashmap.cpp:210 GetInPlace() Key not found
10-12 02:43:13.274 2697 2697 V CamX : [ VERB][UTILS ] camxhashmap.cpp:210 GetInPlace() Key not found
10-12 02:43:13.274 2697 2697 V CamX : [ VERB][UTILS ] camxhashmap.cpp:210 GetInPlace() Key not found
10-12 02:43:13.274 2697 2697 V CamX : [ VERB][UTILS ] camxhashmap.cpp:210 GetInPlace() Key not found
10-12 02:43:13.274 2697 2697 V CamX : [ VERB][UTILS ] camxhashmap.cpp:210 GetInPlace() Key not found
10-12 02:43:13.274 2697 2697 V CamX : [ VERB][UTILS ] camxhashmap.cpp:210 GetInPlace() Key not found
10-12 02:43:13.275 2697 2697 V CamX : [ VERB][UTILS ] camxhashmap.cpp:210 GetInPlace() Key not found
10-12 02:43:13.275 2697 2697 V CamX : [ VERB][UTILS ] camxhashmap.cpp:210 GetInPlace() Key not found
10-12 02:43:13.275 2697 2697 V CamX : [ VERB][UTILS ] camxhashmap.cpp:210 GetInPlace() Key not found
10-12 02:43:13.275 2697 2697 V CamX : [ VERB][UTILS ] camxhashmap.cpp:210 GetInPlace() Key not found
10-12 02:43:13.275 2697 2697 V CamX : [ VERB][UTILS ] camxhashmap.cpp:210 GetInPlace() Key not found
10-12 02:43:13.275 2697 2697 V CamX : [ VERB][UTILS ] camxhashmap.cpp:210 GetInPlace() Key not found
10-12 02:43:13.275 2697 2697 V CamX : [ VERB][UTILS ] camxhashmap.cpp:210 GetInPlace() Key not found
10-12 02:43:13.275 2697 2697 V CamX : [ VERB][UTILS ] camxhashmap.cpp:210 GetInPlace() Key not found
10-12 02:43:13.275 2697 2697 V CamX : [ VERB][UTILS ] camxhashmap.cpp:210 GetInPlace() Key not found
10-12 02:43:13.275 2697 2697 V CamX : [ VERB][UTILS ] camxhashmap.cpp:210 GetInPlace() Key not found
10-12 02:43:13.275 2697 2697 V CamX : [ VERB][UTILS ] camxhashmap.cpp:210 GetInPlace() Key not found
10-12 02:43:13.275 2697 2697 V CamX : [ VERB][UTILS ] camxhashmap.cpp:210 GetInPlace() Key not found
10-12 02:43:13.275 2697 2697 V CamX : [ VERB][UTILS ] camxhashmap.cpp:210 GetInPlace() Key not found
10-12 02:43:13.275 2697 2697 V CamX : [ VERB][UTILS ] camxhashmap.cpp:210 GetInPlace() Key not found
10-12 02:43:13.275 2697 2697 V CamX : [ VERB][UTILS ] camxhashmap.cpp:210 GetInPlace() Key not found
10-12 02:43:13.276 2697 2697 V CamX : [ VERB][UTILS ] camxhashmap.cpp:210 GetInPlace() Key not found
10-12 02:43:13.276 2697 2697 V CamX : [ VERB][UTILS ] camxhashmap.cpp:210 GetInPlace() Key not found
10-12 02:43:13.276 2697 2697 V CamX : [ VERB][UTILS ] camxhashmap.cpp:210 GetInPlace() Key not found
10-12 02:43:13.276 2697 2697 V CamX : [ VERB][UTILS ] camxhashmap.cpp:210 GetInPlace() Key not found
10-12 02:43:13.276 2697 2697 V CamX : [ VERB][UTILS ] camxhashmap.cpp:210 GetInPlace() Key not found
10-12 02:43:13.276 2697 2697 V CamX : [ VERB][UTILS ] camxhashmap.cpp:210 GetInPlace() Key not found
10-12 02:43:13.276 2697 2697 V CamX : [ VERB][UTILS ] camxhashmap.cpp:210 GetInPlace() Key not found
10-12 02:43:13.276 2697 2697 V CamX : [ VERB][UTILS ] camxhashmap.cpp:210 GetInPlace() Key not found
10-12 02:43:13.277 2697 2697 V CamX : [ VERB][UTILS ] camxhashmap.cpp:210 GetInPlace() Key not found
10-12 02:43:13.277 2697 2697 V CamX : [ VERB][UTILS ] camxhashmap.cpp:210 GetInPlace() Key not found
10-12 02:43:13.277 2697 2697 V CamX : [ VERB][UTILS ] camxhashmap.cpp:210 GetInPlace() Key not found
10-12 02:43:13.277 2697 2697 V CamX : [ VERB][UTILS ] camxhashmap.cpp:210 GetInPlace() Key not found
10-12 02:43:13.277 2697 2697 V CamX : [ VERB][UTILS ] camxhashmap.cpp:210 GetInPlace() Key not found
10-12 02:43:13.277 2697 2697 V CamX : [ VERB][UTILS ] camxhashmap.cpp:210 GetInPlace() Key not found
10-12 02:43:13.277 2697 2697 V CamX : [ VERB][UTILS ] camxhashmap.cpp:210 GetInPlace() Key not found
10-12 02:43:13.277 2697 2697 V CamX : [ VERB][UTILS ] camxhashmap.cpp:210 GetInPlace() Key not found
10-12 02:43:13.277 2697 2697 V CamX : [ VERB][UTILS ] camxhashmap.cpp:210 GetInPlace() Key not found
10-12 02:43:13.277 2697 2697 V CamX : [ VERB][UTILS ] camxhashmap.cpp:210 GetInPlace() Key not found
10-12 02:43:13.277 2697 2697 V CamX : [ VERB][UTILS ] camxhashmap.cpp:210 GetInPlace() Key not found
10-12 02:43:13.277 2697 2697 V CamX : [ VERB][UTILS ] camxhashmap.cpp:210 GetInPlace() Key not found
10-12 02:43:13.277 2697 2697 V CamX : [ VERB][UTILS ] camxhashmap.cpp:210 GetInPlace() Key not found
10-12 02:43:13.277 2697 2697 V CamX : [ VERB][UTILS ] camxhashmap.cpp:210 GetInPlace() Key not found
10-12 02:43:13.277 2697 2697 V CamX : [ VERB][UTILS ] camxhashmap.cpp:210 GetInPlace() Key not found
10-12 02:43:13.278 2697 2697 V CamX : [ VERB][UTILS ] camxhashmap.cpp:210 GetInPlace() Key not found
10-12 02:43:13.278 2697 2697 V CamX : [ VERB][UTILS ] camxhashmap.cpp:210 GetInPlace() Key not found
10-12 02:43:13.278 2697 2697 V CamX : [ VERB][UTILS ] camxhashmap.cpp:210 GetInPlace() Key not found
10-12 02:43:13.278 2697 2697 V CamX : [ VERB][UTILS ] camxhashmap.cpp:210 GetInPlace() Key not found
10-12 02:43:13.278 2697 2697 V CamX : [ VERB][UTILS ] camxhashmap.cpp:210 GetInPlace() Key not found
10-12 02:43:13.278 2697 2697 V CamX : [ VERB][UTILS ] camxhashmap.cpp:210 GetInPlace() Key not found
10-12 02:43:13.278 2697 2697 V CamX : [ VERB][UTILS ] camxhashmap.cpp:210 GetInPlace() Key not found
10-12 02:43:13.278 2697 2697 V CamX : [ VERB][UTILS ] camxhashmap.cpp:210 GetInPlace() Key not found
10-12 02:43:13.278 2697 2697 V CamX : [ VERB][UTILS ] camxhashmap.cpp:210 GetInPlace() Key not found
10-12 02:43:13.278 2697 2697 V CamX : [ VERB][UTILS ] camxhashmap.cpp:210 GetInPlace() Key not found
10-12 02:43:13.278 2697 2697 V CamX : [ VERB][UTILS ] camxhashmap.cpp:210 GetInPlace() Key not found
10-12 02:43:13.278 2697 2697 V CamX : [ VERB][UTILS ] camxhashmap.cpp:210 GetInPlace() Key not found
10-12 02:43:13.278 2697 2697 V CamX : [ VERB][UTILS ] camxhashmap.cpp:210 GetInPlace() Key not found
10-12 02:43:13.278 2697 2697 V CamX : [ VERB][UTILS ] camxhashmap.cpp:210 GetInPlace() Key not found
10-12 02:43:13.278 2697 2697 V CamX : [ VERB][UTILS ] camxhashmap.cpp:210 GetInPlace() Key not found
10-12 02:43:13.278 2697 2697 V CamX : [ VERB][UTILS ] camxhashmap.cpp:210 GetInPlace() Key not found
10-12 02:43:13.278 2697 2697 V CamX : [ VERB][UTILS ] camxhashmap.cpp:210 GetInPlace() Key not found
10-12 02:43:13.278 2697 2697 V CamX : [ VERB][UTILS ] camxhashmap.cpp:210 GetInPlace() Key not found
10-12 02:43:13.279 2697 2697 V CamX : [ VERB][UTILS ] camxhashmap.cpp:210 GetInPlace() Key not found
10-12 02:43:13.279 2697 2697 V CamX : [ VERB][UTILS ] camxhashmap.cpp:210 GetInPlace() Key not found
10-12 02:43:13.279 2697 2697 V CamX : [ VERB][UTILS ] camxhashmap.cpp:210 GetInPlace() Key not found
10-12 02:43:13.279 2697 2697 V CamX : [ VERB][UTILS ] camxhashmap.cpp:210 GetInPlace() Key not found
10-12 02:43:13.279 2697 2697 V CamX : [ VERB][UTILS ] camxhashmap.cpp:210 GetInPlace() Key not found
10-12 02:43:13.279 2697 2697 V CamX : [ VERB][UTILS ] camxhashmap.cpp:210 GetInPlace() Key not found
10-12 02:43:13.279 2697 2697 V CamX : [ VERB][UTILS ] camxhashmap.cpp:210 GetInPlace() Key not found
10-12 02:43:13.279 2697 2697 V CamX : [ VERB][UTILS ] camxhashmap.cpp:210 GetInPlace() Key not found
10-12 02:43:13.279 2697 2697 V CamX : [ VERB][UTILS ] camxhashmap.cpp:210 GetInPlace() Key not found
10-12 02:43:13.279 2697 2697 V CamX : [ VERB][UTILS ] camxhashmap.cpp:210 GetInPlace() Key not found
10-12 02:43:13.279 2697 2697 V CamX : [ VERB][UTILS ] camxhashmap.cpp:210 GetInPlace() Key not found
10-12 02:43:13.279 2697 2697 V CamX : [ VERB][UTILS ] camxhashmap.cpp:210 GetInPlace() Key not found
10-12 02:43:13.279 2697 2697 V CamX : [ VERB][UTILS ] camxhashmap.cpp:210 GetInPlace() Key not found
10-12 02:43:13.279 2697 2697 V CamX : [ VERB][UTILS ] camxhashmap.cpp:210 GetInPlace() Key not found
10-12 02:43:13.279 2697 2697 V CamX : [ VERB][UTILS ] camxhashmap.cpp:210 GetInPlace() Key not found
10-12 02:43:13.279 2697 2697 V CamX : [ VERB][UTILS ] camxhashmap.cpp:210 GetInPlace() Key not found
10-12 02:43:13.279 2697 2697 V CamX : [ VERB][UTILS ] camxhashmap.cpp:210 GetInPlace() Key not found
10-12 02:43:13.280 2697 2697 V CamX : [ VERB][UTILS ] camxhashmap.cpp:210 GetInPlace() Key not found
10-12 02:43:13.280 2697 2697 V CamX : [ VERB][UTILS ] camxhashmap.cpp:210 GetInPlace() Key not found
10-12 02:43:13.280 2697 2697 V CamX : [ VERB][UTILS ] camxhashmap.cpp:210 GetInPlace() Key not found
10-12 02:43:13.280 2697 2697 V CamX : [ VERB][UTILS ] camxhashmap.cpp:210 GetInPlace() Key not found
10-12 02:43:13.280 2697 2697 V CamX : [ VERB][UTILS ] camxhashmap.cpp:210 GetInPlace() Key not found
10-12 02:43:13.280 2697 2697 V CamX : [ VERB][UTILS ] camxhashmap.cpp:210 GetInPlace() Key not found
10-12 02:43:13.280 2697 2697 V CamX : [ VERB][UTILS ] camxhashmap.cpp:210 GetInPlace() Key not found
10-12 02:43:13.280 2697 2697 V CamX : [ VERB][UTILS ] camxhashmap.cpp:210 GetInPlace() Key not found
10-12 02:43:13.280 2697 2697 V CamX : [ VERB][UTILS ] camxhashmap.cpp:210 GetInPlace() Key not found
10-12 02:43:13.280 2697 2697 V CamX : [ VERB][UTILS ] camxhashmap.cpp:210 GetInPlace() Key not found
10-12 02:43:13.280 2697 2697 V CamX : [ VERB][UTILS ] camxhashmap.cpp:210 GetInPlace() Key not found
10-12 02:43:13.280 2697 2697 V CamX : [ VERB][UTILS ] camxhashmap.cpp:210 GetInPlace() Key not found
10-12 02:43:13.280 2697 2697 V CamX : [ VERB][UTILS ] camxhashmap.cpp:210 GetInPlace() Key not found
10-12 02:43:13.280 2697 2697 V CamX : [ VERB][UTILS ] camxhashmap.cpp:210 GetInPlace() Key not found
10-12 02:43:13.280 2697 2697 V CamX : [ VERB][UTILS ] camxhashmap.cpp:210 GetInPlace() Key not found
10-12 02:43:13.280 2697 2697 V CamX : [ VERB][UTILS ] camxhashmap.cpp:210 GetInPlace() Key not found
10-12 02:43:13.280 2697 2697 V CamX : [ VERB][UTILS ] camxhashmap.cpp:210 GetInPlace() Key not found
10-12 02:43:13.281 2697 2697 V CamX : [ VERB][UTILS ] camxhashmap.cpp:210 GetInPlace() Key not found
10-12 02:43:13.281 2697 2697 V CamX : [ VERB][UTILS ] camxhashmap.cpp:210 GetInPlace() Key not found
10-12 02:43:13.281 2697 2697 V CamX : [ VERB][UTILS ] camxhashmap.cpp:210 GetInPlace() Key not found
10-12 02:43:13.281 2697 2697 V CamX : [ VERB][UTILS ] camxhashmap.cpp:210 GetInPlace() Key not found
10-12 02:43:13.281 2697 2697 V CamX : [ VERB][UTILS ] camxhashmap.cpp:210 GetInPlace() Key not found
10-12 02:43:13.281 2697 2697 V CamX : [ VERB][UTILS ] camxhashmap.cpp:210 GetInPlace() Key not found
10-12 02:43:13.281 2697 2697 V CamX : [ VERB][UTILS ] camxhashmap.cpp:210 GetInPlace() Key not found
10-12 02:43:13.281 2697 2697 V CamX : [ VERB][UTILS ] camxhashmap.cpp:210 GetInPlace() Key not found
10-12 02:43:13.281 2697 2697 V CamX : [ VERB][UTILS ] camxhashmap.cpp:210 GetInPlace() Key not found
10-12 02:43:13.281 2697 2697 V CamX : [ VERB][UTILS ] camxhashmap.cpp:210 GetInPlace() Key not found
10-12 02:43:13.281 2697 2697 V CamX : [ VERB][UTILS ] camxhashmap.cpp:210 GetInPlace() Key not found
10-12 02:43:13.281 2697 2697 V CamX : [ VERB][UTILS ] camxhashmap.cpp:210 GetInPlace() Key not found
10-12 02:43:13.281 2697 2697 V CamX : [ VERB][UTILS ] camxhashmap.cpp:210 GetInPlace() Key not found
10-12 02:43:13.281 2697 2697 V CamX : [ VERB][UTILS ] camxhashmap.cpp:210 GetInPlace() Key not found
10-12 02:43:13.281 2697 2697 V CamX : [ VERB][UTILS ] camxhashmap.cpp:210 GetInPlace() Key not found
10-12 02:43:13.281 2697 2697 V CamX : [ VERB][UTILS ] camxhashmap.cpp:210 GetInPlace() Key not found
10-12 02:43:13.281 2697 2697 V CamX : [ VERB][UTILS ] camxhashmap.cpp:210 GetInPlace() Key not found
10-12 02:43:13.282 2697 2697 V CamX : [ VERB][UTILS ] camxhashmap.cpp:210 GetInPlace() Key not found
10-12 02:43:13.282 2697 2697 V CamX : [ VERB][UTILS ] camxhashmap.cpp:210 GetInPlace() Key not found
10-12 02:43:13.282 2697 2697 V CamX : [ VERB][UTILS ] camxhashmap.cpp:210 GetInPlace() Key not found
10-12 02:43:13.282 2697 2697 V CamX : [ VERB][UTILS ] camxhashmap.cpp:210 GetInPlace() Key not found
10-12 02:43:13.282 2697 2697 V CamX : [ VERB][UTILS ] camxhashmap.cpp:210 GetInPlace() Key not found
10-12 02:43:13.282 2697 2697 V CamX : [ VERB][UTILS ] camxhashmap.cpp:210 GetInPlace() Key not found
10-12 02:43:13.282 2697 2697 V CamX : [ VERB][UTILS ] camxhashmap.cpp:210 GetInPlace() Key not found
10-12 02:43:13.282 2697 2697 V CamX : [ VERB][UTILS ] camxhashmap.cpp:210 GetInPlace() Key not found
10-12 02:43:13.282 2697 2697 V CamX : [ VERB][UTILS ] camxhashmap.cpp:210 GetInPlace() Key not found
10-12 02:43:13.282 2697 2697 V CamX : [ VERB][UTILS ] camxhashmap.cpp:210 GetInPlace() Key not found
10-12 02:43:13.282 2697 2697 V CamX : [ VERB][UTILS ] camxhashmap.cpp:210 GetInPlace() Key not found
10-12 02:43:13.282 2697 2697 V CamX : [ VERB][UTILS ] camxhashmap.cpp:210 GetInPlace() Key not found
10-12 02:43:13.282 2697 2697 V CamX : [ VERB][UTILS ] camxhashmap.cpp:210 GetInPlace() Key not found
10-12 02:43:13.282 2697 2697 V CamX : [ VERB][UTILS ] camxhashmap.cpp:210 GetInPlace() Key not found
10-12 02:43:13.282 2697 2697 V CamX : [ VERB][UTILS ] camxhashmap.cpp:210 GetInPlace() Key not found
10-12 02:43:13.282 2697 2697 V CamX : [ VERB][UTILS ] camxhashmap.cpp:210 GetInPlace() Key not found
10-12 02:43:13.282 2697 2697 V CamX : [ VERB][UTILS ] camxhashmap.cpp:210 GetInPlace() Key not found
10-12 02:43:13.283 2697 2697 V CamX : [ VERB][UTILS ] camxhashmap.cpp:210 GetInPlace() Key not found
10-12 02:43:13.283 2697 2697 V CamX : [ VERB][UTILS ] camxhashmap.cpp:210 GetInPlace() Key not found
10-12 02:43:13.283 2697 2697 V CamX : [ VERB][UTILS ] camxhashmap.cpp:210 GetInPlace() Key not found
10-12 02:43:13.283 2697 2697 V CamX : [ VERB][UTILS ] camxhashmap.cpp:210 GetInPlace() Key not found
10-12 02:43:13.283 2697 2697 V CamX : [ VERB][UTILS ] camxhashmap.cpp:210 GetInPlace() Key not found
10-12 02:43:13.283 2697 2697 V CamX : [ VERB][UTILS ] camxhashmap.cpp:210 GetInPlace() Key not found
10-12 02:43:13.283 2697 2697 V CamX : [ VERB][UTILS ] camxhashmap.cpp:210 GetInPlace() Key not found
10-12 02:43:13.283 2697 2697 V CamX : [ VERB][UTILS ] camxhashmap.cpp:210 GetInPlace() Key not found
10-12 02:43:13.283 2697 2697 V CamX : [ VERB][UTILS ] camxhashmap.cpp:210 GetInPlace() Key not found
10-12 02:43:13.283 2697 2697 V CamX : [ VERB][UTILS ] camxhashmap.cpp:210 GetInPlace() Key not found
10-12 02:43:13.283 2697 2697 V CamX : [ VERB][UTILS ] camxhashmap.cpp:210 GetInPlace() Key not found
10-12 02:43:13.283 2697 2697 V CamX : [ VERB][UTILS ] camxhashmap.cpp:210 GetInPlace() Key not found
10-12 02:43:13.283 2697 2697 V CamX : [ VERB][UTILS ] camxhashmap.cpp:210 GetInPlace() Key not found
10-12 02:43:13.283 2697 2697 V CamX : [ VERB][UTILS ] camxhashmap.cpp:210 GetInPlace() Key not found
10-12 02:43:13.283 2697 2697 V CamX : [ VERB][UTILS ] camxhashmap.cpp:210 GetInPlace() Key not found
10-12 02:43:13.283 2697 2697 V CamX : [ VERB][UTILS ] camxhashmap.cpp:210 GetInPlace() Key not found
10-12 02:43:13.283 2697 2697 V CamX : [ VERB][UTILS ] camxhashmap.cpp:210 GetInPlace() Key not found
10-12 02:43:13.284 2697 2697 V CamX : [ VERB][UTILS ] camxhashmap.cpp:210 GetInPlace() Key not found
10-12 02:43:13.284 2697 2697 V CamX : [ VERB][UTILS ] camxhashmap.cpp:210 GetInPlace() Key not found
10-12 02:43:13.284 2697 2697 V CamX : [ VERB][UTILS ] camxhashmap.cpp:210 GetInPlace() Key not found
10-12 02:43:13.284 2697 2697 V CamX : [ VERB][UTILS ] camxhashmap.cpp:210 GetInPlace() Key not found
10-12 02:43:13.284 2697 2697 V CamX : [ VERB][UTILS ] camxhashmap.cpp:210 GetInPlace() Key not found
10-12 02:43:13.284 2697 2697 V CamX : [ VERB][UTILS ] camxhashmap.cpp:210 GetInPlace() Key not found
10-12 02:43:13.284 2697 2697 V CamX : [ VERB][UTILS ] camxhashmap.cpp:210 GetInPlace() Key not found
10-12 02:43:13.284 2697 2697 V CamX : [ VERB][UTILS ] camxhashmap.cpp:210 GetInPlace() Key not found
10-12 02:43:13.284 2697 2697 V CamX : [ VERB][UTILS ] camxhashmap.cpp:210 GetInPlace() Key not found
10-12 02:43:13.284 2697 2697 V CamX : [ VERB][UTILS ] camxhashmap.cpp:210 GetInPlace() Key not found
10-12 02:43:13.284 2697 2697 V CamX : [ VERB][UTILS ] camxhashmap.cpp:210 GetInPlace() Key not found
10-12 02:43:13.284 2697 2697 V CamX : [ VERB][UTILS ] camxhashmap.cpp:210 GetInPlace() Key not found
10-12 02:43:13.284 2697 2697 V CamX : [ VERB][UTILS ] camxhashmap.cpp:210 GetInPlace() Key not found
10-12 02:43:13.284 2697 2697 V CamX : [ VERB][UTILS ] camxhashmap.cpp:210 GetInPlace() Key not found
10-12 02:43:13.284 2697 2697 V CamX : [ VERB][UTILS ] camxhashmap.cpp:210 GetInPlace() Key not found
10-12 02:43:13.284 2697 2697 V CamX : [ VERB][UTILS ] camxhashmap.cpp:210 GetInPlace() Key not found
10-12 02:43:13.285 2697 2697 V CamX : [ VERB][UTILS ] camxhashmap.cpp:210 GetInPlace() Key not found
10-12 02:43:13.285 2697 2697 V CamX : [ VERB][UTILS ] camxhashmap.cpp:210 GetInPlace() Key not found
10-12 02:43:13.285 2697 2697 V CamX : [ VERB][UTILS ] camxhashmap.cpp:210 GetInPlace() Key not found
10-12 02:43:13.285 2697 2697 V CamX : [ VERB][UTILS ] camxhashmap.cpp:210 GetInPlace() Key not found
10-12 02:43:13.285 2697 2697 V CamX : [ VERB][UTILS ] camxhashmap.cpp:210 GetInPlace() Key not found
10-12 02:43:13.285 2697 2697 V CamX : [ VERB][UTILS ] camxhashmap.cpp:210 GetInPlace() Key not found
10-12 02:43:13.285 2697 2697 V CamX : [ VERB][UTILS ] camxhashmap.cpp:210 GetInPlace() Key not found
10-12 02:43:13.285 2697 2697 V CamX : [ VERB][UTILS ] camxhashmap.cpp:210 GetInPlace() Key not found
10-12 02:43:13.285 2697 2697 V CamX : [ VERB][UTILS ] camxhashmap.cpp:210 GetInPlace() Key not found
10-12 02:43:13.285 2697 2697 V CamX : [ VERB][UTILS ] camxhashmap.cpp:210 GetInPlace() Key not found
10-12 02:43:13.285 2697 2697 V CamX : [ VERB][UTILS ] camxhashmap.cpp:210 GetInPlace() Key not found
10-12 02:43:13.285 2697 2697 V CamX : [ VERB][UTILS ] camxhashmap.cpp:210 GetInPlace() Key not found
10-12 02:43:13.285 2697 2697 V CamX : [ VERB][UTILS ] camxhashmap.cpp:210 GetInPlace() Key not found
10-12 02:43:13.285 2697 2697 V CamX : [ VERB][UTILS ] camxhashmap.cpp:210 GetInPlace() Key not found
10-12 02:43:13.285 2697 2697 V CamX : [ VERB][UTILS ] camxhashmap.cpp:210 GetInPlace() Key not found
10-12 02:43:13.285 2697 2697 V CamX : [ VERB][UTILS ] camxhashmap.cpp:210 GetInPlace() Key not found
10-12 02:43:13.285 2697 2697 V CamX : [ VERB][UTILS ] camxhashmap.cpp:210 GetInPlace() Key not found
10-12 02:43:13.285 2697 2697 V CamX : [ VERB][UTILS ] camxhashmap.cpp:210 GetInPlace() Key not found
10-12 02:43:13.285 2697 2697 V CamX : [ VERB][UTILS ] camxhashmap.cpp:210 GetInPlace() Key not found
10-12 02:43:13.286 2697 2697 V CamX : [ VERB][UTILS ] camxhashmap.cpp:210 GetInPlace() Key not found
10-12 02:43:13.286 2697 2697 V CamX : [ VERB][UTILS ] camxhashmap.cpp:210 GetInPlace() Key not found
10-12 02:43:13.286 2697 2697 V CamX : [ VERB][UTILS ] camxhashmap.cpp:210 GetInPlace() Key not found
10-12 02:43:13.286 2697 2697 V CamX : [ VERB][UTILS ] camxhashmap.cpp:210 GetInPlace() Key not found
10-12 02:43:13.286 2697 2697 V CamX : [ VERB][UTILS ] camxhashmap.cpp:210 GetInPlace() Key not found
10-12 02:43:13.286 2697 2697 V CamX : [ VERB][UTILS ] camxhashmap.cpp:210 GetInPlace() Key not found
10-12 02:43:13.286 2697 2697 V CamX : [ VERB][UTILS ] camxhashmap.cpp:210 GetInPlace() Key not found
10-12 02:43:13.286 2697 2697 V CamX : [ VERB][UTILS ] camxhashmap.cpp:210 GetInPlace() Key not found
10-12 02:43:13.286 2697 2697 V CamX : [ VERB][UTILS ] camxhashmap.cpp:210 GetInPlace() Key not found
10-12 02:43:13.286 2697 2697 V CamX : [ VERB][UTILS ] camxhashmap.cpp:210 GetInPlace() Key not found
10-12 02:43:13.286 2697 2697 V CamX : [ VERB][UTILS ] camxhashmap.cpp:210 GetInPlace() Key not found
10-12 02:43:13.286 2697 2697 V CamX : [ VERB][UTILS ] camxhashmap.cpp:210 GetInPlace() Key not found
10-12 02:43:13.286 2697 2697 V CamX : [ VERB][UTILS ] camxhashmap.cpp:210 GetInPlace() Key not found
10-12 02:43:13.286 2697 2697 V CamX : [ VERB][UTILS ] camxhashmap.cpp:210 GetInPlace() Key not found
10-12 02:43:13.286 2697 2697 V CamX : [ VERB][UTILS ] camxhashmap.cpp:210 GetInPlace() Key not found
10-12 02:43:13.286 2697 2697 V CamX : [ VERB][UTILS ] camxhashmap.cpp:210 GetInPlace() Key not found
10-12 02:43:13.286 2697 2697 V CamX : [ VERB][UTILS ] camxhashmap.cpp:210 GetInPlace() Key not found
10-12 02:43:13.286 2697 2697 V CamX : [ VERB][UTILS ] camxhashmap.cpp:210 GetInPlace() Key not found
10-12 02:43:13.287 2697 2697 V CamX : [ VERB][UTILS ] camxhashmap.cpp:210 GetInPlace() Key not found
10-12 02:43:13.287 2697 2697 V CamX : [ VERB][UTILS ] camxhashmap.cpp:210 GetInPlace() Key not found
10-12 02:43:13.287 2697 2697 V CamX : [ VERB][UTILS ] camxhashmap.cpp:210 GetInPlace() Key not found
10-12 02:43:13.287 2697 2697 V CamX : [ VERB][UTILS ] camxhashmap.cpp:210 GetInPlace() Key not found
10-12 02:43:13.287 2697 2697 V CamX : [ VERB][UTILS ] camxhashmap.cpp:210 GetInPlace() Key not found
10-12 02:43:13.287 2697 2697 V CamX : [ VERB][UTILS ] camxhashmap.cpp:210 GetInPlace() Key not found
10-12 02:43:13.287 2697 2697 V CamX : [ VERB][UTILS ] camxhashmap.cpp:210 GetInPlace() Key not found
10-12 02:43:13.287 2697 2697 V CamX : [ VERB][UTILS ] camxhashmap.cpp:210 GetInPlace() Key not found
