01-01 08:00:59.143 0 0 I : ion_system_secure_heap_prefetch_work+0x94/0x2c0
01-01 08:00:59.143 0 0 I : process_one_work+0x38c/0x660
01-01 08:00:59.143 0 0 I : worker_thread+0x268/0x4b8
01-01 08:00:59.143 0 0 I : kthread+0x140/0x150
01-01 08:00:59.143 0 0 I : ret_from_fork+0x10/0x1c
01-01 08:00:59.145 0 0 E : INFO: trying to register non-static key.
10-12 02:43:08.102 1140 1140 I configuration_changed: 268435456
10-12 02:43:08.103 1140 1140 I ActivityTaskManager: Config changes=10000000 {1.0 ?mcc?mnc [zh_CN] ldltr sw680dp w1586dp h608dp 240dpi lrg long land -touch -keyb/v/h -nav/h winConfig={ mBounds=Rect(0, 0 - 2380, 1020) mAppBounds=Rect(0, 0 - 2380, 948) mMaxBounds=Rect(0, 0 - 2380, 1020) mWindowingMode=fullscreen mDisplayWindowingMode=fullscreen mActivityType=undefined mAlwaysOnTop=undefined mRotation=ROTATION_0} s.6 fontWeightAdjustment=0}
10-12 02:43:08.103 1140 1140 I WindowManager: Override config changes=10000000 {1.0 ?mcc?mnc [zh_CN] ldltr sw680dp w1586dp h608dp 240dpi lrg long land -touch -keyb/v/h -nav/h winConfig={ mBounds=Rect(0, 0 - 2380, 1020) mAppBounds=Rect(0, 0 - 2380, 948) mMaxBounds=Rect(0, 0 - 2380, 1020) mWindowingMode=fullscreen mDisplayWindowingMode=fullscreen mActivityType=undefined mAlwaysOnTop=undefined mRotation=ROTATION_0} s.6 fontWeightAdjustment=0} for displayId=0
01-01 08:00:59.150 0 0 E : the code is fine but needs lockdep annotation.
01-01 08:00:59.156 0 0 I : CPU: 6 PID: 1596 Comm: kworker/u16:18 Tainted: G S W O 4.19.157+ #1
01-01 08:00:59.156 0 0 I Hardware name: Qualcomm Technologies, Inc. kona MTP-RmPM8150b. VX1(MCE) EVT2 (DT)
01-01 08:00:59.156 0 0 I Workqueue: events_unbound ion_system_secure_heap_prefetch_work
01-01 08:00:59.156 0 0 I Call trace:
01-01 08:00:59.156 0 0 I : dump_backtrace+0x0/0x258
01-01 08:00:59.156 0 0 I : show_stack+0x20/0x30
01-01 08:00:59.156 0 0 I : dump_stack+0xd8/0x12c
01-01 08:00:59.156 0 0 I : register_lock_class+0x4d0/0x5c8
01-01 08:00:59.156 0 0 I : __lock_acquire+0xbc/0x1e58
01-01 08:00:59.156 0 0 I : lock_acquire+0x1cc/0x218
01-01 08:00:59.156 0 0 I : _raw_spin_lock_irqsave+0x54/0x98
01-01 08:00:59.156 0 0 I : ion_system_secure_heap_prefetch_work+0x94/0x2c0
01-01 08:00:59.156 0 0 I : process_one_work+0x38c/0x660
01-01 08:00:59.156 0 0 I : worker_thread+0x268/0x4b8
01-01 08:00:59.156 0 0 I : kthread+0x140/0x150
01-01 08:00:59.156 0 0 I : ret_from_fork+0x10/0x1c
10-12 02:43:08.104 1330 1873 I SoftMPEG4Encoder: Construct SoftMPEG4Encoder
10-12 02:43:08.110 1295 1800 W OMXUtils: do not know color format 0x7f000789 = 2130708361
10-12 02:43:08.110 1330 1973 E OMXNodeInstance: getConfig(0xea0401d0:google.h263.encoder, ConfigAndroidIntraRefresh(0x6f60000a)) ERROR: Undefined(0x80001001)
10-12 02:43:08.110 1140 1140 D SystemServerTiming: retrieveSettings took to complete: 12ms
10-12 02:43:08.110 1330 1355 E OMXNodeInstance: getParameter(0xea0401d0:google.h263.encoder, ParamVideoIntraRefresh(0x6000006)) ERROR: UnsupportedIndex(0x8000101a)
10-12 02:43:08.110 1140 1140 I SystemServerTiming: Ugm.onSystemReady
10-12 02:43:08.110 1295 1800 D MediaCodecInfo: detail feature-frame-parsing wasn't present to remove
10-12 02:43:08.111 1140 1140 D SystemServerTiming: Ugm.onSystemReady took to complete: 0ms
10-12 02:43:08.111 1140 1140 I SystemServerTiming: updateForceBackgroundCheck
10-12 02:43:08.111 1140 1140 D SystemServerTiming: updateForceBackgroundCheck took to complete: 0ms
10-12 02:43:08.111 1140 1140 I SystemServer: Making services ready
10-12 02:43:08.111 1140 1140 I SystemServerTiming: StartActivityManagerReadyPhase
10-12 02:43:08.111 1140 1140 I SystemServiceManager: Starting phase 550
10-12 02:43:08.112 1140 1140 I SystemServerTiming: OnBootPhase_550
10-12 02:43:08.112 1140 1140 I SystemServerTiming: OnBootPhase_550_com.android.server.security.FileIntegrityService
10-12 02:43:08.112 1140 1140 D SystemServerTiming: OnBootPhase_550_com.android.server.security.FileIntegrityService took to complete: 0ms
10-12 02:43:08.112 1140 1140 I SystemServerTiming: OnBootPhase_550_com.android.server.pm.Installer
10-12 02:43:08.112 1140 1140 D SystemServerTiming: OnBootPhase_550_com.android.server.pm.Installer took to complete: 0ms
10-12 02:43:08.112 1140 1140 I SystemServerTiming: OnBootPhase_550_com.android.server.os.DeviceIdentifiersPolicyService
10-12 02:43:08.112 1140 1140 D SystemServerTiming: OnBootPhase_550_com.android.server.os.DeviceIdentifiersPolicyService took to complete: 0ms
10-12 02:43:08.112 1140 1140 I SystemServerTiming: OnBootPhase_550_com.android.server.uri.UriGrantsManagerService$Lifecycle
10-12 02:43:08.112 1140 1140 D SystemServerTiming: OnBootPhase_550_com.android.server.uri.UriGrantsManagerService$Lifecycle took to complete: 0ms
10-12 02:43:08.112 1140 1140 I SystemServerTiming: OnBootPhase_550_com.android.server.powerstats.PowerStatsService
10-12 02:43:08.112 1140 1140 D SystemServerTiming: OnBootPhase_550_com.android.server.powerstats.PowerStatsService took to complete: 0ms
10-12 02:43:08.112 1140 1140 I SystemServerTiming: OnBootPhase_550_com.android.server.wm.ActivityTaskManagerService$Lifecycle
10-12 02:43:08.112 1140 1140 D SystemServerTiming: OnBootPhase_550_com.android.server.wm.ActivityTaskManagerService$Lifecycle took to complete: 0ms
10-12 02:43:08.112 1140 1140 I SystemServerTiming: OnBootPhase_550_com.android.server.am.ActivityManagerService$Lifecycle
10-12 02:43:08.112 1140 1140 D SystemServerTiming: OnBootPhase_550_com.android.server.am.ActivityManagerService$Lifecycle took to complete: 1ms
10-12 02:43:08.113 1140 1140 I SystemServerTiming: OnBootPhase_550_com.android.server.pm.DataLoaderManagerService
10-12 02:43:08.113 1140 1140 D SystemServerTiming: OnBootPhase_550_com.android.server.pm.DataLoaderManagerService took to complete: 0ms
10-12 02:43:08.113 1140 1140 I SystemServerTiming: OnBootPhase_550_com.android.server.power.PowerManagerService
10-12 02:43:08.113 1140 1140 D SystemServerTiming: OnBootPhase_550_com.android.server.power.PowerManagerService took to complete: 0ms
10-12 02:43:08.113 1140 1140 I SystemServerTiming: OnBootPhase_550_com.android.server.power.ThermalManagerService
10-12 02:43:08.114 1140 1140 I android_os_HwBinder: HwBinder: Starting thread pool for getting: android.hardware.thermal@2.0::IThermal/default
10-12 02:43:08.116 1140 1140 I ThermalHalWrapper: Thermal HAL 2.0 service connected.
10-12 02:43:08.116 944 944 E android.hardware.thermal@2.0-service.qti: ThermalHAL not initialized properly.
10-12 02:43:08.116 1140 1140 E ThermalHalWrapper: Couldn't get temperatures because of HAL error: ThermalHAL not initialized properly.
10-12 02:43:08.116 1140 1140 W ThermalManagerService: Thermal HAL reported invalid data, abort connection
10-12 02:43:08.116 944 944 E android.hardware.thermal@2.0-service.qti: ThermalHAL not initialized properly.
10-12 02:43:08.117 1140 1140 E ThermalHalWrapper: Couldn't get temperature thresholds because of HAL error: ThermalHAL not initialized properly.
10-12 02:43:08.117 1140 1140 D SystemServerTiming: OnBootPhase_550_com.android.server.power.ThermalManagerService took to complete: 4ms
10-12 02:43:08.117 1140 1140 I SystemServerTiming: OnBootPhase_550_com.android.server.power.hint.HintManagerService
10-12 02:43:08.117 1140 1140 D SystemServerTiming: OnBootPhase_550_com.android.server.power.hint.HintManagerService took to complete: 0ms
10-12 02:43:08.117 1295 1800 I OMXClient: IOmx service obtained
10-12 02:43:08.117 1140 1140 I SystemServerTiming: OnBootPhase_550_com.android.server.recoverysystem.RecoverySystemService$Lifecycle
10-12 02:43:08.117 1140 1140 D SystemServerTiming: OnBootPhase_550_com.android.server.recoverysystem.RecoverySystemService$Lifecycle took to complete: 0ms
10-12 02:43:08.117 1140 1140 I SystemServerTiming: OnBootPhase_550_com.android.server.lights.LightsService
10-12 02:43:08.117 1140 1140 D SystemServerTiming: OnBootPhase_550_com.android.server.lights.LightsService took to complete: 0ms
10-12 02:43:08.117 1140 1140 I SystemServerTiming: OnBootPhase_550_com.android.server.display.DisplayManagerService
10-12 02:43:08.117 1330 1873 I OMXMaster: makeComponentInstance(OMX.qcom.video.encoder.hevc) in android.hardwar process
10-12 02:43:08.117 1140 1140 D SystemServerTiming: OnBootPhase_550_com.android.server.display.DisplayManagerService took to complete: 0ms
10-12 02:43:08.117 1140 1140 I SystemServerTiming: OnBootPhase_550_com.android.server.pm.verify.domain.DomainVerificationService
10-12 02:43:08.117 1140 1140 D SystemServerTiming: OnBootPhase_550_com.android.server.pm.verify.domain.DomainVerificationService took to complete: 0ms
10-12 02:43:08.117 1140 1140 I SystemServerTiming: OnBootPhase_550_com.android.server.pm.PackageInstallerService$Lifecycle
10-12 02:43:08.117 1140 1140 D SystemServerTiming: OnBootPhase_550_com.android.server.pm.PackageInstallerService$Lifecycle took to complete: 0ms
10-12 02:43:08.117 1140 1140 I SystemServerTiming: OnBootPhase_550_com.android.server.pm.UserManagerService$LifeCycle
10-12 02:43:08.117 1140 1140 D SystemServerTiming: OnBootPhase_550_com.android.server.pm.UserManagerService$LifeCycle took to complete: 0ms
10-12 02:43:08.117 1140 1140 I SystemServerTiming: OnBootPhase_550_com.android.server.om.OverlayManagerService
10-12 02:43:08.117 1140 1140 D SystemServerTiming: OnBootPhase_550_com.android.server.om.OverlayManagerService took to complete: 0ms
10-12 02:43:08.117 1140 1140 I SystemServerTiming: OnBootPhase_550_com.android.server.SensorPrivacyService
10-12 02:43:08.117 1140 1140 D SystemServerTiming: OnBootPhase_550_com.android.server.SensorPrivacyService took to complete: 0ms
10-12 02:43:08.117 1140 1140 I SystemServerTiming: OnBootPhase_550_com.android.server.sensors.SensorService
10-12 02:43:08.118 1140 1140 D SystemServerTiming: OnBootPhase_550_com.android.server.sensors.SensorService took to complete: 0ms
10-12 02:43:08.118 1140 1140 I SystemServerTiming: OnBootPhase_550_com.android.server.SystemConfigService
10-12 02:43:08.118 1140 1140 D SystemServerTiming: OnBootPhase_550_com.android.server.SystemConfigService took to complete: 0ms
10-12 02:43:08.118 1140 1140 I SystemServerTiming: OnBootPhase_550_com.android.server.BatteryService
10-12 02:43:08.118 1140 1140 D SystemServerTiming: OnBootPhase_550_com.android.server.BatteryService took to complete: 0ms
10-12 02:43:08.118 1140 1140 I SystemServerTiming: OnBootPhase_550_com.android.server.usage.UsageStatsService
10-12 02:43:08.118 1140 1140 D SystemServerTiming: OnBootPhase_550_com.android.server.usage.UsageStatsService took to complete: 0ms
10-12 02:43:08.118 1140 1140 I SystemServerTiming: OnBootPhase_550_com.android.server.webkit.WebViewUpdateService
10-12 02:43:08.118 1140 1140 D SystemServerTiming: OnBootPhase_550_com.android.server.webkit.WebViewUpdateService took to complete: 0ms
10-12 02:43:08.118 1140 1140 I SystemServerTiming: OnBootPhase_550_com.android.server.CachedDeviceStateService
10-12 02:43:08.118 1140 1140 D SystemServerTiming: OnBootPhase_550_com.android.server.CachedDeviceStateService took to complete: 0ms
10-12 02:43:08.118 1140 1140 I SystemServerTiming: OnBootPhase_550_com.android.server.BinderCallsStatsService$LifeCycle
10-12 02:43:08.119 1140 1140 D SystemServerTiming: OnBootPhase_550_com.android.server.BinderCallsStatsService$LifeCycle took to complete: 0ms
10-12 02:43:08.119 1140 1140 I SystemServerTiming: OnBootPhase_550_com.android.server.LooperStatsService$Lifecycle
10-12 02:43:08.119 1140 1140 D SystemServerTiming: OnBootPhase_550_com.android.server.LooperStatsService$Lifecycle took to complete: 0ms
10-12 02:43:08.119 1140 1140 I SystemServerTiming: OnBootPhase_550_com.android.server.rollback.RollbackManagerService
10-12 02:43:08.119 1140 1140 D SystemServerTiming: OnBootPhase_550_com.android.server.rollback.RollbackManagerService took to complete: 0ms
10-12 02:43:08.119 1140 1140 I SystemServerTiming: OnBootPhase_550_com.android.server.os.NativeTombstoneManagerService
10-12 02:43:08.119 1140 1140 D SystemServerTiming: OnBootPhase_550_com.android.server.os.NativeTombstoneManagerService took to complete: 0ms
10-12 02:43:08.119 1140 1140 I SystemServerTiming: OnBootPhase_550_com.android.server.os.BugreportManagerService
10-12 02:43:08.119 1140 1140 D SystemServerTiming: OnBootPhase_550_com.android.server.os.BugreportManagerService took to complete: 0ms
10-12 02:43:08.119 1140 1140 I SystemServerTiming: OnBootPhase_550_com.android.server.gpu.GpuService
10-12 02:43:08.119 1140 1140 D SystemServerTiming: OnBootPhase_550_com.android.server.gpu.GpuService took to complete: 0ms
10-12 02:43:08.119 1140 1140 I SystemServerTiming: OnBootPhase_550_com.android.server.security.KeyChainSystemService
10-12 02:43:08.119 1140 1140 D SystemServerTiming: OnBootPhase_550_com.android.server.security.KeyChainSystemService took to complete: 0ms
10-12 02:43:08.119 1140 1140 I SystemServerTiming: OnBootPhase_550_com.android.server.telecom.TelecomLoaderService
10-12 02:43:08.124 1140 1140 I android_os_HwBinder: HwBinder: Starting thread pool for getting: vendor.qti.hardware.servicetracker@1.0::IServicetracker/default
10-12 02:43:08.125 1140 1140 W ActivityManager: Too early to start/bind service in system_server: Phase=550 ComponentInfo{com.android.server.telecom/com.android.server.telecom.components.TelecomService}
01-01 08:00:59.164 0 0 E : INFO: trying to register non-static key.
01-01 08:00:59.169 0 0 E : the code is fine but needs lockdep annotation.
01-01 08:00:59.172 0 0 D cnss : Suspending PCI link
01-01 08:00:59.175 0 0 I : CPU: 6 PID: 1596 Comm: kworker/u16:18 Tainted: G S W O 4.19.157+ #1
01-01 08:00:59.175 0 0 I Hardware name: Qualcomm Technologies, Inc. kona MTP-RmPM8150b. VX1(MCE) EVT2 (DT)
01-01 08:00:59.175 0 0 I Workqueue: events_unbound ion_system_secure_heap_prefetch_work
01-01 08:00:59.175 0 0 I Call trace:
01-01 08:00:59.175 0 0 I : dump_backtrace+0x0/0x258
01-01 08:00:59.175 0 0 I : show_stack+0x20/0x30
01-01 08:00:59.175 0 0 I : dump_stack+0xd8/0x12c
01-01 08:00:59.175 0 0 I : register_lock_class+0x4d0/0x5c8
01-01 08:00:59.175 0 0 I : __lock_acquire+0xbc/0x1e58
01-01 08:00:59.175 0 0 I : lock_acquire+0x1cc/0x218
01-01 08:00:59.175 0 0 I : _raw_spin_lock_irqsave+0x54/0x98
01-01 08:00:59.175 0 0 I : ion_system_secure_heap_prefetch_work+0x94/0x2c0
01-01 08:00:59.175 0 0 I : process_one_work+0x38c/0x660
01-01 08:00:59.175 0 0 I : worker_thread+0x268/0x4b8
01-01 08:00:59.175 0 0 I : kthread+0x140/0x150
01-01 08:00:59.175 0 0 I : ret_from_fork+0x10/0x1c
01-01 08:00:59.177 0 0 I msm_pcie_disable: PCIe: Assert the reset of endpoint of RC0.
01-01 08:00:59.178 0 0 D cnss : Setting MHI state: DEINIT(1)
01-01 08:00:59.179 0 0 D cnss : De-assert WLAN_EN GPIO successfully
01-01 08:00:59.179 0 0 D cnss : Regulator vdd-wlan-rfa2 is being disabled
01-01 08:00:59.179 0 0 D cnss : Regulator vdd-wlan-rfa1 is being disabled
01-01 08:00:59.179 0 0 D cnss : Regulator vdd-wlan-dig is being disabled
01-01 08:00:59.179 0 0 D cnss : Regulator vdd-wlan-aon is being disabled
01-01 08:00:59.179 0 0 D cnss : Regulator wlan-ant-switch is being disabled
01-01 08:00:59.179 0 0 D cnss : Regulator vdd-wlan-io is being disabled
01-01 08:00:59.180 0 0 I msm_vidc: high: 00000001: ....e: Opening video instance: fffffff918710000, 0
10-12 02:43:08.126 1140 1140 D CompatibilityChangeReporter: Compat change id reported: 168419799; UID 1000; state: DISABLED
10-12 02:43:08.126 1140 1140 D CompatibilityInfo: mCompatibilityFlags - 4
10-12 02:43:08.126 1140 1140 D CompatibilityInfo: applicationDensity - 240
10-12 02:43:08.126 1140 1140 D CompatibilityInfo: applicationScale - 1.0
10-12 02:43:08.126 1140 1140 W ActivityManager: Too early to start/bind service in system_server: Phase=550 ComponentInfo{com.android.server.telecom/com.android.server.telecom.components.TelecomService}
10-12 02:43:08.126 1140 1140 D SystemServerTiming: OnBootPhase_550_com.android.server.telecom.TelecomLoaderService took to complete: 7ms
10-12 02:43:08.126 1140 1140 I SystemServerTiming: OnBootPhase_550_com.android.server.accounts.AccountManagerService$Lifecycle
10-12 02:43:08.127 1140 1140 D SystemServerTiming: OnBootPhase_550_com.android.server.accounts.AccountManagerService$Lifecycle took to complete: 0ms
10-12 02:43:08.127 1140 1140 I SystemServerTiming: OnBootPhase_550_com.android.server.content.ContentService$Lifecycle
10-12 02:43:08.128 1330 1873 I android.hardware.media.omx@1.0-service: vendor/qcom/proprietary/adsprpc/src/rpcmem_android.c:159: rpcmem_init_internal: opened ION device fd 7, configured heap IDs: system (0x2000000), contig (0x400000), secure (0x200), secure flags (0x80080000)
10-12 02:43:08.128 1330 1873 I android.hardware.media.omx@1.0-service: vendor/qcom/proprietary/adsprpc/src/fastrpc_apps_user.c:3087: fastrpc_apps_user_init done with default domain:3 and &fastrpc_trace:0xe7b38c1c
10-12 02:43:08.131 1330 1873 D PlatformConfig: getInstance: Enter
10-12 02:43:08.131 1330 1873 D PlatformConfig: getInt32 Config name: vidc_perf_control_enable value: 0
10-12 02:43:08.131 1330 1873 D PlatformConfig: getInstance: Enter
10-12 02:43:08.131 1330 1873 D PlatformConfig: getInt32: Returning default
10-12 02:43:08.131 1330 1873 D PlatformConfig: getInstance: Enter
10-12 02:43:08.131 1330 1873 D PlatformConfig: getInt32 Config name: vidc_enc_log_in value: 0
10-12 02:43:08.131 1330 1873 D PlatformConfig: getInstance: Enter
10-12 02:43:08.131 1330 1873 D PlatformConfig: getInt32 Config name: vidc_enc_log_out value: 0
10-12 02:43:08.131 1330 1873 D PlatformConfig: getInstance: Enter
10-12 02:43:08.131 1330 1873 D PlatformConfig: getInt32 Config name: vidc_enc_csc_custom_matrix value: 0
10-12 02:43:08.131 1330 1873 D PlatformConfig: getInstance: Enter
10-12 02:43:08.131 1330 1873 D PlatformConfig: getInt32 Config name: vidc_enc_auto_blur_disable value: 0
10-12 02:43:08.131 1330 1873 D PlatformConfig: getInstance: Enter
10-12 02:43:08.131 1330 1873 D PlatformConfig: getInt32: Returning default
10-12 02:43:08.131 1330 1873 D PlatformConfig: getInstance: Enter
10-12 02:43:08.131 1330 1873 D PlatformConfig: getInt32 Config name: vidc_enc_linear_color_format value: 0
10-12 02:43:08.131 1330 1873 D PlatformConfig: getInstance: Enter
10-12 02:43:08.131 1330 1873 D PlatformConfig: getInt32 Config name: vidc_enc_bitrate_savings_enable value: 3
10-12 02:43:08.131 1330 1873 D PlatformConfig: getInstance: Enter
10-12 02:43:08.131 1330 1873 D PlatformConfig: getInt32 Config name: vidc_enc_quality_boost_enable value: 1
10-12 02:43:08.133 1330 1873 I OMX-VENC: Component_init : OMX.qcom.video.encoder.hevc : return = 0x0
10-12 02:43:08.134 1330 1942 I OMX-VENC: venc_dev: v4l2 profile : 0 flags : 7
10-12 02:43:08.135 1330 1872 I OMX-VENC: venc_dev: v4l2 profile : 2 flags : 7
10-12 02:43:08.135 1330 1942 I OMX-VENC: venc_dev: v4l2 profile : 1 flags : 7
10-12 02:43:08.136 1330 1872 I OMX-VENC: venc_dev: v4l2 profile : 2 flags : 7
10-12 02:43:08.136 1330 1942 I OMX-VENC: venc_dev: v4l2 profile : 2 flags : 7
10-12 02:43:08.137 1295 1800 W OMXUtils: do not know color format 0x7fa30c06 = 2141391878
10-12 02:43:08.138 1295 1800 W OMXUtils: do not know color format 0x7fa30c04 = 2141391876
10-12 02:43:08.138 1295 1800 W OMXUtils: do not know color format 0x7fa30c00 = 2141391872
10-12 02:43:08.139 1295 1800 W OMXUtils: do not know color format 0x7fa30c09 = 2141391881
10-12 02:43:08.140 1295 1800 W OMXUtils: do not know color format 0x7fa30c0a = 2141391882
10-12 02:43:08.141 1295 1800 W OMXUtils: do not know color format 0x7fa30c08 = 2141391880
10-12 02:43:08.142 1295 1800 W OMXUtils: do not know color format 0x7fa30c07 = 2141391879
10-12 02:43:08.142 1295 1800 W OMXUtils: do not know color format 0x7f000789 = 2130708361
10-12 02:43:08.143 1140 1140 I SyncManager: No initial accounts
10-12 02:43:08.148 1330 1989 E OMX-VENC: venc_dev: async_venc_message_thread interrupted to be exited
01-01 08:00:59.185 0 0 E : INFO: trying to register non-static key.
01-01 08:00:59.191 0 0 E : the code is fine but needs lockdep annotation.
01-01 08:00:59.196 0 0 I : CPU: 6 PID: 1596 Comm: kworker/u16:18 Tainted: G S W O 4.19.157+ #1
01-01 08:00:59.196 0 0 I Hardware name: Qualcomm Technologies, Inc. kona MTP-RmPM8150b. VX1(MCE) EVT2 (DT)
01-01 08:00:59.196 0 0 I Workqueue: events_unbound ion_system_secure_heap_prefetch_work
01-01 08:00:59.196 0 0 I Call trace:
01-01 08:00:59.196 0 0 I : dump_backtrace+0x0/0x258
01-01 08:00:59.196 0 0 I : show_stack+0x20/0x30
01-01 08:00:59.196 0 0 I : dump_stack+0xd8/0x12c
01-01 08:00:59.196 0 0 I : register_lock_class+0x4d0/0x5c8
01-01 08:00:59.196 0 0 I : __lock_acquire+0xbc/0x1e58
01-01 08:00:59.196 0 0 I : lock_acquire+0x1cc/0x218
01-01 08:00:59.196 0 0 I : _raw_spin_lock_irqsave+0x54/0x98
01-01 08:00:59.196 0 0 I : ion_system_secure_heap_prefetch_work+0x94/0x2c0
01-01 08:00:59.196 0 0 I : process_one_work+0x38c/0x660
01-01 08:00:59.196 0 0 I : worker_thread+0x268/0x4b8
01-01 08:00:59.196 0 0 I : kthread+0x140/0x150
01-01 08:00:59.196 0 0 I : ret_from_fork+0x10/0x1c
01-01 08:00:59.198 0 0 I msm_vidc: high: 00000001: h265e: Closed video instance: fffffff918710000
10-12 02:43:08.150 1330 1891 I OMX-VENC: Component Deinit
10-12 02:43:08.156 1330 1891 I android.hardware.media.omx@1.0-service: vendor/qcom/proprietary/adsprpc/src/rpcmem_android.c:192: rpcmem_deinit_internal: closed ION fd 7
10-12 02:43:08.156 1330 1891 I android.hardware.media.omx@1.0-service: vendor/qcom/proprietary/adsprpc/src/fastrpc_apps_user.c:3019: fastrpc_apps_user_deinit done
10-12 02:43:08.157 1140 1140 D SystemServerTiming: OnBootPhase_550_com.android.server.content.ContentService$Lifecycle took to complete: 30ms
10-12 02:43:08.157 1140 1140 I SystemServerTiming: OnBootPhase_550_com.android.server.DropBoxManagerService
10-12 02:43:08.157 1140 1140 D SystemServerTiming: OnBootPhase_550_com.android.server.DropBoxManagerService took to complete: 0ms
10-12 02:43:08.158 1140 1140 I SystemServerTiming: OnBootPhase_550_com.android.role.RoleService
10-12 02:43:08.158 1140 1140 D SystemServerTiming: OnBootPhase_550_com.android.role.RoleService took to complete: 0ms
10-12 02:43:08.158 1140 1140 I SystemServerTiming: OnBootPhase_550_com.android.server.vibrator.VibratorManagerService$Lifecycle
10-12 02:43:08.158 1140 1140 D SystemServerTiming: OnBootPhase_550_com.android.server.vibrator.VibratorManagerService$Lifecycle took to complete: 0ms
10-12 02:43:08.158 1140 1140 I SystemServerTiming: OnBootPhase_550_com.android.server.alarm.AlarmManagerService
10-12 02:43:08.158 1140 1140 D SystemServerTiming: OnBootPhase_550_com.android.server.alarm.AlarmManagerService took to complete: 0ms
10-12 02:43:08.158 1140 1140 I SystemServerTiming: OnBootPhase_550_com.android.server.devicestate.DeviceStateManagerService
10-12 02:43:08.158 1140 1140 D SystemServerTiming: OnBootPhase_550_com.android.server.devicestate.DeviceStateManagerService took to complete: 0ms
10-12 02:43:08.158 1140 1140 I SystemServerTiming: OnBootPhase_550_com.android.server.camera.CameraServiceProxy
10-12 02:43:08.158 1140 1140 D SystemServerTiming: OnBootPhase_550_com.android.server.camera.CameraServiceProxy took to complete: 0ms
10-12 02:43:08.158 1140 1140 I SystemServerTiming: OnBootPhase_550_com.android.server.BluetoothService
10-12 02:43:08.158 1140 1140 D BluetoothManagerService: Bluetooth boot completed
10-12 02:43:08.159 1140 1140 D BluetoothManagerService: Auto-enabling Bluetooth.
10-12 02:43:08.160 1140 1140 D BluetoothA2dp: Binding service...
10-12 02:43:08.161 1140 1215 D BluetoothManagerService: MESSAGE_ENABLE(0): mBluetooth = null
10-12 02:43:08.161 1140 1215 D BluetoothManagerService: MESSAGE_ENABLE: handleEnable
10-12 02:43:08.161 1140 1215 D BluetoothManagerService: binding Bluetooth service
01-01 08:00:59.205 0 0 E : INFO: trying to register non-static key.
01-01 08:00:59.210 0 0 E : the code is fine but needs lockdep annotation.
01-01 08:00:59.216 0 0 I : CPU: 6 PID: 1596 Comm: kworker/u16:18 Tainted: G S W O 4.19.157+ #1
01-01 08:00:59.216 0 0 I Hardware name: Qualcomm Technologies, Inc. kona MTP-RmPM8150b. VX1(MCE) EVT2 (DT)
01-01 08:00:59.216 0 0 I Workqueue: events_unbound ion_system_secure_heap_prefetch_work
01-01 08:00:59.216 0 0 I Call trace:
01-01 08:00:59.216 0 0 I : dump_backtrace+0x0/0x258
01-01 08:00:59.216 0 0 I : show_stack+0x20/0x30
01-01 08:00:59.216 0 0 I : dump_stack+0xd8/0x12c
01-01 08:00:59.216 0 0 I : register_lock_class+0x4d0/0x5c8
01-01 08:00:59.216 0 0 I : __lock_acquire+0xbc/0x1e58
01-01 08:00:59.216 0 0 I : lock_acquire+0x1cc/0x218
01-01 08:00:59.216 0 0 I : _raw_spin_lock_irqsave+0x54/0x98
01-01 08:00:59.216 0 0 I : ion_system_secure_heap_prefetch_work+0x94/0x2c0
01-01 08:00:59.216 0 0 I : process_one_work+0x38c/0x660
01-01 08:00:59.216 0 0 I : worker_thread+0x268/0x4b8
01-01 08:00:59.216 0 0 I : kthread+0x140/0x150
01-01 08:00:59.216 0 0 I : ret_from_fork+0x10/0x1c
01-01 08:00:59.224 0 0 E : INFO: trying to register non-static key.
01-01 08:00:59.225 0 0 I msm_vidc: high: 00000001: ....e: Opening video instance: fffffff919b0c000, 0
01-01 08:00:59.229 0 0 E : the code is fine but needs lockdep annotation.
01-01 08:00:59.229 0 0 I : CPU: 6 PID: 1596 Comm: kworker/u16:18 Tainted: G S W O 4.19.157+ #1
01-01 08:00:59.229 0 0 I Hardware name: Qualcomm Technologies, Inc. kona MTP-RmPM8150b. VX1(MCE) EVT2 (DT)
01-01 08:00:59.229 0 0 I Workqueue: events_unbound ion_system_secure_heap_prefetch_work
01-01 08:00:59.229 0 0 I Call trace:
01-01 08:00:59.229 0 0 I : dump_backtrace+0x0/0x258
01-01 08:00:59.229 0 0 I : show_stack+0x20/0x30
01-01 08:00:59.229 0 0 I : dump_stack+0xd8/0x12c
01-01 08:00:59.229 0 0 I : register_lock_class+0x4d0/0x5c8
01-01 08:00:59.229 0 0 I : __lock_acquire+0xbc/0x1e58
01-01 08:00:59.229 0 0 I : lock_acquire+0x1cc/0x218
01-01 08:00:59.229 0 0 I : _raw_spin_lock_irqsave+0x54/0x98
01-01 08:00:59.229 0 0 I : ion_system_secure_heap_prefetch_work+0x94/0x2c0
01-01 08:00:59.229 0 0 I : process_one_work+0x38c/0x660
01-01 08:00:59.229 0 0 I : worker_thread+0x268/0x4b8
01-01 08:00:59.229 0 0 I : kthread+0x140/0x150
01-01 08:00:59.229 0 0 I : ret_from_fork+0x10/0x1c
01-01 08:00:59.237 0 0 D cnss : Posting event: REGISTER_DRIVER(7)-sync, state: 0x20009 flags: 0x5
01-01 08:00:59.237 0 0 D cnss : Processing driver event: COLD_BOOT_CAL_DONE(6), state: 0x20001
01-01 08:00:59.237 0 0 D cnss : Processing driver event: SERVER_EXIT(1), state: 0x20001
01-01 08:00:59.237 0 0 I cnss : QMI WLFW service disconnected, state: 0x20000
10-12 02:43:08.161 1295 1800 I OMXClient: IOmx service obtained
10-12 02:43:08.161 1330 1992 I OMXMaster: makeComponentInstance(OMX.qcom.video.encoder.hevc.cq) in android.hardwar process
10-12 02:43:08.164 1140 1215 I am_uid_running: 1002
10-12 02:43:08.165 1140 1215 D CompatibilityChangeReporter: Compat change id reported: 135634846; UID 1002; state: DISABLED
10-12 02:43:08.165 1140 1215 D CompatibilityChangeReporter: Compat change id reported: 177438394; UID 1002; state: DISABLED
10-12 02:43:08.165 1140 1215 D CompatibilityChangeReporter: Compat change id reported: 135772972; UID 1002; state: DISABLED
10-12 02:43:08.165 1140 1215 D CompatibilityChangeReporter: Compat change id reported: 135754954; UID 1002; state: ENABLED
10-12 02:43:08.166 1140 1215 D BluetoothManagerService: Binding BT service. Current user: 0
10-12 02:43:08.167 1140 1140 D BluetoothHearingAid: Binding service...
10-12 02:43:08.167 1140 1140 I BluetoothAirplaneModeListener: start
10-12 02:43:08.167 1140 1140 D SystemServerTiming: OnBootPhase_550_com.android.server.BluetoothService took to complete: 9ms
10-12 02:43:08.167 1140 1140 I SystemServerTiming: OnBootPhase_550_com.android.server.connectivity.IpConnectivityMetrics
10-12 02:43:08.168 1140 1140 D SystemServerTiming: OnBootPhase_550_com.android.server.connectivity.IpConnectivityMetrics took to complete: 0ms
10-12 02:43:08.168 1140 1140 I SystemServerTiming: OnBootPhase_550_com.android.server.net.watchlist.NetworkWatchlistService$Lifecycle
10-12 02:43:08.169 1140 1679 I commit_sys_config_file: [log-files,9]
10-12 02:43:08.169 1140 1140 D SystemServerTiming: OnBootPhase_550_com.android.server.net.watchlist.NetworkWatchlistService$Lifecycle took to complete: 2ms
10-12 02:43:08.169 1140 1140 I SystemServerTiming: OnBootPhase_550_com.android.server.PinnerService
10-12 02:43:08.169 1140 1140 D SystemServerTiming: OnBootPhase_550_com.android.server.PinnerService took to complete: 0ms
10-12 02:43:08.169 1140 1140 I SystemServerTiming: OnBootPhase_550_com.google.android.startop.iorap.IorapForwardingService
10-12 02:43:08.169 1140 1140 D SystemServerTiming: OnBootPhase_550_com.google.android.startop.iorap.IorapForwardingService took to complete: 0ms
10-12 02:43:08.169 1140 1140 I SystemServerTiming: OnBootPhase_550_com.android.server.ActivityTriggerService
10-12 02:43:08.170 1140 1140 D SystemServerTiming: OnBootPhase_550_com.android.server.ActivityTriggerService took to complete: 0ms
10-12 02:43:08.170 1140 1140 I SystemServerTiming: OnBootPhase_550_com.android.server.integrity.AppIntegrityManagerService
10-12 02:43:08.170 1140 1140 D SystemServerTiming: OnBootPhase_550_com.android.server.integrity.AppIntegrityManagerService took to complete: 0ms
10-12 02:43:08.170 1140 1140 I SystemServerTiming: OnBootPhase_550_com.android.server.inputmethod.InputMethodManagerService$Lifecycle
10-12 02:43:08.172 1330 1992 I android.hardware.media.omx@1.0-service: vendor/qcom/proprietary/adsprpc/src/rpcmem_android.c:159: rpcmem_init_internal: opened ION device fd 7, configured heap IDs: system (0x2000000), contig (0x400000), secure (0x200), secure flags (0x80080000)
10-12 02:43:08.172 1330 1992 I android.hardware.media.omx@1.0-service: vendor/qcom/proprietary/adsprpc/src/fastrpc_apps_user.c:3087: fastrpc_apps_user_init done with default domain:3 and &fastrpc_trace:0xe7878c1c
10-12 02:43:08.176 1530 1561 D LOWI-9.0.0.87.a: [MqClientIpcReciver] FROM: LOCATION-MQ
10-12 02:43:08.176 1530 1561 D LOWI-9.0.0.87.a: [MqClientIpcReciver] INFO: REGISTER-EVENT
10-12 02:43:08.176 1530 1561 D LOWI-9.0.0.87.a: [MqClientIpcReciver] TX-ID: 3
10-12 02:43:08.176 1330 1992 D PlatformConfig: getInstance: Enter
10-12 02:43:08.176 1330 1992 D PlatformConfig: getInt32 Config name: vidc_perf_control_enable value: 0
10-12 02:43:08.176 1330 1992 D PlatformConfig: getInstance: Enter
10-12 02:43:08.176 1330 1992 D PlatformConfig: getInt32: Returning default
10-12 02:43:08.176 1330 1992 D PlatformConfig: getInstance: Enter
10-12 02:43:08.176 1330 1992 D PlatformConfig: getInt32 Config name: vidc_enc_log_in value: 0
10-12 02:43:08.176 1330 1992 D PlatformConfig: getInstance: Enter
10-12 02:43:08.176 1330 1992 D PlatformConfig: getInt32 Config name: vidc_enc_log_out value: 0
10-12 02:43:08.176 1330 1992 D PlatformConfig: getInstance: Enter
10-12 02:43:08.176 1330 1992 D PlatformConfig: getInt32 Config name: vidc_enc_csc_custom_matrix value: 0
10-12 02:43:08.176 1330 1992 D PlatformConfig: getInstance: Enter
10-12 02:43:08.176 1330 1992 D PlatformConfig: getInt32 Config name: vidc_enc_auto_blur_disable value: 0
10-12 02:43:08.176 1330 1992 D PlatformConfig: getInstance: Enter
10-12 02:43:08.176 1330 1992 D PlatformConfig: getInt32: Returning default
10-12 02:43:08.176 1330 1992 D PlatformConfig: getInstance: Enter
10-12 02:43:08.176 1330 1992 D PlatformConfig: getInt32 Config name: vidc_enc_linear_color_format value: 0
10-12 02:43:08.176 1330 1992 D PlatformConfig: getInstance: Enter
10-12 02:43:08.176 1330 1992 D PlatformConfig: getInt32 Config name: vidc_enc_bitrate_savings_enable value: 3
10-12 02:43:08.176 1330 1992 D PlatformConfig: getInstance: Enter
10-12 02:43:08.176 1330 1992 D PlatformConfig: getInt32 Config name: vidc_enc_quality_boost_enable value: 1
10-12 02:43:08.178 1140 1679 E NativeTombstoneManager: Tombstone's UID (0) not an app, ignoring
10-12 02:43:08.179 853 942 E IzatSvc_QNP: Exiting with error getInstance line 284 2
10-12 02:43:08.179 853 942 W IzatSvc_ComboNetworkProvider: Failed to initialize to NLP_MODE_QNP_ONLY for Emergency mode
10-12 02:43:08.179 853 942 I LocSvc_SystemStatusOsObserver: proc:70] SetSubsObj::enter
10-12 02:43:08.179 853 942 E Subscription: sSubscriptionCb NULL !
10-12 02:43:08.179 853 942 E Subscription: sSubscriptionCb NULL !
10-12 02:43:08.179 853 942 I LocSvc_SystemStatusOsObserver: proc:80] SetSubsObj::exit
10-12 02:43:08.179 853 942 E Subscription: sSubscriptionCb NULL !
10-12 02:43:08.179 853 942 E Subscription: sSubscriptionCb NULL !
10-12 02:43:08.180 853 1995 E IPCMessagingProxy: Exiting with error _process line 159 "3"
10-12 02:43:08.180 1140 1140 W InputMethodManagerService: Default IME is uninstalled. Choose new default IME.
10-12 02:43:08.181 1140 1679 I DropBoxManagerService: add tag=SYSTEM_TOMBSTONE_PROTO isTagEnabled=true flags=0x4
10-12 02:43:08.184 1530 1561 D LOWI-9.0.0.87.a: [MqClientIpcReciver] FROM: LOCATION-MQ
10-12 02:43:08.184 1530 1561 D LOWI-9.0.0.87.a: [MqClientIpcReciver] INFO: REGISTER-EVENT
10-12 02:43:08.184 1530 1561 D LOWI-9.0.0.87.a: [MqClientIpcReciver] TX-ID: 5
10-12 02:43:08.184 1530 1561 D LOWI-9.0.0.87.a: [MqClientIpcReciver] FROM: LOCATION-MQ
10-12 02:43:08.184 1530 1561 D LOWI-9.0.0.87.a: [MqClientIpcReciver] INFO: REGISTER-EVENT
10-12 02:43:08.184 1530 1561 D LOWI-9.0.0.87.a: [MqClientIpcReciver] TX-ID: 7
10-12 02:43:08.185 1530 1561 D LOWI-9.0.0.87.a: [MqClientIpcReciver] FROM: LOCATION-MQ
10-12 02:43:08.185 1530 1561 D LOWI-9.0.0.87.a: [MqClientIpcReciver] INFO: REGISTER-EVENT
10-12 02:43:08.185 1530 1561 D LOWI-9.0.0.87.a: [MqClientIpcReciver] TX-ID: 9
10-12 02:43:08.185 1530 1561 D LOWI-9.0.0.87.a: [MqClientIpcReciver] FROM: FreeWifiScanObserver
10-12 02:43:08.185 1530 1561 D LOWI-9.0.0.87.a: [MqClientIpcReciver] REQ: LOWI_ASYNC_DISCOVERY_SCAN_RESULTS
10-12 02:43:08.185 853 1995 E IzatSvc_IzatManager: Exiting with error handleMsg line 569 "3"
10-12 02:43:08.185 853 1995 E IzatSvc_IzatManager: Exiting with error handleMsg line 569 "3"
10-12 02:43:08.185 853 1995 E IzatSvc_IzatManager: Exiting with error handleMsg line 569 "3"
10-12 02:43:08.187 1530 1562 D LOWI-9.0.0.87.a: [LOWIEventReceiver] handleEvent:FROM:LOCATION-MQ, TO:LOWI-SERVER, REQ:NA, IREQ:NA, REQ_ID:0, RESP:NA, INFO:REGISTER-EVENT
10-12 02:43:08.187 1530 1562 D LOWI-9.0.0.87.a: [LOWIEventReceiver] Info to [REGISTER-EVENT]
10-12 02:43:08.187 1530 1562 D LOWI-9.0.0.87.a: [LOWIEventReceiver] handleEvent:FROM:LOCATION-MQ, TO:LOWI-SERVER, REQ:NA, IREQ:NA, REQ_ID:0, RESP:NA, INFO:REGISTER-EVENT
10-12 02:43:08.187 1530 1562 D LOWI-9.0.0.87.a: [LOWIEventReceiver] Info to [REGISTER-EVENT]
10-12 02:43:08.187 1530 1562 D LOWI-9.0.0.87.a: [LOWIEventReceiver] handleEvent:FROM:LOCATION-MQ, TO:LOWI-SERVER, REQ:NA, IREQ:NA, REQ_ID:0, RESP:NA, INFO:REGISTER-EVENT
10-12 02:43:08.187 1530 1562 D LOWI-9.0.0.87.a: [LOWIEventReceiver] Info to [REGISTER-EVENT]
10-12 02:43:08.187 1530 1562 D LOWI-9.0.0.87.a: [LOWIEventReceiver] handleEvent:FROM:LOCATION-MQ, TO:LOWI-SERVER, REQ:NA, IREQ:NA, REQ_ID:0, RESP:NA, INFO:REGISTER-EVENT
10-12 02:43:08.187 1530 1562 D LOWI-9.0.0.87.a: [LOWIEventReceiver] Info to [REGISTER-EVENT]
10-12 02:43:08.187 1530 1562 D LOWI-9.0.0.87.a: [LOWIEventReceiver] handleEvent:FROM:FreeWifiScanObserver, TO:LOWI-SERVER, REQ:LOWI_ASYNC_DISCOVERY_SCAN_RESULTS, IREQ:NA, REQ_ID:0, RESP:NA, INFO:NA
10-12 02:43:08.187 1530 1562 I LOWI-9.0.0.87.a: [LOWIUtils] inPostcardToRequest - FROM: FreeWifiScanObserver, TO: LOWI-SERVER, REQ: LOWI_ASYNC_DISCOVERY_SCAN_RESULTS
10-12 02:43:08.188 1530 1562 D LOWI-9.0.0.87.a: [LOWIUtils] inPostcardToRequest - Request id(0) REQ_TIMEOUT(14400)
10-12 02:43:08.188 1530 1562 D LOWI-9.0.0.87.a: [LOWIController] _process: Request FreeWifiScanObserver_0 received, type(ASYNC_DISCOVERY_SCAN_RESULTS)
10-12 02:43:08.188 1530 1562 I LOWI-9.0.0.87.a: [LOWIDiagLog] is Logging Enabled for LOWI log code? :0
10-12 02:43:08.188 1530 1562 D LOWI-9.0.0.87.a: [LOWIBackgroundScanMgr] isReqForBgScanMgr: ASYNC_DISCOVERY_SCAN_RESULTS - not handled
10-12 02:43:08.188 1530 1562 D LOWI-9.0.0.87.a: [LOWIScheduler] manageMsg: Request: ASYNC_DISCOVERY_SCAN_RESULTS -- not handled
10-12 02:43:08.188 1530 1562 D LOWI-9.0.0.87.a: [LOWIController] addRequestToAsyncScanRequestList: Add request FreeWifiScanObserver_0 timeout(ms) = 1665528188188
10-12 02:43:08.188 1530 1562 D LOWI-9.0.0.87.a: [LOWIController] processRequest: Request FreeWifiScanObserver_0 added to async scan list
10-12 02:43:08.192 1330 1992 I OMX-VENC: Component_init : OMX.qcom.video.encoder.hevc.cq : return = 0x0
01-01 08:00:59.238 0 0 E : INFO: trying to register non-static key.
01-01 08:00:59.243 0 0 E : the code is fine but needs lockdep annotation.
01-01 08:00:59.243 0 0 D cnss : Processing driver event: REGISTER_DRIVER-sync(7), state: 0x0
01-01 08:00:59.249 0 0 I : CPU: 6 PID: 1596 Comm: kworker/u16:18 Tainted: G S W O 4.19.157+ #1
01-01 08:00:59.249 0 0 I Hardware name: Qualcomm Technologies, Inc. kona MTP-RmPM8150b. VX1(MCE) EVT2 (DT)
01-01 08:00:59.249 0 0 I Workqueue: events_unbound ion_system_secure_heap_prefetch_work
01-01 08:00:59.249 0 0 I Call trace:
01-01 08:00:59.249 0 0 I : dump_backtrace+0x0/0x258
01-01 08:00:59.249 0 0 I : show_stack+0x20/0x30
01-01 08:00:59.249 0 0 I : dump_stack+0xd8/0x12c
01-01 08:00:59.249 0 0 I : register_lock_class+0x4d0/0x5c8
01-01 08:00:59.249 0 0 I : __lock_acquire+0xbc/0x1e58
01-01 08:00:59.249 0 0 I : lock_acquire+0x1cc/0x218
01-01 08:00:59.249 0 0 I : _raw_spin_lock_irqsave+0x54/0x98
01-01 08:00:59.249 0 0 I : ion_system_secure_heap_prefetch_work+0x94/0x2c0
01-01 08:00:59.249 0 0 I : process_one_work+0x38c/0x660
01-01 08:00:59.249 0 0 I : worker_thread+0x268/0x4b8
01-01 08:00:59.249 0 0 I : kthread+0x140/0x150
01-01 08:00:59.249 0 0 I : ret_from_fork+0x10/0x1c
01-01 08:00:59.250 0 0 D cnss : Regulator vdd-wlan-io is being enabled
01-01 08:00:59.250 0 0 D cnss : Regulator wlan-ant-switch is being enabled
01-01 08:00:59.250 0 0 D cnss : Regulator vdd-wlan-aon is being enabled
01-01 08:00:59.250 0 0 D cnss : Regulator vdd-wlan-dig is being enabled
01-01 08:00:59.252 0 0 D cnss : Regulator vdd-wlan-rfa1 is being enabled
10-12 02:43:08.195 1330 1873 I OMX-VENC: venc_dev: v4l2 profile : 0 flags : 7
10-12 02:43:08.195 1330 1873 I OMX-VENC: venc_dev: v4l2 profile : 2 flags : 7
10-12 02:43:08.196 1330 1992 I OMX-VENC: venc_dev: v4l2 profile : 1 flags : 7
10-12 02:43:08.196 1330 1873 I OMX-VENC: venc_dev: v4l2 profile : 2 flags : 7
10-12 02:43:08.196 1330 1992 I OMX-VENC: venc_dev: v4l2 profile : 2 flags : 7
10-12 02:43:08.197 1140 1215 I IorapForwardingService: Connected to iorapd native service.
10-12 02:43:08.200 1295 1800 W OMXUtils: do not know color format 0x7fa30c06 = 2141391878
10-12 02:43:08.201 1295 1800 W OMXUtils: do not know color format 0x7fa30c04 = 2141391876
10-12 02:43:08.202 1295 1800 W OMXUtils: do not know color format 0x7fa30c00 = 2141391872
10-12 02:43:08.202 1295 1800 W OMXUtils: do not know color format 0x7fa30c09 = 2141391881
10-12 02:43:08.203 1295 1800 W OMXUtils: do not know color format 0x7fa30c0a = 2141391882
10-12 02:43:08.204 1295 1800 W OMXUtils: do not know color format 0x7fa30c08 = 2141391880
10-12 02:43:08.206 1295 1800 W OMXUtils: do not know color format 0x7fa30c07 = 2141391879
10-12 02:43:08.206 1953 1953 I android.hardware.camera.provider@2.4-service_64: vendor/qcom/proprietary/adsprpc/src/rpcmem_android.c:159: rpcmem_init_internal: opened ION device fd 7, configured heap IDs: system (0x2000000), contig (0x400000), secure (0x200), secure flags (0x80080000)
10-12 02:43:08.206 1953 1953 I android.hardware.camera.provider@2.4-service_64: vendor/qcom/proprietary/adsprpc/src/fastrpc_apps_user.c:3087: fastrpc_apps_user_init done with default domain:3 and &fastrpc_trace:0x6ebb179fa0
10-12 02:43:08.206 1295 1800 W OMXUtils: do not know color format 0x7f000789 = 2130708361
10-12 02:43:08.208 1330 1998 E OMX-VENC: venc_dev: async_venc_message_thread interrupted to be exited
01-01 08:00:59.253 0 0 D cnss : Regulator vdd-wlan-rfa2 is being enabled
01-01 08:00:59.254 0 0 D cnss : BT_EN_GPIO State: Off. Delay WLAN_GPIO enable
01-01 08:00:59.257 0 0 E : INFO: trying to register non-static key.
10-12 02:43:08.210 1140 1679 I commit_sys_config_file: [log-files,50]
01-01 08:00:59.258 0 0 I msm_vidc: high: 00000001: h265e: Closed video instance: fffffff919b0c000
01-01 08:00:59.262 0 0 E : the code is fine but needs lockdep annotation.
01-01 08:00:59.262 0 0 I : CPU: 6 PID: 1596 Comm: kworker/u16:18 Tainted: G S W O 4.19.157+ #1
01-01 08:00:59.262 0 0 I Hardware name: Qualcomm Technologies, Inc. kona MTP-RmPM8150b. VX1(MCE) EVT2 (DT)
01-01 08:00:59.262 0 0 I Workqueue: events_unbound ion_system_secure_heap_prefetch_work
01-01 08:00:59.262 0 0 I Call trace:
01-01 08:00:59.262 0 0 I : dump_backtrace+0x0/0x258
01-01 08:00:59.262 0 0 I : show_stack+0x20/0x30
01-01 08:00:59.262 0 0 I : dump_stack+0xd8/0x12c
01-01 08:00:59.262 0 0 I : register_lock_class+0x4d0/0x5c8
01-01 08:00:59.262 0 0 I : __lock_acquire+0xbc/0x1e58
01-01 08:00:59.262 0 0 I : lock_acquire+0x1cc/0x218
01-01 08:00:59.262 0 0 I : _raw_spin_lock_irqsave+0x54/0x98
01-01 08:00:59.262 0 0 I : ion_system_secure_heap_prefetch_work+0x94/0x2c0
01-01 08:00:59.262 0 0 I : process_one_work+0x38c/0x660
01-01 08:00:59.262 0 0 I : worker_thread+0x268/0x4b8
01-01 08:00:59.262 0 0 I : kthread+0x140/0x150
01-01 08:00:59.262 0 0 I : ret_from_fork+0x10/0x1c
10-12 02:43:08.215 1140 1140 D SystemServerTiming: OnBootPhase_550_com.android.server.inputmethod.InputMethodManagerService$Lifecycle took to complete: 46ms
10-12 02:43:08.216 1140 1140 I SystemServerTiming: OnBootPhase_550_com.android.server.accessibility.AccessibilityManagerService$Lifecycle
10-12 02:43:08.216 1140 1140 D SystemServerTiming: OnBootPhase_550_com.android.server.accessibility.AccessibilityManagerService$Lifecycle took to complete: 0ms
10-12 02:43:08.216 1140 1140 I SystemServerTiming: OnBootPhase_550_com.android.server.StorageManagerService$Lifecycle
10-12 02:43:08.216 1140 1140 D SystemServerTiming: OnBootPhase_550_com.android.server.StorageManagerService$Lifecycle took to complete: 0ms
10-12 02:43:08.216 1140 1140 I SystemServerTiming: OnBootPhase_550_com.android.server.usage.StorageStatsService$Lifecycle
10-12 02:43:08.216 1140 1140 D SystemServerTiming: OnBootPhase_550_com.android.server.usage.StorageStatsService$Lifecycle took to complete: 0ms
10-12 02:43:08.216 1140 1140 I SystemServerTiming: OnBootPhase_550_com.android.server.UiModeManagerService
10-12 02:43:08.216 1140 1140 D SystemServerTiming: OnBootPhase_550_com.android.server.UiModeManagerService took to complete: 0ms
10-12 02:43:08.216 1140 1140 I SystemServerTiming: OnBootPhase_550_com.android.server.locksettings.LockSettingsService$Lifecycle
10-12 02:43:08.217 1140 1140 I RebootEscrowManager: No reboot escrow data found for users, skipping loading escrow data
10-12 02:43:08.219 1140 1140 D SystemServerTiming: OnBootPhase_550_com.android.server.locksettings.LockSettingsService$Lifecycle took to complete: 3ms
10-12 02:43:08.219 1140 1140 I SystemServerTiming: OnBootPhase_550_com.android.server.PersistentDataBlockService
10-12 02:43:08.219 1140 1140 D SystemServerTiming: OnBootPhase_550_com.android.server.PersistentDataBlockService took to complete: 0ms
10-12 02:43:08.219 1140 1140 I SystemServerTiming: OnBootPhase_550_com.android.server.testharness.TestHarnessModeService
10-12 02:43:08.219 1140 1140 D SystemServerTiming: OnBootPhase_550_com.android.server.testharness.TestHarnessModeService took to complete: 0ms
10-12 02:43:08.219 1140 1140 I SystemServerTiming: OnBootPhase_550_com.android.server.oemlock.OemLockService
10-12 02:43:08.219 1140 1140 D SystemServerTiming: OnBootPhase_550_com.android.server.oemlock.OemLockService took to complete: 0ms
10-12 02:43:08.219 1140 1140 I SystemServerTiming: OnBootPhase_550_com.android.server.DeviceIdleController
10-12 02:43:08.219 1140 1140 D SystemServerTiming: OnBootPhase_550_com.android.server.DeviceIdleController took to complete: 0ms
10-12 02:43:08.219 1140 1140 I SystemServerTiming: OnBootPhase_550_com.android.server.devicepolicy.DevicePolicyManagerService$Lifecycle
10-12 02:43:08.219 1140 1140 D SystemServerTiming: OnBootPhase_550_com.android.server.devicepolicy.DevicePolicyManagerService$Lifecycle took to complete: 0ms
10-12 02:43:08.219 1140 1140 I SystemServerTiming: OnBootPhase_550_com.android.server.texttospeech.TextToSpeechManagerService
10-12 02:43:08.219 1140 1140 D SystemServerTiming: OnBootPhase_550_com.android.server.texttospeech.TextToSpeechManagerService took to complete: 0ms
10-12 02:43:08.219 1140 1140 I SystemServerTiming: OnBootPhase_550_com.android.server.speech.SpeechRecognitionManagerService
10-12 02:43:08.219 1140 1140 D SystemServerTiming: OnBootPhase_550_com.android.server.speech.SpeechRecognitionManagerService took to complete: 0ms
10-12 02:43:08.220 1140 1140 I SystemServerTiming: OnBootPhase_550_com.android.server.searchui.SearchUiManagerService
10-12 02:43:08.220 1140 1140 D SystemServerTiming: OnBootPhase_550_com.android.server.searchui.SearchUiManagerService took to complete: 0ms
10-12 02:43:08.220 1140 1140 I SystemServerTiming: OnBootPhase_550_com.android.server.smartspace.SmartspaceManagerService
10-12 02:43:08.220 1140 1140 D SystemServerTiming: OnBootPhase_550_com.android.server.smartspace.SmartspaceManagerService took to complete: 0ms
10-12 02:43:08.220 1140 1140 I SystemServerTiming: OnBootPhase_550_com.android.server.graphics.fonts.FontManagerService$Lifecycle
10-12 02:43:08.220 1140 1140 D SystemServerTiming: OnBootPhase_550_com.android.server.graphics.fonts.FontManagerService$Lifecycle took to complete: 0ms
10-12 02:43:08.220 1140 1140 I SystemServerTiming: OnBootPhase_550_com.android.server.textservices.TextServicesManagerService$Lifecycle
10-12 02:43:08.220 1140 1140 D SystemServerTiming: OnBootPhase_550_com.android.server.textservices.TextServicesManagerService$Lifecycle took to complete: 0ms
10-12 02:43:08.220 1140 1140 I SystemServerTiming: OnBootPhase_550_com.android.server.textclassifier.TextClassificationManagerService$Lifecycle
10-12 02:43:08.220 1140 1140 D SystemServerTiming: OnBootPhase_550_com.android.server.textclassifier.TextClassificationManagerService$Lifecycle took to complete: 0ms
10-12 02:43:08.220 1140 1140 I SystemServerTiming: OnBootPhase_550_com.android.server.NetworkScoreService$Lifecycle
10-12 02:43:08.220 1140 1140 D SystemServerTiming: OnBootPhase_550_com.android.server.NetworkScoreService$Lifecycle took to complete: 0ms
10-12 02:43:08.220 1140 1140 I SystemServerTiming: OnBootPhase_550_com.android.server.wifi.WifiService
10-12 02:43:08.220 1140 1140 D SystemServerTiming: OnBootPhase_550_com.android.server.wifi.WifiService took to complete: 0ms
10-12 02:43:08.220 1140 1140 I SystemServerTiming: OnBootPhase_550_com.android.server.wifi.scanner.WifiScanningService
10-12 02:43:08.220 1140 1140 D SystemServerTiming: OnBootPhase_550_com.android.server.wifi.scanner.WifiScanningService took to complete: 0ms
10-12 02:43:08.220 1140 1140 I SystemServerTiming: OnBootPhase_550_com.android.server.wifi.rtt.RttService
10-12 02:43:08.220 1140 1140 D SystemServerTiming: OnBootPhase_550_com.android.server.wifi.rtt.RttService took to complete: 0ms
10-12 02:43:08.220 1140 1140 I SystemServerTiming: OnBootPhase_550_com.android.server.wifi.aware.WifiAwareService
10-12 02:43:08.220 1140 1140 D SystemServerTiming: OnBootPhase_550_com.android.server.wifi.aware.WifiAwareService took to complete: 0ms
10-12 02:43:08.220 1140 1140 I SystemServerTiming: OnBootPhase_550_com.android.server.wifi.p2p.WifiP2pService
10-12 02:43:08.220 1140 1140 D SystemServerTiming: OnBootPhase_550_com.android.server.wifi.p2p.WifiP2pService took to complete: 0ms
10-12 02:43:08.220 1140 1140 I SystemServerTiming: OnBootPhase_550_com.android.server.ethernet.EthernetService
10-12 02:43:08.220 1140 1140 D SystemServerTiming: OnBootPhase_550_com.android.server.ethernet.EthernetService took to complete: 0ms
10-12 02:43:08.220 1140 1140 I SystemServerTiming: OnBootPhase_550_com.android.server.ConnectivityServiceInitializer
10-12 02:43:08.221 1140 1140 D SystemServerTiming: OnBootPhase_550_com.android.server.ConnectivityServiceInitializer took to complete: 0ms
10-12 02:43:08.221 1140 1140 I SystemServerTiming: OnBootPhase_550_com.android.server.notification.NotificationManagerService
10-12 02:43:08.221 1140 1140 D SystemServerTiming: OnBootPhase_550_com.android.server.notification.NotificationManagerService took to complete: 0ms
10-12 02:43:08.221 1140 1140 I SystemServerTiming: OnBootPhase_550_com.android.server.storage.DeviceStorageMonitorService
10-12 02:43:08.221 1330 1973 I OMX-VENC: Component Deinit
10-12 02:43:08.221 1140 1140 D SystemServerTiming: OnBootPhase_550_com.android.server.storage.DeviceStorageMonitorService took to complete: 0ms
10-12 02:43:08.221 1140 1140 I SystemServerTiming: OnBootPhase_550_com.android.server.location.LocationManagerService$Lifecycle
10-12 02:43:08.221 1140 1140 D SystemServerTiming: OnBootPhase_550_com.android.server.location.LocationManagerService$Lifecycle took to complete: 0ms
10-12 02:43:08.221 1140 1140 I SystemServerTiming: OnBootPhase_550_com.android.server.timedetector.TimeDetectorService$Lifecycle
10-12 02:43:08.221 1140 1140 D SystemServerTiming: OnBootPhase_550_com.android.server.timedetector.TimeDetectorService$Lifecycle took to complete: 0ms
10-12 02:43:08.221 1140 1140 I SystemServerTiming: OnBootPhase_550_com.android.server.timezonedetector.TimeZoneDetectorService$Lifecycle
10-12 02:43:08.221 1140 1140 D SystemServerTiming: OnBootPhase_550_com.android.server.timezonedetector.TimeZoneDetectorService$Lifecycle took to complete: 0ms
01-01 08:00:59.270 0 0 E : INFO: trying to register non-static key.
10-12 02:43:08.221 1140 1140 I SystemServerTiming: OnBootPhase_550_com.android.server.timezonedetector.location.LocationTimeZoneManagerService$Lifecycle
10-12 02:43:08.221 1140 1140 D SystemServerTiming: OnBootPhase_550_com.android.server.timezonedetector.location.LocationTimeZoneManagerService$Lifecycle took to complete: 0ms
10-12 02:43:08.221 1140 1140 I SystemServerTiming: OnBootPhase_550_com.android.server.search.SearchManagerService$Lifecycle
