01-01 08:00:50.819 0 0 E swr_get_logical_dev_num: Error -22 to get logical addr for device d01170224
01-01 08:00:50.827 0 0 E wcd938x_codec wcd938x-codec: wcd938x_bind: Slave bind failed, ret = -517
01-01 08:00:50.836 0 0 W msm-pcm-routing soc: qcom,msm-pcm-routing: ASoC: no dapm match for MM_DL24 --> MultiMedia24 --> QUIN_TDM_RX_1 Audio Mixer
01-01 08:00:50.836 0 0 E msm-pcm-routing soc: qcom,msm-pcm-routing: ASoC: Failed to add route MM_DL24 -> MultiMedia24 -> QUIN_TDM_RX_1 Audio Mixer
01-01 08:00:50.854 0 0 W msm-pcm-routing soc: qcom,msm-pcm-routing: ASoC: no dapm match for MM_DL25 --> MultiMedia25 --> QUIN_TDM_RX_1 Audio Mixer
01-01 08:00:50.854 0 0 E msm-pcm-routing soc: qcom,msm-pcm-routing: ASoC: Failed to add route MM_DL25 -> MultiMedia25 -> QUIN_TDM_RX_1 Audio Mixer
01-01 08:00:50.891 0 0 E msm-pcm-routing soc: qcom,msm-pcm-routing: ASoC: no source widget found for AUX_PCM_TX
01-01 08:00:50.900 0 0 E msm-pcm-routing soc: qcom,msm-pcm-routing: ASoC: Failed to add route AUX_PCM_TX -> AUX_PCM_UL_TX -> SLIMBUS_0_RX Port Mixer
01-01 08:00:50.913 0 0 E msm-pcm-routing soc: qcom,msm-pcm-routing: ASoC: no source widget found for SEC_AUX_PCM_TX
01-01 08:00:50.922 0 0 E msm-pcm-routing soc: qcom,msm-pcm-routing: ASoC: Failed to add route SEC_AUX_PCM_TX -> SEC_AUX_PCM_UL_TX -> SLIMBUS_0_RX Port Mixer
01-01 08:00:50.936 0 0 E msm-pcm-routing soc: qcom,msm-pcm-routing: ASoC: no source widget found for TERT_AUX_PCM_TX
01-01 08:00:50.945 0 0 E msm-pcm-routing soc: qcom,msm-pcm-routing: ASoC: Failed to add route TERT_AUX_PCM_TX -> TERT_AUXPCM_UL_TX -> SLIMBUS_0_RX Port Mixer
01-01 08:00:50.959 0 0 E msm-pcm-routing soc: qcom,msm-pcm-routing: ASoC: no source widget found for QUAT_AUX_PCM_TX
01-01 08:00:50.968 0 0 E msm-pcm-routing soc: qcom,msm-pcm-routing: ASoC: Failed to add route QUAT_AUX_PCM_TX -> QUAT_AUXPCM_UL_TX -> SLIMBUS_0_RX Port Mixer
01-01 08:00:50.982 0 0 E msm-pcm-routing soc: qcom,msm-pcm-routing: ASoC: no source widget found for QUIN_AUX_PCM_TX
01-01 08:00:50.991 0 0 E msm-pcm-routing soc: qcom,msm-pcm-routing: ASoC: Failed to add route QUIN_AUX_PCM_TX -> QUIN_AUXPCM_UL_TX -> SLIMBUS_0_RX Port Mixer
01-01 08:00:51.005 0 0 E msm-pcm-routing soc: qcom,msm-pcm-routing: ASoC: no source widget found for SEN_AUX_PCM_TX
01-01 08:00:51.014 0 0 E msm-pcm-routing soc: qcom,msm-pcm-routing: ASoC: Failed to add route SEN_AUX_PCM_TX -> SEN_AUXPCM_UL_TX -> SLIMBUS_0_RX Port Mixer
01-01 08:00:51.037 0 0 I msm_cvp : warn: DBLP Set: status 0 0
01-01 08:00:51.080 0 0 I binder : 1140:1140 ioctl 40046210 7fe476a344 returned -22
01-01 08:00:51.111 1098 1098 I auditd : type=1400 audit(0.0:17): avc: denied { write } for comm="init.qcom.usb.s" name="uvc.0" dev="configfs" ino=44256 scontext=u:r:vendor_qti_init_shell:s0 tcontext=u:object_r:configfs:s0 tclass=dir permissive=0
01-01 08:00:51.111 1098 1098 I auditd : type=1400 audit(0.0:18): avc: denied { write } for comm="init.qcom.usb.s" name="uvc.0" dev="configfs" ino=44256 scontext=u:r:vendor_qti_init_shell:s0 tcontext=u:object_r:configfs:s0 tclass=dir permissive=0
01-01 08:00:51.139 1178 1178 I auditd : type=1400 audit(0.0:19): avc: denied { write } for comm="mkdir" name="header" dev="configfs" ino=44258 scontext=u:r:vendor_qti_init_shell:s0 tcontext=u:object_r:configfs:s0 tclass=dir permissive=0
01-01 08:00:51.157 1140 1140 I SystemServerTiming: InitBeforeStartServices
01-01 08:00:51.159 1140 1140 I system_server_start: [1,44049,44049]
01-01 08:00:51.160 1140 1140 I SystemServer: Entered the Android system server!
01-01 08:00:51.160 1140 1140 I boot_progress_system_run: 44076
01-01 08:00:51.167 1180 1180 I auditd : type=1400 audit(0.0:20): avc: denied { write } for comm="ln" name="fs" dev="configfs" ino=44267 scontext=u:r:vendor_qti_init_shell:s0 tcontext=u:object_r:configfs:s0 tclass=dir permissive=0
01-01 08:00:51.195 1182 1182 I auditd : type=1400 audit(0.0:21): avc: denied { write } for comm="ln" name="ss" dev="configfs" ino=44268 scontext=u:r:vendor_qti_init_shell:s0 tcontext=u:object_r:configfs:s0 tclass=dir permissive=0
01-01 08:00:51.231 1184 1184 I auditd : type=1400 audit(0.0:22): avc: denied { write } for comm="mkdir" name="uncompressed" dev="configfs" ino=44271 scontext=u:r:vendor_qti_init_shell:s0 tcontext=u:object_r:configfs:s0 tclass=dir permissive=0
01-01 08:00:51.259 1186 1186 I auditd : type=1400 audit(0.0:23): avc: denied { write } for comm="mkdir" name="uncompressed" dev="configfs" ino=44271 scontext=u:r:vendor_qti_init_shell:s0 tcontext=u:object_r:configfs:s0 tclass=dir permissive=0
01-01 08:00:51.287 1189 1189 I auditd : type=1400 audit(0.0:24): avc: denied { write } for comm="mkdir" name="mjpeg" dev="configfs" ino=44272 scontext=u:r:vendor_qti_init_shell:s0 tcontext=u:object_r:configfs:s0 tclass=dir permissive=0
01-01 08:00:51.300 0 0 E msm-dcc 1023000.dcc_v2: DCC is not ready Disabling DCC...
01-01 08:00:51.323 1190 1190 I auditd : type=1400 audit(0.0:25): avc: denied { write } for comm="mkdir" name="mjpeg" dev="configfs" ino=44272 scontext=u:r:vendor_qti_init_shell:s0 tcontext=u:object_r:configfs:s0 tclass=dir permissive=0
01-01 08:00:51.355 1191 1191 I auditd : type=1400 audit(0.0:26): avc: denied { write } for comm="mkdir" name="h264" dev="configfs" ino=44273 scontext=u:r:vendor_qti_init_shell:s0 tcontext=u:object_r:configfs:s0 tclass=dir permissive=0
01-01 08:00:51.383 1192 1192 I auditd : type=1400 audit(0.0:27): avc: denied { write } for comm="mkdir" name="h264" dev="configfs" ino=44273 scontext=u:r:vendor_qti_init_shell:s0 tcontext=u:object_r:configfs:s0 tclass=dir permissive=0
01-01 08:00:51.389 0 0 E msm-dai-fe soc: qcom,msm-dai-fe: ASoC: no sink widget found for AUXPCM_DL_HL
01-01 08:00:51.398 0 0 E msm-dai-fe soc: qcom,msm-dai-fe: ASoC: Failed to add route AUXPCM_HOSTLESS Playback -> direct -> AUXPCM_DL_HL
01-01 08:00:51.412 1140 1140 I SystemServerInitThreadPool: Creating instance with 8 threads
01-01 08:00:51.419 1193 1193 I auditd : type=1400 audit(0.0:28): avc: denied { write } for comm="mkdir" name="header" dev="configfs" ino=44270 scontext=u:r:vendor_qti_init_shell:s0 tcontext=u:object_r:configfs:s0 tclass=dir permissive=0
01-01 08:00:51.409 0 0 E msm-dai-fe soc: qcom,msm-dai-fe: ASoC: no source widget found for AUXPCM_UL_HL
01-01 08:00:51.418 0 0 E msm-dai-fe soc: qcom,msm-dai-fe: ASoC: Failed to add route AUXPCM_UL_HL -> direct -> AUXPCM_HOSTLESS Capture
01-01 08:00:51.447 1195 1195 I auditd : type=1400 audit(0.0:29): avc: denied { write } for comm="ln" name="header" dev="configfs" ino=44270 scontext=u:r:vendor_qti_init_shell:s0 tcontext=u:object_r:configfs:s0 tclass=dir permissive=0
01-01 08:00:51.435 0 0 E msm-auxpcm-dev soc: qcom,msm-pri-auxpcm: ASoC: no source widget found for AUX_PCM_RX
01-01 08:00:51.444 0 0 E msm-auxpcm-dev soc: qcom,msm-pri-auxpcm: ASoC: Failed to add route AUX_PCM_RX -> direct -> AUX PCM Playback
01-01 08:00:51.455 0 0 E msm-auxpcm-dev soc: qcom,msm-pri-auxpcm: ASoC: no sink widget found for AUX_PCM_TX
01-01 08:00:51.464 0 0 E msm-auxpcm-dev soc: qcom,msm-pri-auxpcm: ASoC: Failed to add route AUX PCM Capture -> direct -> AUX_PCM_TX
01-01 08:00:51.487 1196 1196 I auditd : type=1400 audit(0.0:30): avc: denied { write } for comm="ln" name="header" dev="configfs" ino=44270 scontext=u:r:vendor_qti_init_shell:s0 tcontext=u:object_r:configfs:s0 tclass=dir permissive=0
01-01 08:00:51.475 0 0 E msm-auxpcm-dev soc: qcom,msm-sec-auxpcm: ASoC: no source widget found for SEC_AUX_PCM_RX
01-01 08:00:51.484 0 0 E msm-auxpcm-dev soc: qcom,msm-sec-auxpcm: ASoC: Failed to add route SEC_AUX_PCM_RX -> direct -> Sec AUX PCM Playback
01-01 08:00:51.496 0 0 E msm-auxpcm-dev soc: qcom,msm-sec-auxpcm: ASoC: no sink widget found for SEC_AUX_PCM_TX
01-01 08:00:51.505 0 0 E msm-auxpcm-dev soc: qcom,msm-sec-auxpcm: ASoC: Failed to add route Sec AUX PCM Capture -> direct -> SEC_AUX_PCM_TX
01-01 08:00:51.519 1199 1199 I auditd : type=1400 audit(0.0:31): avc: denied { write } for comm="ln" name="header" dev="configfs" ino=44270 scontext=u:r:vendor_qti_init_shell:s0 tcontext=u:object_r:configfs:s0 tclass=dir permissive=0
01-01 08:00:51.517 0 0 E msm-auxpcm-dev soc: qcom,msm-tert-auxpcm: ASoC: no source widget found for TERT_AUX_PCM_RX
01-01 08:00:51.520 0 0 E msm-dcc 1023000.dcc_v2: DCC list passed 3
01-01 08:00:51.527 0 0 E msm-auxpcm-dev soc: qcom,msm-tert-auxpcm: ASoC: Failed to add route TERT_AUX_PCM_RX -> direct -> Tert AUX PCM Playback
01-01 08:00:51.532 0 0 I msm-dcc 1023000.dcc_v2: All values written to enable.
01-01 08:00:51.534 0 0 E i2c_geni 980000.i2c: i2c error :-107
01-01 08:00:51.534 0 0 E : [MAX975X:mcu_keep_wakeup_work_func] *ERROR* Failed to write dev:0x15 addr:0x22 value:0x00
01-01 08:00:51.544 0 0 E msm-auxpcm-dev soc: qcom,msm-tert-auxpcm: ASoC: no sink widget found for TERT_AUX_PCM_TX
01-01 08:00:51.551 1200 1200 I auditd : type=1400 audit(0.0:32): avc: denied { write } for comm="ln" name="fs" dev="configfs" ino=44277 scontext=u:r:vendor_qti_init_shell:s0 tcontext=u:object_r:configfs:s0 tclass=dir permissive=0
01-01 08:00:51.549 0 0 E msm-dcc 1023000.dcc_v2: DCC list passed 4
01-01 08:00:51.558 0 0 E msm-auxpcm-dev soc: qcom,msm-tert-auxpcm: ASoC: Failed to add route Tert AUX PCM Capture -> direct -> TERT_AUX_PCM_TX
01-01 08:00:51.558 0 0 E msm-auxpcm-dev soc: qcom,msm-quat-auxpcm: ASoC: no source widget found for QUAT_AUX_PCM_RX
01-01 08:00:51.568 0 0 I msm-dcc 1023000.dcc_v2: All values written to enable.
01-01 08:00:51.573 0 0 E msm-auxpcm-dev soc: qcom,msm-quat-auxpcm: ASoC: Failed to add route QUAT_AUX_PCM_RX -> direct -> Quat AUX PCM Playback
01-01 08:00:51.573 0 0 E msm-auxpcm-dev soc: qcom,msm-quat-auxpcm: ASoC: no sink widget found for QUAT_AUX_PCM_TX
01-01 08:00:51.587 1201 1201 I auditd : type=1400 audit(0.0:33): avc: denied { write } for comm="ln" name="hs" dev="configfs" ino=44278 scontext=u:r:vendor_qti_init_shell:s0 tcontext=u:object_r:configfs:s0 tclass=dir permissive=0
01-01 08:00:51.585 0 0 E msm-dcc 1023000.dcc_v2: DCC list passed 6
01-01 08:00:51.594 0 0 E msm-auxpcm-dev soc: qcom,msm-quat-auxpcm: ASoC: Failed to add route Quat AUX PCM Capture -> direct -> QUAT_AUX_PCM_TX
01-01 08:00:51.594 0 0 E msm-auxpcm-dev soc: qcom,msm-quin-auxpcm: ASoC: no source widget found for QUIN_AUX_PCM_RX
01-01 08:00:51.607 0 0 I msm-dcc 1023000.dcc_v2: All values written to enable.
01-01 08:00:51.615 0 0 E msm-auxpcm-dev soc: qcom,msm-quin-auxpcm: ASoC: Failed to add route QUIN_AUX_PCM_RX -> direct -> Quin AUX PCM Playback
01-01 08:00:51.616 0 0 E msm-auxpcm-dev soc: qcom,msm-quin-auxpcm: ASoC: no sink widget found for QUIN_AUX_PCM_TX
01-01 08:00:51.611 1202 1202 I auditd : type=1400 audit(0.0:34): avc: denied { write } for comm="ln" name="ss" dev="configfs" ino=44279 scontext=u:r:vendor_qti_init_shell:s0 tcontext=u:object_r:configfs:s0 tclass=dir permissive=0
01-01 08:00:51.625 0 0 I init : Service 'exec 22 (/vendor/bin/init.qcom.usb.sh)' (pid 1098) exited with status 1 waiting took 1.392000 seconds
01-01 08:00:51.633 0 0 E msm-auxpcm-dev soc: qcom,msm-quin-auxpcm: ASoC: Failed to add route Quin AUX PCM Capture -> direct -> QUIN_AUX_PCM_TX
01-01 08:00:51.633 0 0 E msm-auxpcm-dev soc: qcom,msm-sen-auxpcm: ASoC: no source widget found for SEN_AUX_PCM_RX
01-01 08:00:51.642 0 0 I init : Sending signal 9 to service 'exec 22 (/vendor/bin/init.qcom.usb.sh)' (pid 1098) process group...
01-01 08:00:51.642 0 0 I libprocessgroup: Successfully killed process cgroup uid 0 pid 1098 in 0ms
01-01 08:00:51.654 0 0 E msm-auxpcm-dev soc: qcom,msm-sen-auxpcm: ASoC: Failed to add route SEN_AUX_PCM_RX -> direct -> Sen AUX PCM Playback
01-01 08:00:51.654 0 0 E msm-auxpcm-dev soc: qcom,msm-sen-auxpcm: ASoC: no sink widget found for SEN_AUX_PCM_TX
01-01 08:00:51.666 0 0 I init : processing action (boot) from (/vendor/etc/init/hw/init.target.rc:79)
01-01 08:00:51.675 0 0 E msm-auxpcm-dev soc: qcom,msm-sen-auxpcm: ASoC: Failed to add route Sen AUX PCM Capture -> direct -> SEN_AUX_PCM_TX
01-01 08:00:51.675 0 0 W msm-dai-q6-hdmi soc: qcom,msm-dai-q6-dp: DAI driver id is not set
01-01 08:00:51.695 0 0 I init : starting service 'exec 23 (/vendor/bin/modprobe -a -d /vendor/lib/modules/ qca_cld3_qca6390 qca_cld3_qca6490)'...
01-01 08:00:51.727 0 0 I init : processing action (boot) from (/system/etc/init/dumpstate.rc:1)
01-01 08:00:51.727 0 0 I init : processing action (boot) from (/system/etc/init/gsid.rc:25)
01-01 08:00:51.728 0 0 I init : starting service 'exec 24 (/system/bin/gsid run-startup-tasks)'...
01-01 08:00:51.777 1205 1205 I gsid : no DSU: No such file or directory
01-01 08:00:51.861 0 0 E bolero-codec soc: qcom,msm-audio-apr:qcom,q6core-audio:bolero-cdc: ASoC: unknown pin WSA AIF VI
01-01 08:00:51.880 0 0 W swr-wcd wsa_swr_ctrl: DMA mask not set
01-01 08:00:51.929 1140 1140 D SystemServerTiming: InitBeforeStartServices took to complete: 773ms
01-01 08:00:51.930 1140 1140 I SystemServerTiming: StartServices
01-01 08:00:51.930 1140 1140 I SystemServerTiming: startBootstrapServices
01-01 08:00:51.930 1140 1140 I SystemServerTiming: StartWatchdog
01-01 08:00:51.906 0 0 E kona-asoc-snd soc: qcom,msm-audio-apr:qcom,q6core-audio:sound: ASoC: no source widget found for MIC BIAS1
01-01 08:00:51.918 0 0 E swr-wcd wsa_swr_ctrl: swrm_get_logical_dev_num: device 0x1020170211 is not ready
01-01 08:00:51.927 0 0 E kona-asoc-snd soc: qcom,msm-audio-apr:qcom,q6core-audio:sound: ASoC: Failed to add route MIC BIAS1 -> direct -> AMIC1
01-01 08:00:51.939 0 0 E swr_get_logical_dev_num: Error -22 to get logical addr for device 1020170211
01-01 08:00:51.946 1140 1140 D SystemServerTiming: StartWatchdog took to complete: 16ms
01-01 08:00:51.946 1140 1140 I SystemServer: Reading configuration...
01-01 08:00:51.946 1140 1140 I SystemServerTiming: ReadingSystemConfig
01-01 08:00:51.947 1140 1140 D SystemServerTiming: ReadingSystemConfig took to complete: 1ms
01-01 08:00:51.947 1140 1140 I SystemServerTiming: PlatformCompat
01-01 08:00:51.951 1140 1220 I SystemServerTimingAsync: InitThreadPoolExec:ReadingSystemConfig
01-01 08:00:51.951 1140 1220 D SystemServerInitThreadPool: Started executing ReadingSystemConfig
01-01 08:00:51.956 1140 1140 D CompatConfig: Found a config file: /system/etc/compatconfig/calendar-provider-compat-config.xml
01-01 08:00:51.956 1140 1220 I SystemConfig: Reading permissions from /system/etc/sysconfig/framework-sysconfig.xml
01-01 08:00:51.957 1140 1140 D CompatConfig: Adding: com.android.server.compat.config.Change@a92ac9c
01-01 08:00:51.947 0 0 E kona-asoc-snd soc: qcom,msm-audio-apr:qcom,q6core-audio:sound: ASoC: no sink widget found for MIC BIAS1
01-01 08:00:51.959 0 0 W wsa881x : probe of wsa881x.1020170211 failed with error -22
01-01 08:00:51.960 1140 1140 D CompatConfig: Found a config file: /system/etc/compatconfig/services-platform-compat-config.xml
01-01 08:00:51.962 1140 1140 D CompatConfig: Adding: com.android.server.compat.config.Change@fa6c22b
01-01 08:00:51.962 1140 1220 I SystemConfig: Reading permissions from /system/etc/sysconfig/preinstalled-packages-com.android.providers.media.module.xml
01-01 08:00:51.963 1140 1140 D CompatConfig: Adding: com.android.server.compat.config.Change@16bf688
01-01 08:00:51.963 1140 1140 D CompatConfig: Adding: com.android.server.compat.config.Change@5459821
01-01 08:00:51.964 1140 1140 D CompatConfig: Adding: com.android.server.compat.config.Change@d820446
01-01 08:00:51.965 1140 1140 D CompatConfig: Adding: com.android.server.compat.config.Change@1cd5607
01-01 08:00:51.966 1140 1140 D CompatConfig: Adding: com.android.server.compat.config.Change@50df334
01-01 08:00:51.966 1140 1220 I SystemConfig: Reading permissions from /system/etc/sysconfig/preinstalled-packages-platform.xml
01-01 08:00:51.968 1140 1140 D CompatConfig: Adding: com.android.server.compat.config.Change@9ca1ed2
01-01 08:00:51.969 1140 1140 D CompatConfig: Adding: com.android.server.compat.config.Change@8df4ba3
01-01 08:00:51.970 1140 1220 I SystemConfig: Reading permissions from /system/etc/sysconfig/qti_whitelist.xml
01-01 08:00:51.970 1140 1140 D CompatConfig: Adding: com.android.server.compat.config.Change@e182a59
01-01 08:00:51.971 1140 1140 D CompatConfig: Adding: com.android.server.compat.config.Change@707561e
01-01 08:00:51.972 1140 1220 I SystemConfig: Reading permissions from /system/etc/sysconfig/preinstalled-packages-platform-full-base.xml
01-01 08:00:51.972 1140 1140 D CompatConfig: Adding: com.android.server.compat.config.Change@aa874cc
01-01 08:00:51.973 1140 1140 D CompatConfig: Adding: com.android.server.compat.config.Change@f181315
01-01 08:00:51.962 0 0 E kona-asoc-snd soc: qcom,msm-audio-apr:qcom,q6core-audio:sound: ASoC: Failed to add route Analog Mic1 -> direct -> MIC BIAS1
01-01 08:00:51.974 0 0 E swr-wcd wsa_swr_ctrl: swrm_get_logical_dev_num: device 0x1020170212 is not ready
01-01 08:00:51.974 1140 1220 I SystemConfig: Reading permissions from /system/etc/sysconfig/hiddenapi-package-whitelist.xml
01-01 08:00:51.978 1140 1220 I SystemConfig: Reading permissions from /system/etc/permissions/android.software.freeform_window_management.xml
01-01 08:00:51.982 1140 1140 D CompatConfig: Adding: com.android.server.compat.config.Change@24e11b8
01-01 08:00:51.984 1140 1220 I SystemConfig: Reading permissions from /system/etc/permissions/com.android.location.provider.xml
01-01 08:00:51.986 1140 1140 D CompatConfig: Adding: com.android.server.compat.config.Change@2fa0af6
01-01 08:00:51.987 1140 1220 I SystemConfig: Reading permissions from /system/etc/permissions/javax.obex.xml
01-01 08:00:51.987 1140 1140 D CompatConfig: Adding: com.android.server.compat.config.Change@2ae9164
01-01 08:00:51.989 1140 1220 I SystemConfig: Reading permissions from /system/etc/permissions/android.test.mock.xml
01-01 08:00:51.990 1140 1140 D CompatConfig: Adding: com.android.server.compat.config.Change@a33e082
01-01 08:00:51.990 1140 1140 D CompatConfig: Adding: com.android.server.compat.config.Change@d0a6393
01-01 08:00:51.991 1140 1220 I SystemConfig: Reading permissions from /system/etc/permissions/com.thundercomm.tcservice.xml
01-01 08:00:51.992 1140 1140 D CompatConfig: Adding: com.android.server.compat.config.Change@60b5bc9
01-01 08:00:51.993 1140 1220 I SystemConfig: Reading permissions from /system/etc/permissions/android.test.runner.xml
01-01 08:00:51.993 1140 1140 D CompatConfig: Adding: com.android.server.compat.config.Change@aeda5ef
01-01 08:00:51.983 0 0 E kona-asoc-snd soc: qcom,msm-audio-apr:qcom,q6core-audio:sound: ASoC: no source widget found for MIC BIAS2
01-01 08:00:51.990 0 0 I msm_vidc: err : ffffffff: .....: DBLP Set: status 0
01-01 08:00:51.994 0 0 E swr_get_logical_dev_num: Error -22 to get logical addr for device 1020170212
01-01 08:00:51.995 1140 1140 D CompatConfig: Adding: com.android.server.compat.config.Change@598a8fc
01-01 08:00:51.995 1140 1220 I SystemConfig: Reading permissions from /system/etc/permissions/com.android.nfc_extras.xml
01-01 08:00:51.996 1140 1140 D CompatConfig: Adding: com.android.server.compat.config.Change@c98fdda
01-01 08:00:51.997 1140 1220 I SystemConfig: Reading permissions from /system/etc/permissions/com.android.networkstack.tethering.xml
01-01 08:00:51.997 1140 1140 D CompatConfig: Adding: com.android.server.compat.config.Change@f4558e8
01-01 08:00:51.998 1140 1140 D CompatConfig: Adding: com.android.server.compat.config.Change@d0dbb01
01-01 08:00:51.999 1140 1220 I SystemConfig: Reading permissions from /system/etc/permissions/com.android.future.usb.accessory.xml
01-01 08:00:52.000 1140 1140 D CompatConfig: Adding: com.android.server.compat.config.Change@99e63e7
01-01 08:00:52.001 1140 1220 I SystemConfig: Reading permissions from /system/etc/permissions/android.test.base.xml
01-01 08:00:52.001 1140 1140 D CompatConfig: Adding: com.android.server.compat.config.Change@41a063d
01-01 08:00:52.002 1140 1140 D CompatConfig: Adding: com.android.server.compat.config.Change@d296e32
01-01 08:00:52.002 1140 1220 I SystemConfig: Reading permissions from /system/etc/permissions/com.thundercomm.mcuupgrade.xml
01-01 08:00:51.994 0 0 W wsa881x : probe of wsa881x.1020170212 failed with error -22
01-01 08:00:52.003 0 0 E kona-asoc-snd soc: qcom,msm-audio-apr:qcom,q6core-audio:sound: ASoC: Failed to add route MIC BIAS2 -> direct -> AMIC2
01-01 08:00:52.004 1140 1220 I SystemConfig: Reading permissions from /system/etc/permissions/uimremoteclient.xml
01-01 08:00:52.004 1140 1140 D CompatConfig: Adding: com.android.server.compat.config.Change@a5c939
01-01 08:00:52.006 1140 1220 I SystemConfig: Reading permissions from /system/etc/permissions/com.android.media.remotedisplay.xml
01-01 08:00:52.006 1140 1140 D CompatConfig: Adding: com.android.server.compat.config.Change@af9e8df
01-01 08:00:52.008 1140 1220 I SystemConfig: Reading permissions from /system/etc/permissions/com.android.mediadrm.signer.xml
01-01 08:00:52.009 1140 1140 D CompatConfig: Adding: com.android.server.compat.config.Change@590bff5
01-01 08:00:52.011 1140 1220 I SystemConfig: Reading permissions from /system/etc/permissions/privapp-permissions-qti.xml
01-01 08:00:52.011 1140 1140 D CompatConfig: Adding: com.android.server.compat.config.Change@2be33fb
01-01 08:00:52.013 1140 1220 I SystemConfig: Reading permissions from /system/etc/permissions/android.software.live_wallpaper.xml
01-01 08:00:52.014 1140 1140 D CompatConfig: Adding: com.android.server.compat.config.Change@9fa6671
01-01 08:00:52.016 1140 1220 I SystemConfig: Reading permissions from /system/etc/permissions/android.software.webview.xml
01-01 08:00:52.017 1140 1140 D CompatConfig: Adding: com.android.server.compat.config.Change@2b214d7
01-01 08:00:52.018 1140 1220 I SystemConfig: Reading permissions from /system/etc/permissions/privapp-permissions-platform.xml
01-01 08:00:52.020 1140 1140 D CompatConfig: Adding: com.android.server.compat.config.Change@d7df8ad
01-01 08:00:52.021 1140 1140 D CompatConfig: Adding: com.android.server.compat.config.Change@335c7e2
01-01 08:00:52.022 1140 1140 D CompatConfig: Adding: com.android.server.compat.config.Change@b992773
01-01 08:00:52.023 1140 1220 I SystemConfig: Reading permissions from /system/etc/permissions/com.android.networkstack.xml
01-01 08:00:52.023 1140 1140 D CompatConfig: Adding: com.android.server.compat.config.Change@42e72a9
01-01 08:00:52.025 1140 1140 D CompatConfig: Adding: com.android.server.compat.config.Change@66c802e
01-01 08:00:52.025 1140 1220 I SystemConfig: Reading permissions from /system/etc/permissions/org.apache.http.legacy.xml
01-01 08:00:52.026 1140 1140 D CompatConfig: Adding: com.android.server.compat.config.Change@494555c
01-01 08:00:52.028 1140 1220 I SystemConfig: Reading permissions from /system/etc/permissions/uimremoteserver.xml
01-01 08:00:52.028 1140 1140 D CompatConfig: Adding: com.android.server.compat.config.Change@c44713a
01-01 08:00:52.019 0 0 E kona-asoc-snd soc: qcom,msm-audio-apr:qcom,q6core-audio:sound: ASoC: no sink widget found for MIC BIAS2
01-01 08:00:52.029 1140 1140 D CompatConfig: Adding: com.android.server.compat.config.Change@8011eb
01-01 08:00:52.030 1140 1220 I SystemConfig: Reading permissions from /system/etc/permissions/com.android.documentsui.xml
01-01 08:00:52.032 1140 1140 D CompatConfig: Adding: com.android.server.compat.config.Change@fe0cde1
01-01 08:00:52.032 1140 1220 I SystemConfig: Reading permissions from /system/etc/permissions/platform.xml
01-01 08:00:52.039 1140 1140 D CompatConfig: Adding: com.android.server.compat.config.Change@d4be1c7
01-01 08:00:52.044 1140 1140 D CompatConfig: Adding: com.android.server.compat.config.Change@f03f3f4
01-01 08:00:52.045 1140 1220 I SystemConfig: Reading permissions from /vendor/etc/permissions/android.hardware.sensor.accelerometer.xml
01-01 08:00:52.046 1140 1140 D CompatConfig: Adding: com.android.server.compat.config.Change@5a3ed92
01-01 08:00:52.047 1140 1220 I SystemConfig: Reading permissions from /vendor/etc/permissions/android.hardware.wifi.direct.xml
01-01 08:00:52.048 1140 1140 D CompatConfig: Adding: com.android.server.compat.config.Change@b665b60
01-01 08:00:52.048 1140 1220 I SystemConfig: Reading permissions from /vendor/etc/permissions/android.hardware.sensor.ambient_temperature.xml
01-01 08:00:52.049 1140 1140 D CompatConfig: Adding: com.android.server.compat.config.Change@68f50de
01-01 08:00:52.049 1140 1140 D CompatConfig: Adding: com.android.server.compat.config.Change@f5d42bf
01-01 08:00:52.050 1140 1140 D CompatConfig: Adding: com.android.server.compat.config.Change@3c5cd8c
01-01 08:00:52.051 1140 1220 I SystemConfig: Reading permissions from /vendor/etc/permissions/android.software.ipsec_tunnels.xml
01-01 08:00:52.030 0 0 E swr-wcd wsa_swr_ctrl: swrm_get_logical_dev_num: device 0x1021170213 is not ready
01-01 08:00:52.038 0 0 E kona-asoc-snd soc: qcom,msm-audio-apr:qcom,q6core-audio:sound: ASoC: Failed to add route Analog Mic2 -> direct -> MIC BIAS2
01-01 08:00:52.051 0 0 E swr_get_logical_dev_num: Error -22 to get logical addr for device 1021170213
01-01 08:00:52.052 1140 1140 D CompatConfig: Adding: com.android.server.compat.config.Change@83b9cea
01-01 08:00:52.053 1140 1220 I SystemConfig: Reading permissions from /vendor/etc/permissions/android.software.device_id_attestation.xml
01-01 08:00:52.053 1140 1140 D CompatConfig: Adding: com.android.server.compat.config.Change@c83678
01-01 08:00:52.054 1140 1220 I SystemConfig: Reading permissions from /vendor/etc/permissions/android.hardware.vulkan.compute-0.xml
01-01 08:00:52.055 1140 1220 I SystemConfig: Reading permissions from /vendor/etc/permissions/android.hardware.sensor.barometer.xml
01-01 08:00:52.057 1140 1220 I SystemConfig: Reading permissions from /vendor/etc/permissions/qti_fingerprint_interface.xml
01-01 08:00:52.059 1140 1220 I SystemConfig: Reading permissions from /vendor/etc/permissions/android.hardware.usb.host.xml
01-01 08:00:52.060 1140 1220 I SystemConfig: Reading permissions from /vendor/etc/permissions/android.software.vulkan.deqp.level.xml
01-01 08:00:52.061 1140 1220 I SystemConfig: Reading permissions from /vendor/etc/permissions/vendor-qti-hardware-sensorscalibrate.xml
01-01 08:00:52.061 1140 1140 D CompatConfig: Adding: com.android.server.compat.config.Change@b175b53
01-01 08:00:52.062 1140 1140 D CompatConfig: Adding: com.android.server.compat.config.Change@bf75c90
01-01 08:00:52.063 1140 1140 D CompatConfig: Found a config file: /system/etc/compatconfig/icu4j-platform-compat-config.xml
01-01 08:00:52.064 1140 1140 D CompatConfig: Adding: com.android.server.compat.config.Change@d1fad8e
01-01 08:00:52.065 1140 1140 D CompatConfig: Found a config file: /system/etc/compatconfig/framework-platform-compat-config.xml
01-01 08:00:52.065 1140 1220 I SystemConfig: Reading permissions from /vendor/etc/permissions/android.hardware.sensor.compass.xml
01-01 08:00:52.067 1140 1220 I SystemConfig: Reading permissions from /vendor/etc/permissions/android.hardware.bluetooth.xml
01-01 08:00:52.067 1140 1140 D CompatConfig: Adding: com.android.server.compat.config.Change@1ed149a
01-01 08:00:52.068 1140 1220 I SystemConfig: Reading permissions from /vendor/etc/permissions/handheld_core_hardware.xml
01-01 08:00:52.068 1140 1140 D CompatConfig: Adding: com.android.server.compat.config.Change@9f22da8
01-01 08:00:52.068 1140 1140 D CompatConfig: Adding: com.android.server.compat.config.Change@df6d0c1
01-01 08:00:52.069 1140 1140 D CompatConfig: Adding: com.android.server.compat.config.Change@bf7e066
01-01 08:00:52.070 1140 1220 I SystemConfig: Reading permissions from /vendor/etc/permissions/android.hardware.sensor.hifi_sensors.xml
01-01 08:00:52.070 1140 1140 D CompatConfig: Adding: com.android.server.compat.config.Change@6107c54
01-01 08:00:52.060 0 0 W wsa881x : probe of wsa881x.1021170213 failed with error -22
01-01 08:00:52.061 0 0 E kona-asoc-snd soc: qcom,msm-audio-apr:qcom,q6core-audio:sound: ASoC: no source widget found for MIC BIAS3
01-01 08:00:52.068 0 0 E wlan : Loading driver v5.2.022.10G +TIMER_MANAGER +MEMORY_DEBUG +PANIC_ON_BUG; 2022-10-12T04:07:17Z; cld:; cmn:;
01-01 08:00:52.071 1140 1140 D CompatConfig: Adding: com.android.server.compat.config.Change@7deb7fd
01-01 08:00:52.072 1140 1220 I SystemConfig: Reading permissions from /vendor/etc/permissions/android.hardware.light.xml
01-01 08:00:52.072 1140 1140 D CompatConfig: Adding: com.android.server.compat.config.Change@fdbf43
01-01 08:00:52.073 1140 1140 D CompatConfig: Adding: com.android.server.compat.config.Change@d2309c0
01-01 08:00:52.074 1140 1140 D CompatConfig: Adding: com.android.server.compat.config.Change@f63d6f9
01-01 08:00:52.075 1140 1140 D CompatConfig: Adding: com.android.server.compat.config.Change@eb30c9f
01-01 08:00:52.075 1140 1220 I SystemConfig: Reading permissions from /vendor/etc/permissions/android.hardware.vulkan.level-1.xml
01-01 08:00:52.075 1140 1140 D CompatConfig: Adding: com.android.server.compat.config.Change@20f01ec
01-01 08:00:52.076 1140 1140 D CompatConfig: Adding: com.android.server.compat.config.Change@b81e9b5
01-01 08:00:52.077 1140 1220 I SystemConfig: Reading permissions from /vendor/etc/permissions/android.hardware.audio.pro.xml
01-01 08:00:52.078 1140 1140 D CompatConfig: Adding: com.android.server.compat.config.Change@145d3bb
01-01 08:00:52.079 1140 1220 I SystemConfig: Reading permissions from /vendor/etc/permissions/android.hardware.bluetooth_le.xml
01-01 08:00:52.079 1140 1140 D CompatConfig: Adding: com.android.server.compat.config.Change@d346c31
01-01 08:00:52.080 1140 1140 D CompatConfig: Adding: com.android.server.compat.config.Change@72f2f16
01-01 08:00:52.080 1140 1220 I SystemConfig: Reading permissions from /vendor/etc/permissions/android.hardware.opengles.aep.xml
01-01 08:00:52.081 1140 1140 D CompatConfig: Adding: com.android.server.compat.config.Change@75a284
01-01 08:00:52.081 1140 1140 D CompatConfig: Adding: com.android.server.compat.config.Change@fb29a6d
01-01 08:00:52.082 1140 1220 I SystemConfig: Reading permissions from /vendor/etc/permissions/android.hardware.se.omapi.uicc.xml
01-01 08:00:52.082 1140 1140 D CompatConfig: Adding: com.android.server.compat.config.Change@7fcff33
01-01 08:00:52.075 0 0 E kona-asoc-snd soc: qcom,msm-audio-apr:qcom,q6core-audio:sound: ASoC: Failed to add route MIC BIAS3 -> direct -> AMIC3
01-01 08:00:52.083 1140 1140 D CompatConfig: Adding: com.android.server.compat.config.Change@ec62f0
01-01 08:00:52.084 1140 1220 I SystemConfig: Reading permissions from /vendor/etc/permissions/android.hardware.sensor.gyroscope.xml
01-01 08:00:52.084 1140 1140 D CompatConfig: Adding: com.android.server.compat.config.Change@4350aee
01-01 08:00:52.085 1140 1140 D CompatConfig: Adding: com.android.server.compat.config.Change@5fe5b8f
01-01 08:00:52.086 1140 1220 I SystemConfig: Reading permissions from /vendor/etc/permissions/android.hardware.fingerprint.xml
01-01 08:00:52.087 1140 1140 D CompatConfig: Adding: com.android.server.compat.config.Change@ac1aa25
01-01 08:00:52.087 1140 1220 I SystemConfig: Reading permissions from /vendor/etc/permissions/android.hardware.wifi.aware.xml
01-01 08:00:52.088 1140 1140 D CompatConfig: Adding: com.android.server.compat.config.Change@30f21ab
01-01 08:00:52.089 1140 1220 I SystemConfig: Reading permissions from /vendor/etc/permissions/android.hardware.touchscreen.multitouch.jazzhand.xml
01-01 08:00:52.090 1140 1140 D CompatConfig: Adding: com.android.server.compat.config.Change@387c3a1
01-01 08:00:52.090 1140 1220 I SystemConfig: Reading permissions from /vendor/etc/permissions/android.software.midi.xml
01-01 08:00:52.092 1140 1140 D CompatConfig: Adding: com.android.server.compat.config.Change@1c2d87
01-01 08:00:52.092 1140 1220 I SystemConfig: Reading permissions from /vendor/etc/permissions/android.hardware.se.omapi.ese.xml
01-01 08:00:52.093 1140 1140 D CompatConfig: Adding: com.android.server.compat.config.Change@3bf8dd
01-01 08:00:52.094 1140 1140 D CompatConfig: Adding: com.android.server.compat.config.Change@74a7c52
01-01 08:00:52.094 1140 1220 I SystemConfig: Reading permissions from /vendor/etc/permissions/android.software.verified_boot.xml
01-01 08:00:52.095 1140 1140 D CompatConfig: Adding: com.android.server.compat.config.Change@166820
01-01 08:00:52.096 1140 1220 I SystemConfig: Reading permissions from /vendor/etc/permissions/android.hardware.wifi.passpoint.xml
01-01 08:00:52.097 1140 1140 D CompatConfig: Adding: com.android.server.compat.config.Change@bf00b9e
01-01 08:00:52.098 1140 1140 D CompatConfig: Adding: com.android.server.compat.config.Change@2f3467f
01-01 08:00:52.098 1140 1220 I SystemConfig: Reading permissions from /vendor/etc/permissions/android.hardware.wifi.rtt.xml
01-01 08:00:52.099 1140 1140 D CompatConfig: Adding: com.android.server.compat.config.Change@c6a6695
01-01 08:00:52.100 1140 1140 D CompatConfig: Adding: com.android.server.compat.config.Change@17fcb9b
01-01 08:00:52.100 1140 1220 I SystemConfig: Reading permissions from /vendor/etc/permissions/android.hardware.wifi.xml
01-01 08:00:52.101 1140 1140 D CompatConfig: Adding: com.android.server.compat.config.Change@8551b38
01-01 08:00:52.102 1140 1140 D CompatConfig: Adding: com.android.server.compat.config.Change@fd7d711
01-01 08:00:52.103 1140 1140 D CompatConfig: Adding: com.android.server.compat.config.Change@a93f076
01-01 08:00:52.104 1140 1220 I SystemConfig: Reading permissions from /vendor/etc/permissions/android.hardware.usb.accessory.xml
01-01 08:00:52.104 1140 1140 D CompatConfig: Adding: com.android.server.compat.config.Change@fdcb2e4
01-01 08:00:52.105 1140 1140 D CompatConfig: Adding: com.android.server.compat.config.Change@fd1d34d
01-01 08:00:52.106 1140 1140 D CompatConfig: Adding: com.android.server.compat.config.Change@5469e02
01-01 08:00:52.106 1140 1140 D CompatConfig: Adding: com.android.server.compat.config.Change@ac21313
01-01 08:00:52.107 1140 1220 I SystemConfig: Reading permissions from /vendor/etc/permissions/vendor.qti.hardware.factory.xml
01-01 08:00:52.107 1140 1140 D CompatConfig: Adding: com.android.server.compat.config.Change@4f55749
01-01 08:00:52.108 1140 1140 D CompatConfig: Adding: com.android.server.compat.config.Change@884984e
01-01 08:00:52.095 0 0 E swr-wcd wsa_swr_ctrl: swrm_get_logical_dev_num: device 0x1021170214 is not ready
01-01 08:00:52.104 0 0 E swr_get_logical_dev_num: Error -22 to get logical addr for device 1021170214
01-01 08:00:52.111 0 0 E ipa3_uc_reg_rdyCB: 2973 bad parm. inout=0000000000000000
01-01 08:00:52.113 0 0 E kona-asoc-snd soc: qcom,msm-audio-apr:qcom,q6core-audio:sound: ASoC: no sink widget found for MIC BIAS3
01-01 08:00:52.111 1140 1140 D CompatConfig: Adding: com.android.server.compat.config.Change@130cd6f
01-01 08:00:52.111 1140 1220 I SystemConfig: Reading permissions from /vendor/etc/permissions/android.hardware.audio.low_latency.xml
01-01 08:00:52.112 1140 1140 D CompatConfig: Adding: com.android.server.compat.config.Change@ab31f05
01-01 08:00:52.114 1140 1140 D CompatConfig: Adding: com.android.server.compat.config.Change@495eb5a
01-01 08:00:52.114 1140 1220 I SystemConfig: Reading permissions from /vendor/etc/permissions/android.hardware.sensor.relative_humidity.xml
01-01 08:00:52.116 1140 1220 I SystemConfig: Reading permissions from /vendor/etc/permissions/android.hardware.vulkan.version-1_1.xml
01-01 08:00:52.116 1140 1140 D CompatConfig: Adding: com.android.server.compat.config.Change@8cba681
01-01 08:00:52.117 1140 1220 I SystemConfig: Reading permissions from /vendor/etc/permissions/android.hardware.location.gps.xml
01-01 08:00:52.118 1140 1140 D CompatConfig: Adding: com.android.server.compat.config.Change@12efb67
01-01 08:00:52.119 1140 1140 D CompatConfig: Adding: com.android.server.compat.config.Change@a449d14
01-01 08:00:52.120 1140 1140 D CompatConfig: Adding: com.android.server.compat.config.Change@88b29bd
01-01 08:00:52.122 1140 1220 I SystemConfig: Reading permissions from /product/etc/sysconfig/preinstalled-packages-platform-overlays.xml
01-01 08:00:52.122 1140 1140 D CompatConfig: Adding: com.android.server.compat.config.Change@fa5e703
01-01 08:00:52.124 1140 1140 D CompatConfig: Adding: com.android.server.compat.config.Change@5587680
01-01 08:00:52.124 1140 1220 I SystemConfig: Reading permissions from /product/etc/sysconfig/preinstalled-packages-platform-handheld-product.xml
01-01 08:00:52.124 1140 1140 D CompatConfig: Adding: com.android.server.compat.config.Change@96db0fe
01-01 08:00:52.125 1140 1140 D CompatConfig: Adding: com.android.server.compat.config.Change@215f05f
01-01 08:00:52.128 1140 1140 D CompatConfig: Adding: com.android.server.compat.config.Change@b0e7aac
01-01 08:00:52.129 1140 1220 I SystemConfig: Reading permissions from /product/etc/permissions/vendor.qti.hardware.data.connection-V1.1-java.xml
01-01 08:00:52.130 1140 1220 I SystemConfig: Reading permissions from /product/etc/permissions/UimService.xml
01-01 08:00:52.117 0 0 I : wlan_hdd_state wlan major(477) initialized
01-01 08:00:52.117 0 0 D cnss : Start to wait for calibration to complete
01-01 08:00:52.120 0 0 W wsa881x : probe of wsa881x.1021170214 failed with error -22
01-01 08:00:52.130 1140 1140 D CompatConfig: Adding: com.android.server.compat.config.Change@53337b
01-01 08:00:52.131 1140 1220 I SystemConfig: Reading permissions from /product/etc/permissions/ims_ext_common.xml
01-01 08:00:52.130 0 0 E kona-asoc-snd soc: qcom,msm-audio-apr:qcom,q6core-audio:sound: ASoC: Failed to add route Analog Mic3 -> direct -> MIC BIAS3
01-01 08:00:52.135 1140 1220 I SystemConfig: Reading permissions from /product/etc/permissions/privapp-permissions-soundrecorder.xml
01-01 08:00:52.136 1140 1220 I SystemConfig: Reading permissions from /product/etc/permissions/vendor.qti.hardware.data.connection-V1.0-java.xml
01-01 08:00:52.139 1140 1140 D CompatConfig: Adding: com.android.server.compat.config.Change@1578c57
01-01 08:00:52.140 1140 1220 I SystemConfig: Reading permissions from /product/etc/permissions/com.android.settings.intelligence.xml
01-01 08:00:52.140 1140 1140 D CompatConfig: Adding: com.android.server.compat.config.Change@83efc2d
01-01 08:00:52.141 1140 1140 D CompatConfig: Adding: com.android.server.compat.config.Change@b754562
01-01 08:00:52.142 1140 1140 D CompatConfig: Adding: com.android.server.compat.config.Change@7de96f3
01-01 08:00:52.143 1140 1220 I SystemConfig: Reading permissions from /product/etc/permissions/telephony_product_privapp-permissions-qti.xml
01-01 08:00:52.148 1140 1220 I SystemConfig: Reading permissions from /product/etc/permissions/com.qti.snapdragon.sdk.display.xml
01-01 08:00:52.149 1140 1140 D CompatConfig: Found a config file: /system/etc/compatconfig/documents-ui-compat-config.xml
01-01 08:00:52.150 1140 1220 I SystemConfig: Reading permissions from /system_ext/etc/sysconfig/qti_whitelist_system_ext.xml
01-01 08:00:52.150 1140 1140 D CompatConfig: Adding: com.android.server.compat.config.Change@7fbe6dc
01-01 08:00:52.151 1140 1220 I SystemConfig: Reading permissions from /system_ext/etc/sysconfig/qti_telephony_system_packages_config.xml
01-01 08:00:52.153 1140 1140 D CompatConfig: Found a config file: /system/system_ext/etc/compatconfig/settings-platform-compat-config.xml
01-01 08:00:52.154 1140 1140 D CompatConfig: Adding: com.android.server.compat.config.Change@313f16b
01-01 08:00:52.154 1140 1220 I SystemConfig: Reading permissions from /system_ext/etc/permissions/com.qti.media.secureprocessor.xml
01-01 08:00:52.156 1140 1140 D CompatConfig: No directory /apex/com.android.vndk.v30/etc/compatconfig, skipping
01-01 08:00:52.156 1140 1140 D CompatConfig: No directory /apex/com.android.wifi/etc/compatconfig, skipping
01-01 08:00:52.156 1140 1140 D CompatConfig: No directory /apex/com.android.vndk.v31/etc/compatconfig, skipping
01-01 08:00:52.157 1140 1140 D CompatConfig: No directory /apex/com.android.tzdata/etc/compatconfig, skipping
01-01 08:00:52.157 1140 1140 D CompatConfig: No directory /apex/com.android.tethering/etc/compatconfig, skipping
01-01 08:00:52.157 1140 1140 D CompatConfig: No directory /apex/com.android.sdkext/etc/compatconfig, skipping
01-01 08:00:52.157 1140 1140 D CompatConfig: No directory /apex/com.android.scheduling/etc/compatconfig, skipping
01-01 08:00:52.157 1140 1140 D CompatConfig: No directory /apex/com.android.runtime/etc/compatconfig, skipping
01-01 08:00:52.157 1140 1140 D CompatConfig: No directory /apex/com.android.resolv/etc/compatconfig, skipping
01-01 08:00:52.157 1140 1140 D CompatConfig: No directory /apex/com.android.permission/etc/compatconfig, skipping
01-01 08:00:52.158 1140 1140 D CompatConfig: No directory /apex/com.android.os.statsd/etc/compatconfig, skipping
01-01 08:00:52.158 1140 1140 D CompatConfig: No directory /apex/com.android.neuralnetworks/etc/compatconfig, skipping
01-01 08:00:52.148 0 0 E kona-asoc-snd soc: qcom,msm-audio-apr:qcom,q6core-audio:sound: ASoC: no source widget found for MIC BIAS3
01-01 08:00:52.159 0 0 E kona-asoc-snd soc: qcom,msm-audio-apr:qcom,q6core-audio:sound: ASoC: Failed to add route MIC BIAS3 -> direct -> AMIC4
01-01 08:00:52.159 1140 1220 I SystemConfig: Reading permissions from /system_ext/etc/permissions/com.android.launcher3.xml
01-01 08:00:52.161 1140 1140 D CompatConfig: Found a config file: /apex/com.android.mediaprovider/etc/compatconfig/media-provider-platform-compat-config.xml
01-01 08:00:52.162 1140 1220 I SystemConfig: Reading permissions from /system_ext/etc/permissions/vendor.qti.ims.rcsservice.xml
01-01 08:00:52.162 1140 1140 D CompatConfig: Adding: com.android.server.compat.config.Change@29c3574
01-01 08:00:52.163 1140 1220 I SystemConfig: Reading permissions from /system_ext/etc/permissions/com.qualcomm.qti.imscmservice-V2.0-java.xml
01-01 08:00:52.164 1140 1220 I SystemConfig: Reading permissions from /system_ext/etc/permissions/embms.xml
01-01 08:00:52.167 1140 1140 D CompatConfig: Adding: com.android.server.compat.config.Change@5b22e3
01-01 08:00:52.168 1140 1220 I SystemConfig: Reading permissions from /system_ext/etc/permissions/telephony_system-ext_privapp-permissions-qti.xml
01-01 08:00:52.168 1140 1140 D CompatConfig: Adding: com.android.server.compat.config.Change@5dff399
01-01 08:00:52.176 1140 1220 I SystemConfig: Reading permissions from /system_ext/etc/permissions/com.android.systemui.xml
01-01 08:00:52.177 1140 1140 D CompatConfig: Adding: com.android.server.compat.config.Change@e130a3f
01-01 08:00:52.178 1140 1220 I SystemConfig: Reading permissions from /system_ext/etc/permissions/com.android.storagemanager.xml
01-01 08:00:52.178 1140 1140 D CompatConfig: Adding: com.android.server.compat.config.Change@7b33055
01-01 08:00:52.181 1140 1220 I SystemConfig: Reading permissions from /system_ext/etc/permissions/dpmapi.xml
01-01 08:00:52.171 0 0 E kona-asoc-snd soc: qcom,msm-audio-apr:qcom,q6core-audio:sound: ASoC: no sink widget found for MIC BIAS3
01-01 08:00:52.181 0 0 E kona-asoc-snd soc: qcom,msm-audio-apr:qcom,q6core-audio:sound: ASoC: Failed to add route Analog Mic4 -> direct -> MIC BIAS3
01-01 08:00:52.183 1140 1220 I SystemConfig: Reading permissions from /system_ext/etc/permissions/embms-noship_product_privapp_permissions_qti.xml
01-01 08:00:52.184 1140 1220 I SystemConfig: Reading permissions from /system_ext/etc/permissions/android.software.verified_boot.xml
01-01 08:00:52.186 1140 1220 I SystemConfig: Reading permissions from /system_ext/etc/permissions/izat.xt.srv.xml
01-01 08:00:52.186 1140 1140 D CompatConfig: Adding: com.android.server.compat.config.Change@56a0336
01-01 08:00:52.187 1140 1140 D CompatConfig: Adding: com.android.server.compat.config.Change@ce20237
01-01 08:00:52.188 1140 1220 I SystemConfig: Reading permissions from /system_ext/etc/permissions/com.android.emergency.xml
01-01 08:00:52.189 1140 1220 I SystemConfig: Reading permissions from /system_ext/etc/permissions/com.qualcomm.qti.imscmservice.xml
01-01 08:00:52.189 1140 1140 D CompatConfig: No directory /apex/com.android.media.swcodec/etc/compatconfig, skipping
01-01 08:00:52.189 1140 1140 D CompatConfig: No directory /apex/com.android.media/etc/compatconfig, skipping
01-01 08:00:52.189 1140 1140 D CompatConfig: No directory /apex/com.android.ipsec/etc/compatconfig, skipping
01-01 08:00:52.190 1140 1140 D CompatConfig: No directory /apex/com.android.i18n/etc/compatconfig, skipping
01-01 08:00:52.190 1140 1220 I SystemConfig: Reading permissions from /system_ext/etc/permissions/com.qti.dpmframework.xml
01-01 08:00:52.191 1140 1140 D CompatConfig: No directory /apex/com.android.extservices/etc/compatconfig, skipping
01-01 08:00:52.191 1140 1220 I SystemConfig: Reading permissions from /system_ext/etc/permissions/qti_libpermissions.xml
01-01 08:00:52.191 1140 1140 D CompatConfig: No directory /apex/com.android.conscrypt/etc/compatconfig, skipping
01-01 08:00:52.192 1140 1220 I SystemConfig: Reading permissions from /system_ext/etc/permissions/com.qualcomm.qmapbridge.xml
01-01 08:00:52.193 1140 1220 I SystemConfig: Reading permissions from /system_ext/etc/permissions/com.android.provision.xml
01-01 08:00:52.195 1140 1140 D CompatConfig: Found a config file: /apex/com.android.art/etc/compatconfig/libcore-platform-compat-config.xml
01-01 08:00:52.195 1140 1220 I SystemConfig: Reading permissions from /system_ext/etc/permissions/com.qti.location.sdk.xml
01-01 08:00:52.196 1140 1220 I SystemConfig: Reading permissions from /system_ext/etc/permissions/qti_permissions.xml
01-01 08:00:52.197 1140 1140 D CompatConfig: Adding: com.android.server.compat.config.Change@9a1d8c5
01-01 08:00:52.198 1140 1220 I SystemConfig: Reading permissions from /system_ext/etc/permissions/com.qualcomm.qti.imscmservice-V2.2-java.xml
01-01 08:00:52.198 1140 1140 D CompatConfig: Adding: com.android.server.compat.config.Change@a4e814b
01-01 08:00:52.199 1140 1220 I SystemConfig: Reading permissions from /system_ext/etc/permissions/privapp-permissions-aptxals.xml
01-01 08:00:52.199 1140 1140 D CompatConfig: Adding: com.android.server.compat.config.Change@f4c3c41
01-01 08:00:52.200 1140 1140 D CompatConfig: Adding: com.android.server.compat.config.Change@917a5e6
01-01 08:00:52.201 1140 1140 D CompatConfig: Adding: com.android.server.compat.config.Change@981e727
01-01 08:00:52.201 1140 1220 I SystemConfig: Reading permissions from /system_ext/etc/permissions/com.qualcomm.qti.imscmservice-V2.1-java.xml
01-01 08:00:52.202 1140 1140 D CompatConfig: No directory /apex/com.android.appsearch/etc/compatconfig, skipping
01-01 08:00:52.202 1140 1140 D CompatConfig: No directory /apex/com.android.adbd/etc/compatconfig, skipping
01-01 08:00:52.203 1140 1220 I SystemConfig: Reading permissions from /system_ext/etc/permissions/com.qualcomm.qti.izattools.xml
01-01 08:00:52.194 0 0 E kona-asoc-snd soc: qcom,msm-audio-apr:qcom,q6core-audio:sound: ASoC: no source widget found for MIC BIAS4
01-01 08:00:52.205 0 0 E kona-asoc-snd soc: qcom,msm-audio-apr:qcom,q6core-audio:sound: ASoC: Failed to add route MIC BIAS4 -> direct -> AMIC5
01-01 08:00:52.205 1140 1220 I SystemConfig: Reading permissions from /system_ext/etc/permissions/privapp-permissions-com.qualcomm.location.xml
01-01 08:00:52.205 1140 1140 D SystemServerTiming: PlatformCompat took to complete: 258ms
01-01 08:00:52.205 1140 1140 I SystemServerTiming: StartFileIntegrityService
01-01 08:00:52.206 1140 1140 I SystemServiceManager: Starting com.android.server.security.FileIntegrityService
01-01 08:00:52.207 1140 1220 I SystemConfig: Reading permissions from /system_ext/etc/permissions/com.android.settings.xml
01-01 08:00:52.209 1140 1220 I SystemConfig: Reading permissions from /system_ext/etc/permissions/audiosphere.xml
01-01 08:00:52.211 1140 1220 I SystemConfig: Reading permissions from /system_ext/etc/permissions/com.nxp.nfc.nq.xml
01-01 08:00:52.213 1140 1220 I SystemConfig: Reading permissions from /system_ext/etc/permissions/qti_supplicant_interface.xml
01-01 08:00:52.214 1140 1220 I SystemConfig: Reading permissions from /system_ext/etc/permissions/com.qualcomm.location.xml
01-01 08:00:52.215 1140 1220 I SystemConfig: Reading permissions from /system_ext/etc/permissions/com.thundercomm.microsettings.xml
01-01 08:00:52.216 1140 1140 D SystemServerTiming: StartFileIntegrityService took to complete: 11ms
01-01 08:00:52.216 1140 1140 I SystemServerTiming: StartInstaller
01-01 08:00:52.217 1140 1140 I SystemServiceManager: Starting com.android.server.pm.Installer
01-01 08:00:52.217 1140 1220 I SystemConfig: Reading permissions from /system_ext/etc/permissions/privapp-permissions-qti-system-ext.xml
01-01 08:00:52.217 1140 1140 W Installer: installd not found; trying again
01-01 08:00:52.219 1140 1220 I SystemConfig: Reading permissions from /system_ext/etc/permissions/wfd-system-ext-privapp-permissions-qti.xml
01-01 08:00:52.221 1140 1140 D SystemServerTiming: StartInstaller took to complete: 4ms
01-01 08:00:52.221 1140 1140 I SystemServerTiming: DeviceIdentifiersPolicyService
01-01 08:00:52.221 1140 1140 I SystemServiceManager: Starting com.android.server.os.DeviceIdentifiersPolicyService
01-01 08:00:52.223 1140 1220 I SystemConfig: Reading permissions from /apex/com.android.ipsec/etc/permissions/android.net.ipsec.ike.xml
01-01 08:00:52.225 1140 1140 D SystemServerTiming: DeviceIdentifiersPolicyService took to complete: 4ms
01-01 08:00:52.225 1140 1140 I SystemServerTiming: UriGrantsManagerService
01-01 08:00:52.225 1140 1140 I SystemServiceManager: Starting com.android.server.uri.UriGrantsManagerService$Lifecycle
01-01 08:00:52.227 1140 1220 D SystemConfig: readAllPermissions took to complete: 275ms
01-01 08:00:52.227 1140 1220 D SystemServerInitThreadPool: Finished executing ReadingSystemConfig
01-01 08:00:52.227 1140 1220 D SystemServerTimingAsync: InitThreadPoolExec:ReadingSystemConfig took to complete: 275ms
01-01 08:00:52.217 0 0 E kona-asoc-snd soc: qcom,msm-audio-apr:qcom,q6core-audio:sound: ASoC: no sink widget found for MIC BIAS4
01-01 08:00:52.228 0 0 E kona-asoc-snd soc: qcom,msm-audio-apr:qcom,q6core-audio:sound: ASoC: Failed to add route Analog Mic5 -> direct -> MIC BIAS4
01-01 08:00:52.227 1140 1140 D SystemServerTiming: UriGrantsManagerService took to complete: 3ms
01-01 08:00:52.228 1140 1140 I SystemServerTiming: StartPowerStatsService
