10-12 02:43:08.712 1140 1679 I commit_sys_config_file: [log-files,553]
10-12 02:43:08.713 853 853 I LocSvc__AGnssRilInterface: ===> AGnssRil line 44
10-12 02:43:08.713 853 853 I LocSvc_GnssInterface: ===> getExtensionAGnss_2_0 line 627
10-12 02:43:08.714 853 853 I LocSvc_GnssInterface: ===> getExtensionGnssMeasurement_2_1 line 764
10-12 02:43:08.714 853 853 I LocSvc_GnssInterface: ===> getExtensionGnssAntennaInfo line 779
10-12 02:43:08.714 853 853 I LocSvc_GnssInterface: ===> getExtensionMeasurementCorrections_1_1 line 670
10-12 02:43:08.715 987 1782 I vendor.qti.media.c2@1.0-service: missing struct descriptor #Param::CoreIndex(-V8010) for field window of struct #Param::CoreIndex(FV1800e)
10-12 02:43:08.715 987 1782 E VendorCaps: Failed to read platform LTR max count
10-12 02:43:08.715 853 853 I LocSvc_GnssInterface: ===> getExtensionGnssDebug_2_0 line 698
10-12 02:43:08.715 987 1782 I VendorCaps: LTR Max Count - 0
10-12 02:43:08.715 987 1782 E VendorCaps: Failed to read platform max supported render rate
10-12 02:43:08.715 987 1782 E VendorCaps: Failed to read platform preprocess rotation
10-12 02:43:08.715 987 1782 I VendorCaps: Preprocess Rotation - 0
10-12 02:43:08.715 987 1782 E VendorCaps: Failed to read platform preprocess max downscale factor
10-12 02:43:08.715 987 1782 I VendorCaps: Preprocess Max Down Scale Factor - 0
10-12 02:43:08.715 853 853 I LocSvc_GnssInterface: ===> getExtensionGnssNi line 366
10-12 02:43:08.715 987 1782 E VendorCaps: Failed to read platform VT driver version
10-12 02:43:08.715 987 1782 I VendorCaps: VT Driver Version - 0
10-12 02:43:08.715 987 1782 I vendor.qti.media.c2@1.0-service: missing struct descriptor #Param::CoreIndex(-V801a) for field misr_info_top_field of struct #Param::CoreIndex(-V801b)
10-12 02:43:08.715 987 1782 I vendor.qti.media.c2@1.0-service: missing struct descriptor #Param::CoreIndex(-V801a) for field misr_info_bottom_field of struct #Param::CoreIndex(-V801b)
10-12 02:43:08.715 987 1782 I vendor.qti.media.c2@1.0-service: missing struct descriptor #Param::CoreIndex(--002) for field mastering of struct #Param::CoreIndex(--180a)
10-12 02:43:08.716 853 853 I LocSvc_GnssInterface: ===> getExtensionGnssConfiguration_2_1 line 771
10-12 02:43:08.716 987 1782 I QC2CompStore: Created interface(c2.qti.avc.decoder.secure) id(1)
10-12 02:43:08.716 853 853 I LocSvc_GnssInterface: ===> getExtensionGnssGeofencing line 388
10-12 02:43:08.716 853 853 I LocSvc_GnssInterface: ===> getExtensionGnssBatching line 396
10-12 02:43:08.717 853 853 I LocSvc_GnssInterface: ===> getExtensionVisibilityControl line 679
10-12 02:43:08.717 853 853 I LocSvc_GnssInterface: ===> setCallback_2_1 line 711
10-12 02:43:08.717 987 1127 I vendor.qti.media.c2@1.0-service: missing struct descriptor #Param::CoreIndex(-V8010) for field window of struct #Param::CoreIndex(FV1800e)
10-12 02:43:08.718 987 1127 E VendorCaps: Failed to read platform LTR max count
10-12 02:43:08.718 987 1127 I VendorCaps: LTR Max Count - 0
10-12 02:43:08.718 987 1127 E VendorCaps: Failed to read platform max supported render rate
10-12 02:43:08.718 987 1127 E VendorCaps: Failed to read platform preprocess rotation
10-12 02:43:08.718 987 1127 I VendorCaps: Preprocess Rotation - 0
10-12 02:43:08.718 987 1127 E VendorCaps: Failed to read platform preprocess max downscale factor
10-12 02:43:08.718 987 1127 I VendorCaps: Preprocess Max Down Scale Factor - 0
10-12 02:43:08.718 1140 1140 D GnssLocationProviderJni: gnssNameCb: name=qcom;
10-12 02:43:08.718 987 1127 E VendorCaps: Failed to read platform VT driver version
10-12 02:43:08.718 987 1127 I VendorCaps: VT Driver Version - 0
10-12 02:43:08.718 987 1127 I vendor.qti.media.c2@1.0-service: missing struct descriptor #Param::CoreIndex(-V801a) for field misr_info_top_field of struct #Param::CoreIndex(-V801b)
10-12 02:43:08.718 987 1127 I vendor.qti.media.c2@1.0-service: missing struct descriptor #Param::CoreIndex(-V801a) for field misr_info_bottom_field of struct #Param::CoreIndex(-V801b)
10-12 02:43:08.718 987 1127 I vendor.qti.media.c2@1.0-service: missing struct descriptor #Param::CoreIndex(--002) for field mastering of struct #Param::CoreIndex(--180a)
10-12 02:43:08.718 987 1127 I QC2CompStore: Created interface(c2.qti.hevc.decoder) id(2)
10-12 02:43:08.719 853 853 I LocSvc_APIClientBase: locAPIEnable:112] start new session: 2
10-12 02:43:08.720 853 853 I LocSvc_GnssAdapter: GnssAdapter::initAgpsCommand
10-12 02:43:08.721 987 987 I vendor.qti.media.c2@1.0-service: missing struct descriptor #Param::CoreIndex(-V8010) for field window of struct #Param::CoreIndex(FV1800e)
10-12 02:43:08.721 987 987 E VendorCaps: Failed to read platform LTR max count
10-12 02:43:08.721 987 987 I VendorCaps: LTR Max Count - 0
10-12 02:43:08.721 987 987 E VendorCaps: Failed to read platform max supported render rate
10-12 02:43:08.721 987 987 E VendorCaps: Failed to read platform preprocess rotation
10-12 02:43:08.721 987 987 I VendorCaps: Preprocess Rotation - 0
10-12 02:43:08.721 987 987 E VendorCaps: Failed to read platform preprocess max downscale factor
10-12 02:43:08.721 987 987 I VendorCaps: Preprocess Max Down Scale Factor - 0
10-12 02:43:08.721 987 987 E VendorCaps: Failed to read platform VT driver version
10-12 02:43:08.721 987 987 I VendorCaps: VT Driver Version - 0
10-12 02:43:08.721 987 987 I vendor.qti.media.c2@1.0-service: missing struct descriptor #Param::CoreIndex(-V801a) for field misr_info_top_field of struct #Param::CoreIndex(-V801b)
10-12 02:43:08.721 987 987 I vendor.qti.media.c2@1.0-service: missing struct descriptor #Param::CoreIndex(-V801a) for field misr_info_bottom_field of struct #Param::CoreIndex(-V801b)
10-12 02:43:08.721 987 987 I vendor.qti.media.c2@1.0-service: missing struct descriptor #Param::CoreIndex(--002) for field mastering of struct #Param::CoreIndex(--180a)
10-12 02:43:08.721 987 987 I QC2CompStore: Created interface(c2.qti.hevc.decoder.secure) id(3)
10-12 02:43:08.724 1140 1679 I commit_sys_config_file: [log-files,564]
10-12 02:43:08.729 987 1782 I vendor.qti.media.c2@1.0-service: missing struct descriptor #Param::CoreIndex(-V8010) for field window of struct #Param::CoreIndex(FV1800e)
10-12 02:43:08.729 987 1782 E VendorCaps: Failed to read platform LTR max count
10-12 02:43:08.729 987 1782 I VendorCaps: LTR Max Count - 0
10-12 02:43:08.729 1140 1140 I GnssLocationProviderJni: Unable to initialize IGnssNi interface.
10-12 02:43:08.729 987 1782 E VendorCaps: Failed to read platform max supported render rate
10-12 02:43:08.729 987 1782 E VendorCaps: Failed to read platform preprocess rotation
10-12 02:43:08.729 987 1782 I VendorCaps: Preprocess Rotation - 0
10-12 02:43:08.729 987 1782 E VendorCaps: Failed to read platform preprocess max downscale factor
10-12 02:43:08.729 987 1782 I VendorCaps: Preprocess Max Down Scale Factor - 0
10-12 02:43:08.729 987 1782 E VendorCaps: Failed to read platform VT driver version
10-12 02:43:08.729 987 1782 I VendorCaps: VT Driver Version - 0
10-12 02:43:08.729 987 1782 I vendor.qti.media.c2@1.0-service: missing struct descriptor #Param::CoreIndex(-V801a) for field misr_info_top_field of struct #Param::CoreIndex(-V801b)
10-12 02:43:08.729 987 1782 I vendor.qti.media.c2@1.0-service: missing struct descriptor #Param::CoreIndex(-V801a) for field misr_info_bottom_field of struct #Param::CoreIndex(-V801b)
10-12 02:43:08.729 987 1782 I vendor.qti.media.c2@1.0-service: missing struct descriptor #Param::CoreIndex(--002) for field mastering of struct #Param::CoreIndex(--180a)
10-12 02:43:08.729 987 1782 I QC2CompStore: Created interface(c2.qti.vp8.decoder) id(4)
10-12 02:43:08.731 853 853 I LocSvc_GnssAdapter: initNfwCommand:5128] GnssAdapter::initNfwCommand
10-12 02:43:08.731 853 853 I LocSvc_GnssAdapter: openMeasCorrCommand:6228] GnssAdapter::openMeasCorrCommand
10-12 02:43:08.731 853 853 I LocSvc_GnssInterface: ===> cleanup line 307
10-12 02:43:08.731 1140 1140 I GnssManager: gnss hal initialized
10-12 02:43:08.731 1140 1140 I GnssManager: gnss hal started
10-12 02:43:08.732 853 853 I LocSvc_GnssAdapter: antennaInfoInitCommand:6277] GnssAdapter::antennaInfoInitCommand
10-12 02:43:08.732 1140 1140 D GnssLocationProviderJni: gnss antenna info has been enabled
10-12 02:43:08.733 987 987 I vendor.qti.media.c2@1.0-service: missing struct descriptor #Param::CoreIndex(-V8010) for field window of struct #Param::CoreIndex(FV1800e)
10-12 02:43:08.734 987 987 E VendorCaps: Failed to read platform LTR max count
10-12 02:43:08.734 987 987 I VendorCaps: LTR Max Count - 0
10-12 02:43:08.734 987 987 E VendorCaps: Failed to read platform max supported render rate
10-12 02:43:08.734 987 987 E VendorCaps: Failed to read platform preprocess rotation
10-12 02:43:08.734 987 987 I VendorCaps: Preprocess Rotation - 0
10-12 02:43:08.734 987 987 E VendorCaps: Failed to read platform preprocess max downscale factor
10-12 02:43:08.734 987 987 I VendorCaps: Preprocess Max Down Scale Factor - 0
10-12 02:43:08.734 987 987 E VendorCaps: Failed to read platform VT driver version
10-12 02:43:08.734 987 987 I VendorCaps: VT Driver Version - 0
10-12 02:43:08.734 987 987 I vendor.qti.media.c2@1.0-service: missing struct descriptor #Param::CoreIndex(-V801a) for field misr_info_top_field of struct #Param::CoreIndex(-V801b)
10-12 02:43:08.734 987 987 I vendor.qti.media.c2@1.0-service: missing struct descriptor #Param::CoreIndex(-V801a) for field misr_info_bottom_field of struct #Param::CoreIndex(-V801b)
10-12 02:43:08.734 987 987 I vendor.qti.media.c2@1.0-service: missing struct descriptor #Param::CoreIndex(--002) for field mastering of struct #Param::CoreIndex(--180a)
10-12 02:43:08.734 987 987 I QC2CompStore: Created interface(c2.qti.vp9.decoder) id(5)
10-12 02:43:08.736 987 1127 I vendor.qti.media.c2@1.0-service: missing struct descriptor #Param::CoreIndex(-V8010) for field window of struct #Param::CoreIndex(FV1800e)
10-12 02:43:08.736 987 1127 E VendorCaps: Failed to read platform LTR max count
10-12 02:43:08.736 987 1127 I VendorCaps: LTR Max Count - 0
10-12 02:43:08.736 987 1127 E VendorCaps: Failed to read platform max supported render rate
10-12 02:43:08.736 987 1127 E VendorCaps: Failed to read platform preprocess rotation
10-12 02:43:08.736 987 1127 I VendorCaps: Preprocess Rotation - 0
10-12 02:43:08.736 987 1127 E VendorCaps: Failed to read platform preprocess max downscale factor
10-12 02:43:08.736 987 1127 I VendorCaps: Preprocess Max Down Scale Factor - 0
10-12 02:43:08.736 987 1127 E VendorCaps: Failed to read platform VT driver version
10-12 02:43:08.736 987 1127 I VendorCaps: VT Driver Version - 0
10-12 02:43:08.736 987 1127 I vendor.qti.media.c2@1.0-service: missing struct descriptor #Param::CoreIndex(-V801a) for field misr_info_top_field of struct #Param::CoreIndex(-V801b)
10-12 02:43:08.736 987 1127 I vendor.qti.media.c2@1.0-service: missing struct descriptor #Param::CoreIndex(-V801a) for field misr_info_bottom_field of struct #Param::CoreIndex(-V801b)
10-12 02:43:08.736 987 1127 I vendor.qti.media.c2@1.0-service: missing struct descriptor #Param::CoreIndex(--002) for field mastering of struct #Param::CoreIndex(--180a)
10-12 02:43:08.736 987 1127 I QC2CompStore: Created interface(c2.qti.vp9.decoder.secure) id(6)
10-12 02:43:08.738 1140 1213 W CarrierConfigManager: Error getting config for subId -1 ICarrierConfigLoader is null
10-12 02:43:08.739 1140 1679 E NativeTombstoneManager: Tombstone's UID (1047) not an app, ignoring
01-01 08:00:59.785 0 0 E : INFO: trying to register non-static key.
01-01 08:00:59.791 0 0 E : the code is fine but needs lockdep annotation.
01-01 08:00:59.794 0 0 I IPv6 : ADDRCONF(NETDEV_UP): vlan11: link is not ready
01-01 08:00:59.795 0 0 I binder : 2076:2076 ioctl 40046210 ffb5dac8 returned -22
01-01 08:00:59.796 0 0 I : CPU: 1 PID: 1596 Comm: kworker/u16:18 Tainted: G S W O 4.19.157+ #1
01-01 08:00:59.796 0 0 I Hardware name: Qualcomm Technologies, Inc. kona MTP-RmPM8150b. VX1(MCE) EVT2 (DT)
01-01 08:00:59.796 0 0 I Workqueue: events_unbound ion_system_secure_heap_prefetch_work
01-01 08:00:59.796 0 0 I Call trace:
01-01 08:00:59.796 0 0 I : dump_backtrace+0x0/0x258
01-01 08:00:59.796 0 0 I : show_stack+0x20/0x30
01-01 08:00:59.796 0 0 I : dump_stack+0xd8/0x12c
01-01 08:00:59.796 0 0 I : register_lock_class+0x4d0/0x5c8
01-01 08:00:59.796 0 0 I : __lock_acquire+0xbc/0x1e58
01-01 08:00:59.796 0 0 I : lock_acquire+0x1cc/0x218
01-01 08:00:59.796 0 0 I : _raw_spin_lock_irqsave+0x54/0x98
01-01 08:00:59.796 0 0 I : ion_system_secure_heap_prefetch_work+0x94/0x2c0
01-01 08:00:59.796 0 0 I : process_one_work+0x38c/0x660
01-01 08:00:59.796 0 0 I : worker_thread+0x268/0x4b8
01-01 08:00:59.796 0 0 I : kthread+0x140/0x150
01-01 08:00:59.796 0 0 I : ret_from_fork+0x10/0x1c
10-12 02:43:08.739 987 1126 I vendor.qti.media.c2@1.0-service: missing struct descriptor #Param::CoreIndex(-V8010) for field window of struct #Param::CoreIndex(FV1800e)
10-12 02:43:08.739 987 1126 E VendorCaps: Failed to read platform LTR max count
10-12 02:43:08.739 987 1126 I VendorCaps: LTR Max Count - 0
10-12 02:43:08.739 987 1126 E VendorCaps: Failed to read platform max supported render rate
10-12 02:43:08.739 987 1126 E VendorCaps: Failed to read platform preprocess rotation
10-12 02:43:08.739 987 1126 I VendorCaps: Preprocess Rotation - 0
10-12 02:43:08.739 987 1126 E VendorCaps: Failed to read platform preprocess max downscale factor
10-12 02:43:08.739 987 1126 I VendorCaps: Preprocess Max Down Scale Factor - 0
10-12 02:43:08.740 987 1126 E VendorCaps: Failed to read platform VT driver version
10-12 02:43:08.740 987 1126 I VendorCaps: VT Driver Version - 0
10-12 02:43:08.740 987 1126 I vendor.qti.media.c2@1.0-service: missing struct descriptor #Param::CoreIndex(-V801a) for field misr_info_top_field of struct #Param::CoreIndex(-V801b)
10-12 02:43:08.740 987 1126 I vendor.qti.media.c2@1.0-service: missing struct descriptor #Param::CoreIndex(-V801a) for field misr_info_bottom_field of struct #Param::CoreIndex(-V801b)
10-12 02:43:08.740 987 1126 I vendor.qti.media.c2@1.0-service: missing struct descriptor #Param::CoreIndex(--002) for field mastering of struct #Param::CoreIndex(--180a)
10-12 02:43:08.740 987 1126 I QC2CompStore: Created interface(c2.qti.mpeg2.decoder) id(7)
10-12 02:43:08.741 1539 1577 I adbd : jdwp connection from 2076
10-12 02:43:08.741 853 853 I LocSvc_GnssConfigurationInterface: ===> setEsExtensionSec line 357
10-12 02:43:08.742 853 853 I LocSvc_GnssInterface: ===> updateConfiguration line 219
10-12 02:43:08.742 1530 1551 D LOWI-9.0.0.87.a: [LOWINetlinkSocketReceiver] unpackRTMLinkMessage: RTM_NEWLINK - ifname vlan11, flags 0x1003 ([UP])
10-12 02:43:08.742 853 853 I LocSvc_GnssInterface: ===> updateConfiguration line 219
10-12 02:43:08.743 853 853 I LocSvc_GnssInterface: ===> updateConfiguration line 219
10-12 02:43:08.743 853 853 I LocSvc_GnssInterface: ===> updateConfiguration line 219
10-12 02:43:08.743 853 853 I LocSvc_GnssInterface: ===> updateConfiguration line 219
10-12 02:43:08.744 1140 1140 E LocationManagerService: no geocoder provider found
10-12 02:43:08.744 1140 1140 E ActivityRecognitionHardware: activity_recognition HAL is deprecated. is_supported is effectively a no-op
10-12 02:43:08.744 853 853 I LocSvc_GnssInterface: ===> updateConfiguration line 219
10-12 02:43:08.744 1140 1140 E LocationManagerService: unable to bind ActivityRecognitionProxy
10-12 02:43:08.744 1140 1140 E LocationManagerService: unable to bind to GeofenceProxy
10-12 02:43:08.744 1140 1140 W SystemServiceManager: Service com.android.server.location.LocationManagerService$Lifecycle took 209 ms in onBootPhase
10-12 02:43:08.744 1140 1140 D SystemServerTiming: OnBootPhase_600_com.android.server.location.LocationManagerService$Lifecycle took to complete: 209ms
10-12 02:43:08.744 1140 1140 I SystemServerTiming: OnBootPhase_600_com.android.server.timedetector.TimeDetectorService$Lifecycle
10-12 02:43:08.744 853 853 I LocSvc_GnssInterface: ===> updateConfiguration line 219
10-12 02:43:08.744 1140 1140 D SystemServerTiming: OnBootPhase_600_com.android.server.timedetector.TimeDetectorService$Lifecycle took to complete: 0ms
10-12 02:43:08.744 1140 1140 I SystemServerTiming: OnBootPhase_600_com.android.server.timezonedetector.TimeZoneDetectorService$Lifecycle
10-12 02:43:08.744 1140 1140 D SystemServerTiming: OnBootPhase_600_com.android.server.timezonedetector.TimeZoneDetectorService$Lifecycle took to complete: 0ms
10-12 02:43:08.744 1140 1140 I SystemServerTiming: OnBootPhase_600_com.android.server.timezonedetector.location.LocationTimeZoneManagerService$Lifecycle
10-12 02:43:08.744 1140 1140 D SystemServerTiming: OnBootPhase_600_com.android.server.timezonedetector.location.LocationTimeZoneManagerService$Lifecycle took to complete: 0ms
10-12 02:43:08.744 1140 1140 I SystemServerTiming: OnBootPhase_600_com.android.server.search.SearchManagerService$Lifecycle
10-12 02:43:08.744 1140 1140 D SystemServerTiming: OnBootPhase_600_com.android.server.search.SearchManagerService$Lifecycle took to complete: 0ms
10-12 02:43:08.744 1140 1140 I SystemServerTiming: OnBootPhase_600_com.android.server.wallpaper.WallpaperManagerService$Lifecycle
10-12 02:43:08.744 1140 1140 I WallpaperManagerService: switch-user-0
10-12 02:43:08.745 1140 1140 V WallpaperManagerService: bindWallpaperComponentLocked: componentName=ComponentInfo{com.android.systemui/com.android.systemui.ImageWallpaper}
10-12 02:43:08.745 987 1127 I vendor.qti.media.c2@1.0-service: missing struct descriptor #Param::CoreIndex(-V8010) for field window of struct #Param::CoreIndex(FV1800e)
10-12 02:43:08.745 987 1127 E VendorCaps: Failed to read platform LTR max count
10-12 02:43:08.745 987 1127 I VendorCaps: LTR Max Count - 0
10-12 02:43:08.745 987 1127 E VendorCaps: Failed to read platform max supported render rate
10-12 02:43:08.745 987 1127 E VendorCaps: Failed to read platform preprocess rotation
10-12 02:43:08.745 987 1127 I VendorCaps: Preprocess Rotation - 0
10-12 02:43:08.745 987 1127 E VendorCaps: Failed to read platform preprocess max downscale factor
10-12 02:43:08.745 987 1127 I VendorCaps: Preprocess Max Down Scale Factor - 0
10-12 02:43:08.746 987 1127 E VendorCaps: Failed to read platform VT driver version
10-12 02:43:08.746 987 1127 I VendorCaps: VT Driver Version - 0
10-12 02:43:08.746 987 1127 I vendor.qti.media.c2@1.0-service: missing struct descriptor #Param::CoreIndex(-V801a) for field misr_info_top_field of struct #Param::CoreIndex(-V801b)
10-12 02:43:08.746 987 1127 I vendor.qti.media.c2@1.0-service: missing struct descriptor #Param::CoreIndex(-V801a) for field misr_info_bottom_field of struct #Param::CoreIndex(-V801b)
10-12 02:43:08.746 987 1127 I vendor.qti.media.c2@1.0-service: missing struct descriptor #Param::CoreIndex(--002) for field mastering of struct #Param::CoreIndex(--180a)
10-12 02:43:08.746 987 1127 I QC2CompStore: Created interface(c2.qti.mpeg2.decoder.secure) id(8)
10-12 02:43:08.747 2076 2076 D ProcessState: Binder ioctl to enable oneway spam detection failed: Invalid argument
10-12 02:43:08.749 1295 1800 D Codec2InfoBuilder: component 'c2.qti.mpeg2.decoder.secure' not found in xml
10-12 02:43:08.750 987 987 E VendorCaps: Failed to read platform LTR max count
10-12 02:43:08.750 987 987 I VendorCaps: LTR Max Count - 0
10-12 02:43:08.750 987 987 E VendorCaps: Failed to read platform VT driver version
10-12 02:43:08.750 987 987 I VendorCaps: VT Driver Version - 0
10-12 02:43:08.750 987 987 I vendor.qti.media.c2@1.0-service: missing struct descriptor #Param::CoreIndex(-V801f) for field ubwcStats of struct #Param::CoreIndex(-V8020)
01-01 08:00:59.814 0 0 E : INFO: trying to register non-static key.
01-01 08:00:59.819 0 0 E : the code is fine but needs lockdep annotation.
01-01 08:00:59.824 0 0 I : CPU: 1 PID: 1596 Comm: kworker/u16:18 Tainted: G S W O 4.19.157+ #1
01-01 08:00:59.824 0 0 I Hardware name: Qualcomm Technologies, Inc. kona MTP-RmPM8150b. VX1(MCE) EVT2 (DT)
01-01 08:00:59.824 0 0 I Workqueue: events_unbound ion_system_secure_heap_prefetch_work
01-01 08:00:59.825 0 0 I Call trace:
01-01 08:00:59.825 0 0 I : dump_backtrace+0x0/0x258
01-01 08:00:59.825 0 0 I : show_stack+0x20/0x30
01-01 08:00:59.825 0 0 I : dump_stack+0xd8/0x12c
01-01 08:00:59.825 0 0 I : register_lock_class+0x4d0/0x5c8
01-01 08:00:59.825 0 0 I : __lock_acquire+0xbc/0x1e58
01-01 08:00:59.825 0 0 I : lock_acquire+0x1cc/0x218
01-01 08:00:59.825 0 0 I : _raw_spin_lock_irqsave+0x54/0x98
01-01 08:00:59.825 0 0 I : ion_system_secure_heap_prefetch_work+0x94/0x2c0
01-01 08:00:59.825 0 0 I : process_one_work+0x38c/0x660
01-01 08:00:59.825 0 0 I : worker_thread+0x268/0x4b8
01-01 08:00:59.825 0 0 I : kthread+0x140/0x150
10-12 02:43:08.750 987 987 I vendor.qti.media.c2@1.0-service: missing struct descriptor #Param::CoreIndex(--002) for field mastering of struct #Param::CoreIndex(--180a)
10-12 02:43:08.750 987 987 E VendorCaps: Failed to read platform preprocess max downscale factor
10-12 02:43:08.750 987 987 I VendorCaps: Preprocess Max Down Scale Factor - 0
10-12 02:43:08.751 987 987 E VendorCaps: Failed to read platform preprocess rotation
10-12 02:43:08.751 987 987 I VendorCaps: Preprocess Rotation - 0
10-12 02:43:08.751 1140 1679 I DropBoxManagerService: add tag=SYSTEM_TOMBSTONE_PROTO isTagEnabled=true flags=0x4
10-12 02:43:08.751 987 987 E StandardCaps: Failed to read platform linear color format
10-12 02:43:08.751 987 987 I vendor.qti.media.c2@1.0-service: missing struct descriptor #Param::CoreIndex(--004) for field values of struct #Param::CoreIndex(F-12004)
10-12 02:43:08.751 987 987 E StandardCaps: Failed to read platform default max MBs per second
10-12 02:43:08.751 987 987 E StandardCaps: Failed to read platform default B-frame count
10-12 02:43:08.751 987 987 W StandardCaps: Preconditions for b-frame didn't meet. Disabling b-frame!
10-12 02:43:08.751 987 987 I QC2CompStore: Created interface(c2.qti.avc.encoder) id(9)
10-12 02:43:08.751 1140 1685 I commit_sys_config_file: [settings-0-0,31]
10-12 02:43:08.752 1295 1800 I Codec2InfoBuilder: adding type 'video/avc'
10-12 02:43:08.754 1140 1174 I am_proc_bound: [0,2076,WebViewLoader-armeabi-v7a]
10-12 02:43:08.755 1140 1174 D CompatibilityInfo: mCompatibilityFlags - b
10-12 02:43:08.755 1140 1174 D CompatibilityInfo: applicationDensity - 160
10-12 02:43:08.755 1140 1174 D CompatibilityInfo: applicationScale - 1.5
10-12 02:43:08.755 1140 1174 I am_uid_active: 1037
10-12 02:43:08.757 1140 1823 D ConnectivityService: NetReassign [no changes]
10-12 02:43:08.757 1140 1140 D WallpaperManagerService: switch-user-0 took to complete: 13ms
10-12 02:43:08.757 1140 1140 D SystemServerTiming: OnBootPhase_600_com.android.server.wallpaper.WallpaperManagerService$Lifecycle took to complete: 13ms
10-12 02:43:08.757 1140 1140 I SystemServerTiming: OnBootPhase_600_com.android.server.audio.AudioService$Lifecycle
10-12 02:43:08.757 1140 1140 D SystemServerTiming: OnBootPhase_600_com.android.server.audio.AudioService$Lifecycle took to complete: 0ms
10-12 02:43:08.757 1140 1140 I SystemServerTiming: OnBootPhase_600_com.android.server.soundtrigger_middleware.SoundTriggerMiddlewareService$Lifecycle
10-12 02:43:08.757 1140 1140 D SystemServerTiming: OnBootPhase_600_com.android.server.soundtrigger_middleware.SoundTriggerMiddlewareService$Lifecycle took to complete: 0ms
10-12 02:43:08.758 1140 1140 I SystemServerTiming: OnBootPhase_600_com.android.server.DockObserver
10-12 02:43:08.758 1140 1140 D SystemServerTiming: OnBootPhase_600_com.android.server.DockObserver took to complete: 0ms
10-12 02:43:08.758 1140 1140 I SystemServerTiming: OnBootPhase_600_com.android.server.midi.MidiService$Lifecycle
10-12 02:43:08.758 1140 1140 D SystemServerTiming: OnBootPhase_600_com.android.server.midi.MidiService$Lifecycle took to complete: 0ms
10-12 02:43:08.758 1140 1140 I SystemServerTiming: OnBootPhase_600_com.android.server.adb.AdbService$Lifecycle
10-12 02:43:08.758 1140 1140 D SystemServerTiming: OnBootPhase_600_com.android.server.adb.AdbService$Lifecycle took to complete: 0ms
10-12 02:43:08.758 1140 1140 I SystemServerTiming: OnBootPhase_600_com.android.server.usb.UsbService$Lifecycle
10-12 02:43:08.758 1140 1140 D SystemServerTiming: OnBootPhase_600_com.android.server.usb.UsbService$Lifecycle took to complete: 0ms
10-12 02:43:08.758 1140 1140 I SystemServerTiming: OnBootPhase_600_com.android.server.twilight.TwilightService
10-12 02:43:08.758 1140 1140 D SystemServerTiming: OnBootPhase_600_com.android.server.twilight.TwilightService took to complete: 0ms
10-12 02:43:08.758 1140 1140 I SystemServerTiming: OnBootPhase_600_com.android.server.display.color.ColorDisplayService
10-12 02:43:08.758 1140 1140 D SystemServerTiming: OnBootPhase_600_com.android.server.display.color.ColorDisplayService took to complete: 0ms
10-12 02:43:08.758 1140 1140 I SystemServerTiming: OnBootPhase_600_com.android.server.job.JobSchedulerService
10-12 02:43:08.760 1140 1140 D SystemServerTiming: OnBootPhase_600_com.android.server.job.JobSchedulerService took to complete: 1ms
10-12 02:43:08.760 1140 1140 I SystemServerTiming: OnBootPhase_600_com.android.server.soundtrigger.SoundTriggerService
10-12 02:43:08.760 1140 1140 D SoundTriggerService: onBootPhase: 600 : false
10-12 02:43:08.760 1140 1140 D SystemServerTiming: OnBootPhase_600_com.android.server.soundtrigger.SoundTriggerService took to complete: 0ms
10-12 02:43:08.760 1140 1140 I SystemServerTiming: OnBootPhase_600_com.android.server.trust.TrustManagerService
10-12 02:43:08.760 1140 1213 D CompatibilityChangeReporter: Compat change id reported: 168936375; UID 1000; state: ENABLED
10-12 02:43:08.761 1140 1213 D CompatibilityChangeReporter: Compat change id reported: 168936375; UID 1000; state: DISABLED
10-12 02:43:08.762 1140 1140 D BiometricService: Sensor ID(0), oemStrength: 15, updatedStrength: 15, modality 2, state: 0, cookie: 0, props: ID: 0, Strength: 2, Type: 1, sensorId 0, hasEnrollments: false cannot participate in Keystore operations
10-12 02:43:08.764 578 578 I keystore2: keystore2::authorization: on_lock_screen_event(LockScreenEvent(0), user_id=0, password.is_some()=false, unlocking_sids=Some([]))
10-12 02:43:08.764 987 1782 E StandardCaps: Failed to read platform linear color format
10-12 02:43:08.765 987 1782 E StandardCaps: Failed to read platform linear color format
10-12 02:43:08.765 987 987 E StandardCaps: Failed to read platform linear color format
10-12 02:43:08.766 987 2085 E StandardCaps: Failed to read platform linear color format
10-12 02:43:08.766 1140 1140 D SystemServerTiming: OnBootPhase_600_com.android.server.trust.TrustManagerService took to complete: 6ms
10-12 02:43:08.766 1140 1140 I SystemServerTiming: OnBootPhase_600_com.android.server.backup.BackupManagerService$Lifecycle
10-12 02:43:08.766 1140 1140 D SystemServerTiming: OnBootPhase_600_com.android.server.backup.BackupManagerService$Lifecycle took to complete: 0ms
10-12 02:43:08.766 1140 1140 I SystemServerTiming: OnBootPhase_600_com.android.server.appwidget.AppWidgetService
10-12 02:43:08.766 1140 1140 D SystemServerTiming: OnBootPhase_600_com.android.server.appwidget.AppWidgetService took to complete: 0ms
10-12 02:43:08.766 1140 1140 I SystemServerTiming: OnBootPhase_600_com.android.server.voiceinteraction.VoiceInteractionManagerService
10-12 02:43:08.767 987 1127 E StandardCaps: Failed to read platform linear color format
10-12 02:43:08.767 1140 1140 D SystemServerTiming: OnBootPhase_600_com.android.server.voiceinteraction.VoiceInteractionManagerService took to complete: 0ms
10-12 02:43:08.767 1140 1140 I SystemServerTiming: OnBootPhase_600_com.android.server.apphibernation.AppHibernationService
10-12 02:43:08.767 1140 1140 D SystemServerTiming: OnBootPhase_600_com.android.server.apphibernation.AppHibernationService took to complete: 0ms
10-12 02:43:08.767 1140 1140 I SystemServerTiming: OnBootPhase_600_com.android.server.GestureLauncherService
10-12 02:43:08.767 1140 1140 D SystemServerTiming: OnBootPhase_600_com.android.server.GestureLauncherService took to complete: 1ms
10-12 02:43:08.768 1140 1140 I SystemServerTiming: OnBootPhase_600_com.android.server.SensorNotificationService
10-12 02:43:08.769 987 2021 E VendorCaps: Failed to read platform LTR max count
10-12 02:43:08.769 987 2021 I VendorCaps: LTR Max Count - 0
10-12 02:43:08.769 987 2021 E VendorCaps: Failed to read platform VT driver version
10-12 02:43:08.769 987 2021 I VendorCaps: VT Driver Version - 0
10-12 02:43:08.769 987 2021 I vendor.qti.media.c2@1.0-service: missing struct descriptor #Param::CoreIndex(--002) for field mastering of struct #Param::CoreIndex(--180a)
10-12 02:43:08.769 987 2021 I vendor.qti.media.c2@1.0-service: missing struct descriptor #Param::CoreIndex(-V801f) for field ubwcStats of struct #Param::CoreIndex(-V8020)
10-12 02:43:08.769 987 2021 E VendorCaps: Failed to read platform preprocess rotation
10-12 02:43:08.769 987 2021 I VendorCaps: Preprocess Rotation - 0
10-12 02:43:08.769 987 2021 E VendorCaps: Failed to read platform preprocess max downscale factor
10-12 02:43:08.769 987 2021 I VendorCaps: Preprocess Max Down Scale Factor - 0
10-12 02:43:08.769 987 2021 E StandardCaps: Failed to read platform linear color format
10-12 02:43:08.769 853 853 I LocSvc_GnssInterface: ===> setCallback_2_1 line 711
10-12 02:43:08.769 987 2021 I vendor.qti.media.c2@1.0-service: missing struct descriptor #Param::CoreIndex(--004) for field values of struct #Param::CoreIndex(F-12004)
10-12 02:43:08.769 987 2021 E StandardCaps: Failed to read platform default max MBs per second
10-12 02:43:08.769 987 2021 E StandardCaps: Failed to read platform default B-frame count
10-12 02:43:08.769 987 2021 W StandardCaps: Preconditions for b-frame didn't meet. Disabling b-frame!
10-12 02:43:08.769 1140 1213 D GnssLocationProviderJni: gnssNameCb: name=qcom;
10-12 02:43:08.769 987 2021 I QC2CompStore: Created interface(c2.qti.hevc.encoder) id(10)
10-12 02:43:08.770 853 853 I LocSvc_APIClientBase: locAPIEnable:112] start new session: 10
10-12 02:43:08.770 853 853 I LocSvc_GnssAdapter: GnssAdapter::initAgpsCommand
10-12 02:43:08.771 1140 1213 I GnssLocationProviderJni: Unable to initialize IGnssNi interface.
10-12 02:43:08.771 1140 1140 D SystemServerTiming: OnBootPhase_600_com.android.server.SensorNotificationService took to complete: 4ms
10-12 02:43:08.771 1140 1140 I SystemServerTiming: OnBootPhase_600_com.android.server.emergency.EmergencyAffordanceService
10-12 02:43:08.772 1140 1140 D SystemServerTiming: OnBootPhase_600_com.android.server.emergency.EmergencyAffordanceService took to complete: 0ms
10-12 02:43:08.772 1140 1140 I SystemServerTiming: OnBootPhase_600_com.android.server.blob.BlobStoreManagerService
10-12 02:43:08.773 987 2085 E VendorCaps: Failed to read platform LTR max count
10-12 02:43:08.773 987 2085 I VendorCaps: LTR Max Count - 0
10-12 02:43:08.773 987 2085 E VendorCaps: Failed to read platform VT driver version
10-12 02:43:08.773 987 2085 I VendorCaps: VT Driver Version - 0
10-12 02:43:08.773 987 2085 I vendor.qti.media.c2@1.0-service: missing struct descriptor #Param::CoreIndex(--002) for field mastering of struct #Param::CoreIndex(--180a)
10-12 02:43:08.773 987 2085 I vendor.qti.media.c2@1.0-service: missing struct descriptor #Param::CoreIndex(-V801f) for field ubwcStats of struct #Param::CoreIndex(-V8020)
10-12 02:43:08.773 1140 1140 D SystemServerTiming: OnBootPhase_600_com.android.server.blob.BlobStoreManagerService took to complete: 1ms
10-12 02:43:08.773 987 2085 E VendorCaps: Failed to read platform preprocess rotation
10-12 02:43:08.773 1140 1140 I SystemServerTiming: OnBootPhase_600_com.android.server.dreams.DreamManagerService
10-12 02:43:08.773 987 2085 I VendorCaps: Preprocess Rotation - 0
10-12 02:43:08.773 987 2085 E VendorCaps: Failed to read platform preprocess max downscale factor
10-12 02:43:08.773 987 2085 I VendorCaps: Preprocess Max Down Scale Factor - 0
10-12 02:43:08.773 987 2085 E StandardCaps: Failed to read platform linear color format
10-12 02:43:08.773 987 2085 I vendor.qti.media.c2@1.0-service: missing struct descriptor #Param::CoreIndex(--004) for field values of struct #Param::CoreIndex(F-12004)
10-12 02:43:08.773 987 2085 E StandardCaps: Failed to read platform default max MBs per second
10-12 02:43:08.773 987 2085 E StandardCaps: Failed to read platform default B-frame count
10-12 02:43:08.773 987 2085 W StandardCaps: Preconditions for b-frame didn't meet. Disabling b-frame!
10-12 02:43:08.773 1140 1140 D SystemServerTiming: OnBootPhase_600_com.android.server.dreams.DreamManagerService took to complete: 1ms
10-12 02:43:08.773 1140 1140 I SystemServerTiming: OnBootPhase_600_com.android.server.companion.CompanionDeviceManagerService
10-12 02:43:08.773 987 2085 I QC2CompStore: Created interface(c2.qti.hevc.encoder.cq) id(11)
10-12 02:43:08.773 1140 1140 D SystemServerTiming: OnBootPhase_600_com.android.server.companion.CompanionDeviceManagerService took to complete: 0ms
10-12 02:43:08.773 853 942 E LocSvc_LBSProxy: parseModemRegistryForGpsService:187] Error while getting num providers for gps/gps_service
10-12 02:43:08.773 1140 1140 I SystemServerTiming: OnBootPhase_600_com.android.server.restrictions.RestrictionsManagerService
10-12 02:43:08.774 1140 1140 D SystemServerTiming: OnBootPhase_600_com.android.server.restrictions.RestrictionsManagerService took to complete: 0ms
10-12 02:43:08.774 1140 1140 I SystemServerTiming: OnBootPhase_600_com.android.server.media.MediaSessionService
10-12 02:43:08.774 1140 1140 D SystemServerTiming: OnBootPhase_600_com.android.server.media.MediaSessionService took to complete: 0ms
10-12 02:43:08.774 1140 1140 I SystemServerTiming: OnBootPhase_600_com.android.server.media.MediaResourceMonitorService
10-12 02:43:08.774 1140 1140 D SystemServerTiming: OnBootPhase_600_com.android.server.media.MediaResourceMonitorService took to complete: 0ms
10-12 02:43:08.774 1140 1140 I SystemServerTiming: OnBootPhase_600_com.android.server.biometrics.sensors.fingerprint.FingerprintService
10-12 02:43:08.774 1140 1140 D SystemServerTiming: OnBootPhase_600_com.android.server.biometrics.sensors.fingerprint.FingerprintService took to complete: 0ms
10-12 02:43:08.774 1140 1140 I SystemServerTiming: OnBootPhase_600_com.android.server.biometrics.BiometricService
10-12 02:43:08.774 1140 1140 D SystemServerTiming: OnBootPhase_600_com.android.server.biometrics.BiometricService took to complete: 0ms
10-12 02:43:08.774 1140 1140 I SystemServerTiming: OnBootPhase_600_com.android.server.biometrics.AuthService
10-12 02:43:08.774 1140 1140 D SystemServerTiming: OnBootPhase_600_com.android.server.biometrics.AuthService took to complete: 0ms
10-12 02:43:08.774 1140 1140 I SystemServerTiming: OnBootPhase_600_com.android.server.pm.ShortcutService$Lifecycle
10-12 02:43:08.774 1140 1140 D SystemServerTiming: OnBootPhase_600_com.android.server.pm.ShortcutService$Lifecycle took to complete: 0ms
10-12 02:43:08.774 1140 1140 I SystemServerTiming: OnBootPhase_600_com.android.server.pm.LauncherAppsService
10-12 02:43:08.774 1140 1140 D SystemServerTiming: OnBootPhase_600_com.android.server.pm.LauncherAppsService took to complete: 0ms
10-12 02:43:08.774 1140 1140 I SystemServerTiming: OnBootPhase_600_com.android.server.pm.CrossProfileAppsService
10-12 02:43:08.774 1140 1140 D SystemServerTiming: OnBootPhase_600_com.android.server.pm.CrossProfileAppsService took to complete: 0ms
10-12 02:43:08.774 1140 1140 I SystemServerTiming: OnBootPhase_600_com.android.server.people.PeopleService
10-12 02:43:08.774 1140 1140 D SystemServerTiming: OnBootPhase_600_com.android.server.people.PeopleService took to complete: 0ms
10-12 02:43:08.774 1140 1140 I SystemServerTiming: OnBootPhase_600_com.android.server.media.metrics.MediaMetricsManagerService
10-12 02:43:08.774 1140 1140 D SystemServerTiming: OnBootPhase_600_com.android.server.media.metrics.MediaMetricsManagerService took to complete: 0ms
10-12 02:43:08.774 1140 1140 I SystemServerTiming: OnBootPhase_600_com.android.server.media.projection.MediaProjectionManagerService
10-12 02:43:08.774 1140 1140 D SystemServerTiming: OnBootPhase_600_com.android.server.media.projection.MediaProjectionManagerService took to complete: 0ms
10-12 02:43:08.775 1140 1140 I SystemServerTiming: OnBootPhase_600_com.android.server.slice.SliceManagerService$Lifecycle
10-12 02:43:08.775 1140 1140 D SystemServerTiming: OnBootPhase_600_com.android.server.slice.SliceManagerService$Lifecycle took to complete: 0ms
10-12 02:43:08.775 1140 1140 I SystemServerTiming: OnBootPhase_600_com.android.server.stats.StatsCompanion$Lifecycle
10-12 02:43:08.775 853 853 I LocSvc_GnssAdapter: initNfwCommand:5128] GnssAdapter::initNfwCommand
10-12 02:43:08.775 987 2021 E VendorCaps: Failed to read platform LTR max count
10-12 02:43:08.775 987 2021 I VendorCaps: LTR Max Count - 0
10-12 02:43:08.776 987 2021 E VendorCaps: Failed to read platform VT driver version
10-12 02:43:08.776 987 2021 I VendorCaps: VT Driver Version - 0
10-12 02:43:08.776 987 2021 I vendor.qti.media.c2@1.0-service: missing struct descriptor #Param::CoreIndex(-V801f) for field ubwcStats of struct #Param::CoreIndex(-V8020)
10-12 02:43:08.776 987 2021 I vendor.qti.media.c2@1.0-service: missing struct descriptor #Param::CoreIndex(--002) for field mastering of struct #Param::CoreIndex(--180a)
10-12 02:43:08.776 987 2021 E VendorCaps: Failed to read platform preprocess rotation
10-12 02:43:08.776 987 2021 I VendorCaps: Preprocess Rotation - 0
10-12 02:43:08.776 987 2021 E VendorCaps: Failed to read platform preprocess max downscale factor
10-12 02:43:08.776 987 2021 I VendorCaps: Preprocess Max Down Scale Factor - 0
10-12 02:43:08.776 853 853 I LocSvc_GnssAdapter: openMeasCorrCommand:6228] GnssAdapter::openMeasCorrCommand
10-12 02:43:08.776 987 2021 E StandardCaps: Failed to read platform linear color format
10-12 02:43:08.776 987 2021 I vendor.qti.media.c2@1.0-service: missing struct descriptor #Param::CoreIndex(--004) for field values of struct #Param::CoreIndex(F-12004)
10-12 02:43:08.776 987 2021 E StandardCaps: Failed to read platform default max MBs per second
10-12 02:43:08.776 987 2021 E StandardCaps: Failed to read platform default B-frame count
10-12 02:43:08.776 987 2021 W StandardCaps: Preconditions for b-frame didn't meet. Disabling b-frame!
10-12 02:43:08.776 987 2021 I QC2CompStore: Created interface(c2.qti.heic.encoder) id(12)
10-12 02:43:08.776 853 853 I LocSvc_GnssInterface: ===> updateConfiguration line 219
10-12 02:43:08.778 987 1127 E VendorCaps: Failed to read platform LTR max count
10-12 02:43:08.778 987 1127 I VendorCaps: LTR Max Count - 0
10-12 02:43:08.778 987 1127 E VendorCaps: Failed to read platform VT driver version
10-12 02:43:08.778 987 1127 I VendorCaps: VT Driver Version - 0
10-12 02:43:08.778 987 1127 I vendor.qti.media.c2@1.0-service: missing struct descriptor #Param::CoreIndex(-V801f) for field ubwcStats of struct #Param::CoreIndex(-V8020)
10-12 02:43:08.778 987 1127 I vendor.qti.media.c2@1.0-service: missing struct descriptor #Param::CoreIndex(--002) for field mastering of struct #Param::CoreIndex(--180a)
10-12 02:43:08.778 1140 1140 W AlarmManager: Unrecognized alarm listener com.android.server.stats.StatsCompanionService$AnomalyAlarmListener@12eefa0
10-12 02:43:08.778 987 1127 E VendorCaps: Failed to read platform preprocess rotation
10-12 02:43:08.778 987 1127 I VendorCaps: Preprocess Rotation - 0
10-12 02:43:08.778 1140 1140 W AlarmManager: Unrecognized alarm listener com.android.server.stats.StatsCompanionService$PullingAlarmListener@3bef759
10-12 02:43:08.778 1140 1140 W AlarmManager: Unrecognized alarm listener com.android.server.stats.StatsCompanionService$PeriodicAlarmListener@f829f1e
10-12 02:43:08.778 987 1127 E VendorCaps: Failed to read platform preprocess max downscale factor
10-12 02:43:08.778 987 1127 I VendorCaps: Preprocess Max Down Scale Factor - 0
10-12 02:43:08.779 987 1127 E StandardCaps: Failed to read platform linear color format
10-12 02:43:08.779 987 1127 I vendor.qti.media.c2@1.0-service: missing struct descriptor #Param::CoreIndex(--004) for field values of struct #Param::CoreIndex(F-12004)
10-12 02:43:08.779 987 1127 E StandardCaps: Failed to read platform default max MBs per second
10-12 02:43:08.779 987 1127 E StandardCaps: Failed to read platform default B-frame count
10-12 02:43:08.779 987 1127 W StandardCaps: Preconditions for b-frame didn't meet. Disabling b-frame!
10-12 02:43:08.779 987 1127 I QC2CompStore: Created interface(c2.qti.vp8.encoder) id(13)
10-12 02:43:08.783 1140 1213 I GnssVisibilityControl: Updating non-framework location access proxy apps in the GNSS HAL to: []
10-12 02:43:08.783 1140 1213 I GnssBlocklistHelper: Update GNSS satellite blocklist:
10-12 02:43:08.785 1140 1213 I EthernetTracker: interfaceLinkStateChanged, iface: vlan11, up: false
10-12 02:43:08.786 853 853 I LocSvc_GnssConfigurationInterface: ===> setBlacklist_2_1 line 375
10-12 02:43:08.786 853 853 I LocSvc_GnssInterface: ===> updateConfiguration line 219
10-12 02:43:08.786 987 1782 E QC2CompStore: Failed to locate interface with name c2.android.aac.decoder
10-12 02:43:08.786 1417 1417 V C2Store : in init
10-12 02:43:08.786 1417 1417 V C2Store : loading dll
10-12 02:43:08.788 1295 1800 I Codec2InfoBuilder: adding type 'audio/mp4a-latm'
01-01 08:00:59.825 0 0 I : ret_from_fork+0x10/0x1c
01-01 08:00:59.842 0 0 E : INFO: trying to register non-static key.
01-01 08:00:59.847 0 0 E : the code is fine but needs lockdep annotation.
01-01 08:00:59.853 0 0 I : CPU: 1 PID: 1596 Comm: kworker/u16:18 Tainted: G S W O 4.19.157+ #1
01-01 08:00:59.853 0 0 I Hardware name: Qualcomm Technologies, Inc. kona MTP-RmPM8150b. VX1(MCE) EVT2 (DT)
01-01 08:00:59.853 0 0 I Workqueue: events_unbound ion_system_secure_heap_prefetch_work
01-01 08:00:59.853 0 0 I Call trace:
01-01 08:00:59.853 0 0 I : dump_backtrace+0x0/0x258
01-01 08:00:59.853 0 0 I : show_stack+0x20/0x30
01-01 08:00:59.853 0 0 I : dump_stack+0xd8/0x12c
01-01 08:00:59.853 0 0 I : register_lock_class+0x4d0/0x5c8
01-01 08:00:59.853 0 0 I : __lock_acquire+0xbc/0x1e58
01-01 08:00:59.853 0 0 I : lock_acquire+0x1cc/0x218
01-01 08:00:59.853 0 0 I : _raw_spin_lock_irqsave+0x54/0x98
01-01 08:00:59.853 0 0 I : ion_system_secure_heap_prefetch_work+0x94/0x2c0
01-01 08:00:59.853 0 0 I : process_one_work+0x38c/0x660
01-01 08:00:59.853 0 0 I : worker_thread+0x268/0x4b8
01-01 08:00:59.853 0 0 I : kthread+0x140/0x150
01-01 08:00:59.853 0 0 I : ret_from_fork+0x10/0x1c
10-12 02:43:08.795 1417 1417 V C2Store : in ~ComponentModule
10-12 02:43:08.807 2102 2102 I auditd : type=1400 audit(0.0:88): avc: denied { read } for comm="ip" name="rt_tables" dev="dm-10" ino=350 scontext=u:r:ethernet:s0 tcontext=u:object_r:net_data_file:s0 tclass=file permissive=0
01-01 08:00:59.871 0 0 E : INFO: trying to register non-static key.
10-12 02:43:08.807 2102 2102 W ip : type=1400 audit(0.0:88): avc: denied { read } for name="rt_tables" dev="dm-10" ino=350 scontext=u:r:ethernet:s0 tcontext=u:object_r:net_data_file:s0 tclass=file permissive=0
10-12 02:43:08.819 1340 1340 I auditd : type=1400 audit(0.0:89): avc: denied { write } for comm="sh" name="ip_forward" dev="proc" ino=39297 scontext=u:r:ethernet:s0 tcontext=u:object_r:proc_net:s0 tclass=file permissive=0
10-12 02:43:08.819 1340 1340 W sh : type=1400 audit(0.0:89): avc: denied { write } for name="ip_forward" dev="proc" ino=39297 scontext=u:r:ethernet:s0 tcontext=u:object_r:proc_net:s0 tclass=file permissive=0
10-12 02:43:08.819 1340 1340 I auditd : type=1400 audit(0.0:90): avc: denied { write } for comm="sh" name="ip_default_ttl" dev="proc" ino=54824 scontext=u:r:ethernet:s0 tcontext=u:object_r:proc_net:s0 tclass=file permissive=0
10-12 02:43:08.819 1340 1340 W sh : type=1400 audit(0.0:90): avc: denied { write } for name="ip_default_ttl" dev="proc" ino=54824 scontext=u:r:ethernet:s0 tcontext=u:object_r:proc_net:s0 tclass=file permissive=0
10-12 02:43:08.819 1340 1340 I auditd : type=1400 audit(0.0:91): avc: denied { write } for comm="sh" name="tcp_keepalive_probes" dev="proc" ino=54825 scontext=u:r:ethernet:s0 tcontext=u:object_r:proc_net:s0 tclass=file permissive=0
10-12 02:43:08.819 1340 1340 W sh : type=1400 audit(0.0:91): avc: denied { write } for name="tcp_keepalive_probes" dev="proc" ino=54825 scontext=u:r:ethernet:s0 tcontext=u:object_r:proc_net:s0 tclass=file permissive=0
10-12 02:43:08.819 1340 1340 I auditd : type=1400 audit(0.0:92): avc: denied { write } for comm="sh" name="tcp_keepalive_intvl" dev="proc" ino=54826 scontext=u:r:ethernet:s0 tcontext=u:object_r:proc_net:s0 tclass=file permissive=0
10-12 02:43:08.819 1340 1340 W sh : type=1400 audit(0.0:92): avc: denied { write } for name="tcp_keepalive_intvl" dev="proc" ino=54826 scontext=u:r:ethernet:s0 tcontext=u:object_r:proc_net:s0 tclass=file permissive=0
10-12 02:43:08.796 987 2021 E QC2CompStore: Failed to locate interface with name c2.android.aac.encoder
10-12 02:43:08.797 1417 1417 V C2Store : in init
10-12 02:43:08.797 1417 1417 V C2Store : loading dll
10-12 02:43:08.798 2076 2076 V WebViewLibraryLoader: RelroFileCreator (64bit = false), package: com.android.webview library: libwebviewchromium.so
10-12 02:43:08.798 1295 1800 I Codec2InfoBuilder: adding type 'audio/mp4a-latm'
10-12 02:43:08.802 987 1782 E QC2CompStore: Failed to locate interface with name c2.android.amrnb.decoder
10-12 02:43:08.802 1417 1496 V C2Store : in init
10-12 02:43:08.803 1417 1496 V C2Store : loading dll
10-12 02:43:08.803 1024 1050 E PerMgrSrv: No such peripheral
10-12 02:43:08.803 853 942 E PerMgrLib: registar fail
10-12 02:43:08.803 853 942 E PerMgrLib: GPS failed to register for
10-12 02:43:08.803 853 942 E LocSvc_LBSProxy: modemPowerVote:321]: Error: pm_client_register returned: -1
10-12 02:43:08.804 1295 1800 I Codec2InfoBuilder: adding type 'audio/3gpp'
10-12 02:43:08.804 987 1127 E QC2CompStore: Failed to locate interface with name c2.android.amrnb.encoder
10-12 02:43:08.805 1417 2022 V C2Store : in init
10-12 02:43:08.805 1417 2022 V C2Store : loading dll
10-12 02:43:08.806 1417 1496 V C2Store : in ~ComponentModule
10-12 02:43:08.806 1417 1496 V C2Store : unloading dll
10-12 02:43:08.807 1140 1140 I StatsCompanionService: Told statsd that StatsCompanionService is alive.
10-12 02:43:08.807 1140 1140 D SystemServerTiming: OnBootPhase_600_com.android.server.stats.StatsCompanion$Lifecycle took to complete: 32ms
10-12 02:43:08.807 1295 1800 I Codec2InfoBuilder: adding type 'audio/3gpp'
10-12 02:43:08.807 1140 1140 I SystemServerTiming: OnBootPhase_600_com.android.server.scheduling.RebootReadinessManagerService$Lifecycle
10-12 02:43:08.807 1140 1140 D SystemServerTiming: OnBootPhase_600_com.android.server.scheduling.RebootReadinessManagerService$Lifecycle took to complete: 0ms
10-12 02:43:08.807 1140 1140 I SystemServerTiming: OnBootPhase_600_com.android.server.stats.pull.StatsPullAtomService
10-12 02:43:08.807 1140 1140 D SystemServerTiming: OnBootPhase_600_com.android.server.stats.pull.StatsPullAtomService took to complete: 0ms
10-12 02:43:08.807 1140 1140 I SystemServerTiming: OnBootPhase_600_com.android.server.incident.IncidentCompanionService
10-12 02:43:08.807 1140 1140 D SystemServerTiming: OnBootPhase_600_com.android.server.incident.IncidentCompanionService took to complete: 0ms
10-12 02:43:08.808 1140 1140 I SystemServerTiming: OnBootPhase_600_com.android.server.MmsServiceBroker
10-12 02:43:08.808 1140 1140 D SystemServerTiming: OnBootPhase_600_com.android.server.MmsServiceBroker took to complete: 0ms
10-12 02:43:08.808 987 1782 E QC2CompStore: Failed to locate interface with name c2.android.amrwb.decoder
10-12 02:43:08.808 1140 1140 I SystemServerTiming: OnBootPhase_600_com.android.server.autofill.AutofillManagerService
10-12 02:43:08.808 1140 1240 D StatsPullAtomService: Registering NetworkStats pullers with statsd
10-12 02:43:08.808 1417 1785 V C2Store : in init
10-12 02:43:08.808 1417 1785 V C2Store : loading dll
10-12 02:43:08.809 1140 1140 D SystemServerTiming: OnBootPhase_600_com.android.server.autofill.AutofillManagerService took to complete: 1ms
10-12 02:43:08.809 1140 1140 I SystemServerTiming: OnBootPhase_600_com.android.server.clipboard.ClipboardService
10-12 02:43:08.809 1140 1140 D SystemServerTiming: OnBootPhase_600_com.android.server.clipboard.ClipboardService took to complete: 0ms
10-12 02:43:08.809 1140 1140 I SystemServerTiming: OnBootPhase_600_com.android.server.appbinding.AppBindingService$Lifecycle
10-12 02:43:08.810 1140 1140 D SystemServerTiming: OnBootPhase_600_com.android.server.appbinding.AppBindingService$Lifecycle took to complete: 0ms
10-12 02:43:08.810 1140 1140 I SystemServerTiming: OnBootPhase_600_com.android.server.tracing.TracingServiceProxy
10-12 02:43:08.810 1140 1140 D SystemServerTiming: OnBootPhase_600_com.android.server.tracing.TracingServiceProxy took to complete: 0ms
10-12 02:43:08.810 1140 1140 I SystemServerTiming: OnBootPhase_600_com.android.server.policy.PermissionPolicyService
10-12 02:43:08.810 1140 1140 D SystemServerTiming: OnBootPhase_600_com.android.server.policy.PermissionPolicyService took to complete: 0ms
10-12 02:43:08.810 1140 1140 I SystemServerTiming: OnBootPhase_600_com.android.server.pm.StagingManager$Lifecycle
10-12 02:43:08.810 1295 1800 I Codec2InfoBuilder: adding type 'audio/amr-wb'
10-12 02:43:08.810 1140 1140 D SystemServerTiming: OnBootPhase_600_com.android.server.pm.StagingManager$Lifecycle took to complete: 0ms
10-12 02:43:08.810 1140 1140 I SystemServerTiming: OnBootPhase_600_com.android.server.app.GameManagerService$Lifecycle
10-12 02:43:08.810 1140 1140 D SystemServerTiming: OnBootPhase_600_com.android.server.app.GameManagerService$Lifecycle took to complete: 0ms
10-12 02:43:08.810 1140 1140 I SystemServerTiming: OnBootPhase_600_com.android.server.appsearch.AppSearchManagerService
10-12 02:43:08.810 1140 1140 D SystemServerTiming: OnBootPhase_600_com.android.server.appsearch.AppSearchManagerService took to complete: 0ms
10-12 02:43:08.810 1140 1140 I SystemServerTiming: OnBootPhase_600_com.android.server.media.MediaCommunicationService
