10-12 02:43:08.221 1140 1140 D SystemServerTiming: OnBootPhase_550_com.android.server.search.SearchManagerService$Lifecycle took to complete: 0ms
10-12 02:43:08.221 1140 1140 I SystemServerTiming: OnBootPhase_550_com.android.server.wallpaper.WallpaperManagerService$Lifecycle
10-12 02:43:08.224 1140 1140 I WallpaperManagerService: No static wallpaper imagery; defaults will be shown
10-12 02:43:08.224 1140 1140 V WallpaperManagerService: bindWallpaperComponentLocked: componentName=ComponentInfo{com.android.systemui/com.android.systemui.ImageWallpaper}
01-01 08:00:59.276 0 0 E : the code is fine but needs lockdep annotation.
01-01 08:00:59.281 0 0 I : CPU: 6 PID: 1596 Comm: kworker/u16:18 Tainted: G S W O 4.19.157+ #1
01-01 08:00:59.281 0 0 I Hardware name: Qualcomm Technologies, Inc. kona MTP-RmPM8150b. VX1(MCE) EVT2 (DT)
01-01 08:00:59.281 0 0 I Workqueue: events_unbound ion_system_secure_heap_prefetch_work
01-01 08:00:59.281 0 0 I Call trace:
01-01 08:00:59.281 0 0 I : dump_backtrace+0x0/0x258
01-01 08:00:59.281 0 0 I : show_stack+0x20/0x30
01-01 08:00:59.281 0 0 I : dump_stack+0xd8/0x12c
01-01 08:00:59.281 0 0 I : register_lock_class+0x4d0/0x5c8
01-01 08:00:59.281 0 0 I : __lock_acquire+0xbc/0x1e58
01-01 08:00:59.281 0 0 I : lock_acquire+0x1cc/0x218
01-01 08:00:59.281 0 0 I : _raw_spin_lock_irqsave+0x54/0x98
01-01 08:00:59.281 0 0 I : ion_system_secure_heap_prefetch_work+0x94/0x2c0
01-01 08:00:59.281 0 0 I : process_one_work+0x38c/0x660
01-01 08:00:59.281 0 0 I : worker_thread+0x268/0x4b8
01-01 08:00:59.281 0 0 I : kthread+0x140/0x150
01-01 08:00:59.281 0 0 I : ret_from_fork+0x10/0x1c
10-12 02:43:08.227 1330 1973 I android.hardware.media.omx@1.0-service: vendor/qcom/proprietary/adsprpc/src/rpcmem_android.c:192: rpcmem_deinit_internal: closed ION fd 7
10-12 02:43:08.227 1330 1973 I android.hardware.media.omx@1.0-service: vendor/qcom/proprietary/adsprpc/src/fastrpc_apps_user.c:3019: fastrpc_apps_user_deinit done
10-12 02:43:08.230 1140 1140 I am_uid_running: 10087
10-12 02:43:08.230 1140 1140 D CompatibilityChangeReporter: Compat change id reported: 135634846; UID 10087; state: DISABLED
10-12 02:43:08.230 1140 1140 D CompatibilityChangeReporter: Compat change id reported: 177438394; UID 10087; state: DISABLED
10-12 02:43:08.232 1295 1800 I OMXClient: IOmx service obtained
10-12 02:43:08.233 1330 2000 I OMXMaster: makeComponentInstance(OMX.qcom.video.encoder.mpeg4sw) in android.hardwar process
10-12 02:43:08.233 1140 1140 D CompatibilityChangeReporter: Compat change id reported: 135772972; UID 10087; state: DISABLED
10-12 02:43:08.234 1140 1140 D CompatibilityChangeReporter: Compat change id reported: 135754954; UID 10087; state: ENABLED
10-12 02:43:08.235 1953 1953 I CamX : [CONFIG][HAL ] camxhal3module.cpp:390 HAL3Module() ***************************************************
10-12 02:43:08.235 1953 1953 I CamX : [CONFIG][HAL ] camxhal3module.cpp:391 HAL3Module() SHA1: a4dd00f6f17aafc2d3c6bdc37e12cc39a5810c71
10-12 02:43:08.236 1953 1953 I CamX : [CONFIG][HAL ] camxhal3module.cpp:392 HAL3Module() COMMITID: Ic356193edde683af3fd932e8966e6f6f431c4c25
10-12 02:43:08.236 1953 1953 I CamX : [CONFIG][HAL ] camxhal3module.cpp:393 HAL3Module() BUILD TS: 10/12/2022 3:35:3
10-12 02:43:08.236 1953 1953 I CamX : [CONFIG][HAL ] camxhal3module.cpp:394 HAL3Module() ***************************************************
10-12 02:43:08.242 1140 1140 E BitmapFactory: Unable to decode stream: java.io.FileNotFoundException: /data/system/users/0/wallpaper_orig: open failed: ENOENT (No such file or directory)
10-12 02:43:08.242 1140 1140 W WallpaperManagerService: Invalid wallpaper data
10-12 02:43:08.242 1140 1140 E WallpaperManagerService: Unable to apply new wallpaper
10-12 02:43:08.242 1140 1140 D SystemServerTiming: OnBootPhase_550_com.android.server.wallpaper.WallpaperManagerService$Lifecycle took to complete: 21ms
10-12 02:43:08.242 1140 1140 I SystemServerTiming: OnBootPhase_550_com.android.server.audio.AudioService$Lifecycle
10-12 02:43:08.242 1140 1140 D SystemServerTiming: OnBootPhase_550_com.android.server.audio.AudioService$Lifecycle took to complete: 0ms
10-12 02:43:08.242 1140 1140 I SystemServerTiming: OnBootPhase_550_com.android.server.soundtrigger_middleware.SoundTriggerMiddlewareService$Lifecycle
10-12 02:43:08.243 1140 1140 D SystemServerTiming: OnBootPhase_550_com.android.server.soundtrigger_middleware.SoundTriggerMiddlewareService$Lifecycle took to complete: 0ms
10-12 02:43:08.243 1140 1140 I SystemServerTiming: OnBootPhase_550_com.android.server.DockObserver
10-12 02:43:08.243 1140 1140 D SystemServerTiming: OnBootPhase_550_com.android.server.DockObserver took to complete: 0ms
10-12 02:43:08.243 1140 1140 I SystemServerTiming: OnBootPhase_550_com.android.server.midi.MidiService$Lifecycle
10-12 02:43:08.243 1140 1140 D SystemServerTiming: OnBootPhase_550_com.android.server.midi.MidiService$Lifecycle took to complete: 0ms
10-12 02:43:08.243 1140 1140 I SystemServerTiming: OnBootPhase_550_com.android.server.adb.AdbService$Lifecycle
10-12 02:43:08.243 1140 1140 D SystemServerTiming: OnBootPhase_550_com.android.server.adb.AdbService$Lifecycle took to complete: 0ms
10-12 02:43:08.243 1140 1140 I SystemServerTiming: OnBootPhase_550_com.android.server.usb.UsbService$Lifecycle
10-12 02:43:08.243 1140 1140 D SystemServerTiming: OnBootPhase_550_com.android.server.usb.UsbService$Lifecycle took to complete: 0ms
10-12 02:43:08.243 1140 1140 I SystemServerTiming: OnBootPhase_550_com.android.server.twilight.TwilightService
10-12 02:43:08.243 1140 1729 I SystemServerTimingAsync: InitThreadPoolExec:UsbService$Lifecycle#onBootPhase
10-12 02:43:08.243 1140 1729 D SystemServerInitThreadPool: Started executing UsbService$Lifecycle#onBootPhase
01-01 08:00:59.291 0 0 E : INFO: trying to register non-static key.
01-01 08:00:59.296 0 0 E : the code is fine but needs lockdep annotation.
01-01 08:00:59.302 0 0 I : CPU: 6 PID: 1596 Comm: kworker/u16:18 Tainted: G S W O 4.19.157+ #1
01-01 08:00:59.302 0 0 I Hardware name: Qualcomm Technologies, Inc. kona MTP-RmPM8150b. VX1(MCE) EVT2 (DT)
01-01 08:00:59.302 0 0 I Workqueue: events_unbound ion_system_secure_heap_prefetch_work
01-01 08:00:59.302 0 0 I Call trace:
01-01 08:00:59.302 0 0 I : dump_backtrace+0x0/0x258
01-01 08:00:59.302 0 0 I : show_stack+0x20/0x30
01-01 08:00:59.302 0 0 I : dump_stack+0xd8/0x12c
01-01 08:00:59.302 0 0 I : register_lock_class+0x4d0/0x5c8
01-01 08:00:59.302 0 0 I : __lock_acquire+0xbc/0x1e58
01-01 08:00:59.302 0 0 I : lock_acquire+0x1cc/0x218
01-01 08:00:59.302 0 0 I : _raw_spin_lock_irqsave+0x54/0x98
01-01 08:00:59.302 0 0 I : ion_system_secure_heap_prefetch_work+0x94/0x2c0
01-01 08:00:59.302 0 0 I : process_one_work+0x38c/0x660
01-01 08:00:59.302 0 0 I : worker_thread+0x268/0x4b8
01-01 08:00:59.302 0 0 I : kthread+0x140/0x150
01-01 08:00:59.302 0 0 I : ret_from_fork+0x10/0x1c
10-12 02:43:08.244 1140 1140 D SystemServerTiming: OnBootPhase_550_com.android.server.twilight.TwilightService took to complete: 0ms
10-12 02:43:08.244 1140 1140 I SystemServerTiming: OnBootPhase_550_com.android.server.display.color.ColorDisplayService
10-12 02:43:08.244 1140 1140 D SystemServerTiming: OnBootPhase_550_com.android.server.display.color.ColorDisplayService took to complete: 0ms
10-12 02:43:08.244 1140 1140 I SystemServerTiming: OnBootPhase_550_com.android.server.job.JobSchedulerService
10-12 02:43:08.244 1140 1140 D SystemServerTiming: OnBootPhase_550_com.android.server.job.JobSchedulerService took to complete: 0ms
10-12 02:43:08.244 1140 1140 I SystemServerTiming: OnBootPhase_550_com.android.server.soundtrigger.SoundTriggerService
10-12 02:43:08.244 1140 1140 D SoundTriggerService: onBootPhase: 550 : false
10-12 02:43:08.244 1140 1140 D SystemServerTiming: OnBootPhase_550_com.android.server.soundtrigger.SoundTriggerService took to complete: 1ms
10-12 02:43:08.244 1140 1140 I SystemServerTiming: OnBootPhase_550_com.android.server.trust.TrustManagerService
10-12 02:43:08.244 1140 1140 D SystemServerTiming: OnBootPhase_550_com.android.server.trust.TrustManagerService took to complete: 0ms
10-12 02:43:08.244 1140 1140 I SystemServerTiming: OnBootPhase_550_com.android.server.backup.BackupManagerService$Lifecycle
10-12 02:43:08.244 1140 1140 D SystemServerTiming: OnBootPhase_550_com.android.server.backup.BackupManagerService$Lifecycle took to complete: 0ms
10-12 02:43:08.244 1140 1140 I SystemServerTiming: OnBootPhase_550_com.android.server.appwidget.AppWidgetService
10-12 02:43:08.245 1140 1140 D SystemServerTiming: OnBootPhase_550_com.android.server.appwidget.AppWidgetService took to complete: 0ms
10-12 02:43:08.245 1140 1140 I SystemServerTiming: OnBootPhase_550_com.android.server.voiceinteraction.VoiceInteractionManagerService
10-12 02:43:08.245 1140 1140 D SystemServerTiming: OnBootPhase_550_com.android.server.voiceinteraction.VoiceInteractionManagerService took to complete: 0ms
10-12 02:43:08.245 1140 1140 I SystemServerTiming: OnBootPhase_550_com.android.server.apphibernation.AppHibernationService
10-12 02:43:08.245 1140 1140 D SystemServerTiming: OnBootPhase_550_com.android.server.apphibernation.AppHibernationService took to complete: 0ms
10-12 02:43:08.245 1140 1140 I SystemServerTiming: OnBootPhase_550_com.android.server.GestureLauncherService
10-12 02:43:08.245 1140 1140 D SystemServerTiming: OnBootPhase_550_com.android.server.GestureLauncherService took to complete: 0ms
10-12 02:43:08.245 1140 1140 I SystemServerTiming: OnBootPhase_550_com.android.server.SensorNotificationService
10-12 02:43:08.245 1140 1140 D SystemServerTiming: OnBootPhase_550_com.android.server.SensorNotificationService took to complete: 0ms
10-12 02:43:08.245 1140 1140 I SystemServerTiming: OnBootPhase_550_com.android.server.emergency.EmergencyAffordanceService
10-12 02:43:08.245 1140 1140 D SystemServerTiming: OnBootPhase_550_com.android.server.emergency.EmergencyAffordanceService took to complete: 1ms
10-12 02:43:08.245 1140 1140 I SystemServerTiming: OnBootPhase_550_com.android.server.blob.BlobStoreManagerService
10-12 02:43:08.246 1140 1729 D SystemServerInitThreadPool: Finished executing UsbService$Lifecycle#onBootPhase
10-12 02:43:08.246 1140 1729 D SystemServerTimingAsync: InitThreadPoolExec:UsbService$Lifecycle#onBootPhase took to complete: 2ms
10-12 02:43:08.247 1140 1140 D SystemServerTiming: OnBootPhase_550_com.android.server.blob.BlobStoreManagerService took to complete: 1ms
10-12 02:43:08.247 1140 1140 I SystemServerTiming: OnBootPhase_550_com.android.server.dreams.DreamManagerService
10-12 02:43:08.247 945 945 I android.hardware.usb@1.2-service-qti: Hardcode parameters for non-typec targets
10-12 02:43:08.247 1140 1140 D SystemServerTiming: OnBootPhase_550_com.android.server.dreams.DreamManagerService took to complete: 0ms
10-12 02:43:08.247 1140 1140 I SystemServerTiming: OnBootPhase_550_com.android.server.companion.CompanionDeviceManagerService
10-12 02:43:08.247 1140 1140 D SystemServerTiming: OnBootPhase_550_com.android.server.companion.CompanionDeviceManagerService took to complete: 0ms
10-12 02:43:08.247 1140 1140 I SystemServerTiming: OnBootPhase_550_com.android.server.restrictions.RestrictionsManagerService
10-12 02:43:08.247 1140 1711 I UsbPortManager: ClientCallback V1_2:
10-12 02:43:08.248 1140 1213 I UsbPortManager: USB port added: port=UsbPort{id=, supportedModes=nonesupportedContaminantProtectionModes=0supportsEnableContaminantPresenceProtection=falsesupportsEnableContaminantPresenceDetection=false, status=UsbPortStatus{connected=false, currentMode=none, currentPowerRole=no-power, currentDataRole=no-data, supportedRoleCombinations=[no-power:no-data], contaminantDetectionStatus=0, contaminantProtectionStatus=0}, canChangeMode=false, canChangePowerRole=false, canChangeDataRole=false, connectedAtMillis=0, lastConnectDurationMillis=0
10-12 02:43:08.248 1140 1679 I commit_sys_config_file: [log-files,88]
10-12 02:43:08.248 1140 1140 D SystemServerTiming: OnBootPhase_550_com.android.server.restrictions.RestrictionsManagerService took to complete: 0ms
10-12 02:43:08.248 1140 1140 I SystemServerTiming: OnBootPhase_550_com.android.server.media.MediaSessionService
10-12 02:43:08.248 1140 1140 D SystemServerTiming: OnBootPhase_550_com.android.server.media.MediaSessionService took to complete: 1ms
10-12 02:43:08.248 1140 1140 I SystemServerTiming: OnBootPhase_550_com.android.server.media.MediaResourceMonitorService
10-12 02:43:08.248 1140 1140 D SystemServerTiming: OnBootPhase_550_com.android.server.media.MediaResourceMonitorService took to complete: 0ms
10-12 02:43:08.248 1140 1140 I SystemServerTiming: OnBootPhase_550_com.android.server.biometrics.sensors.fingerprint.FingerprintService
10-12 02:43:08.249 1140 1140 D SystemServerTiming: OnBootPhase_550_com.android.server.biometrics.sensors.fingerprint.FingerprintService took to complete: 0ms
10-12 02:43:08.249 1140 1140 I SystemServerTiming: OnBootPhase_550_com.android.server.biometrics.BiometricService
10-12 02:43:08.249 1140 1140 D SystemServerTiming: OnBootPhase_550_com.android.server.biometrics.BiometricService took to complete: 0ms
10-12 02:43:08.249 1140 1140 I SystemServerTiming: OnBootPhase_550_com.android.server.biometrics.AuthService
10-12 02:43:08.249 1140 1140 D SystemServerTiming: OnBootPhase_550_com.android.server.biometrics.AuthService took to complete: 0ms
10-12 02:43:08.249 1140 1140 I SystemServerTiming: OnBootPhase_550_com.android.server.pm.ShortcutService$Lifecycle
10-12 02:43:08.249 1330 2000 I android.hardware.media.omx@1.0-service: vendor/qcom/proprietary/adsprpc/src/rpcmem_android.c:159: rpcmem_init_internal: opened ION device fd 7, configured heap IDs: system (0x2000000), contig (0x400000), secure (0x200), secure flags (0x80080000)
10-12 02:43:08.249 1140 1140 D SystemServerTiming: OnBootPhase_550_com.android.server.pm.ShortcutService$Lifecycle took to complete: 0ms
10-12 02:43:08.249 1140 1140 I SystemServerTiming: OnBootPhase_550_com.android.server.pm.LauncherAppsService
10-12 02:43:08.249 1140 1140 D SystemServerTiming: OnBootPhase_550_com.android.server.pm.LauncherAppsService took to complete: 0ms
10-12 02:43:08.249 1140 1140 I SystemServerTiming: OnBootPhase_550_com.android.server.pm.CrossProfileAppsService
10-12 02:43:08.249 1140 1140 D SystemServerTiming: OnBootPhase_550_com.android.server.pm.CrossProfileAppsService took to complete: 0ms
10-12 02:43:08.249 1140 1140 I SystemServerTiming: OnBootPhase_550_com.android.server.people.PeopleService
10-12 02:43:08.249 1140 1140 D SystemServerTiming: OnBootPhase_550_com.android.server.people.PeopleService took to complete: 0ms
10-12 02:43:08.249 1330 2000 I android.hardware.media.omx@1.0-service: vendor/qcom/proprietary/adsprpc/src/fastrpc_apps_user.c:3087: fastrpc_apps_user_init done with default domain:3 and &fastrpc_trace:0xe79b7c1c
10-12 02:43:08.249 1140 1140 I SystemServerTiming: OnBootPhase_550_com.android.server.media.metrics.MediaMetricsManagerService
10-12 02:43:08.249 1140 1140 D SystemServerTiming: OnBootPhase_550_com.android.server.media.metrics.MediaMetricsManagerService took to complete: 0ms
10-12 02:43:08.249 1140 1140 I SystemServerTiming: OnBootPhase_550_com.android.server.media.projection.MediaProjectionManagerService
10-12 02:43:08.249 1140 1140 D SystemServerTiming: OnBootPhase_550_com.android.server.media.projection.MediaProjectionManagerService took to complete: 0ms
10-12 02:43:08.250 1140 1140 I SystemServerTiming: OnBootPhase_550_com.android.server.slice.SliceManagerService$Lifecycle
10-12 02:43:08.250 1140 1140 D SystemServerTiming: OnBootPhase_550_com.android.server.slice.SliceManagerService$Lifecycle took to complete: 0ms
10-12 02:43:08.250 1140 1140 I SystemServerTiming: OnBootPhase_550_com.android.server.stats.StatsCompanion$Lifecycle
10-12 02:43:08.250 1140 1140 D SystemServerTiming: OnBootPhase_550_com.android.server.stats.StatsCompanion$Lifecycle took to complete: 0ms
10-12 02:43:08.250 1140 1140 I SystemServerTiming: OnBootPhase_550_com.android.server.scheduling.RebootReadinessManagerService$Lifecycle
10-12 02:43:08.250 1140 1140 D SystemServerTiming: OnBootPhase_550_com.android.server.scheduling.RebootReadinessManagerService$Lifecycle took to complete: 0ms
10-12 02:43:08.250 1140 1140 I SystemServerTiming: OnBootPhase_550_com.android.server.stats.pull.StatsPullAtomService
10-12 02:43:08.250 1140 1140 D SystemServerTiming: OnBootPhase_550_com.android.server.stats.pull.StatsPullAtomService took to complete: 0ms
10-12 02:43:08.250 1140 1140 I SystemServerTiming: OnBootPhase_550_com.android.server.incident.IncidentCompanionService
10-12 02:43:08.250 1140 1140 D SystemServerTiming: OnBootPhase_550_com.android.server.incident.IncidentCompanionService took to complete: 0ms
10-12 02:43:08.250 1140 1140 I SystemServerTiming: OnBootPhase_550_com.android.server.MmsServiceBroker
10-12 02:43:08.250 1140 1140 D SystemServerTiming: OnBootPhase_550_com.android.server.MmsServiceBroker took to complete: 0ms
10-12 02:43:08.250 1140 1140 I SystemServerTiming: OnBootPhase_550_com.android.server.autofill.AutofillManagerService
10-12 02:43:08.251 1140 1140 D SystemServerTiming: OnBootPhase_550_com.android.server.autofill.AutofillManagerService took to complete: 0ms
10-12 02:43:08.251 1140 1140 I SystemServerTiming: OnBootPhase_550_com.android.server.clipboard.ClipboardService
10-12 02:43:08.251 1140 1140 D SystemServerTiming: OnBootPhase_550_com.android.server.clipboard.ClipboardService took to complete: 0ms
10-12 02:43:08.251 1140 1140 I SystemServerTiming: OnBootPhase_550_com.android.server.appbinding.AppBindingService$Lifecycle
10-12 02:43:08.252 1140 1140 I AppBindingService: Updating constants with: null
10-12 02:43:08.252 1140 1140 D SystemServerTiming: OnBootPhase_550_com.android.server.appbinding.AppBindingService$Lifecycle took to complete: 1ms
10-12 02:43:08.252 1140 1140 I SystemServerTiming: OnBootPhase_550_com.android.server.tracing.TracingServiceProxy
10-12 02:43:08.252 1140 1140 D SystemServerTiming: OnBootPhase_550_com.android.server.tracing.TracingServiceProxy took to complete: 0ms
10-12 02:43:08.252 1140 1140 I SystemServerTiming: OnBootPhase_550_com.android.server.policy.PermissionPolicyService
10-12 02:43:08.255 1330 2000 D PlatformConfig: getInstance: Enter
10-12 02:43:08.255 1330 2000 D PlatformConfig: getInt32 Config name: vidc_enc_log_in value: 0
10-12 02:43:08.255 1330 2000 D PlatformConfig: getInstance: Enter
10-12 02:43:08.255 1330 2000 D PlatformConfig: getInt32 Config name: vidc_enc_log_out value: 0
10-12 02:43:08.255 1330 2000 I SWVENC : >>> swvenc_init(): MPEG-4 codec, version date: 2017-01-27T12:02:22+0530
10-12 02:43:08.259 1539 1539 I adbd : UsbFfs: already offline
10-12 02:43:08.259 1539 1539 I adbd : authentication not required
10-12 02:43:08.261 1330 2000 I SWVENC : --- set_state(): SWVENC_STATE_INVALID -> SWVENC_STATE_INIT
10-12 02:43:08.261 1330 2000 I SWVENC : >>> swvenc_check_inst_load():
10-12 02:43:08.261 1330 2000 I SWVENC : >>> swvenc_setproperty():
10-12 02:43:08.261 1330 2000 I SWVENC : --- set_profile(): simple profile
10-12 02:43:08.261 1330 2000 I SWVENC : >>> swvenc_setproperty():
10-12 02:43:08.261 1330 2000 I SWVENC : --- set_level(): 0
10-12 02:43:08.261 1330 2000 I SWVENC : >>> swvenc_setproperty():
10-12 02:43:08.261 1330 2000 I SWVENC : --- set_frame_size(): 176 x 144
10-12 02:43:08.261 1330 2000 I SWVENC : >>> swvenc_setproperty():
10-12 02:43:08.261 1330 2000 I SWVENC : --- set_property(): frame attributes: y,uv strides: 176,176; y,uv offsets: 0,25344; size: 38016
10-12 02:43:08.261 1330 2000 I SWVENC : >>> swvenc_getproperty():
10-12 02:43:08.262 1330 2000 I SWVENC : --- get_buffer_req(): input: 38016 byte buffers x (5 to 32), aligned to 128 byte boundaries
10-12 02:43:08.262 1330 2000 I SWVENC : >>> swvenc_getproperty():
10-12 02:43:08.262 1330 2000 I SWVENC : --- get_buffer_req(): output: 38016 byte buffers x (5 to 32), aligned to 128 byte boundaries
10-12 02:43:08.264 1295 1800 W OMXUtils: do not know color format 0x7fa30c04 = 2141391876
10-12 02:43:08.265 1295 1800 W OMXUtils: do not know color format 0x7fa30c00 = 2141391872
10-12 02:43:08.266 1295 1800 W OMXUtils: do not know color format 0x7f000789 = 2130708361
10-12 02:43:08.267 1330 1973 I SWVENC : >>> swvenc_deinit():
10-12 02:43:08.267 1330 1973 I SWVENC : --- ~c_swvenc_mpeg4():
10-12 02:43:08.267 1330 1973 I SWVENC : --- set_state(): SWVENC_STATE_INIT -> SWVENC_STATE_INVALID
10-12 02:43:08.267 1330 2003 I SWVENC : --- thread_eventd(): SWVENC_THREAD_SIGNAL_EXIT
10-12 02:43:08.268 1140 1679 E NativeTombstoneManager: Tombstone's UID (0) not an app, ignoring
10-12 02:43:08.268 1330 2002 I SWVENC : --- thread_worker(): SWVENC_THREAD_SIGNAL_EXIT
10-12 02:43:08.268 1330 1973 I SWVENC : --- swvenc_deinit(): all done, goodbye!
01-01 08:00:59.311 0 0 E : INFO: trying to register non-static key.
01-01 08:00:59.316 0 0 E : the code is fine but needs lockdep annotation.
01-01 08:00:59.321 0 0 I : CPU: 6 PID: 1596 Comm: kworker/u16:18 Tainted: G S W O 4.19.157+ #1
01-01 08:00:59.321 0 0 I Hardware name: Qualcomm Technologies, Inc. kona MTP-RmPM8150b. VX1(MCE) EVT2 (DT)
01-01 08:00:59.321 0 0 I Workqueue: events_unbound ion_system_secure_heap_prefetch_work
01-01 08:00:59.321 0 0 I Call trace:
01-01 08:00:59.321 0 0 I : dump_backtrace+0x0/0x258
01-01 08:00:59.321 0 0 I : show_stack+0x20/0x30
01-01 08:00:59.321 0 0 I : dump_stack+0xd8/0x12c
01-01 08:00:59.321 0 0 I : register_lock_class+0x4d0/0x5c8
01-01 08:00:59.321 0 0 I : __lock_acquire+0xbc/0x1e58
01-01 08:00:59.321 0 0 I : lock_acquire+0x1cc/0x218
01-01 08:00:59.321 0 0 I : _raw_spin_lock_irqsave+0x54/0x98
01-01 08:00:59.321 0 0 I : ion_system_secure_heap_prefetch_work+0x94/0x2c0
01-01 08:00:59.321 0 0 I : process_one_work+0x38c/0x660
01-01 08:00:59.321 0 0 I : worker_thread+0x268/0x4b8
01-01 08:00:59.321 0 0 I : kthread+0x140/0x150
01-01 08:00:59.321 0 0 I : ret_from_fork+0x10/0x1c
10-12 02:43:08.275 1330 1973 I android.hardware.media.omx@1.0-service: vendor/qcom/proprietary/adsprpc/src/rpcmem_android.c:192: rpcmem_deinit_internal: closed ION fd 7
10-12 02:43:08.275 1330 1973 I android.hardware.media.omx@1.0-service: vendor/qcom/proprietary/adsprpc/src/fastrpc_apps_user.c:3019: fastrpc_apps_user_deinit done
10-12 02:43:08.278 1140 1679 I DropBoxManagerService: add tag=SYSTEM_TOMBSTONE_PROTO isTagEnabled=true flags=0x4
10-12 02:43:08.280 1295 1800 I OMXClient: IOmx service obtained
10-12 02:43:08.281 1330 2000 I OMXMaster: makeComponentInstance(OMX.google.mpeg4.encoder) in android.hardwar process
10-12 02:43:08.281 1330 2000 I SoftMPEG4Encoder: Construct SoftMPEG4Encoder
10-12 02:43:08.285 1295 1800 W OMXUtils: do not know color format 0x7f000789 = 2130708361
10-12 02:43:08.285 1330 1330 E OMXNodeInstance: getConfig(0xea040240:google.mpeg4.encoder, ConfigAndroidIntraRefresh(0x6f60000a)) ERROR: Undefined(0x80001001)
10-12 02:43:08.286 1330 1991 E OMXNodeInstance: getParameter(0xea040240:google.mpeg4.encoder, ParamVideoIntraRefresh(0x6000006)) ERROR: UnsupportedIndex(0x8000101a)
10-12 02:43:08.286 1295 1800 D MediaCodecInfo: detail feature-frame-parsing wasn't present to remove
10-12 02:43:08.287 1140 1140 I PackageManager: Permission ownership changed. Updating all permissions.
10-12 02:43:08.287 1295 1800 I OMXClient: IOmx service obtained
10-12 02:43:08.288 1330 1850 I OMXMaster: makeComponentInstance(OMX.qcom.video.encoder.vp8) in android.hardwar process
10-12 02:43:08.293 1140 1679 I commit_sys_config_file: [log-files,133]
01-01 08:00:59.330 0 0 E : INFO: trying to register non-static key.
01-01 08:00:59.335 0 0 E : the code is fine but needs lockdep annotation.
01-01 08:00:59.341 0 0 I : CPU: 6 PID: 1596 Comm: kworker/u16:18 Tainted: G S W O 4.19.157+ #1
01-01 08:00:59.341 0 0 I Hardware name: Qualcomm Technologies, Inc. kona MTP-RmPM8150b. VX1(MCE) EVT2 (DT)
01-01 08:00:59.341 0 0 I Workqueue: events_unbound ion_system_secure_heap_prefetch_work
01-01 08:00:59.341 0 0 I Call trace:
01-01 08:00:59.341 0 0 I : dump_backtrace+0x0/0x258
01-01 08:00:59.341 0 0 I : show_stack+0x20/0x30
01-01 08:00:59.341 0 0 I : dump_stack+0xd8/0x12c
01-01 08:00:59.341 0 0 I : register_lock_class+0x4d0/0x5c8
01-01 08:00:59.341 0 0 I : __lock_acquire+0xbc/0x1e58
01-01 08:00:59.341 0 0 I : lock_acquire+0x1cc/0x218
01-01 08:00:59.341 0 0 I : _raw_spin_lock_irqsave+0x54/0x98
01-01 08:00:59.341 0 0 I : ion_system_secure_heap_prefetch_work+0x94/0x2c0
01-01 08:00:59.341 0 0 I : process_one_work+0x38c/0x660
01-01 08:00:59.341 0 0 I : worker_thread+0x268/0x4b8
01-01 08:00:59.341 0 0 I : kthread+0x140/0x150
01-01 08:00:59.341 0 0 I : ret_from_fork+0x10/0x1c
10-12 02:43:08.301 1330 1850 I android.hardware.media.omx@1.0-service: vendor/qcom/proprietary/adsprpc/src/rpcmem_android.c:159: rpcmem_init_internal: opened ION device fd 7, configured heap IDs: system (0x2000000), contig (0x400000), secure (0x200), secure flags (0x80080000)
10-12 02:43:08.301 1330 1850 I android.hardware.media.omx@1.0-service: vendor/qcom/proprietary/adsprpc/src/fastrpc_apps_user.c:3087: fastrpc_apps_user_init done with default domain:3 and &fastrpc_trace:0xe7b76c1c
10-12 02:43:08.305 1330 1850 D PlatformConfig: getInstance: Enter
10-12 02:43:08.305 1330 1850 D PlatformConfig: getInt32 Config name: vidc_perf_control_enable value: 0
10-12 02:43:08.305 1330 1850 D PlatformConfig: getInstance: Enter
10-12 02:43:08.305 1330 1850 D PlatformConfig: getInt32: Returning default
10-12 02:43:08.305 1330 1850 D PlatformConfig: getInstance: Enter
10-12 02:43:08.305 1330 1850 D PlatformConfig: getInt32 Config name: vidc_enc_log_in value: 0
10-12 02:43:08.305 1330 1850 D PlatformConfig: getInstance: Enter
10-12 02:43:08.305 1330 1850 D PlatformConfig: getInt32 Config name: vidc_enc_log_out value: 0
10-12 02:43:08.305 1330 1850 D PlatformConfig: getInstance: Enter
10-12 02:43:08.305 1330 1850 D PlatformConfig: getInt32 Config name: vidc_enc_csc_custom_matrix value: 0
10-12 02:43:08.305 1330 1850 D PlatformConfig: getInstance: Enter
10-12 02:43:08.305 1330 1850 D PlatformConfig: getInt32 Config name: vidc_enc_auto_blur_disable value: 0
10-12 02:43:08.305 1330 1850 D PlatformConfig: getInstance: Enter
10-12 02:43:08.305 1330 1850 D PlatformConfig: getInt32: Returning default
10-12 02:43:08.305 1330 1850 D PlatformConfig: getInstance: Enter
10-12 02:43:08.305 1330 1850 D PlatformConfig: getInt32 Config name: vidc_enc_linear_color_format value: 0
10-12 02:43:08.305 1330 1850 D PlatformConfig: getInstance: Enter
10-12 02:43:08.305 1330 1850 D PlatformConfig: getInt32 Config name: vidc_enc_bitrate_savings_enable value: 3
10-12 02:43:08.305 1330 1850 D PlatformConfig: getInstance: Enter
10-12 02:43:08.305 1330 1850 D PlatformConfig: getInt32 Config name: vidc_enc_quality_boost_enable value: 1
10-12 02:43:08.308 1953 1953 V CamX : [ VERB][CORE ] camxoverridesettingsfile.cpp:385 Initialize() Could not find override settings text file at: /vendor/etc/camera/camxoverridesettings.txt
01-01 08:00:59.349 0 0 E : INFO: trying to register non-static key.
01-01 08:00:59.353 0 0 I msm_vidc: high: 00000001: ....e: Opening video instance: fffffff916cc4000, 0
01-01 08:00:59.354 0 0 E : the code is fine but needs lockdep annotation.
01-01 08:00:59.354 0 0 I : CPU: 7 PID: 1596 Comm: kworker/u16:18 Tainted: G S W O 4.19.157+ #1
01-01 08:00:59.354 0 0 I Hardware name: Qualcomm Technologies, Inc. kona MTP-RmPM8150b. VX1(MCE) EVT2 (DT)
01-01 08:00:59.360 0 0 I Workqueue: events_unbound ion_system_secure_heap_prefetch_work
01-01 08:00:59.360 0 0 I Call trace:
01-01 08:00:59.360 0 0 I : dump_backtrace+0x0/0x258
01-01 08:00:59.360 0 0 I : show_stack+0x20/0x30
01-01 08:00:59.360 0 0 I : dump_stack+0xd8/0x12c
01-01 08:00:59.360 0 0 I : register_lock_class+0x4d0/0x5c8
01-01 08:00:59.360 0 0 I : __lock_acquire+0xbc/0x1e58
01-01 08:00:59.360 0 0 I : lock_acquire+0x1cc/0x218
01-01 08:00:59.360 0 0 I : _raw_spin_lock_irqsave+0x54/0x98
01-01 08:00:59.360 0 0 I : ion_system_secure_heap_prefetch_work+0x94/0x2c0
01-01 08:00:59.360 0 0 I : process_one_work+0x38c/0x660
01-01 08:00:59.360 0 0 I : worker_thread+0x268/0x4b8
01-01 08:00:59.360 0 0 I : kthread+0x140/0x150
01-01 08:00:59.360 0 0 I : ret_from_fork+0x10/0x1c
10-12 02:43:08.309 1953 1953 V CamX : [ VERB][CORE ] camxoverridesettingsfile.cpp:385 Initialize() Could not find override settings text file at: ./camxoverridesettings.txt
10-12 02:43:08.309 1140 1679 I commit_sys_config_file: [log-files,149]
10-12 02:43:08.309 1953 1953 V CamX : [ VERB][UTILS ] camxhashmap.cpp:210 GetInPlace() Key not found
10-12 02:43:08.309 1953 1953 V CamX : [ VERB][UTILS ] camxhashmap.cpp:210 GetInPlace() Key not found
10-12 02:43:08.309 1953 1953 V CamX : [ VERB][UTILS ] camxhashmap.cpp:210 GetInPlace() Key not found
10-12 02:43:08.309 1953 1953 V CamX : [ VERB][UTILS ] camxhashmap.cpp:210 GetInPlace() Key not found
10-12 02:43:08.309 1953 1953 V CamX : [ VERB][UTILS ] camxhashmap.cpp:210 GetInPlace() Key not found
10-12 02:43:08.309 1953 1953 V CamX : [ VERB][UTILS ] camxhashmap.cpp:210 GetInPlace() Key not found
10-12 02:43:08.309 1953 1953 V CamX : [ VERB][UTILS ] camxhashmap.cpp:210 GetInPlace() Key not found
10-12 02:43:08.309 1953 1953 V CamX : [ VERB][UTILS ] camxhashmap.cpp:210 GetInPlace() Key not found
10-12 02:43:08.309 1953 1953 V CamX : [ VERB][UTILS ] camxhashmap.cpp:210 GetInPlace() Key not found
10-12 02:43:08.310 1953 1953 V CamX : [ VERB][UTILS ] camxhashmap.cpp:210 GetInPlace() Key not found
10-12 02:43:08.310 1953 1953 V CamX : [ VERB][UTILS ] camxhashmap.cpp:210 GetInPlace() Key not found
10-12 02:43:08.310 1953 1953 V CamX : [ VERB][UTILS ] camxhashmap.cpp:210 GetInPlace() Key not found
10-12 02:43:08.310 1953 1953 V CamX : [ VERB][UTILS ] camxhashmap.cpp:210 GetInPlace() Key not found
10-12 02:43:08.310 1953 1953 V CamX : [ VERB][UTILS ] camxhashmap.cpp:210 GetInPlace() Key not found
10-12 02:43:08.310 1953 1953 V CamX : [ VERB][UTILS ] camxhashmap.cpp:210 GetInPlace() Key not found
10-12 02:43:08.310 1953 1953 V CamX : [ VERB][UTILS ] camxhashmap.cpp:210 GetInPlace() Key not found
10-12 02:43:08.310 1953 1953 V CamX : [ VERB][UTILS ] camxhashmap.cpp:210 GetInPlace() Key not found
10-12 02:43:08.310 1953 1953 V CamX : [ VERB][UTILS ] camxhashmap.cpp:210 GetInPlace() Key not found
10-12 02:43:08.310 1953 1953 V CamX : [ VERB][UTILS ] camxhashmap.cpp:210 GetInPlace() Key not found
10-12 02:43:08.310 1953 1953 V CamX : [ VERB][UTILS ] camxhashmap.cpp:210 GetInPlace() Key not found
10-12 02:43:08.310 1953 1953 V CamX : [ VERB][UTILS ] camxhashmap.cpp:210 GetInPlace() Key not found
10-12 02:43:08.310 1953 1953 V CamX : [ VERB][UTILS ] camxhashmap.cpp:210 GetInPlace() Key not found
10-12 02:43:08.310 1953 1953 V CamX : [ VERB][UTILS ] camxhashmap.cpp:210 GetInPlace() Key not found
10-12 02:43:08.310 1953 1953 V CamX : [ VERB][UTILS ] camxhashmap.cpp:210 GetInPlace() Key not found
10-12 02:43:08.310 1953 1953 V CamX : [ VERB][UTILS ] camxhashmap.cpp:210 GetInPlace() Key not found
10-12 02:43:08.310 1953 1953 V CamX : [ VERB][UTILS ] camxhashmap.cpp:210 GetInPlace() Key not found
10-12 02:43:08.311 1953 1953 V CamX : [ VERB][UTILS ] camxhashmap.cpp:210 GetInPlace() Key not found
10-12 02:43:08.311 1953 1953 V CamX : [ VERB][UTILS ] camxhashmap.cpp:210 GetInPlace() Key not found
10-12 02:43:08.311 1953 1953 V CamX : [ VERB][UTILS ] camxhashmap.cpp:210 GetInPlace() Key not found
10-12 02:43:08.311 1953 1953 V CamX : [ VERB][UTILS ] camxhashmap.cpp:210 GetInPlace() Key not found
10-12 02:43:08.311 1953 1953 V CamX : [ VERB][UTILS ] camxhashmap.cpp:210 GetInPlace() Key not found
10-12 02:43:08.311 1953 1953 V CamX : [ VERB][UTILS ] camxhashmap.cpp:210 GetInPlace() Key not found
10-12 02:43:08.311 1953 1953 V CamX : [ VERB][UTILS ] camxhashmap.cpp:210 GetInPlace() Key not found
10-12 02:43:08.311 1953 1953 V CamX : [ VERB][UTILS ] camxhashmap.cpp:210 GetInPlace() Key not found
10-12 02:43:08.311 1953 1953 V CamX : [ VERB][UTILS ] camxhashmap.cpp:210 GetInPlace() Key not found
10-12 02:43:08.310 677 677 D Zygote : Forked child process 2009
10-12 02:43:08.311 1953 1953 V CamX : [ VERB][UTILS ] camxhashmap.cpp:210 GetInPlace() Key not found
10-12 02:43:08.311 1953 1953 V CamX : [ VERB][UTILS ] camxhashmap.cpp:210 GetInPlace() Key not found
10-12 02:43:08.311 1953 1953 V CamX : [ VERB][UTILS ] camxhashmap.cpp:210 GetInPlace() Key not found
10-12 02:43:08.311 1953 1953 V CamX : [ VERB][UTILS ] camxhashmap.cpp:210 GetInPlace() Key not found
10-12 02:43:08.312 1953 1953 V CamX : [ VERB][UTILS ] camxhashmap.cpp:210 GetInPlace() Key not found
10-12 02:43:08.312 1953 1953 V CamX : [ VERB][UTILS ] camxhashmap.cpp:210 GetInPlace() Key not found
10-12 02:43:08.312 1953 1953 V CamX : [ VERB][UTILS ] camxhashmap.cpp:210 GetInPlace() Key not found
10-12 02:43:08.312 1953 1953 V CamX : [ VERB][UTILS ] camxhashmap.cpp:210 GetInPlace() Key not found
10-12 02:43:08.312 1953 1953 V CamX : [ VERB][UTILS ] camxhashmap.cpp:210 GetInPlace() Key not found
10-12 02:43:08.312 1953 1953 V CamX : [ VERB][UTILS ] camxhashmap.cpp:210 GetInPlace() Key not found
10-12 02:43:08.312 1953 1953 V CamX : [ VERB][UTILS ] camxhashmap.cpp:210 GetInPlace() Key not found
10-12 02:43:08.312 1953 1953 V CamX : [ VERB][UTILS ] camxhashmap.cpp:210 GetInPlace() Key not found
10-12 02:43:08.312 1140 1246 W ActivityManager: Slow operation: 147ms so far, now at startProcess: returned from zygote!
10-12 02:43:08.312 1953 1953 V CamX : [ VERB][UTILS ] camxhashmap.cpp:210 GetInPlace() Key not found
10-12 02:43:08.312 1953 1953 V CamX : [ VERB][UTILS ] camxhashmap.cpp:210 GetInPlace() Key not found
10-12 02:43:08.312 1953 1953 V CamX : [ VERB][UTILS ] camxhashmap.cpp:210 GetInPlace() Key not found
10-12 02:43:08.312 1953 1953 V CamX : [ VERB][UTILS ] camxhashmap.cpp:210 GetInPlace() Key not found
10-12 02:43:08.312 1953 1953 V CamX : [ VERB][UTILS ] camxhashmap.cpp:210 GetInPlace() Key not found
10-12 02:43:08.312 1953 1953 V CamX : [ VERB][UTILS ] camxhashmap.cpp:210 GetInPlace() Key not found
10-12 02:43:08.313 1953 1953 V CamX : [ VERB][UTILS ] camxhashmap.cpp:210 GetInPlace() Key not found
10-12 02:43:08.313 1953 1953 V CamX : [ VERB][UTILS ] camxhashmap.cpp:210 GetInPlace() Key not found
10-12 02:43:08.313 1953 1953 V CamX : [ VERB][UTILS ] camxhashmap.cpp:210 GetInPlace() Key not found
10-12 02:43:08.313 1140 1679 E NativeTombstoneManager: Tombstone's UID (0) not an app, ignoring
10-12 02:43:08.313 1953 1953 V CamX : [ VERB][UTILS ] camxhashmap.cpp:210 GetInPlace() Key not found
10-12 02:43:08.313 1953 1953 V CamX : [ VERB][UTILS ] camxhashmap.cpp:210 GetInPlace() Key not found
10-12 02:43:08.313 1953 1953 V CamX : [ VERB][UTILS ] camxhashmap.cpp:210 GetInPlace() Key not found
10-12 02:43:08.313 1953 1953 V CamX : [ VERB][UTILS ] camxhashmap.cpp:210 GetInPlace() Key not found
10-12 02:43:08.313 1953 1953 V CamX : [ VERB][UTILS ] camxhashmap.cpp:210 GetInPlace() Key not found
10-12 02:43:08.313 1953 1953 V CamX : [ VERB][UTILS ] camxhashmap.cpp:210 GetInPlace() Key not found
10-12 02:43:08.313 1953 1953 V CamX : [ VERB][UTILS ] camxhashmap.cpp:210 GetInPlace() Key not found
10-12 02:43:08.313 1953 1953 V CamX : [ VERB][UTILS ] camxhashmap.cpp:210 GetInPlace() Key not found
10-12 02:43:08.313 1953 1953 V CamX : [ VERB][UTILS ] camxhashmap.cpp:210 GetInPlace() Key not found
10-12 02:43:08.313 1953 1953 V CamX : [ VERB][UTILS ] camxhashmap.cpp:210 GetInPlace() Key not found
10-12 02:43:08.313 1953 1953 V CamX : [ VERB][UTILS ] camxhashmap.cpp:210 GetInPlace() Key not found
10-12 02:43:08.313 1953 1953 V CamX : [ VERB][UTILS ] camxhashmap.cpp:210 GetInPlace() Key not found
10-12 02:43:08.313 1953 1953 V CamX : [ VERB][UTILS ] camxhashmap.cpp:210 GetInPlace() Key not found
10-12 02:43:08.313 1953 1953 V CamX : [ VERB][UTILS ] camxhashmap.cpp:210 GetInPlace() Key not found
10-12 02:43:08.314 1140 1679 I DropBoxManagerService: add tag=SYSTEM_TOMBSTONE_PROTO isTagEnabled=true flags=0x4
10-12 02:43:08.314 1953 1953 V CamX : [ VERB][UTILS ] camxhashmap.cpp:210 GetInPlace() Key not found
10-12 02:43:08.314 1953 1953 V CamX : [ VERB][UTILS ] camxhashmap.cpp:210 GetInPlace() Key not found
10-12 02:43:08.314 1953 1953 V CamX : [ VERB][UTILS ] camxhashmap.cpp:210 GetInPlace() Key not found
10-12 02:43:08.314 1953 1953 V CamX : [ VERB][UTILS ] camxhashmap.cpp:210 GetInPlace() Key not found
10-12 02:43:08.314 1953 1953 V CamX : [ VERB][UTILS ] camxhashmap.cpp:210 GetInPlace() Key not found
10-12 02:43:08.314 1953 1953 V CamX : [ VERB][UTILS ] camxhashmap.cpp:210 GetInPlace() Key not found
10-12 02:43:08.314 1953 1953 V CamX : [ VERB][UTILS ] camxhashmap.cpp:210 GetInPlace() Key not found
10-12 02:43:08.314 1953 1953 V CamX : [ VERB][UTILS ] camxhashmap.cpp:210 GetInPlace() Key not found
10-12 02:43:08.314 1953 1953 V CamX : [ VERB][UTILS ] camxhashmap.cpp:210 GetInPlace() Key not found
10-12 02:43:08.314 1953 1953 V CamX : [ VERB][UTILS ] camxhashmap.cpp:210 GetInPlace() Key not found
10-12 02:43:08.314 1953 1953 V CamX : [ VERB][UTILS ] camxhashmap.cpp:210 GetInPlace() Key not found
10-12 02:43:08.314 1953 1953 V CamX : [ VERB][UTILS ] camxhashmap.cpp:210 GetInPlace() Key not found
10-12 02:43:08.314 1953 1953 V CamX : [ VERB][UTILS ] camxhashmap.cpp:210 GetInPlace() Key not found
10-12 02:43:08.314 1953 1953 V CamX : [ VERB][UTILS ] camxhashmap.cpp:210 GetInPlace() Key not found
10-12 02:43:08.314 1953 1953 V CamX : [ VERB][UTILS ] camxhashmap.cpp:210 GetInPlace() Key not found
10-12 02:43:08.314 1953 1953 V CamX : [ VERB][UTILS ] camxhashmap.cpp:210 GetInPlace() Key not found
10-12 02:43:08.314 1953 1953 V CamX : [ VERB][UTILS ] camxhashmap.cpp:210 GetInPlace() Key not found
10-12 02:43:08.314 1330 1850 I OMX-VENC: Component_init : OMX.qcom.video.encoder.vp8 : return = 0x0
01-01 08:00:59.362 0 0 I msm_vidc: err : 00000001: ....e: msm_vidc_comm_update_ctrl: failed: control name Ltr Count, min 0, max 0, step 0, default_value 0
01-01 08:00:59.364 0 0 D cnss : Assert WLAN_EN GPIO successfully
01-01 08:00:59.364 0 0 D cnss : Resuming PCI link
01-01 08:00:59.365 0 0 I msm_pcie_enable: PCIe: Assert the reset of endpoint of RC0.
10-12 02:43:08.314 1953 1953 V CamX : [ VERB][UTILS ] camxhashmap.cpp:210 GetInPlace() Key not found
10-12 02:43:08.315 1953 1953 V CamX : [ VERB][UTILS ] camxhashmap.cpp:210 GetInPlace() Key not found
10-12 02:43:08.315 1953 1953 V CamX : [ VERB][UTILS ] camxhashmap.cpp:210 GetInPlace() Key not found
10-12 02:43:08.315 1953 1953 V CamX : [ VERB][UTILS ] camxhashmap.cpp:210 GetInPlace() Key not found
10-12 02:43:08.315 1953 1953 V CamX : [ VERB][UTILS ] camxhashmap.cpp:210 GetInPlace() Key not found
10-12 02:43:08.315 1953 1953 V CamX : [ VERB][UTILS ] camxhashmap.cpp:210 GetInPlace() Key not found
10-12 02:43:08.315 1953 1953 V CamX : [ VERB][UTILS ] camxhashmap.cpp:210 GetInPlace() Key not found
10-12 02:43:08.315 1953 1953 V CamX : [ VERB][UTILS ] camxhashmap.cpp:210 GetInPlace() Key not found
10-12 02:43:08.315 1953 1953 V CamX : [ VERB][UTILS ] camxhashmap.cpp:210 GetInPlace() Key not found
10-12 02:43:08.315 1953 1953 V CamX : [ VERB][UTILS ] camxhashmap.cpp:210 GetInPlace() Key not found
10-12 02:43:08.315 1953 1953 V CamX : [ VERB][UTILS ] camxhashmap.cpp:210 GetInPlace() Key not found
10-12 02:43:08.315 1953 1953 V CamX : [ VERB][UTILS ] camxhashmap.cpp:210 GetInPlace() Key not found
10-12 02:43:08.315 1953 1953 V CamX : [ VERB][UTILS ] camxhashmap.cpp:210 GetInPlace() Key not found
10-12 02:43:08.315 1953 1953 V CamX : [ VERB][UTILS ] camxhashmap.cpp:210 GetInPlace() Key not found
10-12 02:43:08.315 1953 1953 V CamX : [ VERB][UTILS ] camxhashmap.cpp:210 GetInPlace() Key not found
10-12 02:43:08.315 1953 1953 V CamX : [ VERB][UTILS ] camxhashmap.cpp:210 GetInPlace() Key not found
10-12 02:43:08.316 1953 1953 V CamX : [ VERB][UTILS ] camxhashmap.cpp:210 GetInPlace() Key not found
10-12 02:43:08.316 1953 1953 V CamX : [ VERB][UTILS ] camxhashmap.cpp:210 GetInPlace() Key not found
10-12 02:43:08.316 1330 2000 I OMX-VENC: venc_dev: v4l2 profile : 0 flags : 1
10-12 02:43:08.316 1953 1953 V CamX : [ VERB][UTILS ] camxhashmap.cpp:210 GetInPlace() Key not found
10-12 02:43:08.316 1953 1953 V CamX : [ VERB][UTILS ] camxhashmap.cpp:210 GetInPlace() Key not found
10-12 02:43:08.316 1953 1953 V CamX : [ VERB][UTILS ] camxhashmap.cpp:210 GetInPlace() Key not found
10-12 02:43:08.316 1953 1953 V CamX : [ VERB][UTILS ] camxhashmap.cpp:210 GetInPlace() Key not found
10-12 02:43:08.316 1953 1953 V CamX : [ VERB][UTILS ] camxhashmap.cpp:210 GetInPlace() Key not found
10-12 02:43:08.316 1953 1953 V CamX : [ VERB][UTILS ] camxhashmap.cpp:210 GetInPlace() Key not found
10-12 02:43:08.316 1953 1953 V CamX : [ VERB][UTILS ] camxhashmap.cpp:210 GetInPlace() Key not found
10-12 02:43:08.316 1953 1953 V CamX : [ VERB][UTILS ] camxhashmap.cpp:210 GetInPlace() Key not found
10-12 02:43:08.316 1953 1953 V CamX : [ VERB][UTILS ] camxhashmap.cpp:210 GetInPlace() Key not found
10-12 02:43:08.316 1953 1953 V CamX : [ VERB][UTILS ] camxhashmap.cpp:210 GetInPlace() Key not found
10-12 02:43:08.316 1953 1953 V CamX : [ VERB][UTILS ] camxhashmap.cpp:210 GetInPlace() Key not found
10-12 02:43:08.316 1953 1953 V CamX : [ VERB][UTILS ] camxhashmap.cpp:210 GetInPlace() Key not found
10-12 02:43:08.316 1140 1140 W SystemServiceManager: Service com.android.server.policy.PermissionPolicyService took 64 ms in onBootPhase
10-12 02:43:08.316 1953 1953 V CamX : [ VERB][UTILS ] camxhashmap.cpp:210 GetInPlace() Key not found
10-12 02:43:08.317 1953 1953 V CamX : [ VERB][UTILS ] camxhashmap.cpp:210 GetInPlace() Key not found
10-12 02:43:08.317 1140 1140 D SystemServerTiming: OnBootPhase_550_com.android.server.policy.PermissionPolicyService took to complete: 64ms
10-12 02:43:08.317 1953 1953 V CamX : [ VERB][UTILS ] camxhashmap.cpp:210 GetInPlace() Key not found
10-12 02:43:08.317 1140 1140 I SystemServerTiming: OnBootPhase_550_com.android.server.pm.StagingManager$Lifecycle
10-12 02:43:08.317 1953 1953 V CamX : [ VERB][UTILS ] camxhashmap.cpp:210 GetInPlace() Key not found
10-12 02:43:08.317 1140 1140 D SystemServerTiming: OnBootPhase_550_com.android.server.pm.StagingManager$Lifecycle took to complete: 0ms
10-12 02:43:08.317 1953 1953 V CamX : [ VERB][UTILS ] camxhashmap.cpp:210 GetInPlace() Key not found
10-12 02:43:08.317 1140 1140 I SystemServerTiming: OnBootPhase_550_com.android.server.app.GameManagerService$Lifecycle
10-12 02:43:08.317 1953 1953 V CamX : [ VERB][UTILS ] camxhashmap.cpp:210 GetInPlace() Key not found
10-12 02:43:08.317 1140 1140 D SystemServerTiming: OnBootPhase_550_com.android.server.app.GameManagerService$Lifecycle took to complete: 0ms
10-12 02:43:08.317 1953 1953 V CamX : [ VERB][UTILS ] camxhashmap.cpp:210 GetInPlace() Key not found
10-12 02:43:08.317 1140 1140 I SystemServerTiming: OnBootPhase_550_com.android.server.appsearch.AppSearchManagerService
10-12 02:43:08.317 1295 1800 W OMXUtils: do not know color format 0x7fa30c06 = 2141391878
10-12 02:43:08.317 1953 1953 V CamX : [ VERB][UTILS ] camxhashmap.cpp:210 GetInPlace() Key not found
10-12 02:43:08.317 1140 1140 D SystemServerTiming: OnBootPhase_550_com.android.server.appsearch.AppSearchManagerService took to complete: 0ms
10-12 02:43:08.317 1953 1953 V CamX : [ VERB][UTILS ] camxhashmap.cpp:210 GetInPlace() Key not found
10-12 02:43:08.317 1140 1140 I SystemServerTiming: OnBootPhase_550_com.android.server.media.MediaCommunicationService
10-12 02:43:08.317 1953 1953 V CamX : [ VERB][UTILS ] camxhashmap.cpp:210 GetInPlace() Key not found
10-12 02:43:08.317 1140 1140 D SystemServerTiming: OnBootPhase_550_com.android.server.media.MediaCommunicationService took to complete: 0ms
10-12 02:43:08.317 1953 1953 V CamX : [ VERB][UTILS ] camxhashmap.cpp:210 GetInPlace() Key not found
10-12 02:43:08.317 1953 1953 V CamX : [ VERB][UTILS ] camxhashmap.cpp:210 GetInPlace() Key not found
10-12 02:43:08.317 1140 1140 D SystemServerTiming: OnBootPhase_550 took to complete: 205ms
10-12 02:43:08.317 1953 1953 V CamX : [ VERB][UTILS ] camxhashmap.cpp:210 GetInPlace() Key not found
10-12 02:43:08.317 1140 1140 D SystemServerTiming: StartActivityManagerReadyPhase took to complete: 207ms
10-12 02:43:08.317 1953 1953 V CamX : [ VERB][UTILS ] camxhashmap.cpp:210 GetInPlace() Key not found
10-12 02:43:08.317 1140 1140 I SystemServerTiming: StartObservingNativeCrashes
10-12 02:43:08.317 1953 1953 V CamX : [ VERB][UTILS ] camxhashmap.cpp:210 GetInPlace() Key not found
10-12 02:43:08.317 1953 1953 V CamX : [ VERB][UTILS ] camxhashmap.cpp:210 GetInPlace() Key not found
10-12 02:43:08.317 1953 1953 V CamX : [ VERB][UTILS ] camxhashmap.cpp:210 GetInPlace() Key not found
10-12 02:43:08.317 1953 1953 V CamX : [ VERB][UTILS ] camxhashmap.cpp:210 GetInPlace() Key not found
10-12 02:43:08.318 1953 1953 V CamX : [ VERB][UTILS ] camxhashmap.cpp:210 GetInPlace() Key not found
10-12 02:43:08.318 1953 1953 V CamX : [ VERB][UTILS ] camxhashmap.cpp:210 GetInPlace() Key not found
10-12 02:43:08.318 1295 1800 W OMXUtils: do not know color format 0x7fa30c04 = 2141391876
10-12 02:43:08.318 1953 1953 V CamX : [ VERB][UTILS ] camxhashmap.cpp:210 GetInPlace() Key not found
10-12 02:43:08.318 1953 1953 V CamX : [ VERB][UTILS ] camxhashmap.cpp:210 GetInPlace() Key not found
10-12 02:43:08.318 1953 1953 V CamX : [ VERB][UTILS ] camxhashmap.cpp:210 GetInPlace() Key not found
10-12 02:43:08.318 1953 1953 V CamX : [ VERB][UTILS ] camxhashmap.cpp:210 GetInPlace() Key not found
10-12 02:43:08.318 1953 1953 V CamX : [ VERB][UTILS ] camxhashmap.cpp:210 GetInPlace() Key not found
10-12 02:43:08.318 1953 1953 V CamX : [ VERB][UTILS ] camxhashmap.cpp:210 GetInPlace() Key not found
10-12 02:43:08.318 1953 1953 V CamX : [ VERB][UTILS ] camxhashmap.cpp:210 GetInPlace() Key not found
10-12 02:43:08.318 1953 1953 V CamX : [ VERB][UTILS ] camxhashmap.cpp:210 GetInPlace() Key not found
10-12 02:43:08.318 1953 1953 V CamX : [ VERB][UTILS ] camxhashmap.cpp:210 GetInPlace() Key not found
10-12 02:43:08.318 1953 1953 V CamX : [ VERB][UTILS ] camxhashmap.cpp:210 GetInPlace() Key not found
10-12 02:43:08.318 1953 1953 V CamX : [ VERB][UTILS ] camxhashmap.cpp:210 GetInPlace() Key not found
10-12 02:43:08.318 1953 1953 V CamX : [ VERB][UTILS ] camxhashmap.cpp:210 GetInPlace() Key not found
10-12 02:43:08.318 1140 1140 D SystemServerTiming: StartObservingNativeCrashes took to complete: 1ms
10-12 02:43:08.318 1953 1953 V CamX : [ VERB][UTILS ] camxhashmap.cpp:210 GetInPlace() Key not found
10-12 02:43:08.319 1295 1800 W OMXUtils: do not know color format 0x7fa30c00 = 2141391872
10-12 02:43:08.319 1953 1953 V CamX : [ VERB][UTILS ] camxhashmap.cpp:210 GetInPlace() Key not found
10-12 02:43:08.319 1140 1140 I SystemServerTiming: RegisterAppOpsPolicy
10-12 02:43:08.319 1953 1953 V CamX : [ VERB][UTILS ] camxhashmap.cpp:210 GetInPlace() Key not found
10-12 02:43:08.319 1953 1953 V CamX : [ VERB][UTILS ] camxhashmap.cpp:210 GetInPlace() Key not found
10-12 02:43:08.319 1953 1953 V CamX : [ VERB][UTILS ] camxhashmap.cpp:210 GetInPlace() Key not found
10-12 02:43:08.319 1953 1953 V CamX : [ VERB][UTILS ] camxhashmap.cpp:210 GetInPlace() Key not found
10-12 02:43:08.319 1953 1953 V CamX : [ VERB][UTILS ] camxhashmap.cpp:210 GetInPlace() Key not found
10-12 02:43:08.319 1953 1953 V CamX : [ VERB][UTILS ] camxhashmap.cpp:210 GetInPlace() Key not found
10-12 02:43:08.319 1953 1953 V CamX : [ VERB][UTILS ] camxhashmap.cpp:210 GetInPlace() Key not found
10-12 02:43:08.319 1953 1953 V CamX : [ VERB][UTILS ] camxhashmap.cpp:210 GetInPlace() Key not found
10-12 02:43:08.320 1953 1953 V CamX : [ VERB][UTILS ] camxhashmap.cpp:210 GetInPlace() Key not found
10-12 02:43:08.320 1295 1800 W OMXUtils: do not know color format 0x7fa30c09 = 2141391881
10-12 02:43:08.320 1953 1953 V CamX : [ VERB][UTILS ] camxhashmap.cpp:210 GetInPlace() Key not found
10-12 02:43:08.320 1953 1953 V CamX : [ VERB][UTILS ] camxhashmap.cpp:210 GetInPlace() Key not found
10-12 02:43:08.320 1953 1953 V CamX : [ VERB][UTILS ] camxhashmap.cpp:210 GetInPlace() Key not found
10-12 02:43:08.320 1953 1953 V CamX : [ VERB][UTILS ] camxhashmap.cpp:210 GetInPlace() Key not found
10-12 02:43:08.320 1953 1953 V CamX : [ VERB][UTILS ] camxhashmap.cpp:210 GetInPlace() Key not found
10-12 02:43:08.320 1953 1953 V CamX : [ VERB][UTILS ] camxhashmap.cpp:210 GetInPlace() Key not found
10-12 02:43:08.320 1953 1953 V CamX : [ VERB][UTILS ] camxhashmap.cpp:210 GetInPlace() Key not found
10-12 02:43:08.320 1953 1953 V CamX : [ VERB][UTILS ] camxhashmap.cpp:210 GetInPlace() Key not found
10-12 02:43:08.320 1295 1800 W OMXUtils: do not know color format 0x7fa30c0a = 2141391882
10-12 02:43:08.321 1953 1953 V CamX : [ VERB][UTILS ] camxhashmap.cpp:210 GetInPlace() Key not found
10-12 02:43:08.321 1953 1953 V CamX : [ VERB][UTILS ] camxhashmap.cpp:210 GetInPlace() Key not found
10-12 02:43:08.321 1953 1953 V CamX : [ VERB][UTILS ] camxhashmap.cpp:210 GetInPlace() Key not found
10-12 02:43:08.321 1953 1953 V CamX : [ VERB][UTILS ] camxhashmap.cpp:210 GetInPlace() Key not found
10-12 02:43:08.321 1953 1953 V CamX : [ VERB][UTILS ] camxhashmap.cpp:210 GetInPlace() Key not found
10-12 02:43:08.321 1953 1953 V CamX : [ VERB][UTILS ] camxhashmap.cpp:210 GetInPlace() Key not found
10-12 02:43:08.321 1953 1953 V CamX : [ VERB][UTILS ] camxhashmap.cpp:210 GetInPlace() Key not found
10-12 02:43:08.321 1953 1953 V CamX : [ VERB][UTILS ] camxhashmap.cpp:210 GetInPlace() Key not found
10-12 02:43:08.321 1953 1953 V CamX : [ VERB][UTILS ] camxhashmap.cpp:210 GetInPlace() Key not found
10-12 02:43:08.321 1953 1953 V CamX : [ VERB][UTILS ] camxhashmap.cpp:210 GetInPlace() Key not found
10-12 02:43:08.321 1953 1953 V CamX : [ VERB][UTILS ] camxhashmap.cpp:210 GetInPlace() Key not found
10-12 02:43:08.321 1953 1953 V CamX : [ VERB][UTILS ] camxhashmap.cpp:210 GetInPlace() Key not found
10-12 02:43:08.321 1953 1953 V CamX : [ VERB][UTILS ] camxhashmap.cpp:210 GetInPlace() Key not found
10-12 02:43:08.321 1295 1800 W OMXUtils: do not know color format 0x7fa30c08 = 2141391880
10-12 02:43:08.321 1953 1953 V CamX : [ VERB][UTILS ] camxhashmap.cpp:210 GetInPlace() Key not found
