10-12 02:43:07.951 1140 1140 D SystemServerTiming: OnBootPhase_520_com.android.server.PersistentDataBlockService took to complete: 0ms
10-12 02:43:07.952 1140 1140 I SystemServerTiming: OnBootPhase_520_com.android.server.testharness.TestHarnessModeService
10-12 02:43:07.952 1140 1140 D SystemServerTiming: OnBootPhase_520_com.android.server.testharness.TestHarnessModeService took to complete: 0ms
10-12 02:43:07.952 1140 1140 I SystemServerTiming: OnBootPhase_520_com.android.server.oemlock.OemLockService
10-12 02:43:07.952 1140 1140 D SystemServerTiming: OnBootPhase_520_com.android.server.oemlock.OemLockService took to complete: 0ms
10-12 02:43:07.952 1140 1140 I SystemServerTiming: OnBootPhase_520_com.android.server.DeviceIdleController
10-12 02:43:07.952 1140 1140 D SystemServerTiming: OnBootPhase_520_com.android.server.DeviceIdleController took to complete: 0ms
10-12 02:43:07.952 1140 1140 I SystemServerTiming: OnBootPhase_520_com.android.server.devicepolicy.DevicePolicyManagerService$Lifecycle
10-12 02:43:07.952 1140 1140 D SystemServerTiming: OnBootPhase_520_com.android.server.devicepolicy.DevicePolicyManagerService$Lifecycle took to complete: 0ms
10-12 02:43:07.952 1140 1140 I SystemServerTiming: OnBootPhase_520_com.android.server.texttospeech.TextToSpeechManagerService
10-12 02:43:07.952 1140 1140 D SystemServerTiming: OnBootPhase_520_com.android.server.texttospeech.TextToSpeechManagerService took to complete: 0ms
10-12 02:43:07.952 1140 1140 I SystemServerTiming: OnBootPhase_520_com.android.server.speech.SpeechRecognitionManagerService
10-12 02:43:07.952 1140 1140 D SystemServerTiming: OnBootPhase_520_com.android.server.speech.SpeechRecognitionManagerService took to complete: 0ms
10-12 02:43:07.952 1140 1140 I SystemServerTiming: OnBootPhase_520_com.android.server.searchui.SearchUiManagerService
10-12 02:43:07.952 1140 1140 D SystemServerTiming: OnBootPhase_520_com.android.server.searchui.SearchUiManagerService took to complete: 0ms
10-12 02:43:07.952 1140 1140 I SystemServerTiming: OnBootPhase_520_com.android.server.smartspace.SmartspaceManagerService
10-12 02:43:07.952 1140 1140 D SystemServerTiming: OnBootPhase_520_com.android.server.smartspace.SmartspaceManagerService took to complete: 0ms
10-12 02:43:07.952 1140 1140 I SystemServerTiming: OnBootPhase_520_com.android.server.graphics.fonts.FontManagerService$Lifecycle
10-12 02:43:07.952 1140 1140 D SystemServerTiming: OnBootPhase_520_com.android.server.graphics.fonts.FontManagerService$Lifecycle took to complete: 0ms
10-12 02:43:07.952 1140 1140 I SystemServerTiming: OnBootPhase_520_com.android.server.textservices.TextServicesManagerService$Lifecycle
10-12 02:43:07.952 1140 1140 D SystemServerTiming: OnBootPhase_520_com.android.server.textservices.TextServicesManagerService$Lifecycle took to complete: 0ms
10-12 02:43:07.952 1140 1140 I SystemServerTiming: OnBootPhase_520_com.android.server.textclassifier.TextClassificationManagerService$Lifecycle
10-12 02:43:07.952 1140 1140 D SystemServerTiming: OnBootPhase_520_com.android.server.textclassifier.TextClassificationManagerService$Lifecycle took to complete: 0ms
10-12 02:43:07.952 1140 1140 I SystemServerTiming: OnBootPhase_520_com.android.server.NetworkScoreService$Lifecycle
10-12 02:43:07.953 1140 1140 D SystemServerTiming: OnBootPhase_520_com.android.server.NetworkScoreService$Lifecycle took to complete: 0ms
10-12 02:43:07.953 1140 1140 I SystemServerTiming: OnBootPhase_520_com.android.server.wifi.WifiService
10-12 02:43:07.953 1140 1140 D SystemServerTiming: OnBootPhase_520_com.android.server.wifi.WifiService took to complete: 0ms
10-12 02:43:07.953 1140 1140 I SystemServerTiming: OnBootPhase_520_com.android.server.wifi.scanner.WifiScanningService
10-12 02:43:07.953 1140 1140 D SystemServerTiming: OnBootPhase_520_com.android.server.wifi.scanner.WifiScanningService took to complete: 0ms
10-12 02:43:07.953 1140 1140 I SystemServerTiming: OnBootPhase_520_com.android.server.wifi.rtt.RttService
10-12 02:43:07.953 1140 1140 D SystemServerTiming: OnBootPhase_520_com.android.server.wifi.rtt.RttService took to complete: 0ms
10-12 02:43:07.953 1140 1140 I SystemServerTiming: OnBootPhase_520_com.android.server.wifi.aware.WifiAwareService
10-12 02:43:07.953 1140 1140 D SystemServerTiming: OnBootPhase_520_com.android.server.wifi.aware.WifiAwareService took to complete: 0ms
10-12 02:43:07.953 1140 1140 I SystemServerTiming: OnBootPhase_520_com.android.server.wifi.p2p.WifiP2pService
10-12 02:43:07.953 1140 1140 D SystemServerTiming: OnBootPhase_520_com.android.server.wifi.p2p.WifiP2pService took to complete: 0ms
10-12 02:43:07.953 1140 1140 I SystemServerTiming: OnBootPhase_520_com.android.server.ethernet.EthernetService
10-12 02:43:07.953 1140 1140 D SystemServerTiming: OnBootPhase_520_com.android.server.ethernet.EthernetService took to complete: 0ms
10-12 02:43:07.953 1140 1140 I SystemServerTiming: OnBootPhase_520_com.android.server.ConnectivityServiceInitializer
10-12 02:43:07.953 1140 1140 D SystemServerTiming: OnBootPhase_520_com.android.server.ConnectivityServiceInitializer took to complete: 0ms
10-12 02:43:07.953 1140 1140 I SystemServerTiming: OnBootPhase_520_com.android.server.notification.NotificationManagerService
10-12 02:43:07.953 1140 1140 D SystemServerTiming: OnBootPhase_520_com.android.server.notification.NotificationManagerService took to complete: 0ms
10-12 02:43:07.953 1140 1140 I SystemServerTiming: OnBootPhase_520_com.android.server.storage.DeviceStorageMonitorService
10-12 02:43:07.953 1140 1140 D SystemServerTiming: OnBootPhase_520_com.android.server.storage.DeviceStorageMonitorService took to complete: 0ms
10-12 02:43:07.953 1140 1140 I SystemServerTiming: OnBootPhase_520_com.android.server.location.LocationManagerService$Lifecycle
10-12 02:43:07.954 1140 1140 D SystemServerTiming: OnBootPhase_520_com.android.server.location.LocationManagerService$Lifecycle took to complete: 0ms
10-12 02:43:07.954 1140 1140 I SystemServerTiming: OnBootPhase_520_com.android.server.timedetector.TimeDetectorService$Lifecycle
10-12 02:43:07.954 1140 1140 D SystemServerTiming: OnBootPhase_520_com.android.server.timedetector.TimeDetectorService$Lifecycle took to complete: 0ms
10-12 02:43:07.954 1140 1140 I SystemServerTiming: OnBootPhase_520_com.android.server.timezonedetector.TimeZoneDetectorService$Lifecycle
10-12 02:43:07.954 1140 1140 D SystemServerTiming: OnBootPhase_520_com.android.server.timezonedetector.TimeZoneDetectorService$Lifecycle took to complete: 0ms
10-12 02:43:07.954 1140 1140 I SystemServerTiming: OnBootPhase_520_com.android.server.timezonedetector.location.LocationTimeZoneManagerService$Lifecycle
10-12 02:43:07.954 1140 1140 D SystemServerTiming: OnBootPhase_520_com.android.server.timezonedetector.location.LocationTimeZoneManagerService$Lifecycle took to complete: 0ms
10-12 02:43:07.954 1140 1140 I SystemServerTiming: OnBootPhase_520_com.android.server.search.SearchManagerService$Lifecycle
01-01 08:00:59.035 0 0 E : INFO: trying to register non-static key.
01-01 08:00:59.040 0 0 E : the code is fine but needs lockdep annotation.
01-01 08:00:59.044 0 0 D cnss : Received QMI WLFW pin connect result indication
01-01 08:00:59.046 0 0 I : CPU: 6 PID: 1596 Comm: kworker/u16:18 Tainted: G S W O 4.19.157+ #1
01-01 08:00:59.046 0 0 I Hardware name: Qualcomm Technologies, Inc. kona MTP-RmPM8150b. VX1(MCE) EVT2 (DT)
01-01 08:00:59.046 0 0 I Workqueue: events_unbound ion_system_secure_heap_prefetch_work
01-01 08:00:59.046 0 0 I Call trace:
01-01 08:00:59.046 0 0 I : dump_backtrace+0x0/0x258
01-01 08:00:59.046 0 0 I : show_stack+0x20/0x30
01-01 08:00:59.046 0 0 I : dump_stack+0xd8/0x12c
01-01 08:00:59.046 0 0 I : register_lock_class+0x4d0/0x5c8
10-12 02:43:07.954 1140 1140 D SystemServerTiming: OnBootPhase_520_com.android.server.search.SearchManagerService$Lifecycle took to complete: 0ms
10-12 02:43:07.954 1140 1140 I SystemServerTiming: OnBootPhase_520_com.android.server.wallpaper.WallpaperManagerService$Lifecycle
10-12 02:43:07.954 1140 1140 D SystemServerTiming: OnBootPhase_520_com.android.server.wallpaper.WallpaperManagerService$Lifecycle took to complete: 0ms
10-12 02:43:07.954 1140 1140 I SystemServerTiming: OnBootPhase_520_com.android.server.audio.AudioService$Lifecycle
10-12 02:43:07.954 1140 1140 D SystemServerTiming: OnBootPhase_520_com.android.server.audio.AudioService$Lifecycle took to complete: 0ms
10-12 02:43:07.954 1140 1140 I SystemServerTiming: OnBootPhase_520_com.android.server.soundtrigger_middleware.SoundTriggerMiddlewareService$Lifecycle
10-12 02:43:07.954 1140 1140 D SystemServerTiming: OnBootPhase_520_com.android.server.soundtrigger_middleware.SoundTriggerMiddlewareService$Lifecycle took to complete: 0ms
10-12 02:43:07.954 1140 1140 I SystemServerTiming: OnBootPhase_520_com.android.server.DockObserver
10-12 02:43:07.954 1140 1140 D SystemServerTiming: OnBootPhase_520_com.android.server.DockObserver took to complete: 0ms
10-12 02:43:07.954 1140 1140 I SystemServerTiming: OnBootPhase_520_com.android.server.midi.MidiService$Lifecycle
10-12 02:43:07.954 1140 1140 D SystemServerTiming: OnBootPhase_520_com.android.server.midi.MidiService$Lifecycle took to complete: 0ms
10-12 02:43:07.954 1140 1140 I SystemServerTiming: OnBootPhase_520_com.android.server.adb.AdbService$Lifecycle
10-12 02:43:07.954 1140 1140 D SystemServerTiming: OnBootPhase_520_com.android.server.adb.AdbService$Lifecycle took to complete: 0ms
10-12 02:43:07.955 1140 1140 I SystemServerTiming: OnBootPhase_520_com.android.server.usb.UsbService$Lifecycle
10-12 02:43:07.955 1140 1140 D SystemServerTiming: OnBootPhase_520_com.android.server.usb.UsbService$Lifecycle took to complete: 0ms
10-12 02:43:07.955 1140 1140 I SystemServerTiming: OnBootPhase_520_com.android.server.twilight.TwilightService
10-12 02:43:07.955 1140 1140 D SystemServerTiming: OnBootPhase_520_com.android.server.twilight.TwilightService took to complete: 0ms
10-12 02:43:07.955 1140 1140 I SystemServerTiming: OnBootPhase_520_com.android.server.display.color.ColorDisplayService
10-12 02:43:07.955 1140 1140 D SystemServerTiming: OnBootPhase_520_com.android.server.display.color.ColorDisplayService took to complete: 0ms
10-12 02:43:07.955 1140 1140 I SystemServerTiming: OnBootPhase_520_com.android.server.job.JobSchedulerService
10-12 02:43:07.955 1140 1140 D SystemServerTiming: OnBootPhase_520_com.android.server.job.JobSchedulerService took to complete: 0ms
10-12 02:43:07.955 1140 1140 I SystemServerTiming: OnBootPhase_520_com.android.server.soundtrigger.SoundTriggerService
10-12 02:43:07.955 1140 1140 D SoundTriggerService: onBootPhase: 520 : false
10-12 02:43:07.955 1140 1140 D SystemServerTiming: OnBootPhase_520_com.android.server.soundtrigger.SoundTriggerService took to complete: 0ms
10-12 02:43:07.955 1140 1140 I SystemServerTiming: OnBootPhase_520_com.android.server.trust.TrustManagerService
10-12 02:43:07.955 1140 1140 D SystemServerTiming: OnBootPhase_520_com.android.server.trust.TrustManagerService took to complete: 0ms
10-12 02:43:07.955 1140 1140 I SystemServerTiming: OnBootPhase_520_com.android.server.backup.BackupManagerService$Lifecycle
10-12 02:43:07.956 1140 1140 D SystemServerTiming: OnBootPhase_520_com.android.server.backup.BackupManagerService$Lifecycle took to complete: 0ms
10-12 02:43:07.956 1140 1140 I SystemServerTiming: OnBootPhase_520_com.android.server.appwidget.AppWidgetService
10-12 02:43:07.956 1140 1140 D SystemServerTiming: OnBootPhase_520_com.android.server.appwidget.AppWidgetService took to complete: 0ms
10-12 02:43:07.956 1140 1140 I SystemServerTiming: OnBootPhase_520_com.android.server.voiceinteraction.VoiceInteractionManagerService
10-12 02:43:07.956 1140 1140 D SystemServerTiming: OnBootPhase_520_com.android.server.voiceinteraction.VoiceInteractionManagerService took to complete: 0ms
10-12 02:43:07.956 1140 1140 I SystemServerTiming: OnBootPhase_520_com.android.server.apphibernation.AppHibernationService
10-12 02:43:07.956 1140 1140 D SystemServerTiming: OnBootPhase_520_com.android.server.apphibernation.AppHibernationService took to complete: 0ms
10-12 02:43:07.956 1140 1140 I SystemServerTiming: OnBootPhase_520_com.android.server.GestureLauncherService
10-12 02:43:07.956 1140 1140 D SystemServerTiming: OnBootPhase_520_com.android.server.GestureLauncherService took to complete: 0ms
10-12 02:43:07.956 1140 1140 I SystemServerTiming: OnBootPhase_520_com.android.server.SensorNotificationService
10-12 02:43:07.956 1140 1140 D SystemServerTiming: OnBootPhase_520_com.android.server.SensorNotificationService took to complete: 0ms
10-12 02:43:07.957 1140 1140 I SystemServerTiming: OnBootPhase_520_com.android.server.emergency.EmergencyAffordanceService
10-12 02:43:07.957 1140 1140 D SystemServerTiming: OnBootPhase_520_com.android.server.emergency.EmergencyAffordanceService took to complete: 0ms
10-12 02:43:07.957 1140 1140 I SystemServerTiming: OnBootPhase_520_com.android.server.blob.BlobStoreManagerService
10-12 02:43:07.957 1140 1140 D SystemServerTiming: OnBootPhase_520_com.android.server.blob.BlobStoreManagerService took to complete: 0ms
10-12 02:43:07.957 1140 1140 I SystemServerTiming: OnBootPhase_520_com.android.server.dreams.DreamManagerService
10-12 02:43:07.957 1140 1140 D SystemServerTiming: OnBootPhase_520_com.android.server.dreams.DreamManagerService took to complete: 0ms
10-12 02:43:07.957 1140 1140 I SystemServerTiming: OnBootPhase_520_com.android.server.companion.CompanionDeviceManagerService
10-12 02:43:07.957 1140 1140 D SystemServerTiming: OnBootPhase_520_com.android.server.companion.CompanionDeviceManagerService took to complete: 0ms
10-12 02:43:07.957 1140 1140 I SystemServerTiming: OnBootPhase_520_com.android.server.restrictions.RestrictionsManagerService
10-12 02:43:07.957 1140 1140 D SystemServerTiming: OnBootPhase_520_com.android.server.restrictions.RestrictionsManagerService took to complete: 0ms
10-12 02:43:07.957 1140 1140 I SystemServerTiming: OnBootPhase_520_com.android.server.media.MediaSessionService
10-12 02:43:07.957 1140 1140 D SystemServerTiming: OnBootPhase_520_com.android.server.media.MediaSessionService took to complete: 0ms
10-12 02:43:07.957 1140 1140 I SystemServerTiming: OnBootPhase_520_com.android.server.media.MediaResourceMonitorService
10-12 02:43:07.957 1140 1140 D SystemServerTiming: OnBootPhase_520_com.android.server.media.MediaResourceMonitorService took to complete: 0ms
10-12 02:43:07.957 1140 1140 I SystemServerTiming: OnBootPhase_520_com.android.server.biometrics.sensors.fingerprint.FingerprintService
10-12 02:43:07.958 1140 1140 D SystemServerTiming: OnBootPhase_520_com.android.server.biometrics.sensors.fingerprint.FingerprintService took to complete: 0ms
10-12 02:43:07.958 1140 1140 I SystemServerTiming: OnBootPhase_520_com.android.server.biometrics.BiometricService
10-12 02:43:07.960 1140 1140 D SystemServerTiming: OnBootPhase_520_com.android.server.biometrics.BiometricService took to complete: 0ms
10-12 02:43:07.960 1140 1140 I SystemServerTiming: OnBootPhase_520_com.android.server.biometrics.AuthService
10-12 02:43:07.960 1140 1140 D SystemServerTiming: OnBootPhase_520_com.android.server.biometrics.AuthService took to complete: 0ms
10-12 02:43:07.960 1140 1140 I SystemServerTiming: OnBootPhase_520_com.android.server.pm.ShortcutService$Lifecycle
10-12 02:43:07.960 1140 1140 D SystemServerTiming: OnBootPhase_520_com.android.server.pm.ShortcutService$Lifecycle took to complete: 0ms
10-12 02:43:07.960 1140 1140 I SystemServerTiming: OnBootPhase_520_com.android.server.pm.LauncherAppsService
10-12 02:43:07.960 1140 1140 D SystemServerTiming: OnBootPhase_520_com.android.server.pm.LauncherAppsService took to complete: 0ms
10-12 02:43:07.960 1140 1140 I SystemServerTiming: OnBootPhase_520_com.android.server.pm.CrossProfileAppsService
10-12 02:43:07.960 1140 1140 D SystemServerTiming: OnBootPhase_520_com.android.server.pm.CrossProfileAppsService took to complete: 0ms
10-12 02:43:07.960 1140 1140 I SystemServerTiming: OnBootPhase_520_com.android.server.people.PeopleService
10-12 02:43:07.960 1140 1140 D SystemServerTiming: OnBootPhase_520_com.android.server.people.PeopleService took to complete: 0ms
10-12 02:43:07.960 1140 1140 I SystemServerTiming: OnBootPhase_520_com.android.server.media.metrics.MediaMetricsManagerService
10-12 02:43:07.960 1140 1140 D SystemServerTiming: OnBootPhase_520_com.android.server.media.metrics.MediaMetricsManagerService took to complete: 0ms
10-12 02:43:07.960 1140 1140 I SystemServerTiming: OnBootPhase_520_com.android.server.media.projection.MediaProjectionManagerService
10-12 02:43:07.960 1140 1140 D SystemServerTiming: OnBootPhase_520_com.android.server.media.projection.MediaProjectionManagerService took to complete: 0ms
10-12 02:43:07.960 1140 1140 I SystemServerTiming: OnBootPhase_520_com.android.server.slice.SliceManagerService$Lifecycle
10-12 02:43:07.960 1140 1140 D SystemServerTiming: OnBootPhase_520_com.android.server.slice.SliceManagerService$Lifecycle took to complete: 0ms
10-12 02:43:07.960 1140 1140 I SystemServerTiming: OnBootPhase_520_com.android.server.stats.StatsCompanion$Lifecycle
10-12 02:43:07.960 1140 1140 D SystemServerTiming: OnBootPhase_520_com.android.server.stats.StatsCompanion$Lifecycle took to complete: 0ms
10-12 02:43:07.960 1140 1140 I SystemServerTiming: OnBootPhase_520_com.android.server.scheduling.RebootReadinessManagerService$Lifecycle
10-12 02:43:07.960 1140 1140 D SystemServerTiming: OnBootPhase_520_com.android.server.scheduling.RebootReadinessManagerService$Lifecycle took to complete: 0ms
10-12 02:43:07.960 1140 1140 I SystemServerTiming: OnBootPhase_520_com.android.server.stats.pull.StatsPullAtomService
10-12 02:43:07.960 1140 1140 D SystemServerTiming: OnBootPhase_520_com.android.server.stats.pull.StatsPullAtomService took to complete: 0ms
10-12 02:43:07.960 1140 1140 I SystemServerTiming: OnBootPhase_520_com.android.server.incident.IncidentCompanionService
10-12 02:43:07.960 1140 1140 D SystemServerTiming: OnBootPhase_520_com.android.server.incident.IncidentCompanionService took to complete: 0ms
10-12 02:43:07.961 1140 1140 I SystemServerTiming: OnBootPhase_520_com.android.server.MmsServiceBroker
10-12 02:43:07.961 1140 1140 D SystemServerTiming: OnBootPhase_520_com.android.server.MmsServiceBroker took to complete: 0ms
10-12 02:43:07.961 1140 1140 I SystemServerTiming: OnBootPhase_520_com.android.server.autofill.AutofillManagerService
10-12 02:43:07.961 1140 1140 D SystemServerTiming: OnBootPhase_520_com.android.server.autofill.AutofillManagerService took to complete: 0ms
10-12 02:43:07.961 1140 1140 I SystemServerTiming: OnBootPhase_520_com.android.server.clipboard.ClipboardService
10-12 02:43:07.961 1140 1140 D SystemServerTiming: OnBootPhase_520_com.android.server.clipboard.ClipboardService took to complete: 0ms
10-12 02:43:07.961 1140 1140 I SystemServerTiming: OnBootPhase_520_com.android.server.appbinding.AppBindingService$Lifecycle
10-12 02:43:07.961 1140 1140 D SystemServerTiming: OnBootPhase_520_com.android.server.appbinding.AppBindingService$Lifecycle took to complete: 0ms
10-12 02:43:07.961 1140 1140 I SystemServerTiming: OnBootPhase_520_com.android.server.tracing.TracingServiceProxy
10-12 02:43:07.961 1140 1140 D SystemServerTiming: OnBootPhase_520_com.android.server.tracing.TracingServiceProxy took to complete: 0ms
10-12 02:43:07.961 1140 1140 I SystemServerTiming: OnBootPhase_520_com.android.server.policy.PermissionPolicyService
10-12 02:43:07.961 1140 1140 D SystemServerTiming: OnBootPhase_520_com.android.server.policy.PermissionPolicyService took to complete: 0ms
10-12 02:43:07.961 1140 1140 I SystemServerTiming: OnBootPhase_520_com.android.server.pm.StagingManager$Lifecycle
10-12 02:43:07.961 1140 1140 D SystemServerTiming: OnBootPhase_520_com.android.server.pm.StagingManager$Lifecycle took to complete: 0ms
10-12 02:43:07.961 1140 1140 I SystemServerTiming: OnBootPhase_520_com.android.server.app.GameManagerService$Lifecycle
10-12 02:43:07.961 1140 1140 D SystemServerTiming: OnBootPhase_520_com.android.server.app.GameManagerService$Lifecycle took to complete: 0ms
10-12 02:43:07.961 1140 1140 D SystemServerTiming: OnBootPhase_520 took to complete: 16ms
10-12 02:43:07.961 1140 1140 D SystemServerTiming: StartBootPhaseDeviceSpecificServicesReady took to complete: 16ms
10-12 02:43:07.961 1140 1140 I SystemServerTiming: AppSearchManagerService
10-12 02:43:07.965 1295 1800 I OMXClient: IOmx service obtained
10-12 02:43:07.965 1330 1973 I OMXMaster: makeComponentInstance(OMX.google.h264.encoder) in android.hardwar process
10-12 02:43:07.969 1140 1240 I android_os_HwBinder: HwBinder: Starting thread pool for getting: android.hidl.manager@1.0::IServiceManager/default
10-12 02:43:07.974 1295 1800 W OMXUtils: do not know color format 0x7f000789 = 2130708361
10-12 02:43:07.976 503 503 I hwservicemanager: getTransport: Cannot find entry android.hardware.light@2.0::ILight/default in either framework or device VINTF manifest.
10-12 02:43:07.980 1530 1551 D LOWI-9.0.0.87.a: [LOWINetlinkSocketReceiver] unpackRTMLinkMessage: RTM_NEWLINK - ifname eth0, flags 0x1003 ([UP])
10-12 02:43:07.980 1140 1240 I HealthServiceWrapper: health: HealthServiceWrapper listening to instance default
10-12 02:43:07.981 1530 1551 D LOWI-9.0.0.87.a: [LOWINetlinkSocketReceiver] unpackRTMLinkMessage: RTM_NEWLINK - ifname vlan11, flags 0x1002 ()
10-12 02:43:07.982 1959 1959 E light : light_open lights keyboard failed: -22
10-12 02:43:07.982 1959 1959 E light : Light passthrough failed to load legacy HAL.
10-12 02:43:07.983 1140 1213 I EthernetTracker: interfaceLinkStateChanged, iface: eth0, up: false
10-12 02:43:07.983 1959 1959 E light : light_open lights buttons failed: -22
10-12 02:43:07.983 1959 1959 E light : Light passthrough failed to load legacy HAL.
10-12 02:43:07.983 1140 1954 D EthernetNetworkFactory: updateInterfaceLinkState, iface: eth0, up: false
10-12 02:43:07.983 1295 1800 I OMXClient: IOmx service obtained
10-12 02:43:07.984 1140 1337 E DefaultPermGrantPolicy: Package not found: com.qualcomm.qti.cne
10-12 02:43:07.984 1140 1337 W DefaultPermGrantPolicy: No such package:com.qualcomm.qti.cne
10-12 02:43:07.984 1330 1973 I OMXMaster: makeComponentInstance(OMX.qcom.video.encoder.h263sw) in android.hardwar process
10-12 02:43:07.984 1140 1213 I EthernetTracker: interfaceLinkStateChanged, iface: vlan11, up: false
10-12 02:43:07.986 1140 1140 I SystemServiceManager: Starting com.android.server.appsearch.AppSearchManagerService
10-12 02:43:07.987 1140 1974 I android_os_HwBinder: HwBinder: Starting thread pool for getting: android.hardware.health@2.0::IHealth/default
10-12 02:43:07.989 1140 1140 D SystemServerTiming: AppSearchManagerService took to complete: 27ms
10-12 02:43:07.989 1140 1140 I SystemServerTiming: StartMediaCommunicationService
10-12 02:43:07.989 1140 1140 I SystemServiceManager: Starting com.android.server.media.MediaCommunicationService
10-12 02:43:07.992 1140 1140 D SystemServerTiming: StartMediaCommunicationService took to complete: 3ms
10-12 02:43:07.992 1140 1140 I SystemServerTiming: PhaseActivityManagerReady
10-12 02:43:07.992 1140 1140 I SystemServerTiming: controllersReady
10-12 02:43:07.997 1959 1959 E light : light_open lights bluetooth failed: -22
10-12 02:43:07.997 1460 1506 E cnss-daemon: wlfw_qmi_ind_cb: Receive Ind : 0x21
10-12 02:43:07.997 1959 1959 E light : Light passthrough failed to load legacy HAL.
10-12 02:43:07.997 1959 1959 E light : light_open lights wifi failed: -22
10-12 02:43:07.997 1959 1959 E light : Light passthrough failed to load legacy HAL.
10-12 02:43:07.998 1140 1240 D StatsPullAtomService: Registering pullers with statsd
10-12 02:43:07.999 1140 1682 I SystemServerTimingAsync: InitThreadPoolExec:Update app-ops uidState in case package com.android.providers.media.module changed
10-12 02:43:07.999 1140 1682 D SystemServerInitThreadPool: Started executing Update app-ops uidState in case package com.android.providers.media.module changed
10-12 02:43:07.999 503 503 I hwservicemanager: getTransport: Cannot find entry android.hardware.light@2.0::ILight/default in either framework or device VINTF manifest.
10-12 02:43:07.999 1140 1707 I SystemServerTimingAsync: InitThreadPoolExec:Update app-ops uidState in case package com.qualcomm.qti.workloadclassifier changed
10-12 02:43:07.999 1140 1707 D SystemServerInitThreadPool: Started executing Update app-ops uidState in case package com.qualcomm.qti.workloadclassifier changed
10-12 02:43:07.999 1140 1681 I SystemServerTimingAsync: InitThreadPoolExec:Update app-ops uidState in case package com.android.launcher3 changed
10-12 02:43:07.999 1140 1681 D SystemServerInitThreadPool: Started executing Update app-ops uidState in case package com.android.launcher3 changed
10-12 02:43:07.999 1140 1667 I SystemServerTimingAsync: InitThreadPoolExec:Update app-ops uidState in case package com.android.deskclock changed
10-12 02:43:07.999 1140 1667 D SystemServerInitThreadPool: Started executing Update app-ops uidState in case package com.android.deskclock changed
10-12 02:43:08.000 1140 1738 I SystemServerTimingAsync: InitThreadPoolExec:Update app-ops uidState in case package com.android.systemui changed
10-12 02:43:08.000 1140 1648 I SystemServerTimingAsync: InitThreadPoolExec:Update app-ops uidState in case package com.qti.ltebc changed
10-12 02:43:08.000 1140 1648 D SystemServerInitThreadPool: Started executing Update app-ops uidState in case package com.qti.ltebc changed
10-12 02:43:08.000 1140 1220 I SystemServerTimingAsync: InitThreadPoolExec:Update app-ops uidState in case package com.qualcomm.location changed
10-12 02:43:08.000 1140 1220 D SystemServerInitThreadPool: Started executing Update app-ops uidState in case package com.qualcomm.location changed
10-12 02:43:08.000 1140 1738 D SystemServerInitThreadPool: Started executing Update app-ops uidState in case package com.android.systemui changed
10-12 02:43:08.000 1959 1959 E HidlServiceManagement: Service android.hardware.light@2.0::ILight/default must be in VINTF manifest in order to register/get.
10-12 02:43:08.000 1959 1959 E LegacySupport: Could not register service android.hardware.light@2.0::ILight/default (-2147483648).
10-12 02:43:08.001 1140 1729 I SystemServerTimingAsync: InitThreadPoolExec:Update app-ops uidState in case package com.qualcomm.qtil.aptxui changed
10-12 02:43:08.001 1140 1729 D SystemServerInitThreadPool: Started executing Update app-ops uidState in case package com.qualcomm.qtil.aptxui changed
10-12 02:43:08.002 1140 1682 D SystemServerInitThreadPool: Finished executing Update app-ops uidState in case package com.android.providers.media.module changed
10-12 02:43:08.002 1140 1681 D SystemServerInitThreadPool: Finished executing Update app-ops uidState in case package com.android.launcher3 changed
10-12 02:43:08.002 1140 1681 D SystemServerTimingAsync: InitThreadPoolExec:Update app-ops uidState in case package com.android.launcher3 changed took to complete: 3ms
10-12 02:43:08.002 1140 1681 I SystemServerTimingAsync: InitThreadPoolExec:Update app-ops uidState in case package com.android.providers.contacts changed
10-12 02:43:08.002 1140 1667 D SystemServerInitThreadPool: Finished executing Update app-ops uidState in case package com.android.deskclock changed
10-12 02:43:08.002 1140 1707 D SystemServerInitThreadPool: Finished executing Update app-ops uidState in case package com.qualcomm.qti.workloadclassifier changed
10-12 02:43:08.002 1140 1648 D SystemServerInitThreadPool: Finished executing Update app-ops uidState in case package com.qti.ltebc changed
10-12 02:43:08.002 1140 1667 D SystemServerTimingAsync: InitThreadPoolExec:Update app-ops uidState in case package com.android.deskclock changed took to complete: 3ms
10-12 02:43:08.003 1140 1682 D SystemServerTimingAsync: InitThreadPoolExec:Update app-ops uidState in case package com.android.providers.media.module changed took to complete: 4ms
10-12 02:43:08.003 1140 1729 D SystemServerInitThreadPool: Finished executing Update app-ops uidState in case package com.qualcomm.qtil.aptxui changed
10-12 02:43:08.003 1140 1220 D SystemServerInitThreadPool: Finished executing Update app-ops uidState in case package com.qualcomm.location changed
10-12 02:43:08.003 1140 1707 D SystemServerTimingAsync: InitThreadPoolExec:Update app-ops uidState in case package com.qualcomm.qti.workloadclassifier changed took to complete: 4ms
10-12 02:43:08.004 1330 1973 I android.hardware.media.omx@1.0-service: vendor/qcom/proprietary/adsprpc/src/rpcmem_android.c:159: rpcmem_init_internal: opened ION device fd 7, configured heap IDs: system (0x2000000), contig (0x400000), secure (0x200), secure flags (0x80080000)
10-12 02:43:08.004 1330 1973 I android.hardware.media.omx@1.0-service: vendor/qcom/proprietary/adsprpc/src/fastrpc_apps_user.c:3087: fastrpc_apps_user_init done with default domain:3 and &fastrpc_trace:0xe7b36c1c
10-12 02:43:08.004 1140 1681 D SystemServerInitThreadPool: Started executing Update app-ops uidState in case package com.android.providers.contacts changed
10-12 02:43:08.004 1140 1667 I SystemServerTimingAsync: InitThreadPoolExec:Update app-ops uidState in case package com.android.providers.calendar changed
10-12 02:43:08.004 1140 1648 D SystemServerTimingAsync: InitThreadPoolExec:Update app-ops uidState in case package com.qti.ltebc changed took to complete: 3ms
10-12 02:43:08.004 1140 1682 I SystemServerTimingAsync: InitThreadPoolExec:Update app-ops uidState in case package com.sohu.inputmethod.sogou.car changed
10-12 02:43:08.004 1140 1648 I SystemServerTimingAsync: InitThreadPoolExec:Update app-ops uidState in case package com.android.shell changed
10-12 02:43:08.005 1140 1648 D SystemServerInitThreadPool: Started executing Update app-ops uidState in case package com.android.shell changed
10-12 02:43:08.005 1140 1648 D SystemServerInitThreadPool: Finished executing Update app-ops uidState in case package com.android.shell changed
10-12 02:43:08.005 1140 1648 D SystemServerTimingAsync: InitThreadPoolExec:Update app-ops uidState in case package com.android.shell changed took to complete: 1ms
10-12 02:43:08.005 1140 1648 I SystemServerTimingAsync: InitThreadPoolExec:Update app-ops uidState in case package com.android.bluetooth changed
10-12 02:43:08.005 1140 1648 D SystemServerInitThreadPool: Started executing Update app-ops uidState in case package com.android.bluetooth changed
10-12 02:43:08.005 1140 1648 D SystemServerInitThreadPool: Finished executing Update app-ops uidState in case package com.android.bluetooth changed
10-12 02:43:08.006 1140 1648 D SystemServerTimingAsync: InitThreadPoolExec:Update app-ops uidState in case package com.android.bluetooth changed took to complete: 0ms
10-12 02:43:08.006 1140 1648 I SystemServerTimingAsync: InitThreadPoolExec:Update app-ops uidState in case package com.thundercomm.microsettings changed
10-12 02:43:08.006 1140 1648 D SystemServerInitThreadPool: Started executing Update app-ops uidState in case package com.thundercomm.microsettings changed
10-12 02:43:08.006 1140 1648 D SystemServerInitThreadPool: Finished executing Update app-ops uidState in case package com.thundercomm.microsettings changed
10-12 02:43:08.006 1140 1648 D SystemServerTimingAsync: InitThreadPoolExec:Update app-ops uidState in case package com.thundercomm.microsettings changed took to complete: 0ms
10-12 02:43:08.006 1140 1648 I SystemServerTimingAsync: InitThreadPoolExec:Update app-ops uidState in case package android changed
10-12 02:43:08.006 1140 1648 D SystemServerInitThreadPool: Started executing Update app-ops uidState in case package android changed
10-12 02:43:08.006 1140 1648 D SystemServerInitThreadPool: Finished executing Update app-ops uidState in case package android changed
10-12 02:43:08.006 1140 1648 D SystemServerTimingAsync: InitThreadPoolExec:Update app-ops uidState in case package android changed took to complete: 1ms
10-12 02:43:08.007 1140 1667 D SystemServerInitThreadPool: Started executing Update app-ops uidState in case package com.android.providers.calendar changed
10-12 02:43:08.007 1140 1220 D SystemServerTimingAsync: InitThreadPoolExec:Update app-ops uidState in case package com.qualcomm.location changed took to complete: 3ms
10-12 02:43:08.007 1140 1682 D SystemServerInitThreadPool: Started executing Update app-ops uidState in case package com.sohu.inputmethod.sogou.car changed
10-12 02:43:08.007 1140 1682 D SystemServerInitThreadPool: Finished executing Update app-ops uidState in case package com.sohu.inputmethod.sogou.car changed
10-12 02:43:08.007 1140 1682 D SystemServerTimingAsync: InitThreadPoolExec:Update app-ops uidState in case package com.sohu.inputmethod.sogou.car changed took to complete: 3ms
10-12 02:43:08.007 1330 1973 D PlatformConfig: getInstance: Enter
10-12 02:43:08.007 1330 1973 D PlatformConfig: getInt32 Config name: vidc_enc_log_in value: 0
10-12 02:43:08.007 1140 1682 I SystemServerTimingAsync: InitThreadPoolExec:Update app-ops uidState in case package com.android.wallpaperbackup changed
10-12 02:43:08.007 1330 1973 D PlatformConfig: getInstance: Enter
10-12 02:43:08.007 1330 1973 D PlatformConfig: getInt32 Config name: vidc_enc_log_out value: 0
10-12 02:43:08.007 1140 1682 D SystemServerInitThreadPool: Started executing Update app-ops uidState in case package com.android.wallpaperbackup changed
10-12 02:43:08.007 1330 1973 I SWVENC : >>> swvenc_init(): H.263 codec, version date: 2017-01-27T12:02:22+0530
10-12 02:43:08.007 1140 1738 D SystemServerInitThreadPool: Finished executing Update app-ops uidState in case package com.android.systemui changed
10-12 02:43:08.008 1140 1738 D SystemServerTimingAsync: InitThreadPoolExec:Update app-ops uidState in case package com.android.systemui changed took to complete: 8ms
10-12 02:43:08.008 1460 1506 I cnss-daemon: wlfw_qmi_err_cb: Server disconnect, err -2 client 0x2K
10-12 02:43:08.008 1140 1738 I SystemServerTimingAsync: InitThreadPoolExec:Update app-ops uidState in case package com.qualcomm.qti.qmmi changed
10-12 02:43:08.008 1140 1738 D SystemServerInitThreadPool: Started executing Update app-ops uidState in case package com.qualcomm.qti.qmmi changed
10-12 02:43:08.008 1140 1729 D SystemServerTimingAsync: InitThreadPoolExec:Update app-ops uidState in case package com.qualcomm.qtil.aptxui changed took to complete: 2ms
10-12 02:43:08.009 1140 1738 D SystemServerInitThreadPool: Finished executing Update app-ops uidState in case package com.qualcomm.qti.qmmi changed
10-12 02:43:08.009 1140 1738 D SystemServerTimingAsync: InitThreadPoolExec:Update app-ops uidState in case package com.qualcomm.qti.qmmi changed took to complete: 0ms
10-12 02:43:08.011 1140 1707 I SystemServerTimingAsync: InitThreadPoolExec:Update app-ops uidState in case package com.android.mtp changed
10-12 02:43:08.012 1140 1707 D SystemServerInitThreadPool: Started executing Update app-ops uidState in case package com.android.mtp changed
10-12 02:43:08.012 1140 1707 D SystemServerInitThreadPool: Finished executing Update app-ops uidState in case package com.android.mtp changed
10-12 02:43:08.012 1140 1707 D SystemServerTimingAsync: InitThreadPoolExec:Update app-ops uidState in case package com.android.mtp changed took to complete: 0ms
01-01 08:00:59.046 0 0 I : __lock_acquire+0xbc/0x1e58
01-01 08:00:59.046 0 0 I : lock_acquire+0x1cc/0x218
01-01 08:00:59.046 0 0 I : _raw_spin_lock_irqsave+0x54/0x98
01-01 08:00:59.046 0 0 I : ion_system_secure_heap_prefetch_work+0x94/0x2c0
01-01 08:00:59.046 0 0 D cnss : Pin connect Result: pwr_pin: 0x0 phy_io_pin: 0x0 rf_io_pin: 0x2b
01-01 08:00:59.046 0 0 I : process_one_work+0x38c/0x660
01-01 08:00:59.046 0 0 I : worker_thread+0x268/0x4b8
01-01 08:00:59.046 0 0 I : kthread+0x140/0x150
01-01 08:00:59.046 0 0 I : ret_from_fork+0x10/0x1c
01-01 08:00:59.046 0 0 D cnss : Received QMI WLFW calibration done indication
01-01 08:00:59.046 0 0 D cnss : Posting event: COLD_BOOT_CAL_DONE(6), state: 0xf flags: 0x0
01-01 08:00:59.046 0 0 D cnss : PM stay awake, state: 0xf, count: 1
01-01 08:00:59.046 0 0 D cnss : PM relax, state: 0xf, count: 0
01-01 08:00:59.046 0 0 D cnss : Received QMI WLFW FW ready indication
01-01 08:00:59.046 0 0 D cnss : Posting event: COLD_BOOT_CAL_DONE(6), state: 0xf flags: 0x0
01-01 08:00:59.047 0 0 D cnss : PM stay awake, state: 0xf, count: 1
01-01 08:00:59.047 0 0 D cnss : PM relax, state: 0xf, count: 0
01-01 08:00:59.047 0 0 D cnss : PM stay awake, state: 0xf, count: 1
01-01 08:00:59.047 0 0 D cnss : Processing driver event: COLD_BOOT_CAL_DONE(6), state: 0xf
01-01 08:00:59.047 0 0 D cnss : Calibration completed successfully
01-01 08:00:59.047 0 0 D cnss : Sending mode message, mode: OFF(4), state: 0xf
01-01 08:00:59.052 0 0 D : mv2112_read_status
01-01 08:00:59.052 0 0 D mv2112_update_link: 3.0x901(1G): 0x80
01-01 08:00:59.052 0 0 D cnss : WLFW server exiting
01-01 08:00:59.052 0 0 D cnss : Posting event: SERVER_EXIT(1), state: 0x2000f flags: 0x0
01-01 08:00:59.052 0 0 D mv2112_update_link: 3.0x8109(100M): 0x0
01-01 08:00:59.052 0 0 D mv2112_update_link: link 0x0
01-01 08:00:59.052 0 0 D mv2112_read_status: autoneg is disabled
01-01 08:00:59.058 0 0 E : INFO: trying to register non-static key.
01-01 08:00:59.060 0 0 D cnss : Skip driver remove
10-12 02:43:08.013 1140 1648 I SystemServerTimingAsync: InitThreadPoolExec:Update app-ops uidState in case package com.android.server.telecom changed
10-12 02:43:08.014 1140 1648 D SystemServerInitThreadPool: Started executing Update app-ops uidState in case package com.android.server.telecom changed
10-12 02:43:08.014 1140 1648 D SystemServerInitThreadPool: Finished executing Update app-ops uidState in case package com.android.server.telecom changed
10-12 02:43:08.014 1140 1648 D SystemServerTimingAsync: InitThreadPoolExec:Update app-ops uidState in case package com.android.server.telecom changed took to complete: 0ms
01-01 08:00:59.063 0 0 E : the code is fine but needs lockdep annotation.
01-01 08:00:59.063 0 0 I : CPU: 6 PID: 1596 Comm: kworker/u16:18 Tainted: G S W O 4.19.157+ #1
01-01 08:00:59.063 0 0 I Hardware name: Qualcomm Technologies, Inc. kona MTP-RmPM8150b. VX1(MCE) EVT2 (DT)
01-01 08:00:59.069 0 0 I Workqueue: events_unbound ion_system_secure_heap_prefetch_work
01-01 08:00:59.069 0 0 I Call trace:
01-01 08:00:59.069 0 0 I : dump_backtrace+0x0/0x258
01-01 08:00:59.069 0 0 I : show_stack+0x20/0x30
01-01 08:00:59.069 0 0 I : dump_stack+0xd8/0x12c
01-01 08:00:59.069 0 0 I : register_lock_class+0x4d0/0x5c8
01-01 08:00:59.069 0 0 I : __lock_acquire+0xbc/0x1e58
01-01 08:00:59.069 0 0 I : lock_acquire+0x1cc/0x218
01-01 08:00:59.069 0 0 I : _raw_spin_lock_irqsave+0x54/0x98
01-01 08:00:59.069 0 0 I : ion_system_secure_heap_prefetch_work+0x94/0x2c0
01-01 08:00:59.069 0 0 I : process_one_work+0x38c/0x660
01-01 08:00:59.069 0 0 I : worker_thread+0x268/0x4b8
01-01 08:00:59.069 0 0 I : kthread+0x140/0x150
01-01 08:00:59.069 0 0 I : ret_from_fork+0x10/0x1c
10-12 02:43:08.015 1140 1140 D SystemServerTiming: controllersReady took to complete: 13ms
10-12 02:43:08.015 1140 1220 I SystemServerTimingAsync: InitThreadPoolExec:Update app-ops uidState in case package com.android.settings changed
10-12 02:43:08.015 1140 1220 D SystemServerInitThreadPool: Started executing Update app-ops uidState in case package com.android.settings changed
10-12 02:43:08.015 1140 1220 D SystemServerInitThreadPool: Finished executing Update app-ops uidState in case package com.android.settings changed
10-12 02:43:08.016 1140 1220 D SystemServerTimingAsync: InitThreadPoolExec:Update app-ops uidState in case package com.android.settings changed took to complete: 0ms
10-12 02:43:08.016 1140 1682 D SystemServerInitThreadPool: Finished executing Update app-ops uidState in case package com.android.wallpaperbackup changed
10-12 02:43:08.016 1140 1681 D SystemServerInitThreadPool: Finished executing Update app-ops uidState in case package com.android.providers.contacts changed
10-12 02:43:08.017 1140 1681 D SystemServerTimingAsync: InitThreadPoolExec:Update app-ops uidState in case package com.android.providers.contacts changed took to complete: 14ms
10-12 02:43:08.017 1140 1667 D SystemServerInitThreadPool: Finished executing Update app-ops uidState in case package com.android.providers.calendar changed
10-12 02:43:08.017 1140 1667 D SystemServerTimingAsync: InitThreadPoolExec:Update app-ops uidState in case package com.android.providers.calendar changed took to complete: 12ms
10-12 02:43:08.017 1140 1682 D SystemServerTimingAsync: InitThreadPoolExec:Update app-ops uidState in case package com.android.wallpaperbackup changed took to complete: 8ms
10-12 02:43:08.018 1140 1140 I SystemServerTiming: killProcesses
10-12 02:43:08.018 1140 1140 D SystemServerTiming: killProcesses took to complete: 0ms
10-12 02:43:08.018 1140 1140 I ActivityManager: System now ready
10-12 02:43:08.018 1140 1140 I boot_progress_ams_ready: 51983
10-12 02:43:08.018 1140 1140 I SystemServerTiming: updateTopComponentForFactoryTest
10-12 02:43:08.019 1140 1140 D SystemServerTiming: updateTopComponentForFactoryTest took to complete: 0ms
10-12 02:43:08.019 1140 1140 I SystemServerTiming: registerActivityLaunchObserver
10-12 02:43:08.019 1140 1140 D SystemServerTiming: registerActivityLaunchObserver took to complete: 1ms
10-12 02:43:08.019 1140 1140 I SystemServerTiming: watchDeviceProvisioning
10-12 02:43:08.019 1330 1973 I SWVENC : --- set_state(): SWVENC_STATE_INVALID -> SWVENC_STATE_INIT
10-12 02:43:08.020 1330 1973 I SWVENC : >>> swvenc_check_inst_load():
10-12 02:43:08.020 1330 1973 I SWVENC : >>> swvenc_setproperty():
10-12 02:43:08.020 1330 1973 I SWVENC : --- set_profile(): baseline profile
10-12 02:43:08.020 1330 1973 I SWVENC : >>> swvenc_setproperty():
10-12 02:43:08.020 1330 1973 I SWVENC : --- set_level(): 10
10-12 02:43:08.020 1330 1973 I SWVENC : >>> swvenc_setproperty():
10-12 02:43:08.020 1330 1973 I SWVENC : --- set_frame_size(): 176 x 144
10-12 02:43:08.020 1330 1973 I SWVENC : >>> swvenc_setproperty():
10-12 02:43:08.020 1330 1973 I SWVENC : --- set_property(): frame attributes: y,uv strides: 176,176; y,uv offsets: 0,25344; size: 38016
10-12 02:43:08.020 1330 1973 I SWVENC : >>> swvenc_getproperty():
10-12 02:43:08.020 1330 1973 I SWVENC : --- get_buffer_req(): input: 38016 byte buffers x (5 to 32), aligned to 128 byte boundaries
10-12 02:43:08.020 1330 1973 I SWVENC : >>> swvenc_getproperty():
10-12 02:43:08.020 1330 1973 I SWVENC : --- get_buffer_req(): output: 38016 byte buffers x (5 to 32), aligned to 128 byte boundaries
10-12 02:43:08.021 652 662 I mpu_uart: [MSG-P:RECV]:No message received in 1000 ms
10-12 02:43:08.022 1295 1800 W OMXUtils: do not know color format 0x7fa30c04 = 2141391876
10-12 02:43:08.023 1295 1800 W OMXUtils: do not know color format 0x7fa30c00 = 2141391872
10-12 02:43:08.023 1295 1800 W OMXUtils: do not know color format 0x7f000789 = 2130708361
10-12 02:43:08.025 1330 1942 I SWVENC : >>> swvenc_deinit():
10-12 02:43:08.025 1330 1942 I SWVENC : --- ~c_swvenc_mpeg4():
10-12 02:43:08.025 1330 1942 I SWVENC : --- set_state(): SWVENC_STATE_INIT -> SWVENC_STATE_INVALID
10-12 02:43:08.026 1330 1982 I SWVENC : --- thread_eventd(): SWVENC_THREAD_SIGNAL_EXIT
10-12 02:43:08.029 1330 1981 I SWVENC : --- thread_worker(): SWVENC_THREAD_SIGNAL_EXIT
10-12 02:43:08.030 1330 1942 I SWVENC : --- swvenc_deinit(): all done, goodbye!
10-12 02:43:08.031 1140 1823 D ConnectivityService: NetReassign [no changes]
10-12 02:43:08.036 1140 1240 I StatsPullAtomService: register thermal listener successfully
01-01 08:00:59.076 0 0 D cnss : Read register offset 0x1f8031c, val = 0x2
01-01 08:00:59.076 0 0 D cnss : Write val 0x3 to register offset 0x1f8031c
01-01 08:00:59.077 0 0 E : INFO: trying to register non-static key.
01-01 08:00:59.082 0 0 E : the code is fine but needs lockdep annotation.
01-01 08:00:59.085 0 0 D cnss : Setting MHI state: POWER_OFF(4)
01-01 08:00:59.088 0 0 I : CPU: 6 PID: 1596 Comm: kworker/u16:18 Tainted: G S W O 4.19.157+ #1
01-01 08:00:59.088 0 0 I Hardware name: Qualcomm Technologies, Inc. kona MTP-RmPM8150b. VX1(MCE) EVT2 (DT)
01-01 08:00:59.088 0 0 I Workqueue: events_unbound ion_system_secure_heap_prefetch_work
01-01 08:00:59.088 0 0 I Call trace:
01-01 08:00:59.088 0 0 I : dump_backtrace+0x0/0x258
01-01 08:00:59.088 0 0 I : show_stack+0x20/0x30
01-01 08:00:59.088 0 0 I : dump_stack+0xd8/0x12c
01-01 08:00:59.088 0 0 I : register_lock_class+0x4d0/0x5c8
01-01 08:00:59.088 0 0 I : __lock_acquire+0xbc/0x1e58
01-01 08:00:59.088 0 0 I : lock_acquire+0x1cc/0x218
01-01 08:00:59.088 0 0 I : _raw_spin_lock_irqsave+0x54/0x98
01-01 08:00:59.088 0 0 I : ion_system_secure_heap_prefetch_work+0x94/0x2c0
01-01 08:00:59.088 0 0 I : process_one_work+0x38c/0x660
01-01 08:00:59.088 0 0 I : worker_thread+0x268/0x4b8
01-01 08:00:59.088 0 0 I : kthread+0x140/0x150
01-01 08:00:59.088 0 0 I : ret_from_fork+0x10/0x1c
01-01 08:00:59.090 0 0 E : INFO: trying to register non-static key.
01-01 08:00:59.095 0 0 E : the code is fine but needs lockdep annotation.
01-01 08:00:59.101 0 0 I : CPU: 6 PID: 1596 Comm: kworker/u16:18 Tainted: G S W O 4.19.157+ #1
01-01 08:00:59.101 0 0 I Hardware name: Qualcomm Technologies, Inc. kona MTP-RmPM8150b. VX1(MCE) EVT2 (DT)
01-01 08:00:59.101 0 0 I Workqueue: events_unbound ion_system_secure_heap_prefetch_work
01-01 08:00:59.101 0 0 I Call trace:
01-01 08:00:59.101 0 0 I : dump_backtrace+0x0/0x258
01-01 08:00:59.101 0 0 I : show_stack+0x20/0x30
01-01 08:00:59.101 0 0 I : dump_stack+0xd8/0x12c
01-01 08:00:59.101 0 0 I : register_lock_class+0x4d0/0x5c8
01-01 08:00:59.101 0 0 I : __lock_acquire+0xbc/0x1e58
01-01 08:00:59.101 0 0 I : lock_acquire+0x1cc/0x218
01-01 08:00:59.101 0 0 I : _raw_spin_lock_irqsave+0x54/0x98
01-01 08:00:59.101 0 0 I : ion_system_secure_heap_prefetch_work+0x94/0x2c0
01-01 08:00:59.101 0 0 I : process_one_work+0x38c/0x660
01-01 08:00:59.101 0 0 I : worker_thread+0x268/0x4b8
01-01 08:00:59.101 0 0 I : kthread+0x140/0x150
01-01 08:00:59.101 0 0 I : ret_from_fork+0x10/0x1c
01-01 08:00:59.103 0 0 E : INFO: trying to register non-static key.
01-01 08:00:59.108 0 0 E : the code is fine but needs lockdep annotation.
01-01 08:00:59.114 0 0 I : CPU: 6 PID: 1596 Comm: kworker/u16:18 Tainted: G S W O 4.19.157+ #1
01-01 08:00:59.114 0 0 I Hardware name: Qualcomm Technologies, Inc. kona MTP-RmPM8150b. VX1(MCE) EVT2 (DT)
01-01 08:00:59.114 0 0 I Workqueue: events_unbound ion_system_secure_heap_prefetch_work
01-01 08:00:59.114 0 0 I Call trace:
01-01 08:00:59.114 0 0 I : dump_backtrace+0x0/0x258
01-01 08:00:59.114 0 0 I : show_stack+0x20/0x30
01-01 08:00:59.114 0 0 I : dump_stack+0xd8/0x12c
01-01 08:00:59.114 0 0 I : register_lock_class+0x4d0/0x5c8
01-01 08:00:59.114 0 0 I : __lock_acquire+0xbc/0x1e58
01-01 08:00:59.114 0 0 I : lock_acquire+0x1cc/0x218
01-01 08:00:59.114 0 0 I : _raw_spin_lock_irqsave+0x54/0x98
01-01 08:00:59.114 0 0 I : ion_system_secure_heap_prefetch_work+0x94/0x2c0
01-01 08:00:59.114 0 0 I : process_one_work+0x38c/0x660
01-01 08:00:59.114 0 0 I : worker_thread+0x268/0x4b8
01-01 08:00:59.114 0 0 I : kthread+0x140/0x150
01-01 08:00:59.114 0 0 I : ret_from_fork+0x10/0x1c
01-01 08:00:59.116 0 0 E : INFO: trying to register non-static key.
01-01 08:00:59.121 0 0 E : the code is fine but needs lockdep annotation.
10-12 02:43:08.066 1330 1942 I android.hardware.media.omx@1.0-service: vendor/qcom/proprietary/adsprpc/src/rpcmem_android.c:192: rpcmem_deinit_internal: closed ION fd 7
10-12 02:43:08.066 1330 1942 I android.hardware.media.omx@1.0-service: vendor/qcom/proprietary/adsprpc/src/fastrpc_apps_user.c:3019: fastrpc_apps_user_deinit done
10-12 02:43:08.079 1530 1551 D LOWI-9.0.0.87.a: [LOWINetlinkSocketReceiver] unpackRTMLinkMessage: RTM_NEWLINK - ifname vlan8, flags 0x1003 ([UP])
10-12 02:43:08.084 1140 1213 I EthernetTracker: interfaceLinkStateChanged, iface: vlan8, up: false
10-12 02:43:08.098 1460 1492 I cnss-daemon: wlfw_service_request: Pthread exiting
10-12 02:43:08.098 1295 1800 I OMXClient: IOmx service obtained
10-12 02:43:08.098 1330 1873 I OMXMaster: makeComponentInstance(OMX.google.h263.encoder) in android.hardwar process
10-12 02:43:08.099 1140 1140 D SystemServerTiming: watchDeviceProvisioning took to complete: 79ms
10-12 02:43:08.099 1140 1140 I SystemServerTiming: retrieveSettings
01-01 08:00:59.127 0 0 I : CPU: 6 PID: 1596 Comm: kworker/u16:18 Tainted: G S W O 4.19.157+ #1
01-01 08:00:59.127 0 0 I Hardware name: Qualcomm Technologies, Inc. kona MTP-RmPM8150b. VX1(MCE) EVT2 (DT)
01-01 08:00:59.127 0 0 I Workqueue: events_unbound ion_system_secure_heap_prefetch_work
01-01 08:00:59.127 0 0 I Call trace:
01-01 08:00:59.127 0 0 I : dump_backtrace+0x0/0x258
01-01 08:00:59.127 0 0 I : show_stack+0x20/0x30
01-01 08:00:59.127 0 0 I : dump_stack+0xd8/0x12c
01-01 08:00:59.127 0 0 I : register_lock_class+0x4d0/0x5c8
01-01 08:00:59.127 0 0 I : __lock_acquire+0xbc/0x1e58
01-01 08:00:59.127 0 0 I : lock_acquire+0x1cc/0x218
01-01 08:00:59.127 0 0 I : _raw_spin_lock_irqsave+0x54/0x98
01-01 08:00:59.127 0 0 I : ion_system_secure_heap_prefetch_work+0x94/0x2c0
01-01 08:00:59.127 0 0 I : process_one_work+0x38c/0x660
01-01 08:00:59.127 0 0 I : worker_thread+0x268/0x4b8
01-01 08:00:59.127 0 0 I : kthread+0x140/0x150
01-01 08:00:59.127 0 0 I : ret_from_fork+0x10/0x1c
01-01 08:00:59.132 0 0 E : INFO: trying to register non-static key.
01-01 08:00:59.137 0 0 E : the code is fine but needs lockdep annotation.
01-01 08:00:59.143 0 0 I : CPU: 6 PID: 1596 Comm: kworker/u16:18 Tainted: G S W O 4.19.157+ #1
01-01 08:00:59.143 0 0 I Hardware name: Qualcomm Technologies, Inc. kona MTP-RmPM8150b. VX1(MCE) EVT2 (DT)
01-01 08:00:59.143 0 0 I Workqueue: events_unbound ion_system_secure_heap_prefetch_work
01-01 08:00:59.143 0 0 I Call trace:
01-01 08:00:59.143 0 0 I : dump_backtrace+0x0/0x258
01-01 08:00:59.143 0 0 I : show_stack+0x20/0x30
01-01 08:00:59.143 0 0 I : dump_stack+0xd8/0x12c
01-01 08:00:59.143 0 0 I : register_lock_class+0x4d0/0x5c8
01-01 08:00:59.143 0 0 I : __lock_acquire+0xbc/0x1e58
01-01 08:00:59.143 0 0 I : lock_acquire+0x1cc/0x218
01-01 08:00:59.143 0 0 I : _raw_spin_lock_irqsave+0x54/0x98
