01-01 08:15:33.893 0 0 D mv2112_read_status: autoneg is disabled
01-01 08:15:33.953 0 0 I binder : 26310:26310 ioctl 40046210 7fc38b4b44 returned -22
01-01 08:15:33.954 0 0 I binder : 26310:26310 ioctl 40046210 7fc38b4ac4 returned -22
01-01 08:15:34.140 0 0 I binder : 26309:26309 ioctl 40046210 ffe02cc8 returned -22
01-01 08:15:34.142 0 0 I binder : 26309:26309 ioctl 40046210 ffe02cb0 returned -22
01-01 08:15:34.509 0 0 I binder : 26308:26308 ioctl 40046210 7fe44368c4 returned -22
01-01 08:15:34.511 0 0 I binder : 26308:26308 ioctl 40046210 7fe44368e4 returned -22
01-01 08:15:34.916 0 0 D : mv2112_read_status
01-01 08:15:34.917 0 0 D mv2112_update_link: 3.0x901(1G): 0x80
01-01 08:15:34.917 0 0 D mv2112_update_link: 3.0x8109(100M): 0x0
01-01 08:15:34.917 0 0 D mv2112_update_link: link 0x0
01-01 08:15:34.917 0 0 D mv2112_read_status: autoneg is disabled
01-01 08:15:35.505 0 0 E init : Control message: Could not find 'android.frameworks.sensorservice@1.0::ISensorManager/default' for ctl.interface_start from pid: 517 (/system/bin/hwservicemanager)
01-01 08:15:35.523 0 0 E init : Control message: Could not find 'android.frameworks.sensorservice@1.0::ISensorManager/default' for ctl.interface_start from pid: 517 (/system/bin/hwservicemanager)
01-01 08:15:35.900 0 0 I init : starting service 'qvrd_vndr'...
01-01 08:15:35.901 0 0 I init : Created socket '/dev/socket/qvrservice_vndr', mode 660, user 1000, group 1000
01-01 08:15:35.901 0 0 I init : Created socket '/dev/socket/qvrservice_vndr_camera', mode 660, user 1000, group 1000
01-01 08:15:35.912 0 0 I init : starting service 'sxrd'...
01-01 08:15:35.923 0 0 I init : starting service 'vendor.audio-hal'...
01-01 08:15:35.918 26322 26322 F linker : CANNOT LINK EXECUTABLE "/vendor/bin/hw/qvrservice": library "vendor.qti.hardware.qxr-V1-ndk_platform.so" not found: needed by /vendor/lib64/libqvrservice.so in namespace (default)
01-01 08:15:35.923 26323 26323 F linker : CANNOT LINK EXECUTABLE "/vendor/bin/hw/sxrservice": library "vendor.qti.hardware.qxr-V1-ndk_platform.so" not found: needed by main executable
01-01 08:15:35.932 0 0 I init : Service 'qvrd_vndr' (pid 26322) exited with status 1
01-01 08:15:35.932 0 0 I init : Sending signal 9 to service 'qvrd_vndr' (pid 26322) process group...
01-01 08:15:35.932 0 0 I libprocessgroup: Successfully killed process cgroup uid 1000 pid 26322 in 0ms
01-01 08:15:35.940 0 0 D : mv2112_read_status
01-01 08:15:35.941 0 0 D mv2112_update_link: 3.0x901(1G): 0x80
01-01 08:15:35.941 0 0 D mv2112_update_link: 3.0x8109(100M): 0x0
01-01 08:15:35.941 0 0 D mv2112_update_link: link 0x0
01-01 08:15:35.941 0 0 D mv2112_read_status: autoneg is disabled
01-01 08:15:36.312 0 0 I binder : 26331:26331 ioctl 40046210 7ffccdc2b4 returned -22
01-01 08:15:36.312 0 0 I binder : 26331:26331 ioctl 40046210 7ffccdc2d4 returned -22
01-01 08:15:36.790 0 0 E : msm_qti_pp_get_rms_value_control, back not active to query rms be_idx:3
01-01 08:15:36.810 0 0 I core_get_license_status: cmdrsp_license_result.result = 0x15 for module 0x131ff
01-01 08:15:36.811 0 0 E msm_ext_disp_update_audio_ops: Display not found (EXT_DISPLAY_TYPE_DP) ctld (0) stream (0)
01-01 08:15:36.821 0 0 E msm_ext_disp_update_audio_ops: Display not found (EXT_DISPLAY_TYPE_HDMI) ctld (0) stream (0)
01-01 08:15:36.831 0 0 E msm_ext_disp_update_audio_ops: Display not found (EXT_DISPLAY_TYPE_DP) ctld (0) stream (0)
01-01 08:15:36.841 0 0 E msm_ext_disp_update_audio_ops: Display not found (EXT_DISPLAY_TYPE_DP) ctld (0) stream (0)
01-01 08:15:36.851 0 0 E msm_ext_disp_update_audio_ops: Display not found (EXT_DISPLAY_TYPE_DP) ctld (0) stream (0)
01-01 08:15:36.860 0 0 E msm-ext-disp-audio-codec-rx soc: qcom,msm-ext-disp:qcom,msm-ext-disp-audio-codec-rx: msm_ext_disp_audio_type_get: get_audio_edid_blk() or get_intf_id is NULL
01-01 08:15:36.877 0 0 E msm_ext_disp_update_audio_ops: Display not found (EXT_DISPLAY_TYPE_DP) ctld (0) stream (0)
01-01 08:15:36.886 0 0 E msm-ext-disp-audio-codec-rx soc: qcom,msm-ext-disp:qcom,msm-ext-disp-audio-codec-rx: msm_ext_disp_audio_type_get: get_audio_edid_blk() or get_intf_id is NULL
01-01 08:15:36.902 0 0 E msm_ext_disp_update_audio_ops: Display not found (EXT_DISPLAY_TYPE_DP) ctld (0) stream (0)
01-01 08:15:36.912 0 0 E msm-ext-disp-audio-codec-rx soc: qcom,msm-ext-disp:qcom,msm-ext-disp-audio-codec-rx: msm_ext_disp_audio_type_get: get_audio_edid_blk() or get_intf_id is NULL
01-01 08:15:36.929 0 0 E msm-ext-disp-audio-codec-rx soc: qcom,msm-ext-disp:qcom,msm-ext-disp-audio-codec-rx: msm_ext_disp_audio_device_get: invalid dai id: 4
01-01 08:15:36.964 0 0 D : mv2112_read_status
01-01 08:15:36.965 0 0 D mv2112_update_link: 3.0x901(1G): 0x80
01-01 08:15:36.965 0 0 D mv2112_update_link: 3.0x8109(100M): 0x0
01-01 08:15:36.965 0 0 D mv2112_update_link: link 0x0
01-01 08:15:36.965 0 0 D mv2112_read_status: autoneg is disabled
01-01 08:15:36.995 0 0 E : msm_pcm_volume_ctl_get substream not found
01-01 08:15:37.374 0 0 E : msm_qti_pp_get_rms_value_control, back not active to query rms be_idx:3
01-01 08:15:37.395 0 0 I core_get_license_status: cmdrsp_license_result.result = 0x15 for module 0x131ff
01-01 08:15:37.396 0 0 E msm_ext_disp_update_audio_ops: Display not found (EXT_DISPLAY_TYPE_DP) ctld (0) stream (0)
01-01 08:15:37.406 0 0 E msm_ext_disp_update_audio_ops: Display not found (EXT_DISPLAY_TYPE_HDMI) ctld (0) stream (0)
01-01 08:15:37.416 0 0 E msm_ext_disp_update_audio_ops: Display not found (EXT_DISPLAY_TYPE_DP) ctld (0) stream (0)
01-01 08:15:37.426 0 0 E msm_ext_disp_update_audio_ops: Display not found (EXT_DISPLAY_TYPE_DP) ctld (0) stream (0)
01-01 08:15:37.436 0 0 E msm_ext_disp_update_audio_ops: Display not found (EXT_DISPLAY_TYPE_DP) ctld (0) stream (0)
01-01 08:15:37.445 0 0 E msm-ext-disp-audio-codec-rx soc: qcom,msm-ext-disp:qcom,msm-ext-disp-audio-codec-rx: msm_ext_disp_audio_type_get: get_audio_edid_blk() or get_intf_id is NULL
01-01 08:15:37.461 0 0 E msm_ext_disp_update_audio_ops: Display not found (EXT_DISPLAY_TYPE_DP) ctld (0) stream (0)
01-01 08:15:37.471 0 0 E msm-ext-disp-audio-codec-rx soc: qcom,msm-ext-disp:qcom,msm-ext-disp-audio-codec-rx: msm_ext_disp_audio_type_get: get_audio_edid_blk() or get_intf_id is NULL
01-01 08:15:37.487 0 0 E msm_ext_disp_update_audio_ops: Display not found (EXT_DISPLAY_TYPE_DP) ctld (0) stream (0)
01-01 08:15:37.496 0 0 E msm-ext-disp-audio-codec-rx soc: qcom,msm-ext-disp:qcom,msm-ext-disp-audio-codec-rx: msm_ext_disp_audio_type_get: get_audio_edid_blk() or get_intf_id is NULL
01-01 08:15:37.514 0 0 E msm-ext-disp-audio-codec-rx soc: qcom,msm-ext-disp:qcom,msm-ext-disp-audio-codec-rx: msm_ext_disp_audio_device_get: invalid dai id: 4
01-01 08:15:37.516 0 0 I binder : 26357:26357 ioctl 40046210 7fffac0244 returned -22
01-01 08:15:37.572 0 0 E : msm_pcm_volume_ctl_get substream not found
01-01 08:15:37.673 0 0 I binder : 26363:26363 ioctl 40046210 7fc25b9f94 returned -22
01-01 08:15:37.676 0 0 I binder : 26363:26363 ioctl 40046210 7fc25ba1a4 returned -22
01-01 08:15:37.856 0 0 I binder : 26357:26357 ioctl 40046210 7fffabf944 returned -22
01-01 08:15:37.988 0 0 D : mv2112_read_status
01-01 08:15:37.989 0 0 D mv2112_update_link: 3.0x901(1G): 0x80
01-01 08:15:37.989 0 0 D mv2112_update_link: 3.0x8109(100M): 0x0
01-01 08:15:37.989 0 0 D mv2112_update_link: link 0x0
01-01 08:15:37.989 0 0 D mv2112_read_status: autoneg is disabled
01-01 08:15:38.052 26357 26357 E AndroidRuntime: *** FATAL EXCEPTION IN SYSTEM PROCESS: main
01-01 08:15:38.052 26357 26357 E AndroidRuntime: java.lang.NullPointerException: Attempt to read from field 'java.lang.String com.android.server.pm.Settings$VersionInfo.fingerprint' on a null object reference
01-01 08:15:38.052 26357 26357 E AndroidRuntime: at com.android.server.pm.PackageManagerService.(PackageManagerService.java:7608)
01-01 08:15:38.052 26357 26357 E AndroidRuntime: at com.android.server.pm.PackageManagerService.main(PackageManagerService.java:7116)
01-01 08:15:38.052 26357 26357 E AndroidRuntime: at com.android.server.SystemServer.startBootstrapServices(SystemServer.java:1168)
01-01 08:15:38.052 26357 26357 E AndroidRuntime: at com.android.server.SystemServer.run(SystemServer.java:882)
01-01 08:15:38.052 26357 26357 E AndroidRuntime: at com.android.server.SystemServer.main(SystemServer.java:615)
01-01 08:15:38.052 26357 26357 E AndroidRuntime: at java.lang.reflect.Method.invoke(Native Method)
01-01 08:15:38.052 26357 26357 E AndroidRuntime: at com.android.internal.os.RuntimeInit$MethodAndArgsCaller.run(RuntimeInit.java:548)
01-01 08:15:38.052 26357 26357 E AndroidRuntime: at com.android.internal.os.ZygoteInit.main(ZygoteInit.java:987)
01-01 08:15:38.053 26357 26357 E AndroidRuntime: Error reporting crash
01-01 08:15:38.053 26357 26357 E AndroidRuntime: java.lang.NullPointerException: Attempt to invoke interface method 'void android.app.IActivityManager.handleApplicationCrash(android.os.IBinder, android.app.ApplicationErrorReport$ParcelableCrashInfo)' on a null object reference
01-01 08:15:38.053 26357 26357 E AndroidRuntime: at com.android.internal.os.RuntimeInit$KillApplicationHandler.uncaughtException(RuntimeInit.java:156)
01-01 08:15:38.053 26357 26357 E AndroidRuntime: at java.lang.ThreadGroup.uncaughtException(ThreadGroup.java:1073)
01-01 08:15:38.053 26357 26357 E AndroidRuntime: at java.lang.ThreadGroup.uncaughtException(ThreadGroup.java:1068)
01-01 08:15:38.053 26357 26357 E AndroidRuntime: at java.lang.Thread.dispatchUncaughtException(Thread.java:2200)
01-01 08:15:38.204 0 0 I binder : 26433:26433 ioctl 40046210 7fe5a57ac4 returned -22
01-01 08:15:38.204 0 0 D ProcessState: Binder ioctl to enable oneway spam detection failed: Invalid argument
01-01 08:15:38.205 0 0 D vdc : Waited 0ms for vold
01-01 08:15:38.959 0 0 I binder : 26440:26440 ioctl 40046210 7fc4281874 returned -22
01-01 08:15:38.962 0 0 I binder : 26440:26440 ioctl 40046210 7fc42817f4 returned -22
01-01 08:15:39.012 0 0 D : mv2112_read_status
01-01 08:15:39.013 0 0 D mv2112_update_link: 3.0x901(1G): 0x80
01-01 08:15:39.013 0 0 D mv2112_update_link: 3.0x8109(100M): 0x0
01-01 08:15:39.013 0 0 D mv2112_update_link: link 0x0
01-01 08:15:39.013 0 0 D mv2112_read_status: autoneg is disabled
01-01 08:15:39.146 0 0 I binder : 26439:26439 ioctl 40046210 ff83ed18 returned -22
01-01 08:15:39.149 0 0 I binder : 26439:26439 ioctl 40046210 ff83ed00 returned -22
01-01 08:15:39.527 0 0 I binder : 26438:26438 ioctl 40046210 7ffd48f944 returned -22
01-01 08:15:39.529 0 0 I binder : 26438:26438 ioctl 40046210 7ffd48f964 returned -22
01-01 08:15:40.036 0 0 D : mv2112_read_status
01-01 08:15:40.037 0 0 D mv2112_update_link: 3.0x901(1G): 0x80
01-01 08:15:40.037 0 0 D mv2112_update_link: 3.0x8109(100M): 0x0
01-01 08:15:40.037 0 0 D mv2112_update_link: link 0x0
01-01 08:15:40.037 0 0 D mv2112_read_status: autoneg is disabled
01-01 08:15:40.511 0 0 E init : Control message: Could not find 'android.frameworks.sensorservice@1.0::ISensorManager/default' for ctl.interface_start from pid: 517 (/system/bin/hwservicemanager)
01-01 08:15:40.530 0 0 E init : Control message: Could not find 'android.frameworks.sensorservice@1.0::ISensorManager/default' for ctl.interface_start from pid: 517 (/system/bin/hwservicemanager)
01-01 08:15:40.909 0 0 I init : starting service 'qvrd_vndr'...
01-01 08:15:40.910 0 0 I init : Created socket '/dev/socket/qvrservice_vndr', mode 660, user 1000, group 1000
01-01 08:15:40.910 0 0 I init : Created socket '/dev/socket/qvrservice_vndr_camera', mode 660, user 1000, group 1000
01-01 08:15:40.921 0 0 I init : starting service 'sxrd'...
01-01 08:15:40.931 0 0 I init : starting service 'vendor.audio-hal'...
01-01 08:15:40.927 26452 26452 F linker : CANNOT LINK EXECUTABLE "/vendor/bin/hw/qvrservice": library "vendor.qti.hardware.qxr-V1-ndk_platform.so" not found: needed by /vendor/lib64/libqvrservice.so in namespace (default)
01-01 08:15:40.931 26453 26453 F linker : CANNOT LINK EXECUTABLE "/vendor/bin/hw/sxrservice": library "vendor.qti.hardware.qxr-V1-ndk_platform.so" not found: needed by main executable
01-01 08:15:40.940 0 0 I init : Service 'qvrd_vndr' (pid 26452) exited with status 1
01-01 08:15:40.940 0 0 I init : Sending signal 9 to service 'qvrd_vndr' (pid 26452) process group...
01-01 08:15:40.940 0 0 I libprocessgroup: Successfully killed process cgroup uid 1000 pid 26452 in 0ms
01-01 08:15:41.060 0 0 D : mv2112_read_status
01-01 08:15:41.061 0 0 D mv2112_update_link: 3.0x901(1G): 0x80
01-01 08:15:41.061 0 0 D mv2112_update_link: 3.0x8109(100M): 0x0
01-01 08:15:41.061 0 0 D mv2112_update_link: link 0x0
01-01 08:15:41.061 0 0 D mv2112_read_status: autoneg is disabled
01-01 08:15:41.319 0 0 I binder : 26461:26461 ioctl 40046210 7fe1b2f8a4 returned -22
01-01 08:15:41.319 0 0 I binder : 26461:26461 ioctl 40046210 7fe1b2f8c4 returned -22
01-01 08:15:41.804 0 0 E : msm_qti_pp_get_rms_value_control, back not active to query rms be_idx:3
01-01 08:15:41.825 0 0 I core_get_license_status: cmdrsp_license_result.result = 0x15 for module 0x131ff
01-01 08:15:41.825 0 0 E msm_ext_disp_update_audio_ops: Display not found (EXT_DISPLAY_TYPE_DP) ctld (0) stream (0)
01-01 08:15:41.835 0 0 E msm_ext_disp_update_audio_ops: Display not found (EXT_DISPLAY_TYPE_HDMI) ctld (0) stream (0)
01-01 08:15:41.845 0 0 E msm_ext_disp_update_audio_ops: Display not found (EXT_DISPLAY_TYPE_DP) ctld (0) stream (0)
01-01 08:15:41.855 0 0 E msm_ext_disp_update_audio_ops: Display not found (EXT_DISPLAY_TYPE_DP) ctld (0) stream (0)
01-01 08:15:41.865 0 0 E msm_ext_disp_update_audio_ops: Display not found (EXT_DISPLAY_TYPE_DP) ctld (0) stream (0)
01-01 08:15:41.875 0 0 E msm-ext-disp-audio-codec-rx soc: qcom,msm-ext-disp:qcom,msm-ext-disp-audio-codec-rx: msm_ext_disp_audio_type_get: get_audio_edid_blk() or get_intf_id is NULL
01-01 08:15:41.891 0 0 E msm_ext_disp_update_audio_ops: Display not found (EXT_DISPLAY_TYPE_DP) ctld (0) stream (0)
01-01 08:15:41.900 0 0 E msm-ext-disp-audio-codec-rx soc: qcom,msm-ext-disp:qcom,msm-ext-disp-audio-codec-rx: msm_ext_disp_audio_type_get: get_audio_edid_blk() or get_intf_id is NULL
01-01 08:15:41.916 0 0 E msm_ext_disp_update_audio_ops: Display not found (EXT_DISPLAY_TYPE_DP) ctld (0) stream (0)
01-01 08:15:41.926 0 0 E msm-ext-disp-audio-codec-rx soc: qcom,msm-ext-disp:qcom,msm-ext-disp-audio-codec-rx: msm_ext_disp_audio_type_get: get_audio_edid_blk() or get_intf_id is NULL
01-01 08:15:41.943 0 0 E msm-ext-disp-audio-codec-rx soc: qcom,msm-ext-disp:qcom,msm-ext-disp-audio-codec-rx: msm_ext_disp_audio_device_get: invalid dai id: 4
01-01 08:15:42.012 0 0 E : msm_pcm_volume_ctl_get substream not found
01-01 08:15:42.084 0 0 D : mv2112_read_status
01-01 08:15:42.085 0 0 D mv2112_update_link: 3.0x901(1G): 0x80
01-01 08:15:42.085 0 0 D mv2112_update_link: 3.0x8109(100M): 0x0
01-01 08:15:42.085 0 0 D mv2112_update_link: link 0x0
01-01 08:15:42.085 0 0 D mv2112_read_status: autoneg is disabled
01-01 08:15:42.316 0 0 E : msm_qti_pp_get_rms_value_control, back not active to query rms be_idx:3
01-01 08:15:42.336 0 0 I core_get_license_status: cmdrsp_license_result.result = 0x15 for module 0x131ff
01-01 08:15:42.336 0 0 E msm_ext_disp_update_audio_ops: Display not found (EXT_DISPLAY_TYPE_DP) ctld (0) stream (0)
01-01 08:15:42.346 0 0 E msm_ext_disp_update_audio_ops: Display not found (EXT_DISPLAY_TYPE_HDMI) ctld (0) stream (0)
01-01 08:15:42.356 0 0 E msm_ext_disp_update_audio_ops: Display not found (EXT_DISPLAY_TYPE_DP) ctld (0) stream (0)
01-01 08:15:42.366 0 0 E msm_ext_disp_update_audio_ops: Display not found (EXT_DISPLAY_TYPE_DP) ctld (0) stream (0)
01-01 08:15:42.376 0 0 E msm_ext_disp_update_audio_ops: Display not found (EXT_DISPLAY_TYPE_DP) ctld (0) stream (0)
01-01 08:15:42.386 0 0 E msm-ext-disp-audio-codec-rx soc: qcom,msm-ext-disp:qcom,msm-ext-disp-audio-codec-rx: msm_ext_disp_audio_type_get: get_audio_edid_blk() or get_intf_id is NULL
01-01 08:15:42.402 0 0 E msm_ext_disp_update_audio_ops: Display not found (EXT_DISPLAY_TYPE_DP) ctld (0) stream (0)
01-01 08:15:42.411 0 0 E msm-ext-disp-audio-codec-rx soc: qcom,msm-ext-disp:qcom,msm-ext-disp-audio-codec-rx: msm_ext_disp_audio_type_get: get_audio_edid_blk() or get_intf_id is NULL
01-01 08:15:42.428 0 0 E msm_ext_disp_update_audio_ops: Display not found (EXT_DISPLAY_TYPE_DP) ctld (0) stream (0)
01-01 08:15:42.437 0 0 E msm-ext-disp-audio-codec-rx soc: qcom,msm-ext-disp:qcom,msm-ext-disp-audio-codec-rx: msm_ext_disp_audio_type_get: get_audio_edid_blk() or get_intf_id is NULL
01-01 08:15:42.454 0 0 E msm-ext-disp-audio-codec-rx soc: qcom,msm-ext-disp:qcom,msm-ext-disp-audio-codec-rx: msm_ext_disp_audio_device_get: invalid dai id: 4
01-01 08:15:42.511 0 0 E : msm_pcm_volume_ctl_get substream not found
01-01 08:15:42.523 0 0 I binder : 26487:26487 ioctl 40046210 7fe290ff24 returned -22
01-01 08:15:42.677 0 0 I binder : 26493:26493 ioctl 40046210 7fc482aee4 returned -22
01-01 08:15:42.680 0 0 I binder : 26493:26493 ioctl 40046210 7fc482b0f4 returned -22
01-01 08:15:42.837 0 0 I binder : 26487:26487 ioctl 40046210 7fe290f624 returned -22
01-01 08:15:43.014 26487 26487 E AndroidRuntime: *** FATAL EXCEPTION IN SYSTEM PROCESS: main
01-01 08:15:43.014 26487 26487 E AndroidRuntime: java.lang.NullPointerException: Attempt to read from field 'java.lang.String com.android.server.pm.Settings$VersionInfo.fingerprint' on a null object reference
01-01 08:15:43.014 26487 26487 E AndroidRuntime: at com.android.server.pm.PackageManagerService.(PackageManagerService.java:7608)
01-01 08:15:43.014 26487 26487 E AndroidRuntime: at com.android.server.pm.PackageManagerService.main(PackageManagerService.java:7116)
01-01 08:15:43.014 26487 26487 E AndroidRuntime: at com.android.server.SystemServer.startBootstrapServices(SystemServer.java:1168)
01-01 08:15:43.014 26487 26487 E AndroidRuntime: at com.android.server.SystemServer.run(SystemServer.java:882)
01-01 08:15:43.014 26487 26487 E AndroidRuntime: at com.android.server.SystemServer.main(SystemServer.java:615)
01-01 08:15:43.014 26487 26487 E AndroidRuntime: at java.lang.reflect.Method.invoke(Native Method)
01-01 08:15:43.014 26487 26487 E AndroidRuntime: at com.android.internal.os.RuntimeInit$MethodAndArgsCaller.run(RuntimeInit.java:548)
01-01 08:15:43.014 26487 26487 E AndroidRuntime: at com.android.internal.os.ZygoteInit.main(ZygoteInit.java:987)
01-01 08:15:43.015 26487 26487 E AndroidRuntime: Error reporting crash
01-01 08:15:43.015 26487 26487 E AndroidRuntime: java.lang.NullPointerException: Attempt to invoke interface method 'void android.app.IActivityManager.handleApplicationCrash(android.os.IBinder, android.app.ApplicationErrorReport$ParcelableCrashInfo)' on a null object reference
01-01 08:15:43.015 26487 26487 E AndroidRuntime: at com.android.internal.os.RuntimeInit$KillApplicationHandler.uncaughtException(RuntimeInit.java:156)
01-01 08:15:43.015 26487 26487 E AndroidRuntime: at java.lang.ThreadGroup.uncaughtException(ThreadGroup.java:1073)
01-01 08:15:43.015 26487 26487 E AndroidRuntime: at java.lang.ThreadGroup.uncaughtException(ThreadGroup.java:1068)
01-01 08:15:43.015 26487 26487 E AndroidRuntime: at java.lang.Thread.dispatchUncaughtException(Thread.java:2200)
01-01 08:15:43.108 0 0 D : mv2112_read_status
01-01 08:15:43.109 0 0 D mv2112_update_link: 3.0x901(1G): 0x80
01-01 08:15:43.109 0 0 D mv2112_update_link: 3.0x8109(100M): 0x0
01-01 08:15:43.109 0 0 D mv2112_update_link: link 0x0
01-01 08:15:43.109 0 0 D mv2112_read_status: autoneg is disabled
01-01 08:15:43.154 0 0 I binder : undelivered TRANSACTION_COMPLETE
01-01 08:15:43.154 0 0 I binder : undelivered transaction 376776, process died.
01-01 08:15:43.164 0 0 I binder : 26568:26568 ioctl 40046210 7fc6e83314 returned -22
01-01 08:15:43.164 0 0 D ProcessState: Binder ioctl to enable oneway spam detection failed: Invalid argument
01-01 08:15:43.165 0 0 D vdc : Waited 0ms for vold
01-01 08:15:43.967 0 0 I binder : 26576:26576 ioctl 40046210 7fe05fa244 returned -22
01-01 08:15:43.969 0 0 I binder : 26576:26576 ioctl 40046210 7fe05fa1c4 returned -22
01-01 08:15:44.132 0 0 D : mv2112_read_status
01-01 08:15:44.133 0 0 D mv2112_update_link: 3.0x901(1G): 0x80
01-01 08:15:44.133 0 0 D mv2112_update_link: 3.0x8109(100M): 0x0
01-01 08:15:44.133 0 0 D mv2112_update_link: link 0x0
01-01 08:15:44.133 0 0 D mv2112_read_status: autoneg is disabled
01-01 08:15:44.156 0 0 I binder : 26575:26575 ioctl 40046210 ffc84ea8 returned -22
01-01 08:15:44.158 0 0 I binder : 26575:26575 ioctl 40046210 ffc84e90 returned -22
01-01 08:15:44.534 0 0 I binder : 26574:26574 ioctl 40046210 7fd91beca4 returned -22
01-01 08:15:44.535 0 0 I binder : 26574:26574 ioctl 40046210 7fd91becc4 returned -22
01-01 08:15:45.156 0 0 D : mv2112_read_status
01-01 08:15:45.157 0 0 D mv2112_update_link: 3.0x901(1G): 0x80
01-01 08:15:45.157 0 0 D mv2112_update_link: 3.0x8109(100M): 0x0
01-01 08:15:45.157 0 0 D mv2112_update_link: link 0x0
01-01 08:15:45.157 0 0 D mv2112_read_status: autoneg is disabled
01-01 08:15:45.517 0 0 E init : Control message: Could not find 'android.frameworks.sensorservice@1.0::ISensorManager/default' for ctl.interface_start from pid: 517 (/system/bin/hwservicemanager)
01-01 08:15:45.538 0 0 E init : Control message: Could not find 'android.frameworks.sensorservice@1.0::ISensorManager/default' for ctl.interface_start from pid: 517 (/system/bin/hwservicemanager)
01-01 08:15:45.918 0 0 I init : starting service 'qvrd_vndr'...
01-01 08:15:45.919 0 0 I init : Created socket '/dev/socket/qvrservice_vndr', mode 660, user 1000, group 1000
01-01 08:15:45.919 0 0 I init : Created socket '/dev/socket/qvrservice_vndr_camera', mode 660, user 1000, group 1000
01-01 08:15:45.929 0 0 I init : starting service 'sxrd'...
01-01 08:15:45.938 0 0 I init : starting service 'vendor.audio-hal'...
01-01 08:15:45.935 26588 26588 F linker : CANNOT LINK EXECUTABLE "/vendor/bin/hw/qvrservice": library "vendor.qti.hardware.qxr-V1-ndk_platform.so" not found: needed by /vendor/lib64/libqvrservice.so in namespace (default)
01-01 08:15:45.939 26589 26589 F linker : CANNOT LINK EXECUTABLE "/vendor/bin/hw/sxrservice": library "vendor.qti.hardware.qxr-V1-ndk_platform.so" not found: needed by main executable
01-01 08:15:45.947 0 0 I init : Service 'qvrd_vndr' (pid 26588) exited with status 1
01-01 08:15:45.947 0 0 I init : Sending signal 9 to service 'qvrd_vndr' (pid 26588) process group...
01-01 08:15:45.947 0 0 I libprocessgroup: Successfully killed process cgroup uid 1000 pid 26588 in 0ms
01-01 08:15:46.180 0 0 D : mv2112_read_status
01-01 08:15:46.181 0 0 D mv2112_update_link: 3.0x901(1G): 0x80
01-01 08:15:46.181 0 0 D mv2112_update_link: 3.0x8109(100M): 0x0
01-01 08:15:46.181 0 0 D mv2112_update_link: link 0x0
01-01 08:15:46.181 0 0 D mv2112_read_status: autoneg is disabled
01-01 08:15:46.322 0 0 I binder : 26597:26597 ioctl 40046210 7fd80b06a4 returned -22
01-01 08:15:46.323 0 0 I binder : 26597:26597 ioctl 40046210 7fd80b06c4 returned -22
01-01 08:15:46.786 0 0 E : msm_qti_pp_get_rms_value_control, back not active to query rms be_idx:3
01-01 08:15:46.807 0 0 I core_get_license_status: cmdrsp_license_result.result = 0x15 for module 0x131ff
01-01 08:15:46.809 0 0 E msm_ext_disp_update_audio_ops: Display not found (EXT_DISPLAY_TYPE_DP) ctld (0) stream (0)
01-01 08:15:46.819 0 0 E msm_ext_disp_update_audio_ops: Display not found (EXT_DISPLAY_TYPE_HDMI) ctld (0) stream (0)
01-01 08:15:46.829 0 0 E msm_ext_disp_update_audio_ops: Display not found (EXT_DISPLAY_TYPE_DP) ctld (0) stream (0)
01-01 08:15:46.839 0 0 E msm_ext_disp_update_audio_ops: Display not found (EXT_DISPLAY_TYPE_DP) ctld (0) stream (0)
01-01 08:15:46.849 0 0 E msm_ext_disp_update_audio_ops: Display not found (EXT_DISPLAY_TYPE_DP) ctld (0) stream (0)
01-01 08:15:46.859 0 0 E msm-ext-disp-audio-codec-rx soc: qcom,msm-ext-disp:qcom,msm-ext-disp-audio-codec-rx: msm_ext_disp_audio_type_get: get_audio_edid_blk() or get_intf_id is NULL
01-01 08:15:46.875 0 0 E msm_ext_disp_update_audio_ops: Display not found (EXT_DISPLAY_TYPE_DP) ctld (0) stream (0)
01-01 08:15:46.884 0 0 E msm-ext-disp-audio-codec-rx soc: qcom,msm-ext-disp:qcom,msm-ext-disp-audio-codec-rx: msm_ext_disp_audio_type_get: get_audio_edid_blk() or get_intf_id is NULL
01-01 08:15:46.900 0 0 E msm_ext_disp_update_audio_ops: Display not found (EXT_DISPLAY_TYPE_DP) ctld (0) stream (0)
01-01 08:15:46.910 0 0 E msm-ext-disp-audio-codec-rx soc: qcom,msm-ext-disp:qcom,msm-ext-disp-audio-codec-rx: msm_ext_disp_audio_type_get: get_audio_edid_blk() or get_intf_id is NULL
01-01 08:15:46.927 0 0 E msm-ext-disp-audio-codec-rx soc: qcom,msm-ext-disp:qcom,msm-ext-disp-audio-codec-rx: msm_ext_disp_audio_device_get: invalid dai id: 4
01-01 08:15:46.988 0 0 E : msm_pcm_volume_ctl_get substream not found
01-01 08:15:47.204 0 0 D : mv2112_read_status
01-01 08:15:47.205 0 0 D mv2112_update_link: 3.0x901(1G): 0x80
01-01 08:15:47.205 0 0 D mv2112_update_link: 3.0x8109(100M): 0x0
01-01 08:15:47.205 0 0 D mv2112_update_link: link 0x0
01-01 08:15:47.205 0 0 D mv2112_read_status: autoneg is disabled
01-01 08:15:47.352 0 0 E : msm_qti_pp_get_rms_value_control, back not active to query rms be_idx:3
01-01 08:15:47.380 0 0 I core_get_license_status: cmdrsp_license_result.result = 0x15 for module 0x131ff
01-01 08:15:47.381 0 0 E msm_ext_disp_update_audio_ops: Display not found (EXT_DISPLAY_TYPE_DP) ctld (0) stream (0)
01-01 08:15:47.391 0 0 E msm_ext_disp_update_audio_ops: Display not found (EXT_DISPLAY_TYPE_HDMI) ctld (0) stream (0)
01-01 08:15:47.401 0 0 E msm_ext_disp_update_audio_ops: Display not found (EXT_DISPLAY_TYPE_DP) ctld (0) stream (0)
01-01 08:15:47.411 0 0 E msm_ext_disp_update_audio_ops: Display not found (EXT_DISPLAY_TYPE_DP) ctld (0) stream (0)
01-01 08:15:47.421 0 0 E msm_ext_disp_update_audio_ops: Display not found (EXT_DISPLAY_TYPE_DP) ctld (0) stream (0)
01-01 08:15:47.431 0 0 E msm-ext-disp-audio-codec-rx soc: qcom,msm-ext-disp:qcom,msm-ext-disp-audio-codec-rx: msm_ext_disp_audio_type_get: get_audio_edid_blk() or get_intf_id is NULL
01-01 08:15:47.447 0 0 E msm_ext_disp_update_audio_ops: Display not found (EXT_DISPLAY_TYPE_DP) ctld (0) stream (0)
01-01 08:15:47.457 0 0 E msm-ext-disp-audio-codec-rx soc: qcom,msm-ext-disp:qcom,msm-ext-disp-audio-codec-rx: msm_ext_disp_audio_type_get: get_audio_edid_blk() or get_intf_id is NULL
01-01 08:15:47.473 0 0 E msm_ext_disp_update_audio_ops: Display not found (EXT_DISPLAY_TYPE_DP) ctld (0) stream (0)
01-01 08:15:47.482 0 0 E msm-ext-disp-audio-codec-rx soc: qcom,msm-ext-disp:qcom,msm-ext-disp-audio-codec-rx: msm_ext_disp_audio_type_get: get_audio_edid_blk() or get_intf_id is NULL
01-01 08:15:47.499 0 0 E msm-ext-disp-audio-codec-rx soc: qcom,msm-ext-disp:qcom,msm-ext-disp-audio-codec-rx: msm_ext_disp_audio_device_get: invalid dai id: 4
01-01 08:15:47.559 0 0 E : msm_pcm_volume_ctl_get substream not found
01-01 08:15:47.579 0 0 I binder : 26623:26623 ioctl 40046210 7fc9c23f14 returned -22
01-01 08:15:47.775 0 0 I binder : 26629:26629 ioctl 40046210 7ff52c6674 returned -22
01-01 08:15:47.779 0 0 I binder : 26629:26629 ioctl 40046210 7ff52c6884 returned -22
01-01 08:15:47.950 0 0 I binder : 26623:26623 ioctl 40046210 7fc9c23614 returned -22
01-01 08:15:48.128 26623 26623 E AndroidRuntime: *** FATAL EXCEPTION IN SYSTEM PROCESS: main
01-01 08:15:48.128 26623 26623 E AndroidRuntime: java.lang.NullPointerException: Attempt to read from field 'java.lang.String com.android.server.pm.Settings$VersionInfo.fingerprint' on a null object reference
01-01 08:15:48.128 26623 26623 E AndroidRuntime: at com.android.server.pm.PackageManagerService.(PackageManagerService.java:7608)
01-01 08:15:48.128 26623 26623 E AndroidRuntime: at com.android.server.pm.PackageManagerService.main(PackageManagerService.java:7116)
01-01 08:15:48.128 26623 26623 E AndroidRuntime: at com.android.server.SystemServer.startBootstrapServices(SystemServer.java:1168)
01-01 08:15:48.128 26623 26623 E AndroidRuntime: at com.android.server.SystemServer.run(SystemServer.java:882)
01-01 08:15:48.128 26623 26623 E AndroidRuntime: at com.android.server.SystemServer.main(SystemServer.java:615)
01-01 08:15:48.128 26623 26623 E AndroidRuntime: at java.lang.reflect.Method.invoke(Native Method)
01-01 08:15:48.128 26623 26623 E AndroidRuntime: at com.android.internal.os.RuntimeInit$MethodAndArgsCaller.run(RuntimeInit.java:548)
01-01 08:15:48.128 26623 26623 E AndroidRuntime: at com.android.internal.os.ZygoteInit.main(ZygoteInit.java:987)
01-01 08:15:48.129 26623 26623 E AndroidRuntime: Error reporting crash
01-01 08:15:48.129 26623 26623 E AndroidRuntime: java.lang.NullPointerException: Attempt to invoke interface method 'void android.app.IActivityManager.handleApplicationCrash(android.os.IBinder, android.app.ApplicationErrorReport$ParcelableCrashInfo)' on a null object reference
01-01 08:15:48.129 26623 26623 E AndroidRuntime: at com.android.internal.os.RuntimeInit$KillApplicationHandler.uncaughtException(RuntimeInit.java:156)
01-01 08:15:48.129 26623 26623 E AndroidRuntime: at java.lang.ThreadGroup.uncaughtException(ThreadGroup.java:1073)
01-01 08:15:48.129 26623 26623 E AndroidRuntime: at java.lang.ThreadGroup.uncaughtException(ThreadGroup.java:1068)
01-01 08:15:48.129 26623 26623 E AndroidRuntime: at java.lang.Thread.dispatchUncaughtException(Thread.java:2200)
01-01 08:15:48.228 0 0 D : mv2112_read_status
01-01 08:15:48.229 0 0 D mv2112_update_link: 3.0x901(1G): 0x80
01-01 08:15:48.229 0 0 D mv2112_update_link: 3.0x8109(100M): 0x0
01-01 08:15:48.229 0 0 D mv2112_update_link: link 0x0
01-01 08:15:48.229 0 0 D mv2112_read_status: autoneg is disabled
01-01 08:15:48.279 0 0 I binder : 26711:26711 ioctl 40046210 7fefbc4b04 returned -22
01-01 08:15:48.279 0 0 D ProcessState: Binder ioctl to enable oneway spam detection failed: Invalid argument
01-01 08:15:48.280 0 0 D vdc : Waited 0ms for vold
01-01 08:15:48.977 0 0 I binder : 26717:26717 ioctl 40046210 7fcb6c4f74 returned -22
01-01 08:15:48.979 0 0 I binder : 26717:26717 ioctl 40046210 7fcb6c4ef4 returned -22
01-01 08:15:49.164 0 0 I binder : 26716:26716 ioctl 40046210 ffbdea88 returned -22
01-01 08:15:49.166 0 0 I binder : 26716:26716 ioctl 40046210 ffbdea70 returned -22
01-01 08:15:49.252 0 0 D : mv2112_read_status
01-01 08:15:49.253 0 0 D mv2112_update_link: 3.0x901(1G): 0x80
01-01 08:15:49.253 0 0 D mv2112_update_link: 3.0x8109(100M): 0x0
01-01 08:15:49.253 0 0 D mv2112_update_link: link 0x0
01-01 08:15:49.253 0 0 D mv2112_read_status: autoneg is disabled
01-01 08:15:49.539 0 0 I binder : 26715:26715 ioctl 40046210 7fd44917d4 returned -22
01-01 08:15:49.541 0 0 I binder : 26715:26715 ioctl 40046210 7fd44917f4 returned -22
01-01 08:15:50.276 0 0 D : mv2112_read_status
01-01 08:15:50.277 0 0 D mv2112_update_link: 3.0x901(1G): 0x80
01-01 08:15:50.277 0 0 D mv2112_update_link: 3.0x8109(100M): 0x0
01-01 08:15:50.277 0 0 D mv2112_update_link: link 0x0
01-01 08:15:50.277 0 0 D mv2112_read_status: autoneg is disabled
01-01 08:15:50.524 0 0 E init : Control message: Could not find 'android.frameworks.sensorservice@1.0::ISensorManager/default' for ctl.interface_start from pid: 517 (/system/bin/hwservicemanager)
01-01 08:15:50.544 0 0 E init : Control message: Could not find 'android.frameworks.sensorservice@1.0::ISensorManager/default' for ctl.interface_start from pid: 517 (/system/bin/hwservicemanager)
01-01 08:15:50.927 0 0 I init : starting service 'qvrd_vndr'...
01-01 08:15:50.927 0 0 I init : Created socket '/dev/socket/qvrservice_vndr', mode 660, user 1000, group 1000
01-01 08:15:50.928 0 0 I init : Created socket '/dev/socket/qvrservice_vndr_camera', mode 660, user 1000, group 1000
01-01 08:15:50.939 0 0 I init : starting service 'sxrd'...
01-01 08:15:50.949 0 0 I init : starting service 'vendor.audio-hal'...
01-01 08:15:50.945 26729 26729 F linker : CANNOT LINK EXECUTABLE "/vendor/bin/hw/qvrservice": library "vendor.qti.hardware.qxr-V1-ndk_platform.so" not found: needed by /vendor/lib64/libqvrservice.so in namespace (default)
01-01 08:15:50.957 0 0 I init : Service 'qvrd_vndr' (pid 26729) exited with status 1
01-01 08:15:50.957 0 0 I init : Sending signal 9 to service 'qvrd_vndr' (pid 26729) process group...
01-01 08:15:50.958 0 0 I libprocessgroup: Successfully killed process cgroup uid 1000 pid 26729 in 0ms
01-01 08:15:50.949 26730 26730 F linker : CANNOT LINK EXECUTABLE "/vendor/bin/hw/sxrservice": library "vendor.qti.hardware.qxr-V1-ndk_platform.so" not found: needed by main executable
01-01 08:15:51.300 0 0 D : mv2112_read_status
01-01 08:15:51.301 0 0 D mv2112_update_link: 3.0x901(1G): 0x80
01-01 08:15:51.301 0 0 D mv2112_update_link: 3.0x8109(100M): 0x0
01-01 08:15:51.301 0 0 D mv2112_update_link: link 0x0
01-01 08:15:51.301 0 0 D mv2112_read_status: autoneg is disabled
01-01 08:15:51.380 0 0 I binder : 26738:26738 ioctl 40046210 7fea637704 returned -22
01-01 08:15:51.380 0 0 I binder : 26738:26738 ioctl 40046210 7fea637724 returned -22
01-01 08:15:51.799 0 0 E : msm_qti_pp_get_rms_value_control, back not active to query rms be_idx:3
01-01 08:15:51.819 0 0 I core_get_license_status: cmdrsp_license_result.result = 0x15 for module 0x131ff
01-01 08:15:51.820 0 0 E msm_ext_disp_update_audio_ops: Display not found (EXT_DISPLAY_TYPE_DP) ctld (0) stream (0)
01-01 08:15:51.830 0 0 E msm_ext_disp_update_audio_ops: Display not found (EXT_DISPLAY_TYPE_HDMI) ctld (0) stream (0)
01-01 08:15:51.840 0 0 E msm_ext_disp_update_audio_ops: Display not found (EXT_DISPLAY_TYPE_DP) ctld (0) stream (0)
01-01 08:15:51.850 0 0 E msm_ext_disp_update_audio_ops: Display not found (EXT_DISPLAY_TYPE_DP) ctld (0) stream (0)
01-01 08:15:51.860 0 0 E msm_ext_disp_update_audio_ops: Display not found (EXT_DISPLAY_TYPE_DP) ctld (0) stream (0)
01-01 08:15:51.869 0 0 E msm-ext-disp-audio-codec-rx soc: qcom,msm-ext-disp:qcom,msm-ext-disp-audio-codec-rx: msm_ext_disp_audio_type_get: get_audio_edid_blk() or get_intf_id is NULL
01-01 08:15:51.885 0 0 E msm_ext_disp_update_audio_ops: Display not found (EXT_DISPLAY_TYPE_DP) ctld (0) stream (0)
01-01 08:15:51.895 0 0 E msm-ext-disp-audio-codec-rx soc: qcom,msm-ext-disp:qcom,msm-ext-disp-audio-codec-rx: msm_ext_disp_audio_type_get: get_audio_edid_blk() or get_intf_id is NULL
01-01 08:15:51.911 0 0 E msm_ext_disp_update_audio_ops: Display not found (EXT_DISPLAY_TYPE_DP) ctld (0) stream (0)
01-01 08:15:51.921 0 0 E msm-ext-disp-audio-codec-rx soc: qcom,msm-ext-disp:qcom,msm-ext-disp-audio-codec-rx: msm_ext_disp_audio_type_get: get_audio_edid_blk() or get_intf_id is NULL
01-01 08:15:51.938 0 0 E msm-ext-disp-audio-codec-rx soc: qcom,msm-ext-disp:qcom,msm-ext-disp-audio-codec-rx: msm_ext_disp_audio_device_get: invalid dai id: 4
01-01 08:15:52.003 0 0 E : msm_pcm_volume_ctl_get substream not found
01-01 08:15:52.324 0 0 D : mv2112_read_status
01-01 08:15:52.325 0 0 D mv2112_update_link: 3.0x901(1G): 0x80
01-01 08:15:52.325 0 0 D mv2112_update_link: 3.0x8109(100M): 0x0
01-01 08:15:52.325 0 0 D mv2112_update_link: link 0x0
01-01 08:15:52.325 0 0 D mv2112_read_status: autoneg is disabled
01-01 08:15:52.465 0 0 E : msm_qti_pp_get_rms_value_control, back not active to query rms be_idx:3
01-01 08:15:52.485 0 0 I core_get_license_status: cmdrsp_license_result.result = 0x15 for module 0x131ff
01-01 08:15:52.486 0 0 E msm_ext_disp_update_audio_ops: Display not found (EXT_DISPLAY_TYPE_DP) ctld (0) stream (0)
01-01 08:15:52.496 0 0 E msm_ext_disp_update_audio_ops: Display not found (EXT_DISPLAY_TYPE_HDMI) ctld (0) stream (0)
01-01 08:15:52.506 0 0 E msm_ext_disp_update_audio_ops: Display not found (EXT_DISPLAY_TYPE_DP) ctld (0) stream (0)
01-01 08:15:52.516 0 0 E msm_ext_disp_update_audio_ops: Display not found (EXT_DISPLAY_TYPE_DP) ctld (0) stream (0)
01-01 08:15:52.526 0 0 E msm_ext_disp_update_audio_ops: Display not found (EXT_DISPLAY_TYPE_DP) ctld (0) stream (0)
01-01 08:15:52.536 0 0 E msm-ext-disp-audio-codec-rx soc: qcom,msm-ext-disp:qcom,msm-ext-disp-audio-codec-rx: msm_ext_disp_audio_type_get: get_audio_edid_blk() or get_intf_id is NULL
01-01 08:15:52.552 0 0 E msm_ext_disp_update_audio_ops: Display not found (EXT_DISPLAY_TYPE_DP) ctld (0) stream (0)
01-01 08:15:52.561 0 0 E msm-ext-disp-audio-codec-rx soc: qcom,msm-ext-disp:qcom,msm-ext-disp-audio-codec-rx: msm_ext_disp_audio_type_get: get_audio_edid_blk() or get_intf_id is NULL
01-01 08:15:52.577 0 0 E msm_ext_disp_update_audio_ops: Display not found (EXT_DISPLAY_TYPE_DP) ctld (0) stream (0)
01-01 08:15:52.587 0 0 E msm-ext-disp-audio-codec-rx soc: qcom,msm-ext-disp:qcom,msm-ext-disp-audio-codec-rx: msm_ext_disp_audio_type_get: get_audio_edid_blk() or get_intf_id is NULL
01-01 08:15:52.604 0 0 E msm-ext-disp-audio-codec-rx soc: qcom,msm-ext-disp:qcom,msm-ext-disp-audio-codec-rx: msm_ext_disp_audio_device_get: invalid dai id: 4
01-01 08:15:52.663 0 0 E : msm_pcm_volume_ctl_get substream not found
01-01 08:15:52.713 0 0 I binder : 26764:26764 ioctl 40046210 7fd9f428e4 returned -22
01-01 08:15:52.716 0 0 I binder : 26764:26764 ioctl 40046210 7fd9f42af4 returned -22
01-01 08:15:52.732 0 0 I binder : 26770:26770 ioctl 40046210 7fea66f304 returned -22
01-01 08:15:53.026 0 0 I binder : 26770:26770 ioctl 40046210 7fea66ea04 returned -22
01-01 08:15:53.208 26770 26770 E AndroidRuntime: *** FATAL EXCEPTION IN SYSTEM PROCESS: main
01-01 08:15:53.208 26770 26770 E AndroidRuntime: java.lang.NullPointerException: Attempt to read from field 'java.lang.String com.android.server.pm.Settings$VersionInfo.fingerprint' on a null object reference
01-01 08:15:53.208 26770 26770 E AndroidRuntime: at com.android.server.pm.PackageManagerService.(PackageManagerService.java:7608)
01-01 08:15:53.208 26770 26770 E AndroidRuntime: at com.android.server.pm.PackageManagerService.main(PackageManagerService.java:7116)
01-01 08:15:53.208 26770 26770 E AndroidRuntime: at com.android.server.SystemServer.startBootstrapServices(SystemServer.java:1168)
01-01 08:15:53.208 26770 26770 E AndroidRuntime: at com.android.server.SystemServer.run(SystemServer.java:882)
01-01 08:15:53.208 26770 26770 E AndroidRuntime: at com.android.server.SystemServer.main(SystemServer.java:615)
01-01 08:15:53.208 26770 26770 E AndroidRuntime: at java.lang.reflect.Method.invoke(Native Method)
01-01 08:15:53.208 26770 26770 E AndroidRuntime: at com.android.internal.os.RuntimeInit$MethodAndArgsCaller.run(RuntimeInit.java:548)
01-01 08:15:53.208 26770 26770 E AndroidRuntime: at com.android.internal.os.ZygoteInit.main(ZygoteInit.java:987)
01-01 08:15:53.209 26770 26770 E AndroidRuntime: Error reporting crash
01-01 08:15:53.209 26770 26770 E AndroidRuntime: java.lang.NullPointerException: Attempt to invoke interface method 'void android.app.IActivityManager.handleApplicationCrash(android.os.IBinder, android.app.ApplicationErrorReport$ParcelableCrashInfo)' on a null object reference
01-01 08:15:53.209 26770 26770 E AndroidRuntime: at com.android.internal.os.RuntimeInit$KillApplicationHandler.uncaughtException(RuntimeInit.java:156)
01-01 08:15:53.209 26770 26770 E AndroidRuntime: at java.lang.ThreadGroup.uncaughtException(ThreadGroup.java:1073)
01-01 08:15:53.209 26770 26770 E AndroidRuntime: at java.lang.ThreadGroup.uncaughtException(ThreadGroup.java:1068)
01-01 08:15:53.209 26770 26770 E AndroidRuntime: at java.lang.Thread.dispatchUncaughtException(Thread.java:2200)
01-01 08:15:53.352 0 0 D : mv2112_read_status
01-01 08:15:53.353 0 0 D mv2112_update_link: 3.0x901(1G): 0x80
01-01 08:15:53.353 0 0 D mv2112_update_link: 3.0x8109(100M): 0x0
01-01 08:15:53.353 0 0 D mv2112_update_link: link 0x0
01-01 08:15:53.353 0 0 D mv2112_read_status: autoneg is disabled
01-01 08:15:53.358 0 0 I binder : 26852:26852 ioctl 40046210 7fd5c63404 returned -22
01-01 08:15:53.358 0 0 D ProcessState: Binder ioctl to enable oneway spam detection failed: Invalid argument
01-01 08:15:53.359 0 0 D vdc : Waited 0ms for vold
01-01 08:15:53.985 0 0 I binder : 26858:26858 ioctl 40046210 7ff61670d4 returned -22
01-01 08:15:53.987 0 0 I binder : 26858:26858 ioctl 40046210 7ff6167054 returned -22
01-01 08:15:54.169 0 0 I binder : 26857:26857 ioctl 40046210 ffb0e408 returned -22
01-01 08:15:54.171 0 0 I binder : 26857:26857 ioctl 40046210 ffb0e3f0 returned -22
01-01 08:15:54.376 0 0 D : mv2112_read_status
01-01 08:15:54.377 0 0 D mv2112_update_link: 3.0x901(1G): 0x80
01-01 08:15:54.377 0 0 D mv2112_update_link: 3.0x8109(100M): 0x0
01-01 08:15:54.377 0 0 D mv2112_update_link: link 0x0
01-01 08:15:54.377 0 0 D mv2112_read_status: autoneg is disabled
01-01 08:15:54.550 0 0 I binder : 26856:26856 ioctl 40046210 7fd2641394 returned -22
01-01 08:15:54.552 0 0 I binder : 26856:26856 ioctl 40046210 7fd26413b4 returned -22
01-01 08:15:55.396 0 0 D : mv2112_read_status
01-01 08:15:55.397 0 0 D mv2112_update_link: 3.0x901(1G): 0x80
01-01 08:15:55.397 0 0 D mv2112_update_link: 3.0x8109(100M): 0x0
01-01 08:15:55.397 0 0 D mv2112_update_link: link 0x0
01-01 08:15:55.397 0 0 D mv2112_read_status: autoneg is disabled
01-01 08:15:55.530 0 0 E init : Control message: Could not find 'android.frameworks.sensorservice@1.0::ISensorManager/default' for ctl.interface_start from pid: 517 (/system/bin/hwservicemanager)
01-01 08:15:55.549 0 0 E init : Control message: Could not find 'android.frameworks.sensorservice@1.0::ISensorManager/default' for ctl.interface_start from pid: 517 (/system/bin/hwservicemanager)
01-01 08:15:55.936 0 0 I init : starting service 'qvrd_vndr'...
01-01 08:15:55.937 0 0 I init : Created socket '/dev/socket/qvrservice_vndr', mode 660, user 1000, group 1000
01-01 08:15:55.938 0 0 I init : Created socket '/dev/socket/qvrservice_vndr_camera', mode 660, user 1000, group 1000
01-01 08:15:55.949 0 0 I init : starting service 'sxrd'...
01-01 08:15:55.959 0 0 I init : starting service 'vendor.audio-hal'...
01-01 08:15:55.955 26870 26870 F linker : CANNOT LINK EXECUTABLE "/vendor/bin/hw/qvrservice": library "vendor.qti.hardware.qxr-V1-ndk_platform.so" not found: needed by /vendor/lib64/libqvrservice.so in namespace (default)
01-01 08:15:55.959 26871 26871 F linker : CANNOT LINK EXECUTABLE "/vendor/bin/hw/sxrservice": library "vendor.qti.hardware.qxr-V1-ndk_platform.so" not found: needed by main executable
01-01 08:15:55.969 0 0 I init : Service 'qvrd_vndr' (pid 26870) exited with status 1
01-01 08:15:55.969 0 0 I init : Sending signal 9 to service 'qvrd_vndr' (pid 26870) process group...
01-01 08:15:55.969 0 0 I libprocessgroup: Successfully killed process cgroup uid 1000 pid 26870 in 0ms
01-01 08:15:56.353 0 0 I binder : 26879:26879 ioctl 40046210 7ff07b24a4 returned -22
01-01 08:15:56.353 0 0 I binder : 26879:26879 ioctl 40046210 7ff07b24c4 returned -22
01-01 08:15:56.428 0 0 D : mv2112_read_status
01-01 08:15:56.429 0 0 D mv2112_update_link: 3.0x901(1G): 0x80
01-01 08:15:56.429 0 0 D mv2112_update_link: 3.0x8109(100M): 0x0
01-01 08:15:56.429 0 0 D mv2112_update_link: link 0x0
01-01 08:15:56.429 0 0 D mv2112_read_status: autoneg is disabled
01-01 08:15:56.839 0 0 E : msm_qti_pp_get_rms_value_control, back not active to query rms be_idx:3
01-01 08:15:56.860 0 0 I core_get_license_status: cmdrsp_license_result.result = 0x15 for module 0x131ff
01-01 08:15:56.861 0 0 E msm_ext_disp_update_audio_ops: Display not found (EXT_DISPLAY_TYPE_DP) ctld (0) stream (0)
01-01 08:15:56.870 0 0 E msm_ext_disp_update_audio_ops: Display not found (EXT_DISPLAY_TYPE_HDMI) ctld (0) stream (0)
01-01 08:15:56.880 0 0 E msm_ext_disp_update_audio_ops: Display not found (EXT_DISPLAY_TYPE_DP) ctld (0) stream (0)
01-01 08:15:56.890 0 0 E msm_ext_disp_update_audio_ops: Display not found (EXT_DISPLAY_TYPE_DP) ctld (0) stream (0)
01-01 08:15:56.900 0 0 E msm_ext_disp_update_audio_ops: Display not found (EXT_DISPLAY_TYPE_DP) ctld (0) stream (0)
01-01 08:15:56.910 0 0 E msm-ext-disp-audio-codec-rx soc: qcom,msm-ext-disp:qcom,msm-ext-disp-audio-codec-rx: msm_ext_disp_audio_type_get: get_audio_edid_blk() or get_intf_id is NULL
01-01 08:15:56.926 0 0 E msm_ext_disp_update_audio_ops: Display not found (EXT_DISPLAY_TYPE_DP) ctld (0) stream (0)
01-01 08:15:56.935 0 0 E msm-ext-disp-audio-codec-rx soc: qcom,msm-ext-disp:qcom,msm-ext-disp-audio-codec-rx: msm_ext_disp_audio_type_get: get_audio_edid_blk() or get_intf_id is NULL
01-01 08:15:56.951 0 0 E msm_ext_disp_update_audio_ops: Display not found (EXT_DISPLAY_TYPE_DP) ctld (0) stream (0)
01-01 08:15:56.961 0 0 E msm-ext-disp-audio-codec-rx soc: qcom,msm-ext-disp:qcom,msm-ext-disp-audio-codec-rx: msm_ext_disp_audio_type_get: get_audio_edid_blk() or get_intf_id is NULL
01-01 08:15:56.978 0 0 E msm-ext-disp-audio-codec-rx soc: qcom,msm-ext-disp:qcom,msm-ext-disp-audio-codec-rx: msm_ext_disp_audio_device_get: invalid dai id: 4
01-01 08:15:57.040 0 0 E : msm_pcm_volume_ctl_get substream not found
01-01 08:15:57.405 0 0 E : msm_qti_pp_get_rms_value_control, back not active to query rms be_idx:3
01-01 08:15:57.426 0 0 I core_get_license_status: cmdrsp_license_result.result = 0x15 for module 0x131ff
01-01 08:15:57.427 0 0 E msm_ext_disp_update_audio_ops: Display not found (EXT_DISPLAY_TYPE_DP) ctld (0) stream (0)
01-01 08:15:57.436 0 0 E msm_ext_disp_update_audio_ops: Display not found (EXT_DISPLAY_TYPE_HDMI) ctld (0) stream (0)
01-01 08:15:57.444 0 0 D : mv2112_read_status
01-01 08:15:57.446 0 0 D mv2112_update_link: 3.0x901(1G): 0x80
01-01 08:15:57.446 0 0 E msm_ext_disp_update_audio_ops: Display not found (EXT_DISPLAY_TYPE_DP) ctld (0) stream (0)
01-01 08:15:57.447 0 0 D mv2112_update_link: 3.0x8109(100M): 0x0
01-01 08:15:57.456 0 0 E msm_ext_disp_update_audio_ops: Display not found (EXT_DISPLAY_TYPE_DP) ctld (0) stream (0)
01-01 08:15:57.466 0 0 E msm_ext_disp_update_audio_ops: Display not found (EXT_DISPLAY_TYPE_DP) ctld (0) stream (0)
01-01 08:15:57.475 0 0 D mv2112_update_link: link 0x0
01-01 08:15:57.476 0 0 D mv2112_read_status: autoneg is disabled
01-01 08:15:57.476 0 0 E msm-ext-disp-audio-codec-rx soc: qcom,msm-ext-disp:qcom,msm-ext-disp-audio-codec-rx: msm_ext_disp_audio_type_get: get_audio_edid_blk() or get_intf_id is NULL
01-01 08:15:57.492 0 0 E msm_ext_disp_update_audio_ops: Display not found (EXT_DISPLAY_TYPE_DP) ctld (0) stream (0)
01-01 08:15:57.502 0 0 E msm-ext-disp-audio-codec-rx soc: qcom,msm-ext-disp:qcom,msm-ext-disp-audio-codec-rx: msm_ext_disp_audio_type_get: get_audio_edid_blk() or get_intf_id is NULL
01-01 08:15:57.518 0 0 E msm_ext_disp_update_audio_ops: Display not found (EXT_DISPLAY_TYPE_DP) ctld (0) stream (0)
01-01 08:15:57.527 0 0 E msm-ext-disp-audio-codec-rx soc: qcom,msm-ext-disp:qcom,msm-ext-disp-audio-codec-rx: msm_ext_disp_audio_type_get: get_audio_edid_blk() or get_intf_id is NULL
01-01 08:15:57.544 0 0 E msm-ext-disp-audio-codec-rx soc: qcom,msm-ext-disp:qcom,msm-ext-disp-audio-codec-rx: msm_ext_disp_audio_device_get: invalid dai id: 4
01-01 08:15:57.581 0 0 I binder : 26905:26905 ioctl 40046210 7fea0fa554 returned -22
01-01 08:15:57.606 0 0 E : msm_pcm_volume_ctl_get substream not found
01-01 08:15:57.710 0 0 I binder : 26911:26911 ioctl 40046210 7fcf1a13c4 returned -22
01-01 08:15:57.714 0 0 I binder : 26911:26911 ioctl 40046210 7fcf1a15d4 returned -22
01-01 08:15:57.883 0 0 I binder : 26905:26905 ioctl 40046210 7fea0f9c54 returned -22
01-01 08:15:58.071 26905 26905 E AndroidRuntime: *** FATAL EXCEPTION IN SYSTEM PROCESS: main
01-01 08:15:58.071 26905 26905 E AndroidRuntime: java.lang.NullPointerException: Attempt to read from field 'java.lang.String com.android.server.pm.Settings$VersionInfo.fingerprint' on a null object reference
01-01 08:15:58.071 26905 26905 E AndroidRuntime: at com.android.server.pm.PackageManagerService.(PackageManagerService.java:7608)
01-01 08:15:58.071 26905 26905 E AndroidRuntime: at com.android.server.pm.PackageManagerService.main(PackageManagerService.java:7116)
01-01 08:15:58.071 26905 26905 E AndroidRuntime: at com.android.server.SystemServer.startBootstrapServices(SystemServer.java:1168)
01-01 08:15:58.071 26905 26905 E AndroidRuntime: at com.android.server.SystemServer.run(SystemServer.java:882)
01-01 08:15:58.071 26905 26905 E AndroidRuntime: at com.android.server.SystemServer.main(SystemServer.java:615)
01-01 08:15:58.071 26905 26905 E AndroidRuntime: at java.lang.reflect.Method.invoke(Native Method)
01-01 08:15:58.071 26905 26905 E AndroidRuntime: at com.android.internal.os.RuntimeInit$MethodAndArgsCaller.run(RuntimeInit.java:548)
01-01 08:15:58.071 26905 26905 E AndroidRuntime: at com.android.internal.os.ZygoteInit.main(ZygoteInit.java:987)
01-01 08:15:58.072 26905 26905 E AndroidRuntime: Error reporting crash
01-01 08:15:58.072 26905 26905 E AndroidRuntime: java.lang.NullPointerException: Attempt to invoke interface method 'void android.app.IActivityManager.handleApplicationCrash(android.os.IBinder, android.app.ApplicationErrorReport$ParcelableCrashInfo)' on a null object reference
01-01 08:15:58.072 26905 26905 E AndroidRuntime: at com.android.internal.os.RuntimeInit$KillApplicationHandler.uncaughtException(RuntimeInit.java:156)
01-01 08:15:58.072 26905 26905 E AndroidRuntime: at java.lang.ThreadGroup.uncaughtException(ThreadGroup.java:1073)
01-01 08:15:58.072 26905 26905 E AndroidRuntime: at java.lang.ThreadGroup.uncaughtException(ThreadGroup.java:1068)
01-01 08:15:58.072 26905 26905 E AndroidRuntime: at java.lang.Thread.dispatchUncaughtException(Thread.java:2200)
01-01 08:15:58.218 0 0 I binder : 26982:26982 ioctl 40046210 7fe1fc9934 returned -22
01-01 08:15:58.218 0 0 D ProcessState: Binder ioctl to enable oneway spam detection failed: Invalid argument
01-01 08:15:58.220 0 0 D vdc : Waited 0ms for vold
01-01 08:15:58.500 0 0 D : mv2112_read_status
01-01 08:15:58.501 0 0 D mv2112_update_link: 3.0x901(1G): 0x80
01-01 08:15:58.501 0 0 D mv2112_update_link: 3.0x8109(100M): 0x0
01-01 08:15:58.501 0 0 D mv2112_update_link: link 0x0
01-01 08:15:58.501 0 0 D mv2112_read_status: autoneg is disabled
01-01 08:15:58.993 0 0 I binder : 26988:26988 ioctl 40046210 7fc05c1794 returned -22
01-01 08:15:58.994 0 0 I binder : 26988:26988 ioctl 40046210 7fc05c1714 returned -22
01-01 08:15:59.183 0 0 I binder : 26987:26987 ioctl 40046210 ffdc6ef8 returned -22
01-01 08:15:59.185 0 0 I binder : 26987:26987 ioctl 40046210 ffdc6ee0 returned -22
01-01 08:15:59.524 0 0 D : mv2112_read_status
