01-01 08:16:49.701 0 0 D mv2112_update_link: 3.0x8109(100M): 0x0
01-01 08:16:49.701 0 0 D mv2112_update_link: link 0x0
01-01 08:16:49.701 0 0 D mv2112_read_status: autoneg is disabled
01-01 08:16:50.612 0 0 E init : Control message: Could not find 'android.frameworks.sensorservice@1.0::ISensorManager/default' for ctl.interface_start from pid: 517 (/system/bin/hwservicemanager)
01-01 08:16:50.638 0 0 E init : Control message: Could not find 'android.frameworks.sensorservice@1.0::ISensorManager/default' for ctl.interface_start from pid: 517 (/system/bin/hwservicemanager)
01-01 08:16:50.724 0 0 D : mv2112_read_status
01-01 08:16:50.725 0 0 D mv2112_update_link: 3.0x901(1G): 0x80
01-01 08:16:50.725 0 0 D mv2112_update_link: 3.0x8109(100M): 0x0
01-01 08:16:50.725 0 0 D mv2112_update_link: link 0x0
01-01 08:16:50.725 0 0 D mv2112_read_status: autoneg is disabled
01-01 08:16:51.032 0 0 I init : starting service 'qvrd_vndr'...
01-01 08:16:51.033 0 0 I init : Created socket '/dev/socket/qvrservice_vndr', mode 660, user 1000, group 1000
01-01 08:16:51.033 0 0 I init : Created socket '/dev/socket/qvrservice_vndr_camera', mode 660, user 1000, group 1000
01-01 08:16:51.044 0 0 I init : starting service 'sxrd'...
01-01 08:16:51.055 0 0 I init : starting service 'vendor.audio-hal'...
01-01 08:16:51.050 28379 28379 F linker : CANNOT LINK EXECUTABLE "/vendor/bin/hw/qvrservice": library "vendor.qti.hardware.qxr-V1-ndk_platform.so" not found: needed by /vendor/lib64/libqvrservice.so in namespace (default)
01-01 08:16:51.055 28380 28380 F linker : CANNOT LINK EXECUTABLE "/vendor/bin/hw/sxrservice": library "vendor.qti.hardware.qxr-V1-ndk_platform.so" not found: needed by main executable
01-01 08:16:51.066 0 0 I init : Service 'qvrd_vndr' (pid 28379) exited with status 1
01-01 08:16:51.066 0 0 I init : Sending signal 9 to service 'qvrd_vndr' (pid 28379) process group...
01-01 08:16:51.066 0 0 I libprocessgroup: Successfully killed process cgroup uid 1000 pid 28379 in 0ms
01-01 08:16:51.435 0 0 I binder : 28388:28388 ioctl 40046210 7fcba11454 returned -22
01-01 08:16:51.436 0 0 I binder : 28388:28388 ioctl 40046210 7fcba11474 returned -22
01-01 08:16:51.748 0 0 D : mv2112_read_status
01-01 08:16:51.749 0 0 D mv2112_update_link: 3.0x901(1G): 0x80
01-01 08:16:51.749 0 0 D mv2112_update_link: 3.0x8109(100M): 0x0
01-01 08:16:51.749 0 0 D mv2112_update_link: link 0x0
01-01 08:16:51.749 0 0 D mv2112_read_status: autoneg is disabled
01-01 08:16:51.909 0 0 E : msm_qti_pp_get_rms_value_control, back not active to query rms be_idx:3
01-01 08:16:51.930 0 0 I core_get_license_status: cmdrsp_license_result.result = 0x15 for module 0x131ff
01-01 08:16:51.931 0 0 E msm_ext_disp_update_audio_ops: Display not found (EXT_DISPLAY_TYPE_DP) ctld (0) stream (0)
01-01 08:16:51.941 0 0 E msm_ext_disp_update_audio_ops: Display not found (EXT_DISPLAY_TYPE_HDMI) ctld (0) stream (0)
01-01 08:16:51.951 0 0 E msm_ext_disp_update_audio_ops: Display not found (EXT_DISPLAY_TYPE_DP) ctld (0) stream (0)
01-01 08:16:51.961 0 0 E msm_ext_disp_update_audio_ops: Display not found (EXT_DISPLAY_TYPE_DP) ctld (0) stream (0)
01-01 08:16:51.971 0 0 E msm_ext_disp_update_audio_ops: Display not found (EXT_DISPLAY_TYPE_DP) ctld (0) stream (0)
01-01 08:16:51.982 0 0 E msm-ext-disp-audio-codec-rx soc: qcom,msm-ext-disp:qcom,msm-ext-disp-audio-codec-rx: msm_ext_disp_audio_type_get: get_audio_edid_blk() or get_intf_id is NULL
01-01 08:16:51.998 0 0 E msm_ext_disp_update_audio_ops: Display not found (EXT_DISPLAY_TYPE_DP) ctld (0) stream (0)
01-01 08:16:52.008 0 0 E msm-ext-disp-audio-codec-rx soc: qcom,msm-ext-disp:qcom,msm-ext-disp-audio-codec-rx: msm_ext_disp_audio_type_get: get_audio_edid_blk() or get_intf_id is NULL
01-01 08:16:52.024 0 0 E msm_ext_disp_update_audio_ops: Display not found (EXT_DISPLAY_TYPE_DP) ctld (0) stream (0)
01-01 08:16:52.033 0 0 E msm-ext-disp-audio-codec-rx soc: qcom,msm-ext-disp:qcom,msm-ext-disp-audio-codec-rx: msm_ext_disp_audio_type_get: get_audio_edid_blk() or get_intf_id is NULL
01-01 08:16:52.051 0 0 E msm-ext-disp-audio-codec-rx soc: qcom,msm-ext-disp:qcom,msm-ext-disp-audio-codec-rx: msm_ext_disp_audio_device_get: invalid dai id: 4
01-01 08:16:52.128 0 0 E : msm_pcm_volume_ctl_get substream not found
01-01 08:16:52.514 0 0 E : msm_qti_pp_get_rms_value_control, back not active to query rms be_idx:3
01-01 08:16:52.534 0 0 I core_get_license_status: cmdrsp_license_result.result = 0x15 for module 0x131ff
01-01 08:16:52.535 0 0 E msm_ext_disp_update_audio_ops: Display not found (EXT_DISPLAY_TYPE_DP) ctld (0) stream (0)
01-01 08:16:52.544 0 0 E msm_ext_disp_update_audio_ops: Display not found (EXT_DISPLAY_TYPE_HDMI) ctld (0) stream (0)
01-01 08:16:52.554 0 0 E msm_ext_disp_update_audio_ops: Display not found (EXT_DISPLAY_TYPE_DP) ctld (0) stream (0)
01-01 08:16:52.564 0 0 E msm_ext_disp_update_audio_ops: Display not found (EXT_DISPLAY_TYPE_DP) ctld (0) stream (0)
01-01 08:16:52.575 0 0 E msm_ext_disp_update_audio_ops: Display not found (EXT_DISPLAY_TYPE_DP) ctld (0) stream (0)
01-01 08:16:52.584 0 0 E msm-ext-disp-audio-codec-rx soc: qcom,msm-ext-disp:qcom,msm-ext-disp-audio-codec-rx: msm_ext_disp_audio_type_get: get_audio_edid_blk() or get_intf_id is NULL
01-01 08:16:52.600 0 0 E msm_ext_disp_update_audio_ops: Display not found (EXT_DISPLAY_TYPE_DP) ctld (0) stream (0)
01-01 08:16:52.610 0 0 E msm-ext-disp-audio-codec-rx soc: qcom,msm-ext-disp:qcom,msm-ext-disp-audio-codec-rx: msm_ext_disp_audio_type_get: get_audio_edid_blk() or get_intf_id is NULL
01-01 08:16:52.626 0 0 E msm_ext_disp_update_audio_ops: Display not found (EXT_DISPLAY_TYPE_DP) ctld (0) stream (0)
01-01 08:16:52.636 0 0 E msm-ext-disp-audio-codec-rx soc: qcom,msm-ext-disp:qcom,msm-ext-disp-audio-codec-rx: msm_ext_disp_audio_type_get: get_audio_edid_blk() or get_intf_id is NULL
01-01 08:16:52.653 0 0 E msm-ext-disp-audio-codec-rx soc: qcom,msm-ext-disp:qcom,msm-ext-disp-audio-codec-rx: msm_ext_disp_audio_device_get: invalid dai id: 4
01-01 08:16:52.715 0 0 E : msm_pcm_volume_ctl_get substream not found
01-01 08:16:52.772 0 0 D : mv2112_read_status
01-01 08:16:52.773 0 0 D mv2112_update_link: 3.0x901(1G): 0x80
01-01 08:16:52.773 0 0 D mv2112_update_link: 3.0x8109(100M): 0x0
01-01 08:16:52.773 0 0 D mv2112_update_link: link 0x0
01-01 08:16:52.773 0 0 D mv2112_read_status: autoneg is disabled
01-01 08:16:52.785 0 0 I binder : 28417:28417 ioctl 40046210 7fc417b0b4 returned -22
01-01 08:16:52.873 0 0 I binder : 28416:28416 ioctl 40046210 7ffc7b56e4 returned -22
01-01 08:16:52.877 0 0 I binder : 28416:28416 ioctl 40046210 7ffc7b58f4 returned -22
01-01 08:16:53.100 0 0 I binder : 28417:28417 ioctl 40046210 7fc417a7b4 returned -22
01-01 08:16:53.284 28417 28417 E AndroidRuntime: *** FATAL EXCEPTION IN SYSTEM PROCESS: main
01-01 08:16:53.284 28417 28417 E AndroidRuntime: java.lang.NullPointerException: Attempt to read from field 'java.lang.String com.android.server.pm.Settings$VersionInfo.fingerprint' on a null object reference
01-01 08:16:53.284 28417 28417 E AndroidRuntime: at com.android.server.pm.PackageManagerService.(PackageManagerService.java:7608)
01-01 08:16:53.284 28417 28417 E AndroidRuntime: at com.android.server.pm.PackageManagerService.main(PackageManagerService.java:7116)
01-01 08:16:53.284 28417 28417 E AndroidRuntime: at com.android.server.SystemServer.startBootstrapServices(SystemServer.java:1168)
01-01 08:16:53.284 28417 28417 E AndroidRuntime: at com.android.server.SystemServer.run(SystemServer.java:882)
01-01 08:16:53.284 28417 28417 E AndroidRuntime: at com.android.server.SystemServer.main(SystemServer.java:615)
01-01 08:16:53.284 28417 28417 E AndroidRuntime: at java.lang.reflect.Method.invoke(Native Method)
01-01 08:16:53.284 28417 28417 E AndroidRuntime: at com.android.internal.os.RuntimeInit$MethodAndArgsCaller.run(RuntimeInit.java:548)
01-01 08:16:53.284 28417 28417 E AndroidRuntime: at com.android.internal.os.ZygoteInit.main(ZygoteInit.java:987)
01-01 08:16:53.285 28417 28417 E AndroidRuntime: Error reporting crash
01-01 08:16:53.285 28417 28417 E AndroidRuntime: java.lang.NullPointerException: Attempt to invoke interface method 'void android.app.IActivityManager.handleApplicationCrash(android.os.IBinder, android.app.ApplicationErrorReport$ParcelableCrashInfo)' on a null object reference
01-01 08:16:53.285 28417 28417 E AndroidRuntime: at com.android.internal.os.RuntimeInit$KillApplicationHandler.uncaughtException(RuntimeInit.java:156)
01-01 08:16:53.285 28417 28417 E AndroidRuntime: at java.lang.ThreadGroup.uncaughtException(ThreadGroup.java:1073)
01-01 08:16:53.285 28417 28417 E AndroidRuntime: at java.lang.ThreadGroup.uncaughtException(ThreadGroup.java:1068)
01-01 08:16:53.285 28417 28417 E AndroidRuntime: at java.lang.Thread.dispatchUncaughtException(Thread.java:2200)
01-01 08:16:53.432 0 0 I binder : undelivered TRANSACTION_COMPLETE
01-01 08:16:53.432 0 0 I binder : undelivered transaction 405144, process died.
01-01 08:16:53.432 0 0 I binder : 28502:28502 ioctl 40046210 7ff6bc7c54 returned -22
01-01 08:16:53.432 0 0 D ProcessState: Binder ioctl to enable oneway spam detection failed: Invalid argument
01-01 08:16:53.435 0 0 D vdc : Waited 0ms for vold
01-01 08:16:53.796 0 0 D : mv2112_read_status
01-01 08:16:53.797 0 0 D mv2112_update_link: 3.0x901(1G): 0x80
01-01 08:16:53.797 0 0 D mv2112_update_link: 3.0x8109(100M): 0x0
01-01 08:16:53.797 0 0 D mv2112_update_link: link 0x0
01-01 08:16:53.797 0 0 D mv2112_read_status: autoneg is disabled
01-01 08:16:54.071 0 0 I binder : 28508:28508 ioctl 40046210 7ff64c3364 returned -22
01-01 08:16:54.073 0 0 I binder : 28508:28508 ioctl 40046210 7ff64c32e4 returned -22
01-01 08:16:54.263 0 0 I binder : 28507:28507 ioctl 40046210 ffe9ca38 returned -22
01-01 08:16:54.265 0 0 I binder : 28507:28507 ioctl 40046210 ffe9ca20 returned -22
01-01 08:16:54.641 0 0 I binder : 28506:28506 ioctl 40046210 7fc3460534 returned -22
01-01 08:16:54.643 0 0 I binder : 28506:28506 ioctl 40046210 7fc3460554 returned -22
01-01 08:16:54.820 0 0 D : mv2112_read_status
01-01 08:16:54.821 0 0 D mv2112_update_link: 3.0x901(1G): 0x80
01-01 08:16:54.821 0 0 D mv2112_update_link: 3.0x8109(100M): 0x0
01-01 08:16:54.821 0 0 D mv2112_update_link: link 0x0
01-01 08:16:54.821 0 0 D mv2112_read_status: autoneg is disabled
01-01 08:16:55.618 0 0 E init : Control message: Could not find 'android.frameworks.sensorservice@1.0::ISensorManager/default' for ctl.interface_start from pid: 517 (/system/bin/hwservicemanager)
01-01 08:16:55.647 0 0 E init : Control message: Could not find 'android.frameworks.sensorservice@1.0::ISensorManager/default' for ctl.interface_start from pid: 517 (/system/bin/hwservicemanager)
01-01 08:16:55.844 0 0 D : mv2112_read_status
01-01 08:16:55.845 0 0 D mv2112_update_link: 3.0x901(1G): 0x80
01-01 08:16:55.845 0 0 D mv2112_update_link: 3.0x8109(100M): 0x0
01-01 08:16:55.845 0 0 D mv2112_update_link: link 0x0
01-01 08:16:55.845 0 0 D mv2112_read_status: autoneg is disabled
01-01 08:16:56.041 0 0 I init : starting service 'qvrd_vndr'...
01-01 08:16:56.042 0 0 I init : Created socket '/dev/socket/qvrservice_vndr', mode 660, user 1000, group 1000
01-01 08:16:56.042 0 0 I init : Created socket '/dev/socket/qvrservice_vndr_camera', mode 660, user 1000, group 1000
01-01 08:16:56.052 0 0 I init : starting service 'sxrd'...
01-01 08:16:56.062 0 0 I init : starting service 'vendor.audio-hal'...
01-01 08:16:56.058 28520 28520 F linker : CANNOT LINK EXECUTABLE "/vendor/bin/hw/qvrservice": library "vendor.qti.hardware.qxr-V1-ndk_platform.so" not found: needed by /vendor/lib64/libqvrservice.so in namespace (default)
01-01 08:16:56.062 28521 28521 F linker : CANNOT LINK EXECUTABLE "/vendor/bin/hw/sxrservice": library "vendor.qti.hardware.qxr-V1-ndk_platform.so" not found: needed by main executable
01-01 08:16:56.071 0 0 I init : Service 'qvrd_vndr' (pid 28520) exited with status 1
01-01 08:16:56.071 0 0 I init : Sending signal 9 to service 'qvrd_vndr' (pid 28520) process group...
01-01 08:16:56.071 0 0 I libprocessgroup: Successfully killed process cgroup uid 1000 pid 28520 in 0ms
01-01 08:16:56.447 0 0 I binder : 28529:28529 ioctl 40046210 7ff2a14e44 returned -22
01-01 08:16:56.447 0 0 I binder : 28529:28529 ioctl 40046210 7ff2a14e64 returned -22
01-01 08:16:56.868 0 0 D : mv2112_read_status
01-01 08:16:56.869 0 0 D mv2112_update_link: 3.0x901(1G): 0x80
01-01 08:16:56.869 0 0 D mv2112_update_link: 3.0x8109(100M): 0x0
01-01 08:16:56.869 0 0 D mv2112_update_link: link 0x0
01-01 08:16:56.869 0 0 D mv2112_read_status: autoneg is disabled
01-01 08:16:56.934 0 0 E : msm_qti_pp_get_rms_value_control, back not active to query rms be_idx:3
01-01 08:16:56.955 0 0 I core_get_license_status: cmdrsp_license_result.result = 0x15 for module 0x131ff
01-01 08:16:56.956 0 0 E msm_ext_disp_update_audio_ops: Display not found (EXT_DISPLAY_TYPE_DP) ctld (0) stream (0)
01-01 08:16:56.966 0 0 E msm_ext_disp_update_audio_ops: Display not found (EXT_DISPLAY_TYPE_HDMI) ctld (0) stream (0)
01-01 08:16:56.976 0 0 E msm_ext_disp_update_audio_ops: Display not found (EXT_DISPLAY_TYPE_DP) ctld (0) stream (0)
01-01 08:16:56.986 0 0 E msm_ext_disp_update_audio_ops: Display not found (EXT_DISPLAY_TYPE_DP) ctld (0) stream (0)
01-01 08:16:56.996 0 0 E msm_ext_disp_update_audio_ops: Display not found (EXT_DISPLAY_TYPE_DP) ctld (0) stream (0)
01-01 08:16:57.006 0 0 E msm-ext-disp-audio-codec-rx soc: qcom,msm-ext-disp:qcom,msm-ext-disp-audio-codec-rx: msm_ext_disp_audio_type_get: get_audio_edid_blk() or get_intf_id is NULL
01-01 08:16:57.022 0 0 E msm_ext_disp_update_audio_ops: Display not found (EXT_DISPLAY_TYPE_DP) ctld (0) stream (0)
01-01 08:16:57.031 0 0 E msm-ext-disp-audio-codec-rx soc: qcom,msm-ext-disp:qcom,msm-ext-disp-audio-codec-rx: msm_ext_disp_audio_type_get: get_audio_edid_blk() or get_intf_id is NULL
01-01 08:16:57.047 0 0 E msm_ext_disp_update_audio_ops: Display not found (EXT_DISPLAY_TYPE_DP) ctld (0) stream (0)
01-01 08:16:57.057 0 0 E msm-ext-disp-audio-codec-rx soc: qcom,msm-ext-disp:qcom,msm-ext-disp-audio-codec-rx: msm_ext_disp_audio_type_get: get_audio_edid_blk() or get_intf_id is NULL
01-01 08:16:57.074 0 0 E msm-ext-disp-audio-codec-rx soc: qcom,msm-ext-disp:qcom,msm-ext-disp-audio-codec-rx: msm_ext_disp_audio_device_get: invalid dai id: 4
01-01 08:16:57.137 0 0 E : msm_pcm_volume_ctl_get substream not found
01-01 08:16:57.528 0 0 E : msm_qti_pp_get_rms_value_control, back not active to query rms be_idx:3
01-01 08:16:57.547 0 0 I core_get_license_status: cmdrsp_license_result.result = 0x15 for module 0x131ff
01-01 08:16:57.548 0 0 E msm_ext_disp_update_audio_ops: Display not found (EXT_DISPLAY_TYPE_DP) ctld (0) stream (0)
01-01 08:16:57.558 0 0 E msm_ext_disp_update_audio_ops: Display not found (EXT_DISPLAY_TYPE_HDMI) ctld (0) stream (0)
01-01 08:16:57.568 0 0 E msm_ext_disp_update_audio_ops: Display not found (EXT_DISPLAY_TYPE_DP) ctld (0) stream (0)
01-01 08:16:57.578 0 0 E msm_ext_disp_update_audio_ops: Display not found (EXT_DISPLAY_TYPE_DP) ctld (0) stream (0)
01-01 08:16:57.588 0 0 E msm_ext_disp_update_audio_ops: Display not found (EXT_DISPLAY_TYPE_DP) ctld (0) stream (0)
01-01 08:16:57.597 0 0 E msm-ext-disp-audio-codec-rx soc: qcom,msm-ext-disp:qcom,msm-ext-disp-audio-codec-rx: msm_ext_disp_audio_type_get: get_audio_edid_blk() or get_intf_id is NULL
01-01 08:16:57.613 0 0 E msm_ext_disp_update_audio_ops: Display not found (EXT_DISPLAY_TYPE_DP) ctld (0) stream (0)
01-01 08:16:57.623 0 0 E msm-ext-disp-audio-codec-rx soc: qcom,msm-ext-disp:qcom,msm-ext-disp-audio-codec-rx: msm_ext_disp_audio_type_get: get_audio_edid_blk() or get_intf_id is NULL
01-01 08:16:57.639 0 0 E msm_ext_disp_update_audio_ops: Display not found (EXT_DISPLAY_TYPE_DP) ctld (0) stream (0)
01-01 08:16:57.649 0 0 E msm-ext-disp-audio-codec-rx soc: qcom,msm-ext-disp:qcom,msm-ext-disp-audio-codec-rx: msm_ext_disp_audio_type_get: get_audio_edid_blk() or get_intf_id is NULL
01-01 08:16:57.665 0 0 E msm-ext-disp-audio-codec-rx soc: qcom,msm-ext-disp:qcom,msm-ext-disp-audio-codec-rx: msm_ext_disp_audio_device_get: invalid dai id: 4
01-01 08:16:57.692 0 0 I binder : 28555:28555 ioctl 40046210 7fc0ecdeb4 returned -22
01-01 08:16:57.725 0 0 E : msm_pcm_volume_ctl_get substream not found
01-01 08:16:57.853 0 0 I binder : 28565:28565 ioctl 40046210 7fe98a9ea4 returned -22
01-01 08:16:57.856 0 0 I binder : 28565:28565 ioctl 40046210 7fe98aa0b4 returned -22
01-01 08:16:57.892 0 0 D : mv2112_read_status
01-01 08:16:57.893 0 0 D mv2112_update_link: 3.0x901(1G): 0x80
01-01 08:16:57.893 0 0 D mv2112_update_link: 3.0x8109(100M): 0x0
01-01 08:16:57.893 0 0 D mv2112_update_link: link 0x0
01-01 08:16:57.893 0 0 D mv2112_read_status: autoneg is disabled
01-01 08:16:57.996 0 0 I binder : 28555:28555 ioctl 40046210 7fc0ecd5b4 returned -22
01-01 08:16:58.183 28555 28555 E AndroidRuntime: *** FATAL EXCEPTION IN SYSTEM PROCESS: main
01-01 08:16:58.183 28555 28555 E AndroidRuntime: java.lang.NullPointerException: Attempt to read from field 'java.lang.String com.android.server.pm.Settings$VersionInfo.fingerprint' on a null object reference
01-01 08:16:58.183 28555 28555 E AndroidRuntime: at com.android.server.pm.PackageManagerService.(PackageManagerService.java:7608)
01-01 08:16:58.183 28555 28555 E AndroidRuntime: at com.android.server.pm.PackageManagerService.main(PackageManagerService.java:7116)
01-01 08:16:58.183 28555 28555 E AndroidRuntime: at com.android.server.SystemServer.startBootstrapServices(SystemServer.java:1168)
01-01 08:16:58.183 28555 28555 E AndroidRuntime: at com.android.server.SystemServer.run(SystemServer.java:882)
01-01 08:16:58.183 28555 28555 E AndroidRuntime: at com.android.server.SystemServer.main(SystemServer.java:615)
01-01 08:16:58.183 28555 28555 E AndroidRuntime: at java.lang.reflect.Method.invoke(Native Method)
01-01 08:16:58.183 28555 28555 E AndroidRuntime: at com.android.internal.os.RuntimeInit$MethodAndArgsCaller.run(RuntimeInit.java:548)
01-01 08:16:58.183 28555 28555 E AndroidRuntime: at com.android.internal.os.ZygoteInit.main(ZygoteInit.java:987)
01-01 08:16:58.184 28555 28555 E AndroidRuntime: Error reporting crash
01-01 08:16:58.184 28555 28555 E AndroidRuntime: java.lang.NullPointerException: Attempt to invoke interface method 'void android.app.IActivityManager.handleApplicationCrash(android.os.IBinder, android.app.ApplicationErrorReport$ParcelableCrashInfo)' on a null object reference
01-01 08:16:58.184 28555 28555 E AndroidRuntime: at com.android.internal.os.RuntimeInit$KillApplicationHandler.uncaughtException(RuntimeInit.java:156)
01-01 08:16:58.184 28555 28555 E AndroidRuntime: at java.lang.ThreadGroup.uncaughtException(ThreadGroup.java:1073)
01-01 08:16:58.184 28555 28555 E AndroidRuntime: at java.lang.ThreadGroup.uncaughtException(ThreadGroup.java:1068)
01-01 08:16:58.184 28555 28555 E AndroidRuntime: at java.lang.Thread.dispatchUncaughtException(Thread.java:2200)
01-01 08:16:58.335 0 0 I binder : 28632:28632 ioctl 40046210 7fc67bc994 returned -22
01-01 08:16:58.335 0 0 D ProcessState: Binder ioctl to enable oneway spam detection failed: Invalid argument
01-01 08:16:58.336 0 0 D vdc : Waited 0ms for vold
01-01 08:16:58.916 0 0 D : mv2112_read_status
01-01 08:16:58.917 0 0 D mv2112_update_link: 3.0x901(1G): 0x80
01-01 08:16:58.917 0 0 D mv2112_update_link: 3.0x8109(100M): 0x0
01-01 08:16:58.917 0 0 D mv2112_update_link: link 0x0
01-01 08:16:58.917 0 0 D mv2112_read_status: autoneg is disabled
01-01 08:16:59.079 0 0 I binder : 28637:28637 ioctl 40046210 7ff42fc864 returned -22
01-01 08:16:59.081 0 0 I binder : 28637:28637 ioctl 40046210 7ff42fc7e4 returned -22
01-01 08:16:59.264 0 0 I binder : 28636:28636 ioctl 40046210 ffbf6c38 returned -22
01-01 08:16:59.266 0 0 I binder : 28636:28636 ioctl 40046210 ffbf6c20 returned -22
01-01 08:16:59.646 0 0 I binder : 28635:28635 ioctl 40046210 7fd587dd74 returned -22
01-01 08:16:59.648 0 0 I binder : 28635:28635 ioctl 40046210 7fd587dd94 returned -22
01-01 08:16:59.940 0 0 D : mv2112_read_status
01-01 08:16:59.941 0 0 D mv2112_update_link: 3.0x901(1G): 0x80
01-01 08:16:59.941 0 0 D mv2112_update_link: 3.0x8109(100M): 0x0
01-01 08:16:59.941 0 0 D mv2112_update_link: link 0x0
01-01 08:16:59.941 0 0 D mv2112_read_status: autoneg is disabled
01-01 08:17:00.624 0 0 E init : Control message: Could not find 'android.frameworks.sensorservice@1.0::ISensorManager/default' for ctl.interface_start from pid: 517 (/system/bin/hwservicemanager)
01-01 08:17:00.652 0 0 E init : Control message: Could not find 'android.frameworks.sensorservice@1.0::ISensorManager/default' for ctl.interface_start from pid: 517 (/system/bin/hwservicemanager)
01-01 08:17:00.964 0 0 D : mv2112_read_status
01-01 08:17:00.965 0 0 D mv2112_update_link: 3.0x901(1G): 0x80
01-01 08:17:00.965 0 0 D mv2112_update_link: 3.0x8109(100M): 0x0
01-01 08:17:00.965 0 0 D mv2112_update_link: link 0x0
01-01 08:17:00.965 0 0 D mv2112_read_status: autoneg is disabled
01-01 08:17:01.049 0 0 I init : starting service 'qvrd_vndr'...
01-01 08:17:01.050 0 0 I init : Created socket '/dev/socket/qvrservice_vndr', mode 660, user 1000, group 1000
01-01 08:17:01.051 0 0 I init : Created socket '/dev/socket/qvrservice_vndr_camera', mode 660, user 1000, group 1000
01-01 08:17:01.061 0 0 I init : starting service 'sxrd'...
01-01 08:17:01.072 0 0 I init : starting service 'vendor.audio-hal'...
01-01 08:17:01.067 28649 28649 F linker : CANNOT LINK EXECUTABLE "/vendor/bin/hw/qvrservice": library "vendor.qti.hardware.qxr-V1-ndk_platform.so" not found: needed by /vendor/lib64/libqvrservice.so in namespace (default)
01-01 08:17:01.072 28650 28650 F linker : CANNOT LINK EXECUTABLE "/vendor/bin/hw/sxrservice": library "vendor.qti.hardware.qxr-V1-ndk_platform.so" not found: needed by main executable
01-01 08:17:01.082 0 0 I init : Service 'qvrd_vndr' (pid 28649) exited with status 1
01-01 08:17:01.082 0 0 I init : Sending signal 9 to service 'qvrd_vndr' (pid 28649) process group...
01-01 08:17:01.082 0 0 I libprocessgroup: Successfully killed process cgroup uid 1000 pid 28649 in 0ms
01-01 08:17:01.454 0 0 I binder : 28658:28658 ioctl 40046210 7fc637d664 returned -22
01-01 08:17:01.454 0 0 I binder : 28658:28658 ioctl 40046210 7fc637d684 returned -22
01-01 08:17:01.929 0 0 E : msm_qti_pp_get_rms_value_control, back not active to query rms be_idx:3
01-01 08:17:01.953 0 0 I core_get_license_status: cmdrsp_license_result.result = 0x15 for module 0x131ff
01-01 08:17:01.955 0 0 E msm_ext_disp_update_audio_ops: Display not found (EXT_DISPLAY_TYPE_DP) ctld (0) stream (0)
01-01 08:17:01.966 0 0 E msm_ext_disp_update_audio_ops: Display not found (EXT_DISPLAY_TYPE_HDMI) ctld (0) stream (0)
01-01 08:17:01.976 0 0 E msm_ext_disp_update_audio_ops: Display not found (EXT_DISPLAY_TYPE_DP) ctld (0) stream (0)
01-01 08:17:01.986 0 0 E msm_ext_disp_update_audio_ops: Display not found (EXT_DISPLAY_TYPE_DP) ctld (0) stream (0)
01-01 08:17:01.988 0 0 D : mv2112_read_status
01-01 08:17:01.997 0 0 E msm_ext_disp_update_audio_ops: Display not found (EXT_DISPLAY_TYPE_DP) ctld (0) stream (0)
01-01 08:17:02.005 0 0 D mv2112_update_link: 3.0x901(1G): 0x80
01-01 08:17:02.007 0 0 E msm-ext-disp-audio-codec-rx soc: qcom,msm-ext-disp:qcom,msm-ext-disp-audio-codec-rx: msm_ext_disp_audio_type_get: get_audio_edid_blk() or get_intf_id is NULL
01-01 08:17:02.007 0 0 D mv2112_update_link: 3.0x8109(100M): 0x0
01-01 08:17:02.024 0 0 E msm_ext_disp_update_audio_ops: Display not found (EXT_DISPLAY_TYPE_DP) ctld (0) stream (0)
01-01 08:17:02.025 0 0 D mv2112_update_link: link 0x0
01-01 08:17:02.034 0 0 E msm-ext-disp-audio-codec-rx soc: qcom,msm-ext-disp:qcom,msm-ext-disp-audio-codec-rx: msm_ext_disp_audio_type_get: get_audio_edid_blk() or get_intf_id is NULL
01-01 08:17:02.034 0 0 D mv2112_read_status: autoneg is disabled
01-01 08:17:02.050 0 0 E msm_ext_disp_update_audio_ops: Display not found (EXT_DISPLAY_TYPE_DP) ctld (0) stream (0)
01-01 08:17:02.060 0 0 E msm-ext-disp-audio-codec-rx soc: qcom,msm-ext-disp:qcom,msm-ext-disp-audio-codec-rx: msm_ext_disp_audio_type_get: get_audio_edid_blk() or get_intf_id is NULL
01-01 08:17:02.077 0 0 E msm-ext-disp-audio-codec-rx soc: qcom,msm-ext-disp:qcom,msm-ext-disp-audio-codec-rx: msm_ext_disp_audio_device_get: invalid dai id: 4
01-01 08:17:02.145 0 0 E : msm_pcm_volume_ctl_get substream not found
01-01 08:17:02.507 0 0 E : msm_qti_pp_get_rms_value_control, back not active to query rms be_idx:3
01-01 08:17:02.527 0 0 I core_get_license_status: cmdrsp_license_result.result = 0x15 for module 0x131ff
01-01 08:17:02.527 0 0 E msm_ext_disp_update_audio_ops: Display not found (EXT_DISPLAY_TYPE_DP) ctld (0) stream (0)
01-01 08:17:02.537 0 0 E msm_ext_disp_update_audio_ops: Display not found (EXT_DISPLAY_TYPE_HDMI) ctld (0) stream (0)
01-01 08:17:02.547 0 0 E msm_ext_disp_update_audio_ops: Display not found (EXT_DISPLAY_TYPE_DP) ctld (0) stream (0)
01-01 08:17:02.557 0 0 E msm_ext_disp_update_audio_ops: Display not found (EXT_DISPLAY_TYPE_DP) ctld (0) stream (0)
01-01 08:17:02.567 0 0 E msm_ext_disp_update_audio_ops: Display not found (EXT_DISPLAY_TYPE_DP) ctld (0) stream (0)
01-01 08:17:02.577 0 0 E msm-ext-disp-audio-codec-rx soc: qcom,msm-ext-disp:qcom,msm-ext-disp-audio-codec-rx: msm_ext_disp_audio_type_get: get_audio_edid_blk() or get_intf_id is NULL
01-01 08:17:02.593 0 0 E msm_ext_disp_update_audio_ops: Display not found (EXT_DISPLAY_TYPE_DP) ctld (0) stream (0)
01-01 08:17:02.603 0 0 E msm-ext-disp-audio-codec-rx soc: qcom,msm-ext-disp:qcom,msm-ext-disp-audio-codec-rx: msm_ext_disp_audio_type_get: get_audio_edid_blk() or get_intf_id is NULL
01-01 08:17:02.619 0 0 E msm_ext_disp_update_audio_ops: Display not found (EXT_DISPLAY_TYPE_DP) ctld (0) stream (0)
01-01 08:17:02.628 0 0 E msm-ext-disp-audio-codec-rx soc: qcom,msm-ext-disp:qcom,msm-ext-disp-audio-codec-rx: msm_ext_disp_audio_type_get: get_audio_edid_blk() or get_intf_id is NULL
01-01 08:17:02.645 0 0 E msm-ext-disp-audio-codec-rx soc: qcom,msm-ext-disp:qcom,msm-ext-disp-audio-codec-rx: msm_ext_disp_audio_device_get: invalid dai id: 4
01-01 08:17:02.704 0 0 E : msm_pcm_volume_ctl_get substream not found
01-01 08:17:02.711 0 0 I binder : 28684:28684 ioctl 40046210 7fdb8006f4 returned -22
01-01 08:17:02.889 0 0 I binder : 28692:28692 ioctl 40046210 7ffad76824 returned -22
01-01 08:17:02.892 0 0 I binder : 28692:28692 ioctl 40046210 7ffad76a34 returned -22
01-01 08:17:03.022 0 0 I binder : 28684:28684 ioctl 40046210 7fdb7ffdf4 returned -22
01-01 08:17:03.076 0 0 D : mv2112_read_status
01-01 08:17:03.077 0 0 D mv2112_update_link: 3.0x901(1G): 0x80
01-01 08:17:03.077 0 0 D mv2112_update_link: 3.0x8109(100M): 0x0
01-01 08:17:03.077 0 0 D mv2112_update_link: link 0x0
01-01 08:17:03.077 0 0 D mv2112_read_status: autoneg is disabled
01-01 08:17:03.207 28684 28684 E AndroidRuntime: *** FATAL EXCEPTION IN SYSTEM PROCESS: main
01-01 08:17:03.207 28684 28684 E AndroidRuntime: java.lang.NullPointerException: Attempt to read from field 'java.lang.String com.android.server.pm.Settings$VersionInfo.fingerprint' on a null object reference
01-01 08:17:03.207 28684 28684 E AndroidRuntime: at com.android.server.pm.PackageManagerService.(PackageManagerService.java:7608)
01-01 08:17:03.207 28684 28684 E AndroidRuntime: at com.android.server.pm.PackageManagerService.main(PackageManagerService.java:7116)
01-01 08:17:03.207 28684 28684 E AndroidRuntime: at com.android.server.SystemServer.startBootstrapServices(SystemServer.java:1168)
01-01 08:17:03.207 28684 28684 E AndroidRuntime: at com.android.server.SystemServer.run(SystemServer.java:882)
01-01 08:17:03.207 28684 28684 E AndroidRuntime: at com.android.server.SystemServer.main(SystemServer.java:615)
01-01 08:17:03.207 28684 28684 E AndroidRuntime: at java.lang.reflect.Method.invoke(Native Method)
01-01 08:17:03.207 28684 28684 E AndroidRuntime: at com.android.internal.os.RuntimeInit$MethodAndArgsCaller.run(RuntimeInit.java:548)
01-01 08:17:03.207 28684 28684 E AndroidRuntime: at com.android.internal.os.ZygoteInit.main(ZygoteInit.java:987)
01-01 08:17:03.207 28684 28684 E AndroidRuntime: Error reporting crash
01-01 08:17:03.207 28684 28684 E AndroidRuntime: java.lang.NullPointerException: Attempt to invoke interface method 'void android.app.IActivityManager.handleApplicationCrash(android.os.IBinder, android.app.ApplicationErrorReport$ParcelableCrashInfo)' on a null object reference
01-01 08:17:03.207 28684 28684 E AndroidRuntime: at com.android.internal.os.RuntimeInit$KillApplicationHandler.uncaughtException(RuntimeInit.java:156)
01-01 08:17:03.207 28684 28684 E AndroidRuntime: at java.lang.ThreadGroup.uncaughtException(ThreadGroup.java:1073)
01-01 08:17:03.207 28684 28684 E AndroidRuntime: at java.lang.ThreadGroup.uncaughtException(ThreadGroup.java:1068)
01-01 08:17:03.207 28684 28684 E AndroidRuntime: at java.lang.Thread.dispatchUncaughtException(Thread.java:2200)
01-01 08:17:03.354 0 0 I binder : 28772:28772 ioctl 40046210 7fc92b8ef4 returned -22
01-01 08:17:03.354 0 0 D ProcessState: Binder ioctl to enable oneway spam detection failed: Invalid argument
01-01 08:17:03.355 0 0 D vdc : Waited 0ms for vold
01-01 08:17:04.091 0 0 I binder : 28778:28778 ioctl 40046210 7fdf352fd4 returned -22
01-01 08:17:04.092 0 0 I binder : 28778:28778 ioctl 40046210 7fdf352f54 returned -22
01-01 08:17:04.100 0 0 D : mv2112_read_status
01-01 08:17:04.101 0 0 D mv2112_update_link: 3.0x901(1G): 0x80
01-01 08:17:04.101 0 0 D mv2112_update_link: 3.0x8109(100M): 0x0
01-01 08:17:04.101 0 0 D mv2112_update_link: link 0x0
01-01 08:17:04.101 0 0 D mv2112_read_status: autoneg is disabled
01-01 08:17:04.279 0 0 I binder : 28777:28777 ioctl 40046210 ffc32eb8 returned -22
01-01 08:17:04.281 0 0 I binder : 28777:28777 ioctl 40046210 ffc32ea0 returned -22
01-01 08:17:04.655 0 0 I binder : 28776:28776 ioctl 40046210 7fe8041434 returned -22
01-01 08:17:04.657 0 0 I binder : 28776:28776 ioctl 40046210 7fe8041454 returned -22
01-01 08:17:05.124 0 0 D : mv2112_read_status
01-01 08:17:05.125 0 0 D mv2112_update_link: 3.0x901(1G): 0x80
01-01 08:17:05.125 0 0 D mv2112_update_link: 3.0x8109(100M): 0x0
01-01 08:17:05.125 0 0 D mv2112_update_link: link 0x0
01-01 08:17:05.125 0 0 D mv2112_read_status: autoneg is disabled
01-01 08:17:05.630 0 0 E init : Control message: Could not find 'android.frameworks.sensorservice@1.0::ISensorManager/default' for ctl.interface_start from pid: 517 (/system/bin/hwservicemanager)
01-01 08:17:05.665 0 0 E init : Control message: Could not find 'android.frameworks.sensorservice@1.0::ISensorManager/default' for ctl.interface_start from pid: 517 (/system/bin/hwservicemanager)
01-01 08:17:06.058 0 0 I init : starting service 'qvrd_vndr'...
01-01 08:17:06.059 0 0 I init : Created socket '/dev/socket/qvrservice_vndr', mode 660, user 1000, group 1000
01-01 08:17:06.060 0 0 I init : Created socket '/dev/socket/qvrservice_vndr_camera', mode 660, user 1000, group 1000
01-01 08:17:06.070 0 0 I init : starting service 'sxrd'...
01-01 08:17:06.081 0 0 I init : starting service 'vendor.audio-hal'...
01-01 08:17:06.077 28790 28790 F linker : CANNOT LINK EXECUTABLE "/vendor/bin/hw/qvrservice": library "vendor.qti.hardware.qxr-V1-ndk_platform.so" not found: needed by /vendor/lib64/libqvrservice.so in namespace (default)
01-01 08:17:06.081 28791 28791 F linker : CANNOT LINK EXECUTABLE "/vendor/bin/hw/sxrservice": library "vendor.qti.hardware.qxr-V1-ndk_platform.so" not found: needed by main executable
01-01 08:17:06.090 0 0 I init : Service 'qvrd_vndr' (pid 28790) exited with status 1
01-01 08:17:06.090 0 0 I init : Sending signal 9 to service 'qvrd_vndr' (pid 28790) process group...
01-01 08:17:06.090 0 0 I libprocessgroup: Successfully killed process cgroup uid 1000 pid 28790 in 0ms
01-01 08:17:06.148 0 0 D : mv2112_read_status
01-01 08:17:06.149 0 0 D mv2112_update_link: 3.0x901(1G): 0x80
01-01 08:17:06.149 0 0 D mv2112_update_link: 3.0x8109(100M): 0x0
01-01 08:17:06.149 0 0 D mv2112_update_link: link 0x0
01-01 08:17:06.149 0 0 D mv2112_read_status: autoneg is disabled
01-01 08:17:06.495 0 0 I binder : 28799:28799 ioctl 40046210 7fe3692f54 returned -22
01-01 08:17:06.495 0 0 I binder : 28799:28799 ioctl 40046210 7fe3692f74 returned -22
01-01 08:17:06.967 0 0 E : msm_qti_pp_get_rms_value_control, back not active to query rms be_idx:3
01-01 08:17:06.987 0 0 I core_get_license_status: cmdrsp_license_result.result = 0x15 for module 0x131ff
01-01 08:17:06.988 0 0 E msm_ext_disp_update_audio_ops: Display not found (EXT_DISPLAY_TYPE_DP) ctld (0) stream (0)
01-01 08:17:06.998 0 0 E msm_ext_disp_update_audio_ops: Display not found (EXT_DISPLAY_TYPE_HDMI) ctld (0) stream (0)
01-01 08:17:07.009 0 0 E msm_ext_disp_update_audio_ops: Display not found (EXT_DISPLAY_TYPE_DP) ctld (0) stream (0)
01-01 08:17:07.019 0 0 E msm_ext_disp_update_audio_ops: Display not found (EXT_DISPLAY_TYPE_DP) ctld (0) stream (0)
01-01 08:17:07.029 0 0 E msm_ext_disp_update_audio_ops: Display not found (EXT_DISPLAY_TYPE_DP) ctld (0) stream (0)
01-01 08:17:07.039 0 0 E msm-ext-disp-audio-codec-rx soc: qcom,msm-ext-disp:qcom,msm-ext-disp-audio-codec-rx: msm_ext_disp_audio_type_get: get_audio_edid_blk() or get_intf_id is NULL
01-01 08:17:07.055 0 0 E msm_ext_disp_update_audio_ops: Display not found (EXT_DISPLAY_TYPE_DP) ctld (0) stream (0)
01-01 08:17:07.064 0 0 E msm-ext-disp-audio-codec-rx soc: qcom,msm-ext-disp:qcom,msm-ext-disp-audio-codec-rx: msm_ext_disp_audio_type_get: get_audio_edid_blk() or get_intf_id is NULL
01-01 08:17:07.080 0 0 E msm_ext_disp_update_audio_ops: Display not found (EXT_DISPLAY_TYPE_DP) ctld (0) stream (0)
01-01 08:17:07.090 0 0 E msm-ext-disp-audio-codec-rx soc: qcom,msm-ext-disp:qcom,msm-ext-disp-audio-codec-rx: msm_ext_disp_audio_type_get: get_audio_edid_blk() or get_intf_id is NULL
01-01 08:17:07.107 0 0 E msm-ext-disp-audio-codec-rx soc: qcom,msm-ext-disp:qcom,msm-ext-disp-audio-codec-rx: msm_ext_disp_audio_device_get: invalid dai id: 4
01-01 08:17:07.174 0 0 E : msm_pcm_volume_ctl_get substream not found
01-01 08:17:07.180 0 0 D : mv2112_read_status
01-01 08:17:07.180 0 0 D mv2112_update_link: 3.0x901(1G): 0x80
01-01 08:17:07.180 0 0 D mv2112_update_link: 3.0x8109(100M): 0x0
01-01 08:17:07.180 0 0 D mv2112_update_link: link 0x0
01-01 08:17:07.180 0 0 D mv2112_read_status: autoneg is disabled
01-01 08:17:07.585 0 0 E : msm_qti_pp_get_rms_value_control, back not active to query rms be_idx:3
01-01 08:17:07.605 0 0 I core_get_license_status: cmdrsp_license_result.result = 0x15 for module 0x131ff
01-01 08:17:07.606 0 0 E msm_ext_disp_update_audio_ops: Display not found (EXT_DISPLAY_TYPE_DP) ctld (0) stream (0)
01-01 08:17:07.616 0 0 E msm_ext_disp_update_audio_ops: Display not found (EXT_DISPLAY_TYPE_HDMI) ctld (0) stream (0)
01-01 08:17:07.626 0 0 E msm_ext_disp_update_audio_ops: Display not found (EXT_DISPLAY_TYPE_DP) ctld (0) stream (0)
01-01 08:17:07.636 0 0 E msm_ext_disp_update_audio_ops: Display not found (EXT_DISPLAY_TYPE_DP) ctld (0) stream (0)
01-01 08:17:07.646 0 0 E msm_ext_disp_update_audio_ops: Display not found (EXT_DISPLAY_TYPE_DP) ctld (0) stream (0)
01-01 08:17:07.656 0 0 E msm-ext-disp-audio-codec-rx soc: qcom,msm-ext-disp:qcom,msm-ext-disp-audio-codec-rx: msm_ext_disp_audio_type_get: get_audio_edid_blk() or get_intf_id is NULL
01-01 08:17:07.672 0 0 E msm_ext_disp_update_audio_ops: Display not found (EXT_DISPLAY_TYPE_DP) ctld (0) stream (0)
01-01 08:17:07.681 0 0 E msm-ext-disp-audio-codec-rx soc: qcom,msm-ext-disp:qcom,msm-ext-disp-audio-codec-rx: msm_ext_disp_audio_type_get: get_audio_edid_blk() or get_intf_id is NULL
01-01 08:17:07.698 0 0 E msm_ext_disp_update_audio_ops: Display not found (EXT_DISPLAY_TYPE_DP) ctld (0) stream (0)
01-01 08:17:07.708 0 0 E msm-ext-disp-audio-codec-rx soc: qcom,msm-ext-disp:qcom,msm-ext-disp-audio-codec-rx: msm_ext_disp_audio_type_get: get_audio_edid_blk() or get_intf_id is NULL
01-01 08:17:07.725 0 0 E msm-ext-disp-audio-codec-rx soc: qcom,msm-ext-disp:qcom,msm-ext-disp-audio-codec-rx: msm_ext_disp_audio_device_get: invalid dai id: 4
01-01 08:17:07.784 0 0 E : msm_pcm_volume_ctl_get substream not found
01-01 08:17:07.804 0 0 I binder : 28827:28827 ioctl 40046210 7fd84c6dd4 returned -22
01-01 08:17:07.893 0 0 I binder : 28833:28833 ioctl 40046210 7fe09abb44 returned -22
01-01 08:17:07.897 0 0 I binder : 28833:28833 ioctl 40046210 7fe09abd54 returned -22
01-01 08:17:08.125 0 0 I binder : 28827:28827 ioctl 40046210 7fd84c64d4 returned -22
01-01 08:17:08.196 0 0 D : mv2112_read_status
01-01 08:17:08.197 0 0 D mv2112_update_link: 3.0x901(1G): 0x80
01-01 08:17:08.197 0 0 D mv2112_update_link: 3.0x8109(100M): 0x0
01-01 08:17:08.197 0 0 D mv2112_update_link: link 0x0
01-01 08:17:08.197 0 0 D mv2112_read_status: autoneg is disabled
01-01 08:17:08.305 28827 28827 E AndroidRuntime: *** FATAL EXCEPTION IN SYSTEM PROCESS: main
01-01 08:17:08.305 28827 28827 E AndroidRuntime: java.lang.NullPointerException: Attempt to read from field 'java.lang.String com.android.server.pm.Settings$VersionInfo.fingerprint' on a null object reference
01-01 08:17:08.305 28827 28827 E AndroidRuntime: at com.android.server.pm.PackageManagerService.(PackageManagerService.java:7608)
01-01 08:17:08.305 28827 28827 E AndroidRuntime: at com.android.server.pm.PackageManagerService.main(PackageManagerService.java:7116)
01-01 08:17:08.305 28827 28827 E AndroidRuntime: at com.android.server.SystemServer.startBootstrapServices(SystemServer.java:1168)
01-01 08:17:08.305 28827 28827 E AndroidRuntime: at com.android.server.SystemServer.run(SystemServer.java:882)
01-01 08:17:08.305 28827 28827 E AndroidRuntime: at com.android.server.SystemServer.main(SystemServer.java:615)
01-01 08:17:08.305 28827 28827 E AndroidRuntime: at java.lang.reflect.Method.invoke(Native Method)
01-01 08:17:08.305 28827 28827 E AndroidRuntime: at com.android.internal.os.RuntimeInit$MethodAndArgsCaller.run(RuntimeInit.java:548)
01-01 08:17:08.305 28827 28827 E AndroidRuntime: at com.android.internal.os.ZygoteInit.main(ZygoteInit.java:987)
01-01 08:17:08.306 28827 28827 E AndroidRuntime: Error reporting crash
01-01 08:17:08.306 28827 28827 E AndroidRuntime: java.lang.NullPointerException: Attempt to invoke interface method 'void android.app.IActivityManager.handleApplicationCrash(android.os.IBinder, android.app.ApplicationErrorReport$ParcelableCrashInfo)' on a null object reference
01-01 08:17:08.306 28827 28827 E AndroidRuntime: at com.android.internal.os.RuntimeInit$KillApplicationHandler.uncaughtException(RuntimeInit.java:156)
01-01 08:17:08.306 28827 28827 E AndroidRuntime: at java.lang.ThreadGroup.uncaughtException(ThreadGroup.java:1073)
01-01 08:17:08.306 28827 28827 E AndroidRuntime: at java.lang.ThreadGroup.uncaughtException(ThreadGroup.java:1068)
01-01 08:17:08.306 28827 28827 E AndroidRuntime: at java.lang.Thread.dispatchUncaughtException(Thread.java:2200)
01-01 08:17:08.464 0 0 I binder : 28914:28914 ioctl 40046210 7fda1dbed4 returned -22
01-01 08:17:08.464 0 0 D ProcessState: Binder ioctl to enable oneway spam detection failed: Invalid argument
01-01 08:17:08.465 0 0 D vdc : Waited 0ms for vold
01-01 08:17:09.098 0 0 I binder : 28920:28920 ioctl 40046210 7fc1d5f994 returned -22
01-01 08:17:09.100 0 0 I binder : 28920:28920 ioctl 40046210 7fc1d5f914 returned -22
01-01 08:17:09.220 0 0 D : mv2112_read_status
01-01 08:17:09.221 0 0 D mv2112_update_link: 3.0x901(1G): 0x80
01-01 08:17:09.221 0 0 D mv2112_update_link: 3.0x8109(100M): 0x0
01-01 08:17:09.221 0 0 D mv2112_update_link: link 0x0
01-01 08:17:09.221 0 0 D mv2112_read_status: autoneg is disabled
01-01 08:17:09.284 0 0 I binder : 28919:28919 ioctl 40046210 fffa25a8 returned -22
01-01 08:17:09.286 0 0 I binder : 28919:28919 ioctl 40046210 fffa2590 returned -22
01-01 08:17:09.662 0 0 I binder : 28918:28918 ioctl 40046210 7fd2b2bec4 returned -22
01-01 08:17:09.664 0 0 I binder : 28918:28918 ioctl 40046210 7fd2b2bee4 returned -22
01-01 08:17:10.244 0 0 D : mv2112_read_status
01-01 08:17:10.245 0 0 D mv2112_update_link: 3.0x901(1G): 0x80
01-01 08:17:10.245 0 0 D mv2112_update_link: 3.0x8109(100M): 0x0
01-01 08:17:10.245 0 0 D mv2112_update_link: link 0x0
01-01 08:17:10.245 0 0 D mv2112_read_status: autoneg is disabled
01-01 08:17:10.635 0 0 E init : Control message: Could not find 'android.frameworks.sensorservice@1.0::ISensorManager/default' for ctl.interface_start from pid: 517 (/system/bin/hwservicemanager)
01-01 08:17:10.670 0 0 E init : Control message: Could not find 'android.frameworks.sensorservice@1.0::ISensorManager/default' for ctl.interface_start from pid: 517 (/system/bin/hwservicemanager)
01-01 08:17:11.068 0 0 I init : starting service 'qvrd_vndr'...
01-01 08:17:11.069 0 0 I init : Created socket '/dev/socket/qvrservice_vndr', mode 660, user 1000, group 1000
01-01 08:17:11.069 0 0 I init : Created socket '/dev/socket/qvrservice_vndr_camera', mode 660, user 1000, group 1000
01-01 08:17:11.080 0 0 I init : starting service 'sxrd'...
01-01 08:17:11.091 0 0 I init : starting service 'vendor.audio-hal'...
01-01 08:17:11.086 28932 28932 F linker : CANNOT LINK EXECUTABLE "/vendor/bin/hw/qvrservice": library "vendor.qti.hardware.qxr-V1-ndk_platform.so" not found: needed by /vendor/lib64/libqvrservice.so in namespace (default)
01-01 08:17:11.091 28933 28933 F linker : CANNOT LINK EXECUTABLE "/vendor/bin/hw/sxrservice": library "vendor.qti.hardware.qxr-V1-ndk_platform.so" not found: needed by main executable
01-01 08:17:11.099 0 0 I init : Service 'qvrd_vndr' (pid 28932) exited with status 1
01-01 08:17:11.099 0 0 I init : Sending signal 9 to service 'qvrd_vndr' (pid 28932) process group...
01-01 08:17:11.099 0 0 I libprocessgroup: Successfully killed process cgroup uid 1000 pid 28932 in 0ms
01-01 08:17:11.268 0 0 D : mv2112_read_status
01-01 08:17:11.269 0 0 D mv2112_update_link: 3.0x901(1G): 0x80
01-01 08:17:11.269 0 0 D mv2112_update_link: 3.0x8109(100M): 0x0
01-01 08:17:11.269 0 0 D mv2112_update_link: link 0x0
01-01 08:17:11.269 0 0 D mv2112_read_status: autoneg is disabled
01-01 08:17:11.489 0 0 I binder : 28941:28941 ioctl 40046210 7fd2a76424 returned -22
01-01 08:17:11.490 0 0 I binder : 28941:28941 ioctl 40046210 7fd2a76444 returned -22
01-01 08:17:11.989 0 0 E : msm_qti_pp_get_rms_value_control, back not active to query rms be_idx:3
01-01 08:17:12.010 0 0 I core_get_license_status: cmdrsp_license_result.result = 0x15 for module 0x131ff
01-01 08:17:12.011 0 0 E msm_ext_disp_update_audio_ops: Display not found (EXT_DISPLAY_TYPE_DP) ctld (0) stream (0)
01-01 08:17:12.020 0 0 E msm_ext_disp_update_audio_ops: Display not found (EXT_DISPLAY_TYPE_HDMI) ctld (0) stream (0)
01-01 08:17:12.030 0 0 E msm_ext_disp_update_audio_ops: Display not found (EXT_DISPLAY_TYPE_DP) ctld (0) stream (0)
01-01 08:17:12.040 0 0 E msm_ext_disp_update_audio_ops: Display not found (EXT_DISPLAY_TYPE_DP) ctld (0) stream (0)
01-01 08:17:12.050 0 0 E msm_ext_disp_update_audio_ops: Display not found (EXT_DISPLAY_TYPE_DP) ctld (0) stream (0)
01-01 08:17:12.060 0 0 E msm-ext-disp-audio-codec-rx soc: qcom,msm-ext-disp:qcom,msm-ext-disp-audio-codec-rx: msm_ext_disp_audio_type_get: get_audio_edid_blk() or get_intf_id is NULL
01-01 08:17:12.076 0 0 E msm_ext_disp_update_audio_ops: Display not found (EXT_DISPLAY_TYPE_DP) ctld (0) stream (0)
01-01 08:17:12.085 0 0 E msm-ext-disp-audio-codec-rx soc: qcom,msm-ext-disp:qcom,msm-ext-disp-audio-codec-rx: msm_ext_disp_audio_type_get: get_audio_edid_blk() or get_intf_id is NULL
01-01 08:17:12.101 0 0 E msm_ext_disp_update_audio_ops: Display not found (EXT_DISPLAY_TYPE_DP) ctld (0) stream (0)
01-01 08:17:12.111 0 0 E msm-ext-disp-audio-codec-rx soc: qcom,msm-ext-disp:qcom,msm-ext-disp-audio-codec-rx: msm_ext_disp_audio_type_get: get_audio_edid_blk() or get_intf_id is NULL
01-01 08:17:12.128 0 0 E msm-ext-disp-audio-codec-rx soc: qcom,msm-ext-disp:qcom,msm-ext-disp-audio-codec-rx: msm_ext_disp_audio_device_get: invalid dai id: 4
01-01 08:17:12.192 0 0 E : msm_pcm_volume_ctl_get substream not found
01-01 08:17:12.292 0 0 D : mv2112_read_status
01-01 08:17:12.293 0 0 D mv2112_update_link: 3.0x901(1G): 0x80
01-01 08:17:12.293 0 0 D mv2112_update_link: 3.0x8109(100M): 0x0
01-01 08:17:12.293 0 0 D mv2112_update_link: link 0x0
01-01 08:17:12.293 0 0 D mv2112_read_status: autoneg is disabled
01-01 08:17:12.565 0 0 E : msm_qti_pp_get_rms_value_control, back not active to query rms be_idx:3
01-01 08:17:12.585 0 0 I core_get_license_status: cmdrsp_license_result.result = 0x15 for module 0x131ff
01-01 08:17:12.586 0 0 E msm_ext_disp_update_audio_ops: Display not found (EXT_DISPLAY_TYPE_DP) ctld (0) stream (0)
01-01 08:17:12.596 0 0 E msm_ext_disp_update_audio_ops: Display not found (EXT_DISPLAY_TYPE_HDMI) ctld (0) stream (0)
01-01 08:17:12.606 0 0 E msm_ext_disp_update_audio_ops: Display not found (EXT_DISPLAY_TYPE_DP) ctld (0) stream (0)
01-01 08:17:12.616 0 0 E msm_ext_disp_update_audio_ops: Display not found (EXT_DISPLAY_TYPE_DP) ctld (0) stream (0)
01-01 08:17:12.626 0 0 E msm_ext_disp_update_audio_ops: Display not found (EXT_DISPLAY_TYPE_DP) ctld (0) stream (0)
01-01 08:17:12.635 0 0 E msm-ext-disp-audio-codec-rx soc: qcom,msm-ext-disp:qcom,msm-ext-disp-audio-codec-rx: msm_ext_disp_audio_type_get: get_audio_edid_blk() or get_intf_id is NULL
01-01 08:17:12.651 0 0 E msm_ext_disp_update_audio_ops: Display not found (EXT_DISPLAY_TYPE_DP) ctld (0) stream (0)
01-01 08:17:12.661 0 0 E msm-ext-disp-audio-codec-rx soc: qcom,msm-ext-disp:qcom,msm-ext-disp-audio-codec-rx: msm_ext_disp_audio_type_get: get_audio_edid_blk() or get_intf_id is NULL
01-01 08:17:12.677 0 0 E msm_ext_disp_update_audio_ops: Display not found (EXT_DISPLAY_TYPE_DP) ctld (0) stream (0)
01-01 08:17:12.686 0 0 E msm-ext-disp-audio-codec-rx soc: qcom,msm-ext-disp:qcom,msm-ext-disp-audio-codec-rx: msm_ext_disp_audio_type_get: get_audio_edid_blk() or get_intf_id is NULL
01-01 08:17:12.703 0 0 E msm-ext-disp-audio-codec-rx soc: qcom,msm-ext-disp:qcom,msm-ext-disp-audio-codec-rx: msm_ext_disp_audio_device_get: invalid dai id: 4
01-01 08:17:12.714 0 0 I binder : 28967:28967 ioctl 40046210 7fd7fa53f4 returned -22
01-01 08:17:12.763 0 0 E : msm_pcm_volume_ctl_get substream not found
01-01 08:17:12.901 0 0 I binder : 28983:28983 ioctl 40046210 7fc4feb6a4 returned -22
01-01 08:17:12.904 0 0 I binder : 28983:28983 ioctl 40046210 7fc4feb8b4 returned -22
01-01 08:17:13.030 0 0 I binder : 28967:28967 ioctl 40046210 7fd7fa4af4 returned -22
01-01 08:17:13.270 28967 28967 E AndroidRuntime: *** FATAL EXCEPTION IN SYSTEM PROCESS: main
01-01 08:17:13.270 28967 28967 E AndroidRuntime: java.lang.NullPointerException: Attempt to read from field 'java.lang.String com.android.server.pm.Settings$VersionInfo.fingerprint' on a null object reference
01-01 08:17:13.270 28967 28967 E AndroidRuntime: at com.android.server.pm.PackageManagerService.(PackageManagerService.java:7608)
01-01 08:17:13.270 28967 28967 E AndroidRuntime: at com.android.server.pm.PackageManagerService.main(PackageManagerService.java:7116)
01-01 08:17:13.270 28967 28967 E AndroidRuntime: at com.android.server.SystemServer.startBootstrapServices(SystemServer.java:1168)
01-01 08:17:13.270 28967 28967 E AndroidRuntime: at com.android.server.SystemServer.run(SystemServer.java:882)
01-01 08:17:13.270 28967 28967 E AndroidRuntime: at com.android.server.SystemServer.main(SystemServer.java:615)
01-01 08:17:13.270 28967 28967 E AndroidRuntime: at java.lang.reflect.Method.invoke(Native Method)
01-01 08:17:13.270 28967 28967 E AndroidRuntime: at com.android.internal.os.RuntimeInit$MethodAndArgsCaller.run(RuntimeInit.java:548)
01-01 08:17:13.270 28967 28967 E AndroidRuntime: at com.android.internal.os.ZygoteInit.main(ZygoteInit.java:987)
01-01 08:17:13.271 28967 28967 E AndroidRuntime: Error reporting crash
01-01 08:17:13.271 28967 28967 E AndroidRuntime: java.lang.NullPointerException: Attempt to invoke interface method 'void android.app.IActivityManager.handleApplicationCrash(android.os.IBinder, android.app.ApplicationErrorReport$ParcelableCrashInfo)' on a null object reference
01-01 08:17:13.271 28967 28967 E AndroidRuntime: at com.android.internal.os.RuntimeInit$KillApplicationHandler.uncaughtException(RuntimeInit.java:156)
01-01 08:17:13.271 28967 28967 E AndroidRuntime: at java.lang.ThreadGroup.uncaughtException(ThreadGroup.java:1073)
01-01 08:17:13.271 28967 28967 E AndroidRuntime: at java.lang.ThreadGroup.uncaughtException(ThreadGroup.java:1068)
01-01 08:17:13.271 28967 28967 E AndroidRuntime: at java.lang.Thread.dispatchUncaughtException(Thread.java:2200)
01-01 08:17:13.316 0 0 D : mv2112_read_status
01-01 08:17:13.317 0 0 D mv2112_update_link: 3.0x901(1G): 0x80
01-01 08:17:13.317 0 0 D mv2112_update_link: 3.0x8109(100M): 0x0
01-01 08:17:13.317 0 0 D mv2112_update_link: link 0x0
01-01 08:17:13.317 0 0 D mv2112_read_status: autoneg is disabled
01-01 08:17:13.440 0 0 I binder : 29050:29050 ioctl 40046210 7ffb51b4e4 returned -22
01-01 08:17:13.440 0 0 D ProcessState: Binder ioctl to enable oneway spam detection failed: Invalid argument
01-01 08:17:13.441 0 0 D vdc : Waited 0ms for vold
01-01 08:17:13.544 0 0 I binder : undelivered death notification, 00000000f2846dc0
01-01 08:17:14.105 0 0 I binder : 29058:29058 ioctl 40046210 7fcf1aa2f4 returned -22
01-01 08:17:14.106 0 0 I binder : 29058:29058 ioctl 40046210 7fcf1aa274 returned -22
01-01 08:17:14.290 0 0 I binder : 29057:29057 ioctl 40046210 ff9c64b8 returned -22
01-01 08:17:14.292 0 0 I binder : 29057:29057 ioctl 40046210 ff9c64a0 returned -22
01-01 08:17:14.340 0 0 D : mv2112_read_status
01-01 08:17:14.341 0 0 D mv2112_update_link: 3.0x901(1G): 0x80
01-01 08:17:14.341 0 0 D mv2112_update_link: 3.0x8109(100M): 0x0
01-01 08:17:14.341 0 0 D mv2112_update_link: link 0x0
01-01 08:17:14.341 0 0 D mv2112_read_status: autoneg is disabled
01-01 08:17:14.663 0 0 I binder : 29056:29056 ioctl 40046210 7fde5c4af4 returned -22
01-01 08:17:14.665 0 0 I binder : 29056:29056 ioctl 40046210 7fde5c4b14 returned -22
01-01 08:17:15.364 0 0 D : mv2112_read_status
01-01 08:17:15.365 0 0 D mv2112_update_link: 3.0x901(1G): 0x80
01-01 08:17:15.365 0 0 D mv2112_update_link: 3.0x8109(100M): 0x0
