01-01 08:12:13.489 0 0 I binder : 20788:20788 ioctl 40046210 ffddbff0 returned -22
01-01 08:12:13.870 0 0 I binder : 20787:20787 ioctl 40046210 7ff7a80114 returned -22
01-01 08:12:13.872 0 0 I binder : 20787:20787 ioctl 40046210 7ff7a80134 returned -22
01-01 08:12:14.052 0 0 D : mv2112_read_status
01-01 08:12:14.053 0 0 D mv2112_update_link: 3.0x901(1G): 0x80
01-01 08:12:14.053 0 0 D mv2112_update_link: 3.0x8109(100M): 0x0
01-01 08:12:14.053 0 0 D mv2112_update_link: link 0x0
01-01 08:12:14.053 0 0 D mv2112_read_status: autoneg is disabled
01-01 08:12:15.076 0 0 D : mv2112_read_status
01-01 08:12:15.077 0 0 D mv2112_update_link: 3.0x901(1G): 0x80
01-01 08:12:15.077 0 0 D mv2112_update_link: 3.0x8109(100M): 0x0
01-01 08:12:15.077 0 0 D mv2112_update_link: link 0x0
01-01 08:12:15.077 0 0 D mv2112_read_status: autoneg is disabled
01-01 08:12:15.220 0 0 E init : Control message: Could not find 'android.frameworks.sensorservice@1.0::ISensorManager/default' for ctl.interface_start from pid: 517 (/system/bin/hwservicemanager)
01-01 08:12:15.237 0 0 E init : Control message: Could not find 'android.frameworks.sensorservice@1.0::ISensorManager/default' for ctl.interface_start from pid: 517 (/system/bin/hwservicemanager)
01-01 08:12:15.549 0 0 I init : starting service 'qvrd_vndr'...
01-01 08:12:15.550 0 0 I init : Created socket '/dev/socket/qvrservice_vndr', mode 660, user 1000, group 1000
01-01 08:12:15.550 0 0 I init : Created socket '/dev/socket/qvrservice_vndr_camera', mode 660, user 1000, group 1000
01-01 08:12:15.560 0 0 I init : starting service 'sxrd'...
01-01 08:12:15.569 0 0 I init : starting service 'vendor.audio-hal'...
01-01 08:12:15.566 20801 20801 F linker : CANNOT LINK EXECUTABLE "/vendor/bin/hw/qvrservice": library "vendor.qti.hardware.qxr-V1-ndk_platform.so" not found: needed by /vendor/lib64/libqvrservice.so in namespace (default)
01-01 08:12:15.569 20802 20802 F linker : CANNOT LINK EXECUTABLE "/vendor/bin/hw/sxrservice": library "vendor.qti.hardware.qxr-V1-ndk_platform.so" not found: needed by main executable
01-01 08:12:15.578 0 0 I init : Service 'qvrd_vndr' (pid 20801) exited with status 1
01-01 08:12:15.578 0 0 I init : Sending signal 9 to service 'qvrd_vndr' (pid 20801) process group...
01-01 08:12:15.578 0 0 I libprocessgroup: Successfully killed process cgroup uid 1000 pid 20801 in 0ms
01-01 08:12:15.934 0 0 I binder : 20810:20810 ioctl 40046210 7fdcdf9ed4 returned -22
01-01 08:12:15.934 0 0 I binder : 20810:20810 ioctl 40046210 7fdcdf9ef4 returned -22
01-01 08:12:16.100 0 0 D : mv2112_read_status
01-01 08:12:16.101 0 0 D mv2112_update_link: 3.0x901(1G): 0x80
01-01 08:12:16.101 0 0 D mv2112_update_link: 3.0x8109(100M): 0x0
01-01 08:12:16.101 0 0 D mv2112_update_link: link 0x0
01-01 08:12:16.101 0 0 D mv2112_read_status: autoneg is disabled
01-01 08:12:16.434 0 0 E : msm_qti_pp_get_rms_value_control, back not active to query rms be_idx:3
01-01 08:12:16.455 0 0 I core_get_license_status: cmdrsp_license_result.result = 0x15 for module 0x131ff
01-01 08:12:16.455 0 0 E msm_ext_disp_update_audio_ops: Display not found (EXT_DISPLAY_TYPE_DP) ctld (0) stream (0)
01-01 08:12:16.465 0 0 E msm_ext_disp_update_audio_ops: Display not found (EXT_DISPLAY_TYPE_HDMI) ctld (0) stream (0)
01-01 08:12:16.475 0 0 E msm_ext_disp_update_audio_ops: Display not found (EXT_DISPLAY_TYPE_DP) ctld (0) stream (0)
01-01 08:12:16.485 0 0 E msm_ext_disp_update_audio_ops: Display not found (EXT_DISPLAY_TYPE_DP) ctld (0) stream (0)
01-01 08:12:16.495 0 0 E msm_ext_disp_update_audio_ops: Display not found (EXT_DISPLAY_TYPE_DP) ctld (0) stream (0)
01-01 08:12:16.505 0 0 E msm-ext-disp-audio-codec-rx soc: qcom,msm-ext-disp:qcom,msm-ext-disp-audio-codec-rx: msm_ext_disp_audio_type_get: get_audio_edid_blk() or get_intf_id is NULL
01-01 08:12:16.521 0 0 E msm_ext_disp_update_audio_ops: Display not found (EXT_DISPLAY_TYPE_DP) ctld (0) stream (0)
01-01 08:12:16.531 0 0 E msm-ext-disp-audio-codec-rx soc: qcom,msm-ext-disp:qcom,msm-ext-disp-audio-codec-rx: msm_ext_disp_audio_type_get: get_audio_edid_blk() or get_intf_id is NULL
01-01 08:12:16.547 0 0 E msm_ext_disp_update_audio_ops: Display not found (EXT_DISPLAY_TYPE_DP) ctld (0) stream (0)
01-01 08:12:16.556 0 0 E msm-ext-disp-audio-codec-rx soc: qcom,msm-ext-disp:qcom,msm-ext-disp-audio-codec-rx: msm_ext_disp_audio_type_get: get_audio_edid_blk() or get_intf_id is NULL
01-01 08:12:16.574 0 0 E msm-ext-disp-audio-codec-rx soc: qcom,msm-ext-disp:qcom,msm-ext-disp-audio-codec-rx: msm_ext_disp_audio_device_get: invalid dai id: 4
01-01 08:12:16.638 0 0 E : msm_pcm_volume_ctl_get substream not found
01-01 08:12:17.026 0 0 E : msm_qti_pp_get_rms_value_control, back not active to query rms be_idx:3
01-01 08:12:17.050 0 0 I core_get_license_status: cmdrsp_license_result.result = 0x15 for module 0x131ff
01-01 08:12:17.053 0 0 E msm_ext_disp_update_audio_ops: Display not found (EXT_DISPLAY_TYPE_DP) ctld (0) stream (0)
01-01 08:12:17.063 0 0 E msm_ext_disp_update_audio_ops: Display not found (EXT_DISPLAY_TYPE_HDMI) ctld (0) stream (0)
01-01 08:12:17.073 0 0 E msm_ext_disp_update_audio_ops: Display not found (EXT_DISPLAY_TYPE_DP) ctld (0) stream (0)
01-01 08:12:17.083 0 0 E msm_ext_disp_update_audio_ops: Display not found (EXT_DISPLAY_TYPE_DP) ctld (0) stream (0)
01-01 08:12:17.094 0 0 E msm_ext_disp_update_audio_ops: Display not found (EXT_DISPLAY_TYPE_DP) ctld (0) stream (0)
01-01 08:12:17.103 0 0 E msm-ext-disp-audio-codec-rx soc: qcom,msm-ext-disp:qcom,msm-ext-disp-audio-codec-rx: msm_ext_disp_audio_type_get: get_audio_edid_blk() or get_intf_id is NULL
01-01 08:12:17.119 0 0 E msm_ext_disp_update_audio_ops: Display not found (EXT_DISPLAY_TYPE_DP) ctld (0) stream (0)
01-01 08:12:17.129 0 0 D : mv2112_read_status
01-01 08:12:17.129 0 0 D mv2112_update_link: 3.0x901(1G): 0x80
01-01 08:12:17.129 0 0 D mv2112_update_link: 3.0x8109(100M): 0x0
01-01 08:12:17.129 0 0 D mv2112_update_link: link 0x0
01-01 08:12:17.129 0 0 D mv2112_read_status: autoneg is disabled
01-01 08:12:17.129 0 0 E msm-ext-disp-audio-codec-rx soc: qcom,msm-ext-disp:qcom,msm-ext-disp-audio-codec-rx: msm_ext_disp_audio_type_get: get_audio_edid_blk() or get_intf_id is NULL
01-01 08:12:17.145 0 0 E msm_ext_disp_update_audio_ops: Display not found (EXT_DISPLAY_TYPE_DP) ctld (0) stream (0)
01-01 08:12:17.155 0 0 E msm-ext-disp-audio-codec-rx soc: qcom,msm-ext-disp:qcom,msm-ext-disp-audio-codec-rx: msm_ext_disp_audio_type_get: get_audio_edid_blk() or get_intf_id is NULL
01-01 08:12:17.172 0 0 E msm-ext-disp-audio-codec-rx soc: qcom,msm-ext-disp:qcom,msm-ext-disp-audio-codec-rx: msm_ext_disp_audio_device_get: invalid dai id: 4
01-01 08:12:17.199 0 0 I binder : 20840:20840 ioctl 40046210 7fcbf7dd84 returned -22
01-01 08:12:17.209 0 0 I binder : 20836:20836 ioctl 40046210 7fce6711b4 returned -22
01-01 08:12:17.217 0 0 I binder : 20836:20836 ioctl 40046210 7fce6713c4 returned -22
01-01 08:12:17.231 0 0 E : msm_pcm_volume_ctl_get substream not found
01-01 08:12:17.516 0 0 I binder : 20840:20840 ioctl 40046210 7fcbf7d484 returned -22
01-01 08:12:17.705 20840 20840 E AndroidRuntime: *** FATAL EXCEPTION IN SYSTEM PROCESS: main
01-01 08:12:17.705 20840 20840 E AndroidRuntime: java.lang.NullPointerException: Attempt to read from field 'java.lang.String com.android.server.pm.Settings$VersionInfo.fingerprint' on a null object reference
01-01 08:12:17.705 20840 20840 E AndroidRuntime: at com.android.server.pm.PackageManagerService.(PackageManagerService.java:7608)
01-01 08:12:17.705 20840 20840 E AndroidRuntime: at com.android.server.pm.PackageManagerService.main(PackageManagerService.java:7116)
01-01 08:12:17.705 20840 20840 E AndroidRuntime: at com.android.server.SystemServer.startBootstrapServices(SystemServer.java:1168)
01-01 08:12:17.705 20840 20840 E AndroidRuntime: at com.android.server.SystemServer.run(SystemServer.java:882)
01-01 08:12:17.705 20840 20840 E AndroidRuntime: at com.android.server.SystemServer.main(SystemServer.java:615)
01-01 08:12:17.705 20840 20840 E AndroidRuntime: at java.lang.reflect.Method.invoke(Native Method)
01-01 08:12:17.705 20840 20840 E AndroidRuntime: at com.android.internal.os.RuntimeInit$MethodAndArgsCaller.run(RuntimeInit.java:548)
01-01 08:12:17.705 20840 20840 E AndroidRuntime: at com.android.internal.os.ZygoteInit.main(ZygoteInit.java:987)
01-01 08:12:17.706 20840 20840 E AndroidRuntime: Error reporting crash
01-01 08:12:17.706 20840 20840 E AndroidRuntime: java.lang.NullPointerException: Attempt to invoke interface method 'void android.app.IActivityManager.handleApplicationCrash(android.os.IBinder, android.app.ApplicationErrorReport$ParcelableCrashInfo)' on a null object reference
01-01 08:12:17.706 20840 20840 E AndroidRuntime: at com.android.internal.os.RuntimeInit$KillApplicationHandler.uncaughtException(RuntimeInit.java:156)
01-01 08:12:17.706 20840 20840 E AndroidRuntime: at java.lang.ThreadGroup.uncaughtException(ThreadGroup.java:1073)
01-01 08:12:17.706 20840 20840 E AndroidRuntime: at java.lang.ThreadGroup.uncaughtException(ThreadGroup.java:1068)
01-01 08:12:17.706 20840 20840 E AndroidRuntime: at java.lang.Thread.dispatchUncaughtException(Thread.java:2200)
01-01 08:12:17.855 0 0 I binder : undelivered TRANSACTION_COMPLETE
01-01 08:12:17.855 0 0 I binder : undelivered transaction 293659, process died.
01-01 08:12:17.867 0 0 I binder : 20918:20918 ioctl 40046210 7fcc7e0864 returned -22
01-01 08:12:17.867 0 0 D ProcessState: Binder ioctl to enable oneway spam detection failed: Invalid argument
01-01 08:12:17.868 0 0 D vdc : Waited 0ms for vold
01-01 08:12:18.148 0 0 D : mv2112_read_status
01-01 08:12:18.149 0 0 D mv2112_update_link: 3.0x901(1G): 0x80
01-01 08:12:18.149 0 0 D mv2112_update_link: 3.0x8109(100M): 0x0
01-01 08:12:18.149 0 0 D mv2112_update_link: link 0x0
01-01 08:12:18.149 0 0 D mv2112_read_status: autoneg is disabled
01-01 08:12:18.418 0 0 I binder : 20926:20926 ioctl 40046210 7ff3710044 returned -22
01-01 08:12:18.420 0 0 I binder : 20926:20926 ioctl 40046210 7ff370ffc4 returned -22
01-01 08:12:18.495 0 0 I binder : 20925:20925 ioctl 40046210 fff43d18 returned -22
01-01 08:12:18.497 0 0 I binder : 20925:20925 ioctl 40046210 fff43d00 returned -22
01-01 08:12:18.879 0 0 I binder : 20924:20924 ioctl 40046210 7fe9131e64 returned -22
01-01 08:12:18.881 0 0 I binder : 20924:20924 ioctl 40046210 7fe9131e84 returned -22
01-01 08:12:19.172 0 0 D : mv2112_read_status
01-01 08:12:19.173 0 0 D mv2112_update_link: 3.0x901(1G): 0x80
01-01 08:12:19.173 0 0 D mv2112_update_link: 3.0x8109(100M): 0x0
01-01 08:12:19.173 0 0 D mv2112_update_link: link 0x0
01-01 08:12:19.173 0 0 D mv2112_read_status: autoneg is disabled
01-01 08:12:20.196 0 0 D : mv2112_read_status
01-01 08:12:20.197 0 0 D mv2112_update_link: 3.0x901(1G): 0x80
01-01 08:12:20.197 0 0 D mv2112_update_link: 3.0x8109(100M): 0x0
01-01 08:12:20.197 0 0 D mv2112_update_link: link 0x0
01-01 08:12:20.197 0 0 D mv2112_read_status: autoneg is disabled
01-01 08:12:20.227 0 0 E init : Control message: Could not find 'android.frameworks.sensorservice@1.0::ISensorManager/default' for ctl.interface_start from pid: 517 (/system/bin/hwservicemanager)
01-01 08:12:20.244 0 0 E init : Control message: Could not find 'android.frameworks.sensorservice@1.0::ISensorManager/default' for ctl.interface_start from pid: 517 (/system/bin/hwservicemanager)
01-01 08:12:20.557 0 0 I init : starting service 'qvrd_vndr'...
01-01 08:12:20.558 0 0 I init : Created socket '/dev/socket/qvrservice_vndr', mode 660, user 1000, group 1000
01-01 08:12:20.558 0 0 I init : Created socket '/dev/socket/qvrservice_vndr_camera', mode 660, user 1000, group 1000
01-01 08:12:20.569 0 0 I init : starting service 'sxrd'...
01-01 08:12:20.579 0 0 I init : starting service 'vendor.audio-hal'...
01-01 08:12:20.575 20938 20938 F linker : CANNOT LINK EXECUTABLE "/vendor/bin/hw/qvrservice": library "vendor.qti.hardware.qxr-V1-ndk_platform.so" not found: needed by /vendor/lib64/libqvrservice.so in namespace (default)
01-01 08:12:20.580 20939 20939 F linker : CANNOT LINK EXECUTABLE "/vendor/bin/hw/sxrservice": library "vendor.qti.hardware.qxr-V1-ndk_platform.so" not found: needed by main executable
01-01 08:12:20.589 0 0 I init : Service 'qvrd_vndr' (pid 20938) exited with status 1
01-01 08:12:20.589 0 0 I init : Sending signal 9 to service 'qvrd_vndr' (pid 20938) process group...
01-01 08:12:20.589 0 0 I libprocessgroup: Successfully killed process cgroup uid 1000 pid 20938 in 0ms
01-01 08:12:20.933 0 0 I binder : 20947:20947 ioctl 40046210 7fdc0f4f64 returned -22
01-01 08:12:20.933 0 0 I binder : 20947:20947 ioctl 40046210 7fdc0f4f84 returned -22
01-01 08:12:21.220 0 0 D : mv2112_read_status
01-01 08:12:21.221 0 0 D mv2112_update_link: 3.0x901(1G): 0x80
01-01 08:12:21.221 0 0 D mv2112_update_link: 3.0x8109(100M): 0x0
01-01 08:12:21.221 0 0 D mv2112_update_link: link 0x0
01-01 08:12:21.221 0 0 D mv2112_read_status: autoneg is disabled
01-01 08:12:21.444 0 0 E : msm_qti_pp_get_rms_value_control, back not active to query rms be_idx:3
01-01 08:12:21.466 0 0 I core_get_license_status: cmdrsp_license_result.result = 0x15 for module 0x131ff
01-01 08:12:21.468 0 0 E msm_ext_disp_update_audio_ops: Display not found (EXT_DISPLAY_TYPE_DP) ctld (0) stream (0)
01-01 08:12:21.479 0 0 E msm_ext_disp_update_audio_ops: Display not found (EXT_DISPLAY_TYPE_HDMI) ctld (0) stream (0)
01-01 08:12:21.489 0 0 E msm_ext_disp_update_audio_ops: Display not found (EXT_DISPLAY_TYPE_DP) ctld (0) stream (0)
01-01 08:12:21.499 0 0 E msm_ext_disp_update_audio_ops: Display not found (EXT_DISPLAY_TYPE_DP) ctld (0) stream (0)
01-01 08:12:21.509 0 0 E msm_ext_disp_update_audio_ops: Display not found (EXT_DISPLAY_TYPE_DP) ctld (0) stream (0)
01-01 08:12:21.519 0 0 E msm-ext-disp-audio-codec-rx soc: qcom,msm-ext-disp:qcom,msm-ext-disp-audio-codec-rx: msm_ext_disp_audio_type_get: get_audio_edid_blk() or get_intf_id is NULL
01-01 08:12:21.535 0 0 E msm_ext_disp_update_audio_ops: Display not found (EXT_DISPLAY_TYPE_DP) ctld (0) stream (0)
01-01 08:12:21.545 0 0 E msm-ext-disp-audio-codec-rx soc: qcom,msm-ext-disp:qcom,msm-ext-disp-audio-codec-rx: msm_ext_disp_audio_type_get: get_audio_edid_blk() or get_intf_id is NULL
01-01 08:12:21.561 0 0 E msm_ext_disp_update_audio_ops: Display not found (EXT_DISPLAY_TYPE_DP) ctld (0) stream (0)
01-01 08:12:21.570 0 0 E msm-ext-disp-audio-codec-rx soc: qcom,msm-ext-disp:qcom,msm-ext-disp-audio-codec-rx: msm_ext_disp_audio_type_get: get_audio_edid_blk() or get_intf_id is NULL
01-01 08:12:21.587 0 0 E msm-ext-disp-audio-codec-rx soc: qcom,msm-ext-disp:qcom,msm-ext-disp-audio-codec-rx: msm_ext_disp_audio_device_get: invalid dai id: 4
01-01 08:12:21.650 0 0 E : msm_pcm_volume_ctl_get substream not found
01-01 08:12:21.982 0 0 E : msm_qti_pp_get_rms_value_control, back not active to query rms be_idx:3
01-01 08:12:22.002 0 0 I core_get_license_status: cmdrsp_license_result.result = 0x15 for module 0x131ff
01-01 08:12:22.003 0 0 E msm_ext_disp_update_audio_ops: Display not found (EXT_DISPLAY_TYPE_DP) ctld (0) stream (0)
01-01 08:12:22.013 0 0 E msm_ext_disp_update_audio_ops: Display not found (EXT_DISPLAY_TYPE_HDMI) ctld (0) stream (0)
01-01 08:12:22.023 0 0 E msm_ext_disp_update_audio_ops: Display not found (EXT_DISPLAY_TYPE_DP) ctld (0) stream (0)
01-01 08:12:22.033 0 0 E msm_ext_disp_update_audio_ops: Display not found (EXT_DISPLAY_TYPE_DP) ctld (0) stream (0)
01-01 08:12:22.043 0 0 E msm_ext_disp_update_audio_ops: Display not found (EXT_DISPLAY_TYPE_DP) ctld (0) stream (0)
01-01 08:12:22.053 0 0 E msm-ext-disp-audio-codec-rx soc: qcom,msm-ext-disp:qcom,msm-ext-disp-audio-codec-rx: msm_ext_disp_audio_type_get: get_audio_edid_blk() or get_intf_id is NULL
01-01 08:12:22.069 0 0 E msm_ext_disp_update_audio_ops: Display not found (EXT_DISPLAY_TYPE_DP) ctld (0) stream (0)
01-01 08:12:22.079 0 0 E msm-ext-disp-audio-codec-rx soc: qcom,msm-ext-disp:qcom,msm-ext-disp-audio-codec-rx: msm_ext_disp_audio_type_get: get_audio_edid_blk() or get_intf_id is NULL
01-01 08:12:22.095 0 0 E msm_ext_disp_update_audio_ops: Display not found (EXT_DISPLAY_TYPE_DP) ctld (0) stream (0)
01-01 08:12:22.105 0 0 E msm-ext-disp-audio-codec-rx soc: qcom,msm-ext-disp:qcom,msm-ext-disp-audio-codec-rx: msm_ext_disp_audio_type_get: get_audio_edid_blk() or get_intf_id is NULL
01-01 08:12:22.122 0 0 E msm-ext-disp-audio-codec-rx soc: qcom,msm-ext-disp:qcom,msm-ext-disp-audio-codec-rx: msm_ext_disp_audio_device_get: invalid dai id: 4
01-01 08:12:22.180 0 0 E : msm_pcm_volume_ctl_get substream not found
01-01 08:12:22.193 0 0 I binder : 20973:20973 ioctl 40046210 7feeb5bd54 returned -22
01-01 08:12:22.196 0 0 I binder : 20973:20973 ioctl 40046210 7feeb5bf64 returned -22
01-01 08:12:22.200 0 0 I binder : 20977:20977 ioctl 40046210 7ffb12a5e4 returned -22
01-01 08:12:22.244 0 0 D : mv2112_read_status
01-01 08:12:22.245 0 0 D mv2112_update_link: 3.0x901(1G): 0x80
01-01 08:12:22.245 0 0 D mv2112_update_link: 3.0x8109(100M): 0x0
01-01 08:12:22.245 0 0 D mv2112_update_link: link 0x0
01-01 08:12:22.245 0 0 D mv2112_read_status: autoneg is disabled
01-01 08:12:22.502 0 0 I binder : 20977:20977 ioctl 40046210 7ffb129ce4 returned -22
01-01 08:12:22.683 20977 20977 E AndroidRuntime: *** FATAL EXCEPTION IN SYSTEM PROCESS: main
01-01 08:12:22.683 20977 20977 E AndroidRuntime: java.lang.NullPointerException: Attempt to read from field 'java.lang.String com.android.server.pm.Settings$VersionInfo.fingerprint' on a null object reference
01-01 08:12:22.683 20977 20977 E AndroidRuntime: at com.android.server.pm.PackageManagerService.(PackageManagerService.java:7608)
01-01 08:12:22.683 20977 20977 E AndroidRuntime: at com.android.server.pm.PackageManagerService.main(PackageManagerService.java:7116)
01-01 08:12:22.683 20977 20977 E AndroidRuntime: at com.android.server.SystemServer.startBootstrapServices(SystemServer.java:1168)
01-01 08:12:22.683 20977 20977 E AndroidRuntime: at com.android.server.SystemServer.run(SystemServer.java:882)
01-01 08:12:22.683 20977 20977 E AndroidRuntime: at com.android.server.SystemServer.main(SystemServer.java:615)
01-01 08:12:22.683 20977 20977 E AndroidRuntime: at java.lang.reflect.Method.invoke(Native Method)
01-01 08:12:22.683 20977 20977 E AndroidRuntime: at com.android.internal.os.RuntimeInit$MethodAndArgsCaller.run(RuntimeInit.java:548)
01-01 08:12:22.683 20977 20977 E AndroidRuntime: at com.android.internal.os.ZygoteInit.main(ZygoteInit.java:987)
01-01 08:12:22.684 20977 20977 E AndroidRuntime: Error reporting crash
01-01 08:12:22.684 20977 20977 E AndroidRuntime: java.lang.NullPointerException: Attempt to invoke interface method 'void android.app.IActivityManager.handleApplicationCrash(android.os.IBinder, android.app.ApplicationErrorReport$ParcelableCrashInfo)' on a null object reference
01-01 08:12:22.684 20977 20977 E AndroidRuntime: at com.android.internal.os.RuntimeInit$KillApplicationHandler.uncaughtException(RuntimeInit.java:156)
01-01 08:12:22.684 20977 20977 E AndroidRuntime: at java.lang.ThreadGroup.uncaughtException(ThreadGroup.java:1073)
01-01 08:12:22.684 20977 20977 E AndroidRuntime: at java.lang.ThreadGroup.uncaughtException(ThreadGroup.java:1068)
01-01 08:12:22.684 20977 20977 E AndroidRuntime: at java.lang.Thread.dispatchUncaughtException(Thread.java:2200)
01-01 08:12:22.842 0 0 I binder : 21062:21062 ioctl 40046210 7ff6e01c44 returned -22
01-01 08:12:22.842 0 0 D ProcessState: Binder ioctl to enable oneway spam detection failed: Invalid argument
01-01 08:12:22.843 0 0 D vdc : Waited 0ms for vold
01-01 08:12:23.268 0 0 D : mv2112_read_status
01-01 08:12:23.269 0 0 D mv2112_update_link: 3.0x901(1G): 0x80
01-01 08:12:23.269 0 0 D mv2112_update_link: 3.0x8109(100M): 0x0
01-01 08:12:23.269 0 0 D mv2112_update_link: link 0x0
01-01 08:12:23.269 0 0 D mv2112_read_status: autoneg is disabled
01-01 08:12:23.425 0 0 I binder : 21069:21069 ioctl 40046210 7fc1da47e4 returned -22
01-01 08:12:23.427 0 0 I binder : 21069:21069 ioctl 40046210 7fc1da4764 returned -22
01-01 08:12:23.498 0 0 I binder : 21068:21068 ioctl 40046210 fff88cc8 returned -22
01-01 08:12:23.500 0 0 I binder : 21068:21068 ioctl 40046210 fff88cb0 returned -22
01-01 08:12:23.868 0 0 I binder : 21067:21067 ioctl 40046210 7ff56d0804 returned -22
01-01 08:12:23.871 0 0 I binder : 21067:21067 ioctl 40046210 7ff56d0824 returned -22
01-01 08:12:24.292 0 0 D : mv2112_read_status
01-01 08:12:24.293 0 0 D mv2112_update_link: 3.0x901(1G): 0x80
01-01 08:12:24.293 0 0 D mv2112_update_link: 3.0x8109(100M): 0x0
01-01 08:12:24.293 0 0 D mv2112_update_link: link 0x0
01-01 08:12:24.293 0 0 D mv2112_read_status: autoneg is disabled
01-01 08:12:25.233 0 0 E init : Control message: Could not find 'android.frameworks.sensorservice@1.0::ISensorManager/default' for ctl.interface_start from pid: 517 (/system/bin/hwservicemanager)
01-01 08:12:25.249 0 0 E init : Control message: Could not find 'android.frameworks.sensorservice@1.0::ISensorManager/default' for ctl.interface_start from pid: 517 (/system/bin/hwservicemanager)
01-01 08:12:25.316 0 0 D : mv2112_read_status
01-01 08:12:25.317 0 0 D mv2112_update_link: 3.0x901(1G): 0x80
01-01 08:12:25.317 0 0 D mv2112_update_link: 3.0x8109(100M): 0x0
01-01 08:12:25.317 0 0 D mv2112_update_link: link 0x0
01-01 08:12:25.317 0 0 D mv2112_read_status: autoneg is disabled
01-01 08:12:25.566 0 0 I init : starting service 'qvrd_vndr'...
01-01 08:12:25.567 0 0 I init : Created socket '/dev/socket/qvrservice_vndr', mode 660, user 1000, group 1000
01-01 08:12:25.567 0 0 I init : Created socket '/dev/socket/qvrservice_vndr_camera', mode 660, user 1000, group 1000
01-01 08:12:25.577 0 0 I init : starting service 'sxrd'...
01-01 08:12:25.587 0 0 I init : starting service 'vendor.audio-hal'...
01-01 08:12:25.583 21081 21081 F linker : CANNOT LINK EXECUTABLE "/vendor/bin/hw/qvrservice": library "vendor.qti.hardware.qxr-V1-ndk_platform.so" not found: needed by /vendor/lib64/libqvrservice.so in namespace (default)
01-01 08:12:25.587 21082 21082 F linker : CANNOT LINK EXECUTABLE "/vendor/bin/hw/sxrservice": library "vendor.qti.hardware.qxr-V1-ndk_platform.so" not found: needed by main executable
01-01 08:12:25.596 0 0 I init : Service 'qvrd_vndr' (pid 21081) exited with status 1
01-01 08:12:25.596 0 0 I init : Sending signal 9 to service 'qvrd_vndr' (pid 21081) process group...
01-01 08:12:25.596 0 0 I libprocessgroup: Successfully killed process cgroup uid 1000 pid 21081 in 0ms
01-01 08:12:25.952 0 0 I binder : 21090:21090 ioctl 40046210 7fe84a0de4 returned -22
01-01 08:12:25.952 0 0 I binder : 21090:21090 ioctl 40046210 7fe84a0e04 returned -22
01-01 08:12:26.340 0 0 D : mv2112_read_status
01-01 08:12:26.341 0 0 D mv2112_update_link: 3.0x901(1G): 0x80
01-01 08:12:26.341 0 0 D mv2112_update_link: 3.0x8109(100M): 0x0
01-01 08:12:26.341 0 0 D mv2112_update_link: link 0x0
01-01 08:12:26.341 0 0 D mv2112_read_status: autoneg is disabled
01-01 08:12:26.443 0 0 E : msm_qti_pp_get_rms_value_control, back not active to query rms be_idx:3
01-01 08:12:26.464 0 0 I core_get_license_status: cmdrsp_license_result.result = 0x15 for module 0x131ff
01-01 08:12:26.465 0 0 E msm_ext_disp_update_audio_ops: Display not found (EXT_DISPLAY_TYPE_DP) ctld (0) stream (0)
01-01 08:12:26.475 0 0 E msm_ext_disp_update_audio_ops: Display not found (EXT_DISPLAY_TYPE_HDMI) ctld (0) stream (0)
01-01 08:12:26.486 0 0 E msm_ext_disp_update_audio_ops: Display not found (EXT_DISPLAY_TYPE_DP) ctld (0) stream (0)
01-01 08:12:26.496 0 0 E msm_ext_disp_update_audio_ops: Display not found (EXT_DISPLAY_TYPE_DP) ctld (0) stream (0)
01-01 08:12:26.506 0 0 E msm_ext_disp_update_audio_ops: Display not found (EXT_DISPLAY_TYPE_DP) ctld (0) stream (0)
01-01 08:12:26.516 0 0 E msm-ext-disp-audio-codec-rx soc: qcom,msm-ext-disp:qcom,msm-ext-disp-audio-codec-rx: msm_ext_disp_audio_type_get: get_audio_edid_blk() or get_intf_id is NULL
01-01 08:12:26.532 0 0 E msm_ext_disp_update_audio_ops: Display not found (EXT_DISPLAY_TYPE_DP) ctld (0) stream (0)
01-01 08:12:26.542 0 0 E msm-ext-disp-audio-codec-rx soc: qcom,msm-ext-disp:qcom,msm-ext-disp-audio-codec-rx: msm_ext_disp_audio_type_get: get_audio_edid_blk() or get_intf_id is NULL
01-01 08:12:26.558 0 0 E msm_ext_disp_update_audio_ops: Display not found (EXT_DISPLAY_TYPE_DP) ctld (0) stream (0)
01-01 08:12:26.567 0 0 E msm-ext-disp-audio-codec-rx soc: qcom,msm-ext-disp:qcom,msm-ext-disp-audio-codec-rx: msm_ext_disp_audio_type_get: get_audio_edid_blk() or get_intf_id is NULL
01-01 08:12:26.585 0 0 E msm-ext-disp-audio-codec-rx soc: qcom,msm-ext-disp:qcom,msm-ext-disp-audio-codec-rx: msm_ext_disp_audio_device_get: invalid dai id: 4
01-01 08:12:26.655 0 0 E : msm_pcm_volume_ctl_get substream not found
01-01 08:12:27.005 0 0 E : msm_qti_pp_get_rms_value_control, back not active to query rms be_idx:3
01-01 08:12:27.025 0 0 I core_get_license_status: cmdrsp_license_result.result = 0x15 for module 0x131ff
01-01 08:12:27.026 0 0 E msm_ext_disp_update_audio_ops: Display not found (EXT_DISPLAY_TYPE_DP) ctld (0) stream (0)
01-01 08:12:27.036 0 0 E msm_ext_disp_update_audio_ops: Display not found (EXT_DISPLAY_TYPE_HDMI) ctld (0) stream (0)
01-01 08:12:27.046 0 0 E msm_ext_disp_update_audio_ops: Display not found (EXT_DISPLAY_TYPE_DP) ctld (0) stream (0)
01-01 08:12:27.055 0 0 E msm_ext_disp_update_audio_ops: Display not found (EXT_DISPLAY_TYPE_DP) ctld (0) stream (0)
01-01 08:12:27.066 0 0 E msm_ext_disp_update_audio_ops: Display not found (EXT_DISPLAY_TYPE_DP) ctld (0) stream (0)
01-01 08:12:27.075 0 0 E msm-ext-disp-audio-codec-rx soc: qcom,msm-ext-disp:qcom,msm-ext-disp-audio-codec-rx: msm_ext_disp_audio_type_get: get_audio_edid_blk() or get_intf_id is NULL
01-01 08:12:27.092 0 0 E msm_ext_disp_update_audio_ops: Display not found (EXT_DISPLAY_TYPE_DP) ctld (0) stream (0)
01-01 08:12:27.101 0 0 E msm-ext-disp-audio-codec-rx soc: qcom,msm-ext-disp:qcom,msm-ext-disp-audio-codec-rx: msm_ext_disp_audio_type_get: get_audio_edid_blk() or get_intf_id is NULL
01-01 08:12:27.117 0 0 E msm_ext_disp_update_audio_ops: Display not found (EXT_DISPLAY_TYPE_DP) ctld (0) stream (0)
01-01 08:12:27.127 0 0 E msm-ext-disp-audio-codec-rx soc: qcom,msm-ext-disp:qcom,msm-ext-disp-audio-codec-rx: msm_ext_disp_audio_type_get: get_audio_edid_blk() or get_intf_id is NULL
01-01 08:12:27.144 0 0 E msm-ext-disp-audio-codec-rx soc: qcom,msm-ext-disp:qcom,msm-ext-disp-audio-codec-rx: msm_ext_disp_audio_device_get: invalid dai id: 4
01-01 08:12:27.196 0 0 I binder : 21120:21120 ioctl 40046210 7fc0cb14e4 returned -22
01-01 08:12:27.202 0 0 E : msm_pcm_volume_ctl_get substream not found
01-01 08:12:27.208 0 0 I binder : 21116:21116 ioctl 40046210 7fd1ae6304 returned -22
01-01 08:12:27.212 0 0 I binder : 21116:21116 ioctl 40046210 7fd1ae6514 returned -22
01-01 08:12:27.364 0 0 D : mv2112_read_status
01-01 08:12:27.365 0 0 D mv2112_update_link: 3.0x901(1G): 0x80
01-01 08:12:27.365 0 0 D mv2112_update_link: 3.0x8109(100M): 0x0
01-01 08:12:27.365 0 0 D mv2112_update_link: link 0x0
01-01 08:12:27.365 0 0 D mv2112_read_status: autoneg is disabled
01-01 08:12:27.507 0 0 I binder : 21120:21120 ioctl 40046210 7fc0cb0be4 returned -22
01-01 08:12:27.705 21120 21120 E AndroidRuntime: *** FATAL EXCEPTION IN SYSTEM PROCESS: main
01-01 08:12:27.705 21120 21120 E AndroidRuntime: java.lang.NullPointerException: Attempt to read from field 'java.lang.String com.android.server.pm.Settings$VersionInfo.fingerprint' on a null object reference
01-01 08:12:27.705 21120 21120 E AndroidRuntime: at com.android.server.pm.PackageManagerService.(PackageManagerService.java:7608)
01-01 08:12:27.705 21120 21120 E AndroidRuntime: at com.android.server.pm.PackageManagerService.main(PackageManagerService.java:7116)
01-01 08:12:27.705 21120 21120 E AndroidRuntime: at com.android.server.SystemServer.startBootstrapServices(SystemServer.java:1168)
01-01 08:12:27.705 21120 21120 E AndroidRuntime: at com.android.server.SystemServer.run(SystemServer.java:882)
01-01 08:12:27.705 21120 21120 E AndroidRuntime: at com.android.server.SystemServer.main(SystemServer.java:615)
01-01 08:12:27.705 21120 21120 E AndroidRuntime: at java.lang.reflect.Method.invoke(Native Method)
01-01 08:12:27.705 21120 21120 E AndroidRuntime: at com.android.internal.os.RuntimeInit$MethodAndArgsCaller.run(RuntimeInit.java:548)
01-01 08:12:27.705 21120 21120 E AndroidRuntime: at com.android.internal.os.ZygoteInit.main(ZygoteInit.java:987)
01-01 08:12:27.706 21120 21120 E AndroidRuntime: Error reporting crash
01-01 08:12:27.706 21120 21120 E AndroidRuntime: java.lang.NullPointerException: Attempt to invoke interface method 'void android.app.IActivityManager.handleApplicationCrash(android.os.IBinder, android.app.ApplicationErrorReport$ParcelableCrashInfo)' on a null object reference
01-01 08:12:27.706 21120 21120 E AndroidRuntime: at com.android.internal.os.RuntimeInit$KillApplicationHandler.uncaughtException(RuntimeInit.java:156)
01-01 08:12:27.706 21120 21120 E AndroidRuntime: at java.lang.ThreadGroup.uncaughtException(ThreadGroup.java:1073)
01-01 08:12:27.706 21120 21120 E AndroidRuntime: at java.lang.ThreadGroup.uncaughtException(ThreadGroup.java:1068)
01-01 08:12:27.706 21120 21120 E AndroidRuntime: at java.lang.Thread.dispatchUncaughtException(Thread.java:2200)
01-01 08:12:27.861 0 0 I binder : 21204:21204 ioctl 40046210 7fd4e7f594 returned -22
01-01 08:12:27.861 0 0 D ProcessState: Binder ioctl to enable oneway spam detection failed: Invalid argument
01-01 08:12:27.862 0 0 D vdc : Waited 0ms for vold
01-01 08:12:28.388 0 0 D : mv2112_read_status
01-01 08:12:28.389 0 0 D mv2112_update_link: 3.0x901(1G): 0x80
01-01 08:12:28.389 0 0 D mv2112_update_link: 3.0x8109(100M): 0x0
01-01 08:12:28.389 0 0 D mv2112_update_link: link 0x0
01-01 08:12:28.389 0 0 D mv2112_read_status: autoneg is disabled
01-01 08:12:28.432 0 0 I binder : 21210:21210 ioctl 40046210 7fd3518e04 returned -22
01-01 08:12:28.434 0 0 I binder : 21210:21210 ioctl 40046210 7fd3518d84 returned -22
01-01 08:12:28.506 0 0 I binder : 21209:21209 ioctl 40046210 fff11cd8 returned -22
01-01 08:12:28.508 0 0 I binder : 21209:21209 ioctl 40046210 fff11cc0 returned -22
01-01 08:12:28.881 0 0 I binder : 21208:21208 ioctl 40046210 7fd7a0b554 returned -22
01-01 08:12:28.883 0 0 I binder : 21208:21208 ioctl 40046210 7fd7a0b574 returned -22
01-01 08:12:29.412 0 0 D : mv2112_read_status
01-01 08:12:29.413 0 0 D mv2112_update_link: 3.0x901(1G): 0x80
01-01 08:12:29.413 0 0 D mv2112_update_link: 3.0x8109(100M): 0x0
01-01 08:12:29.413 0 0 D mv2112_update_link: link 0x0
01-01 08:12:29.413 0 0 D mv2112_read_status: autoneg is disabled
01-01 08:12:30.240 0 0 E init : Control message: Could not find 'android.frameworks.sensorservice@1.0::ISensorManager/default' for ctl.interface_start from pid: 517 (/system/bin/hwservicemanager)
01-01 08:12:30.257 0 0 E init : Control message: Could not find 'android.frameworks.sensorservice@1.0::ISensorManager/default' for ctl.interface_start from pid: 517 (/system/bin/hwservicemanager)
01-01 08:12:30.436 0 0 D : mv2112_read_status
01-01 08:12:30.437 0 0 D mv2112_update_link: 3.0x901(1G): 0x80
01-01 08:12:30.437 0 0 D mv2112_update_link: 3.0x8109(100M): 0x0
01-01 08:12:30.437 0 0 D mv2112_update_link: link 0x0
01-01 08:12:30.437 0 0 D mv2112_read_status: autoneg is disabled
01-01 08:12:30.574 0 0 I init : starting service 'qvrd_vndr'...
01-01 08:12:30.575 0 0 I init : Created socket '/dev/socket/qvrservice_vndr', mode 660, user 1000, group 1000
01-01 08:12:30.576 0 0 I init : Created socket '/dev/socket/qvrservice_vndr_camera', mode 660, user 1000, group 1000
01-01 08:12:30.585 0 0 I init : starting service 'sxrd'...
01-01 08:12:30.595 0 0 I init : starting service 'vendor.audio-hal'...
01-01 08:12:30.592 21222 21222 F linker : CANNOT LINK EXECUTABLE "/vendor/bin/hw/qvrservice": library "vendor.qti.hardware.qxr-V1-ndk_platform.so" not found: needed by /vendor/lib64/libqvrservice.so in namespace (default)
01-01 08:12:30.595 21223 21223 F linker : CANNOT LINK EXECUTABLE "/vendor/bin/hw/sxrservice": library "vendor.qti.hardware.qxr-V1-ndk_platform.so" not found: needed by main executable
01-01 08:12:30.603 0 0 I init : Service 'qvrd_vndr' (pid 21222) exited with status 1
01-01 08:12:30.603 0 0 I init : Sending signal 9 to service 'qvrd_vndr' (pid 21222) process group...
01-01 08:12:30.604 0 0 I libprocessgroup: Successfully killed process cgroup uid 1000 pid 21222 in 0ms
01-01 08:12:30.986 0 0 I binder : 21231:21231 ioctl 40046210 7ff03d9ec4 returned -22
01-01 08:12:30.986 0 0 I binder : 21231:21231 ioctl 40046210 7ff03d9ee4 returned -22
01-01 08:12:31.460 0 0 D : mv2112_read_status
01-01 08:12:31.461 0 0 D mv2112_update_link: 3.0x901(1G): 0x80
01-01 08:12:31.461 0 0 D mv2112_update_link: 3.0x8109(100M): 0x0
01-01 08:12:31.461 0 0 D mv2112_update_link: link 0x0
01-01 08:12:31.461 0 0 D mv2112_read_status: autoneg is disabled
01-01 08:12:31.803 0 0 E : msm_qti_pp_get_rms_value_control, back not active to query rms be_idx:3
01-01 08:12:31.833 0 0 I core_get_license_status: cmdrsp_license_result.result = 0x15 for module 0x131ff
01-01 08:12:31.834 0 0 E msm_ext_disp_update_audio_ops: Display not found (EXT_DISPLAY_TYPE_DP) ctld (0) stream (0)
01-01 08:12:31.844 0 0 E msm_ext_disp_update_audio_ops: Display not found (EXT_DISPLAY_TYPE_HDMI) ctld (0) stream (0)
01-01 08:12:31.853 0 0 E msm_ext_disp_update_audio_ops: Display not found (EXT_DISPLAY_TYPE_DP) ctld (0) stream (0)
01-01 08:12:31.863 0 0 E msm_ext_disp_update_audio_ops: Display not found (EXT_DISPLAY_TYPE_DP) ctld (0) stream (0)
01-01 08:12:31.873 0 0 E msm_ext_disp_update_audio_ops: Display not found (EXT_DISPLAY_TYPE_DP) ctld (0) stream (0)
01-01 08:12:31.883 0 0 E msm-ext-disp-audio-codec-rx soc: qcom,msm-ext-disp:qcom,msm-ext-disp-audio-codec-rx: msm_ext_disp_audio_type_get: get_audio_edid_blk() or get_intf_id is NULL
01-01 08:12:31.900 0 0 E msm_ext_disp_update_audio_ops: Display not found (EXT_DISPLAY_TYPE_DP) ctld (0) stream (0)
01-01 08:12:31.909 0 0 E msm-ext-disp-audio-codec-rx soc: qcom,msm-ext-disp:qcom,msm-ext-disp-audio-codec-rx: msm_ext_disp_audio_type_get: get_audio_edid_blk() or get_intf_id is NULL
01-01 08:12:31.925 0 0 E msm_ext_disp_update_audio_ops: Display not found (EXT_DISPLAY_TYPE_DP) ctld (0) stream (0)
01-01 08:12:31.935 0 0 E msm-ext-disp-audio-codec-rx soc: qcom,msm-ext-disp:qcom,msm-ext-disp-audio-codec-rx: msm_ext_disp_audio_type_get: get_audio_edid_blk() or get_intf_id is NULL
01-01 08:12:31.953 0 0 E msm-ext-disp-audio-codec-rx soc: qcom,msm-ext-disp:qcom,msm-ext-disp-audio-codec-rx: msm_ext_disp_audio_device_get: invalid dai id: 4
01-01 08:12:32.062 0 0 E : msm_pcm_volume_ctl_get substream not found
01-01 08:12:32.314 0 0 I binder : 21256:21256 ioctl 40046210 7ff5a30e24 returned -22
01-01 08:12:32.320 0 0 I binder : 21256:21256 ioctl 40046210 7ff5a31034 returned -22
01-01 08:12:32.418 0 0 I binder : 21263:21263 ioctl 40046210 7fe981e474 returned -22
01-01 08:12:32.460 0 0 E : msm_qti_pp_get_rms_value_control, back not active to query rms be_idx:3
01-01 08:12:32.484 0 0 D : mv2112_read_status
01-01 08:12:32.485 0 0 D mv2112_update_link: 3.0x901(1G): 0x80
01-01 08:12:32.485 0 0 D mv2112_update_link: 3.0x8109(100M): 0x0
01-01 08:12:32.485 0 0 D mv2112_update_link: link 0x0
01-01 08:12:32.485 0 0 D mv2112_read_status: autoneg is disabled
01-01 08:12:32.487 0 0 I core_get_license_status: cmdrsp_license_result.result = 0x15 for module 0x131ff
01-01 08:12:32.488 0 0 E msm_ext_disp_update_audio_ops: Display not found (EXT_DISPLAY_TYPE_DP) ctld (0) stream (0)
01-01 08:12:32.498 0 0 E msm_ext_disp_update_audio_ops: Display not found (EXT_DISPLAY_TYPE_HDMI) ctld (0) stream (0)
01-01 08:12:32.508 0 0 E msm_ext_disp_update_audio_ops: Display not found (EXT_DISPLAY_TYPE_DP) ctld (0) stream (0)
01-01 08:12:32.518 0 0 E msm_ext_disp_update_audio_ops: Display not found (EXT_DISPLAY_TYPE_DP) ctld (0) stream (0)
01-01 08:12:32.528 0 0 E msm_ext_disp_update_audio_ops: Display not found (EXT_DISPLAY_TYPE_DP) ctld (0) stream (0)
01-01 08:12:32.538 0 0 E msm-ext-disp-audio-codec-rx soc: qcom,msm-ext-disp:qcom,msm-ext-disp-audio-codec-rx: msm_ext_disp_audio_type_get: get_audio_edid_blk() or get_intf_id is NULL
01-01 08:12:32.554 0 0 E msm_ext_disp_update_audio_ops: Display not found (EXT_DISPLAY_TYPE_DP) ctld (0) stream (0)
01-01 08:12:32.563 0 0 E msm-ext-disp-audio-codec-rx soc: qcom,msm-ext-disp:qcom,msm-ext-disp-audio-codec-rx: msm_ext_disp_audio_type_get: get_audio_edid_blk() or get_intf_id is NULL
01-01 08:12:32.579 0 0 E msm_ext_disp_update_audio_ops: Display not found (EXT_DISPLAY_TYPE_DP) ctld (0) stream (0)
01-01 08:12:32.589 0 0 E msm-ext-disp-audio-codec-rx soc: qcom,msm-ext-disp:qcom,msm-ext-disp-audio-codec-rx: msm_ext_disp_audio_type_get: get_audio_edid_blk() or get_intf_id is NULL
01-01 08:12:32.606 0 0 E msm-ext-disp-audio-codec-rx soc: qcom,msm-ext-disp:qcom,msm-ext-disp-audio-codec-rx: msm_ext_disp_audio_device_get: invalid dai id: 4
01-01 08:12:32.664 0 0 E : msm_pcm_volume_ctl_get substream not found
01-01 08:12:32.764 0 0 I binder : 21263:21263 ioctl 40046210 7fe981db74 returned -22
01-01 08:12:32.956 21263 21263 E AndroidRuntime: *** FATAL EXCEPTION IN SYSTEM PROCESS: main
01-01 08:12:32.956 21263 21263 E AndroidRuntime: java.lang.NullPointerException: Attempt to read from field 'java.lang.String com.android.server.pm.Settings$VersionInfo.fingerprint' on a null object reference
01-01 08:12:32.956 21263 21263 E AndroidRuntime: at com.android.server.pm.PackageManagerService.(PackageManagerService.java:7608)
01-01 08:12:32.956 21263 21263 E AndroidRuntime: at com.android.server.pm.PackageManagerService.main(PackageManagerService.java:7116)
01-01 08:12:32.956 21263 21263 E AndroidRuntime: at com.android.server.SystemServer.startBootstrapServices(SystemServer.java:1168)
01-01 08:12:32.956 21263 21263 E AndroidRuntime: at com.android.server.SystemServer.run(SystemServer.java:882)
01-01 08:12:32.956 21263 21263 E AndroidRuntime: at com.android.server.SystemServer.main(SystemServer.java:615)
01-01 08:12:32.956 21263 21263 E AndroidRuntime: at java.lang.reflect.Method.invoke(Native Method)
01-01 08:12:32.956 21263 21263 E AndroidRuntime: at com.android.internal.os.RuntimeInit$MethodAndArgsCaller.run(RuntimeInit.java:548)
01-01 08:12:32.956 21263 21263 E AndroidRuntime: at com.android.internal.os.ZygoteInit.main(ZygoteInit.java:987)
01-01 08:12:32.957 21263 21263 E AndroidRuntime: Error reporting crash
01-01 08:12:32.957 21263 21263 E AndroidRuntime: java.lang.NullPointerException: Attempt to invoke interface method 'void android.app.IActivityManager.handleApplicationCrash(android.os.IBinder, android.app.ApplicationErrorReport$ParcelableCrashInfo)' on a null object reference
01-01 08:12:32.957 21263 21263 E AndroidRuntime: at com.android.internal.os.RuntimeInit$KillApplicationHandler.uncaughtException(RuntimeInit.java:156)
01-01 08:12:32.957 21263 21263 E AndroidRuntime: at java.lang.ThreadGroup.uncaughtException(ThreadGroup.java:1073)
01-01 08:12:32.957 21263 21263 E AndroidRuntime: at java.lang.ThreadGroup.uncaughtException(ThreadGroup.java:1068)
01-01 08:12:32.957 21263 21263 E AndroidRuntime: at java.lang.Thread.dispatchUncaughtException(Thread.java:2200)
01-01 08:12:33.102 0 0 I binder : undelivered TRANSACTION_COMPLETE
01-01 08:12:33.102 0 0 I binder : undelivered transaction 299332, process died.
01-01 08:12:33.109 0 0 I binder : 21329:21329 ioctl 40046210 7ffa111224 returned -22
01-01 08:12:33.109 0 0 D ProcessState: Binder ioctl to enable oneway spam detection failed: Invalid argument
01-01 08:12:33.110 0 0 D vdc : Waited 0ms for vold
01-01 08:12:33.436 0 0 I binder : 21335:21335 ioctl 40046210 7fe69a3894 returned -22
01-01 08:12:33.437 0 0 I binder : 21335:21335 ioctl 40046210 7fe69a3814 returned -22
01-01 08:12:33.508 0 0 D : mv2112_read_status
01-01 08:12:33.509 0 0 D mv2112_update_link: 3.0x901(1G): 0x80
01-01 08:12:33.509 0 0 D mv2112_update_link: 3.0x8109(100M): 0x0
01-01 08:12:33.509 0 0 D mv2112_update_link: link 0x0
01-01 08:12:33.509 0 0 D mv2112_read_status: autoneg is disabled
01-01 08:12:33.521 0 0 I binder : 21334:21334 ioctl 40046210 ffb78288 returned -22
01-01 08:12:33.523 0 0 I binder : 21334:21334 ioctl 40046210 ffb78270 returned -22
01-01 08:12:33.894 0 0 I binder : 21333:21333 ioctl 40046210 7ffd0e99d4 returned -22
01-01 08:12:33.896 0 0 I binder : 21333:21333 ioctl 40046210 7ffd0e99f4 returned -22
01-01 08:12:34.532 0 0 D : mv2112_read_status
01-01 08:12:34.533 0 0 D mv2112_update_link: 3.0x901(1G): 0x80
01-01 08:12:34.533 0 0 D mv2112_update_link: 3.0x8109(100M): 0x0
01-01 08:12:34.533 0 0 D mv2112_update_link: link 0x0
01-01 08:12:34.533 0 0 D mv2112_read_status: autoneg is disabled
01-01 08:12:35.251 0 0 E init : Control message: Could not find 'android.frameworks.sensorservice@1.0::ISensorManager/default' for ctl.interface_start from pid: 517 (/system/bin/hwservicemanager)
01-01 08:12:35.269 0 0 E init : Control message: Could not find 'android.frameworks.sensorservice@1.0::ISensorManager/default' for ctl.interface_start from pid: 517 (/system/bin/hwservicemanager)
01-01 08:12:35.556 0 0 D : mv2112_read_status
01-01 08:12:35.557 0 0 D mv2112_update_link: 3.0x901(1G): 0x80
01-01 08:12:35.557 0 0 D mv2112_update_link: 3.0x8109(100M): 0x0
01-01 08:12:35.557 0 0 D mv2112_update_link: link 0x0
01-01 08:12:35.557 0 0 D mv2112_read_status: autoneg is disabled
01-01 08:12:35.583 0 0 I init : starting service 'qvrd_vndr'...
01-01 08:12:35.583 0 0 I init : Created socket '/dev/socket/qvrservice_vndr', mode 660, user 1000, group 1000
01-01 08:12:35.584 0 0 I init : Created socket '/dev/socket/qvrservice_vndr_camera', mode 660, user 1000, group 1000
01-01 08:12:35.593 0 0 I init : starting service 'sxrd'...
01-01 08:12:35.603 0 0 I init : starting service 'vendor.audio-hal'...
01-01 08:12:35.600 21349 21349 F linker : CANNOT LINK EXECUTABLE "/vendor/bin/hw/qvrservice": library "vendor.qti.hardware.qxr-V1-ndk_platform.so" not found: needed by /vendor/lib64/libqvrservice.so in namespace (default)
01-01 08:12:35.603 21350 21350 F linker : CANNOT LINK EXECUTABLE "/vendor/bin/hw/sxrservice": library "vendor.qti.hardware.qxr-V1-ndk_platform.so" not found: needed by main executable
01-01 08:12:35.612 0 0 I init : Service 'qvrd_vndr' (pid 21349) exited with status 1
01-01 08:12:35.612 0 0 I init : Sending signal 9 to service 'qvrd_vndr' (pid 21349) process group...
01-01 08:12:35.612 0 0 I libprocessgroup: Successfully killed process cgroup uid 1000 pid 21349 in 0ms
01-01 08:12:35.987 0 0 I binder : 21358:21358 ioctl 40046210 7fd7a4e3c4 returned -22
01-01 08:12:35.987 0 0 I binder : 21358:21358 ioctl 40046210 7fd7a4e3e4 returned -22
01-01 08:12:36.519 0 0 E : msm_qti_pp_get_rms_value_control, back not active to query rms be_idx:3
01-01 08:12:36.540 0 0 I core_get_license_status: cmdrsp_license_result.result = 0x15 for module 0x131ff
01-01 08:12:36.541 0 0 E msm_ext_disp_update_audio_ops: Display not found (EXT_DISPLAY_TYPE_DP) ctld (0) stream (0)
01-01 08:12:36.550 0 0 E msm_ext_disp_update_audio_ops: Display not found (EXT_DISPLAY_TYPE_HDMI) ctld (0) stream (0)
01-01 08:12:36.561 0 0 E msm_ext_disp_update_audio_ops: Display not found (EXT_DISPLAY_TYPE_DP) ctld (0) stream (0)
01-01 08:12:36.570 0 0 E msm_ext_disp_update_audio_ops: Display not found (EXT_DISPLAY_TYPE_DP) ctld (0) stream (0)
01-01 08:12:36.580 0 0 E msm_ext_disp_update_audio_ops: Display not found (EXT_DISPLAY_TYPE_DP) ctld (0) stream (0)
01-01 08:12:36.590 0 0 D : mv2112_read_status
01-01 08:12:36.590 0 0 D mv2112_update_link: 3.0x901(1G): 0x80
01-01 08:12:36.590 0 0 D mv2112_update_link: 3.0x8109(100M): 0x0
01-01 08:12:36.590 0 0 D mv2112_update_link: link 0x0
01-01 08:12:36.590 0 0 D mv2112_read_status: autoneg is disabled
01-01 08:12:36.590 0 0 E msm-ext-disp-audio-codec-rx soc: qcom,msm-ext-disp:qcom,msm-ext-disp-audio-codec-rx: msm_ext_disp_audio_type_get: get_audio_edid_blk() or get_intf_id is NULL
01-01 08:12:36.606 0 0 E msm_ext_disp_update_audio_ops: Display not found (EXT_DISPLAY_TYPE_DP) ctld (0) stream (0)
01-01 08:12:36.616 0 0 E msm-ext-disp-audio-codec-rx soc: qcom,msm-ext-disp:qcom,msm-ext-disp-audio-codec-rx: msm_ext_disp_audio_type_get: get_audio_edid_blk() or get_intf_id is NULL
01-01 08:12:36.632 0 0 E msm_ext_disp_update_audio_ops: Display not found (EXT_DISPLAY_TYPE_DP) ctld (0) stream (0)
01-01 08:12:36.641 0 0 E msm-ext-disp-audio-codec-rx soc: qcom,msm-ext-disp:qcom,msm-ext-disp-audio-codec-rx: msm_ext_disp_audio_type_get: get_audio_edid_blk() or get_intf_id is NULL
01-01 08:12:36.658 0 0 E msm-ext-disp-audio-codec-rx soc: qcom,msm-ext-disp:qcom,msm-ext-disp-audio-codec-rx: msm_ext_disp_audio_device_get: invalid dai id: 4
01-01 08:12:36.722 0 0 E : msm_pcm_volume_ctl_get substream not found
01-01 08:12:37.046 0 0 E : msm_qti_pp_get_rms_value_control, back not active to query rms be_idx:3
01-01 08:12:37.066 0 0 I core_get_license_status: cmdrsp_license_result.result = 0x15 for module 0x131ff
01-01 08:12:37.067 0 0 E msm_ext_disp_update_audio_ops: Display not found (EXT_DISPLAY_TYPE_DP) ctld (0) stream (0)
01-01 08:12:37.077 0 0 E msm_ext_disp_update_audio_ops: Display not found (EXT_DISPLAY_TYPE_HDMI) ctld (0) stream (0)
01-01 08:12:37.087 0 0 E msm_ext_disp_update_audio_ops: Display not found (EXT_DISPLAY_TYPE_DP) ctld (0) stream (0)
01-01 08:12:37.097 0 0 E msm_ext_disp_update_audio_ops: Display not found (EXT_DISPLAY_TYPE_DP) ctld (0) stream (0)
01-01 08:12:37.107 0 0 E msm_ext_disp_update_audio_ops: Display not found (EXT_DISPLAY_TYPE_DP) ctld (0) stream (0)
01-01 08:12:37.117 0 0 E msm-ext-disp-audio-codec-rx soc: qcom,msm-ext-disp:qcom,msm-ext-disp-audio-codec-rx: msm_ext_disp_audio_type_get: get_audio_edid_blk() or get_intf_id is NULL
01-01 08:12:37.133 0 0 E msm_ext_disp_update_audio_ops: Display not found (EXT_DISPLAY_TYPE_DP) ctld (0) stream (0)
01-01 08:12:37.142 0 0 E msm-ext-disp-audio-codec-rx soc: qcom,msm-ext-disp:qcom,msm-ext-disp-audio-codec-rx: msm_ext_disp_audio_type_get: get_audio_edid_blk() or get_intf_id is NULL
01-01 08:12:37.158 0 0 E msm_ext_disp_update_audio_ops: Display not found (EXT_DISPLAY_TYPE_DP) ctld (0) stream (0)
01-01 08:12:37.168 0 0 E msm-ext-disp-audio-codec-rx soc: qcom,msm-ext-disp:qcom,msm-ext-disp-audio-codec-rx: msm_ext_disp_audio_type_get: get_audio_edid_blk() or get_intf_id is NULL
01-01 08:12:37.185 0 0 E msm-ext-disp-audio-codec-rx soc: qcom,msm-ext-disp:qcom,msm-ext-disp-audio-codec-rx: msm_ext_disp_audio_device_get: invalid dai id: 4
01-01 08:12:37.222 0 0 I binder : 21388:21388 ioctl 40046210 7fe4e77aa4 returned -22
01-01 08:12:37.233 0 0 I binder : 21384:21384 ioctl 40046210 7fd16d73e4 returned -22
01-01 08:12:37.236 0 0 I binder : 21384:21384 ioctl 40046210 7fd16d75f4 returned -22
01-01 08:12:37.245 0 0 E : msm_pcm_volume_ctl_get substream not found
01-01 08:12:37.529 0 0 I binder : 21388:21388 ioctl 40046210 7fe4e771a4 returned -22
01-01 08:12:37.604 0 0 D : mv2112_read_status
01-01 08:12:37.605 0 0 D mv2112_update_link: 3.0x901(1G): 0x80
01-01 08:12:37.605 0 0 D mv2112_update_link: 3.0x8109(100M): 0x0
01-01 08:12:37.605 0 0 D mv2112_update_link: link 0x0
01-01 08:12:37.605 0 0 D mv2112_read_status: autoneg is disabled
01-01 08:12:37.719 21388 21388 E AndroidRuntime: *** FATAL EXCEPTION IN SYSTEM PROCESS: main
01-01 08:12:37.719 21388 21388 E AndroidRuntime: java.lang.NullPointerException: Attempt to read from field 'java.lang.String com.android.server.pm.Settings$VersionInfo.fingerprint' on a null object reference
01-01 08:12:37.719 21388 21388 E AndroidRuntime: at com.android.server.pm.PackageManagerService.(PackageManagerService.java:7608)
01-01 08:12:37.719 21388 21388 E AndroidRuntime: at com.android.server.pm.PackageManagerService.main(PackageManagerService.java:7116)
01-01 08:12:37.719 21388 21388 E AndroidRuntime: at com.android.server.SystemServer.startBootstrapServices(SystemServer.java:1168)
01-01 08:12:37.719 21388 21388 E AndroidRuntime: at com.android.server.SystemServer.run(SystemServer.java:882)
01-01 08:12:37.719 21388 21388 E AndroidRuntime: at com.android.server.SystemServer.main(SystemServer.java:615)
01-01 08:12:37.719 21388 21388 E AndroidRuntime: at java.lang.reflect.Method.invoke(Native Method)
01-01 08:12:37.719 21388 21388 E AndroidRuntime: at com.android.internal.os.RuntimeInit$MethodAndArgsCaller.run(RuntimeInit.java:548)
01-01 08:12:37.719 21388 21388 E AndroidRuntime: at com.android.internal.os.ZygoteInit.main(ZygoteInit.java:987)
01-01 08:12:37.719 21388 21388 E AndroidRuntime: Error reporting crash
01-01 08:12:37.719 21388 21388 E AndroidRuntime: java.lang.NullPointerException: Attempt to invoke interface method 'void android.app.IActivityManager.handleApplicationCrash(android.os.IBinder, android.app.ApplicationErrorReport$ParcelableCrashInfo)' on a null object reference
01-01 08:12:37.719 21388 21388 E AndroidRuntime: at com.android.internal.os.RuntimeInit$KillApplicationHandler.uncaughtException(RuntimeInit.java:156)
01-01 08:12:37.719 21388 21388 E AndroidRuntime: at java.lang.ThreadGroup.uncaughtException(ThreadGroup.java:1073)
01-01 08:12:37.719 21388 21388 E AndroidRuntime: at java.lang.ThreadGroup.uncaughtException(ThreadGroup.java:1068)
01-01 08:12:37.719 21388 21388 E AndroidRuntime: at java.lang.Thread.dispatchUncaughtException(Thread.java:2200)
01-01 08:12:37.877 0 0 I binder : 21464:21464 ioctl 40046210 7fd16a7914 returned -22
01-01 08:12:37.877 0 0 D ProcessState: Binder ioctl to enable oneway spam detection failed: Invalid argument
01-01 08:12:37.878 0 0 D vdc : Waited 0ms for vold
01-01 08:12:38.445 0 0 I binder : 21471:21471 ioctl 40046210 7fe093a864 returned -22
01-01 08:12:38.447 0 0 I binder : 21471:21471 ioctl 40046210 7fe093a7e4 returned -22
01-01 08:12:38.521 0 0 I binder : 21470:21470 ioctl 40046210 fff285a8 returned -22
01-01 08:12:38.523 0 0 I binder : 21470:21470 ioctl 40046210 fff28590 returned -22
01-01 08:12:38.628 0 0 D : mv2112_read_status
01-01 08:12:38.629 0 0 D mv2112_update_link: 3.0x901(1G): 0x80
01-01 08:12:38.629 0 0 D mv2112_update_link: 3.0x8109(100M): 0x0
01-01 08:12:38.629 0 0 D mv2112_update_link: link 0x0
