01-01 08:13:02.764 22086 22086 E AndroidRuntime: at com.android.server.SystemServer.run(SystemServer.java:882)
01-01 08:13:02.764 22086 22086 E AndroidRuntime: at com.android.server.SystemServer.main(SystemServer.java:615)
01-01 08:13:02.764 22086 22086 E AndroidRuntime: at java.lang.reflect.Method.invoke(Native Method)
01-01 08:13:02.764 22086 22086 E AndroidRuntime: at com.android.internal.os.RuntimeInit$MethodAndArgsCaller.run(RuntimeInit.java:548)
01-01 08:13:02.764 22086 22086 E AndroidRuntime: at com.android.internal.os.ZygoteInit.main(ZygoteInit.java:987)
01-01 08:13:02.765 22086 22086 E AndroidRuntime: Error reporting crash
01-01 08:13:02.765 22086 22086 E AndroidRuntime: java.lang.NullPointerException: Attempt to invoke interface method 'void android.app.IActivityManager.handleApplicationCrash(android.os.IBinder, android.app.ApplicationErrorReport$ParcelableCrashInfo)' on a null object reference
01-01 08:13:02.765 22086 22086 E AndroidRuntime: at com.android.internal.os.RuntimeInit$KillApplicationHandler.uncaughtException(RuntimeInit.java:156)
01-01 08:13:02.765 22086 22086 E AndroidRuntime: at java.lang.ThreadGroup.uncaughtException(ThreadGroup.java:1073)
01-01 08:13:02.765 22086 22086 E AndroidRuntime: at java.lang.ThreadGroup.uncaughtException(ThreadGroup.java:1068)
01-01 08:13:02.765 22086 22086 E AndroidRuntime: at java.lang.Thread.dispatchUncaughtException(Thread.java:2200)
01-01 08:13:02.909 0 0 I binder : 22170:22170 ioctl 40046210 7ffd0afc04 returned -22
01-01 08:13:02.909 0 0 D ProcessState: Binder ioctl to enable oneway spam detection failed: Invalid argument
01-01 08:13:02.910 0 0 D vdc : Waited 0ms for vold
01-01 08:13:03.268 0 0 D : mv2112_read_status
01-01 08:13:03.269 0 0 D mv2112_update_link: 3.0x901(1G): 0x80
01-01 08:13:03.269 0 0 D mv2112_update_link: 3.0x8109(100M): 0x0
01-01 08:13:03.269 0 0 D mv2112_update_link: link 0x0
01-01 08:13:03.269 0 0 D mv2112_read_status: autoneg is disabled
01-01 08:13:03.481 0 0 I binder : 22176:22176 ioctl 40046210 7fde0aa4a4 returned -22
01-01 08:13:03.483 0 0 I binder : 22176:22176 ioctl 40046210 7fde0aa424 returned -22
01-01 08:13:03.559 0 0 I binder : 22175:22175 ioctl 40046210 fff695a8 returned -22
01-01 08:13:03.561 0 0 I binder : 22175:22175 ioctl 40046210 fff69590 returned -22
01-01 08:13:03.934 0 0 I binder : 22174:22174 ioctl 40046210 7fe0c99b04 returned -22
01-01 08:13:03.936 0 0 I binder : 22174:22174 ioctl 40046210 7fe0c99b24 returned -22
01-01 08:13:04.292 0 0 D : mv2112_read_status
01-01 08:13:04.293 0 0 D mv2112_update_link: 3.0x901(1G): 0x80
01-01 08:13:04.293 0 0 D mv2112_update_link: 3.0x8109(100M): 0x0
01-01 08:13:04.293 0 0 D mv2112_update_link: link 0x0
01-01 08:13:04.293 0 0 D mv2112_read_status: autoneg is disabled
01-01 08:13:05.302 0 0 E init : Control message: Could not find 'android.frameworks.sensorservice@1.0::ISensorManager/default' for ctl.interface_start from pid: 517 (/system/bin/hwservicemanager)
01-01 08:13:05.316 0 0 D : mv2112_read_status
01-01 08:13:05.319 0 0 D mv2112_update_link: 3.0x901(1G): 0x80
01-01 08:13:05.320 0 0 D mv2112_update_link: 3.0x8109(100M): 0x0
01-01 08:13:05.320 0 0 D mv2112_update_link: link 0x0
01-01 08:13:05.320 0 0 D mv2112_read_status: autoneg is disabled
01-01 08:13:05.320 0 0 E init : Control message: Could not find 'android.frameworks.sensorservice@1.0::ISensorManager/default' for ctl.interface_start from pid: 517 (/system/bin/hwservicemanager)
01-01 08:13:05.633 0 0 I init : starting service 'qvrd_vndr'...
01-01 08:13:05.633 0 0 I init : Created socket '/dev/socket/qvrservice_vndr', mode 660, user 1000, group 1000
01-01 08:13:05.634 0 0 I init : Created socket '/dev/socket/qvrservice_vndr_camera', mode 660, user 1000, group 1000
01-01 08:13:05.645 0 0 I init : starting service 'sxrd'...
01-01 08:13:05.654 0 0 I init : starting service 'vendor.audio-hal'...
01-01 08:13:05.651 22188 22188 F linker : CANNOT LINK EXECUTABLE "/vendor/bin/hw/qvrservice": library "vendor.qti.hardware.qxr-V1-ndk_platform.so" not found: needed by /vendor/lib64/libqvrservice.so in namespace (default)
01-01 08:13:05.655 22189 22189 F linker : CANNOT LINK EXECUTABLE "/vendor/bin/hw/sxrservice": library "vendor.qti.hardware.qxr-V1-ndk_platform.so" not found: needed by main executable
01-01 08:13:05.664 0 0 I init : Service 'qvrd_vndr' (pid 22188) exited with status 1
01-01 08:13:05.664 0 0 I init : Sending signal 9 to service 'qvrd_vndr' (pid 22188) process group...
01-01 08:13:05.664 0 0 I libprocessgroup: Successfully killed process cgroup uid 1000 pid 22188 in 0ms
01-01 08:13:06.042 0 0 I binder : 22197:22197 ioctl 40046210 7fdfc93924 returned -22
01-01 08:13:06.042 0 0 I binder : 22197:22197 ioctl 40046210 7fdfc93944 returned -22
01-01 08:13:06.340 0 0 D : mv2112_read_status
01-01 08:13:06.341 0 0 D mv2112_update_link: 3.0x901(1G): 0x80
01-01 08:13:06.341 0 0 D mv2112_update_link: 3.0x8109(100M): 0x0
01-01 08:13:06.341 0 0 D mv2112_update_link: link 0x0
01-01 08:13:06.341 0 0 D mv2112_read_status: autoneg is disabled
01-01 08:13:06.602 0 0 E : msm_qti_pp_get_rms_value_control, back not active to query rms be_idx:3
01-01 08:13:06.623 0 0 I core_get_license_status: cmdrsp_license_result.result = 0x15 for module 0x131ff
01-01 08:13:06.623 0 0 E msm_ext_disp_update_audio_ops: Display not found (EXT_DISPLAY_TYPE_DP) ctld (0) stream (0)
01-01 08:13:06.633 0 0 E msm_ext_disp_update_audio_ops: Display not found (EXT_DISPLAY_TYPE_HDMI) ctld (0) stream (0)
01-01 08:13:06.643 0 0 E msm_ext_disp_update_audio_ops: Display not found (EXT_DISPLAY_TYPE_DP) ctld (0) stream (0)
01-01 08:13:06.653 0 0 E msm_ext_disp_update_audio_ops: Display not found (EXT_DISPLAY_TYPE_DP) ctld (0) stream (0)
01-01 08:13:06.663 0 0 E msm_ext_disp_update_audio_ops: Display not found (EXT_DISPLAY_TYPE_DP) ctld (0) stream (0)
01-01 08:13:06.672 0 0 E msm-ext-disp-audio-codec-rx soc: qcom,msm-ext-disp:qcom,msm-ext-disp-audio-codec-rx: msm_ext_disp_audio_type_get: get_audio_edid_blk() or get_intf_id is NULL
01-01 08:13:06.688 0 0 E msm_ext_disp_update_audio_ops: Display not found (EXT_DISPLAY_TYPE_DP) ctld (0) stream (0)
01-01 08:13:06.698 0 0 E msm-ext-disp-audio-codec-rx soc: qcom,msm-ext-disp:qcom,msm-ext-disp-audio-codec-rx: msm_ext_disp_audio_type_get: get_audio_edid_blk() or get_intf_id is NULL
01-01 08:13:06.714 0 0 E msm_ext_disp_update_audio_ops: Display not found (EXT_DISPLAY_TYPE_DP) ctld (0) stream (0)
01-01 08:13:06.724 0 0 E msm-ext-disp-audio-codec-rx soc: qcom,msm-ext-disp:qcom,msm-ext-disp-audio-codec-rx: msm_ext_disp_audio_type_get: get_audio_edid_blk() or get_intf_id is NULL
01-01 08:13:06.741 0 0 E msm-ext-disp-audio-codec-rx soc: qcom,msm-ext-disp:qcom,msm-ext-disp-audio-codec-rx: msm_ext_disp_audio_device_get: invalid dai id: 4
01-01 08:13:06.811 0 0 E : msm_pcm_volume_ctl_get substream not found
01-01 08:13:07.055 0 0 E : msm_qti_pp_get_rms_value_control, back not active to query rms be_idx:3
01-01 08:13:07.075 0 0 I core_get_license_status: cmdrsp_license_result.result = 0x15 for module 0x131ff
01-01 08:13:07.076 0 0 E msm_ext_disp_update_audio_ops: Display not found (EXT_DISPLAY_TYPE_DP) ctld (0) stream (0)
01-01 08:13:07.086 0 0 E msm_ext_disp_update_audio_ops: Display not found (EXT_DISPLAY_TYPE_HDMI) ctld (0) stream (0)
01-01 08:13:07.096 0 0 E msm_ext_disp_update_audio_ops: Display not found (EXT_DISPLAY_TYPE_DP) ctld (0) stream (0)
01-01 08:13:07.106 0 0 E msm_ext_disp_update_audio_ops: Display not found (EXT_DISPLAY_TYPE_DP) ctld (0) stream (0)
01-01 08:13:07.116 0 0 E msm_ext_disp_update_audio_ops: Display not found (EXT_DISPLAY_TYPE_DP) ctld (0) stream (0)
01-01 08:13:07.126 0 0 E msm-ext-disp-audio-codec-rx soc: qcom,msm-ext-disp:qcom,msm-ext-disp-audio-codec-rx: msm_ext_disp_audio_type_get: get_audio_edid_blk() or get_intf_id is NULL
01-01 08:13:07.142 0 0 E msm_ext_disp_update_audio_ops: Display not found (EXT_DISPLAY_TYPE_DP) ctld (0) stream (0)
01-01 08:13:07.151 0 0 E msm-ext-disp-audio-codec-rx soc: qcom,msm-ext-disp:qcom,msm-ext-disp-audio-codec-rx: msm_ext_disp_audio_type_get: get_audio_edid_blk() or get_intf_id is NULL
01-01 08:13:07.167 0 0 E msm_ext_disp_update_audio_ops: Display not found (EXT_DISPLAY_TYPE_DP) ctld (0) stream (0)
01-01 08:13:07.177 0 0 E msm-ext-disp-audio-codec-rx soc: qcom,msm-ext-disp:qcom,msm-ext-disp-audio-codec-rx: msm_ext_disp_audio_type_get: get_audio_edid_blk() or get_intf_id is NULL
01-01 08:13:07.194 0 0 E msm-ext-disp-audio-codec-rx soc: qcom,msm-ext-disp:qcom,msm-ext-disp-audio-codec-rx: msm_ext_disp_audio_device_get: invalid dai id: 4
01-01 08:13:07.259 0 0 E : msm_pcm_volume_ctl_get substream not found
01-01 08:13:07.259 0 0 I binder : 22225:22225 ioctl 40046210 7fd8e318c4 returned -22
01-01 08:13:07.312 0 0 I binder : 22223:22223 ioctl 40046210 7fdf5cad04 returned -22
01-01 08:13:07.316 0 0 I binder : 22223:22223 ioctl 40046210 7fdf5caf14 returned -22
01-01 08:13:07.364 0 0 D : mv2112_read_status
01-01 08:13:07.365 0 0 D mv2112_update_link: 3.0x901(1G): 0x80
01-01 08:13:07.365 0 0 D mv2112_update_link: 3.0x8109(100M): 0x0
01-01 08:13:07.365 0 0 D mv2112_update_link: link 0x0
01-01 08:13:07.365 0 0 D mv2112_read_status: autoneg is disabled
01-01 08:13:07.572 0 0 I binder : 22225:22225 ioctl 40046210 7fd8e30fc4 returned -22
01-01 08:13:07.762 22225 22225 E AndroidRuntime: *** FATAL EXCEPTION IN SYSTEM PROCESS: main
01-01 08:13:07.762 22225 22225 E AndroidRuntime: java.lang.NullPointerException: Attempt to read from field 'java.lang.String com.android.server.pm.Settings$VersionInfo.fingerprint' on a null object reference
01-01 08:13:07.762 22225 22225 E AndroidRuntime: at com.android.server.pm.PackageManagerService.(PackageManagerService.java:7608)
01-01 08:13:07.762 22225 22225 E AndroidRuntime: at com.android.server.pm.PackageManagerService.main(PackageManagerService.java:7116)
01-01 08:13:07.762 22225 22225 E AndroidRuntime: at com.android.server.SystemServer.startBootstrapServices(SystemServer.java:1168)
01-01 08:13:07.762 22225 22225 E AndroidRuntime: at com.android.server.SystemServer.run(SystemServer.java:882)
01-01 08:13:07.762 22225 22225 E AndroidRuntime: at com.android.server.SystemServer.main(SystemServer.java:615)
01-01 08:13:07.762 22225 22225 E AndroidRuntime: at java.lang.reflect.Method.invoke(Native Method)
01-01 08:13:07.762 22225 22225 E AndroidRuntime: at com.android.internal.os.RuntimeInit$MethodAndArgsCaller.run(RuntimeInit.java:548)
01-01 08:13:07.762 22225 22225 E AndroidRuntime: at com.android.internal.os.ZygoteInit.main(ZygoteInit.java:987)
01-01 08:13:07.763 22225 22225 E AndroidRuntime: Error reporting crash
01-01 08:13:07.763 22225 22225 E AndroidRuntime: java.lang.NullPointerException: Attempt to invoke interface method 'void android.app.IActivityManager.handleApplicationCrash(android.os.IBinder, android.app.ApplicationErrorReport$ParcelableCrashInfo)' on a null object reference
01-01 08:13:07.763 22225 22225 E AndroidRuntime: at com.android.internal.os.RuntimeInit$KillApplicationHandler.uncaughtException(RuntimeInit.java:156)
01-01 08:13:07.763 22225 22225 E AndroidRuntime: at java.lang.ThreadGroup.uncaughtException(ThreadGroup.java:1073)
01-01 08:13:07.763 22225 22225 E AndroidRuntime: at java.lang.ThreadGroup.uncaughtException(ThreadGroup.java:1068)
01-01 08:13:07.763 22225 22225 E AndroidRuntime: at java.lang.Thread.dispatchUncaughtException(Thread.java:2200)
01-01 08:13:07.914 0 0 I binder : 22309:22309 ioctl 40046210 7fed39b2d4 returned -22
01-01 08:13:07.914 0 0 D ProcessState: Binder ioctl to enable oneway spam detection failed: Invalid argument
01-01 08:13:07.915 0 0 D vdc : Waited 0ms for vold
01-01 08:13:08.388 0 0 D : mv2112_read_status
01-01 08:13:08.389 0 0 D mv2112_update_link: 3.0x901(1G): 0x80
01-01 08:13:08.389 0 0 D mv2112_update_link: 3.0x8109(100M): 0x0
01-01 08:13:08.389 0 0 D mv2112_update_link: link 0x0
01-01 08:13:08.389 0 0 D mv2112_read_status: autoneg is disabled
01-01 08:13:08.489 0 0 I binder : 22315:22315 ioctl 40046210 7fcbee2da4 returned -22
01-01 08:13:08.490 0 0 I binder : 22315:22315 ioctl 40046210 7fcbee2d24 returned -22
01-01 08:13:08.565 0 0 I binder : 22314:22314 ioctl 40046210 ffba0658 returned -22
01-01 08:13:08.567 0 0 I binder : 22314:22314 ioctl 40046210 ffba0640 returned -22
01-01 08:13:08.944 0 0 I binder : 22313:22313 ioctl 40046210 7fee10fce4 returned -22
01-01 08:13:08.946 0 0 I binder : 22313:22313 ioctl 40046210 7fee10fd04 returned -22
01-01 08:13:09.412 0 0 D : mv2112_read_status
01-01 08:13:09.413 0 0 D mv2112_update_link: 3.0x901(1G): 0x80
01-01 08:13:09.413 0 0 D mv2112_update_link: 3.0x8109(100M): 0x0
01-01 08:13:09.413 0 0 D mv2112_update_link: link 0x0
01-01 08:13:09.413 0 0 D mv2112_read_status: autoneg is disabled
01-01 08:13:10.308 0 0 E init : Control message: Could not find 'android.frameworks.sensorservice@1.0::ISensorManager/default' for ctl.interface_start from pid: 517 (/system/bin/hwservicemanager)
01-01 08:13:10.325 0 0 E init : Control message: Could not find 'android.frameworks.sensorservice@1.0::ISensorManager/default' for ctl.interface_start from pid: 517 (/system/bin/hwservicemanager)
01-01 08:13:10.436 0 0 D : mv2112_read_status
01-01 08:13:10.437 0 0 D mv2112_update_link: 3.0x901(1G): 0x80
01-01 08:13:10.437 0 0 D mv2112_update_link: 3.0x8109(100M): 0x0
01-01 08:13:10.437 0 0 D mv2112_update_link: link 0x0
01-01 08:13:10.437 0 0 D mv2112_read_status: autoneg is disabled
01-01 08:13:10.642 0 0 I init : starting service 'qvrd_vndr'...
01-01 08:13:10.643 0 0 I init : Created socket '/dev/socket/qvrservice_vndr', mode 660, user 1000, group 1000
01-01 08:13:10.644 0 0 I init : Created socket '/dev/socket/qvrservice_vndr_camera', mode 660, user 1000, group 1000
01-01 08:13:10.655 0 0 I init : starting service 'sxrd'...
01-01 08:13:10.664 0 0 I init : starting service 'vendor.audio-hal'...
01-01 08:13:10.663 22327 22327 F linker : CANNOT LINK EXECUTABLE "/vendor/bin/hw/qvrservice": library "vendor.qti.hardware.qxr-V1-ndk_platform.so" not found: needed by /vendor/lib64/libqvrservice.so in namespace (default)
01-01 08:13:10.665 22328 22328 F linker : CANNOT LINK EXECUTABLE "/vendor/bin/hw/sxrservice": library "vendor.qti.hardware.qxr-V1-ndk_platform.so" not found: needed by main executable
01-01 08:13:10.674 0 0 I init : Service 'qvrd_vndr' (pid 22327) exited with status 1
01-01 08:13:10.674 0 0 I init : Sending signal 9 to service 'qvrd_vndr' (pid 22327) process group...
01-01 08:13:10.674 0 0 I libprocessgroup: Successfully killed process cgroup uid 1000 pid 22327 in 0ms
01-01 08:13:11.059 0 0 I binder : 22336:22336 ioctl 40046210 7fc833a704 returned -22
01-01 08:13:11.060 0 0 I binder : 22336:22336 ioctl 40046210 7fc833a724 returned -22
01-01 08:13:11.460 0 0 D : mv2112_read_status
01-01 08:13:11.461 0 0 D mv2112_update_link: 3.0x901(1G): 0x80
01-01 08:13:11.461 0 0 D mv2112_update_link: 3.0x8109(100M): 0x0
01-01 08:13:11.461 0 0 D mv2112_update_link: link 0x0
01-01 08:13:11.461 0 0 D mv2112_read_status: autoneg is disabled
01-01 08:13:11.546 0 0 E : msm_qti_pp_get_rms_value_control, back not active to query rms be_idx:3
01-01 08:13:11.568 0 0 I core_get_license_status: cmdrsp_license_result.result = 0x15 for module 0x131ff
01-01 08:13:11.569 0 0 E msm_ext_disp_update_audio_ops: Display not found (EXT_DISPLAY_TYPE_DP) ctld (0) stream (0)
01-01 08:13:11.578 0 0 E msm_ext_disp_update_audio_ops: Display not found (EXT_DISPLAY_TYPE_HDMI) ctld (0) stream (0)
01-01 08:13:11.588 0 0 E msm_ext_disp_update_audio_ops: Display not found (EXT_DISPLAY_TYPE_DP) ctld (0) stream (0)
01-01 08:13:11.598 0 0 E msm_ext_disp_update_audio_ops: Display not found (EXT_DISPLAY_TYPE_DP) ctld (0) stream (0)
01-01 08:13:11.608 0 0 E msm_ext_disp_update_audio_ops: Display not found (EXT_DISPLAY_TYPE_DP) ctld (0) stream (0)
01-01 08:13:11.618 0 0 E msm-ext-disp-audio-codec-rx soc: qcom,msm-ext-disp:qcom,msm-ext-disp-audio-codec-rx: msm_ext_disp_audio_type_get: get_audio_edid_blk() or get_intf_id is NULL
01-01 08:13:11.634 0 0 E msm_ext_disp_update_audio_ops: Display not found (EXT_DISPLAY_TYPE_DP) ctld (0) stream (0)
01-01 08:13:11.644 0 0 E msm-ext-disp-audio-codec-rx soc: qcom,msm-ext-disp:qcom,msm-ext-disp-audio-codec-rx: msm_ext_disp_audio_type_get: get_audio_edid_blk() or get_intf_id is NULL
01-01 08:13:11.660 0 0 E msm_ext_disp_update_audio_ops: Display not found (EXT_DISPLAY_TYPE_DP) ctld (0) stream (0)
01-01 08:13:11.670 0 0 E msm-ext-disp-audio-codec-rx soc: qcom,msm-ext-disp:qcom,msm-ext-disp-audio-codec-rx: msm_ext_disp_audio_type_get: get_audio_edid_blk() or get_intf_id is NULL
01-01 08:13:11.687 0 0 E msm-ext-disp-audio-codec-rx soc: qcom,msm-ext-disp:qcom,msm-ext-disp-audio-codec-rx: msm_ext_disp_audio_device_get: invalid dai id: 4
01-01 08:13:11.749 0 0 E : msm_pcm_volume_ctl_get substream not found
01-01 08:13:12.093 0 0 E : msm_qti_pp_get_rms_value_control, back not active to query rms be_idx:3
01-01 08:13:12.113 0 0 I core_get_license_status: cmdrsp_license_result.result = 0x15 for module 0x131ff
01-01 08:13:12.114 0 0 E msm_ext_disp_update_audio_ops: Display not found (EXT_DISPLAY_TYPE_DP) ctld (0) stream (0)
01-01 08:13:12.123 0 0 E msm_ext_disp_update_audio_ops: Display not found (EXT_DISPLAY_TYPE_HDMI) ctld (0) stream (0)
01-01 08:13:12.134 0 0 E msm_ext_disp_update_audio_ops: Display not found (EXT_DISPLAY_TYPE_DP) ctld (0) stream (0)
01-01 08:13:12.143 0 0 E msm_ext_disp_update_audio_ops: Display not found (EXT_DISPLAY_TYPE_DP) ctld (0) stream (0)
01-01 08:13:12.154 0 0 E msm_ext_disp_update_audio_ops: Display not found (EXT_DISPLAY_TYPE_DP) ctld (0) stream (0)
01-01 08:13:12.163 0 0 E msm-ext-disp-audio-codec-rx soc: qcom,msm-ext-disp:qcom,msm-ext-disp-audio-codec-rx: msm_ext_disp_audio_type_get: get_audio_edid_blk() or get_intf_id is NULL
01-01 08:13:12.179 0 0 E msm_ext_disp_update_audio_ops: Display not found (EXT_DISPLAY_TYPE_DP) ctld (0) stream (0)
01-01 08:13:12.189 0 0 E msm-ext-disp-audio-codec-rx soc: qcom,msm-ext-disp:qcom,msm-ext-disp-audio-codec-rx: msm_ext_disp_audio_type_get: get_audio_edid_blk() or get_intf_id is NULL
01-01 08:13:12.206 0 0 E msm_ext_disp_update_audio_ops: Display not found (EXT_DISPLAY_TYPE_DP) ctld (0) stream (0)
01-01 08:13:12.215 0 0 E msm-ext-disp-audio-codec-rx soc: qcom,msm-ext-disp:qcom,msm-ext-disp-audio-codec-rx: msm_ext_disp_audio_type_get: get_audio_edid_blk() or get_intf_id is NULL
01-01 08:13:12.232 0 0 E msm-ext-disp-audio-codec-rx soc: qcom,msm-ext-disp:qcom,msm-ext-disp-audio-codec-rx: msm_ext_disp_audio_device_get: invalid dai id: 4
01-01 08:13:12.288 0 0 I binder : 22363:22363 ioctl 40046210 7fc0032854 returned -22
01-01 08:13:12.291 0 0 E : msm_pcm_volume_ctl_get substream not found
01-01 08:13:12.305 0 0 I binder : 22362:22362 ioctl 40046210 7fdec6c2b4 returned -22
01-01 08:13:12.308 0 0 I binder : 22362:22362 ioctl 40046210 7fdec6c4c4 returned -22
01-01 08:13:12.484 0 0 D : mv2112_read_status
01-01 08:13:12.485 0 0 D mv2112_update_link: 3.0x901(1G): 0x80
01-01 08:13:12.485 0 0 D mv2112_update_link: 3.0x8109(100M): 0x0
01-01 08:13:12.485 0 0 D mv2112_update_link: link 0x0
01-01 08:13:12.485 0 0 D mv2112_read_status: autoneg is disabled
01-01 08:13:12.598 0 0 I binder : 22363:22363 ioctl 40046210 7fc0031f54 returned -22
01-01 08:13:12.788 22363 22363 E AndroidRuntime: *** FATAL EXCEPTION IN SYSTEM PROCESS: main
01-01 08:13:12.788 22363 22363 E AndroidRuntime: java.lang.NullPointerException: Attempt to read from field 'java.lang.String com.android.server.pm.Settings$VersionInfo.fingerprint' on a null object reference
01-01 08:13:12.788 22363 22363 E AndroidRuntime: at com.android.server.pm.PackageManagerService.(PackageManagerService.java:7608)
01-01 08:13:12.788 22363 22363 E AndroidRuntime: at com.android.server.pm.PackageManagerService.main(PackageManagerService.java:7116)
01-01 08:13:12.788 22363 22363 E AndroidRuntime: at com.android.server.SystemServer.startBootstrapServices(SystemServer.java:1168)
01-01 08:13:12.788 22363 22363 E AndroidRuntime: at com.android.server.SystemServer.run(SystemServer.java:882)
01-01 08:13:12.788 22363 22363 E AndroidRuntime: at com.android.server.SystemServer.main(SystemServer.java:615)
01-01 08:13:12.788 22363 22363 E AndroidRuntime: at java.lang.reflect.Method.invoke(Native Method)
01-01 08:13:12.788 22363 22363 E AndroidRuntime: at com.android.internal.os.RuntimeInit$MethodAndArgsCaller.run(RuntimeInit.java:548)
01-01 08:13:12.788 22363 22363 E AndroidRuntime: at com.android.internal.os.ZygoteInit.main(ZygoteInit.java:987)
01-01 08:13:12.788 22363 22363 E AndroidRuntime: Error reporting crash
01-01 08:13:12.788 22363 22363 E AndroidRuntime: java.lang.NullPointerException: Attempt to invoke interface method 'void android.app.IActivityManager.handleApplicationCrash(android.os.IBinder, android.app.ApplicationErrorReport$ParcelableCrashInfo)' on a null object reference
01-01 08:13:12.788 22363 22363 E AndroidRuntime: at com.android.internal.os.RuntimeInit$KillApplicationHandler.uncaughtException(RuntimeInit.java:156)
01-01 08:13:12.788 22363 22363 E AndroidRuntime: at java.lang.ThreadGroup.uncaughtException(ThreadGroup.java:1073)
01-01 08:13:12.788 22363 22363 E AndroidRuntime: at java.lang.ThreadGroup.uncaughtException(ThreadGroup.java:1068)
01-01 08:13:12.788 22363 22363 E AndroidRuntime: at java.lang.Thread.dispatchUncaughtException(Thread.java:2200)
01-01 08:13:12.941 0 0 I binder : 22448:22448 ioctl 40046210 7fc82435a4 returned -22
01-01 08:13:12.941 0 0 D ProcessState: Binder ioctl to enable oneway spam detection failed: Invalid argument
01-01 08:13:12.944 0 0 D vdc : Waited 0ms for vold
01-01 08:13:13.495 0 0 I binder : 22454:22454 ioctl 40046210 7ffc1dbbf4 returned -22
01-01 08:13:13.497 0 0 I binder : 22454:22454 ioctl 40046210 7ffc1dbb74 returned -22
01-01 08:13:13.508 0 0 D : mv2112_read_status
01-01 08:13:13.509 0 0 D mv2112_update_link: 3.0x901(1G): 0x80
01-01 08:13:13.509 0 0 D mv2112_update_link: 3.0x8109(100M): 0x0
01-01 08:13:13.509 0 0 D mv2112_update_link: link 0x0
01-01 08:13:13.509 0 0 D mv2112_read_status: autoneg is disabled
01-01 08:13:13.576 0 0 I binder : 22453:22453 ioctl 40046210 ff95cd08 returned -22
01-01 08:13:13.578 0 0 I binder : 22453:22453 ioctl 40046210 ff95ccf0 returned -22
01-01 08:13:13.939 0 0 I binder : 22452:22452 ioctl 40046210 7fee67d4b4 returned -22
01-01 08:13:13.941 0 0 I binder : 22452:22452 ioctl 40046210 7fee67d4d4 returned -22
01-01 08:13:14.532 0 0 D : mv2112_read_status
01-01 08:13:14.533 0 0 D mv2112_update_link: 3.0x901(1G): 0x80
01-01 08:13:14.533 0 0 D mv2112_update_link: 3.0x8109(100M): 0x0
01-01 08:13:14.533 0 0 D mv2112_update_link: link 0x0
01-01 08:13:14.533 0 0 D mv2112_read_status: autoneg is disabled
01-01 08:13:15.314 0 0 E init : Control message: Could not find 'android.frameworks.sensorservice@1.0::ISensorManager/default' for ctl.interface_start from pid: 517 (/system/bin/hwservicemanager)
01-01 08:13:15.331 0 0 E init : Control message: Could not find 'android.frameworks.sensorservice@1.0::ISensorManager/default' for ctl.interface_start from pid: 517 (/system/bin/hwservicemanager)
01-01 08:13:15.556 0 0 D : mv2112_read_status
01-01 08:13:15.557 0 0 D mv2112_update_link: 3.0x901(1G): 0x80
01-01 08:13:15.557 0 0 D mv2112_update_link: 3.0x8109(100M): 0x0
01-01 08:13:15.557 0 0 D mv2112_update_link: link 0x0
01-01 08:13:15.557 0 0 D mv2112_read_status: autoneg is disabled
01-01 08:13:15.651 0 0 I init : starting service 'qvrd_vndr'...
01-01 08:13:15.652 0 0 I init : Created socket '/dev/socket/qvrservice_vndr', mode 660, user 1000, group 1000
01-01 08:13:15.653 0 0 I init : Created socket '/dev/socket/qvrservice_vndr_camera', mode 660, user 1000, group 1000
01-01 08:13:15.662 0 0 I init : starting service 'sxrd'...
01-01 08:13:15.672 0 0 I init : starting service 'vendor.audio-hal'...
01-01 08:13:15.670 22466 22466 F linker : CANNOT LINK EXECUTABLE "/vendor/bin/hw/qvrservice": library "vendor.qti.hardware.qxr-V1-ndk_platform.so" not found: needed by /vendor/lib64/libqvrservice.so in namespace (default)
01-01 08:13:15.682 0 0 I init : Service 'qvrd_vndr' (pid 22466) exited with status 1
01-01 08:13:15.682 0 0 I init : Sending signal 9 to service 'qvrd_vndr' (pid 22466) process group...
01-01 08:13:15.683 0 0 I libprocessgroup: Successfully killed process cgroup uid 1000 pid 22466 in 0ms
01-01 08:13:15.679 22467 22467 F linker : CANNOT LINK EXECUTABLE "/vendor/bin/hw/sxrservice": library "vendor.qti.hardware.qxr-V1-ndk_platform.so" not found: needed by main executable
01-01 08:13:16.066 0 0 I binder : 22475:22475 ioctl 40046210 7fd50f6104 returned -22
01-01 08:13:16.066 0 0 I binder : 22475:22475 ioctl 40046210 7fd50f6124 returned -22
01-01 08:13:16.580 0 0 D : mv2112_read_status
01-01 08:13:16.581 0 0 D mv2112_update_link: 3.0x901(1G): 0x80
01-01 08:13:16.581 0 0 D mv2112_update_link: 3.0x8109(100M): 0x0
01-01 08:13:16.581 0 0 D mv2112_update_link: link 0x0
01-01 08:13:16.581 0 0 D mv2112_read_status: autoneg is disabled
01-01 08:13:16.603 0 0 E : msm_qti_pp_get_rms_value_control, back not active to query rms be_idx:3
01-01 08:13:16.624 0 0 I core_get_license_status: cmdrsp_license_result.result = 0x15 for module 0x131ff
01-01 08:13:16.625 0 0 E msm_ext_disp_update_audio_ops: Display not found (EXT_DISPLAY_TYPE_DP) ctld (0) stream (0)
01-01 08:13:16.635 0 0 E msm_ext_disp_update_audio_ops: Display not found (EXT_DISPLAY_TYPE_HDMI) ctld (0) stream (0)
01-01 08:13:16.645 0 0 E msm_ext_disp_update_audio_ops: Display not found (EXT_DISPLAY_TYPE_DP) ctld (0) stream (0)
01-01 08:13:16.655 0 0 E msm_ext_disp_update_audio_ops: Display not found (EXT_DISPLAY_TYPE_DP) ctld (0) stream (0)
01-01 08:13:16.665 0 0 E msm_ext_disp_update_audio_ops: Display not found (EXT_DISPLAY_TYPE_DP) ctld (0) stream (0)
01-01 08:13:16.675 0 0 E msm-ext-disp-audio-codec-rx soc: qcom,msm-ext-disp:qcom,msm-ext-disp-audio-codec-rx: msm_ext_disp_audio_type_get: get_audio_edid_blk() or get_intf_id is NULL
01-01 08:13:16.690 0 0 E msm_ext_disp_update_audio_ops: Display not found (EXT_DISPLAY_TYPE_DP) ctld (0) stream (0)
01-01 08:13:16.700 0 0 E msm-ext-disp-audio-codec-rx soc: qcom,msm-ext-disp:qcom,msm-ext-disp-audio-codec-rx: msm_ext_disp_audio_type_get: get_audio_edid_blk() or get_intf_id is NULL
01-01 08:13:16.716 0 0 E msm_ext_disp_update_audio_ops: Display not found (EXT_DISPLAY_TYPE_DP) ctld (0) stream (0)
01-01 08:13:16.726 0 0 E msm-ext-disp-audio-codec-rx soc: qcom,msm-ext-disp:qcom,msm-ext-disp-audio-codec-rx: msm_ext_disp_audio_type_get: get_audio_edid_blk() or get_intf_id is NULL
01-01 08:13:16.742 0 0 E msm-ext-disp-audio-codec-rx soc: qcom,msm-ext-disp:qcom,msm-ext-disp-audio-codec-rx: msm_ext_disp_audio_device_get: invalid dai id: 4
01-01 08:13:16.805 0 0 E : msm_pcm_volume_ctl_get substream not found
01-01 08:13:17.135 0 0 E : msm_qti_pp_get_rms_value_control, back not active to query rms be_idx:3
01-01 08:13:17.155 0 0 I core_get_license_status: cmdrsp_license_result.result = 0x15 for module 0x131ff
01-01 08:13:17.156 0 0 E msm_ext_disp_update_audio_ops: Display not found (EXT_DISPLAY_TYPE_DP) ctld (0) stream (0)
01-01 08:13:17.166 0 0 E msm_ext_disp_update_audio_ops: Display not found (EXT_DISPLAY_TYPE_HDMI) ctld (0) stream (0)
01-01 08:13:17.176 0 0 E msm_ext_disp_update_audio_ops: Display not found (EXT_DISPLAY_TYPE_DP) ctld (0) stream (0)
01-01 08:13:17.186 0 0 E msm_ext_disp_update_audio_ops: Display not found (EXT_DISPLAY_TYPE_DP) ctld (0) stream (0)
01-01 08:13:17.196 0 0 E msm_ext_disp_update_audio_ops: Display not found (EXT_DISPLAY_TYPE_DP) ctld (0) stream (0)
01-01 08:13:17.206 0 0 E msm-ext-disp-audio-codec-rx soc: qcom,msm-ext-disp:qcom,msm-ext-disp-audio-codec-rx: msm_ext_disp_audio_type_get: get_audio_edid_blk() or get_intf_id is NULL
01-01 08:13:17.222 0 0 E msm_ext_disp_update_audio_ops: Display not found (EXT_DISPLAY_TYPE_DP) ctld (0) stream (0)
01-01 08:13:17.231 0 0 E msm-ext-disp-audio-codec-rx soc: qcom,msm-ext-disp:qcom,msm-ext-disp-audio-codec-rx: msm_ext_disp_audio_type_get: get_audio_edid_blk() or get_intf_id is NULL
01-01 08:13:17.247 0 0 E msm_ext_disp_update_audio_ops: Display not found (EXT_DISPLAY_TYPE_DP) ctld (0) stream (0)
01-01 08:13:17.257 0 0 E msm-ext-disp-audio-codec-rx soc: qcom,msm-ext-disp:qcom,msm-ext-disp-audio-codec-rx: msm_ext_disp_audio_type_get: get_audio_edid_blk() or get_intf_id is NULL
01-01 08:13:17.274 0 0 E msm-ext-disp-audio-codec-rx soc: qcom,msm-ext-disp:qcom,msm-ext-disp-audio-codec-rx: msm_ext_disp_audio_device_get: invalid dai id: 4
01-01 08:13:17.294 0 0 I binder : 22505:22505 ioctl 40046210 7fc287ddf4 returned -22
01-01 08:13:17.325 0 0 I binder : 22501:22501 ioctl 40046210 7fe3d233a4 returned -22
01-01 08:13:17.328 0 0 I binder : 22501:22501 ioctl 40046210 7fe3d235b4 returned -22
01-01 08:13:17.335 0 0 E : msm_pcm_volume_ctl_get substream not found
01-01 08:13:17.605 0 0 D : mv2112_read_status
01-01 08:13:17.606 0 0 D mv2112_update_link: 3.0x901(1G): 0x80
01-01 08:13:17.606 0 0 D mv2112_update_link: 3.0x8109(100M): 0x0
01-01 08:13:17.606 0 0 D mv2112_update_link: link 0x0
01-01 08:13:17.606 0 0 D mv2112_read_status: autoneg is disabled
01-01 08:13:17.609 0 0 I binder : 22505:22505 ioctl 40046210 7fc287d4f4 returned -22
01-01 08:13:17.786 22505 22505 E AndroidRuntime: *** FATAL EXCEPTION IN SYSTEM PROCESS: main
01-01 08:13:17.786 22505 22505 E AndroidRuntime: java.lang.NullPointerException: Attempt to read from field 'java.lang.String com.android.server.pm.Settings$VersionInfo.fingerprint' on a null object reference
01-01 08:13:17.786 22505 22505 E AndroidRuntime: at com.android.server.pm.PackageManagerService.(PackageManagerService.java:7608)
01-01 08:13:17.786 22505 22505 E AndroidRuntime: at com.android.server.pm.PackageManagerService.main(PackageManagerService.java:7116)
01-01 08:13:17.786 22505 22505 E AndroidRuntime: at com.android.server.SystemServer.startBootstrapServices(SystemServer.java:1168)
01-01 08:13:17.786 22505 22505 E AndroidRuntime: at com.android.server.SystemServer.run(SystemServer.java:882)
01-01 08:13:17.786 22505 22505 E AndroidRuntime: at com.android.server.SystemServer.main(SystemServer.java:615)
01-01 08:13:17.786 22505 22505 E AndroidRuntime: at java.lang.reflect.Method.invoke(Native Method)
01-01 08:13:17.786 22505 22505 E AndroidRuntime: at com.android.internal.os.RuntimeInit$MethodAndArgsCaller.run(RuntimeInit.java:548)
01-01 08:13:17.786 22505 22505 E AndroidRuntime: at com.android.internal.os.ZygoteInit.main(ZygoteInit.java:987)
01-01 08:13:17.786 22505 22505 E AndroidRuntime: Error reporting crash
01-01 08:13:17.786 22505 22505 E AndroidRuntime: java.lang.NullPointerException: Attempt to invoke interface method 'void android.app.IActivityManager.handleApplicationCrash(android.os.IBinder, android.app.ApplicationErrorReport$ParcelableCrashInfo)' on a null object reference
01-01 08:13:17.786 22505 22505 E AndroidRuntime: at com.android.internal.os.RuntimeInit$KillApplicationHandler.uncaughtException(RuntimeInit.java:156)
01-01 08:13:17.786 22505 22505 E AndroidRuntime: at java.lang.ThreadGroup.uncaughtException(ThreadGroup.java:1073)
01-01 08:13:17.786 22505 22505 E AndroidRuntime: at java.lang.ThreadGroup.uncaughtException(ThreadGroup.java:1068)
01-01 08:13:17.786 22505 22505 E AndroidRuntime: at java.lang.Thread.dispatchUncaughtException(Thread.java:2200)
01-01 08:13:17.937 0 0 I binder : 22578:22578 ioctl 40046210 7ff3b6e3b4 returned -22
01-01 08:13:17.937 0 0 D ProcessState: Binder ioctl to enable oneway spam detection failed: Invalid argument
01-01 08:13:17.938 0 0 D vdc : Waited 0ms for vold
01-01 08:13:17.980 0 0 I binder : undelivered TRANSACTION_COMPLETE
01-01 08:13:17.981 0 0 I binder : undelivered transaction 317606, process died.
01-01 08:13:18.503 0 0 I binder : 22584:22584 ioctl 40046210 7fec3f9844 returned -22
01-01 08:13:18.504 0 0 I binder : 22584:22584 ioctl 40046210 7fec3f97c4 returned -22
01-01 08:13:18.579 0 0 I binder : 22583:22583 ioctl 40046210 fff7e178 returned -22
01-01 08:13:18.581 0 0 I binder : 22583:22583 ioctl 40046210 fff7e160 returned -22
01-01 08:13:18.632 0 0 D : mv2112_read_status
01-01 08:13:18.633 0 0 D mv2112_update_link: 3.0x901(1G): 0x80
01-01 08:13:18.633 0 0 D mv2112_update_link: 3.0x8109(100M): 0x0
01-01 08:13:18.633 0 0 D mv2112_update_link: link 0x0
01-01 08:13:18.633 0 0 D mv2112_read_status: autoneg is disabled
01-01 08:13:18.957 0 0 I binder : 22582:22582 ioctl 40046210 7fe2873444 returned -22
01-01 08:13:18.959 0 0 I binder : 22582:22582 ioctl 40046210 7fe2873464 returned -22
01-01 08:13:19.652 0 0 D : mv2112_read_status
01-01 08:13:19.653 0 0 D mv2112_update_link: 3.0x901(1G): 0x80
01-01 08:13:19.653 0 0 D mv2112_update_link: 3.0x8109(100M): 0x0
01-01 08:13:19.653 0 0 D mv2112_update_link: link 0x0
01-01 08:13:19.653 0 0 D mv2112_read_status: autoneg is disabled
01-01 08:13:20.319 0 0 E init : Control message: Could not find 'android.frameworks.sensorservice@1.0::ISensorManager/default' for ctl.interface_start from pid: 517 (/system/bin/hwservicemanager)
01-01 08:13:20.336 0 0 E init : Control message: Could not find 'android.frameworks.sensorservice@1.0::ISensorManager/default' for ctl.interface_start from pid: 517 (/system/bin/hwservicemanager)
01-01 08:13:20.660 0 0 I init : starting service 'qvrd_vndr'...
01-01 08:13:20.661 0 0 I init : Created socket '/dev/socket/qvrservice_vndr', mode 660, user 1000, group 1000
01-01 08:13:20.662 0 0 I init : Created socket '/dev/socket/qvrservice_vndr_camera', mode 660, user 1000, group 1000
01-01 08:13:20.673 0 0 I init : starting service 'sxrd'...
01-01 08:13:20.676 0 0 D : mv2112_read_status
01-01 08:13:20.677 0 0 D mv2112_update_link: 3.0x901(1G): 0x80
01-01 08:13:20.677 0 0 D mv2112_update_link: 3.0x8109(100M): 0x0
01-01 08:13:20.677 0 0 D mv2112_update_link: link 0x0
01-01 08:13:20.677 0 0 D mv2112_read_status: autoneg is disabled
01-01 08:13:20.683 0 0 I init : starting service 'vendor.audio-hal'...
01-01 08:13:20.679 22596 22596 F linker : CANNOT LINK EXECUTABLE "/vendor/bin/hw/qvrservice": library "vendor.qti.hardware.qxr-V1-ndk_platform.so" not found: needed by /vendor/lib64/libqvrservice.so in namespace (default)
01-01 08:13:20.684 22597 22597 F linker : CANNOT LINK EXECUTABLE "/vendor/bin/hw/sxrservice": library "vendor.qti.hardware.qxr-V1-ndk_platform.so" not found: needed by main executable
01-01 08:13:20.694 0 0 I init : Service 'qvrd_vndr' (pid 22596) exited with status 1
01-01 08:13:20.694 0 0 I init : Sending signal 9 to service 'qvrd_vndr' (pid 22596) process group...
01-01 08:13:20.694 0 0 I libprocessgroup: Successfully killed process cgroup uid 1000 pid 22596 in 0ms
01-01 08:13:21.071 0 0 I binder : 22605:22605 ioctl 40046210 7ff5b711e4 returned -22
01-01 08:13:21.071 0 0 I binder : 22605:22605 ioctl 40046210 7ff5b71204 returned -22
01-01 08:13:21.547 0 0 E : msm_qti_pp_get_rms_value_control, back not active to query rms be_idx:3
01-01 08:13:21.568 0 0 I core_get_license_status: cmdrsp_license_result.result = 0x15 for module 0x131ff
01-01 08:13:21.569 0 0 E msm_ext_disp_update_audio_ops: Display not found (EXT_DISPLAY_TYPE_DP) ctld (0) stream (0)
01-01 08:13:21.579 0 0 E msm_ext_disp_update_audio_ops: Display not found (EXT_DISPLAY_TYPE_HDMI) ctld (0) stream (0)
01-01 08:13:21.589 0 0 E msm_ext_disp_update_audio_ops: Display not found (EXT_DISPLAY_TYPE_DP) ctld (0) stream (0)
01-01 08:13:21.599 0 0 E msm_ext_disp_update_audio_ops: Display not found (EXT_DISPLAY_TYPE_DP) ctld (0) stream (0)
01-01 08:13:21.609 0 0 E msm_ext_disp_update_audio_ops: Display not found (EXT_DISPLAY_TYPE_DP) ctld (0) stream (0)
01-01 08:13:21.619 0 0 E msm-ext-disp-audio-codec-rx soc: qcom,msm-ext-disp:qcom,msm-ext-disp-audio-codec-rx: msm_ext_disp_audio_type_get: get_audio_edid_blk() or get_intf_id is NULL
01-01 08:13:21.635 0 0 E msm_ext_disp_update_audio_ops: Display not found (EXT_DISPLAY_TYPE_DP) ctld (0) stream (0)
01-01 08:13:21.644 0 0 E msm-ext-disp-audio-codec-rx soc: qcom,msm-ext-disp:qcom,msm-ext-disp-audio-codec-rx: msm_ext_disp_audio_type_get: get_audio_edid_blk() or get_intf_id is NULL
01-01 08:13:21.660 0 0 E msm_ext_disp_update_audio_ops: Display not found (EXT_DISPLAY_TYPE_DP) ctld (0) stream (0)
01-01 08:13:21.670 0 0 E msm-ext-disp-audio-codec-rx soc: qcom,msm-ext-disp:qcom,msm-ext-disp-audio-codec-rx: msm_ext_disp_audio_type_get: get_audio_edid_blk() or get_intf_id is NULL
01-01 08:13:21.687 0 0 E msm-ext-disp-audio-codec-rx soc: qcom,msm-ext-disp:qcom,msm-ext-disp-audio-codec-rx: msm_ext_disp_audio_device_get: invalid dai id: 4
01-01 08:13:21.700 0 0 D : mv2112_read_status
01-01 08:13:21.701 0 0 D mv2112_update_link: 3.0x901(1G): 0x80
01-01 08:13:21.701 0 0 D mv2112_update_link: 3.0x8109(100M): 0x0
01-01 08:13:21.701 0 0 D mv2112_update_link: link 0x0
01-01 08:13:21.701 0 0 D mv2112_read_status: autoneg is disabled
01-01 08:13:21.751 0 0 E : msm_pcm_volume_ctl_get substream not found
01-01 08:13:22.100 0 0 E : msm_qti_pp_get_rms_value_control, back not active to query rms be_idx:3
01-01 08:13:22.120 0 0 I core_get_license_status: cmdrsp_license_result.result = 0x15 for module 0x131ff
01-01 08:13:22.121 0 0 E msm_ext_disp_update_audio_ops: Display not found (EXT_DISPLAY_TYPE_DP) ctld (0) stream (0)
01-01 08:13:22.131 0 0 E msm_ext_disp_update_audio_ops: Display not found (EXT_DISPLAY_TYPE_HDMI) ctld (0) stream (0)
01-01 08:13:22.141 0 0 E msm_ext_disp_update_audio_ops: Display not found (EXT_DISPLAY_TYPE_DP) ctld (0) stream (0)
01-01 08:13:22.151 0 0 E msm_ext_disp_update_audio_ops: Display not found (EXT_DISPLAY_TYPE_DP) ctld (0) stream (0)
01-01 08:13:22.161 0 0 E msm_ext_disp_update_audio_ops: Display not found (EXT_DISPLAY_TYPE_DP) ctld (0) stream (0)
01-01 08:13:22.171 0 0 E msm-ext-disp-audio-codec-rx soc: qcom,msm-ext-disp:qcom,msm-ext-disp-audio-codec-rx: msm_ext_disp_audio_type_get: get_audio_edid_blk() or get_intf_id is NULL
01-01 08:13:22.187 0 0 E msm_ext_disp_update_audio_ops: Display not found (EXT_DISPLAY_TYPE_DP) ctld (0) stream (0)
01-01 08:13:22.197 0 0 E msm-ext-disp-audio-codec-rx soc: qcom,msm-ext-disp:qcom,msm-ext-disp-audio-codec-rx: msm_ext_disp_audio_type_get: get_audio_edid_blk() or get_intf_id is NULL
01-01 08:13:22.213 0 0 E msm_ext_disp_update_audio_ops: Display not found (EXT_DISPLAY_TYPE_DP) ctld (0) stream (0)
01-01 08:13:22.222 0 0 E msm-ext-disp-audio-codec-rx soc: qcom,msm-ext-disp:qcom,msm-ext-disp-audio-codec-rx: msm_ext_disp_audio_type_get: get_audio_edid_blk() or get_intf_id is NULL
01-01 08:13:22.239 0 0 E msm-ext-disp-audio-codec-rx soc: qcom,msm-ext-disp:qcom,msm-ext-disp-audio-codec-rx: msm_ext_disp_audio_device_get: invalid dai id: 4
01-01 08:13:22.292 0 0 I binder : 22633:22633 ioctl 40046210 7fd26340c4 returned -22
01-01 08:13:22.298 0 0 E : msm_pcm_volume_ctl_get substream not found
01-01 08:13:22.341 0 0 I binder : 22632:22632 ioctl 40046210 7fd1ddbe84 returned -22
01-01 08:13:22.344 0 0 I binder : 22632:22632 ioctl 40046210 7fd1ddc094 returned -22
01-01 08:13:22.605 0 0 I binder : 22633:22633 ioctl 40046210 7fd26337c4 returned -22
01-01 08:13:22.725 0 0 D : mv2112_read_status
01-01 08:13:22.725 0 0 D mv2112_update_link: 3.0x901(1G): 0x80
01-01 08:13:22.725 0 0 D mv2112_update_link: 3.0x8109(100M): 0x0
01-01 08:13:22.725 0 0 D mv2112_update_link: link 0x0
01-01 08:13:22.725 0 0 D mv2112_read_status: autoneg is disabled
01-01 08:13:22.795 22633 22633 E AndroidRuntime: *** FATAL EXCEPTION IN SYSTEM PROCESS: main
01-01 08:13:22.795 22633 22633 E AndroidRuntime: java.lang.NullPointerException: Attempt to read from field 'java.lang.String com.android.server.pm.Settings$VersionInfo.fingerprint' on a null object reference
01-01 08:13:22.795 22633 22633 E AndroidRuntime: at com.android.server.pm.PackageManagerService.(PackageManagerService.java:7608)
01-01 08:13:22.795 22633 22633 E AndroidRuntime: at com.android.server.pm.PackageManagerService.main(PackageManagerService.java:7116)
01-01 08:13:22.795 22633 22633 E AndroidRuntime: at com.android.server.SystemServer.startBootstrapServices(SystemServer.java:1168)
01-01 08:13:22.795 22633 22633 E AndroidRuntime: at com.android.server.SystemServer.run(SystemServer.java:882)
01-01 08:13:22.795 22633 22633 E AndroidRuntime: at com.android.server.SystemServer.main(SystemServer.java:615)
01-01 08:13:22.795 22633 22633 E AndroidRuntime: at java.lang.reflect.Method.invoke(Native Method)
01-01 08:13:22.795 22633 22633 E AndroidRuntime: at com.android.internal.os.RuntimeInit$MethodAndArgsCaller.run(RuntimeInit.java:548)
01-01 08:13:22.795 22633 22633 E AndroidRuntime: at com.android.internal.os.ZygoteInit.main(ZygoteInit.java:987)
01-01 08:13:22.796 22633 22633 E AndroidRuntime: Error reporting crash
01-01 08:13:22.796 22633 22633 E AndroidRuntime: java.lang.NullPointerException: Attempt to invoke interface method 'void android.app.IActivityManager.handleApplicationCrash(android.os.IBinder, android.app.ApplicationErrorReport$ParcelableCrashInfo)' on a null object reference
01-01 08:13:22.796 22633 22633 E AndroidRuntime: at com.android.internal.os.RuntimeInit$KillApplicationHandler.uncaughtException(RuntimeInit.java:156)
01-01 08:13:22.796 22633 22633 E AndroidRuntime: at java.lang.ThreadGroup.uncaughtException(ThreadGroup.java:1073)
01-01 08:13:22.796 22633 22633 E AndroidRuntime: at java.lang.ThreadGroup.uncaughtException(ThreadGroup.java:1068)
01-01 08:13:22.796 22633 22633 E AndroidRuntime: at java.lang.Thread.dispatchUncaughtException(Thread.java:2200)
01-01 08:13:22.945 0 0 I binder : undelivered TRANSACTION_COMPLETE
01-01 08:13:22.945 0 0 I binder : undelivered transaction 319749, process died.
01-01 08:13:22.957 0 0 I binder : 22720:22720 ioctl 40046210 7fddec7f84 returned -22
01-01 08:13:22.957 0 0 D ProcessState: Binder ioctl to enable oneway spam detection failed: Invalid argument
01-01 08:13:22.958 0 0 D vdc : Waited 0ms for vold
01-01 08:13:23.510 0 0 I binder : 22725:22725 ioctl 40046210 7fed862b64 returned -22
01-01 08:13:23.512 0 0 I binder : 22725:22725 ioctl 40046210 7fed862ae4 returned -22
01-01 08:13:23.589 0 0 I binder : 22724:22724 ioctl 40046210 ff9bdef8 returned -22
01-01 08:13:23.591 0 0 I binder : 22724:22724 ioctl 40046210 ff9bdee0 returned -22
01-01 08:13:23.748 0 0 D : mv2112_read_status
01-01 08:13:23.749 0 0 D mv2112_update_link: 3.0x901(1G): 0x80
01-01 08:13:23.749 0 0 D mv2112_update_link: 3.0x8109(100M): 0x0
01-01 08:13:23.749 0 0 D mv2112_update_link: link 0x0
01-01 08:13:23.749 0 0 D mv2112_read_status: autoneg is disabled
01-01 08:13:23.960 0 0 I binder : 22723:22723 ioctl 40046210 7fd4204c84 returned -22
01-01 08:13:23.963 0 0 I binder : 22723:22723 ioctl 40046210 7fd4204ca4 returned -22
01-01 08:13:24.772 0 0 D : mv2112_read_status
01-01 08:13:24.773 0 0 D mv2112_update_link: 3.0x901(1G): 0x80
01-01 08:13:24.773 0 0 D mv2112_update_link: 3.0x8109(100M): 0x0
01-01 08:13:24.773 0 0 D mv2112_update_link: link 0x0
01-01 08:13:24.773 0 0 D mv2112_read_status: autoneg is disabled
01-01 08:13:25.326 0 0 E init : Control message: Could not find 'android.frameworks.sensorservice@1.0::ISensorManager/default' for ctl.interface_start from pid: 517 (/system/bin/hwservicemanager)
01-01 08:13:25.344 0 0 E init : Control message: Could not find 'android.frameworks.sensorservice@1.0::ISensorManager/default' for ctl.interface_start from pid: 517 (/system/bin/hwservicemanager)
01-01 08:13:25.670 0 0 I init : starting service 'qvrd_vndr'...
01-01 08:13:25.671 0 0 I init : Created socket '/dev/socket/qvrservice_vndr', mode 660, user 1000, group 1000
01-01 08:13:25.671 0 0 I init : Created socket '/dev/socket/qvrservice_vndr_camera', mode 660, user 1000, group 1000
01-01 08:13:25.682 0 0 I init : starting service 'sxrd'...
01-01 08:13:25.692 0 0 I init : starting service 'vendor.audio-hal'...
01-01 08:13:25.688 22737 22737 F linker : CANNOT LINK EXECUTABLE "/vendor/bin/hw/qvrservice": library "vendor.qti.hardware.qxr-V1-ndk_platform.so" not found: needed by /vendor/lib64/libqvrservice.so in namespace (default)
01-01 08:13:25.700 0 0 I init : Service 'qvrd_vndr' (pid 22737) exited with status 1
01-01 08:13:25.700 0 0 I init : Sending signal 9 to service 'qvrd_vndr' (pid 22737) process group...
01-01 08:13:25.700 0 0 I libprocessgroup: Successfully killed process cgroup uid 1000 pid 22737 in 0ms
01-01 08:13:25.692 22738 22738 F linker : CANNOT LINK EXECUTABLE "/vendor/bin/hw/sxrservice": library "vendor.qti.hardware.qxr-V1-ndk_platform.so" not found: needed by main executable
01-01 08:13:25.796 0 0 D : mv2112_read_status
01-01 08:13:25.797 0 0 D mv2112_update_link: 3.0x901(1G): 0x80
01-01 08:13:25.797 0 0 D mv2112_update_link: 3.0x8109(100M): 0x0
01-01 08:13:25.797 0 0 D mv2112_update_link: link 0x0
01-01 08:13:25.797 0 0 D mv2112_read_status: autoneg is disabled
01-01 08:13:26.134 0 0 I binder : 22746:22746 ioctl 40046210 7fe8edfdc4 returned -22
01-01 08:13:26.135 0 0 I binder : 22746:22746 ioctl 40046210 7fe8edfde4 returned -22
01-01 08:13:26.681 0 0 E : msm_qti_pp_get_rms_value_control, back not active to query rms be_idx:3
01-01 08:13:26.701 0 0 I core_get_license_status: cmdrsp_license_result.result = 0x15 for module 0x131ff
01-01 08:13:26.702 0 0 E msm_ext_disp_update_audio_ops: Display not found (EXT_DISPLAY_TYPE_DP) ctld (0) stream (0)
01-01 08:13:26.711 0 0 E msm_ext_disp_update_audio_ops: Display not found (EXT_DISPLAY_TYPE_HDMI) ctld (0) stream (0)
01-01 08:13:26.721 0 0 E msm_ext_disp_update_audio_ops: Display not found (EXT_DISPLAY_TYPE_DP) ctld (0) stream (0)
01-01 08:13:26.731 0 0 E msm_ext_disp_update_audio_ops: Display not found (EXT_DISPLAY_TYPE_DP) ctld (0) stream (0)
01-01 08:13:26.741 0 0 E msm_ext_disp_update_audio_ops: Display not found (EXT_DISPLAY_TYPE_DP) ctld (0) stream (0)
01-01 08:13:26.751 0 0 E msm-ext-disp-audio-codec-rx soc: qcom,msm-ext-disp:qcom,msm-ext-disp-audio-codec-rx: msm_ext_disp_audio_type_get: get_audio_edid_blk() or get_intf_id is NULL
01-01 08:13:26.766 0 0 E msm_ext_disp_update_audio_ops: Display not found (EXT_DISPLAY_TYPE_DP) ctld (0) stream (0)
01-01 08:13:26.776 0 0 E msm-ext-disp-audio-codec-rx soc: qcom,msm-ext-disp:qcom,msm-ext-disp-audio-codec-rx: msm_ext_disp_audio_type_get: get_audio_edid_blk() or get_intf_id is NULL
01-01 08:13:26.792 0 0 E msm_ext_disp_update_audio_ops: Display not found (EXT_DISPLAY_TYPE_DP) ctld (0) stream (0)
01-01 08:13:26.802 0 0 E msm-ext-disp-audio-codec-rx soc: qcom,msm-ext-disp:qcom,msm-ext-disp-audio-codec-rx: msm_ext_disp_audio_type_get: get_audio_edid_blk() or get_intf_id is NULL
01-01 08:13:26.818 0 0 E msm-ext-disp-audio-codec-rx soc: qcom,msm-ext-disp:qcom,msm-ext-disp-audio-codec-rx: msm_ext_disp_audio_device_get: invalid dai id: 4
01-01 08:13:26.832 0 0 D : mv2112_read_status
01-01 08:13:26.832 0 0 D mv2112_update_link: 3.0x901(1G): 0x80
01-01 08:13:26.832 0 0 D mv2112_update_link: 3.0x8109(100M): 0x0
01-01 08:13:26.832 0 0 D mv2112_update_link: link 0x0
01-01 08:13:26.832 0 0 D mv2112_read_status: autoneg is disabled
01-01 08:13:26.882 0 0 E : msm_pcm_volume_ctl_get substream not found
01-01 08:13:27.284 0 0 E : msm_qti_pp_get_rms_value_control, back not active to query rms be_idx:3
01-01 08:13:27.304 0 0 I core_get_license_status: cmdrsp_license_result.result = 0x15 for module 0x131ff
01-01 08:13:27.305 0 0 E msm_ext_disp_update_audio_ops: Display not found (EXT_DISPLAY_TYPE_DP) ctld (0) stream (0)
01-01 08:13:27.315 0 0 E msm_ext_disp_update_audio_ops: Display not found (EXT_DISPLAY_TYPE_HDMI) ctld (0) stream (0)
01-01 08:13:27.325 0 0 E msm_ext_disp_update_audio_ops: Display not found (EXT_DISPLAY_TYPE_DP) ctld (0) stream (0)
01-01 08:13:27.335 0 0 E msm_ext_disp_update_audio_ops: Display not found (EXT_DISPLAY_TYPE_DP) ctld (0) stream (0)
01-01 08:13:27.346 0 0 E msm_ext_disp_update_audio_ops: Display not found (EXT_DISPLAY_TYPE_DP) ctld (0) stream (0)
01-01 08:13:27.355 0 0 E msm-ext-disp-audio-codec-rx soc: qcom,msm-ext-disp:qcom,msm-ext-disp-audio-codec-rx: msm_ext_disp_audio_type_get: get_audio_edid_blk() or get_intf_id is NULL
01-01 08:13:27.371 0 0 E msm_ext_disp_update_audio_ops: Display not found (EXT_DISPLAY_TYPE_DP) ctld (0) stream (0)
01-01 08:13:27.381 0 0 E msm-ext-disp-audio-codec-rx soc: qcom,msm-ext-disp:qcom,msm-ext-disp-audio-codec-rx: msm_ext_disp_audio_type_get: get_audio_edid_blk() or get_intf_id is NULL
01-01 08:13:27.397 0 0 E msm_ext_disp_update_audio_ops: Display not found (EXT_DISPLAY_TYPE_DP) ctld (0) stream (0)
01-01 08:13:27.407 0 0 E msm-ext-disp-audio-codec-rx soc: qcom,msm-ext-disp:qcom,msm-ext-disp-audio-codec-rx: msm_ext_disp_audio_type_get: get_audio_edid_blk() or get_intf_id is NULL
01-01 08:13:27.424 0 0 E msm-ext-disp-audio-codec-rx soc: qcom,msm-ext-disp:qcom,msm-ext-disp-audio-codec-rx: msm_ext_disp_audio_device_get: invalid dai id: 4
01-01 08:13:27.445 0 0 I binder : 22772:22772 ioctl 40046210 7fe362f854 returned -22
01-01 08:13:27.448 0 0 I binder : 22772:22772 ioctl 40046210 7fe362fa64 returned -22
01-01 08:13:27.481 0 0 E : msm_pcm_volume_ctl_get substream not found
01-01 08:13:27.523 0 0 I binder : 22779:22779 ioctl 40046210 7fe6d77054 returned -22
01-01 08:13:27.810 0 0 I binder : 22779:22779 ioctl 40046210 7fe6d76754 returned -22
01-01 08:13:27.844 0 0 D : mv2112_read_status
01-01 08:13:27.845 0 0 D mv2112_update_link: 3.0x901(1G): 0x80
01-01 08:13:27.845 0 0 D mv2112_update_link: 3.0x8109(100M): 0x0
01-01 08:13:27.845 0 0 D mv2112_update_link: link 0x0
01-01 08:13:27.845 0 0 D mv2112_read_status: autoneg is disabled
01-01 08:13:28.007 22779 22779 E AndroidRuntime: *** FATAL EXCEPTION IN SYSTEM PROCESS: main
01-01 08:13:28.007 22779 22779 E AndroidRuntime: java.lang.NullPointerException: Attempt to read from field 'java.lang.String com.android.server.pm.Settings$VersionInfo.fingerprint' on a null object reference
01-01 08:13:28.007 22779 22779 E AndroidRuntime: at com.android.server.pm.PackageManagerService.(PackageManagerService.java:7608)
01-01 08:13:28.007 22779 22779 E AndroidRuntime: at com.android.server.pm.PackageManagerService.main(PackageManagerService.java:7116)
01-01 08:13:28.007 22779 22779 E AndroidRuntime: at com.android.server.SystemServer.startBootstrapServices(SystemServer.java:1168)
