01-01 08:18:54.725 0 0 D mv2112_update_link: 3.0x8109(100M): 0x0
01-01 08:18:54.725 0 0 D mv2112_update_link: link 0x0
01-01 08:18:54.725 0 0 D mv2112_read_status: autoneg is disabled
01-01 08:18:54.821 0 0 I binder : 31793:31793 ioctl 40046210 7ff765d894 returned -22
01-01 08:18:54.823 0 0 I binder : 31793:31793 ioctl 40046210 7ff765d8b4 returned -22
01-01 08:18:55.748 0 0 D : mv2112_read_status
01-01 08:18:55.749 0 0 D mv2112_update_link: 3.0x901(1G): 0x80
01-01 08:18:55.749 0 0 D mv2112_update_link: 3.0x8109(100M): 0x0
01-01 08:18:55.749 0 0 D mv2112_update_link: link 0x0
01-01 08:18:55.749 0 0 D mv2112_read_status: autoneg is disabled
01-01 08:18:55.774 0 0 E init : Control message: Could not find 'android.frameworks.sensorservice@1.0::ISensorManager/default' for ctl.interface_start from pid: 517 (/system/bin/hwservicemanager)
01-01 08:18:55.828 0 0 E init : Control message: Could not find 'android.frameworks.sensorservice@1.0::ISensorManager/default' for ctl.interface_start from pid: 517 (/system/bin/hwservicemanager)
01-01 08:18:56.250 0 0 I init : starting service 'qvrd_vndr'...
01-01 08:18:56.251 0 0 I init : Created socket '/dev/socket/qvrservice_vndr', mode 660, user 1000, group 1000
01-01 08:18:56.252 0 0 I init : Created socket '/dev/socket/qvrservice_vndr_camera', mode 660, user 1000, group 1000
01-01 08:18:56.263 0 0 I init : starting service 'sxrd'...
01-01 08:18:56.274 0 0 I init : starting service 'vendor.audio-hal'...
01-01 08:18:56.268 31807 31807 F linker : CANNOT LINK EXECUTABLE "/vendor/bin/hw/qvrservice": library "vendor.qti.hardware.qxr-V1-ndk_platform.so" not found: needed by /vendor/lib64/libqvrservice.so in namespace (default)
01-01 08:18:56.273 31808 31808 F linker : CANNOT LINK EXECUTABLE "/vendor/bin/hw/sxrservice": library "vendor.qti.hardware.qxr-V1-ndk_platform.so" not found: needed by main executable
01-01 08:18:56.283 0 0 I init : Service 'qvrd_vndr' (pid 31807) exited with status 1
01-01 08:18:56.283 0 0 I init : Sending signal 9 to service 'qvrd_vndr' (pid 31807) process group...
01-01 08:18:56.283 0 0 I libprocessgroup: Successfully killed process cgroup uid 1000 pid 31807 in 0ms
01-01 08:18:56.661 0 0 I binder : 31816:31816 ioctl 40046210 7fdf01e314 returned -22
01-01 08:18:56.661 0 0 I binder : 31816:31816 ioctl 40046210 7fdf01e334 returned -22
01-01 08:18:56.772 0 0 D : mv2112_read_status
01-01 08:18:56.773 0 0 D mv2112_update_link: 3.0x901(1G): 0x80
01-01 08:18:56.773 0 0 D mv2112_update_link: 3.0x8109(100M): 0x0
01-01 08:18:56.773 0 0 D mv2112_update_link: link 0x0
01-01 08:18:56.773 0 0 D mv2112_read_status: autoneg is disabled
01-01 08:18:57.132 0 0 E : msm_qti_pp_get_rms_value_control, back not active to query rms be_idx:3
01-01 08:18:57.153 0 0 I core_get_license_status: cmdrsp_license_result.result = 0x15 for module 0x131ff
01-01 08:18:57.153 0 0 E msm_ext_disp_update_audio_ops: Display not found (EXT_DISPLAY_TYPE_DP) ctld (0) stream (0)
01-01 08:18:57.163 0 0 E msm_ext_disp_update_audio_ops: Display not found (EXT_DISPLAY_TYPE_HDMI) ctld (0) stream (0)
01-01 08:18:57.173 0 0 E msm_ext_disp_update_audio_ops: Display not found (EXT_DISPLAY_TYPE_DP) ctld (0) stream (0)
01-01 08:18:57.183 0 0 E msm_ext_disp_update_audio_ops: Display not found (EXT_DISPLAY_TYPE_DP) ctld (0) stream (0)
01-01 08:18:57.193 0 0 E msm_ext_disp_update_audio_ops: Display not found (EXT_DISPLAY_TYPE_DP) ctld (0) stream (0)
01-01 08:18:57.203 0 0 E msm-ext-disp-audio-codec-rx soc: qcom,msm-ext-disp:qcom,msm-ext-disp-audio-codec-rx: msm_ext_disp_audio_type_get: get_audio_edid_blk() or get_intf_id is NULL
01-01 08:18:57.219 0 0 E msm_ext_disp_update_audio_ops: Display not found (EXT_DISPLAY_TYPE_DP) ctld (0) stream (0)
01-01 08:18:57.228 0 0 E msm-ext-disp-audio-codec-rx soc: qcom,msm-ext-disp:qcom,msm-ext-disp-audio-codec-rx: msm_ext_disp_audio_type_get: get_audio_edid_blk() or get_intf_id is NULL
01-01 08:18:57.244 0 0 E msm_ext_disp_update_audio_ops: Display not found (EXT_DISPLAY_TYPE_DP) ctld (0) stream (0)
01-01 08:18:57.254 0 0 E msm-ext-disp-audio-codec-rx soc: qcom,msm-ext-disp:qcom,msm-ext-disp-audio-codec-rx: msm_ext_disp_audio_type_get: get_audio_edid_blk() or get_intf_id is NULL
01-01 08:18:57.271 0 0 E msm-ext-disp-audio-codec-rx soc: qcom,msm-ext-disp:qcom,msm-ext-disp-audio-codec-rx: msm_ext_disp_audio_device_get: invalid dai id: 4
01-01 08:18:57.332 0 0 E : msm_pcm_volume_ctl_get substream not found
01-01 08:18:57.671 0 0 E : msm_qti_pp_get_rms_value_control, back not active to query rms be_idx:3
01-01 08:18:57.691 0 0 I core_get_license_status: cmdrsp_license_result.result = 0x15 for module 0x131ff
01-01 08:18:57.692 0 0 E msm_ext_disp_update_audio_ops: Display not found (EXT_DISPLAY_TYPE_DP) ctld (0) stream (0)
01-01 08:18:57.702 0 0 E msm_ext_disp_update_audio_ops: Display not found (EXT_DISPLAY_TYPE_HDMI) ctld (0) stream (0)
01-01 08:18:57.712 0 0 E msm_ext_disp_update_audio_ops: Display not found (EXT_DISPLAY_TYPE_DP) ctld (0) stream (0)
01-01 08:18:57.722 0 0 E msm_ext_disp_update_audio_ops: Display not found (EXT_DISPLAY_TYPE_DP) ctld (0) stream (0)
01-01 08:18:57.732 0 0 E msm_ext_disp_update_audio_ops: Display not found (EXT_DISPLAY_TYPE_DP) ctld (0) stream (0)
01-01 08:18:57.742 0 0 E msm-ext-disp-audio-codec-rx soc: qcom,msm-ext-disp:qcom,msm-ext-disp-audio-codec-rx: msm_ext_disp_audio_type_get: get_audio_edid_blk() or get_intf_id is NULL
01-01 08:18:57.758 0 0 E msm_ext_disp_update_audio_ops: Display not found (EXT_DISPLAY_TYPE_DP) ctld (0) stream (0)
01-01 08:18:57.767 0 0 E msm-ext-disp-audio-codec-rx soc: qcom,msm-ext-disp:qcom,msm-ext-disp-audio-codec-rx: msm_ext_disp_audio_type_get: get_audio_edid_blk() or get_intf_id is NULL
01-01 08:18:57.783 0 0 E msm_ext_disp_update_audio_ops: Display not found (EXT_DISPLAY_TYPE_DP) ctld (0) stream (0)
01-01 08:18:57.793 0 0 E msm-ext-disp-audio-codec-rx soc: qcom,msm-ext-disp:qcom,msm-ext-disp-audio-codec-rx: msm_ext_disp_audio_type_get: get_audio_edid_blk() or get_intf_id is NULL
01-01 08:18:57.808 0 0 D : mv2112_read_status
01-01 08:18:57.809 0 0 D mv2112_update_link: 3.0x901(1G): 0x80
01-01 08:18:57.809 0 0 D mv2112_update_link: 3.0x8109(100M): 0x0
01-01 08:18:57.809 0 0 D mv2112_update_link: link 0x0
01-01 08:18:57.809 0 0 D mv2112_read_status: autoneg is disabled
01-01 08:18:57.810 0 0 E msm-ext-disp-audio-codec-rx soc: qcom,msm-ext-disp:qcom,msm-ext-disp-audio-codec-rx: msm_ext_disp_audio_device_get: invalid dai id: 4
01-01 08:18:57.864 0 0 I binder : 31842:31842 ioctl 40046210 7ff9323a34 returned -22
01-01 08:18:57.869 0 0 E : msm_pcm_volume_ctl_get substream not found
01-01 08:18:58.157 0 0 I binder : 31861:31861 ioctl 40046210 7fef6b01b4 returned -22
01-01 08:18:58.160 0 0 I binder : 31861:31861 ioctl 40046210 7fef6b03c4 returned -22
01-01 08:18:58.181 0 0 I binder : 31842:31842 ioctl 40046210 7ff9323134 returned -22 --------- beginning of system
01-01 08:18:58.295 31842 31842 I SystemServerTiming: OnBootPhase_100_com.android.server.display.DisplayManagerService
01-01 08:18:58.299 31842 31868 I DisplayDeviceRepository: Display device added: DisplayDeviceInfo{"内置屏幕": uniqueId="local:4630946816427681409", 2560 x 1080, modeId 1, defaultModeId 1, supportedModes [{id=1, width=2560, height=1080, fps=60.000004, alternativeRefreshRates=[]}], colorMode 0, supportedColorModes [0], hdrCapabilities HdrCapabilities{mSupportedHdrTypes=[2, 3, 4], mMaxLuminance=500.0, mMaxAverageLuminance=500.0, mMinLuminance=0.0}, allmSupported false, gameContentTypeSupported false, density 240, 320.315 x 318.976 dpi, appVsyncOff 1000000, presDeadline 16666666, touch INTERNAL, rotation 0, type INTERNAL, address {port=129, model=0x40446d97fee5e6}, deviceProductInfo DeviceProductInfo{name=, manufacturerPnpId=QCM, productId=1, modelYear=null, manufactureDate=ManufactureDate{week=27, year=2006}, connectionToSinkType=0}, state UNKNOWN, frameRateOverride , brightnessMinimum 0.0, brightnessMaximum 1.0, brightnessDefault 0.39763778, FLAG_DEFAULT_DISPLAY, FLAG_ROTATES_WITH_CONTENT, FLAG_SECURE, FLAG_SUPPORTS_PROTECTED_BUFFERS}
01-01 08:18:58.301 31842 31868 I LogicalDisplayMapper: Applying layout: [{addr: {port=129, model=0x40446d97fee5e6}, dispId: 0(ON)}], Previous layout: null
01-01 08:18:58.305 31842 31868 I LogicalDisplayMapper: Adding new display: 0: DisplayInfo{"内置屏幕", displayId 0", displayGroupId -1, FLAG_SECURE, FLAG_SUPPORTS_PROTECTED_BUFFERS, FLAG_TRUSTED, real 2560 x 1080, largest app 2560 x 1080, smallest app 2560 x 1080, appVsyncOff 1000000, presDeadline 16666666, mode 1, defaultMode 1, modes [{id=1, width=2560, height=1080, fps=60.000004, alternativeRefreshRates=[]}], hdrCapabilities HdrCapabilities{mSupportedHdrTypes=[2, 3, 4], mMaxLuminance=500.0, mMaxAverageLuminance=500.0, mMinLuminance=0.0}, userDisabledHdrTypes [], minimalPostProcessingSupported false, rotation 0, state UNKNOWN, type INTERNAL, uniqueId "local:4630946816427681409", app 2560 x 1080, density 240 (320.315 x 318.976) dpi, layerStack 0, colorMode 0, supportedColorModes [0], address {port=129, model=0x40446d97fee5e6}, deviceProductInfo DeviceProductInfo{name=, manufacturerPnpId=QCM, productId=1, modelYear=null, manufactureDate=ManufactureDate{week=27, year=2006}, connectionToSinkType=0}, removeMode 0, refreshRateOverride 0.0, brightnessMinimum 0.0, brightnessMaximum 1.0, brightnessDefault 0.39763778}
01-01 08:18:58.306 31842 31868 I LogicalDisplayMapper: Setting new display group 0 for display 0, from previous group: null
01-01 08:18:58.308 31842 31868 E DisplayDeviceConfig: requesting nits when no mapping exists.
01-01 08:18:58.310 31842 31868 E DisplayDeviceConfig: requesting nits when no mapping exists.
01-01 08:18:58.326 31842 31842 D SystemServerTiming: OnBootPhase_100_com.android.server.display.DisplayManagerService took to complete: 32ms
01-01 08:18:58.326 31842 31842 D SystemServerTiming: OnBootPhase_100 took to complete: 33ms
01-01 08:18:58.326 31842 31842 D SystemServerTiming: WaitForDisplay took to complete: 33ms
01-01 08:18:58.327 31842 31842 I SystemServerTiming: StartDomainVerificationService
01-01 08:18:58.330 31842 31842 D SystemServerTiming: StartDomainVerificationService took to complete: 3ms
01-01 08:18:58.330 31842 31842 I SystemServerTiming: StartPackageManagerService
01-01 08:18:58.330 31842 31842 I Watchdog: Pausing HandlerChecker: main thread for reason: packagemanagermain. Pause count: 1
01-01 08:18:58.331 31842 31842 I PackageManagerTiming: create package manager
01-01 08:18:58.332 31842 31868 I DisplayDeviceRepository: Display device changed state: "内置屏幕", ON
01-01 08:18:58.335 31842 31842 I PackageManagerTiming: readListOfPackagesToBeDisabled
01-01 08:18:58.335 31842 31842 D PackageManager: Disabling packages for wifi-only device, source: /vendor/etc/telephony_packages.xml
01-01 08:18:58.336 31842 31842 D PackageManagerTiming: readListOfPackagesToBeDisabled took to complete: 0ms
01-01 08:18:58.336 31842 31842 I PackageManagerTiming: createSubComponents
01-01 08:18:58.348 31842 31842 D PackageManagerTiming: createSubComponents took to complete: 13ms
01-01 08:18:58.348 31842 31842 I PackageManagerTiming: addSharedUsers
01-01 08:18:58.349 31842 31842 D PackageManagerTiming: addSharedUsers took to complete: 0ms
01-01 08:18:58.350 31842 31842 I PackageManagerTiming: get system config
01-01 08:18:58.350 31842 31842 D PackageManagerTiming: get system config took to complete: 0ms
01-01 08:18:58.354 31842 31842 D PackageManager: Directories scanned as system partitions: [/system:0, /vendor:524288, /odm:4194304, /oem:262144, /product:1048576, /system_ext:2097152, /apex/com.android.vndk.v30:8388608, /apex/com.android.wifi:8388608, /apex/com.android.vndk.v31:8388608, /apex/com.android.tzdata:8388608, /apex/com.android.tethering:8388608, /apex/com.android.sdkext:8388608, /apex/com.android.scheduling:8388608, /apex/com.android.runtime:8388608, /apex/com.android.resolv:8388608, /apex/com.android.permission:8388608, /apex/com.android.os.statsd:8388608, /apex/com.android.neuralnetworks:8388608, /apex/com.android.mediaprovider:8388608, /apex/com.android.media.swcodec:8388608, /apex/com.android.media:8388608, /apex/com.android.ipsec:8388608, /apex/com.android.i18n:8388608, /apex/com.android.extservices:8388608, /apex/com.android.conscrypt:8388608, /apex/com.android.art:8388608, /apex/com.android.appsearch:8388608, /apex/com.android.adbd:8388608]
01-01 08:18:58.356 31842 31842 D SELinuxMMAC: Using policy file /system/etc/selinux/plat_mac_permissions.xml
01-01 08:18:58.357 31842 31842 D SELinuxMMAC: Using policy file /system_ext/etc/selinux/system_ext_mac_permissions.xml
01-01 08:18:58.357 31842 31842 D SELinuxMMAC: Using policy file /product/etc/selinux/product_mac_permissions.xml
01-01 08:18:58.358 31842 31842 D SELinuxMMAC: Using policy file /vendor/etc/selinux/vendor_mac_permissions.xml
01-01 08:18:58.358 31842 31842 D SELinuxMMAC: Using policy file /odm/etc/selinux/odm_mac_permissions.xml
01-01 08:18:58.359 31842 31842 I PackageManagerTiming: loadFallbacks
01-01 08:18:58.359 31842 31842 D PackageManagerTiming: loadFallbacks took to complete: 1ms
01-01 08:18:58.359 31842 31842 I PackageManagerTiming: read user settings
01-01 08:18:58.363 31842 31842 W PackageManager: No start tag found in package manager settings
01-01 08:18:58.363 31842 31842 E PackageManager: No start tag found in package manager settings
01-01 08:18:58.364 31842 31842 D PackageManagerTiming: read user settings took to complete: 5ms
01-01 08:18:58.365 31842 31842 I Watchdog: Resuming HandlerChecker: main thread for reason: packagemanagermain. Pause count: 0
01-01 08:18:58.365 31842 31842 E System : ******************************************
01-01 08:18:58.365 31842 31842 E System : ************ Failure starting system services
01-01 08:18:58.365 31842 31842 E System : java.lang.NullPointerException: Attempt to read from field 'java.lang.String com.android.server.pm.Settings$VersionInfo.fingerprint' on a null object reference
01-01 08:18:58.365 31842 31842 E System : at com.android.server.pm.PackageManagerService.(PackageManagerService.java:7608)
01-01 08:18:58.365 31842 31842 E System : at com.android.server.pm.PackageManagerService.main(PackageManagerService.java:7116)
01-01 08:18:58.365 31842 31842 E System : at com.android.server.SystemServer.startBootstrapServices(SystemServer.java:1168)
01-01 08:18:58.365 31842 31842 E System : at com.android.server.SystemServer.run(SystemServer.java:882)
01-01 08:18:58.365 31842 31842 E System : at com.android.server.SystemServer.main(SystemServer.java:615)
01-01 08:18:58.365 31842 31842 E System : at java.lang.reflect.Method.invoke(Native Method)
01-01 08:18:58.365 31842 31842 E System : at com.android.internal.os.RuntimeInit$MethodAndArgsCaller.run(RuntimeInit.java:548)
01-01 08:18:58.365 31842 31842 E System : at com.android.internal.os.ZygoteInit.main(ZygoteInit.java:987)
01-01 08:18:58.365 31842 31842 D SystemServerTiming: StartPackageManagerService took to complete: 36ms
01-01 08:18:58.366 31842 31842 E AndroidRuntime: *** FATAL EXCEPTION IN SYSTEM PROCESS: main
01-01 08:18:58.366 31842 31842 E AndroidRuntime: java.lang.NullPointerException: Attempt to read from field 'java.lang.String com.android.server.pm.Settings$VersionInfo.fingerprint' on a null object reference
01-01 08:18:58.366 31842 31842 E AndroidRuntime: at com.android.server.pm.PackageManagerService.(PackageManagerService.java:7608)
01-01 08:18:58.366 31842 31842 E AndroidRuntime: at com.android.server.pm.PackageManagerService.main(PackageManagerService.java:7116)
01-01 08:18:58.366 31842 31842 E AndroidRuntime: at com.android.server.SystemServer.startBootstrapServices(SystemServer.java:1168)
01-01 08:18:58.366 31842 31842 E AndroidRuntime: at com.android.server.SystemServer.run(SystemServer.java:882)
01-01 08:18:58.366 31842 31842 E AndroidRuntime: at com.android.server.SystemServer.main(SystemServer.java:615)
01-01 08:18:58.366 31842 31842 E AndroidRuntime: at java.lang.reflect.Method.invoke(Native Method)
01-01 08:18:58.366 31842 31842 E AndroidRuntime: at com.android.internal.os.RuntimeInit$MethodAndArgsCaller.run(RuntimeInit.java:548)
01-01 08:18:58.366 31842 31842 E AndroidRuntime: at com.android.internal.os.ZygoteInit.main(ZygoteInit.java:987)
01-01 08:18:58.367 31842 31842 E AndroidRuntime: Error reporting crash
01-01 08:18:58.367 31842 31842 E AndroidRuntime: java.lang.NullPointerException: Attempt to invoke interface method 'void android.app.IActivityManager.handleApplicationCrash(android.os.IBinder, android.app.ApplicationErrorReport$ParcelableCrashInfo)' on a null object reference
01-01 08:18:58.367 31842 31842 E AndroidRuntime: at com.android.internal.os.RuntimeInit$KillApplicationHandler.uncaughtException(RuntimeInit.java:156)
01-01 08:18:58.367 31842 31842 E AndroidRuntime: at java.lang.ThreadGroup.uncaughtException(ThreadGroup.java:1073)
01-01 08:18:58.367 31842 31842 E AndroidRuntime: at java.lang.ThreadGroup.uncaughtException(ThreadGroup.java:1068)
01-01 08:18:58.367 31842 31842 E AndroidRuntime: at java.lang.Thread.dispatchUncaughtException(Thread.java:2200)
01-01 08:18:58.515 0 0 I binder : undelivered TRANSACTION_COMPLETE
01-01 08:18:58.515 0 0 I binder : undelivered transaction 454333, process died.
01-01 08:18:58.519 0 0 I binder : 31928:31928 ioctl 40046210 7fee86d244 returned -22
01-01 08:18:58.519 0 0 D ProcessState: Binder ioctl to enable oneway spam detection failed: Invalid argument
01-01 08:18:58.521 0 0 D vdc : Waited 0ms for vold
01-01 08:18:58.820 0 0 D : mv2112_read_status
01-01 08:18:58.821 0 0 D mv2112_update_link: 3.0x901(1G): 0x80
01-01 08:18:58.821 0 0 D mv2112_update_link: 3.0x8109(100M): 0x0
01-01 08:18:58.821 0 0 D mv2112_update_link: link 0x0
01-01 08:18:58.821 0 0 D mv2112_read_status: autoneg is disabled
01-01 08:18:59.256 31934 31934 I wificond: wificond is starting up...
01-01 08:18:59.265 0 0 I binder : 31934:31934 ioctl 40046210 7fc1ab08c4 returned -22
01-01 08:18:59.267 0 0 I binder : 31934:31934 ioctl 40046210 7fc1ab0844 returned -22
01-01 08:18:59.261 31934 31934 I HidlServiceManagement: Registered android.system.wifi.keystore@1.0::IKeystore/default
01-01 08:18:59.448 0 0 I binder : 31933:31933 ioctl 40046210 ffc0ebd8 returned -22
01-01 08:18:59.450 0 0 I binder : 31933:31933 ioctl 40046210 ffc0ebc0 returned -22
01-01 08:18:59.833 0 0 I binder : 31932:31932 ioctl 40046210 7fcc33d5f4 returned -22
01-01 08:18:59.835 0 0 I binder : 31932:31932 ioctl 40046210 7fcc33d614 returned -22
01-01 08:18:59.848 0 0 D : mv2112_read_status
01-01 08:18:59.849 0 0 D mv2112_update_link: 3.0x901(1G): 0x80
01-01 08:18:59.849 0 0 D mv2112_update_link: 3.0x8109(100M): 0x0
01-01 08:18:59.849 0 0 D mv2112_update_link: link 0x0
01-01 08:18:59.849 0 0 D mv2112_read_status: autoneg is disabled
01-01 08:19:00.780 0 0 E init : Control message: Could not find 'android.frameworks.sensorservice@1.0::ISensorManager/default' for ctl.interface_start from pid: 517 (/system/bin/hwservicemanager)
01-01 08:19:00.835 0 0 E init : Control message: Could not find 'android.frameworks.sensorservice@1.0::ISensorManager/default' for ctl.interface_start from pid: 517 (/system/bin/hwservicemanager)
01-01 08:19:00.868 0 0 D : mv2112_read_status
01-01 08:19:00.869 0 0 D mv2112_update_link: 3.0x901(1G): 0x80
01-01 08:19:00.869 0 0 D mv2112_update_link: 3.0x8109(100M): 0x0
01-01 08:19:00.869 0 0 D mv2112_update_link: link 0x0
01-01 08:19:00.869 0 0 D mv2112_read_status: autoneg is disabled
01-01 08:19:01.260 0 0 I init : starting service 'qvrd_vndr'...
01-01 08:19:01.261 0 0 I init : Created socket '/dev/socket/qvrservice_vndr', mode 660, user 1000, group 1000
01-01 08:19:01.262 0 0 I init : Created socket '/dev/socket/qvrservice_vndr_camera', mode 660, user 1000, group 1000
01-01 08:19:01.271 0 0 I init : starting service 'sxrd'...
01-01 08:19:01.280 0 0 I init : starting service 'vendor.audio-hal'...
01-01 08:19:01.278 31946 31946 F linker : CANNOT LINK EXECUTABLE "/vendor/bin/hw/qvrservice": library "vendor.qti.hardware.qxr-V1-ndk_platform.so" not found: needed by /vendor/lib64/libqvrservice.so in namespace (default)
01-01 08:19:01.281 31947 31947 F linker : CANNOT LINK EXECUTABLE "/vendor/bin/hw/sxrservice": library "vendor.qti.hardware.qxr-V1-ndk_platform.so" not found: needed by main executable
01-01 08:19:01.289 0 0 I init : Service 'qvrd_vndr' (pid 31946) exited with status 1
01-01 08:19:01.289 0 0 I init : Sending signal 9 to service 'qvrd_vndr' (pid 31946) process group...
01-01 08:19:01.289 0 0 I libprocessgroup: Successfully killed process cgroup uid 1000 pid 31946 in 0ms
01-01 08:19:01.672 0 0 I binder : 31955:31955 ioctl 40046210 7ff6ed4024 returned -22
01-01 08:19:01.672 0 0 I binder : 31955:31955 ioctl 40046210 7ff6ed4044 returned -22
01-01 08:19:01.718 31953 31953 D Zygote64Timing: BeginPreload took to complete: 37ms
01-01 08:19:01.892 0 0 D : mv2112_read_status
01-01 08:19:01.893 0 0 D mv2112_update_link: 3.0x901(1G): 0x80
01-01 08:19:01.893 0 0 D mv2112_update_link: 3.0x8109(100M): 0x0
01-01 08:19:01.893 0 0 D mv2112_update_link: link 0x0
01-01 08:19:01.893 0 0 D mv2112_read_status: autoneg is disabled
01-01 08:19:01.995 31954 31954 D Zygote32Timing: PostZygoteInitGC took to complete: 14ms
01-01 08:19:01.995 31954 31954 D Zygote32Timing: ZygoteInit took to complete: 20ms
01-01 08:19:02.141 0 0 E : msm_qti_pp_get_rms_value_control, back not active to query rms be_idx:3
01-01 08:19:02.162 0 0 I core_get_license_status: cmdrsp_license_result.result = 0x15 for module 0x131ff
01-01 08:19:02.163 0 0 E msm_ext_disp_update_audio_ops: Display not found (EXT_DISPLAY_TYPE_DP) ctld (0) stream (0)
01-01 08:19:02.173 0 0 E msm_ext_disp_update_audio_ops: Display not found (EXT_DISPLAY_TYPE_HDMI) ctld (0) stream (0)
01-01 08:19:02.183 0 0 E msm_ext_disp_update_audio_ops: Display not found (EXT_DISPLAY_TYPE_DP) ctld (0) stream (0)
01-01 08:19:02.193 0 0 E msm_ext_disp_update_audio_ops: Display not found (EXT_DISPLAY_TYPE_DP) ctld (0) stream (0)
01-01 08:19:02.203 0 0 E msm_ext_disp_update_audio_ops: Display not found (EXT_DISPLAY_TYPE_DP) ctld (0) stream (0)
01-01 08:19:02.213 0 0 E msm-ext-disp-audio-codec-rx soc: qcom,msm-ext-disp:qcom,msm-ext-disp-audio-codec-rx: msm_ext_disp_audio_type_get: get_audio_edid_blk() or get_intf_id is NULL
01-01 08:19:02.229 0 0 E msm_ext_disp_update_audio_ops: Display not found (EXT_DISPLAY_TYPE_DP) ctld (0) stream (0)
01-01 08:19:02.238 0 0 E msm-ext-disp-audio-codec-rx soc: qcom,msm-ext-disp:qcom,msm-ext-disp-audio-codec-rx: msm_ext_disp_audio_type_get: get_audio_edid_blk() or get_intf_id is NULL
01-01 08:19:02.255 0 0 E msm_ext_disp_update_audio_ops: Display not found (EXT_DISPLAY_TYPE_DP) ctld (0) stream (0)
01-01 08:19:02.264 0 0 E msm-ext-disp-audio-codec-rx soc: qcom,msm-ext-disp:qcom,msm-ext-disp-audio-codec-rx: msm_ext_disp_audio_type_get: get_audio_edid_blk() or get_intf_id is NULL
01-01 08:19:02.281 0 0 E msm-ext-disp-audio-codec-rx soc: qcom,msm-ext-disp:qcom,msm-ext-disp-audio-codec-rx: msm_ext_disp_audio_device_get: invalid dai id: 4
01-01 08:19:02.347 0 0 E : msm_pcm_volume_ctl_get substream not found
01-01 08:19:02.571 31953 31953 D Zygote64Timing: PreloadClasses took to complete: 853ms
01-01 08:19:02.582 31953 31953 D Zygote64Timing: CacheNonBootClasspathClassLoaders took to complete: 10ms
01-01 08:19:02.601 31953 31953 D Zygote64Timing: PreloadResources took to complete: 19ms
01-01 08:19:02.660 31953 31953 D Zygote64Timing: ZygotePreload took to complete: 979ms
01-01 08:19:02.741 31953 31953 D Zygote64Timing: PostZygoteInitGC took to complete: 80ms
01-01 08:19:02.741 31953 31953 D Zygote64Timing: ZygoteInit took to complete: 1064ms
01-01 08:19:02.783 0 0 E : msm_qti_pp_get_rms_value_control, back not active to query rms be_idx:3
01-01 08:19:02.803 0 0 I core_get_license_status: cmdrsp_license_result.result = 0x15 for module 0x131ff
01-01 08:19:02.804 0 0 E msm_ext_disp_update_audio_ops: Display not found (EXT_DISPLAY_TYPE_DP) ctld (0) stream (0)
01-01 08:19:02.813 0 0 E msm_ext_disp_update_audio_ops: Display not found (EXT_DISPLAY_TYPE_HDMI) ctld (0) stream (0)
01-01 08:19:02.823 0 0 E msm_ext_disp_update_audio_ops: Display not found (EXT_DISPLAY_TYPE_DP) ctld (0) stream (0)
01-01 08:19:02.833 0 0 E msm_ext_disp_update_audio_ops: Display not found (EXT_DISPLAY_TYPE_DP) ctld (0) stream (0)
01-01 08:19:02.844 0 0 E msm_ext_disp_update_audio_ops: Display not found (EXT_DISPLAY_TYPE_DP) ctld (0) stream (0)
01-01 08:19:02.853 0 0 E msm-ext-disp-audio-codec-rx soc: qcom,msm-ext-disp:qcom,msm-ext-disp-audio-codec-rx: msm_ext_disp_audio_type_get: get_audio_edid_blk() or get_intf_id is NULL
01-01 08:19:02.869 0 0 E msm_ext_disp_update_audio_ops: Display not found (EXT_DISPLAY_TYPE_DP) ctld (0) stream (0)
01-01 08:19:02.879 0 0 E msm-ext-disp-audio-codec-rx soc: qcom,msm-ext-disp:qcom,msm-ext-disp-audio-codec-rx: msm_ext_disp_audio_type_get: get_audio_edid_blk() or get_intf_id is NULL
01-01 08:19:02.895 0 0 E msm_ext_disp_update_audio_ops: Display not found (EXT_DISPLAY_TYPE_DP) ctld (0) stream (0)
01-01 08:19:02.905 0 0 E msm-ext-disp-audio-codec-rx soc: qcom,msm-ext-disp:qcom,msm-ext-disp-audio-codec-rx: msm_ext_disp_audio_type_get: get_audio_edid_blk() or get_intf_id is NULL
01-01 08:19:02.920 0 0 D : mv2112_read_status
01-01 08:19:02.921 0 0 D mv2112_update_link: 3.0x901(1G): 0x80
01-01 08:19:02.921 0 0 D mv2112_update_link: 3.0x8109(100M): 0x0
01-01 08:19:02.921 0 0 D mv2112_update_link: link 0x0
01-01 08:19:02.921 0 0 D mv2112_read_status: autoneg is disabled
01-01 08:19:02.922 0 0 E msm-ext-disp-audio-codec-rx soc: qcom,msm-ext-disp:qcom,msm-ext-disp-audio-codec-rx: msm_ext_disp_audio_device_get: invalid dai id: 4
01-01 08:19:02.975 0 0 I binder : 31983:31983 ioctl 40046210 7fc76272c4 returned -22
01-01 08:19:02.970 31983 31983 I SystemServerTiming: InitBeforeStartServices
01-01 08:19:02.972 31983 31983 I SystemServer: Entered the Android system server!
01-01 08:19:02.982 0 0 E : msm_pcm_volume_ctl_get substream not found
01-01 08:19:03.053 31983 31983 I SystemServerInitThreadPool: Creating instance with 8 threads
01-01 08:19:03.173 0 0 I binder : 31997:31997 ioctl 40046210 7fd03f8684 returned -22
01-01 08:19:03.170 31983 31983 D SystemServerTiming: InitBeforeStartServices took to complete: 200ms
01-01 08:19:03.170 31983 31983 I SystemServerTiming: StartServices
01-01 08:19:03.170 31983 31983 I SystemServerTiming: startBootstrapServices
01-01 08:19:03.170 31983 31983 I SystemServerTiming: StartWatchdog
01-01 08:19:03.177 0 0 I binder : 31997:31997 ioctl 40046210 7fd03f8894 returned -22
01-01 08:19:03.176 31983 31983 D SystemServerTiming: StartWatchdog took to complete: 7ms
01-01 08:19:03.176 31983 31983 I SystemServer: Reading configuration...
01-01 08:19:03.176 31983 31983 I SystemServerTiming: ReadingSystemConfig
01-01 08:19:03.177 31983 31983 D SystemServerTiming: ReadingSystemConfig took to complete: 0ms
01-01 08:19:03.177 31983 31983 I SystemServerTiming: PlatformCompat
01-01 08:19:03.177 31983 32025 I SystemServerTimingAsync: InitThreadPoolExec:ReadingSystemConfig
01-01 08:19:03.177 31983 32025 D SystemServerInitThreadPool: Started executing ReadingSystemConfig
01-01 08:19:03.177 31983 31983 D CompatConfig: Found a config file: /system/etc/compatconfig/framework-platform-compat-config.xml
01-01 08:19:03.178 31983 32025 I SystemConfig: Reading permissions from /system/etc/sysconfig/framework-sysconfig.xml
01-01 08:19:03.179 31983 31983 D CompatConfig: Adding: com.android.server.compat.config.Change@3953c0d
01-01 08:19:03.179 31983 32025 I SystemConfig: Reading permissions from /system/etc/sysconfig/preinstalled-packages-platform-full-base.xml
01-01 08:19:03.180 31983 31983 D CompatConfig: Adding: com.android.server.compat.config.Change@c6b89d3
01-01 08:19:03.180 31983 32025 I SystemConfig: Reading permissions from /system/etc/sysconfig/hiddenapi-package-whitelist.xml
01-01 08:19:03.180 31983 32025 I SystemConfig: Reading permissions from /system/etc/sysconfig/preinstalled-packages-com.android.providers.media.module.xml
01-01 08:19:03.181 31983 31983 D CompatConfig: Adding: com.android.server.compat.config.Change@44a8e0e
01-01 08:19:03.181 31983 32025 I SystemConfig: Reading permissions from /system/etc/sysconfig/preinstalled-packages-platform.xml
01-01 08:19:03.181 31983 31983 D CompatConfig: Adding: com.android.server.compat.config.Change@c0c63c
01-01 08:19:03.181 31983 32025 I SystemConfig: Reading permissions from /system/etc/sysconfig/qti_whitelist.xml
01-01 08:19:03.182 31983 31983 D CompatConfig: Adding: com.android.server.compat.config.Change@4257d1a
01-01 08:19:03.182 31983 32025 I SystemConfig: Reading permissions from /system/etc/permissions/com.thundercomm.mcuupgrade.xml
01-01 08:19:03.182 31983 31983 D CompatConfig: Adding: com.android.server.compat.config.Change@2f20a28
01-01 08:19:03.183 31983 32025 I SystemConfig: Reading permissions from /system/etc/permissions/com.android.location.provider.xml
01-01 08:19:03.183 31983 31983 D CompatConfig: Adding: com.android.server.compat.config.Change@8e50e6
01-01 08:19:03.183 31983 32025 I SystemConfig: Reading permissions from /system/etc/permissions/com.android.media.remotedisplay.xml
01-01 08:19:03.184 31983 31983 D CompatConfig: Adding: com.android.server.compat.config.Change@f5a427d
01-01 08:19:03.184 31983 32025 I SystemConfig: Reading permissions from /system/etc/permissions/android.software.live_wallpaper.xml
01-01 08:19:03.184 31983 32025 I SystemConfig: Reading permissions from /system/etc/permissions/android.software.webview.xml
01-01 08:19:03.184 31983 31983 D CompatConfig: Adding: com.android.server.compat.config.Change@8fa8dc3
01-01 08:19:03.185 31983 32025 I SystemConfig: Reading permissions from /system/etc/permissions/privapp-permissions-platform.xml
01-01 08:19:03.185 31983 31983 D CompatConfig: Adding: com.android.server.compat.config.Change@74d8979
01-01 08:19:03.186 31983 31983 D CompatConfig: Adding: com.android.server.compat.config.Change@87c96be
01-01 08:19:03.186 31983 31983 D CompatConfig: Adding: com.android.server.compat.config.Change@7ee431f
01-01 08:19:03.187 31983 31983 D CompatConfig: Adding: com.android.server.compat.config.Change@1e0366c
01-01 08:19:03.187 31983 32025 I SystemConfig: Reading permissions from /system/etc/permissions/android.software.freeform_window_management.xml
01-01 08:19:03.187 31983 32025 I SystemConfig: Reading permissions from /system/etc/permissions/com.android.networkstack.tethering.xml
01-01 08:19:03.187 31983 31983 D CompatConfig: Adding: com.android.server.compat.config.Change@53df23b
01-01 08:19:03.188 31983 32025 I SystemConfig: Reading permissions from /system/etc/permissions/org.apache.http.legacy.xml
01-01 08:19:03.188 31983 31983 D CompatConfig: Adding: com.android.server.compat.config.Change@d51eeb1
01-01 08:19:03.189 31983 32025 I SystemConfig: Reading permissions from /system/etc/permissions/com.android.nfc_extras.xml
01-01 08:19:03.189 31983 32025 I SystemConfig: Reading permissions from /system/etc/permissions/javax.obex.xml
01-01 08:19:03.189 31983 31983 D CompatConfig: Adding: com.android.server.compat.config.Change@9a8e704
01-01 08:19:03.189 31983 32025 I SystemConfig: Reading permissions from /system/etc/permissions/com.android.documentsui.xml
01-01 08:19:03.190 31983 31983 D CompatConfig: Adding: com.android.server.compat.config.Change@da33f22
01-01 08:19:03.190 31983 32025 I SystemConfig: Reading permissions from /system/etc/permissions/android.test.runner.xml
01-01 08:19:03.190 31983 32025 I SystemConfig: Reading permissions from /system/etc/permissions/com.android.future.usb.accessory.xml
01-01 08:19:03.190 31983 31983 D CompatConfig: Adding: com.android.server.compat.config.Change@166c2e9
01-01 08:19:03.191 31983 32025 I SystemConfig: Reading permissions from /system/etc/permissions/privapp-permissions-qti.xml
01-01 08:19:03.191 31983 31983 D CompatConfig: Adding: com.android.server.compat.config.Change@1b4320f
01-01 08:19:03.191 31983 31983 D CompatConfig: Adding: com.android.server.compat.config.Change@794129c
01-01 08:19:03.191 31983 32025 I SystemConfig: Reading permissions from /system/etc/permissions/com.android.networkstack.xml
01-01 08:19:03.192 31983 31983 D CompatConfig: Adding: com.android.server.compat.config.Change@68be02b
01-01 08:19:03.192 31983 32025 I SystemConfig: Reading permissions from /system/etc/permissions/android.test.base.xml
01-01 08:19:03.192 31983 32025 I SystemConfig: Reading permissions from /system/etc/permissions/com.android.mediadrm.signer.xml
01-01 08:19:03.192 31983 31983 D CompatConfig: Adding: com.android.server.compat.config.Change@94ae621
01-01 08:19:03.193 31983 32025 I SystemConfig: Reading permissions from /system/etc/permissions/android.test.mock.xml
01-01 08:19:03.193 31983 32025 I SystemConfig: Reading permissions from /system/etc/permissions/uimremoteserver.xml
01-01 08:19:03.193 31983 31983 D CompatConfig: Adding: com.android.server.compat.config.Change@8161934
01-01 08:19:03.193 31983 32025 I SystemConfig: Reading permissions from /system/etc/permissions/uimremoteclient.xml
01-01 08:19:03.194 31983 31983 D CompatConfig: Adding: com.android.server.compat.config.Change@afdb4d2
01-01 08:19:03.194 31983 32025 I SystemConfig: Reading permissions from /system/etc/permissions/platform.xml
01-01 08:19:03.194 31983 31983 D CompatConfig: Adding: com.android.server.compat.config.Change@59594a0
01-01 08:19:03.195 31983 31983 D CompatConfig: Adding: com.android.server.compat.config.Change@7b93859
01-01 08:19:03.195 31983 31983 D CompatConfig: Adding: com.android.server.compat.config.Change@6de4c1e
01-01 08:19:03.196 31983 32025 I SystemConfig: Reading permissions from /vendor/etc/permissions/android.software.verified_boot.xml
01-01 08:19:03.196 31983 31983 D CompatConfig: Adding: com.android.server.compat.config.Change@5cf5acc
01-01 08:19:03.196 31983 32025 I SystemConfig: Reading permissions from /vendor/etc/permissions/android.hardware.sensor.accelerometer.xml
01-01 08:19:03.196 31983 31983 D CompatConfig: Adding: com.android.server.compat.config.Change@f9f0c2a
01-01 08:19:03.196 31983 32025 I SystemConfig: Reading permissions from /vendor/etc/permissions/android.hardware.sensor.ambient_temperature.xml
01-01 08:19:03.197 31983 32025 I SystemConfig: Reading permissions from /vendor/etc/permissions/android.hardware.light.xml
01-01 08:19:03.197 31983 31983 D CompatConfig: Adding: com.android.server.compat.config.Change@fe89991
01-01 08:19:03.197 31983 32025 I SystemConfig: Reading permissions from /vendor/etc/permissions/android.hardware.sensor.gyroscope.xml
01-01 08:19:03.198 31983 32025 I SystemConfig: Reading permissions from /vendor/etc/permissions/android.hardware.wifi.passpoint.xml
01-01 08:19:03.198 31983 31983 D CompatConfig: Adding: com.android.server.compat.config.Change@30c3764
01-01 08:19:03.198 31983 32025 I SystemConfig: Reading permissions from /vendor/etc/permissions/android.hardware.sensor.barometer.xml
01-01 08:19:03.198 31983 31983 D CompatConfig: Adding: com.android.server.compat.config.Change@278f682
01-01 08:19:03.198 31983 32025 I SystemConfig: Reading permissions from /vendor/etc/permissions/android.hardware.opengles.aep.xml
01-01 08:19:03.199 31983 32025 I SystemConfig: Reading permissions from /vendor/etc/permissions/android.hardware.usb.host.xml
01-01 08:19:03.199 31983 31983 D CompatConfig: Adding: com.android.server.compat.config.Change@90be9c9
01-01 08:19:03.199 31983 32025 I SystemConfig: Reading permissions from /vendor/etc/permissions/android.hardware.usb.accessory.xml
01-01 08:19:03.200 31983 31983 D CompatConfig: Adding: com.android.server.compat.config.Change@3450efc
01-01 08:19:03.200 31983 32025 I SystemConfig: Reading permissions from /vendor/etc/permissions/android.software.vulkan.deqp.level.xml
01-01 08:19:03.200 31983 32025 I SystemConfig: Reading permissions from /vendor/etc/permissions/android.hardware.audio.pro.xml
01-01 08:19:03.200 31983 31983 D CompatConfig: Adding: com.android.server.compat.config.Change@9aad3da
01-01 08:19:03.201 31983 31983 D CompatConfig: Adding: com.android.server.compat.config.Change@ee4d00b
01-01 08:19:03.201 31983 32025 I SystemConfig: Reading permissions from /vendor/etc/permissions/android.hardware.wifi.aware.xml
01-01 08:19:03.201 31983 32025 I SystemConfig: Reading permissions from /vendor/etc/permissions/vendor-qti-hardware-sensorscalibrate.xml
01-01 08:19:03.201 31983 31983 D CompatConfig: Adding: com.android.server.compat.config.Change@cf253a6
01-01 08:19:03.202 31983 32025 I SystemConfig: Reading permissions from /vendor/etc/permissions/android.hardware.vulkan.version-1_1.xml
01-01 08:19:03.202 31983 31983 D CompatConfig: Adding: com.android.server.compat.config.Change@49e4194
01-01 08:19:03.202 31983 32025 I SystemConfig: Reading permissions from /vendor/etc/permissions/handheld_core_hardware.xml
01-01 08:19:03.203 31983 32025 I SystemConfig: Reading permissions from /vendor/etc/permissions/android.hardware.bluetooth.xml
01-01 08:19:03.203 31983 31983 D CompatConfig: Adding: com.android.server.compat.config.Change@8553583
01-01 08:19:03.203 31983 32025 I SystemConfig: Reading permissions from /vendor/etc/permissions/android.hardware.audio.low_latency.xml
01-01 08:19:03.204 31983 31983 D CompatConfig: Adding: com.android.server.compat.config.Change@f86317e
01-01 08:19:03.204 31983 32025 I SystemConfig: Reading permissions from /vendor/etc/permissions/vendor.qti.hardware.factory.xml
01-01 08:19:03.204 31983 32025 I SystemConfig: Reading permissions from /vendor/etc/permissions/android.software.midi.xml
01-01 08:19:03.204 31983 31983 D CompatConfig: Adding: com.android.server.compat.config.Change@9682f2c
01-01 08:19:03.204 31983 32025 I SystemConfig: Reading permissions from /vendor/etc/permissions/android.hardware.wifi.rtt.xml
01-01 08:19:03.205 31983 32025 I SystemConfig: Reading permissions from /vendor/etc/permissions/android.hardware.touchscreen.multitouch.jazzhand.xml
01-01 08:19:03.205 31983 31983 D CompatConfig: Adding: com.android.server.compat.config.Change@8cdd1fb
01-01 08:19:03.205 31983 32025 I SystemConfig: Reading permissions from /vendor/etc/permissions/android.hardware.se.omapi.uicc.xml
01-01 08:19:03.206 31983 32025 I SystemConfig: Reading permissions from /vendor/etc/permissions/android.hardware.location.gps.xml
01-01 08:19:03.206 31983 31983 D CompatConfig: Adding: com.android.server.compat.config.Change@e4cf256
01-01 08:19:03.206 31983 32025 I SystemConfig: Reading permissions from /vendor/etc/permissions/android.hardware.se.omapi.ese.xml
01-01 08:19:03.206 31983 31983 D CompatConfig: Adding: com.android.server.compat.config.Change@19f37c4
01-01 08:19:03.207 31983 32025 I SystemConfig: Reading permissions from /vendor/etc/permissions/qti_fingerprint_interface.xml
01-01 08:19:03.207 31983 32025 I SystemConfig: Reading permissions from /vendor/etc/permissions/android.hardware.sensor.hifi_sensors.xml
01-01 08:19:03.207 31983 31983 D CompatConfig: Adding: com.android.server.compat.config.Change@43e8573
01-01 08:19:03.207 31983 32025 I SystemConfig: Reading permissions from /vendor/etc/permissions/android.hardware.sensor.relative_humidity.xml
01-01 08:19:03.208 31983 31983 D CompatConfig: Adding: com.android.server.compat.config.Change@68e00a9
01-01 08:19:03.208 31983 32025 I SystemConfig: Reading permissions from /vendor/etc/permissions/android.hardware.bluetooth_le.xml
01-01 08:19:03.208 31983 32025 I SystemConfig: Reading permissions from /vendor/etc/permissions/android.hardware.wifi.direct.xml
01-01 08:19:03.209 31983 31983 D CompatConfig: Adding: com.android.server.compat.config.Change@46bbb5c
01-01 08:19:03.209 31983 32025 I SystemConfig: Reading permissions from /vendor/etc/permissions/android.hardware.fingerprint.xml
01-01 08:19:03.209 31983 31983 D CompatConfig: Adding: com.android.server.compat.config.Change@af9473a
01-01 08:19:03.210 31983 32025 I SystemConfig: Reading permissions from /vendor/etc/permissions/android.hardware.sensor.compass.xml
01-01 08:19:03.210 31983 31983 D CompatConfig: Adding: com.android.server.compat.config.Change@fa73148
01-01 08:19:03.210 31983 32025 I SystemConfig: Reading permissions from /vendor/etc/permissions/android.software.ipsec_tunnels.xml
01-01 08:19:03.211 31983 31983 D CompatConfig: Adding: com.android.server.compat.config.Change@92dfc7
01-01 08:19:03.211 31983 32025 I SystemConfig: Reading permissions from /vendor/etc/permissions/android.hardware.vulkan.compute-0.xml
01-01 08:19:03.212 31983 32025 I SystemConfig: Reading permissions from /vendor/etc/permissions/android.hardware.wifi.xml
01-01 08:19:03.212 31983 31983 D CompatConfig: Adding: com.android.server.compat.config.Change@4a5951d
01-01 08:19:03.212 31983 32025 I SystemConfig: Reading permissions from /vendor/etc/permissions/android.software.device_id_attestation.xml
01-01 08:19:03.213 31983 31983 D CompatConfig: Adding: com.android.server.compat.config.Change@dd3b163
01-01 08:19:03.213 31983 32025 I SystemConfig: Reading permissions from /vendor/etc/permissions/android.hardware.vulkan.level-1.xml
01-01 08:19:03.214 31983 31983 D CompatConfig: Adding: com.android.server.compat.config.Change@f0b6619
01-01 08:19:03.214 31983 31983 D CompatConfig: Adding: com.android.server.compat.config.Change@14c46de
01-01 08:19:03.214 31983 32025 I SystemConfig: Reading permissions from /product/etc/sysconfig/preinstalled-packages-platform-handheld-product.xml
01-01 08:19:03.215 31983 32025 I SystemConfig: Reading permissions from /product/etc/sysconfig/preinstalled-packages-platform-overlays.xml
01-01 08:19:03.215 31983 31983 D CompatConfig: Adding: com.android.server.compat.config.Change@634ad5
01-01 08:19:03.215 31983 31983 D CompatConfig: Adding: com.android.server.compat.config.Change@d1f2ea
01-01 08:19:03.216 31983 32025 I SystemConfig: Reading permissions from /product/etc/permissions/com.android.settings.intelligence.xml
01-01 08:19:03.216 31983 31983 D CompatConfig: Adding: com.android.server.compat.config.Change@22d7c78
01-01 08:19:03.216 31983 32025 I SystemConfig: Reading permissions from /product/etc/permissions/privapp-permissions-soundrecorder.xml
01-01 08:19:03.217 31983 32025 I SystemConfig: Reading permissions from /product/etc/permissions/telephony_product_privapp-permissions-qti.xml
01-01 08:19:03.217 31983 31983 D CompatConfig: Adding: com.android.server.compat.config.Change@f2d48b7
01-01 08:19:03.217 31983 32025 I SystemConfig: Reading permissions from /product/etc/permissions/ims_ext_common.xml
01-01 08:19:03.218 31983 31983 D CompatConfig: Found a config file: /system/etc/compatconfig/documents-ui-compat-config.xml
01-01 08:19:03.218 31983 32025 I SystemConfig: Reading permissions from /product/etc/permissions/vendor.qti.hardware.data.connection-V1.1-java.xml
01-01 08:19:03.218 31983 31983 D CompatConfig: Adding: com.android.server.compat.config.Change@5c3b953
01-01 08:19:03.218 31983 32025 I SystemConfig: Reading permissions from /product/etc/permissions/vendor.qti.hardware.data.connection-V1.0-java.xml
01-01 08:19:03.218 31983 31983 D CompatConfig: Found a config file: /system/etc/compatconfig/calendar-provider-compat-config.xml
01-01 08:19:03.219 31983 32025 I SystemConfig: Reading permissions from /product/etc/permissions/com.qti.snapdragon.sdk.display.xml
01-01 08:19:03.219 31983 31983 D CompatConfig: Adding: com.android.server.compat.config.Change@34697af
01-01 08:19:03.219 31983 32025 I SystemConfig: Reading permissions from /product/etc/permissions/UimService.xml
01-01 08:19:03.219 31983 31983 D CompatConfig: Found a config file: /system/etc/compatconfig/icu4j-platform-compat-config.xml
01-01 08:19:03.219 31983 31983 D CompatConfig: Adding: com.android.server.compat.config.Change@36effcb
01-01 08:19:03.219 31983 32025 I SystemConfig: Reading permissions from /system_ext/etc/sysconfig/qti_whitelist_system_ext.xml
01-01 08:19:03.220 31983 32025 I SystemConfig: Reading permissions from /system_ext/etc/sysconfig/qti_telephony_system_packages_config.xml
01-01 08:19:03.220 31983 31983 D CompatConfig: Found a config file: /system/etc/compatconfig/services-platform-compat-config.xml
01-01 08:19:03.221 31983 31983 D CompatConfig: Adding: com.android.server.compat.config.Change@e771666
01-01 08:19:03.221 31983 32025 I SystemConfig: Reading permissions from /system_ext/etc/permissions/com.qualcomm.qti.imscmservice-V2.1-java.xml
01-01 08:19:03.221 31983 32025 I SystemConfig: Reading permissions from /system_ext/etc/permissions/com.android.storagemanager.xml
01-01 08:19:03.222 31983 31983 D CompatConfig: Adding: com.android.server.compat.config.Change@577e5fd
01-01 08:19:03.222 31983 32025 I SystemConfig: Reading permissions from /system_ext/etc/permissions/com.qualcomm.qti.imscmservice-V2.0-java.xml
01-01 08:19:03.222 31983 31983 D CompatConfig: Adding: com.android.server.compat.config.Change@e388fc0
01-01 08:19:03.222 31983 32025 I SystemConfig: Reading permissions from /system_ext/etc/permissions/com.qualcomm.location.xml
01-01 08:19:03.223 31983 32025 I SystemConfig: Reading permissions from /system_ext/etc/permissions/izat.xt.srv.xml
01-01 08:19:03.223 31983 31983 D CompatConfig: Adding: com.android.server.compat.config.Change@7088c3e
01-01 08:19:03.223 31983 32025 I SystemConfig: Reading permissions from /system_ext/etc/permissions/privapp-permissions-aptxals.xml
01-01 08:19:03.223 31983 31983 D CompatConfig: Adding: com.android.server.compat.config.Change@5f6e7ec
01-01 08:19:03.223 31983 32025 I SystemConfig: Reading permissions from /system_ext/etc/permissions/audiosphere.xml
01-01 08:19:03.224 31983 31983 D CompatConfig: Adding: com.android.server.compat.config.Change@8fd2e4a
01-01 08:19:03.224 31983 32025 I SystemConfig: Reading permissions from /system_ext/etc/permissions/com.android.systemui.xml
01-01 08:19:03.224 31983 31983 D CompatConfig: Adding: com.android.server.compat.config.Change@6096d8
01-01 08:19:03.224 31983 32025 I SystemConfig: Reading permissions from /system_ext/etc/permissions/com.qualcomm.qmapbridge.xml
01-01 08:19:03.225 31983 32025 I SystemConfig: Reading permissions from /system_ext/etc/permissions/com.android.emergency.xml
01-01 08:19:03.225 31983 31983 D CompatConfig: Adding: com.android.server.compat.config.Change@18d6e97
01-01 08:19:03.225 31983 32025 I SystemConfig: Reading permissions from /system_ext/etc/permissions/com.android.launcher3.xml
01-01 08:19:03.226 31983 31983 D CompatConfig: Adding: com.android.server.compat.config.Change@cf53ca2
01-01 08:19:03.226 31983 32025 I SystemConfig: Reading permissions from /system_ext/etc/permissions/com.nxp.nfc.nq.xml
01-01 08:19:03.226 31983 32025 I SystemConfig: Reading permissions from /system_ext/etc/permissions/com.android.provision.xml
01-01 08:19:03.226 31983 31983 D CompatConfig: Adding: com.android.server.compat.config.Change@d6f68f0
01-01 08:19:03.227 31983 32025 I SystemConfig: Reading permissions from /system_ext/etc/permissions/embms-noship_product_privapp_permissions_qti.xml
01-01 08:19:03.227 31983 31983 D CompatConfig: Adding: com.android.server.compat.config.Change@38e80ee
01-01 08:19:03.227 31983 32025 I SystemConfig: Reading permissions from /system_ext/etc/permissions/com.qti.media.secureprocessor.xml
01-01 08:19:03.227 31983 32025 I SystemConfig: Reading permissions from /system_ext/etc/permissions/privapp-permissions-qti-system-ext.xml
01-01 08:19:03.228 31983 31983 D CompatConfig: Adding: com.android.server.compat.config.Change@5aa1825
01-01 08:19:03.228 31983 32025 I SystemConfig: Reading permissions from /system_ext/etc/permissions/qti_supplicant_interface.xml
01-01 08:19:03.228 31983 31983 D CompatConfig: Adding: com.android.server.compat.config.Change@a903fab
01-01 08:19:03.228 31983 32025 I SystemConfig: Reading permissions from /system_ext/etc/permissions/vendor.qti.ims.rcsservice.xml
01-01 08:19:03.229 31983 32025 I SystemConfig: Reading permissions from /system_ext/etc/permissions/telephony_system-ext_privapp-permissions-qti.xml
01-01 08:19:03.229 31983 31983 D CompatConfig: Adding: com.android.server.compat.config.Change@441bfc6
01-01 08:19:03.229 31983 32025 I SystemConfig: Reading permissions from /system_ext/etc/permissions/com.qualcomm.qti.izattools.xml
01-01 08:19:03.230 31983 31983 D CompatConfig: Adding: com.android.server.compat.config.Change@77cdab4
01-01 08:19:03.230 31983 31983 D CompatConfig: Adding: com.android.server.compat.config.Change@60426dd
01-01 08:19:03.230 31983 32025 I SystemConfig: Reading permissions from /system_ext/etc/permissions/embms.xml
01-01 08:19:03.231 31983 32025 I SystemConfig: Reading permissions from /system_ext/etc/permissions/com.qualcomm.qti.imscmservice.xml
01-01 08:19:03.231 31983 31983 D CompatConfig: Adding: com.android.server.compat.config.Change@e66ee20
01-01 08:19:03.231 31983 32025 I SystemConfig: Reading permissions from /system_ext/etc/permissions/com.qti.dpmframework.xml
01-01 08:19:03.231 31983 32025 I SystemConfig: Reading permissions from /system_ext/etc/permissions/com.qti.location.sdk.xml
01-01 08:19:03.231 31983 31983 D CompatConfig: Adding: com.android.server.compat.config.Change@24a047f
01-01 08:19:03.232 31983 32025 I SystemConfig: Reading permissions from /system_ext/etc/permissions/com.qualcomm.qti.imscmservice-V2.2-java.xml
01-01 08:19:03.232 31983 32025 I SystemConfig: Reading permissions from /system_ext/etc/permissions/com.android.settings.xml
01-01 08:19:03.232 31983 31983 D CompatConfig: Adding: com.android.server.compat.config.Change@2a999aa
01-01 08:19:03.232 31983 32025 I SystemConfig: Reading permissions from /system_ext/etc/permissions/qti_permissions.xml
01-01 08:19:03.233 31983 31983 D CompatConfig: Adding: com.android.server.compat.config.Change@3706138
01-01 08:19:03.233 31983 32025 I SystemConfig: Reading permissions from /system_ext/etc/permissions/privapp-permissions-com.qualcomm.location.xml
01-01 08:19:03.233 31983 32025 I SystemConfig: Reading permissions from /system_ext/etc/permissions/dpmapi.xml
01-01 08:19:03.233 31983 31983 D CompatConfig: Adding: com.android.server.compat.config.Change@5360477
