01-01 08:11:28.933 0 0 D mv2112_update_link: 3.0x901(1G): 0x80
01-01 08:11:28.933 0 0 D mv2112_update_link: 3.0x8109(100M): 0x0
01-01 08:11:28.933 0 0 D mv2112_update_link: link 0x0
01-01 08:11:28.933 0 0 D mv2112_read_status: autoneg is disabled
01-01 08:11:29.956 0 0 D : mv2112_read_status
01-01 08:11:29.957 0 0 D mv2112_update_link: 3.0x901(1G): 0x80
01-01 08:11:29.957 0 0 D mv2112_update_link: 3.0x8109(100M): 0x0
01-01 08:11:29.957 0 0 D mv2112_update_link: link 0x0
01-01 08:11:29.957 0 0 D mv2112_read_status: autoneg is disabled
01-01 08:11:30.161 0 0 E init : Control message: Could not find 'android.frameworks.sensorservice@1.0::ISensorManager/default' for ctl.interface_start from pid: 517 (/system/bin/hwservicemanager)
01-01 08:11:30.177 0 0 E init : Control message: Could not find 'android.frameworks.sensorservice@1.0::ISensorManager/default' for ctl.interface_start from pid: 517 (/system/bin/hwservicemanager)
01-01 08:11:30.469 0 0 I init : starting service 'qvrd_vndr'...
01-01 08:11:30.470 0 0 I init : Created socket '/dev/socket/qvrservice_vndr', mode 660, user 1000, group 1000
01-01 08:11:30.471 0 0 I init : Created socket '/dev/socket/qvrservice_vndr_camera', mode 660, user 1000, group 1000
01-01 08:11:30.481 0 0 I init : starting service 'sxrd'...
01-01 08:11:30.491 0 0 I init : starting service 'vendor.audio-hal'...
01-01 08:11:30.490 19493 19493 F linker : CANNOT LINK EXECUTABLE "/vendor/bin/hw/qvrservice": library "vendor.qti.hardware.qxr-V1-ndk_platform.so" not found: needed by /vendor/lib64/libqvrservice.so in namespace (default)
01-01 08:11:30.493 19494 19494 F linker : CANNOT LINK EXECUTABLE "/vendor/bin/hw/sxrservice": library "vendor.qti.hardware.qxr-V1-ndk_platform.so" not found: needed by main executable
01-01 08:11:30.500 0 0 I init : Service 'qvrd_vndr' (pid 19493) exited with status 1
01-01 08:11:30.500 0 0 I init : Sending signal 9 to service 'qvrd_vndr' (pid 19493) process group...
01-01 08:11:30.501 0 0 I libprocessgroup: Successfully killed process cgroup uid 1000 pid 19493 in 0ms
01-01 08:11:30.874 0 0 I binder : 19502:19502 ioctl 40046210 7fe1279b84 returned -22
01-01 08:11:30.874 0 0 I binder : 19502:19502 ioctl 40046210 7fe1279ba4 returned -22
01-01 08:11:30.980 0 0 D : mv2112_read_status
01-01 08:11:30.981 0 0 D mv2112_update_link: 3.0x901(1G): 0x80
01-01 08:11:30.981 0 0 D mv2112_update_link: 3.0x8109(100M): 0x0
01-01 08:11:30.981 0 0 D mv2112_update_link: link 0x0
01-01 08:11:30.981 0 0 D mv2112_read_status: autoneg is disabled
01-01 08:11:31.361 0 0 E : msm_qti_pp_get_rms_value_control, back not active to query rms be_idx:3
01-01 08:11:31.382 0 0 I core_get_license_status: cmdrsp_license_result.result = 0x15 for module 0x131ff
01-01 08:11:31.383 0 0 E msm_ext_disp_update_audio_ops: Display not found (EXT_DISPLAY_TYPE_DP) ctld (0) stream (0)
01-01 08:11:31.392 0 0 E msm_ext_disp_update_audio_ops: Display not found (EXT_DISPLAY_TYPE_HDMI) ctld (0) stream (0)
01-01 08:11:31.402 0 0 E msm_ext_disp_update_audio_ops: Display not found (EXT_DISPLAY_TYPE_DP) ctld (0) stream (0)
01-01 08:11:31.412 0 0 E msm_ext_disp_update_audio_ops: Display not found (EXT_DISPLAY_TYPE_DP) ctld (0) stream (0)
01-01 08:11:31.423 0 0 E msm_ext_disp_update_audio_ops: Display not found (EXT_DISPLAY_TYPE_DP) ctld (0) stream (0)
01-01 08:11:31.432 0 0 E msm-ext-disp-audio-codec-rx soc: qcom,msm-ext-disp:qcom,msm-ext-disp-audio-codec-rx: msm_ext_disp_audio_type_get: get_audio_edid_blk() or get_intf_id is NULL
01-01 08:11:31.448 0 0 E msm_ext_disp_update_audio_ops: Display not found (EXT_DISPLAY_TYPE_DP) ctld (0) stream (0)
01-01 08:11:31.458 0 0 E msm-ext-disp-audio-codec-rx soc: qcom,msm-ext-disp:qcom,msm-ext-disp-audio-codec-rx: msm_ext_disp_audio_type_get: get_audio_edid_blk() or get_intf_id is NULL
01-01 08:11:31.474 0 0 E msm_ext_disp_update_audio_ops: Display not found (EXT_DISPLAY_TYPE_DP) ctld (0) stream (0)
01-01 08:11:31.483 0 0 E msm-ext-disp-audio-codec-rx soc: qcom,msm-ext-disp:qcom,msm-ext-disp-audio-codec-rx: msm_ext_disp_audio_type_get: get_audio_edid_blk() or get_intf_id is NULL
01-01 08:11:31.500 0 0 E msm-ext-disp-audio-codec-rx soc: qcom,msm-ext-disp:qcom,msm-ext-disp-audio-codec-rx: msm_ext_disp_audio_device_get: invalid dai id: 4
01-01 08:11:31.563 0 0 E : msm_pcm_volume_ctl_get substream not found
01-01 08:11:31.914 0 0 E : msm_qti_pp_get_rms_value_control, back not active to query rms be_idx:3
01-01 08:11:31.936 0 0 I core_get_license_status: cmdrsp_license_result.result = 0x15 for module 0x131ff
01-01 08:11:31.936 0 0 E msm_ext_disp_update_audio_ops: Display not found (EXT_DISPLAY_TYPE_DP) ctld (0) stream (0)
01-01 08:11:31.946 0 0 E msm_ext_disp_update_audio_ops: Display not found (EXT_DISPLAY_TYPE_HDMI) ctld (0) stream (0)
01-01 08:11:31.956 0 0 E msm_ext_disp_update_audio_ops: Display not found (EXT_DISPLAY_TYPE_DP) ctld (0) stream (0)
01-01 08:11:31.966 0 0 E msm_ext_disp_update_audio_ops: Display not found (EXT_DISPLAY_TYPE_DP) ctld (0) stream (0)
01-01 08:11:31.977 0 0 E msm_ext_disp_update_audio_ops: Display not found (EXT_DISPLAY_TYPE_DP) ctld (0) stream (0)
01-01 08:11:31.986 0 0 E msm-ext-disp-audio-codec-rx soc: qcom,msm-ext-disp:qcom,msm-ext-disp-audio-codec-rx: msm_ext_disp_audio_type_get: get_audio_edid_blk() or get_intf_id is NULL
01-01 08:11:32.002 0 0 E msm_ext_disp_update_audio_ops: Display not found (EXT_DISPLAY_TYPE_DP) ctld (0) stream (0)
01-01 08:11:32.012 0 0 E msm-ext-disp-audio-codec-rx soc: qcom,msm-ext-disp:qcom,msm-ext-disp-audio-codec-rx: msm_ext_disp_audio_type_get: get_audio_edid_blk() or get_intf_id is NULL
01-01 08:11:32.028 0 0 D : mv2112_read_status
01-01 08:11:32.028 0 0 D mv2112_update_link: 3.0x901(1G): 0x80
01-01 08:11:32.028 0 0 D mv2112_update_link: 3.0x8109(100M): 0x0
01-01 08:11:32.028 0 0 D mv2112_update_link: link 0x0
01-01 08:11:32.028 0 0 D mv2112_read_status: autoneg is disabled
01-01 08:11:32.029 0 0 E msm_ext_disp_update_audio_ops: Display not found (EXT_DISPLAY_TYPE_DP) ctld (0) stream (0)
01-01 08:11:32.039 0 0 E msm-ext-disp-audio-codec-rx soc: qcom,msm-ext-disp:qcom,msm-ext-disp-audio-codec-rx: msm_ext_disp_audio_type_get: get_audio_edid_blk() or get_intf_id is NULL
01-01 08:11:32.056 0 0 E msm-ext-disp-audio-codec-rx soc: qcom,msm-ext-disp:qcom,msm-ext-disp-audio-codec-rx: msm_ext_disp_audio_device_get: invalid dai id: 4
01-01 08:11:32.094 0 0 I binder : 19528:19528 ioctl 40046210 7fd030f5a4 returned -22
01-01 08:11:32.097 0 0 I binder : 19528:19528 ioctl 40046210 7fd030f7b4 returned -22
01-01 08:11:32.111 0 0 I binder : 19533:19533 ioctl 40046210 7fd697bdc4 returned -22
01-01 08:11:32.115 0 0 E : msm_pcm_volume_ctl_get substream not found
01-01 08:11:32.419 0 0 I binder : 19533:19533 ioctl 40046210 7fd697b4c4 returned -22
01-01 08:11:32.595 19533 19533 E AndroidRuntime: *** FATAL EXCEPTION IN SYSTEM PROCESS: main
01-01 08:11:32.595 19533 19533 E AndroidRuntime: java.lang.NullPointerException: Attempt to read from field 'java.lang.String com.android.server.pm.Settings$VersionInfo.fingerprint' on a null object reference
01-01 08:11:32.595 19533 19533 E AndroidRuntime: at com.android.server.pm.PackageManagerService.(PackageManagerService.java:7608)
01-01 08:11:32.595 19533 19533 E AndroidRuntime: at com.android.server.pm.PackageManagerService.main(PackageManagerService.java:7116)
01-01 08:11:32.595 19533 19533 E AndroidRuntime: at com.android.server.SystemServer.startBootstrapServices(SystemServer.java:1168)
01-01 08:11:32.595 19533 19533 E AndroidRuntime: at com.android.server.SystemServer.run(SystemServer.java:882)
01-01 08:11:32.595 19533 19533 E AndroidRuntime: at com.android.server.SystemServer.main(SystemServer.java:615)
01-01 08:11:32.595 19533 19533 E AndroidRuntime: at java.lang.reflect.Method.invoke(Native Method)
01-01 08:11:32.595 19533 19533 E AndroidRuntime: at com.android.internal.os.RuntimeInit$MethodAndArgsCaller.run(RuntimeInit.java:548)
01-01 08:11:32.595 19533 19533 E AndroidRuntime: at com.android.internal.os.ZygoteInit.main(ZygoteInit.java:987)
01-01 08:11:32.596 19533 19533 E AndroidRuntime: Error reporting crash
01-01 08:11:32.596 19533 19533 E AndroidRuntime: java.lang.NullPointerException: Attempt to invoke interface method 'void android.app.IActivityManager.handleApplicationCrash(android.os.IBinder, android.app.ApplicationErrorReport$ParcelableCrashInfo)' on a null object reference
01-01 08:11:32.596 19533 19533 E AndroidRuntime: at com.android.internal.os.RuntimeInit$KillApplicationHandler.uncaughtException(RuntimeInit.java:156)
01-01 08:11:32.596 19533 19533 E AndroidRuntime: at java.lang.ThreadGroup.uncaughtException(ThreadGroup.java:1073)
01-01 08:11:32.596 19533 19533 E AndroidRuntime: at java.lang.ThreadGroup.uncaughtException(ThreadGroup.java:1068)
01-01 08:11:32.596 19533 19533 E AndroidRuntime: at java.lang.Thread.dispatchUncaughtException(Thread.java:2200)
01-01 08:11:32.743 0 0 I binder : 19608:19608 ioctl 40046210 7ff9db5804 returned -22
01-01 08:11:32.743 0 0 D ProcessState: Binder ioctl to enable oneway spam detection failed: Invalid argument
01-01 08:11:32.744 0 0 D vdc : Waited 0ms for vold
01-01 08:11:33.028 0 0 D : mv2112_read_status
01-01 08:11:33.029 0 0 D mv2112_update_link: 3.0x901(1G): 0x80
01-01 08:11:33.029 0 0 D mv2112_update_link: 3.0x8109(100M): 0x0
01-01 08:11:33.029 0 0 D mv2112_update_link: link 0x0
01-01 08:11:33.029 0 0 D mv2112_read_status: autoneg is disabled
01-01 08:11:33.353 0 0 I binder : 19615:19615 ioctl 40046210 7fc1bb5c34 returned -22
01-01 08:11:33.355 0 0 I binder : 19615:19615 ioctl 40046210 7fc1bb5bb4 returned -22
01-01 08:11:33.429 0 0 I binder : 19614:19614 ioctl 40046210 fff25098 returned -22
01-01 08:11:33.431 0 0 I binder : 19614:19614 ioctl 40046210 fff25080 returned -22
01-01 08:11:33.803 0 0 I binder : 19613:19613 ioctl 40046210 7fef58f674 returned -22
01-01 08:11:33.805 0 0 I binder : 19613:19613 ioctl 40046210 7fef58f694 returned -22
01-01 08:11:34.052 0 0 D : mv2112_read_status
01-01 08:11:34.053 0 0 D mv2112_update_link: 3.0x901(1G): 0x80
01-01 08:11:34.053 0 0 D mv2112_update_link: 3.0x8109(100M): 0x0
01-01 08:11:34.053 0 0 D mv2112_update_link: link 0x0
01-01 08:11:34.053 0 0 D mv2112_read_status: autoneg is disabled
01-01 08:11:35.076 0 0 D : mv2112_read_status
01-01 08:11:35.077 0 0 D mv2112_update_link: 3.0x901(1G): 0x80
01-01 08:11:35.077 0 0 D mv2112_update_link: 3.0x8109(100M): 0x0
01-01 08:11:35.077 0 0 D mv2112_update_link: link 0x0
01-01 08:11:35.077 0 0 D mv2112_read_status: autoneg is disabled
01-01 08:11:35.166 0 0 E init : Control message: Could not find 'android.frameworks.sensorservice@1.0::ISensorManager/default' for ctl.interface_start from pid: 517 (/system/bin/hwservicemanager)
01-01 08:11:35.183 0 0 E init : Control message: Could not find 'android.frameworks.sensorservice@1.0::ISensorManager/default' for ctl.interface_start from pid: 517 (/system/bin/hwservicemanager)
01-01 08:11:35.479 0 0 I init : starting service 'qvrd_vndr'...
01-01 08:11:35.480 0 0 I init : Created socket '/dev/socket/qvrservice_vndr', mode 660, user 1000, group 1000
01-01 08:11:35.480 0 0 I init : Created socket '/dev/socket/qvrservice_vndr_camera', mode 660, user 1000, group 1000
01-01 08:11:35.491 0 0 I init : starting service 'sxrd'...
01-01 08:11:35.502 0 0 I init : starting service 'vendor.audio-hal'...
01-01 08:11:35.497 19627 19627 F linker : CANNOT LINK EXECUTABLE "/vendor/bin/hw/qvrservice": library "vendor.qti.hardware.qxr-V1-ndk_platform.so" not found: needed by /vendor/lib64/libqvrservice.so in namespace (default)
01-01 08:11:35.502 19628 19628 F linker : CANNOT LINK EXECUTABLE "/vendor/bin/hw/sxrservice": library "vendor.qti.hardware.qxr-V1-ndk_platform.so" not found: needed by main executable
01-01 08:11:35.511 0 0 I init : Service 'qvrd_vndr' (pid 19627) exited with status 1
01-01 08:11:35.511 0 0 I init : Sending signal 9 to service 'qvrd_vndr' (pid 19627) process group...
01-01 08:11:35.511 0 0 I libprocessgroup: Successfully killed process cgroup uid 1000 pid 19627 in 0ms
01-01 08:11:35.891 0 0 I binder : 19636:19636 ioctl 40046210 7ff3c71014 returned -22
01-01 08:11:35.892 0 0 I binder : 19636:19636 ioctl 40046210 7ff3c71034 returned -22
01-01 08:11:36.101 0 0 D : mv2112_read_status
01-01 08:11:36.101 0 0 D mv2112_update_link: 3.0x901(1G): 0x80
01-01 08:11:36.101 0 0 D mv2112_update_link: 3.0x8109(100M): 0x0
01-01 08:11:36.101 0 0 D mv2112_update_link: link 0x0
01-01 08:11:36.101 0 0 D mv2112_read_status: autoneg is disabled
01-01 08:11:36.422 0 0 E : msm_qti_pp_get_rms_value_control, back not active to query rms be_idx:3
01-01 08:11:36.445 0 0 I core_get_license_status: cmdrsp_license_result.result = 0x15 for module 0x131ff
01-01 08:11:36.446 0 0 E msm_ext_disp_update_audio_ops: Display not found (EXT_DISPLAY_TYPE_DP) ctld (0) stream (0)
01-01 08:11:36.456 0 0 E msm_ext_disp_update_audio_ops: Display not found (EXT_DISPLAY_TYPE_HDMI) ctld (0) stream (0)
01-01 08:11:36.466 0 0 E msm_ext_disp_update_audio_ops: Display not found (EXT_DISPLAY_TYPE_DP) ctld (0) stream (0)
01-01 08:11:36.476 0 0 E msm_ext_disp_update_audio_ops: Display not found (EXT_DISPLAY_TYPE_DP) ctld (0) stream (0)
01-01 08:11:36.487 0 0 E msm_ext_disp_update_audio_ops: Display not found (EXT_DISPLAY_TYPE_DP) ctld (0) stream (0)
01-01 08:11:36.496 0 0 E msm-ext-disp-audio-codec-rx soc: qcom,msm-ext-disp:qcom,msm-ext-disp-audio-codec-rx: msm_ext_disp_audio_type_get: get_audio_edid_blk() or get_intf_id is NULL
01-01 08:11:36.513 0 0 E msm_ext_disp_update_audio_ops: Display not found (EXT_DISPLAY_TYPE_DP) ctld (0) stream (0)
01-01 08:11:36.522 0 0 E msm-ext-disp-audio-codec-rx soc: qcom,msm-ext-disp:qcom,msm-ext-disp-audio-codec-rx: msm_ext_disp_audio_type_get: get_audio_edid_blk() or get_intf_id is NULL
01-01 08:11:36.538 0 0 E msm_ext_disp_update_audio_ops: Display not found (EXT_DISPLAY_TYPE_DP) ctld (0) stream (0)
01-01 08:11:36.548 0 0 E msm-ext-disp-audio-codec-rx soc: qcom,msm-ext-disp:qcom,msm-ext-disp-audio-codec-rx: msm_ext_disp_audio_type_get: get_audio_edid_blk() or get_intf_id is NULL
01-01 08:11:36.565 0 0 E msm-ext-disp-audio-codec-rx soc: qcom,msm-ext-disp:qcom,msm-ext-disp-audio-codec-rx: msm_ext_disp_audio_device_get: invalid dai id: 4
01-01 08:11:36.630 0 0 E : msm_pcm_volume_ctl_get substream not found
01-01 08:11:37.090 0 0 E : msm_qti_pp_get_rms_value_control, back not active to query rms be_idx:3
01-01 08:11:37.114 0 0 I core_get_license_status: cmdrsp_license_result.result = 0x15 for module 0x131ff
01-01 08:11:37.115 0 0 E msm_ext_disp_update_audio_ops: Display not found (EXT_DISPLAY_TYPE_DP) ctld (0) stream (0)
01-01 08:11:37.124 0 0 D : mv2112_read_status
01-01 08:11:37.125 0 0 D mv2112_update_link: 3.0x901(1G): 0x80
01-01 08:11:37.125 0 0 D mv2112_update_link: 3.0x8109(100M): 0x0
01-01 08:11:37.125 0 0 E msm_ext_disp_update_audio_ops: Display not found (EXT_DISPLAY_TYPE_HDMI) ctld (0) stream (0)
01-01 08:11:37.135 0 0 E msm_ext_disp_update_audio_ops: Display not found (EXT_DISPLAY_TYPE_DP) ctld (0) stream (0)
01-01 08:11:37.145 0 0 E msm_ext_disp_update_audio_ops: Display not found (EXT_DISPLAY_TYPE_DP) ctld (0) stream (0)
01-01 08:11:37.155 0 0 E msm_ext_disp_update_audio_ops: Display not found (EXT_DISPLAY_TYPE_DP) ctld (0) stream (0)
01-01 08:11:37.165 0 0 E msm-ext-disp-audio-codec-rx soc: qcom,msm-ext-disp:qcom,msm-ext-disp-audio-codec-rx: msm_ext_disp_audio_type_get: get_audio_edid_blk() or get_intf_id is NULL
01-01 08:11:37.181 0 0 E msm_ext_disp_update_audio_ops: Display not found (EXT_DISPLAY_TYPE_DP) ctld (0) stream (0)
01-01 08:11:37.186 0 0 I binder : 19661:19661 ioctl 40046210 7fdd37e3f4 returned -22
01-01 08:11:37.191 0 0 E msm-ext-disp-audio-codec-rx soc: qcom,msm-ext-disp:qcom,msm-ext-disp-audio-codec-rx: msm_ext_disp_audio_type_get: get_audio_edid_blk() or get_intf_id is NULL
01-01 08:11:37.198 0 0 I binder : 19661:19661 ioctl 40046210 7fdd37e604 returned -22
01-01 08:11:37.205 0 0 D mv2112_update_link: link 0x0
01-01 08:11:37.205 0 0 D mv2112_read_status: autoneg is disabled
01-01 08:11:37.207 0 0 E msm_ext_disp_update_audio_ops: Display not found (EXT_DISPLAY_TYPE_DP) ctld (0) stream (0)
01-01 08:11:37.217 0 0 E msm-ext-disp-audio-codec-rx soc: qcom,msm-ext-disp:qcom,msm-ext-disp-audio-codec-rx: msm_ext_disp_audio_type_get: get_audio_edid_blk() or get_intf_id is NULL
01-01 08:11:37.233 0 0 E msm-ext-disp-audio-codec-rx soc: qcom,msm-ext-disp:qcom,msm-ext-disp-audio-codec-rx: msm_ext_disp_audio_device_get: invalid dai id: 4
01-01 08:11:37.293 0 0 E : msm_pcm_volume_ctl_get substream not found
01-01 08:11:37.337 0 0 I binder : 19680:19680 ioctl 40046210 7fef7bb204 returned -22
01-01 08:11:37.668 0 0 I binder : 19680:19680 ioctl 40046210 7fef7ba904 returned -22
01-01 08:11:37.890 19680 19680 E AndroidRuntime: *** FATAL EXCEPTION IN SYSTEM PROCESS: main
01-01 08:11:37.890 19680 19680 E AndroidRuntime: java.lang.NullPointerException: Attempt to read from field 'java.lang.String com.android.server.pm.Settings$VersionInfo.fingerprint' on a null object reference
01-01 08:11:37.890 19680 19680 E AndroidRuntime: at com.android.server.pm.PackageManagerService.(PackageManagerService.java:7608)
01-01 08:11:37.890 19680 19680 E AndroidRuntime: at com.android.server.pm.PackageManagerService.main(PackageManagerService.java:7116)
01-01 08:11:37.890 19680 19680 E AndroidRuntime: at com.android.server.SystemServer.startBootstrapServices(SystemServer.java:1168)
01-01 08:11:37.890 19680 19680 E AndroidRuntime: at com.android.server.SystemServer.run(SystemServer.java:882)
01-01 08:11:37.890 19680 19680 E AndroidRuntime: at com.android.server.SystemServer.main(SystemServer.java:615)
01-01 08:11:37.890 19680 19680 E AndroidRuntime: at java.lang.reflect.Method.invoke(Native Method)
01-01 08:11:37.890 19680 19680 E AndroidRuntime: at com.android.internal.os.RuntimeInit$MethodAndArgsCaller.run(RuntimeInit.java:548)
01-01 08:11:37.890 19680 19680 E AndroidRuntime: at com.android.internal.os.ZygoteInit.main(ZygoteInit.java:987)
01-01 08:11:37.891 19680 19680 E AndroidRuntime: Error reporting crash
01-01 08:11:37.891 19680 19680 E AndroidRuntime: java.lang.NullPointerException: Attempt to invoke interface method 'void android.app.IActivityManager.handleApplicationCrash(android.os.IBinder, android.app.ApplicationErrorReport$ParcelableCrashInfo)' on a null object reference
01-01 08:11:37.891 19680 19680 E AndroidRuntime: at com.android.internal.os.RuntimeInit$KillApplicationHandler.uncaughtException(RuntimeInit.java:156)
01-01 08:11:37.891 19680 19680 E AndroidRuntime: at java.lang.ThreadGroup.uncaughtException(ThreadGroup.java:1073)
01-01 08:11:37.891 19680 19680 E AndroidRuntime: at java.lang.ThreadGroup.uncaughtException(ThreadGroup.java:1068)
01-01 08:11:37.891 19680 19680 E AndroidRuntime: at java.lang.Thread.dispatchUncaughtException(Thread.java:2200)
01-01 08:11:37.996 0 0 I binder : 19739:19739 ioctl 40046210 7ffdc79b84 returned -22
01-01 08:11:37.996 0 0 D ProcessState: Binder ioctl to enable oneway spam detection failed: Invalid argument
01-01 08:11:37.999 0 0 D vdc : Waited 0ms for vold
01-01 08:11:38.212 0 0 D : mv2112_read_status
01-01 08:11:38.213 0 0 D mv2112_update_link: 3.0x901(1G): 0x80
01-01 08:11:38.213 0 0 D mv2112_update_link: 3.0x8109(100M): 0x0
01-01 08:11:38.213 0 0 D mv2112_update_link: link 0x0
01-01 08:11:38.213 0 0 D mv2112_read_status: autoneg is disabled
01-01 08:11:38.360 0 0 I binder : 19748:19748 ioctl 40046210 7fd306f3c4 returned -22
01-01 08:11:38.362 0 0 I binder : 19748:19748 ioctl 40046210 7fd306f344 returned -22
01-01 08:11:38.438 0 0 I binder : 19747:19747 ioctl 40046210 ffb57308 returned -22
01-01 08:11:38.440 0 0 I binder : 19747:19747 ioctl 40046210 ffb572f0 returned -22
01-01 08:11:38.812 0 0 I binder : 19746:19746 ioctl 40046210 7fd9894054 returned -22
01-01 08:11:38.814 0 0 I binder : 19746:19746 ioctl 40046210 7fd9894074 returned -22
01-01 08:11:39.236 0 0 D : mv2112_read_status
01-01 08:11:39.237 0 0 D mv2112_update_link: 3.0x901(1G): 0x80
01-01 08:11:39.237 0 0 D mv2112_update_link: 3.0x8109(100M): 0x0
01-01 08:11:39.237 0 0 D mv2112_update_link: link 0x0
01-01 08:11:39.237 0 0 D mv2112_read_status: autoneg is disabled
01-01 08:11:39.550 0 0 I usb_extcon_detect_cable@108: vbus=1
01-01 08:11:39.561 0 0 I msm-dwc3 a800000.ssusb: DWC3 exited from low power mode
01-01 08:11:39.561 0 0 I msm-dwc3 a600000.ssusb: DWC3 exited from low power mode
01-01 08:11:39.561 0 0 E msm-dwc3 a600000.ssusb: Could not get usb psy
01-01 08:11:39.561 0 0 I xhci-hcd.0.auto: remove, state 4
01-01 08:11:39.561 0 0 I xhci-hcd.1.auto: remove, state 4
01-01 08:11:39.562 0 0 I usb4 : USB disconnect, device number 1
01-01 08:11:39.589 0 0 I usb2 : USB disconnect, device number 1
01-01 08:11:39.589 0 0 I xhci-hcd.1.auto: USB bus 4 deregistered
01-01 08:11:39.591 0 0 I xhci-hcd.0.auto: USB bus 2 deregistered
01-01 08:11:39.591 0 0 I xhci-hcd.0.auto: remove, state 4
01-01 08:11:39.591 0 0 I xhci-hcd.1.auto: remove, state 4
01-01 08:11:39.591 0 0 I usb1 : USB disconnect, device number 1
01-01 08:11:39.595 0 0 I usb3 : USB disconnect, device number 1
01-01 08:11:39.596 0 0 I xhci-hcd.0.auto: USB bus 1 deregistered
01-01 08:11:39.600 0 0 I xhci-hcd.1.auto: USB bus 3 deregistered
01-01 08:11:39.609 0 0 I msm-dwc3 a600000.ssusb: DWC3 in low power mode
01-01 08:11:39.610 0 0 E msm-dwc3 a600000.ssusb: Could not get usb psy
01-01 08:11:39.610 0 0 I msm-dwc3 a800000.ssusb: DWC3 in low power mode
01-01 08:11:39.616 0 0 E msm-dwc3 a600000.ssusb: Could not get usb psy
01-01 08:11:39.677 0 0 I msm-dwc3 a600000.ssusb: DWC3 exited from low power mode
01-01 08:11:39.681 0 0 I msm-dwc3 a800000.ssusb: DWC3 exited from low power mode
01-01 08:11:39.793 0 0 E msm-dwc3 a600000.ssusb: Could not get usb psy
01-01 08:11:40.174 0 0 E init : Control message: Could not find 'android.frameworks.sensorservice@1.0::ISensorManager/default' for ctl.interface_start from pid: 517 (/system/bin/hwservicemanager)
01-01 08:11:40.191 0 0 E init : Control message: Could not find 'android.frameworks.sensorservice@1.0::ISensorManager/default' for ctl.interface_start from pid: 517 (/system/bin/hwservicemanager)
01-01 08:11:40.260 0 0 D : mv2112_read_status
01-01 08:11:40.261 0 0 D mv2112_update_link: 3.0x901(1G): 0x80
01-01 08:11:40.261 0 0 D mv2112_update_link: 3.0x8109(100M): 0x0
01-01 08:11:40.261 0 0 D mv2112_update_link: link 0x0
01-01 08:11:40.261 0 0 D mv2112_read_status: autoneg is disabled
01-01 08:11:40.352 0 0 E msm-dwc3 a600000.ssusb: Could not get usb psy
01-01 08:11:40.358 0 0 I android_work: did not send uevent (0 0 0000000000000000)
01-01 08:11:40.488 0 0 I init : starting service 'qvrd_vndr'...
01-01 08:11:40.489 0 0 I init : Created socket '/dev/socket/qvrservice_vndr', mode 660, user 1000, group 1000
01-01 08:11:40.490 0 0 I init : Created socket '/dev/socket/qvrservice_vndr_camera', mode 660, user 1000, group 1000
01-01 08:11:40.499 0 0 I init : starting service 'sxrd'...
01-01 08:11:40.508 0 0 I init : starting service 'vendor.audio-hal'...
01-01 08:11:40.505 19762 19762 F linker : CANNOT LINK EXECUTABLE "/vendor/bin/hw/qvrservice": library "vendor.qti.hardware.qxr-V1-ndk_platform.so" not found: needed by /vendor/lib64/libqvrservice.so in namespace (default)
01-01 08:11:40.508 19763 19763 F linker : CANNOT LINK EXECUTABLE "/vendor/bin/hw/sxrservice": library "vendor.qti.hardware.qxr-V1-ndk_platform.so" not found: needed by main executable
01-01 08:11:40.516 0 0 I init : Service 'qvrd_vndr' (pid 19762) exited with status 1
01-01 08:11:40.517 0 0 I init : Sending signal 9 to service 'qvrd_vndr' (pid 19762) process group...
01-01 08:11:40.517 0 0 I libprocessgroup: Successfully killed process cgroup uid 1000 pid 19762 in 0ms
01-01 08:11:40.871 0 0 I binder : 19771:19771 ioctl 40046210 7ff0b8a034 returned -22
01-01 08:11:40.871 0 0 I binder : 19771:19771 ioctl 40046210 7ff0b8a054 returned -22
01-01 08:11:40.907 0 0 E msm-dwc3 a600000.ssusb: Could not get usb psy
01-01 08:11:40.914 0 0 I android_work: did not send uevent (0 0 0000000000000000)
01-01 08:11:41.284 0 0 D : mv2112_read_status
01-01 08:11:41.285 0 0 D mv2112_update_link: 3.0x901(1G): 0x80
01-01 08:11:41.285 0 0 D mv2112_update_link: 3.0x8109(100M): 0x0
01-01 08:11:41.285 0 0 D mv2112_update_link: link 0x0
01-01 08:11:41.285 0 0 D mv2112_read_status: autoneg is disabled
01-01 08:11:41.375 0 0 E : msm_qti_pp_get_rms_value_control, back not active to query rms be_idx:3
01-01 08:11:41.397 0 0 I core_get_license_status: cmdrsp_license_result.result = 0x15 for module 0x131ff
01-01 08:11:41.399 0 0 E msm_ext_disp_update_audio_ops: Display not found (EXT_DISPLAY_TYPE_DP) ctld (0) stream (0)
01-01 08:11:41.409 0 0 E msm_ext_disp_update_audio_ops: Display not found (EXT_DISPLAY_TYPE_HDMI) ctld (0) stream (0)
01-01 08:11:41.419 0 0 E msm_ext_disp_update_audio_ops: Display not found (EXT_DISPLAY_TYPE_DP) ctld (0) stream (0)
01-01 08:11:41.429 0 0 E msm_ext_disp_update_audio_ops: Display not found (EXT_DISPLAY_TYPE_DP) ctld (0) stream (0)
01-01 08:11:41.439 0 0 E msm_ext_disp_update_audio_ops: Display not found (EXT_DISPLAY_TYPE_DP) ctld (0) stream (0)
01-01 08:11:41.448 0 0 E msm-ext-disp-audio-codec-rx soc: qcom,msm-ext-disp:qcom,msm-ext-disp-audio-codec-rx: msm_ext_disp_audio_type_get: get_audio_edid_blk() or get_intf_id is NULL
01-01 08:11:41.464 0 0 E msm_ext_disp_update_audio_ops: Display not found (EXT_DISPLAY_TYPE_DP) ctld (0) stream (0)
01-01 08:11:41.464 0 0 E msm-dwc3 a600000.ssusb: Could not get usb psy
01-01 08:11:41.474 0 0 E msm-ext-disp-audio-codec-rx soc: qcom,msm-ext-disp:qcom,msm-ext-disp-audio-codec-rx: msm_ext_disp_audio_type_get: get_audio_edid_blk() or get_intf_id is NULL
01-01 08:11:41.474 0 0 E msm_ext_disp_update_audio_ops: Display not found (EXT_DISPLAY_TYPE_DP) ctld (0) stream (0)
01-01 08:11:41.481 0 0 I android_work: did not send uevent (0 0 0000000000000000)
01-01 08:11:41.495 0 0 E msm-ext-disp-audio-codec-rx soc: qcom,msm-ext-disp:qcom,msm-ext-disp-audio-codec-rx: msm_ext_disp_audio_type_get: get_audio_edid_blk() or get_intf_id is NULL
01-01 08:11:41.496 0 0 E msm-ext-disp-audio-codec-rx soc: qcom,msm-ext-disp:qcom,msm-ext-disp-audio-codec-rx: msm_ext_disp_audio_device_get: invalid dai id: 4
01-01 08:11:41.522 0 0 E msm-dwc3 a600000.ssusb: Could not get usb psy
01-01 08:11:41.543 0 0 E msm-dwc3 a600000.ssusb: Could not get usb psy
01-01 08:11:41.553 0 0 I android_work: did not send uevent (0 0 0000000000000000)
01-01 08:11:41.585 0 0 E : msm_pcm_volume_ctl_get substream not found
01-01 08:11:41.639 0 0 I android_work: sent uevent USB_STATE=CONNECTED
01-01 08:11:41.678 0 0 E msm-dwc3 a600000.ssusb: Could not get usb psy
01-01 08:11:41.946 0 0 E : msm_qti_pp_get_rms_value_control, back not active to query rms be_idx:3
01-01 08:11:41.969 0 0 I core_get_license_status: cmdrsp_license_result.result = 0x15 for module 0x131ff
01-01 08:11:41.971 0 0 E msm_ext_disp_update_audio_ops: Display not found (EXT_DISPLAY_TYPE_DP) ctld (0) stream (0)
01-01 08:11:41.981 0 0 E msm_ext_disp_update_audio_ops: Display not found (EXT_DISPLAY_TYPE_HDMI) ctld (0) stream (0)
01-01 08:11:41.991 0 0 E msm_ext_disp_update_audio_ops: Display not found (EXT_DISPLAY_TYPE_DP) ctld (0) stream (0)
01-01 08:11:42.001 0 0 E msm_ext_disp_update_audio_ops: Display not found (EXT_DISPLAY_TYPE_DP) ctld (0) stream (0)
01-01 08:11:42.011 0 0 E msm_ext_disp_update_audio_ops: Display not found (EXT_DISPLAY_TYPE_DP) ctld (0) stream (0)
01-01 08:11:42.021 0 0 E msm-ext-disp-audio-codec-rx soc: qcom,msm-ext-disp:qcom,msm-ext-disp-audio-codec-rx: msm_ext_disp_audio_type_get: get_audio_edid_blk() or get_intf_id is NULL
01-01 08:11:42.037 0 0 E msm_ext_disp_update_audio_ops: Display not found (EXT_DISPLAY_TYPE_DP) ctld (0) stream (0)
01-01 08:11:42.047 0 0 E msm-ext-disp-audio-codec-rx soc: qcom,msm-ext-disp:qcom,msm-ext-disp-audio-codec-rx: msm_ext_disp_audio_type_get: get_audio_edid_blk() or get_intf_id is NULL
01-01 08:11:42.063 0 0 E msm_ext_disp_update_audio_ops: Display not found (EXT_DISPLAY_TYPE_DP) ctld (0) stream (0)
01-01 08:11:42.072 0 0 E msm-ext-disp-audio-codec-rx soc: qcom,msm-ext-disp:qcom,msm-ext-disp-audio-codec-rx: msm_ext_disp_audio_type_get: get_audio_edid_blk() or get_intf_id is NULL
01-01 08:11:42.089 0 0 E msm-ext-disp-audio-codec-rx soc: qcom,msm-ext-disp:qcom,msm-ext-disp-audio-codec-rx: msm_ext_disp_audio_device_get: invalid dai id: 4
01-01 08:11:42.142 0 0 I binder : 19797:19797 ioctl 40046210 7fe09f2264 returned -22
01-01 08:11:42.145 0 0 I binder : 19797:19797 ioctl 40046210 7fe09f2474 returned -22
01-01 08:11:42.147 0 0 E : msm_pcm_volume_ctl_get substream not found
01-01 08:11:42.147 0 0 I configfs-gadget gadget: high-speed config #1: b
01-01 08:11:42.159 0 0 E msm-dwc3 a600000.ssusb: Could not get usb psy
01-01 08:11:42.161 0 0 I binder : 19802:19802 ioctl 40046210 7fcc85d344 returned -22
01-01 08:11:42.166 0 0 I android_work: sent uevent USB_STATE=CONFIGURED
01-01 08:11:42.176 0 0 E ipa_mpm_vote_unvote_pcie_clk: 1530 MHI not initialized yet
01-01 08:11:42.185 0 0 E ipa_mpm_start_stop_remote_mhip_chan: 1644 MHI not initialized yet, probe in progress
01-01 08:11:42.196 0 0 E ipa_mpm_start_stop_mhip_chan: 1736 MHIP probe 1 not initialized
01-01 08:11:42.204 0 0 E ipa3_cfg_ep_ctrl: 4812 pipe setting delay is not supported
01-01 08:11:42.219 0 0 E ipa_usb_notify_cb: Set net_ready_trigger
01-01 08:11:42.224 0 0 E ipa_mpm_vote_unvote_pcie_clk: 1530 MHI not initialized yet
01-01 08:11:42.237 0 0 E ipa_mpm_start_stop_remote_mhip_chan: 1644 MHI not initialized yet, probe in progress
01-01 08:11:42.247 0 0 E ipa_usb_notify_cb: Set net_ready_trigger
01-01 08:11:42.308 0 0 D : mv2112_read_status
01-01 08:11:42.321 0 0 D mv2112_update_link: 3.0x901(1G): 0x80
01-01 08:11:42.321 0 0 D mv2112_update_link: 3.0x8109(100M): 0x0
01-01 08:11:42.321 0 0 D mv2112_update_link: link 0x0
01-01 08:11:42.321 0 0 D mv2112_read_status: autoneg is disabled
01-01 08:11:42.482 0 0 I binder : 19802:19802 ioctl 40046210 7fcc85ca44 returned -22
01-01 08:11:42.654 19802 19802 E AndroidRuntime: *** FATAL EXCEPTION IN SYSTEM PROCESS: main
01-01 08:11:42.654 19802 19802 E AndroidRuntime: java.lang.NullPointerException: Attempt to read from field 'java.lang.String com.android.server.pm.Settings$VersionInfo.fingerprint' on a null object reference
01-01 08:11:42.654 19802 19802 E AndroidRuntime: at com.android.server.pm.PackageManagerService.(PackageManagerService.java:7608)
01-01 08:11:42.654 19802 19802 E AndroidRuntime: at com.android.server.pm.PackageManagerService.main(PackageManagerService.java:7116)
01-01 08:11:42.654 19802 19802 E AndroidRuntime: at com.android.server.SystemServer.startBootstrapServices(SystemServer.java:1168)
01-01 08:11:42.654 19802 19802 E AndroidRuntime: at com.android.server.SystemServer.run(SystemServer.java:882)
01-01 08:11:42.654 19802 19802 E AndroidRuntime: at com.android.server.SystemServer.main(SystemServer.java:615)
01-01 08:11:42.654 19802 19802 E AndroidRuntime: at java.lang.reflect.Method.invoke(Native Method)
01-01 08:11:42.654 19802 19802 E AndroidRuntime: at com.android.internal.os.RuntimeInit$MethodAndArgsCaller.run(RuntimeInit.java:548)
01-01 08:11:42.654 19802 19802 E AndroidRuntime: at com.android.internal.os.ZygoteInit.main(ZygoteInit.java:987)
01-01 08:11:42.655 19802 19802 E AndroidRuntime: Error reporting crash
01-01 08:11:42.655 19802 19802 E AndroidRuntime: java.lang.NullPointerException: Attempt to invoke interface method 'void android.app.IActivityManager.handleApplicationCrash(android.os.IBinder, android.app.ApplicationErrorReport$ParcelableCrashInfo)' on a null object reference
01-01 08:11:42.655 19802 19802 E AndroidRuntime: at com.android.internal.os.RuntimeInit$KillApplicationHandler.uncaughtException(RuntimeInit.java:156)
01-01 08:11:42.655 19802 19802 E AndroidRuntime: at java.lang.ThreadGroup.uncaughtException(ThreadGroup.java:1073)
01-01 08:11:42.655 19802 19802 E AndroidRuntime: at java.lang.ThreadGroup.uncaughtException(ThreadGroup.java:1068)
01-01 08:11:42.655 19802 19802 E AndroidRuntime: at java.lang.Thread.dispatchUncaughtException(Thread.java:2200)
01-01 08:11:42.803 0 0 I binder : 19892:19892 ioctl 40046210 7fe7e11ac4 returned -22
01-01 08:11:42.803 0 0 D ProcessState: Binder ioctl to enable oneway spam detection failed: Invalid argument
01-01 08:11:42.804 0 0 D vdc : Waited 0ms for vold
01-01 08:11:43.333 0 0 D : mv2112_read_status
01-01 08:11:43.333 0 0 D mv2112_update_link: 3.0x901(1G): 0x80
01-01 08:11:43.333 0 0 D mv2112_update_link: 3.0x8109(100M): 0x0
01-01 08:11:43.333 0 0 D mv2112_update_link: link 0x0
01-01 08:11:43.333 0 0 D mv2112_read_status: autoneg is disabled
01-01 08:11:43.367 0 0 I binder : 19899:19899 ioctl 40046210 7ff22548e4 returned -22
01-01 08:11:43.368 0 0 I binder : 19899:19899 ioctl 40046210 7ff2254864 returned -22
01-01 08:11:43.444 0 0 I binder : 19898:19898 ioctl 40046210 ffbebcc8 returned -22
01-01 08:11:43.446 0 0 I binder : 19898:19898 ioctl 40046210 ffbebcb0 returned -22
01-01 08:11:43.818 0 0 I binder : 19897:19897 ioctl 40046210 7fd5dc9594 returned -22
01-01 08:11:43.820 0 0 I binder : 19897:19897 ioctl 40046210 7fd5dc95b4 returned -22
01-01 08:11:44.356 0 0 D : mv2112_read_status
01-01 08:11:44.357 0 0 D mv2112_update_link: 3.0x901(1G): 0x80
01-01 08:11:44.357 0 0 D mv2112_update_link: 3.0x8109(100M): 0x0
01-01 08:11:44.357 0 0 D mv2112_update_link: link 0x0
01-01 08:11:44.357 0 0 D mv2112_read_status: autoneg is disabled
01-01 08:11:45.181 0 0 E init : Control message: Could not find 'android.frameworks.sensorservice@1.0::ISensorManager/default' for ctl.interface_start from pid: 517 (/system/bin/hwservicemanager)
01-01 08:11:45.198 0 0 E init : Control message: Could not find 'android.frameworks.sensorservice@1.0::ISensorManager/default' for ctl.interface_start from pid: 517 (/system/bin/hwservicemanager)
01-01 08:11:45.382 0 0 D : mv2112_read_status
01-01 08:11:45.382 0 0 D mv2112_update_link: 3.0x901(1G): 0x80
01-01 08:11:45.382 0 0 D mv2112_update_link: 3.0x8109(100M): 0x0
01-01 08:11:45.382 0 0 D mv2112_update_link: link 0x0
01-01 08:11:45.382 0 0 D mv2112_read_status: autoneg is disabled
01-01 08:11:45.497 0 0 I init : starting service 'qvrd_vndr'...
01-01 08:11:45.497 0 0 I init : Created socket '/dev/socket/qvrservice_vndr', mode 660, user 1000, group 1000
01-01 08:11:45.498 0 0 I init : Created socket '/dev/socket/qvrservice_vndr_camera', mode 660, user 1000, group 1000
01-01 08:11:45.507 0 0 I init : starting service 'sxrd'...
01-01 08:11:45.518 0 0 I init : starting service 'vendor.audio-hal'...
01-01 08:11:45.514 19911 19911 F linker : CANNOT LINK EXECUTABLE "/vendor/bin/hw/qvrservice": library "vendor.qti.hardware.qxr-V1-ndk_platform.so" not found: needed by /vendor/lib64/libqvrservice.so in namespace (default)
01-01 08:11:45.518 19912 19912 F linker : CANNOT LINK EXECUTABLE "/vendor/bin/hw/sxrservice": library "vendor.qti.hardware.qxr-V1-ndk_platform.so" not found: needed by main executable
01-01 08:11:45.528 0 0 I init : Service 'qvrd_vndr' (pid 19911) exited with status 1
01-01 08:11:45.528 0 0 I init : Sending signal 9 to service 'qvrd_vndr' (pid 19911) process group...
01-01 08:11:45.528 0 0 I libprocessgroup: Successfully killed process cgroup uid 1000 pid 19911 in 0ms
01-01 08:11:45.893 0 0 I binder : 19920:19920 ioctl 40046210 7fc6a91b24 returned -22
01-01 08:11:45.894 0 0 I binder : 19920:19920 ioctl 40046210 7fc6a91b44 returned -22
01-01 08:11:46.404 0 0 D : mv2112_read_status
01-01 08:11:46.405 0 0 D mv2112_update_link: 3.0x901(1G): 0x80
01-01 08:11:46.405 0 0 D mv2112_update_link: 3.0x8109(100M): 0x0
01-01 08:11:46.405 0 0 D mv2112_update_link: link 0x0
01-01 08:11:46.405 0 0 D mv2112_read_status: autoneg is disabled
01-01 08:11:46.421 0 0 E : msm_qti_pp_get_rms_value_control, back not active to query rms be_idx:3
01-01 08:11:46.443 0 0 I core_get_license_status: cmdrsp_license_result.result = 0x15 for module 0x131ff
01-01 08:11:46.444 0 0 E msm_ext_disp_update_audio_ops: Display not found (EXT_DISPLAY_TYPE_DP) ctld (0) stream (0)
01-01 08:11:46.454 0 0 E msm_ext_disp_update_audio_ops: Display not found (EXT_DISPLAY_TYPE_HDMI) ctld (0) stream (0)
01-01 08:11:46.464 0 0 E msm_ext_disp_update_audio_ops: Display not found (EXT_DISPLAY_TYPE_DP) ctld (0) stream (0)
01-01 08:11:46.474 0 0 E msm_ext_disp_update_audio_ops: Display not found (EXT_DISPLAY_TYPE_DP) ctld (0) stream (0)
01-01 08:11:46.484 0 0 E msm_ext_disp_update_audio_ops: Display not found (EXT_DISPLAY_TYPE_DP) ctld (0) stream (0)
01-01 08:11:46.494 0 0 E msm-ext-disp-audio-codec-rx soc: qcom,msm-ext-disp:qcom,msm-ext-disp-audio-codec-rx: msm_ext_disp_audio_type_get: get_audio_edid_blk() or get_intf_id is NULL
01-01 08:11:46.510 0 0 E msm_ext_disp_update_audio_ops: Display not found (EXT_DISPLAY_TYPE_DP) ctld (0) stream (0)
01-01 08:11:46.519 0 0 E msm-ext-disp-audio-codec-rx soc: qcom,msm-ext-disp:qcom,msm-ext-disp-audio-codec-rx: msm_ext_disp_audio_type_get: get_audio_edid_blk() or get_intf_id is NULL
01-01 08:11:46.535 0 0 E msm_ext_disp_update_audio_ops: Display not found (EXT_DISPLAY_TYPE_DP) ctld (0) stream (0)
01-01 08:11:46.545 0 0 E msm-ext-disp-audio-codec-rx soc: qcom,msm-ext-disp:qcom,msm-ext-disp-audio-codec-rx: msm_ext_disp_audio_type_get: get_audio_edid_blk() or get_intf_id is NULL
01-01 08:11:46.562 0 0 E msm-ext-disp-audio-codec-rx soc: qcom,msm-ext-disp:qcom,msm-ext-disp-audio-codec-rx: msm_ext_disp_audio_device_get: invalid dai id: 4
01-01 08:11:46.630 0 0 E : msm_pcm_volume_ctl_get substream not found
01-01 08:11:46.868 0 0 E : msm_qti_pp_get_rms_value_control, back not active to query rms be_idx:3
01-01 08:11:46.890 0 0 I core_get_license_status: cmdrsp_license_result.result = 0x15 for module 0x131ff
01-01 08:11:46.891 0 0 E msm_ext_disp_update_audio_ops: Display not found (EXT_DISPLAY_TYPE_DP) ctld (0) stream (0)
01-01 08:11:46.905 0 0 E msm_ext_disp_update_audio_ops: Display not found (EXT_DISPLAY_TYPE_HDMI) ctld (0) stream (0)
01-01 08:11:46.915 0 0 E msm_ext_disp_update_audio_ops: Display not found (EXT_DISPLAY_TYPE_DP) ctld (0) stream (0)
01-01 08:11:46.925 0 0 E msm_ext_disp_update_audio_ops: Display not found (EXT_DISPLAY_TYPE_DP) ctld (0) stream (0)
01-01 08:11:46.935 0 0 E msm_ext_disp_update_audio_ops: Display not found (EXT_DISPLAY_TYPE_DP) ctld (0) stream (0)
01-01 08:11:46.945 0 0 E msm-ext-disp-audio-codec-rx soc: qcom,msm-ext-disp:qcom,msm-ext-disp-audio-codec-rx: msm_ext_disp_audio_type_get: get_audio_edid_blk() or get_intf_id is NULL
01-01 08:11:46.964 0 0 E msm_ext_disp_update_audio_ops: Display not found (EXT_DISPLAY_TYPE_DP) ctld (0) stream (0)
01-01 08:11:46.973 0 0 E msm-ext-disp-audio-codec-rx soc: qcom,msm-ext-disp:qcom,msm-ext-disp-audio-codec-rx: msm_ext_disp_audio_type_get: get_audio_edid_blk() or get_intf_id is NULL
01-01 08:11:46.990 0 0 E msm_ext_disp_update_audio_ops: Display not found (EXT_DISPLAY_TYPE_DP) ctld (0) stream (0)
01-01 08:11:47.000 0 0 E msm-ext-disp-audio-codec-rx soc: qcom,msm-ext-disp:qcom,msm-ext-disp-audio-codec-rx: msm_ext_disp_audio_type_get: get_audio_edid_blk() or get_intf_id is NULL
01-01 08:11:47.018 0 0 E msm-ext-disp-audio-codec-rx soc: qcom,msm-ext-disp:qcom,msm-ext-disp-audio-codec-rx: msm_ext_disp_audio_device_get: invalid dai id: 4
01-01 08:11:47.080 0 0 E : msm_pcm_volume_ctl_get substream not found
01-01 08:11:47.206 0 0 I binder : 19944:19944 ioctl 40046210 7fd7f110a4 returned -22
01-01 08:11:47.211 0 0 I binder : 19944:19944 ioctl 40046210 7fd7f112b4 returned -22
01-01 08:11:47.341 0 0 I binder : 19964:19964 ioctl 40046210 7fc6f89f54 returned -22
01-01 08:11:47.428 0 0 D : mv2112_read_status
01-01 08:11:47.429 0 0 D mv2112_update_link: 3.0x901(1G): 0x80
01-01 08:11:47.429 0 0 D mv2112_update_link: 3.0x8109(100M): 0x0
01-01 08:11:47.429 0 0 D mv2112_update_link: link 0x0
01-01 08:11:47.429 0 0 D mv2112_read_status: autoneg is disabled
01-01 08:11:47.633 0 0 I binder : 19964:19964 ioctl 40046210 7fc6f89654 returned -22
01-01 08:11:47.816 19964 19964 E AndroidRuntime: *** FATAL EXCEPTION IN SYSTEM PROCESS: main
01-01 08:11:47.816 19964 19964 E AndroidRuntime: java.lang.NullPointerException: Attempt to read from field 'java.lang.String com.android.server.pm.Settings$VersionInfo.fingerprint' on a null object reference
01-01 08:11:47.816 19964 19964 E AndroidRuntime: at com.android.server.pm.PackageManagerService.(PackageManagerService.java:7608)
01-01 08:11:47.816 19964 19964 E AndroidRuntime: at com.android.server.pm.PackageManagerService.main(PackageManagerService.java:7116)
01-01 08:11:47.816 19964 19964 E AndroidRuntime: at com.android.server.SystemServer.startBootstrapServices(SystemServer.java:1168)
01-01 08:11:47.816 19964 19964 E AndroidRuntime: at com.android.server.SystemServer.run(SystemServer.java:882)
01-01 08:11:47.816 19964 19964 E AndroidRuntime: at com.android.server.SystemServer.main(SystemServer.java:615)
01-01 08:11:47.816 19964 19964 E AndroidRuntime: at java.lang.reflect.Method.invoke(Native Method)
01-01 08:11:47.816 19964 19964 E AndroidRuntime: at com.android.internal.os.RuntimeInit$MethodAndArgsCaller.run(RuntimeInit.java:548)
01-01 08:11:47.816 19964 19964 E AndroidRuntime: at com.android.internal.os.ZygoteInit.main(ZygoteInit.java:987)
01-01 08:11:47.817 19964 19964 E AndroidRuntime: Error reporting crash
01-01 08:11:47.817 19964 19964 E AndroidRuntime: java.lang.NullPointerException: Attempt to invoke interface method 'void android.app.IActivityManager.handleApplicationCrash(android.os.IBinder, android.app.ApplicationErrorReport$ParcelableCrashInfo)' on a null object reference
01-01 08:11:47.817 19964 19964 E AndroidRuntime: at com.android.internal.os.RuntimeInit$KillApplicationHandler.uncaughtException(RuntimeInit.java:156)
01-01 08:11:47.817 19964 19964 E AndroidRuntime: at java.lang.ThreadGroup.uncaughtException(ThreadGroup.java:1073)
01-01 08:11:47.817 19964 19964 E AndroidRuntime: at java.lang.ThreadGroup.uncaughtException(ThreadGroup.java:1068)
01-01 08:11:47.817 19964 19964 E AndroidRuntime: at java.lang.Thread.dispatchUncaughtException(Thread.java:2200)
01-01 08:11:47.973 0 0 I binder : 20055:20055 ioctl 40046210 7fcb13a494 returned -22
01-01 08:11:47.973 0 0 D ProcessState: Binder ioctl to enable oneway spam detection failed: Invalid argument
01-01 08:11:47.975 0 0 D vdc : Waited 0ms for vold
01-01 08:11:48.374 0 0 I binder : 20061:20061 ioctl 40046210 7fc20aa734 returned -22
01-01 08:11:48.376 0 0 I binder : 20061:20061 ioctl 40046210 7fc20aa6b4 returned -22
01-01 08:11:48.452 0 0 D : mv2112_read_status
01-01 08:11:48.453 0 0 D mv2112_update_link: 3.0x901(1G): 0x80
01-01 08:11:48.453 0 0 D mv2112_update_link: 3.0x8109(100M): 0x0
01-01 08:11:48.453 0 0 D mv2112_update_link: link 0x0
01-01 08:11:48.453 0 0 D mv2112_read_status: autoneg is disabled
01-01 08:11:48.456 0 0 I binder : 20060:20060 ioctl 40046210 ffb4a3a8 returned -22
01-01 08:11:48.458 0 0 I binder : 20060:20060 ioctl 40046210 ffb4a390 returned -22
01-01 08:11:48.823 0 0 I binder : 20059:20059 ioctl 40046210 7fd1353d54 returned -22
01-01 08:11:48.825 0 0 I binder : 20059:20059 ioctl 40046210 7fd1353d74 returned -22
01-01 08:11:49.476 0 0 D : mv2112_read_status
01-01 08:11:49.477 0 0 D mv2112_update_link: 3.0x901(1G): 0x80
01-01 08:11:49.477 0 0 D mv2112_update_link: 3.0x8109(100M): 0x0
01-01 08:11:49.477 0 0 D mv2112_update_link: link 0x0
01-01 08:11:49.477 0 0 D mv2112_read_status: autoneg is disabled
01-01 08:11:50.187 0 0 E init : Control message: Could not find 'android.frameworks.sensorservice@1.0::ISensorManager/default' for ctl.interface_start from pid: 517 (/system/bin/hwservicemanager)
01-01 08:11:50.204 0 0 E init : Control message: Could not find 'android.frameworks.sensorservice@1.0::ISensorManager/default' for ctl.interface_start from pid: 517 (/system/bin/hwservicemanager)
01-01 08:11:50.500 0 0 D : mv2112_read_status
01-01 08:11:50.501 0 0 D mv2112_update_link: 3.0x901(1G): 0x80
01-01 08:11:50.501 0 0 D mv2112_update_link: 3.0x8109(100M): 0x0
01-01 08:11:50.501 0 0 D mv2112_update_link: link 0x0
01-01 08:11:50.501 0 0 D mv2112_read_status: autoneg is disabled
01-01 08:11:50.504 0 0 I init : starting service 'qvrd_vndr'...
01-01 08:11:50.505 0 0 I init : Created socket '/dev/socket/qvrservice_vndr', mode 660, user 1000, group 1000
01-01 08:11:50.506 0 0 I init : Created socket '/dev/socket/qvrservice_vndr_camera', mode 660, user 1000, group 1000
01-01 08:11:50.517 0 0 I init : starting service 'sxrd'...
01-01 08:11:50.527 0 0 I init : starting service 'vendor.audio-hal'...
01-01 08:11:50.523 20073 20073 F linker : CANNOT LINK EXECUTABLE "/vendor/bin/hw/qvrservice": library "vendor.qti.hardware.qxr-V1-ndk_platform.so" not found: needed by /vendor/lib64/libqvrservice.so in namespace (default)
01-01 08:11:50.536 0 0 I init : Service 'qvrd_vndr' (pid 20073) exited with status 1
01-01 08:11:50.536 0 0 I init : Sending signal 9 to service 'qvrd_vndr' (pid 20073) process group...
01-01 08:11:50.536 0 0 I libprocessgroup: Successfully killed process cgroup uid 1000 pid 20073 in 0ms
01-01 08:11:50.527 20074 20074 F linker : CANNOT LINK EXECUTABLE "/vendor/bin/hw/sxrservice": library "vendor.qti.hardware.qxr-V1-ndk_platform.so" not found: needed by main executable
01-01 08:11:50.881 0 0 I binder : 20082:20082 ioctl 40046210 7feee2e7d4 returned -22
01-01 08:11:50.882 0 0 I binder : 20082:20082 ioctl 40046210 7feee2e7f4 returned -22
01-01 08:11:51.423 0 0 E : msm_qti_pp_get_rms_value_control, back not active to query rms be_idx:3
01-01 08:11:51.445 0 0 I core_get_license_status: cmdrsp_license_result.result = 0x15 for module 0x131ff
01-01 08:11:51.446 0 0 E msm_ext_disp_update_audio_ops: Display not found (EXT_DISPLAY_TYPE_DP) ctld (0) stream (0)
01-01 08:11:51.456 0 0 E msm_ext_disp_update_audio_ops: Display not found (EXT_DISPLAY_TYPE_HDMI) ctld (0) stream (0)
01-01 08:11:51.466 0 0 E msm_ext_disp_update_audio_ops: Display not found (EXT_DISPLAY_TYPE_DP) ctld (0) stream (0)
01-01 08:11:51.476 0 0 E msm_ext_disp_update_audio_ops: Display not found (EXT_DISPLAY_TYPE_DP) ctld (0) stream (0)
01-01 08:11:51.486 0 0 E msm_ext_disp_update_audio_ops: Display not found (EXT_DISPLAY_TYPE_DP) ctld (0) stream (0)
01-01 08:11:51.495 0 0 E msm-ext-disp-audio-codec-rx soc: qcom,msm-ext-disp:qcom,msm-ext-disp-audio-codec-rx: msm_ext_disp_audio_type_get: get_audio_edid_blk() or get_intf_id is NULL
01-01 08:11:51.512 0 0 E msm_ext_disp_update_audio_ops: Display not found (EXT_DISPLAY_TYPE_DP) ctld (0) stream (0)
01-01 08:11:51.521 0 0 E msm-ext-disp-audio-codec-rx soc: qcom,msm-ext-disp:qcom,msm-ext-disp-audio-codec-rx: msm_ext_disp_audio_type_get: get_audio_edid_blk() or get_intf_id is NULL
01-01 08:11:51.537 0 0 D : mv2112_read_status
01-01 08:11:51.537 0 0 D mv2112_update_link: 3.0x901(1G): 0x80
01-01 08:11:51.537 0 0 D mv2112_update_link: 3.0x8109(100M): 0x0
01-01 08:11:51.537 0 0 D mv2112_update_link: link 0x0
01-01 08:11:51.537 0 0 D mv2112_read_status: autoneg is disabled
01-01 08:11:51.538 0 0 E msm_ext_disp_update_audio_ops: Display not found (EXT_DISPLAY_TYPE_DP) ctld (0) stream (0)
01-01 08:11:51.548 0 0 E msm-ext-disp-audio-codec-rx soc: qcom,msm-ext-disp:qcom,msm-ext-disp-audio-codec-rx: msm_ext_disp_audio_type_get: get_audio_edid_blk() or get_intf_id is NULL
01-01 08:11:51.565 0 0 E msm-ext-disp-audio-codec-rx soc: qcom,msm-ext-disp:qcom,msm-ext-disp-audio-codec-rx: msm_ext_disp_audio_device_get: invalid dai id: 4
01-01 08:11:51.629 0 0 E : msm_pcm_volume_ctl_get substream not found
01-01 08:11:52.013 0 0 E : msm_qti_pp_get_rms_value_control, back not active to query rms be_idx:3
01-01 08:11:52.034 0 0 I core_get_license_status: cmdrsp_license_result.result = 0x15 for module 0x131ff
01-01 08:11:52.035 0 0 E msm_ext_disp_update_audio_ops: Display not found (EXT_DISPLAY_TYPE_DP) ctld (0) stream (0)
01-01 08:11:52.045 0 0 E msm_ext_disp_update_audio_ops: Display not found (EXT_DISPLAY_TYPE_HDMI) ctld (0) stream (0)
01-01 08:11:52.055 0 0 E msm_ext_disp_update_audio_ops: Display not found (EXT_DISPLAY_TYPE_DP) ctld (0) stream (0)
01-01 08:11:52.065 0 0 E msm_ext_disp_update_audio_ops: Display not found (EXT_DISPLAY_TYPE_DP) ctld (0) stream (0)
01-01 08:11:52.075 0 0 E msm_ext_disp_update_audio_ops: Display not found (EXT_DISPLAY_TYPE_DP) ctld (0) stream (0)
01-01 08:11:52.084 0 0 E msm-ext-disp-audio-codec-rx soc: qcom,msm-ext-disp:qcom,msm-ext-disp-audio-codec-rx: msm_ext_disp_audio_type_get: get_audio_edid_blk() or get_intf_id is NULL
01-01 08:11:52.101 0 0 E msm_ext_disp_update_audio_ops: Display not found (EXT_DISPLAY_TYPE_DP) ctld (0) stream (0)
01-01 08:11:52.110 0 0 E msm-ext-disp-audio-codec-rx soc: qcom,msm-ext-disp:qcom,msm-ext-disp-audio-codec-rx: msm_ext_disp_audio_type_get: get_audio_edid_blk() or get_intf_id is NULL
01-01 08:11:52.127 0 0 E msm_ext_disp_update_audio_ops: Display not found (EXT_DISPLAY_TYPE_DP) ctld (0) stream (0)
01-01 08:11:52.136 0 0 E msm-ext-disp-audio-codec-rx soc: qcom,msm-ext-disp:qcom,msm-ext-disp-audio-codec-rx: msm_ext_disp_audio_type_get: get_audio_edid_blk() or get_intf_id is NULL
01-01 08:11:52.154 0 0 E msm-ext-disp-audio-codec-rx soc: qcom,msm-ext-disp:qcom,msm-ext-disp-audio-codec-rx: msm_ext_disp_audio_device_get: invalid dai id: 4
01-01 08:11:52.181 0 0 I binder : 20108:20108 ioctl 40046210 7ffbc18a04 returned -22
01-01 08:11:52.184 0 0 I binder : 20108:20108 ioctl 40046210 7ffbc18c14 returned -22
01-01 08:11:52.217 0 0 I binder : 20113:20113 ioctl 40046210 7ff1b418b4 returned -22
01-01 08:11:52.217 0 0 E : msm_pcm_volume_ctl_get substream not found
01-01 08:11:52.523 0 0 I binder : 20113:20113 ioctl 40046210 7ff1b40fb4 returned -22
01-01 08:11:52.548 0 0 D : mv2112_read_status
01-01 08:11:52.549 0 0 D mv2112_update_link: 3.0x901(1G): 0x80
01-01 08:11:52.549 0 0 D mv2112_update_link: 3.0x8109(100M): 0x0
01-01 08:11:52.549 0 0 D mv2112_update_link: link 0x0
01-01 08:11:52.549 0 0 D mv2112_read_status: autoneg is disabled
01-01 08:11:52.710 20113 20113 E AndroidRuntime: *** FATAL EXCEPTION IN SYSTEM PROCESS: main
