01-01 08:19:18.348 32399 32399 D SystemServerTiming: OnBootPhase_100_com.android.server.am.ActivityManagerService$Lifecycle took to complete: 0ms
01-01 08:19:18.348 32399 32399 I SystemServerTiming: OnBootPhase_100_com.android.server.pm.DataLoaderManagerService
01-01 08:19:18.348 32399 32399 D SystemServerTiming: OnBootPhase_100_com.android.server.pm.DataLoaderManagerService took to complete: 0ms
01-01 08:19:18.348 32399 32399 I SystemServerTiming: OnBootPhase_100_com.android.server.power.PowerManagerService
01-01 08:19:18.348 32399 32399 D SystemServerTiming: OnBootPhase_100_com.android.server.power.PowerManagerService took to complete: 0ms
01-01 08:19:18.348 32399 32399 I SystemServerTiming: OnBootPhase_100_com.android.server.power.ThermalManagerService
01-01 08:19:18.348 32399 32399 D SystemServerTiming: OnBootPhase_100_com.android.server.power.ThermalManagerService took to complete: 0ms
01-01 08:19:18.348 32399 32399 I SystemServerTiming: OnBootPhase_100_com.android.server.power.hint.HintManagerService
01-01 08:19:18.348 32399 32399 D SystemServerTiming: OnBootPhase_100_com.android.server.power.hint.HintManagerService took to complete: 0ms
01-01 08:19:18.348 32399 32399 I SystemServerTiming: OnBootPhase_100_com.android.server.recoverysystem.RecoverySystemService$Lifecycle
01-01 08:19:18.348 32399 32399 D SystemServerTiming: OnBootPhase_100_com.android.server.recoverysystem.RecoverySystemService$Lifecycle took to complete: 0ms
01-01 08:19:18.348 32399 32399 I SystemServerTiming: OnBootPhase_100_com.android.server.lights.LightsService
01-01 08:19:18.348 32399 32399 D SystemServerTiming: OnBootPhase_100_com.android.server.lights.LightsService took to complete: 0ms
01-01 08:19:18.348 32399 32399 I SystemServerTiming: OnBootPhase_100_com.android.server.display.DisplayManagerService
01-01 08:19:18.353 32399 32425 I DisplayDeviceRepository: Display device added: DisplayDeviceInfo{"内置屏幕": uniqueId="local:4630946816427681409", 2560 x 1080, modeId 1, defaultModeId 1, supportedModes [{id=1, width=2560, height=1080, fps=60.000004, alternativeRefreshRates=[]}], colorMode 0, supportedColorModes [0], hdrCapabilities HdrCapabilities{mSupportedHdrTypes=[2, 3, 4], mMaxLuminance=500.0, mMaxAverageLuminance=500.0, mMinLuminance=0.0}, allmSupported false, gameContentTypeSupported false, density 240, 320.315 x 318.976 dpi, appVsyncOff 1000000, presDeadline 16666666, touch INTERNAL, rotation 0, type INTERNAL, address {port=129, model=0x40446d97fee5e6}, deviceProductInfo DeviceProductInfo{name=, manufacturerPnpId=QCM, productId=1, modelYear=null, manufactureDate=ManufactureDate{week=27, year=2006}, connectionToSinkType=0}, state UNKNOWN, frameRateOverride , brightnessMinimum 0.0, brightnessMaximum 1.0, brightnessDefault 0.39763778, FLAG_DEFAULT_DISPLAY, FLAG_ROTATES_WITH_CONTENT, FLAG_SECURE, FLAG_SUPPORTS_PROTECTED_BUFFERS}
01-01 08:19:18.355 32399 32425 I LogicalDisplayMapper: Applying layout: [{addr: {port=129, model=0x40446d97fee5e6}, dispId: 0(ON)}], Previous layout: null
01-01 08:19:18.360 32399 32425 I LogicalDisplayMapper: Adding new display: 0: DisplayInfo{"内置屏幕", displayId 0", displayGroupId -1, FLAG_SECURE, FLAG_SUPPORTS_PROTECTED_BUFFERS, FLAG_TRUSTED, real 2560 x 1080, largest app 2560 x 1080, smallest app 2560 x 1080, appVsyncOff 1000000, presDeadline 16666666, mode 1, defaultMode 1, modes [{id=1, width=2560, height=1080, fps=60.000004, alternativeRefreshRates=[]}], hdrCapabilities HdrCapabilities{mSupportedHdrTypes=[2, 3, 4], mMaxLuminance=500.0, mMaxAverageLuminance=500.0, mMinLuminance=0.0}, userDisabledHdrTypes [], minimalPostProcessingSupported false, rotation 0, state UNKNOWN, type INTERNAL, uniqueId "local:4630946816427681409", app 2560 x 1080, density 240 (320.315 x 318.976) dpi, layerStack 0, colorMode 0, supportedColorModes [0], address {port=129, model=0x40446d97fee5e6}, deviceProductInfo DeviceProductInfo{name=, manufacturerPnpId=QCM, productId=1, modelYear=null, manufactureDate=ManufactureDate{week=27, year=2006}, connectionToSinkType=0}, removeMode 0, refreshRateOverride 0.0, brightnessMinimum 0.0, brightnessMaximum 1.0, brightnessDefault 0.39763778}
01-01 08:19:18.361 32399 32425 I LogicalDisplayMapper: Setting new display group 0 for display 0, from previous group: null
01-01 08:19:18.364 32399 32425 E DisplayDeviceConfig: requesting nits when no mapping exists.
01-01 08:19:18.365 32399 32425 E DisplayDeviceConfig: requesting nits when no mapping exists.
01-01 08:19:18.374 32399 32399 D SystemServerTiming: OnBootPhase_100_com.android.server.display.DisplayManagerService took to complete: 26ms
01-01 08:19:18.374 32399 32399 D SystemServerTiming: OnBootPhase_100 took to complete: 27ms
01-01 08:19:18.374 32399 32399 D SystemServerTiming: WaitForDisplay took to complete: 28ms
01-01 08:19:18.375 32399 32399 I SystemServerTiming: StartDomainVerificationService
01-01 08:19:18.378 32399 32399 D SystemServerTiming: StartDomainVerificationService took to complete: 4ms
01-01 08:19:18.378 32399 32399 I SystemServerTiming: StartPackageManagerService
01-01 08:19:18.378 32399 32399 I Watchdog: Pausing HandlerChecker: main thread for reason: packagemanagermain. Pause count: 1
01-01 08:19:18.379 32399 32399 I PackageManagerTiming: create package manager
01-01 08:19:18.382 32399 32425 I DisplayDeviceRepository: Display device changed state: "内置屏幕", ON
01-01 08:19:18.383 32399 32399 I PackageManagerTiming: readListOfPackagesToBeDisabled
01-01 08:19:18.383 32399 32399 D PackageManager: Disabling packages for wifi-only device, source: /vendor/etc/telephony_packages.xml
01-01 08:19:18.383 32399 32399 D PackageManagerTiming: readListOfPackagesToBeDisabled took to complete: 1ms
01-01 08:19:18.383 32399 32399 I PackageManagerTiming: createSubComponents
01-01 08:19:18.395 32399 32399 D PackageManagerTiming: createSubComponents took to complete: 12ms
01-01 08:19:18.395 32399 32399 I PackageManagerTiming: addSharedUsers
01-01 08:19:18.396 32399 32399 D PackageManagerTiming: addSharedUsers took to complete: 0ms
01-01 08:19:18.397 32399 32399 I PackageManagerTiming: get system config
01-01 08:19:18.397 32399 32399 D PackageManagerTiming: get system config took to complete: 0ms
01-01 08:19:18.401 32399 32399 D PackageManager: Directories scanned as system partitions: [/system:0, /vendor:524288, /odm:4194304, /oem:262144, /product:1048576, /system_ext:2097152, /apex/com.android.vndk.v30:8388608, /apex/com.android.wifi:8388608, /apex/com.android.vndk.v31:8388608, /apex/com.android.tzdata:8388608, /apex/com.android.tethering:8388608, /apex/com.android.sdkext:8388608, /apex/com.android.scheduling:8388608, /apex/com.android.runtime:8388608, /apex/com.android.resolv:8388608, /apex/com.android.permission:8388608, /apex/com.android.os.statsd:8388608, /apex/com.android.neuralnetworks:8388608, /apex/com.android.mediaprovider:8388608, /apex/com.android.media.swcodec:8388608, /apex/com.android.media:8388608, /apex/com.android.ipsec:8388608, /apex/com.android.i18n:8388608, /apex/com.android.extservices:8388608, /apex/com.android.conscrypt:8388608, /apex/com.android.art:8388608, /apex/com.android.appsearch:8388608, /apex/com.android.adbd:8388608]
01-01 08:19:18.404 32399 32399 D SELinuxMMAC: Using policy file /system/etc/selinux/plat_mac_permissions.xml
01-01 08:19:18.405 32399 32399 D SELinuxMMAC: Using policy file /system_ext/etc/selinux/system_ext_mac_permissions.xml
01-01 08:19:18.405 32399 32399 D SELinuxMMAC: Using policy file /product/etc/selinux/product_mac_permissions.xml
01-01 08:19:18.405 32399 32399 D SELinuxMMAC: Using policy file /vendor/etc/selinux/vendor_mac_permissions.xml
01-01 08:19:18.406 32399 32399 D SELinuxMMAC: Using policy file /odm/etc/selinux/odm_mac_permissions.xml
01-01 08:19:18.406 32399 32399 I PackageManagerTiming: loadFallbacks
01-01 08:19:18.407 32399 32399 D PackageManagerTiming: loadFallbacks took to complete: 0ms
01-01 08:19:18.407 32399 32399 I PackageManagerTiming: read user settings
01-01 08:19:18.410 32399 32399 W PackageManager: No start tag found in package manager settings
01-01 08:19:18.411 32399 32399 E PackageManager: No start tag found in package manager settings
01-01 08:19:18.412 32399 32399 D PackageManagerTiming: read user settings took to complete: 6ms
01-01 08:19:18.413 32399 32399 I Watchdog: Resuming HandlerChecker: main thread for reason: packagemanagermain. Pause count: 0
01-01 08:19:18.413 32399 32399 E System : ******************************************
01-01 08:19:18.413 32399 32399 E System : ************ Failure starting system services
01-01 08:19:18.413 32399 32399 E System : java.lang.NullPointerException: Attempt to read from field 'java.lang.String com.android.server.pm.Settings$VersionInfo.fingerprint' on a null object reference
01-01 08:19:18.413 32399 32399 E System : at com.android.server.pm.PackageManagerService.(PackageManagerService.java:7608)
01-01 08:19:18.413 32399 32399 E System : at com.android.server.pm.PackageManagerService.main(PackageManagerService.java:7116)
01-01 08:19:18.413 32399 32399 E System : at com.android.server.SystemServer.startBootstrapServices(SystemServer.java:1168)
01-01 08:19:18.413 32399 32399 E System : at com.android.server.SystemServer.run(SystemServer.java:882)
01-01 08:19:18.413 32399 32399 E System : at com.android.server.SystemServer.main(SystemServer.java:615)
01-01 08:19:18.413 32399 32399 E System : at java.lang.reflect.Method.invoke(Native Method)
01-01 08:19:18.413 32399 32399 E System : at com.android.internal.os.RuntimeInit$MethodAndArgsCaller.run(RuntimeInit.java:548)
01-01 08:19:18.413 32399 32399 E System : at com.android.internal.os.ZygoteInit.main(ZygoteInit.java:987)
01-01 08:19:18.413 32399 32399 D SystemServerTiming: StartPackageManagerService took to complete: 34ms
01-01 08:19:18.413 32399 32399 E AndroidRuntime: *** FATAL EXCEPTION IN SYSTEM PROCESS: main
01-01 08:19:18.413 32399 32399 E AndroidRuntime: java.lang.NullPointerException: Attempt to read from field 'java.lang.String com.android.server.pm.Settings$VersionInfo.fingerprint' on a null object reference
01-01 08:19:18.413 32399 32399 E AndroidRuntime: at com.android.server.pm.PackageManagerService.(PackageManagerService.java:7608)
01-01 08:19:18.413 32399 32399 E AndroidRuntime: at com.android.server.pm.PackageManagerService.main(PackageManagerService.java:7116)
01-01 08:19:18.413 32399 32399 E AndroidRuntime: at com.android.server.SystemServer.startBootstrapServices(SystemServer.java:1168)
01-01 08:19:18.413 32399 32399 E AndroidRuntime: at com.android.server.SystemServer.run(SystemServer.java:882)
01-01 08:19:18.413 32399 32399 E AndroidRuntime: at com.android.server.SystemServer.main(SystemServer.java:615)
01-01 08:19:18.413 32399 32399 E AndroidRuntime: at java.lang.reflect.Method.invoke(Native Method)
01-01 08:19:18.413 32399 32399 E AndroidRuntime: at com.android.internal.os.RuntimeInit$MethodAndArgsCaller.run(RuntimeInit.java:548)
01-01 08:19:18.413 32399 32399 E AndroidRuntime: at com.android.internal.os.ZygoteInit.main(ZygoteInit.java:987)
01-01 08:19:18.414 32399 32399 E AndroidRuntime: Error reporting crash
01-01 08:19:18.414 32399 32399 E AndroidRuntime: java.lang.NullPointerException: Attempt to invoke interface method 'void android.app.IActivityManager.handleApplicationCrash(android.os.IBinder, android.app.ApplicationErrorReport$ParcelableCrashInfo)' on a null object reference
01-01 08:19:18.414 32399 32399 E AndroidRuntime: at com.android.internal.os.RuntimeInit$KillApplicationHandler.uncaughtException(RuntimeInit.java:156)
01-01 08:19:18.414 32399 32399 E AndroidRuntime: at java.lang.ThreadGroup.uncaughtException(ThreadGroup.java:1073)
01-01 08:19:18.414 32399 32399 E AndroidRuntime: at java.lang.ThreadGroup.uncaughtException(ThreadGroup.java:1068)
01-01 08:19:18.414 32399 32399 E AndroidRuntime: at java.lang.Thread.dispatchUncaughtException(Thread.java:2200)
01-01 08:19:18.565 0 0 I binder : 32485:32485 ioctl 40046210 7fc6c13bd4 returned -22
01-01 08:19:18.565 0 0 D ProcessState: Binder ioctl to enable oneway spam detection failed: Invalid argument
01-01 08:19:18.566 0 0 D vdc : Waited 0ms for vold
01-01 08:19:19.289 32491 32491 I wificond: wificond is starting up...
01-01 08:19:19.298 0 0 I binder : 32491:32491 ioctl 40046210 7fc05a4314 returned -22
01-01 08:19:19.300 0 0 I binder : 32491:32491 ioctl 40046210 7fc05a4294 returned -22
01-01 08:19:19.293 32491 32491 I HidlServiceManagement: Registered android.system.wifi.keystore@1.0::IKeystore/default
01-01 08:19:19.304 0 0 D : mv2112_read_status
01-01 08:19:19.305 0 0 D mv2112_update_link: 3.0x901(1G): 0x80
01-01 08:19:19.305 0 0 D mv2112_update_link: 3.0x8109(100M): 0x0
01-01 08:19:19.305 0 0 D mv2112_update_link: link 0x0
01-01 08:19:19.305 0 0 D mv2112_read_status: autoneg is disabled
01-01 08:19:19.495 0 0 I binder : 32490:32490 ioctl 40046210 ffd95e98 returned -22
01-01 08:19:19.497 0 0 I binder : 32490:32490 ioctl 40046210 ffd95e80 returned -22
01-01 08:19:19.851 0 0 I binder : 32489:32489 ioctl 40046210 7feafafd44 returned -22
01-01 08:19:19.853 0 0 I binder : 32489:32489 ioctl 40046210 7feafafd64 returned -22
01-01 08:19:20.324 0 0 D : mv2112_read_status
01-01 08:19:20.325 0 0 D mv2112_update_link: 3.0x901(1G): 0x80
01-01 08:19:20.325 0 0 D mv2112_update_link: 3.0x8109(100M): 0x0
01-01 08:19:20.325 0 0 D mv2112_update_link: link 0x0
01-01 08:19:20.325 0 0 D mv2112_read_status: autoneg is disabled
01-01 08:19:20.801 0 0 E init : Control message: Could not find 'android.frameworks.sensorservice@1.0::ISensorManager/default' for ctl.interface_start from pid: 517 (/system/bin/hwservicemanager)
01-01 08:19:20.858 0 0 E init : Control message: Could not find 'android.frameworks.sensorservice@1.0::ISensorManager/default' for ctl.interface_start from pid: 517 (/system/bin/hwservicemanager)
01-01 08:19:21.294 0 0 I init : starting service 'qvrd_vndr'...
01-01 08:19:21.295 0 0 I init : Created socket '/dev/socket/qvrservice_vndr', mode 660, user 1000, group 1000
01-01 08:19:21.295 0 0 I init : Created socket '/dev/socket/qvrservice_vndr_camera', mode 660, user 1000, group 1000
01-01 08:19:21.306 0 0 I init : starting service 'sxrd'...
01-01 08:19:21.316 0 0 I init : starting service 'vendor.audio-hal'...
01-01 08:19:21.312 32503 32503 F linker : CANNOT LINK EXECUTABLE "/vendor/bin/hw/qvrservice": library "vendor.qti.hardware.qxr-V1-ndk_platform.so" not found: needed by /vendor/lib64/libqvrservice.so in namespace (default)
01-01 08:19:21.316 32504 32504 F linker : CANNOT LINK EXECUTABLE "/vendor/bin/hw/sxrservice": library "vendor.qti.hardware.qxr-V1-ndk_platform.so" not found: needed by main executable
01-01 08:19:21.325 0 0 I init : Service 'qvrd_vndr' (pid 32503) exited with status 1
01-01 08:19:21.325 0 0 I init : Sending signal 9 to service 'qvrd_vndr' (pid 32503) process group...
01-01 08:19:21.325 0 0 I libprocessgroup: Successfully killed process cgroup uid 1000 pid 32503 in 0ms
01-01 08:19:21.348 0 0 D : mv2112_read_status
01-01 08:19:21.349 0 0 D mv2112_update_link: 3.0x901(1G): 0x80
01-01 08:19:21.349 0 0 D mv2112_update_link: 3.0x8109(100M): 0x0
01-01 08:19:21.349 0 0 D mv2112_update_link: link 0x0
01-01 08:19:21.349 0 0 D mv2112_read_status: autoneg is disabled
01-01 08:19:21.693 0 0 I binder : 32512:32512 ioctl 40046210 7fded87654 returned -22
01-01 08:19:21.694 0 0 I binder : 32512:32512 ioctl 40046210 7fded87674 returned -22
01-01 08:19:21.734 32510 32510 D Zygote64Timing: BeginPreload took to complete: 33ms
01-01 08:19:21.992 32511 32511 D Zygote32Timing: PostZygoteInitGC took to complete: 10ms
01-01 08:19:21.993 32511 32511 D Zygote32Timing: ZygoteInit took to complete: 15ms
01-01 08:19:22.191 0 0 E : msm_qti_pp_get_rms_value_control, back not active to query rms be_idx:3
01-01 08:19:22.213 0 0 I core_get_license_status: cmdrsp_license_result.result = 0x15 for module 0x131ff
01-01 08:19:22.214 0 0 E msm_ext_disp_update_audio_ops: Display not found (EXT_DISPLAY_TYPE_DP) ctld (0) stream (0)
01-01 08:19:22.223 0 0 E msm_ext_disp_update_audio_ops: Display not found (EXT_DISPLAY_TYPE_HDMI) ctld (0) stream (0)
01-01 08:19:22.233 0 0 E msm_ext_disp_update_audio_ops: Display not found (EXT_DISPLAY_TYPE_DP) ctld (0) stream (0)
01-01 08:19:22.243 0 0 E msm_ext_disp_update_audio_ops: Display not found (EXT_DISPLAY_TYPE_DP) ctld (0) stream (0)
01-01 08:19:22.253 0 0 E msm_ext_disp_update_audio_ops: Display not found (EXT_DISPLAY_TYPE_DP) ctld (0) stream (0)
01-01 08:19:22.263 0 0 E msm-ext-disp-audio-codec-rx soc: qcom,msm-ext-disp:qcom,msm-ext-disp-audio-codec-rx: msm_ext_disp_audio_type_get: get_audio_edid_blk() or get_intf_id is NULL
01-01 08:19:22.279 0 0 E msm_ext_disp_update_audio_ops: Display not found (EXT_DISPLAY_TYPE_DP) ctld (0) stream (0)
01-01 08:19:22.289 0 0 E msm-ext-disp-audio-codec-rx soc: qcom,msm-ext-disp:qcom,msm-ext-disp-audio-codec-rx: msm_ext_disp_audio_type_get: get_audio_edid_blk() or get_intf_id is NULL
01-01 08:19:22.305 0 0 E msm_ext_disp_update_audio_ops: Display not found (EXT_DISPLAY_TYPE_DP) ctld (0) stream (0)
01-01 08:19:22.314 0 0 E msm-ext-disp-audio-codec-rx soc: qcom,msm-ext-disp:qcom,msm-ext-disp-audio-codec-rx: msm_ext_disp_audio_type_get: get_audio_edid_blk() or get_intf_id is NULL
01-01 08:19:22.332 0 0 E msm-ext-disp-audio-codec-rx soc: qcom,msm-ext-disp:qcom,msm-ext-disp-audio-codec-rx: msm_ext_disp_audio_device_get: invalid dai id: 4
01-01 08:19:22.372 0 0 D : mv2112_read_status
01-01 08:19:22.373 0 0 D mv2112_update_link: 3.0x901(1G): 0x80
01-01 08:19:22.373 0 0 D mv2112_update_link: 3.0x8109(100M): 0x0
01-01 08:19:22.373 0 0 D mv2112_update_link: link 0x0
01-01 08:19:22.373 0 0 D mv2112_read_status: autoneg is disabled
01-01 08:19:22.402 0 0 E : msm_pcm_volume_ctl_get substream not found
01-01 08:19:22.450 32510 32510 D Zygote64Timing: PreloadClasses took to complete: 716ms
01-01 08:19:22.461 32510 32510 D Zygote64Timing: CacheNonBootClasspathClassLoaders took to complete: 12ms
01-01 08:19:22.485 32510 32510 D Zygote64Timing: PreloadResources took to complete: 23ms
01-01 08:19:22.556 32510 32510 D Zygote64Timing: ZygotePreload took to complete: 855ms
01-01 08:19:22.651 32510 32510 D Zygote64Timing: PostZygoteInitGC took to complete: 96ms
01-01 08:19:22.651 32510 32510 D Zygote64Timing: ZygoteInit took to complete: 955ms
01-01 08:19:22.663 0 0 E : msm_qti_pp_get_rms_value_control, back not active to query rms be_idx:3
01-01 08:19:22.683 0 0 I core_get_license_status: cmdrsp_license_result.result = 0x15 for module 0x131ff
01-01 08:19:22.684 0 0 E msm_ext_disp_update_audio_ops: Display not found (EXT_DISPLAY_TYPE_DP) ctld (0) stream (0)
01-01 08:19:22.694 0 0 E msm_ext_disp_update_audio_ops: Display not found (EXT_DISPLAY_TYPE_HDMI) ctld (0) stream (0)
01-01 08:19:22.704 0 0 E msm_ext_disp_update_audio_ops: Display not found (EXT_DISPLAY_TYPE_DP) ctld (0) stream (0)
01-01 08:19:22.714 0 0 E msm_ext_disp_update_audio_ops: Display not found (EXT_DISPLAY_TYPE_DP) ctld (0) stream (0)
01-01 08:19:22.724 0 0 E msm_ext_disp_update_audio_ops: Display not found (EXT_DISPLAY_TYPE_DP) ctld (0) stream (0)
01-01 08:19:22.733 0 0 E msm-ext-disp-audio-codec-rx soc: qcom,msm-ext-disp:qcom,msm-ext-disp-audio-codec-rx: msm_ext_disp_audio_type_get: get_audio_edid_blk() or get_intf_id is NULL
01-01 08:19:22.749 0 0 E msm_ext_disp_update_audio_ops: Display not found (EXT_DISPLAY_TYPE_DP) ctld (0) stream (0)
01-01 08:19:22.759 0 0 E msm-ext-disp-audio-codec-rx soc: qcom,msm-ext-disp:qcom,msm-ext-disp-audio-codec-rx: msm_ext_disp_audio_type_get: get_audio_edid_blk() or get_intf_id is NULL
01-01 08:19:22.775 0 0 E msm_ext_disp_update_audio_ops: Display not found (EXT_DISPLAY_TYPE_DP) ctld (0) stream (0)
01-01 08:19:22.785 0 0 E msm-ext-disp-audio-codec-rx soc: qcom,msm-ext-disp:qcom,msm-ext-disp-audio-codec-rx: msm_ext_disp_audio_type_get: get_audio_edid_blk() or get_intf_id is NULL
01-01 08:19:22.802 0 0 E msm-ext-disp-audio-codec-rx soc: qcom,msm-ext-disp:qcom,msm-ext-disp-audio-codec-rx: msm_ext_disp_audio_device_get: invalid dai id: 4
01-01 08:19:22.861 0 0 E : msm_pcm_volume_ctl_get substream not found
01-01 08:19:22.884 0 0 I binder : 32538:32538 ioctl 40046210 7fdde18b94 returned -22
01-01 08:19:22.878 32538 32538 I SystemServerTiming: InitBeforeStartServices
01-01 08:19:22.880 32538 32538 I SystemServer: Entered the Android system server!
01-01 08:19:22.960 32538 32538 I SystemServerInitThreadPool: Creating instance with 8 threads
01-01 08:19:23.075 32538 32538 D SystemServerTiming: InitBeforeStartServices took to complete: 197ms
01-01 08:19:23.075 32538 32538 I SystemServerTiming: StartServices
01-01 08:19:23.075 32538 32538 I SystemServerTiming: startBootstrapServices
01-01 08:19:23.075 32538 32538 I SystemServerTiming: StartWatchdog
01-01 08:19:23.082 32538 32538 D SystemServerTiming: StartWatchdog took to complete: 7ms
01-01 08:19:23.082 32538 32538 I SystemServer: Reading configuration...
01-01 08:19:23.082 32538 32538 I SystemServerTiming: ReadingSystemConfig
01-01 08:19:23.083 32538 32538 D SystemServerTiming: ReadingSystemConfig took to complete: 0ms
01-01 08:19:23.083 32538 32538 I SystemServerTiming: PlatformCompat
01-01 08:19:23.083 32538 32568 I SystemServerTimingAsync: InitThreadPoolExec:ReadingSystemConfig
01-01 08:19:23.083 32538 32568 D SystemServerInitThreadPool: Started executing ReadingSystemConfig
01-01 08:19:23.083 32538 32538 D CompatConfig: Found a config file: /system/etc/compatconfig/framework-platform-compat-config.xml
01-01 08:19:23.083 32538 32568 I SystemConfig: Reading permissions from /system/etc/sysconfig/framework-sysconfig.xml
01-01 08:19:23.084 32538 32538 D CompatConfig: Adding: com.android.server.compat.config.Change@d895d31
01-01 08:19:23.085 32538 32568 I SystemConfig: Reading permissions from /system/etc/sysconfig/preinstalled-packages-platform-full-base.xml
01-01 08:19:23.086 32538 32538 D CompatConfig: Adding: com.android.server.compat.config.Change@e44c997
01-01 08:19:23.086 32538 32568 I SystemConfig: Reading permissions from /system/etc/sysconfig/hiddenapi-package-whitelist.xml
01-01 08:19:23.086 32538 32538 D CompatConfig: Adding: com.android.server.compat.config.Change@ee59b6d
01-01 08:19:23.087 32538 32568 I SystemConfig: Reading permissions from /system/etc/sysconfig/preinstalled-packages-com.android.providers.media.module.xml
01-01 08:19:23.087 32538 32538 D CompatConfig: Adding: com.android.server.compat.config.Change@4826833
01-01 08:19:23.087 32538 32568 I SystemConfig: Reading permissions from /system/etc/sysconfig/preinstalled-packages-platform.xml
01-01 08:19:23.088 32538 32538 D CompatConfig: Adding: com.android.server.compat.config.Change@64d8169
01-01 08:19:23.088 32538 32568 I SystemConfig: Reading permissions from /system/etc/sysconfig/qti_whitelist.xml
01-01 08:19:23.088 32538 32538 D CompatConfig: Adding: com.android.server.compat.config.Change@ff1548f
01-01 08:19:23.089 32538 32538 D CompatConfig: Adding: com.android.server.compat.config.Change@71ec31c
01-01 08:19:23.089 32538 32568 I SystemConfig: Reading permissions from /system/etc/permissions/com.thundercomm.mcuupgrade.xml
01-01 08:19:23.090 32538 32538 D CompatConfig: Adding: com.android.server.compat.config.Change@90f4fa
01-01 08:19:23.090 32538 32538 D CompatConfig: Adding: com.android.server.compat.config.Change@bb8aaab
01-01 08:19:23.091 32538 32568 I SystemConfig: Reading permissions from /system/etc/permissions/com.android.location.provider.xml
01-01 08:19:23.091 32538 32538 D CompatConfig: Adding: com.android.server.compat.config.Change@f7af4a1
01-01 08:19:23.092 32538 32538 D CompatConfig: Adding: com.android.server.compat.config.Change@4554687
01-01 08:19:23.092 32538 32568 I SystemConfig: Reading permissions from /system/etc/permissions/com.android.media.remotedisplay.xml
01-01 08:19:23.092 32538 32538 D CompatConfig: Adding: com.android.server.compat.config.Change@73659b4
01-01 08:19:23.093 32538 32568 I SystemConfig: Reading permissions from /system/etc/permissions/android.software.live_wallpaper.xml
01-01 08:19:23.093 32538 32568 I SystemConfig: Reading permissions from /system/etc/permissions/android.software.webview.xml
01-01 08:19:23.093 32538 32538 D CompatConfig: Adding: com.android.server.compat.config.Change@735c423
01-01 08:19:23.094 32538 32568 I SystemConfig: Reading permissions from /system/etc/permissions/privapp-permissions-platform.xml
01-01 08:19:23.094 32538 32538 D CompatConfig: Adding: com.android.server.compat.config.Change@50c96d9
01-01 08:19:23.095 32538 32538 D CompatConfig: Adding: com.android.server.compat.config.Change@128889e
01-01 08:19:23.095 32538 32538 D CompatConfig: Adding: com.android.server.compat.config.Change@167f7f
01-01 08:19:23.096 32538 32538 D CompatConfig: Adding: com.android.server.compat.config.Change@fa72b4c
01-01 08:19:23.097 32538 32538 D CompatConfig: Adding: com.android.server.compat.config.Change@d9090aa
01-01 08:19:23.097 32538 32568 I SystemConfig: Reading permissions from /system/etc/permissions/android.software.freeform_window_management.xml
01-01 08:19:23.097 32538 32538 D CompatConfig: Adding: com.android.server.compat.config.Change@1d949b
01-01 08:19:23.097 32538 32568 I SystemConfig: Reading permissions from /system/etc/permissions/com.android.networkstack.tethering.xml
01-01 08:19:23.098 32538 32568 I SystemConfig: Reading permissions from /system/etc/permissions/org.apache.http.legacy.xml
01-01 08:19:23.098 32538 32538 D CompatConfig: Adding: com.android.server.compat.config.Change@4bf0d76
01-01 08:19:23.098 32538 32568 I SystemConfig: Reading permissions from /system/etc/permissions/com.android.nfc_extras.xml
01-01 08:19:23.099 32538 32538 D CompatConfig: Adding: com.android.server.compat.config.Change@299544d
01-01 08:19:23.099 32538 32538 D CompatConfig: Adding: com.android.server.compat.config.Change@3868b02
01-01 08:19:23.100 32538 32538 D CompatConfig: Adding: com.android.server.compat.config.Change@42ffc13
01-01 08:19:23.101 32538 32538 D CompatConfig: Adding: com.android.server.compat.config.Change@ee4e50
01-01 08:19:23.101 32538 32538 D CompatConfig: Adding: com.android.server.compat.config.Change@333e849
01-01 08:19:23.102 32538 32538 D CompatConfig: Adding: com.android.server.compat.config.Change@f56554e
01-01 08:19:23.102 32538 32538 D CompatConfig: Adding: com.android.server.compat.config.Change@e14466f
01-01 08:19:23.103 32538 32568 I SystemConfig: Reading permissions from /system/etc/permissions/javax.obex.xml
01-01 08:19:23.103 32538 32538 D CompatConfig: Adding: com.android.server.compat.config.Change@4f1ff7c
01-01 08:19:23.103 32538 32568 I SystemConfig: Reading permissions from /system/etc/permissions/com.android.documentsui.xml
01-01 08:19:23.103 32538 32538 D CompatConfig: Adding: com.android.server.compat.config.Change@346785a
01-01 08:19:23.103 32538 32568 I SystemConfig: Reading permissions from /system/etc/permissions/android.test.runner.xml
01-01 08:19:23.104 32538 32568 I SystemConfig: Reading permissions from /system/etc/permissions/com.android.future.usb.accessory.xml
01-01 08:19:23.104 32538 32538 D CompatConfig: Adding: com.android.server.compat.config.Change@c2b5781
01-01 08:19:23.104 32538 32568 I SystemConfig: Reading permissions from /system/etc/permissions/privapp-permissions-qti.xml
01-01 08:19:23.105 32538 32538 D CompatConfig: Adding: com.android.server.compat.config.Change@5e89467
01-01 08:19:23.105 32538 32568 I SystemConfig: Reading permissions from /system/etc/permissions/com.android.networkstack.xml
01-01 08:19:23.105 32538 32538 D CompatConfig: Adding: com.android.server.compat.config.Change@7bbb8b2
01-01 08:19:23.105 32538 32568 I SystemConfig: Reading permissions from /system/etc/permissions/android.test.base.xml
01-01 08:19:23.106 32538 32568 I SystemConfig: Reading permissions from /system/etc/permissions/com.android.mediadrm.signer.xml
01-01 08:19:23.106 32538 32538 D CompatConfig: Adding: com.android.server.compat.config.Change@199eb80
01-01 08:19:23.106 32538 32568 I SystemConfig: Reading permissions from /system/etc/permissions/android.test.mock.xml
01-01 08:19:23.106 32538 32568 I SystemConfig: Reading permissions from /system/etc/permissions/uimremoteserver.xml
01-01 08:19:23.107 32538 32538 D CompatConfig: Adding: com.android.server.compat.config.Change@f49a95f
01-01 08:19:23.107 32538 32568 I SystemConfig: Reading permissions from /system/etc/permissions/uimremoteclient.xml
01-01 08:19:23.107 32538 32568 I SystemConfig: Reading permissions from /system/etc/permissions/platform.xml
01-01 08:19:23.107 32538 32538 D CompatConfig: Adding: com.android.server.compat.config.Change@1ddac0a
01-01 08:19:23.108 32538 32538 D CompatConfig: Adding: com.android.server.compat.config.Change@f897c7b
01-01 08:19:23.109 32538 32538 D CompatConfig: Adding: com.android.server.compat.config.Change@399aa98
01-01 08:19:23.109 32538 32568 I SystemConfig: Reading permissions from /vendor/etc/permissions/android.software.verified_boot.xml
01-01 08:19:23.109 32538 32538 D CompatConfig: Adding: com.android.server.compat.config.Change@2b27ed6
01-01 08:19:23.109 32538 32568 I SystemConfig: Reading permissions from /vendor/etc/permissions/android.hardware.sensor.accelerometer.xml
01-01 08:19:23.110 32538 32568 I SystemConfig: Reading permissions from /vendor/etc/permissions/android.hardware.sensor.ambient_temperature.xml
01-01 08:19:23.110 32538 32538 D CompatConfig: Adding: com.android.server.compat.config.Change@2dafd2d
01-01 08:19:23.110 32538 32568 I SystemConfig: Reading permissions from /vendor/etc/permissions/android.hardware.light.xml
01-01 08:19:23.111 32538 32538 D CompatConfig: Adding: com.android.server.compat.config.Change@cbf34b0
01-01 08:19:23.111 32538 32568 I SystemConfig: Reading permissions from /vendor/etc/permissions/android.hardware.sensor.gyroscope.xml
01-01 08:19:23.111 32538 32568 I SystemConfig: Reading permissions from /vendor/etc/permissions/android.hardware.wifi.passpoint.xml
01-01 08:19:23.111 32538 32538 D CompatConfig: Adding: com.android.server.compat.config.Change@b5a92ae
01-01 08:19:23.111 32538 32568 I SystemConfig: Reading permissions from /vendor/etc/permissions/android.hardware.sensor.barometer.xml
01-01 08:19:23.112 32538 32568 I SystemConfig: Reading permissions from /vendor/etc/permissions/android.hardware.opengles.aep.xml
01-01 08:19:23.112 32538 32538 D CompatConfig: Adding: com.android.server.compat.config.Change@bba4e5
01-01 08:19:23.112 32538 32568 I SystemConfig: Reading permissions from /vendor/etc/permissions/android.hardware.usb.host.xml
01-01 08:19:23.113 32538 32538 D CompatConfig: Adding: com.android.server.compat.config.Change@4ee7a6b
01-01 08:19:23.113 32538 32568 I SystemConfig: Reading permissions from /vendor/etc/permissions/android.hardware.usb.accessory.xml
01-01 08:19:23.113 32538 32568 I SystemConfig: Reading permissions from /vendor/etc/permissions/android.software.vulkan.deqp.level.xml
01-01 08:19:23.113 32538 32538 D CompatConfig: Adding: com.android.server.compat.config.Change@bc64986
01-01 08:19:23.113 32538 32568 I SystemConfig: Reading permissions from /vendor/etc/permissions/android.hardware.audio.pro.xml
01-01 08:19:23.114 32538 32538 D CompatConfig: Adding: com.android.server.compat.config.Change@ea28b9d
01-01 08:19:23.114 32538 32568 I SystemConfig: Reading permissions from /vendor/etc/permissions/android.hardware.wifi.aware.xml
01-01 08:19:23.114 32538 32568 I SystemConfig: Reading permissions from /vendor/etc/permissions/vendor-qti-hardware-sensorscalibrate.xml
01-01 08:19:23.115 32538 32538 D CompatConfig: Adding: com.android.server.compat.config.Change@fddcbe3
01-01 08:19:23.115 32538 32568 I SystemConfig: Reading permissions from /vendor/etc/permissions/android.hardware.vulkan.version-1_1.xml
01-01 08:19:23.115 32538 32568 I SystemConfig: Reading permissions from /vendor/etc/permissions/handheld_core_hardware.xml
01-01 08:19:23.116 32538 32538 D CompatConfig: Adding: com.android.server.compat.config.Change@e67035e
01-01 08:19:23.116 32538 32568 I SystemConfig: Reading permissions from /vendor/etc/permissions/android.hardware.bluetooth.xml
01-01 08:19:23.116 32538 32568 I SystemConfig: Reading permissions from /vendor/etc/permissions/android.hardware.audio.low_latency.xml
01-01 08:19:23.116 32538 32568 I SystemConfig: Reading permissions from /vendor/etc/permissions/vendor.qti.hardware.factory.xml
01-01 08:19:23.117 32538 32568 I SystemConfig: Reading permissions from /vendor/etc/permissions/android.software.midi.xml
01-01 08:19:23.117 32538 32568 I SystemConfig: Reading permissions from /vendor/etc/permissions/android.hardware.wifi.rtt.xml
01-01 08:19:23.118 32538 32568 I SystemConfig: Reading permissions from /vendor/etc/permissions/android.hardware.touchscreen.multitouch.jazzhand.xml
01-01 08:19:23.118 32538 32568 I SystemConfig: Reading permissions from /vendor/etc/permissions/android.hardware.se.omapi.uicc.xml
01-01 08:19:23.118 32538 32568 I SystemConfig: Reading permissions from /vendor/etc/permissions/android.hardware.location.gps.xml
01-01 08:19:23.119 32538 32568 I SystemConfig: Reading permissions from /vendor/etc/permissions/android.hardware.se.omapi.ese.xml
01-01 08:19:23.119 32538 32538 D CompatConfig: Adding: com.android.server.compat.config.Change@97fc8a4
01-01 08:19:23.119 32538 32568 I SystemConfig: Reading permissions from /vendor/etc/permissions/qti_fingerprint_interface.xml
01-01 08:19:23.119 32538 32568 I SystemConfig: Reading permissions from /vendor/etc/permissions/android.hardware.sensor.hifi_sensors.xml
01-01 08:19:23.120 32538 32538 D CompatConfig: Adding: com.android.server.compat.config.Change@dc973d3
01-01 08:19:23.120 32538 32568 I SystemConfig: Reading permissions from /vendor/etc/permissions/android.hardware.sensor.relative_humidity.xml
01-01 08:19:23.120 32538 32568 I SystemConfig: Reading permissions from /vendor/etc/permissions/android.hardware.bluetooth_le.xml
01-01 08:19:23.120 32538 32538 D CompatConfig: Adding: com.android.server.compat.config.Change@589000e
01-01 08:19:23.121 32538 32568 I SystemConfig: Reading permissions from /vendor/etc/permissions/android.hardware.wifi.direct.xml
01-01 08:19:23.121 32538 32568 I SystemConfig: Reading permissions from /vendor/etc/permissions/android.hardware.fingerprint.xml
01-01 08:19:23.121 32538 32538 D CompatConfig: Adding: com.android.server.compat.config.Change@3c179c5
01-01 08:19:23.122 32538 32568 I SystemConfig: Reading permissions from /vendor/etc/permissions/android.hardware.sensor.compass.xml
01-01 08:19:23.122 32538 32568 I SystemConfig: Reading permissions from /vendor/etc/permissions/android.software.ipsec_tunnels.xml
01-01 08:19:23.122 32538 32538 D CompatConfig: Adding: com.android.server.compat.config.Change@96cec28
01-01 08:19:23.122 32538 32568 I SystemConfig: Reading permissions from /vendor/etc/permissions/android.hardware.vulkan.compute-0.xml
01-01 08:19:23.123 32538 32538 D CompatConfig: Adding: com.android.server.compat.config.Change@8e902e6
01-01 08:19:23.123 32538 32568 I SystemConfig: Reading permissions from /vendor/etc/permissions/android.hardware.wifi.xml
01-01 08:19:23.123 32538 32568 I SystemConfig: Reading permissions from /vendor/etc/permissions/android.software.device_id_attestation.xml
01-01 08:19:23.123 32538 32568 I SystemConfig: Reading permissions from /vendor/etc/permissions/android.hardware.vulkan.level-1.xml
01-01 08:19:23.124 32538 32538 D CompatConfig: Adding: com.android.server.compat.config.Change@bb26772
01-01 08:19:23.124 32538 32538 D CompatConfig: Adding: com.android.server.compat.config.Change@aa6f7c3
01-01 08:19:23.124 32538 32568 I SystemConfig: Reading permissions from /product/etc/sysconfig/preinstalled-packages-platform-handheld-product.xml
01-01 08:19:23.125 32538 32568 I SystemConfig: Reading permissions from /product/etc/sysconfig/preinstalled-packages-platform-overlays.xml
01-01 08:19:23.125 32538 32538 D CompatConfig: Adding: com.android.server.compat.config.Change@73b88be
01-01 08:19:23.126 32538 32538 D CompatConfig: Adding: com.android.server.compat.config.Change@8f74d1f
01-01 08:19:23.126 32538 32568 I SystemConfig: Reading permissions from /product/etc/permissions/com.android.settings.intelligence.xml
01-01 08:19:23.126 32538 32568 I SystemConfig: Reading permissions from /product/etc/permissions/privapp-permissions-soundrecorder.xml
01-01 08:19:23.126 32538 32538 D CompatConfig: Adding: com.android.server.compat.config.Change@2a372ca
01-01 08:19:23.126 32538 32568 I SystemConfig: Reading permissions from /product/etc/permissions/telephony_product_privapp-permissions-qti.xml
01-01 08:19:23.127 32538 32568 I SystemConfig: Reading permissions from /product/etc/permissions/ims_ext_common.xml
01-01 08:19:23.127 32538 32538 D CompatConfig: Found a config file: /system/etc/compatconfig/documents-ui-compat-config.xml
01-01 08:19:23.127 32538 32568 I SystemConfig: Reading permissions from /product/etc/permissions/vendor.qti.hardware.data.connection-V1.1-java.xml
01-01 08:19:23.127 32538 32538 D CompatConfig: Adding: com.android.server.compat.config.Change@5efc117
01-01 08:19:23.128 32538 32568 I SystemConfig: Reading permissions from /product/etc/permissions/vendor.qti.hardware.data.connection-V1.0-java.xml
01-01 08:19:23.128 32538 32568 I SystemConfig: Reading permissions from /product/etc/permissions/com.qti.snapdragon.sdk.display.xml
01-01 08:19:23.128 32538 32538 D CompatConfig: Found a config file: /system/etc/compatconfig/calendar-provider-compat-config.xml
01-01 08:19:23.128 32538 32538 D CompatConfig: Adding: com.android.server.compat.config.Change@4a557b3
01-01 08:19:23.129 32538 32568 I SystemConfig: Reading permissions from /product/etc/permissions/UimService.xml
01-01 08:19:23.129 32538 32538 D CompatConfig: Found a config file: /system/etc/compatconfig/icu4j-platform-compat-config.xml
01-01 08:19:23.129 32538 32538 D CompatConfig: Adding: com.android.server.compat.config.Change@eb99d6e
01-01 08:19:23.129 32538 32568 I SystemConfig: Reading permissions from /system_ext/etc/sysconfig/qti_whitelist_system_ext.xml
01-01 08:19:23.130 32538 32568 I SystemConfig: Reading permissions from /system_ext/etc/sysconfig/qti_telephony_system_packages_config.xml
01-01 08:19:23.130 32538 32538 D CompatConfig: Found a config file: /system/etc/compatconfig/services-platform-compat-config.xml
01-01 08:19:23.130 32538 32568 I SystemConfig: Reading permissions from /system_ext/etc/permissions/com.qualcomm.qti.imscmservice-V2.1-java.xml
01-01 08:19:23.131 32538 32538 D CompatConfig: Adding: com.android.server.compat.config.Change@5a0a2b
01-01 08:19:23.131 32538 32568 I SystemConfig: Reading permissions from /system_ext/etc/permissions/com.android.storagemanager.xml
01-01 08:19:23.131 32538 32568 I SystemConfig: Reading permissions from /system_ext/etc/permissions/com.qualcomm.qti.imscmservice-V2.0-java.xml
01-01 08:19:23.131 32538 32538 D CompatConfig: Adding: com.android.server.compat.config.Change@e6d1e07
01-01 08:19:23.131 32538 32568 I SystemConfig: Reading permissions from /system_ext/etc/permissions/com.qualcomm.location.xml
01-01 08:19:23.132 32538 32568 I SystemConfig: Reading permissions from /system_ext/etc/permissions/izat.xt.srv.xml
01-01 08:19:23.132 32538 32538 D CompatConfig: Adding: com.android.server.compat.config.Change@11b9d5d
01-01 08:19:23.132 32538 32568 I SystemConfig: Reading permissions from /system_ext/etc/permissions/privapp-permissions-aptxals.xml
01-01 08:19:23.132 32538 32568 I SystemConfig: Reading permissions from /system_ext/etc/permissions/audiosphere.xml
01-01 08:19:23.132 32538 32538 D CompatConfig: Adding: com.android.server.compat.config.Change@d83b6a0
01-01 08:19:23.133 32538 32568 I SystemConfig: Reading permissions from /system_ext/etc/permissions/com.android.systemui.xml
01-01 08:19:23.133 32538 32568 I SystemConfig: Reading permissions from /system_ext/etc/permissions/com.qualcomm.qmapbridge.xml
01-01 08:19:23.133 32538 32538 D CompatConfig: Adding: com.android.server.compat.config.Change@b61c6ff
01-01 08:19:23.134 32538 32568 I SystemConfig: Reading permissions from /system_ext/etc/permissions/com.android.emergency.xml
01-01 08:19:23.134 32538 32568 I SystemConfig: Reading permissions from /system_ext/etc/permissions/com.android.launcher3.xml
01-01 08:19:23.134 32538 32538 D CompatConfig: Adding: com.android.server.compat.config.Change@bcc1e2a
01-01 08:19:23.134 32538 32568 I SystemConfig: Reading permissions from /system_ext/etc/permissions/com.nxp.nfc.nq.xml
01-01 08:19:23.135 32538 32568 I SystemConfig: Reading permissions from /system_ext/etc/permissions/com.android.provision.xml
01-01 08:19:23.135 32538 32538 D CompatConfig: Adding: com.android.server.compat.config.Change@efe5391
01-01 08:19:23.135 32538 32568 I SystemConfig: Reading permissions from /system_ext/etc/permissions/embms-noship_product_privapp_permissions_qti.xml
01-01 08:19:23.135 32538 32568 I SystemConfig: Reading permissions from /system_ext/etc/permissions/com.qti.media.secureprocessor.xml
01-01 08:19:23.136 32538 32538 D CompatConfig: Adding: com.android.server.compat.config.Change@400b964
01-01 08:19:23.136 32538 32568 I SystemConfig: Reading permissions from /system_ext/etc/permissions/privapp-permissions-qti-system-ext.xml
01-01 08:19:23.136 32538 32568 I SystemConfig: Reading permissions from /system_ext/etc/permissions/qti_supplicant_interface.xml
01-01 08:19:23.137 32538 32538 D CompatConfig: Adding: com.android.server.compat.config.Change@980ab93
01-01 08:19:23.137 32538 32568 I SystemConfig: Reading permissions from /system_ext/etc/permissions/vendor.qti.ims.rcsservice.xml
01-01 08:19:23.137 32538 32568 I SystemConfig: Reading permissions from /system_ext/etc/permissions/telephony_system-ext_privapp-permissions-qti.xml
01-01 08:19:23.137 32538 32538 D CompatConfig: Adding: com.android.server.compat.config.Change@3c46ace
01-01 08:19:23.137 32538 32568 I SystemConfig: Reading permissions from /system_ext/etc/permissions/com.qualcomm.qti.izattools.xml
01-01 08:19:23.138 32538 32538 D CompatConfig: Adding: com.android.server.compat.config.Change@a07d0fc
01-01 08:19:23.138 32538 32568 I SystemConfig: Reading permissions from /system_ext/etc/permissions/embms.xml
01-01 08:19:23.139 32538 32538 D CompatConfig: Adding: com.android.server.compat.config.Change@70ffa0b
01-01 08:19:23.139 32538 32568 I SystemConfig: Reading permissions from /system_ext/etc/permissions/com.qualcomm.qti.imscmservice.xml
01-01 08:19:23.139 32538 32568 I SystemConfig: Reading permissions from /system_ext/etc/permissions/com.qti.dpmframework.xml
01-01 08:19:23.140 32538 32568 I SystemConfig: Reading permissions from /system_ext/etc/permissions/com.qti.location.sdk.xml
01-01 08:19:23.140 32538 32538 D CompatConfig: Adding: com.android.server.compat.config.Change@84f05a6
01-01 08:19:23.140 32538 32568 I SystemConfig: Reading permissions from /system_ext/etc/permissions/com.qualcomm.qti.imscmservice-V2.2-java.xml
01-01 08:19:23.140 32538 32568 I SystemConfig: Reading permissions from /system_ext/etc/permissions/com.android.settings.xml
01-01 08:19:23.140 32538 32538 D CompatConfig: Adding: com.android.server.compat.config.Change@1170e3d
01-01 08:19:23.141 32538 32568 I SystemConfig: Reading permissions from /system_ext/etc/permissions/qti_permissions.xml
01-01 08:19:23.141 32538 32568 I SystemConfig: Reading permissions from /system_ext/etc/permissions/privapp-permissions-com.qualcomm.location.xml
01-01 08:19:23.141 32538 32538 D CompatConfig: Adding: com.android.server.compat.config.Change@e8f0500
01-01 08:19:23.142 32538 32568 I SystemConfig: Reading permissions from /system_ext/etc/permissions/dpmapi.xml
01-01 08:19:23.142 32538 32538 D CompatConfig: Adding: com.android.server.compat.config.Change@f87237e
01-01 08:19:23.142 32538 32568 I SystemConfig: Reading permissions from /system_ext/etc/permissions/qti_libpermissions.xml
01-01 08:19:23.142 32538 32568 I SystemConfig: Reading permissions from /system_ext/etc/permissions/android.software.verified_boot.xml
01-01 08:19:23.143 32538 32538 D CompatConfig: Adding: com.android.server.compat.config.Change@426c7f5
01-01 08:19:23.143 32538 32568 I SystemConfig: Reading permissions from /system_ext/etc/permissions/wfd-system-ext-privapp-permissions-qti.xml
01-01 08:19:23.143 32538 32538 D CompatConfig: Adding: com.android.server.compat.config.Change@f177bfb
01-01 08:19:23.144 32538 32538 D CompatConfig: Adding: com.android.server.compat.config.Change@3e87418
01-01 08:19:23.145 32538 32568 I SystemConfig: Reading permissions from /apex/com.android.ipsec/etc/permissions/android.net.ipsec.ike.xml
01-01 08:19:23.145 32538 32538 D CompatConfig: Adding: com.android.server.compat.config.Change@b3a2456
01-01 08:19:23.145 32538 32538 D CompatConfig: Adding: com.android.server.compat.config.Change@2fcb9c4
01-01 08:19:23.146 32538 32538 D CompatConfig: Adding: com.android.server.compat.config.Change@b4c2fe2
01-01 08:19:23.147 32538 32568 D SystemConfig: readAllPermissions took to complete: 64ms
01-01 08:19:23.147 32538 32568 D SystemServerInitThreadPool: Finished executing ReadingSystemConfig
01-01 08:19:23.147 32538 32568 D SystemServerTimingAsync: InitThreadPoolExec:ReadingSystemConfig took to complete: 64ms
01-01 08:19:23.147 32538 32538 D CompatConfig: Adding: com.android.server.compat.config.Change@865faa9
01-01 08:19:23.147 32538 32538 D CompatConfig: Adding: com.android.server.compat.config.Change@d81682e
01-01 08:19:23.148 32538 32538 D CompatConfig: Adding: com.android.server.compat.config.Change@f6b8fcf
01-01 08:19:23.149 32538 32538 D CompatConfig: Adding: com.android.server.compat.config.Change@fb77d5c
01-01 08:19:23.150 32538 32538 D CompatConfig: Adding: com.android.server.compat.config.Change@a7a9865
01-01 08:19:23.150 32538 32538 D CompatConfig: Adding: com.android.server.compat.config.Change@3bfd93a
01-01 08:19:23.151 32538 32538 D CompatConfig: Adding: com.android.server.compat.config.Change@9bb59eb
01-01 08:19:23.151 32538 32538 D CompatConfig: Adding: com.android.server.compat.config.Change@ed1348
01-01 08:19:23.152 32538 32538 D CompatConfig: Adding: com.android.server.compat.config.Change@28155e1
01-01 08:19:23.153 32538 32538 D CompatConfig: Adding: com.android.server.compat.config.Change@6424f06
01-01 08:19:23.153 32538 32538 D CompatConfig: Adding: com.android.server.compat.config.Change@2f3a9c7
01-01 08:19:23.154 32538 32538 D CompatConfig: Adding: com.android.server.compat.config.Change@6641bf4
01-01 08:19:23.154 32538 32538 D CompatConfig: Adding: com.android.server.compat.config.Change@bdc6f1d
01-01 08:19:23.155 32538 32538 D CompatConfig: Adding: com.android.server.compat.config.Change@4245592
01-01 08:19:23.155 32538 32538 D CompatConfig: Adding: com.android.server.compat.config.Change@6771b63
01-01 08:19:23.156 32538 32538 D CompatConfig: Adding: com.android.server.compat.config.Change@ca10360
01-01 08:19:23.157 32538 32538 D CompatConfig: Adding: com.android.server.compat.config.Change@bd5e019
01-01 08:19:23.157 32538 32538 D CompatConfig: Adding: com.android.server.compat.config.Change@ae38de
01-01 08:19:23.158 32538 32538 D CompatConfig: Adding: com.android.server.compat.config.Change@9360abf
01-01 08:19:23.159 32538 32538 D CompatConfig: Adding: com.android.server.compat.config.Change@202f58c
01-01 08:19:23.159 32538 32538 D CompatConfig: Adding: com.android.server.compat.config.Change@85b64d5
01-01 08:19:23.160 32538 32538 D CompatConfig: Adding: com.android.server.compat.config.Change@96104ea
01-01 08:19:23.160 32538 32538 D CompatConfig: Adding: com.android.server.compat.config.Change@4ca93db
01-01 08:19:23.161 32538 32538 D CompatConfig: Adding: com.android.server.compat.config.Change@9afde78
01-01 08:19:23.162 32538 32538 D CompatConfig: Adding: com.android.server.compat.config.Change@e7a7951
01-01 08:19:23.163 32538 32538 D CompatConfig: Adding: com.android.server.compat.config.Change@c285b6
01-01 08:19:23.163 32538 32538 D CompatConfig: Adding: com.android.server.compat.config.Change@85492b7
01-01 08:19:23.164 32538 32538 D CompatConfig: Adding: com.android.server.compat.config.Change@1406a24
01-01 08:19:23.165 32538 32538 D CompatConfig: Adding: com.android.server.compat.config.Change@49c598d
01-01 08:19:23.165 32538 32538 D CompatConfig: Adding: com.android.server.compat.config.Change@9e94742
01-01 08:19:23.166 32538 32538 D CompatConfig: Found a config file: /system/system_ext/etc/compatconfig/settings-platform-compat-config.xml
01-01 08:19:23.167 32538 32538 D CompatConfig: Adding: com.android.server.compat.config.Change@52c0490
01-01 08:19:23.169 32538 32538 D CompatConfig: No directory /apex/com.android.vndk.v30/etc/compatconfig, skipping
01-01 08:19:23.169 32538 32538 D CompatConfig: No directory /apex/com.android.wifi/etc/compatconfig, skipping
01-01 08:19:23.169 32538 32538 D CompatConfig: No directory /apex/com.android.vndk.v31/etc/compatconfig, skipping
01-01 08:19:23.169 32538 32538 D CompatConfig: No directory /apex/com.android.tzdata/etc/compatconfig, skipping
01-01 08:19:23.169 32538 32538 D CompatConfig: No directory /apex/com.android.tethering/etc/compatconfig, skipping
01-01 08:19:23.169 32538 32538 D CompatConfig: No directory /apex/com.android.sdkext/etc/compatconfig, skipping
01-01 08:19:23.169 32538 32538 D CompatConfig: No directory /apex/com.android.scheduling/etc/compatconfig, skipping
01-01 08:19:23.169 32538 32538 D CompatConfig: No directory /apex/com.android.runtime/etc/compatconfig, skipping
01-01 08:19:23.169 32538 32538 D CompatConfig: No directory /apex/com.android.resolv/etc/compatconfig, skipping
01-01 08:19:23.169 32538 32538 D CompatConfig: No directory /apex/com.android.permission/etc/compatconfig, skipping
01-01 08:19:23.169 32538 32538 D CompatConfig: No directory /apex/com.android.os.statsd/etc/compatconfig, skipping
01-01 08:19:23.170 32538 32538 D CompatConfig: No directory /apex/com.android.neuralnetworks/etc/compatconfig, skipping
01-01 08:19:23.170 32538 32538 D CompatConfig: Found a config file: /apex/com.android.mediaprovider/etc/compatconfig/media-provider-platform-compat-config.xml
