01-01 08:15:08.293 0 0 D mv2112_update_link: 3.0x8109(100M): 0x0
01-01 08:15:08.293 0 0 D mv2112_update_link: link 0x0
01-01 08:15:08.293 0 0 D mv2112_read_status: autoneg is disabled
01-01 08:15:08.914 0 0 I binder : 25634:25634 ioctl 40046210 7ffcce4c44 returned -22
01-01 08:15:08.915 0 0 I binder : 25634:25634 ioctl 40046210 7ffcce4bc4 returned -22
01-01 08:15:09.104 0 0 I binder : 25633:25633 ioctl 40046210 ffcc76f8 returned -22
01-01 08:15:09.106 0 0 I binder : 25633:25633 ioctl 40046210 ffcc76e0 returned -22
01-01 08:15:09.316 0 0 D : mv2112_read_status
01-01 08:15:09.317 0 0 D mv2112_update_link: 3.0x901(1G): 0x80
01-01 08:15:09.317 0 0 D mv2112_update_link: 3.0x8109(100M): 0x0
01-01 08:15:09.317 0 0 D mv2112_update_link: link 0x0
01-01 08:15:09.317 0 0 D mv2112_read_status: autoneg is disabled
01-01 08:15:09.469 0 0 I binder : 25632:25632 ioctl 40046210 7fde27f804 returned -22
01-01 08:15:09.471 0 0 I binder : 25632:25632 ioctl 40046210 7fde27f824 returned -22
01-01 08:15:10.340 0 0 D : mv2112_read_status
01-01 08:15:10.341 0 0 D mv2112_update_link: 3.0x901(1G): 0x80
01-01 08:15:10.341 0 0 D mv2112_update_link: 3.0x8109(100M): 0x0
01-01 08:15:10.341 0 0 D mv2112_update_link: link 0x0
01-01 08:15:10.341 0 0 D mv2112_read_status: autoneg is disabled
01-01 08:15:10.474 0 0 E init : Control message: Could not find 'android.frameworks.sensorservice@1.0::ISensorManager/default' for ctl.interface_start from pid: 517 (/system/bin/hwservicemanager)
01-01 08:15:10.492 0 0 E init : Control message: Could not find 'android.frameworks.sensorservice@1.0::ISensorManager/default' for ctl.interface_start from pid: 517 (/system/bin/hwservicemanager)
01-01 08:15:10.856 0 0 I init : starting service 'qvrd_vndr'...
01-01 08:15:10.857 0 0 I init : Created socket '/dev/socket/qvrservice_vndr', mode 660, user 1000, group 1000
01-01 08:15:10.857 0 0 I init : Created socket '/dev/socket/qvrservice_vndr_camera', mode 660, user 1000, group 1000
01-01 08:15:10.868 0 0 I init : starting service 'sxrd'...
01-01 08:15:10.878 0 0 I init : starting service 'vendor.audio-hal'...
01-01 08:15:10.874 25646 25646 F linker : CANNOT LINK EXECUTABLE "/vendor/bin/hw/qvrservice": library "vendor.qti.hardware.qxr-V1-ndk_platform.so" not found: needed by /vendor/lib64/libqvrservice.so in namespace (default)
01-01 08:15:10.878 25647 25647 F linker : CANNOT LINK EXECUTABLE "/vendor/bin/hw/sxrservice": library "vendor.qti.hardware.qxr-V1-ndk_platform.so" not found: needed by main executable
01-01 08:15:10.887 0 0 I init : Service 'qvrd_vndr' (pid 25646) exited with status 1
01-01 08:15:10.887 0 0 I init : Sending signal 9 to service 'qvrd_vndr' (pid 25646) process group...
01-01 08:15:10.887 0 0 I libprocessgroup: Successfully killed process cgroup uid 1000 pid 25646 in 0ms
01-01 08:15:11.271 0 0 I binder : 25655:25655 ioctl 40046210 7fc6720864 returned -22
01-01 08:15:11.271 0 0 I binder : 25655:25655 ioctl 40046210 7fc6720884 returned -22
01-01 08:15:11.364 0 0 D : mv2112_read_status
01-01 08:15:11.365 0 0 D mv2112_update_link: 3.0x901(1G): 0x80
01-01 08:15:11.365 0 0 D mv2112_update_link: 3.0x8109(100M): 0x0
01-01 08:15:11.365 0 0 D mv2112_update_link: link 0x0
01-01 08:15:11.365 0 0 D mv2112_read_status: autoneg is disabled
01-01 08:15:11.744 0 0 E : msm_qti_pp_get_rms_value_control, back not active to query rms be_idx:3
01-01 08:15:11.766 0 0 I core_get_license_status: cmdrsp_license_result.result = 0x15 for module 0x131ff
01-01 08:15:11.766 0 0 E msm_ext_disp_update_audio_ops: Display not found (EXT_DISPLAY_TYPE_DP) ctld (0) stream (0)
01-01 08:15:11.776 0 0 E msm_ext_disp_update_audio_ops: Display not found (EXT_DISPLAY_TYPE_HDMI) ctld (0) stream (0)
01-01 08:15:11.786 0 0 E msm_ext_disp_update_audio_ops: Display not found (EXT_DISPLAY_TYPE_DP) ctld (0) stream (0)
01-01 08:15:11.796 0 0 E msm_ext_disp_update_audio_ops: Display not found (EXT_DISPLAY_TYPE_DP) ctld (0) stream (0)
01-01 08:15:11.806 0 0 E msm_ext_disp_update_audio_ops: Display not found (EXT_DISPLAY_TYPE_DP) ctld (0) stream (0)
01-01 08:15:11.815 0 0 E msm-ext-disp-audio-codec-rx soc: qcom,msm-ext-disp:qcom,msm-ext-disp-audio-codec-rx: msm_ext_disp_audio_type_get: get_audio_edid_blk() or get_intf_id is NULL
01-01 08:15:11.831 0 0 E msm_ext_disp_update_audio_ops: Display not found (EXT_DISPLAY_TYPE_DP) ctld (0) stream (0)
01-01 08:15:11.841 0 0 E msm-ext-disp-audio-codec-rx soc: qcom,msm-ext-disp:qcom,msm-ext-disp-audio-codec-rx: msm_ext_disp_audio_type_get: get_audio_edid_blk() or get_intf_id is NULL
01-01 08:15:11.857 0 0 E msm_ext_disp_update_audio_ops: Display not found (EXT_DISPLAY_TYPE_DP) ctld (0) stream (0)
01-01 08:15:11.866 0 0 E msm-ext-disp-audio-codec-rx soc: qcom,msm-ext-disp:qcom,msm-ext-disp-audio-codec-rx: msm_ext_disp_audio_type_get: get_audio_edid_blk() or get_intf_id is NULL
01-01 08:15:11.883 0 0 E msm-ext-disp-audio-codec-rx soc: qcom,msm-ext-disp:qcom,msm-ext-disp-audio-codec-rx: msm_ext_disp_audio_device_get: invalid dai id: 4
01-01 08:15:11.946 0 0 E : msm_pcm_volume_ctl_get substream not found
01-01 08:15:12.306 0 0 E : msm_qti_pp_get_rms_value_control, back not active to query rms be_idx:3
01-01 08:15:12.327 0 0 I core_get_license_status: cmdrsp_license_result.result = 0x15 for module 0x131ff
01-01 08:15:12.328 0 0 E msm_ext_disp_update_audio_ops: Display not found (EXT_DISPLAY_TYPE_DP) ctld (0) stream (0)
01-01 08:15:12.338 0 0 E msm_ext_disp_update_audio_ops: Display not found (EXT_DISPLAY_TYPE_HDMI) ctld (0) stream (0)
01-01 08:15:12.348 0 0 E msm_ext_disp_update_audio_ops: Display not found (EXT_DISPLAY_TYPE_DP) ctld (0) stream (0)
01-01 08:15:12.357 0 0 E msm_ext_disp_update_audio_ops: Display not found (EXT_DISPLAY_TYPE_DP) ctld (0) stream (0)
01-01 08:15:12.368 0 0 E msm_ext_disp_update_audio_ops: Display not found (EXT_DISPLAY_TYPE_DP) ctld (0) stream (0)
01-01 08:15:12.377 0 0 E msm-ext-disp-audio-codec-rx soc: qcom,msm-ext-disp:qcom,msm-ext-disp-audio-codec-rx: msm_ext_disp_audio_type_get: get_audio_edid_blk() or get_intf_id is NULL
01-01 08:15:12.388 0 0 D : mv2112_read_status
01-01 08:15:12.393 0 0 D mv2112_update_link: 3.0x901(1G): 0x80
01-01 08:15:12.393 0 0 D mv2112_update_link: 3.0x8109(100M): 0x0
01-01 08:15:12.393 0 0 D mv2112_update_link: link 0x0
01-01 08:15:12.393 0 0 D mv2112_read_status: autoneg is disabled
01-01 08:15:12.393 0 0 E msm_ext_disp_update_audio_ops: Display not found (EXT_DISPLAY_TYPE_DP) ctld (0) stream (0)
01-01 08:15:12.403 0 0 E msm-ext-disp-audio-codec-rx soc: qcom,msm-ext-disp:qcom,msm-ext-disp-audio-codec-rx: msm_ext_disp_audio_type_get: get_audio_edid_blk() or get_intf_id is NULL
01-01 08:15:12.419 0 0 E msm_ext_disp_update_audio_ops: Display not found (EXT_DISPLAY_TYPE_DP) ctld (0) stream (0)
01-01 08:15:12.429 0 0 E msm-ext-disp-audio-codec-rx soc: qcom,msm-ext-disp:qcom,msm-ext-disp-audio-codec-rx: msm_ext_disp_audio_type_get: get_audio_edid_blk() or get_intf_id is NULL
01-01 08:15:12.446 0 0 E msm-ext-disp-audio-codec-rx soc: qcom,msm-ext-disp:qcom,msm-ext-disp-audio-codec-rx: msm_ext_disp_audio_device_get: invalid dai id: 4
01-01 08:15:12.504 0 0 E : msm_pcm_volume_ctl_get substream not found
01-01 08:15:12.528 0 0 I binder : 25682:25682 ioctl 40046210 7ff3330f54 returned -22
01-01 08:15:12.597 0 0 I binder : 25681:25681 ioctl 40046210 7fc29c1254 returned -22
01-01 08:15:12.600 0 0 I binder : 25681:25681 ioctl 40046210 7fc29c1464 returned -22
01-01 08:15:12.831 0 0 I binder : 25682:25682 ioctl 40046210 7ff3330654 returned -22
01-01 08:15:13.009 25682 25682 E AndroidRuntime: *** FATAL EXCEPTION IN SYSTEM PROCESS: main
01-01 08:15:13.009 25682 25682 E AndroidRuntime: java.lang.NullPointerException: Attempt to read from field 'java.lang.String com.android.server.pm.Settings$VersionInfo.fingerprint' on a null object reference
01-01 08:15:13.009 25682 25682 E AndroidRuntime: at com.android.server.pm.PackageManagerService.(PackageManagerService.java:7608)
01-01 08:15:13.009 25682 25682 E AndroidRuntime: at com.android.server.pm.PackageManagerService.main(PackageManagerService.java:7116)
01-01 08:15:13.009 25682 25682 E AndroidRuntime: at com.android.server.SystemServer.startBootstrapServices(SystemServer.java:1168)
01-01 08:15:13.009 25682 25682 E AndroidRuntime: at com.android.server.SystemServer.run(SystemServer.java:882)
01-01 08:15:13.009 25682 25682 E AndroidRuntime: at com.android.server.SystemServer.main(SystemServer.java:615)
01-01 08:15:13.009 25682 25682 E AndroidRuntime: at java.lang.reflect.Method.invoke(Native Method)
01-01 08:15:13.009 25682 25682 E AndroidRuntime: at com.android.internal.os.RuntimeInit$MethodAndArgsCaller.run(RuntimeInit.java:548)
01-01 08:15:13.009 25682 25682 E AndroidRuntime: at com.android.internal.os.ZygoteInit.main(ZygoteInit.java:987)
01-01 08:15:13.009 25682 25682 E AndroidRuntime: Error reporting crash
01-01 08:15:13.009 25682 25682 E AndroidRuntime: java.lang.NullPointerException: Attempt to invoke interface method 'void android.app.IActivityManager.handleApplicationCrash(android.os.IBinder, android.app.ApplicationErrorReport$ParcelableCrashInfo)' on a null object reference
01-01 08:15:13.009 25682 25682 E AndroidRuntime: at com.android.internal.os.RuntimeInit$KillApplicationHandler.uncaughtException(RuntimeInit.java:156)
01-01 08:15:13.009 25682 25682 E AndroidRuntime: at java.lang.ThreadGroup.uncaughtException(ThreadGroup.java:1073)
01-01 08:15:13.009 25682 25682 E AndroidRuntime: at java.lang.ThreadGroup.uncaughtException(ThreadGroup.java:1068)
01-01 08:15:13.009 25682 25682 E AndroidRuntime: at java.lang.Thread.dispatchUncaughtException(Thread.java:2200)
01-01 08:15:13.159 0 0 I binder : 25769:25769 ioctl 40046210 7ff5c980d4 returned -22
01-01 08:15:13.159 0 0 D ProcessState: Binder ioctl to enable oneway spam detection failed: Invalid argument
01-01 08:15:13.160 0 0 D vdc : Waited 0ms for vold
01-01 08:15:13.412 0 0 D : mv2112_read_status
01-01 08:15:13.413 0 0 D mv2112_update_link: 3.0x901(1G): 0x80
01-01 08:15:13.413 0 0 D mv2112_update_link: 3.0x8109(100M): 0x0
01-01 08:15:13.413 0 0 D mv2112_update_link: link 0x0
01-01 08:15:13.413 0 0 D mv2112_read_status: autoneg is disabled
01-01 08:15:13.921 0 0 I binder : 25775:25775 ioctl 40046210 7ffc21d9c4 returned -22
01-01 08:15:13.923 0 0 I binder : 25775:25775 ioctl 40046210 7ffc21d944 returned -22
01-01 08:15:14.106 0 0 I binder : 25774:25774 ioctl 40046210 ffbef438 returned -22
01-01 08:15:14.108 0 0 I binder : 25774:25774 ioctl 40046210 ffbef420 returned -22
01-01 08:15:14.436 0 0 D : mv2112_read_status
01-01 08:15:14.437 0 0 D mv2112_update_link: 3.0x901(1G): 0x80
01-01 08:15:14.437 0 0 D mv2112_update_link: 3.0x8109(100M): 0x0
01-01 08:15:14.437 0 0 D mv2112_update_link: link 0x0
01-01 08:15:14.437 0 0 D mv2112_read_status: autoneg is disabled
01-01 08:15:14.479 0 0 I binder : 25773:25773 ioctl 40046210 7fcf644d14 returned -22
01-01 08:15:14.481 0 0 I binder : 25773:25773 ioctl 40046210 7fcf644d34 returned -22
01-01 08:15:15.460 0 0 D : mv2112_read_status
01-01 08:15:15.461 0 0 D mv2112_update_link: 3.0x901(1G): 0x80
01-01 08:15:15.461 0 0 D mv2112_update_link: 3.0x8109(100M): 0x0
01-01 08:15:15.461 0 0 D mv2112_update_link: link 0x0
01-01 08:15:15.461 0 0 D mv2112_read_status: autoneg is disabled
01-01 08:15:15.480 0 0 E init : Control message: Could not find 'android.frameworks.sensorservice@1.0::ISensorManager/default' for ctl.interface_start from pid: 517 (/system/bin/hwservicemanager)
01-01 08:15:15.498 0 0 E init : Control message: Could not find 'android.frameworks.sensorservice@1.0::ISensorManager/default' for ctl.interface_start from pid: 517 (/system/bin/hwservicemanager)
01-01 08:15:15.865 0 0 I init : starting service 'qvrd_vndr'...
01-01 08:15:15.866 0 0 I init : Created socket '/dev/socket/qvrservice_vndr', mode 660, user 1000, group 1000
01-01 08:15:15.867 0 0 I init : Created socket '/dev/socket/qvrservice_vndr_camera', mode 660, user 1000, group 1000
01-01 08:15:15.877 0 0 I init : starting service 'sxrd'...
01-01 08:15:15.887 0 0 I init : starting service 'vendor.audio-hal'...
01-01 08:15:15.883 25787 25787 F linker : CANNOT LINK EXECUTABLE "/vendor/bin/hw/qvrservice": library "vendor.qti.hardware.qxr-V1-ndk_platform.so" not found: needed by /vendor/lib64/libqvrservice.so in namespace (default)
01-01 08:15:15.896 0 0 I init : Service 'qvrd_vndr' (pid 25787) exited with status 1
01-01 08:15:15.896 0 0 I init : Sending signal 9 to service 'qvrd_vndr' (pid 25787) process group...
01-01 08:15:15.896 0 0 I libprocessgroup: Successfully killed process cgroup uid 1000 pid 25787 in 0ms
01-01 08:15:15.888 25788 25788 F linker : CANNOT LINK EXECUTABLE "/vendor/bin/hw/sxrservice": library "vendor.qti.hardware.qxr-V1-ndk_platform.so" not found: needed by main executable
01-01 08:15:16.303 0 0 I binder : 25796:25796 ioctl 40046210 7fee7a59c4 returned -22
01-01 08:15:16.304 0 0 I binder : 25796:25796 ioctl 40046210 7fee7a59e4 returned -22
01-01 08:15:16.488 0 0 D : mv2112_read_status
01-01 08:15:16.489 0 0 D mv2112_update_link: 3.0x901(1G): 0x80
01-01 08:15:16.489 0 0 D mv2112_update_link: 3.0x8109(100M): 0x0
01-01 08:15:16.489 0 0 D mv2112_update_link: link 0x0
01-01 08:15:16.489 0 0 D mv2112_read_status: autoneg is disabled
01-01 08:15:16.804 0 0 E : msm_qti_pp_get_rms_value_control, back not active to query rms be_idx:3
01-01 08:15:16.824 0 0 I core_get_license_status: cmdrsp_license_result.result = 0x15 for module 0x131ff
01-01 08:15:16.825 0 0 E msm_ext_disp_update_audio_ops: Display not found (EXT_DISPLAY_TYPE_DP) ctld (0) stream (0)
01-01 08:15:16.835 0 0 E msm_ext_disp_update_audio_ops: Display not found (EXT_DISPLAY_TYPE_HDMI) ctld (0) stream (0)
01-01 08:15:16.845 0 0 E msm_ext_disp_update_audio_ops: Display not found (EXT_DISPLAY_TYPE_DP) ctld (0) stream (0)
01-01 08:15:16.855 0 0 E msm_ext_disp_update_audio_ops: Display not found (EXT_DISPLAY_TYPE_DP) ctld (0) stream (0)
01-01 08:15:16.865 0 0 E msm_ext_disp_update_audio_ops: Display not found (EXT_DISPLAY_TYPE_DP) ctld (0) stream (0)
01-01 08:15:16.875 0 0 E msm-ext-disp-audio-codec-rx soc: qcom,msm-ext-disp:qcom,msm-ext-disp-audio-codec-rx: msm_ext_disp_audio_type_get: get_audio_edid_blk() or get_intf_id is NULL
01-01 08:15:16.891 0 0 E msm_ext_disp_update_audio_ops: Display not found (EXT_DISPLAY_TYPE_DP) ctld (0) stream (0)
01-01 08:15:16.900 0 0 E msm-ext-disp-audio-codec-rx soc: qcom,msm-ext-disp:qcom,msm-ext-disp-audio-codec-rx: msm_ext_disp_audio_type_get: get_audio_edid_blk() or get_intf_id is NULL
01-01 08:15:16.916 0 0 E msm_ext_disp_update_audio_ops: Display not found (EXT_DISPLAY_TYPE_DP) ctld (0) stream (0)
01-01 08:15:16.926 0 0 E msm-ext-disp-audio-codec-rx soc: qcom,msm-ext-disp:qcom,msm-ext-disp-audio-codec-rx: msm_ext_disp_audio_type_get: get_audio_edid_blk() or get_intf_id is NULL
01-01 08:15:16.943 0 0 E msm-ext-disp-audio-codec-rx soc: qcom,msm-ext-disp:qcom,msm-ext-disp-audio-codec-rx: msm_ext_disp_audio_device_get: invalid dai id: 4
01-01 08:15:17.006 0 0 E : msm_pcm_volume_ctl_get substream not found
01-01 08:15:17.366 0 0 E : msm_qti_pp_get_rms_value_control, back not active to query rms be_idx:3
01-01 08:15:17.385 0 0 I core_get_license_status: cmdrsp_license_result.result = 0x15 for module 0x131ff
01-01 08:15:17.386 0 0 E msm_ext_disp_update_audio_ops: Display not found (EXT_DISPLAY_TYPE_DP) ctld (0) stream (0)
01-01 08:15:17.396 0 0 E msm_ext_disp_update_audio_ops: Display not found (EXT_DISPLAY_TYPE_HDMI) ctld (0) stream (0)
01-01 08:15:17.406 0 0 E msm_ext_disp_update_audio_ops: Display not found (EXT_DISPLAY_TYPE_DP) ctld (0) stream (0)
01-01 08:15:17.416 0 0 E msm_ext_disp_update_audio_ops: Display not found (EXT_DISPLAY_TYPE_DP) ctld (0) stream (0)
01-01 08:15:17.426 0 0 E msm_ext_disp_update_audio_ops: Display not found (EXT_DISPLAY_TYPE_DP) ctld (0) stream (0)
01-01 08:15:17.436 0 0 E msm-ext-disp-audio-codec-rx soc: qcom,msm-ext-disp:qcom,msm-ext-disp-audio-codec-rx: msm_ext_disp_audio_type_get: get_audio_edid_blk() or get_intf_id is NULL
01-01 08:15:17.452 0 0 E msm_ext_disp_update_audio_ops: Display not found (EXT_DISPLAY_TYPE_DP) ctld (0) stream (0)
01-01 08:15:17.461 0 0 E msm-ext-disp-audio-codec-rx soc: qcom,msm-ext-disp:qcom,msm-ext-disp-audio-codec-rx: msm_ext_disp_audio_type_get: get_audio_edid_blk() or get_intf_id is NULL
01-01 08:15:17.477 0 0 E msm_ext_disp_update_audio_ops: Display not found (EXT_DISPLAY_TYPE_DP) ctld (0) stream (0)
01-01 08:15:17.487 0 0 E msm-ext-disp-audio-codec-rx soc: qcom,msm-ext-disp:qcom,msm-ext-disp-audio-codec-rx: msm_ext_disp_audio_type_get: get_audio_edid_blk() or get_intf_id is NULL
01-01 08:15:17.504 0 0 E msm-ext-disp-audio-codec-rx soc: qcom,msm-ext-disp:qcom,msm-ext-disp-audio-codec-rx: msm_ext_disp_audio_device_get: invalid dai id: 4
01-01 08:15:17.517 0 0 D : mv2112_read_status
01-01 08:15:17.517 0 0 D mv2112_update_link: 3.0x901(1G): 0x80
01-01 08:15:17.517 0 0 D mv2112_update_link: 3.0x8109(100M): 0x0
01-01 08:15:17.517 0 0 D mv2112_update_link: link 0x0
01-01 08:15:17.517 0 0 D mv2112_read_status: autoneg is disabled
01-01 08:15:17.540 0 0 I binder : 25823:25823 ioctl 40046210 7fcabc5d34 returned -22
01-01 08:15:17.563 0 0 E : msm_pcm_volume_ctl_get substream not found
01-01 08:15:17.621 0 0 I binder : 25822:25822 ioctl 40046210 7fe192f754 returned -22
01-01 08:15:17.624 0 0 I binder : 25822:25822 ioctl 40046210 7fe192f964 returned -22
01-01 08:15:17.855 0 0 I binder : 25823:25823 ioctl 40046210 7fcabc5434 returned -22
01-01 08:15:18.038 25823 25823 E AndroidRuntime: *** FATAL EXCEPTION IN SYSTEM PROCESS: main
01-01 08:15:18.038 25823 25823 E AndroidRuntime: java.lang.NullPointerException: Attempt to read from field 'java.lang.String com.android.server.pm.Settings$VersionInfo.fingerprint' on a null object reference
01-01 08:15:18.038 25823 25823 E AndroidRuntime: at com.android.server.pm.PackageManagerService.(PackageManagerService.java:7608)
01-01 08:15:18.038 25823 25823 E AndroidRuntime: at com.android.server.pm.PackageManagerService.main(PackageManagerService.java:7116)
01-01 08:15:18.038 25823 25823 E AndroidRuntime: at com.android.server.SystemServer.startBootstrapServices(SystemServer.java:1168)
01-01 08:15:18.038 25823 25823 E AndroidRuntime: at com.android.server.SystemServer.run(SystemServer.java:882)
01-01 08:15:18.038 25823 25823 E AndroidRuntime: at com.android.server.SystemServer.main(SystemServer.java:615)
01-01 08:15:18.038 25823 25823 E AndroidRuntime: at java.lang.reflect.Method.invoke(Native Method)
01-01 08:15:18.038 25823 25823 E AndroidRuntime: at com.android.internal.os.RuntimeInit$MethodAndArgsCaller.run(RuntimeInit.java:548)
01-01 08:15:18.038 25823 25823 E AndroidRuntime: at com.android.internal.os.ZygoteInit.main(ZygoteInit.java:987)
01-01 08:15:18.039 25823 25823 E AndroidRuntime: Error reporting crash
01-01 08:15:18.039 25823 25823 E AndroidRuntime: java.lang.NullPointerException: Attempt to invoke interface method 'void android.app.IActivityManager.handleApplicationCrash(android.os.IBinder, android.app.ApplicationErrorReport$ParcelableCrashInfo)' on a null object reference
01-01 08:15:18.039 25823 25823 E AndroidRuntime: at com.android.internal.os.RuntimeInit$KillApplicationHandler.uncaughtException(RuntimeInit.java:156)
01-01 08:15:18.039 25823 25823 E AndroidRuntime: at java.lang.ThreadGroup.uncaughtException(ThreadGroup.java:1073)
01-01 08:15:18.039 25823 25823 E AndroidRuntime: at java.lang.ThreadGroup.uncaughtException(ThreadGroup.java:1068)
01-01 08:15:18.039 25823 25823 E AndroidRuntime: at java.lang.Thread.dispatchUncaughtException(Thread.java:2200)
01-01 08:15:18.190 0 0 I binder : 25904:25904 ioctl 40046210 7fec350864 returned -22
01-01 08:15:18.190 0 0 D ProcessState: Binder ioctl to enable oneway spam detection failed: Invalid argument
01-01 08:15:18.191 0 0 D vdc : Waited 0ms for vold
01-01 08:15:18.532 0 0 D : mv2112_read_status
01-01 08:15:18.533 0 0 D mv2112_update_link: 3.0x901(1G): 0x80
01-01 08:15:18.533 0 0 D mv2112_update_link: 3.0x8109(100M): 0x0
01-01 08:15:18.533 0 0 D mv2112_update_link: link 0x0
01-01 08:15:18.533 0 0 D mv2112_read_status: autoneg is disabled
01-01 08:15:18.930 0 0 I binder : 25911:25911 ioctl 40046210 7fdd093894 returned -22
01-01 08:15:18.932 0 0 I binder : 25911:25911 ioctl 40046210 7fdd093814 returned -22
01-01 08:15:19.121 0 0 I binder : 25910:25910 ioctl 40046210 ff9c91d8 returned -22
01-01 08:15:19.123 0 0 I binder : 25910:25910 ioctl 40046210 ff9c91c0 returned -22
01-01 08:15:19.481 0 0 I binder : 25909:25909 ioctl 40046210 7fd527db84 returned -22
01-01 08:15:19.483 0 0 I binder : 25909:25909 ioctl 40046210 7fd527dba4 returned -22
01-01 08:15:19.556 0 0 D : mv2112_read_status
01-01 08:15:19.557 0 0 D mv2112_update_link: 3.0x901(1G): 0x80
01-01 08:15:19.557 0 0 D mv2112_update_link: 3.0x8109(100M): 0x0
01-01 08:15:19.557 0 0 D mv2112_update_link: link 0x0
01-01 08:15:19.557 0 0 D mv2112_read_status: autoneg is disabled
01-01 08:15:20.487 0 0 E init : Control message: Could not find 'android.frameworks.sensorservice@1.0::ISensorManager/default' for ctl.interface_start from pid: 517 (/system/bin/hwservicemanager)
01-01 08:15:20.504 0 0 E init : Control message: Could not find 'android.frameworks.sensorservice@1.0::ISensorManager/default' for ctl.interface_start from pid: 517 (/system/bin/hwservicemanager)
01-01 08:15:20.580 0 0 D : mv2112_read_status
01-01 08:15:20.581 0 0 D mv2112_update_link: 3.0x901(1G): 0x80
01-01 08:15:20.581 0 0 D mv2112_update_link: 3.0x8109(100M): 0x0
01-01 08:15:20.581 0 0 D mv2112_update_link: link 0x0
01-01 08:15:20.581 0 0 D mv2112_read_status: autoneg is disabled
01-01 08:15:20.874 0 0 I init : starting service 'qvrd_vndr'...
01-01 08:15:20.875 0 0 I init : Created socket '/dev/socket/qvrservice_vndr', mode 660, user 1000, group 1000
01-01 08:15:20.875 0 0 I init : Created socket '/dev/socket/qvrservice_vndr_camera', mode 660, user 1000, group 1000
01-01 08:15:20.887 0 0 I init : starting service 'sxrd'...
01-01 08:15:20.897 0 0 I init : starting service 'vendor.audio-hal'...
01-01 08:15:20.892 25923 25923 F linker : CANNOT LINK EXECUTABLE "/vendor/bin/hw/qvrservice": library "vendor.qti.hardware.qxr-V1-ndk_platform.so" not found: needed by /vendor/lib64/libqvrservice.so in namespace (default)
01-01 08:15:20.897 25924 25924 F linker : CANNOT LINK EXECUTABLE "/vendor/bin/hw/sxrservice": library "vendor.qti.hardware.qxr-V1-ndk_platform.so" not found: needed by main executable
01-01 08:15:20.906 0 0 I init : Service 'qvrd_vndr' (pid 25923) exited with status 1
01-01 08:15:20.906 0 0 I init : Sending signal 9 to service 'qvrd_vndr' (pid 25923) process group...
01-01 08:15:20.907 0 0 I libprocessgroup: Successfully killed process cgroup uid 1000 pid 25923 in 0ms
01-01 08:15:21.284 0 0 I binder : 25932:25932 ioctl 40046210 7feeca5d04 returned -22
01-01 08:15:21.284 0 0 I binder : 25932:25932 ioctl 40046210 7feeca5d24 returned -22
01-01 08:15:21.604 0 0 D : mv2112_read_status
01-01 08:15:21.605 0 0 D mv2112_update_link: 3.0x901(1G): 0x80
01-01 08:15:21.605 0 0 D mv2112_update_link: 3.0x8109(100M): 0x0
01-01 08:15:21.605 0 0 D mv2112_update_link: link 0x0
01-01 08:15:21.605 0 0 D mv2112_read_status: autoneg is disabled
01-01 08:15:21.794 0 0 E : msm_qti_pp_get_rms_value_control, back not active to query rms be_idx:3
01-01 08:15:21.816 0 0 I core_get_license_status: cmdrsp_license_result.result = 0x15 for module 0x131ff
01-01 08:15:21.817 0 0 E msm_ext_disp_update_audio_ops: Display not found (EXT_DISPLAY_TYPE_DP) ctld (0) stream (0)
01-01 08:15:21.827 0 0 E msm_ext_disp_update_audio_ops: Display not found (EXT_DISPLAY_TYPE_HDMI) ctld (0) stream (0)
01-01 08:15:21.837 0 0 E msm_ext_disp_update_audio_ops: Display not found (EXT_DISPLAY_TYPE_DP) ctld (0) stream (0)
01-01 08:15:21.846 0 0 E msm_ext_disp_update_audio_ops: Display not found (EXT_DISPLAY_TYPE_DP) ctld (0) stream (0)
01-01 08:15:21.857 0 0 E msm_ext_disp_update_audio_ops: Display not found (EXT_DISPLAY_TYPE_DP) ctld (0) stream (0)
01-01 08:15:21.867 0 0 E msm-ext-disp-audio-codec-rx soc: qcom,msm-ext-disp:qcom,msm-ext-disp-audio-codec-rx: msm_ext_disp_audio_type_get: get_audio_edid_blk() or get_intf_id is NULL
01-01 08:15:21.883 0 0 E msm_ext_disp_update_audio_ops: Display not found (EXT_DISPLAY_TYPE_DP) ctld (0) stream (0)
01-01 08:15:21.893 0 0 E msm-ext-disp-audio-codec-rx soc: qcom,msm-ext-disp:qcom,msm-ext-disp-audio-codec-rx: msm_ext_disp_audio_type_get: get_audio_edid_blk() or get_intf_id is NULL
01-01 08:15:21.909 0 0 E msm_ext_disp_update_audio_ops: Display not found (EXT_DISPLAY_TYPE_DP) ctld (0) stream (0)
01-01 08:15:21.918 0 0 E msm-ext-disp-audio-codec-rx soc: qcom,msm-ext-disp:qcom,msm-ext-disp-audio-codec-rx: msm_ext_disp_audio_type_get: get_audio_edid_blk() or get_intf_id is NULL
01-01 08:15:21.935 0 0 E msm-ext-disp-audio-codec-rx soc: qcom,msm-ext-disp:qcom,msm-ext-disp-audio-codec-rx: msm_ext_disp_audio_device_get: invalid dai id: 4
01-01 08:15:21.999 0 0 E : msm_pcm_volume_ctl_get substream not found
01-01 08:15:22.300 0 0 E : msm_qti_pp_get_rms_value_control, back not active to query rms be_idx:3
01-01 08:15:22.320 0 0 I core_get_license_status: cmdrsp_license_result.result = 0x15 for module 0x131ff
01-01 08:15:22.320 0 0 E msm_ext_disp_update_audio_ops: Display not found (EXT_DISPLAY_TYPE_DP) ctld (0) stream (0)
01-01 08:15:22.330 0 0 E msm_ext_disp_update_audio_ops: Display not found (EXT_DISPLAY_TYPE_HDMI) ctld (0) stream (0)
01-01 08:15:22.340 0 0 E msm_ext_disp_update_audio_ops: Display not found (EXT_DISPLAY_TYPE_DP) ctld (0) stream (0)
01-01 08:15:22.350 0 0 E msm_ext_disp_update_audio_ops: Display not found (EXT_DISPLAY_TYPE_DP) ctld (0) stream (0)
01-01 08:15:22.360 0 0 E msm_ext_disp_update_audio_ops: Display not found (EXT_DISPLAY_TYPE_DP) ctld (0) stream (0)
01-01 08:15:22.370 0 0 E msm-ext-disp-audio-codec-rx soc: qcom,msm-ext-disp:qcom,msm-ext-disp-audio-codec-rx: msm_ext_disp_audio_type_get: get_audio_edid_blk() or get_intf_id is NULL
01-01 08:15:22.386 0 0 E msm_ext_disp_update_audio_ops: Display not found (EXT_DISPLAY_TYPE_DP) ctld (0) stream (0)
01-01 08:15:22.396 0 0 E msm-ext-disp-audio-codec-rx soc: qcom,msm-ext-disp:qcom,msm-ext-disp-audio-codec-rx: msm_ext_disp_audio_type_get: get_audio_edid_blk() or get_intf_id is NULL
01-01 08:15:22.412 0 0 E msm_ext_disp_update_audio_ops: Display not found (EXT_DISPLAY_TYPE_DP) ctld (0) stream (0)
01-01 08:15:22.421 0 0 E msm-ext-disp-audio-codec-rx soc: qcom,msm-ext-disp:qcom,msm-ext-disp-audio-codec-rx: msm_ext_disp_audio_type_get: get_audio_edid_blk() or get_intf_id is NULL
01-01 08:15:22.438 0 0 E msm-ext-disp-audio-codec-rx soc: qcom,msm-ext-disp:qcom,msm-ext-disp-audio-codec-rx: msm_ext_disp_audio_device_get: invalid dai id: 4
01-01 08:15:22.473 0 0 I binder : 25958:25958 ioctl 40046210 7ffaa7d4b4 returned -22
01-01 08:15:22.497 0 0 E : msm_pcm_volume_ctl_get substream not found
01-01 08:15:22.628 0 0 D : mv2112_read_status
01-01 08:15:22.629 0 0 D mv2112_update_link: 3.0x901(1G): 0x80
01-01 08:15:22.629 0 0 D mv2112_update_link: 3.0x8109(100M): 0x0
01-01 08:15:22.629 0 0 D mv2112_update_link: link 0x0
01-01 08:15:22.629 0 0 D mv2112_read_status: autoneg is disabled
01-01 08:15:22.641 0 0 I binder : 25964:25964 ioctl 40046210 7fe2aae434 returned -22
01-01 08:15:22.644 0 0 I binder : 25964:25964 ioctl 40046210 7fe2aae644 returned -22
01-01 08:15:22.791 0 0 I binder : 25958:25958 ioctl 40046210 7ffaa7cbb4 returned -22
01-01 08:15:22.965 25958 25958 E AndroidRuntime: *** FATAL EXCEPTION IN SYSTEM PROCESS: main
01-01 08:15:22.965 25958 25958 E AndroidRuntime: java.lang.NullPointerException: Attempt to read from field 'java.lang.String com.android.server.pm.Settings$VersionInfo.fingerprint' on a null object reference
01-01 08:15:22.965 25958 25958 E AndroidRuntime: at com.android.server.pm.PackageManagerService.(PackageManagerService.java:7608)
01-01 08:15:22.965 25958 25958 E AndroidRuntime: at com.android.server.pm.PackageManagerService.main(PackageManagerService.java:7116)
01-01 08:15:22.965 25958 25958 E AndroidRuntime: at com.android.server.SystemServer.startBootstrapServices(SystemServer.java:1168)
01-01 08:15:22.965 25958 25958 E AndroidRuntime: at com.android.server.SystemServer.run(SystemServer.java:882)
01-01 08:15:22.965 25958 25958 E AndroidRuntime: at com.android.server.SystemServer.main(SystemServer.java:615)
01-01 08:15:22.965 25958 25958 E AndroidRuntime: at java.lang.reflect.Method.invoke(Native Method)
01-01 08:15:22.965 25958 25958 E AndroidRuntime: at com.android.internal.os.RuntimeInit$MethodAndArgsCaller.run(RuntimeInit.java:548)
01-01 08:15:22.965 25958 25958 E AndroidRuntime: at com.android.internal.os.ZygoteInit.main(ZygoteInit.java:987)
01-01 08:15:22.965 25958 25958 E AndroidRuntime: Error reporting crash
01-01 08:15:22.965 25958 25958 E AndroidRuntime: java.lang.NullPointerException: Attempt to invoke interface method 'void android.app.IActivityManager.handleApplicationCrash(android.os.IBinder, android.app.ApplicationErrorReport$ParcelableCrashInfo)' on a null object reference
01-01 08:15:22.965 25958 25958 E AndroidRuntime: at com.android.internal.os.RuntimeInit$KillApplicationHandler.uncaughtException(RuntimeInit.java:156)
01-01 08:15:22.965 25958 25958 E AndroidRuntime: at java.lang.ThreadGroup.uncaughtException(ThreadGroup.java:1073)
01-01 08:15:22.965 25958 25958 E AndroidRuntime: at java.lang.ThreadGroup.uncaughtException(ThreadGroup.java:1068)
01-01 08:15:22.965 25958 25958 E AndroidRuntime: at java.lang.Thread.dispatchUncaughtException(Thread.java:2200)
01-01 08:15:23.115 0 0 I binder : 26035:26035 ioctl 40046210 7fe3ae4ba4 returned -22
01-01 08:15:23.115 0 0 D ProcessState: Binder ioctl to enable oneway spam detection failed: Invalid argument
01-01 08:15:23.117 0 0 D vdc : Waited 0ms for vold
01-01 08:15:23.652 0 0 D : mv2112_read_status
01-01 08:15:23.653 0 0 D mv2112_update_link: 3.0x901(1G): 0x80
01-01 08:15:23.653 0 0 D mv2112_update_link: 3.0x8109(100M): 0x0
01-01 08:15:23.653 0 0 D mv2112_update_link: link 0x0
01-01 08:15:23.653 0 0 D mv2112_read_status: autoneg is disabled
01-01 08:15:23.937 0 0 I binder : 26043:26043 ioctl 40046210 7fe3cc0d64 returned -22
01-01 08:15:23.939 0 0 I binder : 26043:26043 ioctl 40046210 7fe3cc0ce4 returned -22
01-01 08:15:24.121 0 0 I binder : 26042:26042 ioctl 40046210 ffdf6988 returned -22
01-01 08:15:24.123 0 0 I binder : 26042:26042 ioctl 40046210 ffdf6970 returned -22
01-01 08:15:24.497 0 0 I binder : 26041:26041 ioctl 40046210 7fe4e91604 returned -22
01-01 08:15:24.499 0 0 I binder : 26041:26041 ioctl 40046210 7fe4e91624 returned -22
01-01 08:15:24.676 0 0 D : mv2112_read_status
01-01 08:15:24.677 0 0 D mv2112_update_link: 3.0x901(1G): 0x80
01-01 08:15:24.677 0 0 D mv2112_update_link: 3.0x8109(100M): 0x0
01-01 08:15:24.677 0 0 D mv2112_update_link: link 0x0
01-01 08:15:24.677 0 0 D mv2112_read_status: autoneg is disabled
01-01 08:15:25.493 0 0 E init : Control message: Could not find 'android.frameworks.sensorservice@1.0::ISensorManager/default' for ctl.interface_start from pid: 517 (/system/bin/hwservicemanager)
01-01 08:15:25.511 0 0 E init : Control message: Could not find 'android.frameworks.sensorservice@1.0::ISensorManager/default' for ctl.interface_start from pid: 517 (/system/bin/hwservicemanager)
01-01 08:15:25.700 0 0 D : mv2112_read_status
01-01 08:15:25.701 0 0 D mv2112_update_link: 3.0x901(1G): 0x80
01-01 08:15:25.701 0 0 D mv2112_update_link: 3.0x8109(100M): 0x0
01-01 08:15:25.701 0 0 D mv2112_update_link: link 0x0
01-01 08:15:25.701 0 0 D mv2112_read_status: autoneg is disabled
01-01 08:15:25.884 0 0 I init : starting service 'qvrd_vndr'...
01-01 08:15:25.884 0 0 I init : Created socket '/dev/socket/qvrservice_vndr', mode 660, user 1000, group 1000
01-01 08:15:25.885 0 0 I init : Created socket '/dev/socket/qvrservice_vndr_camera', mode 660, user 1000, group 1000
01-01 08:15:25.894 0 0 I init : starting service 'sxrd'...
01-01 08:15:25.904 0 0 I init : starting service 'vendor.audio-hal'...
01-01 08:15:25.901 26055 26055 F linker : CANNOT LINK EXECUTABLE "/vendor/bin/hw/qvrservice": library "vendor.qti.hardware.qxr-V1-ndk_platform.so" not found: needed by /vendor/lib64/libqvrservice.so in namespace (default)
01-01 08:15:25.912 0 0 I init : Service 'qvrd_vndr' (pid 26055) exited with status 1
01-01 08:15:25.912 0 0 I init : Sending signal 9 to service 'qvrd_vndr' (pid 26055) process group...
01-01 08:15:25.913 0 0 I libprocessgroup: Successfully killed process cgroup uid 1000 pid 26055 in 0ms
01-01 08:15:25.904 26056 26056 F linker : CANNOT LINK EXECUTABLE "/vendor/bin/hw/sxrservice": library "vendor.qti.hardware.qxr-V1-ndk_platform.so" not found: needed by main executable
01-01 08:15:26.298 0 0 I binder : 26064:26064 ioctl 40046210 7feb9f9674 returned -22
01-01 08:15:26.298 0 0 I binder : 26064:26064 ioctl 40046210 7feb9f9694 returned -22
01-01 08:15:26.724 0 0 D : mv2112_read_status
01-01 08:15:26.725 0 0 D mv2112_update_link: 3.0x901(1G): 0x80
01-01 08:15:26.725 0 0 D mv2112_update_link: 3.0x8109(100M): 0x0
01-01 08:15:26.725 0 0 D mv2112_update_link: link 0x0
01-01 08:15:26.725 0 0 D mv2112_read_status: autoneg is disabled
01-01 08:15:26.822 0 0 E : msm_qti_pp_get_rms_value_control, back not active to query rms be_idx:3
01-01 08:15:26.843 0 0 I core_get_license_status: cmdrsp_license_result.result = 0x15 for module 0x131ff
01-01 08:15:26.844 0 0 E msm_ext_disp_update_audio_ops: Display not found (EXT_DISPLAY_TYPE_DP) ctld (0) stream (0)
01-01 08:15:26.854 0 0 E msm_ext_disp_update_audio_ops: Display not found (EXT_DISPLAY_TYPE_HDMI) ctld (0) stream (0)
01-01 08:15:26.864 0 0 E msm_ext_disp_update_audio_ops: Display not found (EXT_DISPLAY_TYPE_DP) ctld (0) stream (0)
01-01 08:15:26.874 0 0 E msm_ext_disp_update_audio_ops: Display not found (EXT_DISPLAY_TYPE_DP) ctld (0) stream (0)
01-01 08:15:26.884 0 0 E msm_ext_disp_update_audio_ops: Display not found (EXT_DISPLAY_TYPE_DP) ctld (0) stream (0)
01-01 08:15:26.894 0 0 E msm-ext-disp-audio-codec-rx soc: qcom,msm-ext-disp:qcom,msm-ext-disp-audio-codec-rx: msm_ext_disp_audio_type_get: get_audio_edid_blk() or get_intf_id is NULL
01-01 08:15:26.909 0 0 E msm_ext_disp_update_audio_ops: Display not found (EXT_DISPLAY_TYPE_DP) ctld (0) stream (0)
01-01 08:15:26.919 0 0 E msm-ext-disp-audio-codec-rx soc: qcom,msm-ext-disp:qcom,msm-ext-disp-audio-codec-rx: msm_ext_disp_audio_type_get: get_audio_edid_blk() or get_intf_id is NULL
01-01 08:15:26.935 0 0 E msm_ext_disp_update_audio_ops: Display not found (EXT_DISPLAY_TYPE_DP) ctld (0) stream (0)
01-01 08:15:26.944 0 0 E msm-ext-disp-audio-codec-rx soc: qcom,msm-ext-disp:qcom,msm-ext-disp-audio-codec-rx: msm_ext_disp_audio_type_get: get_audio_edid_blk() or get_intf_id is NULL
01-01 08:15:26.961 0 0 E msm-ext-disp-audio-codec-rx soc: qcom,msm-ext-disp:qcom,msm-ext-disp-audio-codec-rx: msm_ext_disp_audio_device_get: invalid dai id: 4
01-01 08:15:27.023 0 0 E : msm_pcm_volume_ctl_get substream not found
01-01 08:15:27.386 0 0 E : msm_qti_pp_get_rms_value_control, back not active to query rms be_idx:3
01-01 08:15:27.407 0 0 I core_get_license_status: cmdrsp_license_result.result = 0x15 for module 0x131ff
01-01 08:15:27.408 0 0 E msm_ext_disp_update_audio_ops: Display not found (EXT_DISPLAY_TYPE_DP) ctld (0) stream (0)
01-01 08:15:27.417 0 0 E msm_ext_disp_update_audio_ops: Display not found (EXT_DISPLAY_TYPE_HDMI) ctld (0) stream (0)
01-01 08:15:27.427 0 0 E msm_ext_disp_update_audio_ops: Display not found (EXT_DISPLAY_TYPE_DP) ctld (0) stream (0)
01-01 08:15:27.437 0 0 E msm_ext_disp_update_audio_ops: Display not found (EXT_DISPLAY_TYPE_DP) ctld (0) stream (0)
01-01 08:15:27.445 0 0 I binder : 26090:26090 ioctl 40046210 7fe8158054 returned -22
01-01 08:15:27.448 0 0 E msm_ext_disp_update_audio_ops: Display not found (EXT_DISPLAY_TYPE_DP) ctld (0) stream (0)
01-01 08:15:27.457 0 0 E msm-ext-disp-audio-codec-rx soc: qcom,msm-ext-disp:qcom,msm-ext-disp-audio-codec-rx: msm_ext_disp_audio_type_get: get_audio_edid_blk() or get_intf_id is NULL
01-01 08:15:27.474 0 0 E msm_ext_disp_update_audio_ops: Display not found (EXT_DISPLAY_TYPE_DP) ctld (0) stream (0)
01-01 08:15:27.483 0 0 E msm-ext-disp-audio-codec-rx soc: qcom,msm-ext-disp:qcom,msm-ext-disp-audio-codec-rx: msm_ext_disp_audio_type_get: get_audio_edid_blk() or get_intf_id is NULL
01-01 08:15:27.499 0 0 E msm_ext_disp_update_audio_ops: Display not found (EXT_DISPLAY_TYPE_DP) ctld (0) stream (0)
01-01 08:15:27.509 0 0 E msm-ext-disp-audio-codec-rx soc: qcom,msm-ext-disp:qcom,msm-ext-disp-audio-codec-rx: msm_ext_disp_audio_type_get: get_audio_edid_blk() or get_intf_id is NULL
01-01 08:15:27.527 0 0 E msm-ext-disp-audio-codec-rx soc: qcom,msm-ext-disp:qcom,msm-ext-disp-audio-codec-rx: msm_ext_disp_audio_device_get: invalid dai id: 4
01-01 08:15:27.599 0 0 E : msm_pcm_volume_ctl_get substream not found
01-01 08:15:27.669 0 0 I binder : 26106:26106 ioctl 40046210 7fffecf4d4 returned -22
01-01 08:15:27.675 0 0 I binder : 26106:26106 ioctl 40046210 7fffecf6e4 returned -22
01-01 08:15:27.748 0 0 D : mv2112_read_status
01-01 08:15:27.749 0 0 D mv2112_update_link: 3.0x901(1G): 0x80
01-01 08:15:27.749 0 0 D mv2112_update_link: 3.0x8109(100M): 0x0
01-01 08:15:27.749 0 0 D mv2112_update_link: link 0x0
01-01 08:15:27.749 0 0 D mv2112_read_status: autoneg is disabled
01-01 08:15:27.753 0 0 I binder : 26090:26090 ioctl 40046210 7fe8157754 returned -22
01-01 08:15:27.924 26090 26090 E AndroidRuntime: *** FATAL EXCEPTION IN SYSTEM PROCESS: main
01-01 08:15:27.924 26090 26090 E AndroidRuntime: java.lang.NullPointerException: Attempt to read from field 'java.lang.String com.android.server.pm.Settings$VersionInfo.fingerprint' on a null object reference
01-01 08:15:27.924 26090 26090 E AndroidRuntime: at com.android.server.pm.PackageManagerService.(PackageManagerService.java:7608)
01-01 08:15:27.924 26090 26090 E AndroidRuntime: at com.android.server.pm.PackageManagerService.main(PackageManagerService.java:7116)
01-01 08:15:27.924 26090 26090 E AndroidRuntime: at com.android.server.SystemServer.startBootstrapServices(SystemServer.java:1168)
01-01 08:15:27.924 26090 26090 E AndroidRuntime: at com.android.server.SystemServer.run(SystemServer.java:882)
01-01 08:15:27.924 26090 26090 E AndroidRuntime: at com.android.server.SystemServer.main(SystemServer.java:615)
01-01 08:15:27.924 26090 26090 E AndroidRuntime: at java.lang.reflect.Method.invoke(Native Method)
01-01 08:15:27.924 26090 26090 E AndroidRuntime: at com.android.internal.os.RuntimeInit$MethodAndArgsCaller.run(RuntimeInit.java:548)
01-01 08:15:27.924 26090 26090 E AndroidRuntime: at com.android.internal.os.ZygoteInit.main(ZygoteInit.java:987)
01-01 08:15:27.924 26090 26090 E AndroidRuntime: Error reporting crash
01-01 08:15:27.924 26090 26090 E AndroidRuntime: java.lang.NullPointerException: Attempt to invoke interface method 'void android.app.IActivityManager.handleApplicationCrash(android.os.IBinder, android.app.ApplicationErrorReport$ParcelableCrashInfo)' on a null object reference
01-01 08:15:27.924 26090 26090 E AndroidRuntime: at com.android.internal.os.RuntimeInit$KillApplicationHandler.uncaughtException(RuntimeInit.java:156)
01-01 08:15:27.924 26090 26090 E AndroidRuntime: at java.lang.ThreadGroup.uncaughtException(ThreadGroup.java:1073)
01-01 08:15:27.924 26090 26090 E AndroidRuntime: at java.lang.ThreadGroup.uncaughtException(ThreadGroup.java:1068)
01-01 08:15:27.924 26090 26090 E AndroidRuntime: at java.lang.Thread.dispatchUncaughtException(Thread.java:2200)
01-01 08:15:28.075 0 0 I binder : undelivered TRANSACTION_COMPLETE
01-01 08:15:28.075 0 0 I binder : undelivered transaction 370746, process died.
01-01 08:15:28.079 0 0 I binder : 26164:26164 ioctl 40046210 7fecb9fd14 returned -22
01-01 08:15:28.079 0 0 D ProcessState: Binder ioctl to enable oneway spam detection failed: Invalid argument
01-01 08:15:28.080 0 0 D vdc : Waited 0ms for vold
01-01 08:15:28.772 0 0 D : mv2112_read_status
01-01 08:15:28.773 0 0 D mv2112_update_link: 3.0x901(1G): 0x80
01-01 08:15:28.773 0 0 D mv2112_update_link: 3.0x8109(100M): 0x0
01-01 08:15:28.773 0 0 D mv2112_update_link: link 0x0
01-01 08:15:28.773 0 0 D mv2112_read_status: autoneg is disabled
01-01 08:15:28.946 0 0 I binder : 26169:26169 ioctl 40046210 7fc46e0cc4 returned -22
01-01 08:15:28.947 0 0 I binder : 26169:26169 ioctl 40046210 7fc46e0c44 returned -22
01-01 08:15:29.135 0 0 I binder : 26168:26168 ioctl 40046210 ffd03798 returned -22
01-01 08:15:29.138 0 0 I binder : 26168:26168 ioctl 40046210 ffd03780 returned -22
01-01 08:15:29.506 0 0 I binder : 26167:26167 ioctl 40046210 7fe3ee2924 returned -22
01-01 08:15:29.508 0 0 I binder : 26167:26167 ioctl 40046210 7fe3ee2944 returned -22
01-01 08:15:29.796 0 0 D : mv2112_read_status
01-01 08:15:29.797 0 0 D mv2112_update_link: 3.0x901(1G): 0x80
01-01 08:15:29.797 0 0 D mv2112_update_link: 3.0x8109(100M): 0x0
01-01 08:15:29.797 0 0 D mv2112_update_link: link 0x0
01-01 08:15:29.797 0 0 D mv2112_read_status: autoneg is disabled
01-01 08:15:30.500 0 0 E init : Control message: Could not find 'android.frameworks.sensorservice@1.0::ISensorManager/default' for ctl.interface_start from pid: 517 (/system/bin/hwservicemanager)
01-01 08:15:30.517 0 0 E init : Control message: Could not find 'android.frameworks.sensorservice@1.0::ISensorManager/default' for ctl.interface_start from pid: 517 (/system/bin/hwservicemanager)
01-01 08:15:30.820 0 0 D : mv2112_read_status
01-01 08:15:30.821 0 0 D mv2112_update_link: 3.0x901(1G): 0x80
01-01 08:15:30.821 0 0 D mv2112_update_link: 3.0x8109(100M): 0x0
01-01 08:15:30.821 0 0 D mv2112_update_link: link 0x0
01-01 08:15:30.821 0 0 D mv2112_read_status: autoneg is disabled
01-01 08:15:30.891 0 0 I init : starting service 'qvrd_vndr'...
01-01 08:15:30.892 0 0 I init : Created socket '/dev/socket/qvrservice_vndr', mode 660, user 1000, group 1000
01-01 08:15:30.893 0 0 I init : Created socket '/dev/socket/qvrservice_vndr_camera', mode 660, user 1000, group 1000
01-01 08:15:30.903 0 0 I init : starting service 'sxrd'...
01-01 08:15:30.912 0 0 I init : starting service 'vendor.audio-hal'...
01-01 08:15:30.909 26181 26181 F linker : CANNOT LINK EXECUTABLE "/vendor/bin/hw/qvrservice": library "vendor.qti.hardware.qxr-V1-ndk_platform.so" not found: needed by /vendor/lib64/libqvrservice.so in namespace (default)
01-01 08:15:30.912 26182 26182 F linker : CANNOT LINK EXECUTABLE "/vendor/bin/hw/sxrservice": library "vendor.qti.hardware.qxr-V1-ndk_platform.so" not found: needed by main executable
01-01 08:15:30.921 0 0 I init : Service 'qvrd_vndr' (pid 26181) exited with status 1
01-01 08:15:30.921 0 0 I init : Sending signal 9 to service 'qvrd_vndr' (pid 26181) process group...
01-01 08:15:30.921 0 0 I libprocessgroup: Successfully killed process cgroup uid 1000 pid 26181 in 0ms
01-01 08:15:31.322 0 0 I binder : 26190:26190 ioctl 40046210 7fcfc976a4 returned -22
01-01 08:15:31.322 0 0 I binder : 26190:26190 ioctl 40046210 7fcfc976c4 returned -22
01-01 08:15:31.783 0 0 E : msm_qti_pp_get_rms_value_control, back not active to query rms be_idx:3
01-01 08:15:31.804 0 0 I core_get_license_status: cmdrsp_license_result.result = 0x15 for module 0x131ff
01-01 08:15:31.805 0 0 E msm_ext_disp_update_audio_ops: Display not found (EXT_DISPLAY_TYPE_DP) ctld (0) stream (0)
01-01 08:15:31.815 0 0 E msm_ext_disp_update_audio_ops: Display not found (EXT_DISPLAY_TYPE_HDMI) ctld (0) stream (0)
01-01 08:15:31.825 0 0 E msm_ext_disp_update_audio_ops: Display not found (EXT_DISPLAY_TYPE_DP) ctld (0) stream (0)
01-01 08:15:31.834 0 0 E msm_ext_disp_update_audio_ops: Display not found (EXT_DISPLAY_TYPE_DP) ctld (0) stream (0)
01-01 08:15:31.844 0 0 D : mv2112_read_status
01-01 08:15:31.845 0 0 D mv2112_update_link: 3.0x901(1G): 0x80
01-01 08:15:31.845 0 0 E msm_ext_disp_update_audio_ops: Display not found (EXT_DISPLAY_TYPE_DP) ctld (0) stream (0)
01-01 08:15:31.845 0 0 D mv2112_update_link: 3.0x8109(100M): 0x0
01-01 08:15:31.854 0 0 E msm-ext-disp-audio-codec-rx soc: qcom,msm-ext-disp:qcom,msm-ext-disp-audio-codec-rx: msm_ext_disp_audio_type_get: get_audio_edid_blk() or get_intf_id is NULL
01-01 08:15:31.855 0 0 E msm_ext_disp_update_audio_ops: Display not found (EXT_DISPLAY_TYPE_DP) ctld (0) stream (0)
01-01 08:15:31.870 0 0 D mv2112_update_link: link 0x0
01-01 08:15:31.870 0 0 D mv2112_read_status: autoneg is disabled
01-01 08:15:31.879 0 0 E msm-ext-disp-audio-codec-rx soc: qcom,msm-ext-disp:qcom,msm-ext-disp-audio-codec-rx: msm_ext_disp_audio_type_get: get_audio_edid_blk() or get_intf_id is NULL
01-01 08:15:31.895 0 0 E msm_ext_disp_update_audio_ops: Display not found (EXT_DISPLAY_TYPE_DP) ctld (0) stream (0)
01-01 08:15:31.905 0 0 E msm-ext-disp-audio-codec-rx soc: qcom,msm-ext-disp:qcom,msm-ext-disp-audio-codec-rx: msm_ext_disp_audio_type_get: get_audio_edid_blk() or get_intf_id is NULL
01-01 08:15:31.923 0 0 E msm-ext-disp-audio-codec-rx soc: qcom,msm-ext-disp:qcom,msm-ext-disp-audio-codec-rx: msm_ext_disp_audio_device_get: invalid dai id: 4
01-01 08:15:31.992 0 0 E : msm_pcm_volume_ctl_get substream not found
01-01 08:15:32.336 0 0 E : msm_qti_pp_get_rms_value_control, back not active to query rms be_idx:3
01-01 08:15:32.356 0 0 I core_get_license_status: cmdrsp_license_result.result = 0x15 for module 0x131ff
01-01 08:15:32.357 0 0 E msm_ext_disp_update_audio_ops: Display not found (EXT_DISPLAY_TYPE_DP) ctld (0) stream (0)
01-01 08:15:32.367 0 0 E msm_ext_disp_update_audio_ops: Display not found (EXT_DISPLAY_TYPE_HDMI) ctld (0) stream (0)
01-01 08:15:32.377 0 0 E msm_ext_disp_update_audio_ops: Display not found (EXT_DISPLAY_TYPE_DP) ctld (0) stream (0)
01-01 08:15:32.387 0 0 E msm_ext_disp_update_audio_ops: Display not found (EXT_DISPLAY_TYPE_DP) ctld (0) stream (0)
01-01 08:15:32.397 0 0 E msm_ext_disp_update_audio_ops: Display not found (EXT_DISPLAY_TYPE_DP) ctld (0) stream (0)
01-01 08:15:32.407 0 0 E msm-ext-disp-audio-codec-rx soc: qcom,msm-ext-disp:qcom,msm-ext-disp-audio-codec-rx: msm_ext_disp_audio_type_get: get_audio_edid_blk() or get_intf_id is NULL
01-01 08:15:32.423 0 0 E msm_ext_disp_update_audio_ops: Display not found (EXT_DISPLAY_TYPE_DP) ctld (0) stream (0)
01-01 08:15:32.433 0 0 E msm-ext-disp-audio-codec-rx soc: qcom,msm-ext-disp:qcom,msm-ext-disp-audio-codec-rx: msm_ext_disp_audio_type_get: get_audio_edid_blk() or get_intf_id is NULL
01-01 08:15:32.449 0 0 E msm_ext_disp_update_audio_ops: Display not found (EXT_DISPLAY_TYPE_DP) ctld (0) stream (0)
01-01 08:15:32.458 0 0 E msm-ext-disp-audio-codec-rx soc: qcom,msm-ext-disp:qcom,msm-ext-disp-audio-codec-rx: msm_ext_disp_audio_type_get: get_audio_edid_blk() or get_intf_id is NULL
01-01 08:15:32.475 0 0 E msm-ext-disp-audio-codec-rx soc: qcom,msm-ext-disp:qcom,msm-ext-disp-audio-codec-rx: msm_ext_disp_audio_device_get: invalid dai id: 4
01-01 08:15:32.535 0 0 E : msm_pcm_volume_ctl_get substream not found
01-01 08:15:32.562 0 0 I binder : 26216:26216 ioctl 40046210 7fdf46fc54 returned -22
01-01 08:15:32.642 0 0 I binder : 26222:26222 ioctl 40046210 7ff0afdf04 returned -22
01-01 08:15:32.648 0 0 I binder : 26222:26222 ioctl 40046210 7ff0afe114 returned -22
01-01 08:15:32.868 0 0 D : mv2112_read_status
01-01 08:15:32.869 0 0 D mv2112_update_link: 3.0x901(1G): 0x80
01-01 08:15:32.869 0 0 D mv2112_update_link: 3.0x8109(100M): 0x0
01-01 08:15:32.869 0 0 D mv2112_update_link: link 0x0
01-01 08:15:32.869 0 0 D mv2112_read_status: autoneg is disabled
01-01 08:15:32.875 0 0 I binder : 26216:26216 ioctl 40046210 7fdf46f354 returned -22
01-01 08:15:33.059 26216 26216 E AndroidRuntime: *** FATAL EXCEPTION IN SYSTEM PROCESS: main
01-01 08:15:33.059 26216 26216 E AndroidRuntime: java.lang.NullPointerException: Attempt to read from field 'java.lang.String com.android.server.pm.Settings$VersionInfo.fingerprint' on a null object reference
01-01 08:15:33.059 26216 26216 E AndroidRuntime: at com.android.server.pm.PackageManagerService.(PackageManagerService.java:7608)
01-01 08:15:33.059 26216 26216 E AndroidRuntime: at com.android.server.pm.PackageManagerService.main(PackageManagerService.java:7116)
01-01 08:15:33.059 26216 26216 E AndroidRuntime: at com.android.server.SystemServer.startBootstrapServices(SystemServer.java:1168)
01-01 08:15:33.059 26216 26216 E AndroidRuntime: at com.android.server.SystemServer.run(SystemServer.java:882)
01-01 08:15:33.059 26216 26216 E AndroidRuntime: at com.android.server.SystemServer.main(SystemServer.java:615)
01-01 08:15:33.059 26216 26216 E AndroidRuntime: at java.lang.reflect.Method.invoke(Native Method)
01-01 08:15:33.059 26216 26216 E AndroidRuntime: at com.android.internal.os.RuntimeInit$MethodAndArgsCaller.run(RuntimeInit.java:548)
01-01 08:15:33.059 26216 26216 E AndroidRuntime: at com.android.internal.os.ZygoteInit.main(ZygoteInit.java:987)
01-01 08:15:33.060 26216 26216 E AndroidRuntime: Error reporting crash
01-01 08:15:33.060 26216 26216 E AndroidRuntime: java.lang.NullPointerException: Attempt to invoke interface method 'void android.app.IActivityManager.handleApplicationCrash(android.os.IBinder, android.app.ApplicationErrorReport$ParcelableCrashInfo)' on a null object reference
01-01 08:15:33.060 26216 26216 E AndroidRuntime: at com.android.internal.os.RuntimeInit$KillApplicationHandler.uncaughtException(RuntimeInit.java:156)
01-01 08:15:33.060 26216 26216 E AndroidRuntime: at java.lang.ThreadGroup.uncaughtException(ThreadGroup.java:1073)
01-01 08:15:33.060 26216 26216 E AndroidRuntime: at java.lang.ThreadGroup.uncaughtException(ThreadGroup.java:1068)
01-01 08:15:33.060 26216 26216 E AndroidRuntime: at java.lang.Thread.dispatchUncaughtException(Thread.java:2200)
01-01 08:15:33.211 0 0 I binder : 26304:26304 ioctl 40046210 7fd624a824 returned -22
01-01 08:15:33.211 0 0 D ProcessState: Binder ioctl to enable oneway spam detection failed: Invalid argument
01-01 08:15:33.212 0 0 D vdc : Waited 0ms for vold
01-01 08:15:33.892 0 0 D : mv2112_read_status
01-01 08:15:33.893 0 0 D mv2112_update_link: 3.0x901(1G): 0x80
01-01 08:15:33.893 0 0 D mv2112_update_link: 3.0x8109(100M): 0x0
01-01 08:15:33.893 0 0 D mv2112_update_link: link 0x0
