01-01 08:10:37.701 0 0 D mv2112_read_status: autoneg is disabled
01-01 08:10:38.271 0 0 I binder : 18089:18089 ioctl 40046210 7fd7d125c4 returned -22
01-01 08:10:38.273 0 0 I binder : 18089:18089 ioctl 40046210 7fd7d12544 returned -22
01-01 08:10:38.357 0 0 I binder : 18088:18088 ioctl 40046210 ffd51268 returned -22
01-01 08:10:38.360 0 0 I binder : 18088:18088 ioctl 40046210 ffd51250 returned -22
01-01 08:10:38.724 0 0 D : mv2112_read_status
01-01 08:10:38.725 0 0 D mv2112_update_link: 3.0x901(1G): 0x80
01-01 08:10:38.725 0 0 D mv2112_update_link: 3.0x8109(100M): 0x0
01-01 08:10:38.725 0 0 D mv2112_update_link: link 0x0
01-01 08:10:38.725 0 0 D mv2112_read_status: autoneg is disabled
01-01 08:10:38.726 0 0 I binder : 18087:18087 ioctl 40046210 7fc0dc1224 returned -22
01-01 08:10:38.729 0 0 I binder : 18087:18087 ioctl 40046210 7fc0dc1244 returned -22
01-01 08:10:39.748 0 0 D : mv2112_read_status
01-01 08:10:39.749 0 0 D mv2112_update_link: 3.0x901(1G): 0x80
01-01 08:10:39.749 0 0 D mv2112_update_link: 3.0x8109(100M): 0x0
01-01 08:10:39.749 0 0 D mv2112_update_link: link 0x0
01-01 08:10:39.749 0 0 D mv2112_read_status: autoneg is disabled
01-01 08:10:40.088 0 0 E init : Control message: Could not find 'android.frameworks.sensorservice@1.0::ISensorManager/default' for ctl.interface_start from pid: 517 (/system/bin/hwservicemanager)
01-01 08:10:40.108 0 0 E init : Control message: Could not find 'android.frameworks.sensorservice@1.0::ISensorManager/default' for ctl.interface_start from pid: 517 (/system/bin/hwservicemanager)
01-01 08:10:40.384 0 0 I init : starting service 'qvrd_vndr'...
01-01 08:10:40.385 0 0 I init : Created socket '/dev/socket/qvrservice_vndr', mode 660, user 1000, group 1000
01-01 08:10:40.385 0 0 I init : Created socket '/dev/socket/qvrservice_vndr_camera', mode 660, user 1000, group 1000
01-01 08:10:40.395 0 0 I init : starting service 'sxrd'...
01-01 08:10:40.404 0 0 I init : starting service 'vendor.audio-hal'...
01-01 08:10:40.401 18101 18101 F linker : CANNOT LINK EXECUTABLE "/vendor/bin/hw/qvrservice": library "vendor.qti.hardware.qxr-V1-ndk_platform.so" not found: needed by /vendor/lib64/libqvrservice.so in namespace (default)
01-01 08:10:40.405 18102 18102 F linker : CANNOT LINK EXECUTABLE "/vendor/bin/hw/sxrservice": library "vendor.qti.hardware.qxr-V1-ndk_platform.so" not found: needed by main executable
01-01 08:10:40.412 0 0 I init : Service 'qvrd_vndr' (pid 18101) exited with status 1
01-01 08:10:40.413 0 0 I init : Sending signal 9 to service 'qvrd_vndr' (pid 18101) process group...
01-01 08:10:40.413 0 0 I libprocessgroup: Successfully killed process cgroup uid 1000 pid 18101 in 0ms
01-01 08:10:40.766 0 0 I binder : 18110:18110 ioctl 40046210 7fdf632cb4 returned -22
01-01 08:10:40.766 0 0 I binder : 18110:18110 ioctl 40046210 7fdf632cd4 returned -22
01-01 08:10:40.772 0 0 D : mv2112_read_status
01-01 08:10:40.773 0 0 D mv2112_update_link: 3.0x901(1G): 0x80
01-01 08:10:40.773 0 0 D mv2112_update_link: 3.0x8109(100M): 0x0
01-01 08:10:40.773 0 0 D mv2112_update_link: link 0x0
01-01 08:10:40.773 0 0 D mv2112_read_status: autoneg is disabled
01-01 08:10:41.271 0 0 E : msm_qti_pp_get_rms_value_control, back not active to query rms be_idx:3
01-01 08:10:41.293 0 0 I core_get_license_status: cmdrsp_license_result.result = 0x15 for module 0x131ff
01-01 08:10:41.294 0 0 E msm_ext_disp_update_audio_ops: Display not found (EXT_DISPLAY_TYPE_DP) ctld (0) stream (0)
01-01 08:10:41.304 0 0 E msm_ext_disp_update_audio_ops: Display not found (EXT_DISPLAY_TYPE_HDMI) ctld (0) stream (0)
01-01 08:10:41.314 0 0 E msm_ext_disp_update_audio_ops: Display not found (EXT_DISPLAY_TYPE_DP) ctld (0) stream (0)
01-01 08:10:41.324 0 0 E msm_ext_disp_update_audio_ops: Display not found (EXT_DISPLAY_TYPE_DP) ctld (0) stream (0)
01-01 08:10:41.334 0 0 E msm_ext_disp_update_audio_ops: Display not found (EXT_DISPLAY_TYPE_DP) ctld (0) stream (0)
01-01 08:10:41.343 0 0 E msm-ext-disp-audio-codec-rx soc: qcom,msm-ext-disp:qcom,msm-ext-disp-audio-codec-rx: msm_ext_disp_audio_type_get: get_audio_edid_blk() or get_intf_id is NULL
01-01 08:10:41.360 0 0 E msm_ext_disp_update_audio_ops: Display not found (EXT_DISPLAY_TYPE_DP) ctld (0) stream (0)
01-01 08:10:41.369 0 0 E msm-ext-disp-audio-codec-rx soc: qcom,msm-ext-disp:qcom,msm-ext-disp-audio-codec-rx: msm_ext_disp_audio_type_get: get_audio_edid_blk() or get_intf_id is NULL
01-01 08:10:41.386 0 0 E msm_ext_disp_update_audio_ops: Display not found (EXT_DISPLAY_TYPE_DP) ctld (0) stream (0)
01-01 08:10:41.396 0 0 E msm-ext-disp-audio-codec-rx soc: qcom,msm-ext-disp:qcom,msm-ext-disp-audio-codec-rx: msm_ext_disp_audio_type_get: get_audio_edid_blk() or get_intf_id is NULL
01-01 08:10:41.414 0 0 E msm-ext-disp-audio-codec-rx soc: qcom,msm-ext-disp:qcom,msm-ext-disp-audio-codec-rx: msm_ext_disp_audio_device_get: invalid dai id: 4
01-01 08:10:41.479 0 0 E : msm_pcm_volume_ctl_get substream not found
01-01 08:10:41.796 0 0 D : mv2112_read_status
01-01 08:10:41.797 0 0 D mv2112_update_link: 3.0x901(1G): 0x80
01-01 08:10:41.797 0 0 D mv2112_update_link: 3.0x8109(100M): 0x0
01-01 08:10:41.797 0 0 D mv2112_update_link: link 0x0
01-01 08:10:41.797 0 0 D mv2112_read_status: autoneg is disabled
01-01 08:10:41.816 0 0 E : msm_qti_pp_get_rms_value_control, back not active to query rms be_idx:3
01-01 08:10:41.836 0 0 I core_get_license_status: cmdrsp_license_result.result = 0x15 for module 0x131ff
01-01 08:10:41.837 0 0 E msm_ext_disp_update_audio_ops: Display not found (EXT_DISPLAY_TYPE_DP) ctld (0) stream (0)
01-01 08:10:41.847 0 0 E msm_ext_disp_update_audio_ops: Display not found (EXT_DISPLAY_TYPE_HDMI) ctld (0) stream (0)
01-01 08:10:41.857 0 0 E msm_ext_disp_update_audio_ops: Display not found (EXT_DISPLAY_TYPE_DP) ctld (0) stream (0)
01-01 08:10:41.867 0 0 E msm_ext_disp_update_audio_ops: Display not found (EXT_DISPLAY_TYPE_DP) ctld (0) stream (0)
01-01 08:10:41.877 0 0 E msm_ext_disp_update_audio_ops: Display not found (EXT_DISPLAY_TYPE_DP) ctld (0) stream (0)
01-01 08:10:41.887 0 0 E msm-ext-disp-audio-codec-rx soc: qcom,msm-ext-disp:qcom,msm-ext-disp-audio-codec-rx: msm_ext_disp_audio_type_get: get_audio_edid_blk() or get_intf_id is NULL
01-01 08:10:41.903 0 0 E msm_ext_disp_update_audio_ops: Display not found (EXT_DISPLAY_TYPE_DP) ctld (0) stream (0)
01-01 08:10:41.913 0 0 E msm-ext-disp-audio-codec-rx soc: qcom,msm-ext-disp:qcom,msm-ext-disp-audio-codec-rx: msm_ext_disp_audio_type_get: get_audio_edid_blk() or get_intf_id is NULL
01-01 08:10:41.929 0 0 E msm_ext_disp_update_audio_ops: Display not found (EXT_DISPLAY_TYPE_DP) ctld (0) stream (0)
01-01 08:10:41.938 0 0 E msm-ext-disp-audio-codec-rx soc: qcom,msm-ext-disp:qcom,msm-ext-disp-audio-codec-rx: msm_ext_disp_audio_type_get: get_audio_edid_blk() or get_intf_id is NULL
01-01 08:10:41.955 0 0 E msm-ext-disp-audio-codec-rx soc: qcom,msm-ext-disp:qcom,msm-ext-disp-audio-codec-rx: msm_ext_disp_audio_device_get: invalid dai id: 4
01-01 08:10:41.983 0 0 I binder : 18135:18135 ioctl 40046210 7fc154f0a4 returned -22
01-01 08:10:41.986 0 0 I binder : 18135:18135 ioctl 40046210 7fc154f2b4 returned -22
01-01 08:10:42.013 0 0 E : msm_pcm_volume_ctl_get substream not found
01-01 08:10:42.033 0 0 I binder : 18141:18141 ioctl 40046210 7ffdbcaac4 returned -22
01-01 08:10:42.327 0 0 I binder : 18141:18141 ioctl 40046210 7ffdbca1c4 returned -22
01-01 08:10:42.508 18141 18141 E AndroidRuntime: *** FATAL EXCEPTION IN SYSTEM PROCESS: main
01-01 08:10:42.508 18141 18141 E AndroidRuntime: java.lang.NullPointerException: Attempt to read from field 'java.lang.String com.android.server.pm.Settings$VersionInfo.fingerprint' on a null object reference
01-01 08:10:42.508 18141 18141 E AndroidRuntime: at com.android.server.pm.PackageManagerService.(PackageManagerService.java:7608)
01-01 08:10:42.508 18141 18141 E AndroidRuntime: at com.android.server.pm.PackageManagerService.main(PackageManagerService.java:7116)
01-01 08:10:42.508 18141 18141 E AndroidRuntime: at com.android.server.SystemServer.startBootstrapServices(SystemServer.java:1168)
01-01 08:10:42.508 18141 18141 E AndroidRuntime: at com.android.server.SystemServer.run(SystemServer.java:882)
01-01 08:10:42.508 18141 18141 E AndroidRuntime: at com.android.server.SystemServer.main(SystemServer.java:615)
01-01 08:10:42.508 18141 18141 E AndroidRuntime: at java.lang.reflect.Method.invoke(Native Method)
01-01 08:10:42.508 18141 18141 E AndroidRuntime: at com.android.internal.os.RuntimeInit$MethodAndArgsCaller.run(RuntimeInit.java:548)
01-01 08:10:42.508 18141 18141 E AndroidRuntime: at com.android.internal.os.ZygoteInit.main(ZygoteInit.java:987)
01-01 08:10:42.509 18141 18141 E AndroidRuntime: Error reporting crash
01-01 08:10:42.509 18141 18141 E AndroidRuntime: java.lang.NullPointerException: Attempt to invoke interface method 'void android.app.IActivityManager.handleApplicationCrash(android.os.IBinder, android.app.ApplicationErrorReport$ParcelableCrashInfo)' on a null object reference
01-01 08:10:42.509 18141 18141 E AndroidRuntime: at com.android.internal.os.RuntimeInit$KillApplicationHandler.uncaughtException(RuntimeInit.java:156)
01-01 08:10:42.509 18141 18141 E AndroidRuntime: at java.lang.ThreadGroup.uncaughtException(ThreadGroup.java:1073)
01-01 08:10:42.509 18141 18141 E AndroidRuntime: at java.lang.ThreadGroup.uncaughtException(ThreadGroup.java:1068)
01-01 08:10:42.509 18141 18141 E AndroidRuntime: at java.lang.Thread.dispatchUncaughtException(Thread.java:2200)
01-01 08:10:42.666 0 0 I binder : 18223:18223 ioctl 40046210 7fd6566df4 returned -22
01-01 08:10:42.666 0 0 D ProcessState: Binder ioctl to enable oneway spam detection failed: Invalid argument
01-01 08:10:42.667 0 0 D vdc : Waited 0ms for vold
01-01 08:10:42.820 0 0 D : mv2112_read_status
01-01 08:10:42.821 0 0 D mv2112_update_link: 3.0x901(1G): 0x80
01-01 08:10:42.821 0 0 D mv2112_update_link: 3.0x8109(100M): 0x0
01-01 08:10:42.821 0 0 D mv2112_update_link: link 0x0
01-01 08:10:42.821 0 0 D mv2112_read_status: autoneg is disabled
01-01 08:10:43.281 0 0 I binder : 18230:18230 ioctl 40046210 7fc24d9134 returned -22
01-01 08:10:43.283 0 0 I binder : 18230:18230 ioctl 40046210 7fc24d90b4 returned -22
01-01 08:10:43.361 0 0 I binder : 18229:18229 ioctl 40046210 ffa71998 returned -22
01-01 08:10:43.363 0 0 I binder : 18229:18229 ioctl 40046210 ffa71980 returned -22
01-01 08:10:43.730 0 0 I binder : 18228:18228 ioctl 40046210 7fc0df1e44 returned -22
01-01 08:10:43.732 0 0 I binder : 18228:18228 ioctl 40046210 7fc0df1e64 returned -22
01-01 08:10:43.844 0 0 D : mv2112_read_status
01-01 08:10:43.845 0 0 D mv2112_update_link: 3.0x901(1G): 0x80
01-01 08:10:43.845 0 0 D mv2112_update_link: 3.0x8109(100M): 0x0
01-01 08:10:43.845 0 0 D mv2112_update_link: link 0x0
01-01 08:10:43.845 0 0 D mv2112_read_status: autoneg is disabled
01-01 08:10:44.868 0 0 D : mv2112_read_status
01-01 08:10:44.869 0 0 D mv2112_update_link: 3.0x901(1G): 0x80
01-01 08:10:44.869 0 0 D mv2112_update_link: 3.0x8109(100M): 0x0
01-01 08:10:44.869 0 0 D mv2112_update_link: link 0x0
01-01 08:10:44.869 0 0 D mv2112_read_status: autoneg is disabled
01-01 08:10:45.095 0 0 E init : Control message: Could not find 'android.frameworks.sensorservice@1.0::ISensorManager/default' for ctl.interface_start from pid: 517 (/system/bin/hwservicemanager)
01-01 08:10:45.113 0 0 E init : Control message: Could not find 'android.frameworks.sensorservice@1.0::ISensorManager/default' for ctl.interface_start from pid: 517 (/system/bin/hwservicemanager)
01-01 08:10:45.392 0 0 I init : starting service 'qvrd_vndr'...
01-01 08:10:45.393 0 0 I init : Created socket '/dev/socket/qvrservice_vndr', mode 660, user 1000, group 1000
01-01 08:10:45.393 0 0 I init : Created socket '/dev/socket/qvrservice_vndr_camera', mode 660, user 1000, group 1000
01-01 08:10:45.405 0 0 I init : starting service 'sxrd'...
01-01 08:10:45.414 0 0 I init : starting service 'vendor.audio-hal'...
01-01 08:10:45.411 18242 18242 F linker : CANNOT LINK EXECUTABLE "/vendor/bin/hw/qvrservice": library "vendor.qti.hardware.qxr-V1-ndk_platform.so" not found: needed by /vendor/lib64/libqvrservice.so in namespace (default)
01-01 08:10:45.415 18243 18243 F linker : CANNOT LINK EXECUTABLE "/vendor/bin/hw/sxrservice": library "vendor.qti.hardware.qxr-V1-ndk_platform.so" not found: needed by main executable
01-01 08:10:45.423 0 0 I init : Service 'qvrd_vndr' (pid 18242) exited with status 1
01-01 08:10:45.423 0 0 I init : Sending signal 9 to service 'qvrd_vndr' (pid 18242) process group...
01-01 08:10:45.423 0 0 I libprocessgroup: Successfully killed process cgroup uid 1000 pid 18242 in 0ms
01-01 08:10:45.825 0 0 I binder : 18251:18251 ioctl 40046210 7fe2153a24 returned -22
01-01 08:10:45.825 0 0 I binder : 18251:18251 ioctl 40046210 7fe2153a44 returned -22
01-01 08:10:45.892 0 0 D : mv2112_read_status
01-01 08:10:45.893 0 0 D mv2112_update_link: 3.0x901(1G): 0x80
01-01 08:10:45.893 0 0 D mv2112_update_link: 3.0x8109(100M): 0x0
01-01 08:10:45.893 0 0 D mv2112_update_link: link 0x0
01-01 08:10:45.893 0 0 D mv2112_read_status: autoneg is disabled
01-01 08:10:46.375 0 0 E : msm_qti_pp_get_rms_value_control, back not active to query rms be_idx:3
01-01 08:10:46.396 0 0 I core_get_license_status: cmdrsp_license_result.result = 0x15 for module 0x131ff
01-01 08:10:46.397 0 0 E msm_ext_disp_update_audio_ops: Display not found (EXT_DISPLAY_TYPE_DP) ctld (0) stream (0)
01-01 08:10:46.407 0 0 E msm_ext_disp_update_audio_ops: Display not found (EXT_DISPLAY_TYPE_HDMI) ctld (0) stream (0)
01-01 08:10:46.417 0 0 E msm_ext_disp_update_audio_ops: Display not found (EXT_DISPLAY_TYPE_DP) ctld (0) stream (0)
01-01 08:10:46.427 0 0 E msm_ext_disp_update_audio_ops: Display not found (EXT_DISPLAY_TYPE_DP) ctld (0) stream (0)
01-01 08:10:46.437 0 0 E msm_ext_disp_update_audio_ops: Display not found (EXT_DISPLAY_TYPE_DP) ctld (0) stream (0)
01-01 08:10:46.446 0 0 E msm-ext-disp-audio-codec-rx soc: qcom,msm-ext-disp:qcom,msm-ext-disp-audio-codec-rx: msm_ext_disp_audio_type_get: get_audio_edid_blk() or get_intf_id is NULL
01-01 08:10:46.462 0 0 E msm_ext_disp_update_audio_ops: Display not found (EXT_DISPLAY_TYPE_DP) ctld (0) stream (0)
01-01 08:10:46.472 0 0 E msm-ext-disp-audio-codec-rx soc: qcom,msm-ext-disp:qcom,msm-ext-disp-audio-codec-rx: msm_ext_disp_audio_type_get: get_audio_edid_blk() or get_intf_id is NULL
01-01 08:10:46.488 0 0 E msm_ext_disp_update_audio_ops: Display not found (EXT_DISPLAY_TYPE_DP) ctld (0) stream (0)
01-01 08:10:46.497 0 0 E msm-ext-disp-audio-codec-rx soc: qcom,msm-ext-disp:qcom,msm-ext-disp-audio-codec-rx: msm_ext_disp_audio_type_get: get_audio_edid_blk() or get_intf_id is NULL
01-01 08:10:46.514 0 0 E msm-ext-disp-audio-codec-rx soc: qcom,msm-ext-disp:qcom,msm-ext-disp-audio-codec-rx: msm_ext_disp_audio_device_get: invalid dai id: 4
01-01 08:10:46.584 0 0 E : msm_pcm_volume_ctl_get substream not found
01-01 08:10:46.836 0 0 E : msm_qti_pp_get_rms_value_control, back not active to query rms be_idx:3
01-01 08:10:46.857 0 0 I core_get_license_status: cmdrsp_license_result.result = 0x15 for module 0x131ff
01-01 08:10:46.858 0 0 E msm_ext_disp_update_audio_ops: Display not found (EXT_DISPLAY_TYPE_DP) ctld (0) stream (0)
01-01 08:10:46.868 0 0 E msm_ext_disp_update_audio_ops: Display not found (EXT_DISPLAY_TYPE_HDMI) ctld (0) stream (0)
01-01 08:10:46.878 0 0 E msm_ext_disp_update_audio_ops: Display not found (EXT_DISPLAY_TYPE_DP) ctld (0) stream (0)
01-01 08:10:46.888 0 0 E msm_ext_disp_update_audio_ops: Display not found (EXT_DISPLAY_TYPE_DP) ctld (0) stream (0)
01-01 08:10:46.898 0 0 E msm_ext_disp_update_audio_ops: Display not found (EXT_DISPLAY_TYPE_DP) ctld (0) stream (0)
01-01 08:10:46.907 0 0 E msm-ext-disp-audio-codec-rx soc: qcom,msm-ext-disp:qcom,msm-ext-disp-audio-codec-rx: msm_ext_disp_audio_type_get: get_audio_edid_blk() or get_intf_id is NULL
01-01 08:10:46.916 0 0 D : mv2112_read_status
01-01 08:10:46.924 0 0 E msm_ext_disp_update_audio_ops: Display not found (EXT_DISPLAY_TYPE_DP) ctld (0) stream (0)
01-01 08:10:46.933 0 0 E msm-ext-disp-audio-codec-rx soc: qcom,msm-ext-disp:qcom,msm-ext-disp-audio-codec-rx: msm_ext_disp_audio_type_get: get_audio_edid_blk() or get_intf_id is NULL
01-01 08:10:46.949 0 0 D mv2112_update_link: 3.0x901(1G): 0x80
01-01 08:10:46.949 0 0 D mv2112_update_link: 3.0x8109(100M): 0x0
01-01 08:10:46.949 0 0 D mv2112_update_link: link 0x0
01-01 08:10:46.949 0 0 D mv2112_read_status: autoneg is disabled
01-01 08:10:46.950 0 0 E msm_ext_disp_update_audio_ops: Display not found (EXT_DISPLAY_TYPE_DP) ctld (0) stream (0)
01-01 08:10:46.959 0 0 E msm-ext-disp-audio-codec-rx soc: qcom,msm-ext-disp:qcom,msm-ext-disp-audio-codec-rx: msm_ext_disp_audio_type_get: get_audio_edid_blk() or get_intf_id is NULL
01-01 08:10:46.976 0 0 E msm-ext-disp-audio-codec-rx soc: qcom,msm-ext-disp:qcom,msm-ext-disp-audio-codec-rx: msm_ext_disp_audio_device_get: invalid dai id: 4
01-01 08:10:47.017 0 0 I binder : 18275:18275 ioctl 40046210 7fd7c5c494 returned -22
01-01 08:10:47.020 0 0 I binder : 18275:18275 ioctl 40046210 7fd7c5c6a4 returned -22
01-01 08:10:47.034 0 0 E : msm_pcm_volume_ctl_get substream not found
01-01 08:10:47.061 0 0 I binder : 18282:18282 ioctl 40046210 7ffa0ed8c4 returned -22
01-01 08:10:47.348 0 0 I binder : 18282:18282 ioctl 40046210 7ffa0ecfc4 returned -22
01-01 08:10:47.517 18282 18282 E AndroidRuntime: *** FATAL EXCEPTION IN SYSTEM PROCESS: main
01-01 08:10:47.517 18282 18282 E AndroidRuntime: java.lang.NullPointerException: Attempt to read from field 'java.lang.String com.android.server.pm.Settings$VersionInfo.fingerprint' on a null object reference
01-01 08:10:47.517 18282 18282 E AndroidRuntime: at com.android.server.pm.PackageManagerService.(PackageManagerService.java:7608)
01-01 08:10:47.517 18282 18282 E AndroidRuntime: at com.android.server.pm.PackageManagerService.main(PackageManagerService.java:7116)
01-01 08:10:47.517 18282 18282 E AndroidRuntime: at com.android.server.SystemServer.startBootstrapServices(SystemServer.java:1168)
01-01 08:10:47.517 18282 18282 E AndroidRuntime: at com.android.server.SystemServer.run(SystemServer.java:882)
01-01 08:10:47.517 18282 18282 E AndroidRuntime: at com.android.server.SystemServer.main(SystemServer.java:615)
01-01 08:10:47.517 18282 18282 E AndroidRuntime: at java.lang.reflect.Method.invoke(Native Method)
01-01 08:10:47.517 18282 18282 E AndroidRuntime: at com.android.internal.os.RuntimeInit$MethodAndArgsCaller.run(RuntimeInit.java:548)
01-01 08:10:47.517 18282 18282 E AndroidRuntime: at com.android.internal.os.ZygoteInit.main(ZygoteInit.java:987)
01-01 08:10:47.518 18282 18282 E AndroidRuntime: Error reporting crash
01-01 08:10:47.518 18282 18282 E AndroidRuntime: java.lang.NullPointerException: Attempt to invoke interface method 'void android.app.IActivityManager.handleApplicationCrash(android.os.IBinder, android.app.ApplicationErrorReport$ParcelableCrashInfo)' on a null object reference
01-01 08:10:47.518 18282 18282 E AndroidRuntime: at com.android.internal.os.RuntimeInit$KillApplicationHandler.uncaughtException(RuntimeInit.java:156)
01-01 08:10:47.518 18282 18282 E AndroidRuntime: at java.lang.ThreadGroup.uncaughtException(ThreadGroup.java:1073)
01-01 08:10:47.518 18282 18282 E AndroidRuntime: at java.lang.ThreadGroup.uncaughtException(ThreadGroup.java:1068)
01-01 08:10:47.518 18282 18282 E AndroidRuntime: at java.lang.Thread.dispatchUncaughtException(Thread.java:2200)
01-01 08:10:47.684 0 0 I binder : 18363:18363 ioctl 40046210 7ffc17e974 returned -22
01-01 08:10:47.684 0 0 D ProcessState: Binder ioctl to enable oneway spam detection failed: Invalid argument
01-01 08:10:47.685 0 0 D vdc : Waited 0ms for vold
01-01 08:10:47.972 0 0 D : mv2112_read_status
01-01 08:10:47.973 0 0 D mv2112_update_link: 3.0x901(1G): 0x80
01-01 08:10:47.973 0 0 D mv2112_update_link: 3.0x8109(100M): 0x0
01-01 08:10:47.973 0 0 D mv2112_update_link: link 0x0
01-01 08:10:47.973 0 0 D mv2112_read_status: autoneg is disabled
01-01 08:10:48.288 0 0 I binder : 18370:18370 ioctl 40046210 7fffdd9764 returned -22
01-01 08:10:48.290 0 0 I binder : 18370:18370 ioctl 40046210 7fffdd96e4 returned -22
01-01 08:10:48.366 0 0 I binder : 18369:18369 ioctl 40046210 ff8dcd88 returned -22
01-01 08:10:48.368 0 0 I binder : 18369:18369 ioctl 40046210 ff8dcd70 returned -22
01-01 08:10:48.740 0 0 I binder : 18368:18368 ioctl 40046210 7fc4c5eac4 returned -22
01-01 08:10:48.742 0 0 I binder : 18368:18368 ioctl 40046210 7fc4c5eae4 returned -22
01-01 08:10:48.996 0 0 D : mv2112_read_status
01-01 08:10:48.997 0 0 D mv2112_update_link: 3.0x901(1G): 0x80
01-01 08:10:48.997 0 0 D mv2112_update_link: 3.0x8109(100M): 0x0
01-01 08:10:48.997 0 0 D mv2112_update_link: link 0x0
01-01 08:10:48.997 0 0 D mv2112_read_status: autoneg is disabled
01-01 08:10:50.020 0 0 D : mv2112_read_status
01-01 08:10:50.021 0 0 D mv2112_update_link: 3.0x901(1G): 0x80
01-01 08:10:50.021 0 0 D mv2112_update_link: 3.0x8109(100M): 0x0
01-01 08:10:50.021 0 0 D mv2112_update_link: link 0x0
01-01 08:10:50.021 0 0 D mv2112_read_status: autoneg is disabled
01-01 08:10:50.100 0 0 E init : Control message: Could not find 'android.frameworks.sensorservice@1.0::ISensorManager/default' for ctl.interface_start from pid: 517 (/system/bin/hwservicemanager)
01-01 08:10:50.118 0 0 E init : Control message: Could not find 'android.frameworks.sensorservice@1.0::ISensorManager/default' for ctl.interface_start from pid: 517 (/system/bin/hwservicemanager)
01-01 08:10:50.401 0 0 I init : starting service 'qvrd_vndr'...
01-01 08:10:50.402 0 0 I init : Created socket '/dev/socket/qvrservice_vndr', mode 660, user 1000, group 1000
01-01 08:10:50.403 0 0 I init : Created socket '/dev/socket/qvrservice_vndr_camera', mode 660, user 1000, group 1000
01-01 08:10:50.413 0 0 I init : starting service 'sxrd'...
01-01 08:10:50.422 0 0 I init : starting service 'vendor.audio-hal'...
01-01 08:10:50.419 18382 18382 F linker : CANNOT LINK EXECUTABLE "/vendor/bin/hw/qvrservice": library "vendor.qti.hardware.qxr-V1-ndk_platform.so" not found: needed by /vendor/lib64/libqvrservice.so in namespace (default)
01-01 08:10:50.422 18383 18383 F linker : CANNOT LINK EXECUTABLE "/vendor/bin/hw/sxrservice": library "vendor.qti.hardware.qxr-V1-ndk_platform.so" not found: needed by main executable
01-01 08:10:50.431 0 0 I init : Service 'qvrd_vndr' (pid 18382) exited with status 1
01-01 08:10:50.431 0 0 I init : Sending signal 9 to service 'qvrd_vndr' (pid 18382) process group...
01-01 08:10:50.431 0 0 I libprocessgroup: Successfully killed process cgroup uid 1000 pid 18382 in 0ms
01-01 08:10:50.829 0 0 I binder : 18391:18391 ioctl 40046210 7ff66ade04 returned -22
01-01 08:10:50.830 0 0 I binder : 18391:18391 ioctl 40046210 7ff66ade24 returned -22
01-01 08:10:51.048 0 0 D : mv2112_read_status
01-01 08:10:51.049 0 0 D mv2112_update_link: 3.0x901(1G): 0x80
01-01 08:10:51.049 0 0 D mv2112_update_link: 3.0x8109(100M): 0x0
01-01 08:10:51.049 0 0 D mv2112_update_link: link 0x0
01-01 08:10:51.049 0 0 D mv2112_read_status: autoneg is disabled
01-01 08:10:51.427 0 0 E : msm_qti_pp_get_rms_value_control, back not active to query rms be_idx:3
01-01 08:10:51.447 0 0 I core_get_license_status: cmdrsp_license_result.result = 0x15 for module 0x131ff
01-01 08:10:51.448 0 0 E msm_ext_disp_update_audio_ops: Display not found (EXT_DISPLAY_TYPE_DP) ctld (0) stream (0)
01-01 08:10:51.458 0 0 E msm_ext_disp_update_audio_ops: Display not found (EXT_DISPLAY_TYPE_HDMI) ctld (0) stream (0)
01-01 08:10:51.468 0 0 E msm_ext_disp_update_audio_ops: Display not found (EXT_DISPLAY_TYPE_DP) ctld (0) stream (0)
01-01 08:10:51.478 0 0 E msm_ext_disp_update_audio_ops: Display not found (EXT_DISPLAY_TYPE_DP) ctld (0) stream (0)
01-01 08:10:51.488 0 0 E msm_ext_disp_update_audio_ops: Display not found (EXT_DISPLAY_TYPE_DP) ctld (0) stream (0)
01-01 08:10:51.497 0 0 E msm-ext-disp-audio-codec-rx soc: qcom,msm-ext-disp:qcom,msm-ext-disp-audio-codec-rx: msm_ext_disp_audio_type_get: get_audio_edid_blk() or get_intf_id is NULL
01-01 08:10:51.513 0 0 E msm_ext_disp_update_audio_ops: Display not found (EXT_DISPLAY_TYPE_DP) ctld (0) stream (0)
01-01 08:10:51.523 0 0 E msm-ext-disp-audio-codec-rx soc: qcom,msm-ext-disp:qcom,msm-ext-disp-audio-codec-rx: msm_ext_disp_audio_type_get: get_audio_edid_blk() or get_intf_id is NULL
01-01 08:10:51.539 0 0 E msm_ext_disp_update_audio_ops: Display not found (EXT_DISPLAY_TYPE_DP) ctld (0) stream (0)
01-01 08:10:51.549 0 0 E msm-ext-disp-audio-codec-rx soc: qcom,msm-ext-disp:qcom,msm-ext-disp-audio-codec-rx: msm_ext_disp_audio_type_get: get_audio_edid_blk() or get_intf_id is NULL
01-01 08:10:51.566 0 0 E msm-ext-disp-audio-codec-rx soc: qcom,msm-ext-disp:qcom,msm-ext-disp-audio-codec-rx: msm_ext_disp_audio_device_get: invalid dai id: 4
01-01 08:10:51.627 0 0 E : msm_pcm_volume_ctl_get substream not found
01-01 08:10:51.949 0 0 E : msm_qti_pp_get_rms_value_control, back not active to query rms be_idx:3
01-01 08:10:51.969 0 0 I core_get_license_status: cmdrsp_license_result.result = 0x15 for module 0x131ff
01-01 08:10:51.970 0 0 E msm_ext_disp_update_audio_ops: Display not found (EXT_DISPLAY_TYPE_DP) ctld (0) stream (0)
01-01 08:10:51.980 0 0 E msm_ext_disp_update_audio_ops: Display not found (EXT_DISPLAY_TYPE_HDMI) ctld (0) stream (0)
01-01 08:10:51.990 0 0 E msm_ext_disp_update_audio_ops: Display not found (EXT_DISPLAY_TYPE_DP) ctld (0) stream (0)
01-01 08:10:51.994 0 0 I binder : 18415:18415 ioctl 40046210 7fc0bde554 returned -22
01-01 08:10:52.000 0 0 E msm_ext_disp_update_audio_ops: Display not found (EXT_DISPLAY_TYPE_DP) ctld (0) stream (0)
01-01 08:10:52.004 0 0 I binder : 18415:18415 ioctl 40046210 7fc0bde764 returned -22
01-01 08:10:52.010 0 0 E msm_ext_disp_update_audio_ops: Display not found (EXT_DISPLAY_TYPE_DP) ctld (0) stream (0)
01-01 08:10:52.019 0 0 E msm-ext-disp-audio-codec-rx soc: qcom,msm-ext-disp:qcom,msm-ext-disp-audio-codec-rx: msm_ext_disp_audio_type_get: get_audio_edid_blk() or get_intf_id is NULL
01-01 08:10:52.035 0 0 E msm_ext_disp_update_audio_ops: Display not found (EXT_DISPLAY_TYPE_DP) ctld (0) stream (0)
01-01 08:10:52.045 0 0 E msm-ext-disp-audio-codec-rx soc: qcom,msm-ext-disp:qcom,msm-ext-disp-audio-codec-rx: msm_ext_disp_audio_type_get: get_audio_edid_blk() or get_intf_id is NULL
01-01 08:10:52.061 0 0 E msm_ext_disp_update_audio_ops: Display not found (EXT_DISPLAY_TYPE_DP) ctld (0) stream (0)
01-01 08:10:52.070 0 0 D : mv2112_read_status
01-01 08:10:52.070 0 0 D mv2112_update_link: 3.0x901(1G): 0x80
01-01 08:10:52.071 0 0 D mv2112_update_link: 3.0x8109(100M): 0x0
01-01 08:10:52.071 0 0 D mv2112_update_link: link 0x0
01-01 08:10:52.071 0 0 D mv2112_read_status: autoneg is disabled
01-01 08:10:52.071 0 0 E msm-ext-disp-audio-codec-rx soc: qcom,msm-ext-disp:qcom,msm-ext-disp-audio-codec-rx: msm_ext_disp_audio_type_get: get_audio_edid_blk() or get_intf_id is NULL
01-01 08:10:52.088 0 0 E msm-ext-disp-audio-codec-rx soc: qcom,msm-ext-disp:qcom,msm-ext-disp-audio-codec-rx: msm_ext_disp_audio_device_get: invalid dai id: 4
01-01 08:10:52.099 0 0 I binder : 18422:18422 ioctl 40046210 7fffe082a4 returned -22
01-01 08:10:52.145 0 0 E : msm_pcm_volume_ctl_get substream not found
01-01 08:10:52.413 0 0 I binder : 18422:18422 ioctl 40046210 7fffe079a4 returned -22
01-01 08:10:52.605 18422 18422 E AndroidRuntime: *** FATAL EXCEPTION IN SYSTEM PROCESS: main
01-01 08:10:52.605 18422 18422 E AndroidRuntime: java.lang.NullPointerException: Attempt to read from field 'java.lang.String com.android.server.pm.Settings$VersionInfo.fingerprint' on a null object reference
01-01 08:10:52.605 18422 18422 E AndroidRuntime: at com.android.server.pm.PackageManagerService.(PackageManagerService.java:7608)
01-01 08:10:52.605 18422 18422 E AndroidRuntime: at com.android.server.pm.PackageManagerService.main(PackageManagerService.java:7116)
01-01 08:10:52.605 18422 18422 E AndroidRuntime: at com.android.server.SystemServer.startBootstrapServices(SystemServer.java:1168)
01-01 08:10:52.605 18422 18422 E AndroidRuntime: at com.android.server.SystemServer.run(SystemServer.java:882)
01-01 08:10:52.605 18422 18422 E AndroidRuntime: at com.android.server.SystemServer.main(SystemServer.java:615)
01-01 08:10:52.605 18422 18422 E AndroidRuntime: at java.lang.reflect.Method.invoke(Native Method)
01-01 08:10:52.605 18422 18422 E AndroidRuntime: at com.android.internal.os.RuntimeInit$MethodAndArgsCaller.run(RuntimeInit.java:548)
01-01 08:10:52.605 18422 18422 E AndroidRuntime: at com.android.internal.os.ZygoteInit.main(ZygoteInit.java:987)
01-01 08:10:52.606 18422 18422 E AndroidRuntime: Error reporting crash
01-01 08:10:52.606 18422 18422 E AndroidRuntime: java.lang.NullPointerException: Attempt to invoke interface method 'void android.app.IActivityManager.handleApplicationCrash(android.os.IBinder, android.app.ApplicationErrorReport$ParcelableCrashInfo)' on a null object reference
01-01 08:10:52.606 18422 18422 E AndroidRuntime: at com.android.internal.os.RuntimeInit$KillApplicationHandler.uncaughtException(RuntimeInit.java:156)
01-01 08:10:52.606 18422 18422 E AndroidRuntime: at java.lang.ThreadGroup.uncaughtException(ThreadGroup.java:1073)
01-01 08:10:52.606 18422 18422 E AndroidRuntime: at java.lang.ThreadGroup.uncaughtException(ThreadGroup.java:1068)
01-01 08:10:52.606 18422 18422 E AndroidRuntime: at java.lang.Thread.dispatchUncaughtException(Thread.java:2200)
01-01 08:10:52.762 0 0 I binder : 18496:18496 ioctl 40046210 7fe81f41e4 returned -22
01-01 08:10:52.762 0 0 D ProcessState: Binder ioctl to enable oneway spam detection failed: Invalid argument
01-01 08:10:52.763 0 0 D vdc : Waited 0ms for vold
01-01 08:10:53.096 0 0 D : mv2112_read_status
01-01 08:10:53.097 0 0 D mv2112_update_link: 3.0x901(1G): 0x80
01-01 08:10:53.097 0 0 D mv2112_update_link: 3.0x8109(100M): 0x0
01-01 08:10:53.097 0 0 D mv2112_update_link: link 0x0
01-01 08:10:53.097 0 0 D mv2112_read_status: autoneg is disabled
01-01 08:10:53.296 0 0 I binder : 18504:18504 ioctl 40046210 7fd42f5634 returned -22
01-01 08:10:53.298 0 0 I binder : 18504:18504 ioctl 40046210 7fd42f55b4 returned -22
01-01 08:10:53.374 0 0 I binder : 18503:18503 ioctl 40046210 ff9b9e38 returned -22
01-01 08:10:53.376 0 0 I binder : 18503:18503 ioctl 40046210 ff9b9e20 returned -22
01-01 08:10:53.746 0 0 I binder : 18502:18502 ioctl 40046210 7fd3e9fc04 returned -22
01-01 08:10:53.749 0 0 I binder : 18502:18502 ioctl 40046210 7fd3e9fc24 returned -22
01-01 08:10:54.116 0 0 D : mv2112_read_status
01-01 08:10:54.117 0 0 D mv2112_update_link: 3.0x901(1G): 0x80
01-01 08:10:54.117 0 0 D mv2112_update_link: 3.0x8109(100M): 0x0
01-01 08:10:54.117 0 0 D mv2112_update_link: link 0x0
01-01 08:10:54.117 0 0 D mv2112_read_status: autoneg is disabled
01-01 08:10:55.111 0 0 E init : Control message: Could not find 'android.frameworks.sensorservice@1.0::ISensorManager/default' for ctl.interface_start from pid: 517 (/system/bin/hwservicemanager)
01-01 08:10:55.128 0 0 E init : Control message: Could not find 'android.frameworks.sensorservice@1.0::ISensorManager/default' for ctl.interface_start from pid: 517 (/system/bin/hwservicemanager)
01-01 08:10:55.144 0 0 D : mv2112_read_status
01-01 08:10:55.145 0 0 D mv2112_update_link: 3.0x901(1G): 0x80
01-01 08:10:55.145 0 0 D mv2112_update_link: 3.0x8109(100M): 0x0
01-01 08:10:55.145 0 0 D mv2112_update_link: link 0x0
01-01 08:10:55.145 0 0 D mv2112_read_status: autoneg is disabled
01-01 08:10:55.410 0 0 I init : starting service 'qvrd_vndr'...
01-01 08:10:55.411 0 0 I init : Created socket '/dev/socket/qvrservice_vndr', mode 660, user 1000, group 1000
01-01 08:10:55.411 0 0 I init : Created socket '/dev/socket/qvrservice_vndr_camera', mode 660, user 1000, group 1000
01-01 08:10:55.422 0 0 I init : starting service 'sxrd'...
01-01 08:10:55.428 18516 18516 F linker : CANNOT LINK EXECUTABLE "/vendor/bin/hw/qvrservice": library "vendor.qti.hardware.qxr-V1-ndk_platform.so" not found: needed by /vendor/lib64/libqvrservice.so in namespace (default)
01-01 08:10:55.432 0 0 I init : starting service 'vendor.audio-hal'...
01-01 08:10:55.431 18517 18517 F linker : CANNOT LINK EXECUTABLE "/vendor/bin/hw/sxrservice": library "vendor.qti.hardware.qxr-V1-ndk_platform.so" not found: needed by main executable
01-01 08:10:55.442 0 0 I init : Service 'qvrd_vndr' (pid 18516) exited with status 1
01-01 08:10:55.442 0 0 I init : Sending signal 9 to service 'qvrd_vndr' (pid 18516) process group...
01-01 08:10:55.442 0 0 I libprocessgroup: Successfully killed process cgroup uid 1000 pid 18516 in 0ms
01-01 08:10:55.818 0 0 I binder : 18525:18525 ioctl 40046210 7fdf4b8934 returned -22
01-01 08:10:55.819 0 0 I binder : 18525:18525 ioctl 40046210 7fdf4b8954 returned -22
01-01 08:10:56.164 0 0 D : mv2112_read_status
01-01 08:10:56.165 0 0 D mv2112_update_link: 3.0x901(1G): 0x80
01-01 08:10:56.165 0 0 D mv2112_update_link: 3.0x8109(100M): 0x0
01-01 08:10:56.165 0 0 D mv2112_update_link: link 0x0
01-01 08:10:56.165 0 0 D mv2112_read_status: autoneg is disabled
01-01 08:10:56.281 0 0 E : msm_qti_pp_get_rms_value_control, back not active to query rms be_idx:3
01-01 08:10:56.302 0 0 I core_get_license_status: cmdrsp_license_result.result = 0x15 for module 0x131ff
01-01 08:10:56.303 0 0 E msm_ext_disp_update_audio_ops: Display not found (EXT_DISPLAY_TYPE_DP) ctld (0) stream (0)
01-01 08:10:56.312 0 0 E msm_ext_disp_update_audio_ops: Display not found (EXT_DISPLAY_TYPE_HDMI) ctld (0) stream (0)
01-01 08:10:56.322 0 0 E msm_ext_disp_update_audio_ops: Display not found (EXT_DISPLAY_TYPE_DP) ctld (0) stream (0)
01-01 08:10:56.332 0 0 E msm_ext_disp_update_audio_ops: Display not found (EXT_DISPLAY_TYPE_DP) ctld (0) stream (0)
01-01 08:10:56.342 0 0 E msm_ext_disp_update_audio_ops: Display not found (EXT_DISPLAY_TYPE_DP) ctld (0) stream (0)
01-01 08:10:56.352 0 0 E msm-ext-disp-audio-codec-rx soc: qcom,msm-ext-disp:qcom,msm-ext-disp-audio-codec-rx: msm_ext_disp_audio_type_get: get_audio_edid_blk() or get_intf_id is NULL
01-01 08:10:56.368 0 0 E msm_ext_disp_update_audio_ops: Display not found (EXT_DISPLAY_TYPE_DP) ctld (0) stream (0)
01-01 08:10:56.377 0 0 E msm-ext-disp-audio-codec-rx soc: qcom,msm-ext-disp:qcom,msm-ext-disp-audio-codec-rx: msm_ext_disp_audio_type_get: get_audio_edid_blk() or get_intf_id is NULL
01-01 08:10:56.394 0 0 E msm_ext_disp_update_audio_ops: Display not found (EXT_DISPLAY_TYPE_DP) ctld (0) stream (0)
01-01 08:10:56.403 0 0 E msm-ext-disp-audio-codec-rx soc: qcom,msm-ext-disp:qcom,msm-ext-disp-audio-codec-rx: msm_ext_disp_audio_type_get: get_audio_edid_blk() or get_intf_id is NULL
01-01 08:10:56.420 0 0 E msm-ext-disp-audio-codec-rx soc: qcom,msm-ext-disp:qcom,msm-ext-disp-audio-codec-rx: msm_ext_disp_audio_device_get: invalid dai id: 4
01-01 08:10:56.482 0 0 E : msm_pcm_volume_ctl_get substream not found
01-01 08:10:56.824 0 0 E : msm_qti_pp_get_rms_value_control, back not active to query rms be_idx:3
01-01 08:10:56.846 0 0 I core_get_license_status: cmdrsp_license_result.result = 0x15 for module 0x131ff
01-01 08:10:56.847 0 0 E msm_ext_disp_update_audio_ops: Display not found (EXT_DISPLAY_TYPE_DP) ctld (0) stream (0)
01-01 08:10:56.857 0 0 E msm_ext_disp_update_audio_ops: Display not found (EXT_DISPLAY_TYPE_HDMI) ctld (0) stream (0)
01-01 08:10:56.867 0 0 E msm_ext_disp_update_audio_ops: Display not found (EXT_DISPLAY_TYPE_DP) ctld (0) stream (0)
01-01 08:10:56.877 0 0 E msm_ext_disp_update_audio_ops: Display not found (EXT_DISPLAY_TYPE_DP) ctld (0) stream (0)
01-01 08:10:56.887 0 0 E msm_ext_disp_update_audio_ops: Display not found (EXT_DISPLAY_TYPE_DP) ctld (0) stream (0)
01-01 08:10:56.897 0 0 E msm-ext-disp-audio-codec-rx soc: qcom,msm-ext-disp:qcom,msm-ext-disp-audio-codec-rx: msm_ext_disp_audio_type_get: get_audio_edid_blk() or get_intf_id is NULL
01-01 08:10:56.913 0 0 E msm_ext_disp_update_audio_ops: Display not found (EXT_DISPLAY_TYPE_DP) ctld (0) stream (0)
01-01 08:10:56.923 0 0 E msm-ext-disp-audio-codec-rx soc: qcom,msm-ext-disp:qcom,msm-ext-disp-audio-codec-rx: msm_ext_disp_audio_type_get: get_audio_edid_blk() or get_intf_id is NULL
01-01 08:10:56.939 0 0 E msm_ext_disp_update_audio_ops: Display not found (EXT_DISPLAY_TYPE_DP) ctld (0) stream (0)
01-01 08:10:56.948 0 0 E msm-ext-disp-audio-codec-rx soc: qcom,msm-ext-disp:qcom,msm-ext-disp-audio-codec-rx: msm_ext_disp_audio_type_get: get_audio_edid_blk() or get_intf_id is NULL
01-01 08:10:56.965 0 0 E msm-ext-disp-audio-codec-rx soc: qcom,msm-ext-disp:qcom,msm-ext-disp-audio-codec-rx: msm_ext_disp_audio_device_get: invalid dai id: 4
01-01 08:10:56.993 0 0 I binder : 18551:18551 ioctl 40046210 7fddbd07b4 returned -22
01-01 08:10:56.997 0 0 I binder : 18551:18551 ioctl 40046210 7fddbd09c4 returned -22
01-01 08:10:57.023 0 0 E : msm_pcm_volume_ctl_get substream not found
01-01 08:10:57.097 0 0 I binder : 18558:18558 ioctl 40046210 7ff708df14 returned -22
01-01 08:10:57.188 0 0 D : mv2112_read_status
01-01 08:10:57.189 0 0 D mv2112_update_link: 3.0x901(1G): 0x80
01-01 08:10:57.189 0 0 D mv2112_update_link: 3.0x8109(100M): 0x0
01-01 08:10:57.189 0 0 D mv2112_update_link: link 0x0
01-01 08:10:57.189 0 0 D mv2112_read_status: autoneg is disabled
01-01 08:10:57.391 0 0 I binder : 18558:18558 ioctl 40046210 7ff708d614 returned -22
01-01 08:10:57.602 18558 18558 E AndroidRuntime: *** FATAL EXCEPTION IN SYSTEM PROCESS: main
01-01 08:10:57.602 18558 18558 E AndroidRuntime: java.lang.NullPointerException: Attempt to read from field 'java.lang.String com.android.server.pm.Settings$VersionInfo.fingerprint' on a null object reference
01-01 08:10:57.602 18558 18558 E AndroidRuntime: at com.android.server.pm.PackageManagerService.(PackageManagerService.java:7608)
01-01 08:10:57.602 18558 18558 E AndroidRuntime: at com.android.server.pm.PackageManagerService.main(PackageManagerService.java:7116)
01-01 08:10:57.602 18558 18558 E AndroidRuntime: at com.android.server.SystemServer.startBootstrapServices(SystemServer.java:1168)
01-01 08:10:57.602 18558 18558 E AndroidRuntime: at com.android.server.SystemServer.run(SystemServer.java:882)
01-01 08:10:57.602 18558 18558 E AndroidRuntime: at com.android.server.SystemServer.main(SystemServer.java:615)
01-01 08:10:57.602 18558 18558 E AndroidRuntime: at java.lang.reflect.Method.invoke(Native Method)
01-01 08:10:57.602 18558 18558 E AndroidRuntime: at com.android.internal.os.RuntimeInit$MethodAndArgsCaller.run(RuntimeInit.java:548)
01-01 08:10:57.602 18558 18558 E AndroidRuntime: at com.android.internal.os.ZygoteInit.main(ZygoteInit.java:987)
01-01 08:10:57.603 18558 18558 E AndroidRuntime: Error reporting crash
01-01 08:10:57.603 18558 18558 E AndroidRuntime: java.lang.NullPointerException: Attempt to invoke interface method 'void android.app.IActivityManager.handleApplicationCrash(android.os.IBinder, android.app.ApplicationErrorReport$ParcelableCrashInfo)' on a null object reference
01-01 08:10:57.603 18558 18558 E AndroidRuntime: at com.android.internal.os.RuntimeInit$KillApplicationHandler.uncaughtException(RuntimeInit.java:156)
01-01 08:10:57.603 18558 18558 E AndroidRuntime: at java.lang.ThreadGroup.uncaughtException(ThreadGroup.java:1073)
01-01 08:10:57.603 18558 18558 E AndroidRuntime: at java.lang.ThreadGroup.uncaughtException(ThreadGroup.java:1068)
01-01 08:10:57.603 18558 18558 E AndroidRuntime: at java.lang.Thread.dispatchUncaughtException(Thread.java:2200)
01-01 08:10:57.754 0 0 I binder : 18640:18640 ioctl 40046210 7fe695c254 returned -22
01-01 08:10:57.754 0 0 D ProcessState: Binder ioctl to enable oneway spam detection failed: Invalid argument
01-01 08:10:57.756 0 0 D vdc : Waited 0ms for vold
01-01 08:10:58.212 0 0 D : mv2112_read_status
01-01 08:10:58.213 0 0 D mv2112_update_link: 3.0x901(1G): 0x80
01-01 08:10:58.213 0 0 D mv2112_update_link: 3.0x8109(100M): 0x0
01-01 08:10:58.213 0 0 D mv2112_update_link: link 0x0
01-01 08:10:58.213 0 0 D mv2112_read_status: autoneg is disabled
01-01 08:10:58.303 0 0 I binder : 18646:18646 ioctl 40046210 7fd7bc0f74 returned -22
01-01 08:10:58.305 0 0 I binder : 18646:18646 ioctl 40046210 7fd7bc0ef4 returned -22
01-01 08:10:58.380 0 0 I binder : 18645:18645 ioctl 40046210 ffd8a3e8 returned -22
01-01 08:10:58.383 0 0 I binder : 18645:18645 ioctl 40046210 ffd8a3d0 returned -22
01-01 08:10:58.760 0 0 I binder : 18644:18644 ioctl 40046210 7fc4bfc1e4 returned -22
01-01 08:10:58.764 0 0 I binder : 18644:18644 ioctl 40046210 7fc4bfc204 returned -22
01-01 08:10:59.236 0 0 D : mv2112_read_status
01-01 08:10:59.237 0 0 D mv2112_update_link: 3.0x901(1G): 0x80
01-01 08:10:59.237 0 0 D mv2112_update_link: 3.0x8109(100M): 0x0
01-01 08:10:59.237 0 0 D mv2112_update_link: link 0x0
01-01 08:10:59.237 0 0 D mv2112_read_status: autoneg is disabled
01-01 08:11:00.117 0 0 E init : Control message: Could not find 'android.frameworks.sensorservice@1.0::ISensorManager/default' for ctl.interface_start from pid: 517 (/system/bin/hwservicemanager)
01-01 08:11:00.134 0 0 E init : Control message: Could not find 'android.frameworks.sensorservice@1.0::ISensorManager/default' for ctl.interface_start from pid: 517 (/system/bin/hwservicemanager)
01-01 08:11:00.260 0 0 D : mv2112_read_status
01-01 08:11:00.261 0 0 D mv2112_update_link: 3.0x901(1G): 0x80
01-01 08:11:00.261 0 0 D mv2112_update_link: 3.0x8109(100M): 0x0
01-01 08:11:00.261 0 0 D mv2112_update_link: link 0x0
01-01 08:11:00.261 0 0 D mv2112_read_status: autoneg is disabled
01-01 08:11:00.419 0 0 I init : starting service 'qvrd_vndr'...
01-01 08:11:00.420 0 0 I init : Created socket '/dev/socket/qvrservice_vndr', mode 660, user 1000, group 1000
01-01 08:11:00.420 0 0 I init : Created socket '/dev/socket/qvrservice_vndr_camera', mode 660, user 1000, group 1000
01-01 08:11:00.430 0 0 I init : starting service 'sxrd'...
01-01 08:11:00.439 0 0 I init : starting service 'vendor.audio-hal'...
01-01 08:11:00.436 18658 18658 F linker : CANNOT LINK EXECUTABLE "/vendor/bin/hw/qvrservice": library "vendor.qti.hardware.qxr-V1-ndk_platform.so" not found: needed by /vendor/lib64/libqvrservice.so in namespace (default)
01-01 08:11:00.440 18659 18659 F linker : CANNOT LINK EXECUTABLE "/vendor/bin/hw/sxrservice": library "vendor.qti.hardware.qxr-V1-ndk_platform.so" not found: needed by main executable
01-01 08:11:00.448 0 0 I init : Service 'qvrd_vndr' (pid 18658) exited with status 1
01-01 08:11:00.448 0 0 I init : Sending signal 9 to service 'qvrd_vndr' (pid 18658) process group...
01-01 08:11:00.448 0 0 I libprocessgroup: Successfully killed process cgroup uid 1000 pid 18658 in 0ms
01-01 08:11:00.816 0 0 I binder : 18667:18667 ioctl 40046210 7fdcc8b544 returned -22
01-01 08:11:00.816 0 0 I binder : 18667:18667 ioctl 40046210 7fdcc8b564 returned -22
01-01 08:11:01.284 0 0 D : mv2112_read_status
01-01 08:11:01.285 0 0 D mv2112_update_link: 3.0x901(1G): 0x80
01-01 08:11:01.285 0 0 D mv2112_update_link: 3.0x8109(100M): 0x0
01-01 08:11:01.285 0 0 D mv2112_update_link: link 0x0
01-01 08:11:01.285 0 0 D mv2112_read_status: autoneg is disabled
01-01 08:11:01.309 0 0 E : msm_qti_pp_get_rms_value_control, back not active to query rms be_idx:3
01-01 08:11:01.330 0 0 I core_get_license_status: cmdrsp_license_result.result = 0x15 for module 0x131ff
01-01 08:11:01.331 0 0 E msm_ext_disp_update_audio_ops: Display not found (EXT_DISPLAY_TYPE_DP) ctld (0) stream (0)
01-01 08:11:01.341 0 0 E msm_ext_disp_update_audio_ops: Display not found (EXT_DISPLAY_TYPE_HDMI) ctld (0) stream (0)
01-01 08:11:01.351 0 0 E msm_ext_disp_update_audio_ops: Display not found (EXT_DISPLAY_TYPE_DP) ctld (0) stream (0)
01-01 08:11:01.361 0 0 E msm_ext_disp_update_audio_ops: Display not found (EXT_DISPLAY_TYPE_DP) ctld (0) stream (0)
01-01 08:11:01.371 0 0 E msm_ext_disp_update_audio_ops: Display not found (EXT_DISPLAY_TYPE_DP) ctld (0) stream (0)
01-01 08:11:01.381 0 0 E msm-ext-disp-audio-codec-rx soc: qcom,msm-ext-disp:qcom,msm-ext-disp-audio-codec-rx: msm_ext_disp_audio_type_get: get_audio_edid_blk() or get_intf_id is NULL
01-01 08:11:01.397 0 0 E msm_ext_disp_update_audio_ops: Display not found (EXT_DISPLAY_TYPE_DP) ctld (0) stream (0)
01-01 08:11:01.407 0 0 E msm-ext-disp-audio-codec-rx soc: qcom,msm-ext-disp:qcom,msm-ext-disp-audio-codec-rx: msm_ext_disp_audio_type_get: get_audio_edid_blk() or get_intf_id is NULL
01-01 08:11:01.422 0 0 E msm_ext_disp_update_audio_ops: Display not found (EXT_DISPLAY_TYPE_DP) ctld (0) stream (0)
01-01 08:11:01.432 0 0 E msm-ext-disp-audio-codec-rx soc: qcom,msm-ext-disp:qcom,msm-ext-disp-audio-codec-rx: msm_ext_disp_audio_type_get: get_audio_edid_blk() or get_intf_id is NULL
01-01 08:11:01.449 0 0 E msm-ext-disp-audio-codec-rx soc: qcom,msm-ext-disp:qcom,msm-ext-disp-audio-codec-rx: msm_ext_disp_audio_device_get: invalid dai id: 4
01-01 08:11:01.512 0 0 E : msm_pcm_volume_ctl_get substream not found
01-01 08:11:01.860 0 0 E : msm_qti_pp_get_rms_value_control, back not active to query rms be_idx:3
01-01 08:11:01.880 0 0 I core_get_license_status: cmdrsp_license_result.result = 0x15 for module 0x131ff
01-01 08:11:01.881 0 0 E msm_ext_disp_update_audio_ops: Display not found (EXT_DISPLAY_TYPE_DP) ctld (0) stream (0)
01-01 08:11:01.891 0 0 E msm_ext_disp_update_audio_ops: Display not found (EXT_DISPLAY_TYPE_HDMI) ctld (0) stream (0)
01-01 08:11:01.901 0 0 E msm_ext_disp_update_audio_ops: Display not found (EXT_DISPLAY_TYPE_DP) ctld (0) stream (0)
01-01 08:11:01.911 0 0 E msm_ext_disp_update_audio_ops: Display not found (EXT_DISPLAY_TYPE_DP) ctld (0) stream (0)
01-01 08:11:01.921 0 0 E msm_ext_disp_update_audio_ops: Display not found (EXT_DISPLAY_TYPE_DP) ctld (0) stream (0)
01-01 08:11:01.931 0 0 E msm-ext-disp-audio-codec-rx soc: qcom,msm-ext-disp:qcom,msm-ext-disp-audio-codec-rx: msm_ext_disp_audio_type_get: get_audio_edid_blk() or get_intf_id is NULL
01-01 08:11:01.947 0 0 E msm_ext_disp_update_audio_ops: Display not found (EXT_DISPLAY_TYPE_DP) ctld (0) stream (0)
01-01 08:11:01.957 0 0 E msm-ext-disp-audio-codec-rx soc: qcom,msm-ext-disp:qcom,msm-ext-disp-audio-codec-rx: msm_ext_disp_audio_type_get: get_audio_edid_blk() or get_intf_id is NULL
01-01 08:11:01.973 0 0 E msm_ext_disp_update_audio_ops: Display not found (EXT_DISPLAY_TYPE_DP) ctld (0) stream (0)
01-01 08:11:01.983 0 0 E msm-ext-disp-audio-codec-rx soc: qcom,msm-ext-disp:qcom,msm-ext-disp-audio-codec-rx: msm_ext_disp_audio_type_get: get_audio_edid_blk() or get_intf_id is NULL
01-01 08:11:01.999 0 0 E msm-ext-disp-audio-codec-rx soc: qcom,msm-ext-disp:qcom,msm-ext-disp-audio-codec-rx: msm_ext_disp_audio_device_get: invalid dai id: 4
01-01 08:11:02.044 0 0 I binder : 18694:18694 ioctl 40046210 7fcf923af4 returned -22
01-01 08:11:02.048 0 0 I binder : 18694:18694 ioctl 40046210 7fcf923d04 returned -22
01-01 08:11:02.058 0 0 E : msm_pcm_volume_ctl_get substream not found
01-01 08:11:02.072 0 0 I binder : 18699:18699 ioctl 40046210 7fc282ac24 returned -22
01-01 08:11:02.308 0 0 D : mv2112_read_status
01-01 08:11:02.309 0 0 D mv2112_update_link: 3.0x901(1G): 0x80
01-01 08:11:02.309 0 0 D mv2112_update_link: 3.0x8109(100M): 0x0
01-01 08:11:02.309 0 0 D mv2112_update_link: link 0x0
01-01 08:11:02.309 0 0 D mv2112_read_status: autoneg is disabled
01-01 08:11:02.376 0 0 I binder : 18699:18699 ioctl 40046210 7fc282a324 returned -22
01-01 08:11:02.560 18699 18699 E AndroidRuntime: *** FATAL EXCEPTION IN SYSTEM PROCESS: main
01-01 08:11:02.560 18699 18699 E AndroidRuntime: java.lang.NullPointerException: Attempt to read from field 'java.lang.String com.android.server.pm.Settings$VersionInfo.fingerprint' on a null object reference
01-01 08:11:02.560 18699 18699 E AndroidRuntime: at com.android.server.pm.PackageManagerService.(PackageManagerService.java:7608)
01-01 08:11:02.560 18699 18699 E AndroidRuntime: at com.android.server.pm.PackageManagerService.main(PackageManagerService.java:7116)
01-01 08:11:02.560 18699 18699 E AndroidRuntime: at com.android.server.SystemServer.startBootstrapServices(SystemServer.java:1168)
01-01 08:11:02.560 18699 18699 E AndroidRuntime: at com.android.server.SystemServer.run(SystemServer.java:882)
01-01 08:11:02.560 18699 18699 E AndroidRuntime: at com.android.server.SystemServer.main(SystemServer.java:615)
01-01 08:11:02.560 18699 18699 E AndroidRuntime: at java.lang.reflect.Method.invoke(Native Method)
01-01 08:11:02.560 18699 18699 E AndroidRuntime: at com.android.internal.os.RuntimeInit$MethodAndArgsCaller.run(RuntimeInit.java:548)
01-01 08:11:02.560 18699 18699 E AndroidRuntime: at com.android.internal.os.ZygoteInit.main(ZygoteInit.java:987)
01-01 08:11:02.560 18699 18699 E AndroidRuntime: Error reporting crash
01-01 08:11:02.560 18699 18699 E AndroidRuntime: java.lang.NullPointerException: Attempt to invoke interface method 'void android.app.IActivityManager.handleApplicationCrash(android.os.IBinder, android.app.ApplicationErrorReport$ParcelableCrashInfo)' on a null object reference
01-01 08:11:02.560 18699 18699 E AndroidRuntime: at com.android.internal.os.RuntimeInit$KillApplicationHandler.uncaughtException(RuntimeInit.java:156)
01-01 08:11:02.560 18699 18699 E AndroidRuntime: at java.lang.ThreadGroup.uncaughtException(ThreadGroup.java:1073)
01-01 08:11:02.560 18699 18699 E AndroidRuntime: at java.lang.ThreadGroup.uncaughtException(ThreadGroup.java:1068)
01-01 08:11:02.560 18699 18699 E AndroidRuntime: at java.lang.Thread.dispatchUncaughtException(Thread.java:2200)
01-01 08:11:02.713 0 0 I binder : 18781:18781 ioctl 40046210 7ffa770374 returned -22
01-01 08:11:02.713 0 0 D ProcessState: Binder ioctl to enable oneway spam detection failed: Invalid argument
01-01 08:11:02.714 0 0 D vdc : Waited 0ms for vold
01-01 08:11:03.310 0 0 I binder : 18788:18788 ioctl 40046210 7fdcfe0844 returned -22
01-01 08:11:03.312 0 0 I binder : 18788:18788 ioctl 40046210 7fdcfe07c4 returned -22
01-01 08:11:03.332 0 0 D : mv2112_read_status
01-01 08:11:03.333 0 0 D mv2112_update_link: 3.0x901(1G): 0x80
01-01 08:11:03.333 0 0 D mv2112_update_link: 3.0x8109(100M): 0x0
01-01 08:11:03.333 0 0 D mv2112_update_link: link 0x0
01-01 08:11:03.333 0 0 D mv2112_read_status: autoneg is disabled
01-01 08:11:03.385 0 0 I binder : 18787:18787 ioctl 40046210 ffc619d8 returned -22
