01-01 08:17:15.365 0 0 D mv2112_update_link: link 0x0
01-01 08:17:15.365 0 0 D mv2112_read_status: autoneg is disabled
01-01 08:17:15.641 0 0 E init : Control message: Could not find 'android.frameworks.sensorservice@1.0::ISensorManager/default' for ctl.interface_start from pid: 517 (/system/bin/hwservicemanager)
01-01 08:17:15.676 0 0 E init : Control message: Could not find 'android.frameworks.sensorservice@1.0::ISensorManager/default' for ctl.interface_start from pid: 517 (/system/bin/hwservicemanager)
01-01 08:17:16.077 0 0 I init : starting service 'qvrd_vndr'...
01-01 08:17:16.078 0 0 I init : Created socket '/dev/socket/qvrservice_vndr', mode 660, user 1000, group 1000
01-01 08:17:16.079 0 0 I init : Created socket '/dev/socket/qvrservice_vndr_camera', mode 660, user 1000, group 1000
01-01 08:17:16.088 0 0 I init : starting service 'sxrd'...
01-01 08:17:16.099 0 0 I init : starting service 'vendor.audio-hal'...
01-01 08:17:16.095 29070 29070 F linker : CANNOT LINK EXECUTABLE "/vendor/bin/hw/qvrservice": library "vendor.qti.hardware.qxr-V1-ndk_platform.so" not found: needed by /vendor/lib64/libqvrservice.so in namespace (default)
01-01 08:17:16.098 29071 29071 F linker : CANNOT LINK EXECUTABLE "/vendor/bin/hw/sxrservice": library "vendor.qti.hardware.qxr-V1-ndk_platform.so" not found: needed by main executable
01-01 08:17:16.108 0 0 I init : Service 'qvrd_vndr' (pid 29070) exited with status 1
01-01 08:17:16.108 0 0 I init : Sending signal 9 to service 'qvrd_vndr' (pid 29070) process group...
01-01 08:17:16.109 0 0 I libprocessgroup: Successfully killed process cgroup uid 1000 pid 29070 in 0ms
01-01 08:17:16.388 0 0 D : mv2112_read_status
01-01 08:17:16.389 0 0 D mv2112_update_link: 3.0x901(1G): 0x80
01-01 08:17:16.389 0 0 D mv2112_update_link: 3.0x8109(100M): 0x0
01-01 08:17:16.389 0 0 D mv2112_update_link: link 0x0
01-01 08:17:16.389 0 0 D mv2112_read_status: autoneg is disabled
01-01 08:17:16.478 0 0 I binder : 29079:29079 ioctl 40046210 7ffc502dc4 returned -22
01-01 08:17:16.479 0 0 I binder : 29079:29079 ioctl 40046210 7ffc502de4 returned -22
01-01 08:17:16.963 0 0 E : msm_qti_pp_get_rms_value_control, back not active to query rms be_idx:3
01-01 08:17:16.983 0 0 I core_get_license_status: cmdrsp_license_result.result = 0x15 for module 0x131ff
01-01 08:17:16.984 0 0 E msm_ext_disp_update_audio_ops: Display not found (EXT_DISPLAY_TYPE_DP) ctld (0) stream (0)
01-01 08:17:16.993 0 0 E msm_ext_disp_update_audio_ops: Display not found (EXT_DISPLAY_TYPE_HDMI) ctld (0) stream (0)
01-01 08:17:17.003 0 0 E msm_ext_disp_update_audio_ops: Display not found (EXT_DISPLAY_TYPE_DP) ctld (0) stream (0)
01-01 08:17:17.013 0 0 E msm_ext_disp_update_audio_ops: Display not found (EXT_DISPLAY_TYPE_DP) ctld (0) stream (0)
01-01 08:17:17.023 0 0 E msm_ext_disp_update_audio_ops: Display not found (EXT_DISPLAY_TYPE_DP) ctld (0) stream (0)
01-01 08:17:17.033 0 0 E msm-ext-disp-audio-codec-rx soc: qcom,msm-ext-disp:qcom,msm-ext-disp-audio-codec-rx: msm_ext_disp_audio_type_get: get_audio_edid_blk() or get_intf_id is NULL
01-01 08:17:17.049 0 0 E msm_ext_disp_update_audio_ops: Display not found (EXT_DISPLAY_TYPE_DP) ctld (0) stream (0)
01-01 08:17:17.058 0 0 E msm-ext-disp-audio-codec-rx soc: qcom,msm-ext-disp:qcom,msm-ext-disp-audio-codec-rx: msm_ext_disp_audio_type_get: get_audio_edid_blk() or get_intf_id is NULL
01-01 08:17:17.074 0 0 E msm_ext_disp_update_audio_ops: Display not found (EXT_DISPLAY_TYPE_DP) ctld (0) stream (0)
01-01 08:17:17.084 0 0 E msm-ext-disp-audio-codec-rx soc: qcom,msm-ext-disp:qcom,msm-ext-disp-audio-codec-rx: msm_ext_disp_audio_type_get: get_audio_edid_blk() or get_intf_id is NULL
01-01 08:17:17.101 0 0 E msm-ext-disp-audio-codec-rx soc: qcom,msm-ext-disp:qcom,msm-ext-disp-audio-codec-rx: msm_ext_disp_audio_device_get: invalid dai id: 4
01-01 08:17:17.164 0 0 E : msm_pcm_volume_ctl_get substream not found
01-01 08:17:17.412 0 0 D : mv2112_read_status
01-01 08:17:17.413 0 0 D mv2112_update_link: 3.0x901(1G): 0x80
01-01 08:17:17.413 0 0 D mv2112_update_link: 3.0x8109(100M): 0x0
01-01 08:17:17.413 0 0 D mv2112_update_link: link 0x0
01-01 08:17:17.413 0 0 D mv2112_read_status: autoneg is disabled
01-01 08:17:17.528 0 0 E : msm_qti_pp_get_rms_value_control, back not active to query rms be_idx:3
01-01 08:17:17.548 0 0 I core_get_license_status: cmdrsp_license_result.result = 0x15 for module 0x131ff
01-01 08:17:17.549 0 0 E msm_ext_disp_update_audio_ops: Display not found (EXT_DISPLAY_TYPE_DP) ctld (0) stream (0)
01-01 08:17:17.559 0 0 E msm_ext_disp_update_audio_ops: Display not found (EXT_DISPLAY_TYPE_HDMI) ctld (0) stream (0)
01-01 08:17:17.569 0 0 E msm_ext_disp_update_audio_ops: Display not found (EXT_DISPLAY_TYPE_DP) ctld (0) stream (0)
01-01 08:17:17.579 0 0 E msm_ext_disp_update_audio_ops: Display not found (EXT_DISPLAY_TYPE_DP) ctld (0) stream (0)
01-01 08:17:17.589 0 0 E msm_ext_disp_update_audio_ops: Display not found (EXT_DISPLAY_TYPE_DP) ctld (0) stream (0)
01-01 08:17:17.599 0 0 E msm-ext-disp-audio-codec-rx soc: qcom,msm-ext-disp:qcom,msm-ext-disp-audio-codec-rx: msm_ext_disp_audio_type_get: get_audio_edid_blk() or get_intf_id is NULL
01-01 08:17:17.615 0 0 E msm_ext_disp_update_audio_ops: Display not found (EXT_DISPLAY_TYPE_DP) ctld (0) stream (0)
01-01 08:17:17.625 0 0 E msm-ext-disp-audio-codec-rx soc: qcom,msm-ext-disp:qcom,msm-ext-disp-audio-codec-rx: msm_ext_disp_audio_type_get: get_audio_edid_blk() or get_intf_id is NULL
01-01 08:17:17.641 0 0 E msm_ext_disp_update_audio_ops: Display not found (EXT_DISPLAY_TYPE_DP) ctld (0) stream (0)
01-01 08:17:17.650 0 0 E msm-ext-disp-audio-codec-rx soc: qcom,msm-ext-disp:qcom,msm-ext-disp-audio-codec-rx: msm_ext_disp_audio_type_get: get_audio_edid_blk() or get_intf_id is NULL
01-01 08:17:17.667 0 0 E msm-ext-disp-audio-codec-rx soc: qcom,msm-ext-disp:qcom,msm-ext-disp-audio-codec-rx: msm_ext_disp_audio_device_get: invalid dai id: 4
01-01 08:17:17.694 0 0 I binder : 29106:29106 ioctl 40046210 7fd64bb304 returned -22
01-01 08:17:17.726 0 0 E : msm_pcm_volume_ctl_get substream not found
01-01 08:17:17.905 0 0 I binder : 29124:29124 ioctl 40046210 7ff2016344 returned -22
01-01 08:17:17.910 0 0 I binder : 29124:29124 ioctl 40046210 7ff2016554 returned -22
01-01 08:17:18.010 0 0 I binder : 29106:29106 ioctl 40046210 7fd64baa04 returned -22
01-01 08:17:18.192 29106 29106 E AndroidRuntime: *** FATAL EXCEPTION IN SYSTEM PROCESS: main
01-01 08:17:18.192 29106 29106 E AndroidRuntime: java.lang.NullPointerException: Attempt to read from field 'java.lang.String com.android.server.pm.Settings$VersionInfo.fingerprint' on a null object reference
01-01 08:17:18.192 29106 29106 E AndroidRuntime: at com.android.server.pm.PackageManagerService.(PackageManagerService.java:7608)
01-01 08:17:18.192 29106 29106 E AndroidRuntime: at com.android.server.pm.PackageManagerService.main(PackageManagerService.java:7116)
01-01 08:17:18.192 29106 29106 E AndroidRuntime: at com.android.server.SystemServer.startBootstrapServices(SystemServer.java:1168)
01-01 08:17:18.192 29106 29106 E AndroidRuntime: at com.android.server.SystemServer.run(SystemServer.java:882)
01-01 08:17:18.192 29106 29106 E AndroidRuntime: at com.android.server.SystemServer.main(SystemServer.java:615)
01-01 08:17:18.192 29106 29106 E AndroidRuntime: at java.lang.reflect.Method.invoke(Native Method)
01-01 08:17:18.192 29106 29106 E AndroidRuntime: at com.android.internal.os.RuntimeInit$MethodAndArgsCaller.run(RuntimeInit.java:548)
01-01 08:17:18.192 29106 29106 E AndroidRuntime: at com.android.internal.os.ZygoteInit.main(ZygoteInit.java:987)
01-01 08:17:18.193 29106 29106 E AndroidRuntime: Error reporting crash
01-01 08:17:18.193 29106 29106 E AndroidRuntime: java.lang.NullPointerException: Attempt to invoke interface method 'void android.app.IActivityManager.handleApplicationCrash(android.os.IBinder, android.app.ApplicationErrorReport$ParcelableCrashInfo)' on a null object reference
01-01 08:17:18.193 29106 29106 E AndroidRuntime: at com.android.internal.os.RuntimeInit$KillApplicationHandler.uncaughtException(RuntimeInit.java:156)
01-01 08:17:18.193 29106 29106 E AndroidRuntime: at java.lang.ThreadGroup.uncaughtException(ThreadGroup.java:1073)
01-01 08:17:18.193 29106 29106 E AndroidRuntime: at java.lang.ThreadGroup.uncaughtException(ThreadGroup.java:1068)
01-01 08:17:18.193 29106 29106 E AndroidRuntime: at java.lang.Thread.dispatchUncaughtException(Thread.java:2200)
01-01 08:17:18.345 0 0 I binder : 29186:29186 ioctl 40046210 7fd64b4a14 returned -22
01-01 08:17:18.345 0 0 D ProcessState: Binder ioctl to enable oneway spam detection failed: Invalid argument
01-01 08:17:18.346 0 0 D vdc : Waited 0ms for vold
01-01 08:17:18.436 0 0 D : mv2112_read_status
01-01 08:17:18.437 0 0 D mv2112_update_link: 3.0x901(1G): 0x80
01-01 08:17:18.437 0 0 D mv2112_update_link: 3.0x8109(100M): 0x0
01-01 08:17:18.437 0 0 D mv2112_update_link: link 0x0
01-01 08:17:18.437 0 0 D mv2112_read_status: autoneg is disabled
01-01 08:17:19.110 0 0 I binder : 29194:29194 ioctl 40046210 7fea9c56e4 returned -22
01-01 08:17:19.112 0 0 I binder : 29194:29194 ioctl 40046210 7fea9c5664 returned -22
01-01 08:17:19.301 0 0 I binder : 29193:29193 ioctl 40046210 ffebebf8 returned -22
01-01 08:17:19.304 0 0 I binder : 29193:29193 ioctl 40046210 ffebebe0 returned -22
01-01 08:17:19.460 0 0 D : mv2112_read_status
01-01 08:17:19.461 0 0 D mv2112_update_link: 3.0x901(1G): 0x80
01-01 08:17:19.461 0 0 D mv2112_update_link: 3.0x8109(100M): 0x0
01-01 08:17:19.461 0 0 D mv2112_update_link: link 0x0
01-01 08:17:19.461 0 0 D mv2112_read_status: autoneg is disabled
01-01 08:17:19.669 0 0 I binder : 29192:29192 ioctl 40046210 7fe7f39a84 returned -22
01-01 08:17:19.671 0 0 I binder : 29192:29192 ioctl 40046210 7fe7f39aa4 returned -22
01-01 08:17:20.484 0 0 D : mv2112_read_status
01-01 08:17:20.485 0 0 D mv2112_update_link: 3.0x901(1G): 0x80
01-01 08:17:20.485 0 0 D mv2112_update_link: 3.0x8109(100M): 0x0
01-01 08:17:20.485 0 0 D mv2112_update_link: link 0x0
01-01 08:17:20.485 0 0 D mv2112_read_status: autoneg is disabled
01-01 08:17:20.649 0 0 E init : Control message: Could not find 'android.frameworks.sensorservice@1.0::ISensorManager/default' for ctl.interface_start from pid: 517 (/system/bin/hwservicemanager)
01-01 08:17:20.689 0 0 E init : Control message: Could not find 'android.frameworks.sensorservice@1.0::ISensorManager/default' for ctl.interface_start from pid: 517 (/system/bin/hwservicemanager)
01-01 08:17:21.085 0 0 I init : starting service 'qvrd_vndr'...
01-01 08:17:21.086 0 0 I init : Created socket '/dev/socket/qvrservice_vndr', mode 660, user 1000, group 1000
01-01 08:17:21.086 0 0 I init : Created socket '/dev/socket/qvrservice_vndr_camera', mode 660, user 1000, group 1000
01-01 08:17:21.096 0 0 I init : starting service 'sxrd'...
01-01 08:17:21.105 0 0 I init : starting service 'vendor.audio-hal'...
01-01 08:17:21.102 29206 29206 F linker : CANNOT LINK EXECUTABLE "/vendor/bin/hw/qvrservice": library "vendor.qti.hardware.qxr-V1-ndk_platform.so" not found: needed by /vendor/lib64/libqvrservice.so in namespace (default)
01-01 08:17:21.106 29207 29207 F linker : CANNOT LINK EXECUTABLE "/vendor/bin/hw/sxrservice": library "vendor.qti.hardware.qxr-V1-ndk_platform.so" not found: needed by main executable
01-01 08:17:21.114 0 0 I init : Service 'qvrd_vndr' (pid 29206) exited with status 1
01-01 08:17:21.114 0 0 I init : Sending signal 9 to service 'qvrd_vndr' (pid 29206) process group...
01-01 08:17:21.114 0 0 I libprocessgroup: Successfully killed process cgroup uid 1000 pid 29206 in 0ms
01-01 08:17:21.485 0 0 I binder : 29215:29215 ioctl 40046210 7ffb4cb554 returned -22
01-01 08:17:21.486 0 0 I binder : 29215:29215 ioctl 40046210 7ffb4cb574 returned -22
01-01 08:17:21.508 0 0 D : mv2112_read_status
01-01 08:17:21.509 0 0 D mv2112_update_link: 3.0x901(1G): 0x80
01-01 08:17:21.509 0 0 D mv2112_update_link: 3.0x8109(100M): 0x0
01-01 08:17:21.509 0 0 D mv2112_update_link: link 0x0
01-01 08:17:21.509 0 0 D mv2112_read_status: autoneg is disabled
01-01 08:17:21.991 0 0 E : msm_qti_pp_get_rms_value_control, back not active to query rms be_idx:3
01-01 08:17:22.010 0 0 I core_get_license_status: cmdrsp_license_result.result = 0x15 for module 0x131ff
01-01 08:17:22.011 0 0 E msm_ext_disp_update_audio_ops: Display not found (EXT_DISPLAY_TYPE_DP) ctld (0) stream (0)
01-01 08:17:22.021 0 0 E msm_ext_disp_update_audio_ops: Display not found (EXT_DISPLAY_TYPE_HDMI) ctld (0) stream (0)
01-01 08:17:22.031 0 0 E msm_ext_disp_update_audio_ops: Display not found (EXT_DISPLAY_TYPE_DP) ctld (0) stream (0)
01-01 08:17:22.041 0 0 E msm_ext_disp_update_audio_ops: Display not found (EXT_DISPLAY_TYPE_DP) ctld (0) stream (0)
01-01 08:17:22.051 0 0 E msm_ext_disp_update_audio_ops: Display not found (EXT_DISPLAY_TYPE_DP) ctld (0) stream (0)
01-01 08:17:22.060 0 0 E msm-ext-disp-audio-codec-rx soc: qcom,msm-ext-disp:qcom,msm-ext-disp-audio-codec-rx: msm_ext_disp_audio_type_get: get_audio_edid_blk() or get_intf_id is NULL
01-01 08:17:22.077 0 0 E msm_ext_disp_update_audio_ops: Display not found (EXT_DISPLAY_TYPE_DP) ctld (0) stream (0)
01-01 08:17:22.086 0 0 E msm-ext-disp-audio-codec-rx soc: qcom,msm-ext-disp:qcom,msm-ext-disp-audio-codec-rx: msm_ext_disp_audio_type_get: get_audio_edid_blk() or get_intf_id is NULL
01-01 08:17:22.102 0 0 E msm_ext_disp_update_audio_ops: Display not found (EXT_DISPLAY_TYPE_DP) ctld (0) stream (0)
01-01 08:17:22.112 0 0 E msm-ext-disp-audio-codec-rx soc: qcom,msm-ext-disp:qcom,msm-ext-disp-audio-codec-rx: msm_ext_disp_audio_type_get: get_audio_edid_blk() or get_intf_id is NULL
01-01 08:17:22.129 0 0 E msm-ext-disp-audio-codec-rx soc: qcom,msm-ext-disp:qcom,msm-ext-disp-audio-codec-rx: msm_ext_disp_audio_device_get: invalid dai id: 4
01-01 08:17:22.192 0 0 E : msm_pcm_volume_ctl_get substream not found
01-01 08:17:22.532 0 0 D : mv2112_read_status
01-01 08:17:22.533 0 0 D mv2112_update_link: 3.0x901(1G): 0x80
01-01 08:17:22.533 0 0 D mv2112_update_link: 3.0x8109(100M): 0x0
01-01 08:17:22.533 0 0 D mv2112_update_link: link 0x0
01-01 08:17:22.533 0 0 D mv2112_read_status: autoneg is disabled
01-01 08:17:22.551 0 0 E : msm_qti_pp_get_rms_value_control, back not active to query rms be_idx:3
01-01 08:17:22.571 0 0 I core_get_license_status: cmdrsp_license_result.result = 0x15 for module 0x131ff
01-01 08:17:22.572 0 0 E msm_ext_disp_update_audio_ops: Display not found (EXT_DISPLAY_TYPE_DP) ctld (0) stream (0)
01-01 08:17:22.582 0 0 E msm_ext_disp_update_audio_ops: Display not found (EXT_DISPLAY_TYPE_HDMI) ctld (0) stream (0)
01-01 08:17:22.592 0 0 E msm_ext_disp_update_audio_ops: Display not found (EXT_DISPLAY_TYPE_DP) ctld (0) stream (0)
01-01 08:17:22.602 0 0 E msm_ext_disp_update_audio_ops: Display not found (EXT_DISPLAY_TYPE_DP) ctld (0) stream (0)
01-01 08:17:22.612 0 0 E msm_ext_disp_update_audio_ops: Display not found (EXT_DISPLAY_TYPE_DP) ctld (0) stream (0)
01-01 08:17:22.621 0 0 E msm-ext-disp-audio-codec-rx soc: qcom,msm-ext-disp:qcom,msm-ext-disp-audio-codec-rx: msm_ext_disp_audio_type_get: get_audio_edid_blk() or get_intf_id is NULL
01-01 08:17:22.637 0 0 E msm_ext_disp_update_audio_ops: Display not found (EXT_DISPLAY_TYPE_DP) ctld (0) stream (0)
01-01 08:17:22.647 0 0 E msm-ext-disp-audio-codec-rx soc: qcom,msm-ext-disp:qcom,msm-ext-disp-audio-codec-rx: msm_ext_disp_audio_type_get: get_audio_edid_blk() or get_intf_id is NULL
01-01 08:17:22.663 0 0 E msm_ext_disp_update_audio_ops: Display not found (EXT_DISPLAY_TYPE_DP) ctld (0) stream (0)
01-01 08:17:22.672 0 0 E msm-ext-disp-audio-codec-rx soc: qcom,msm-ext-disp:qcom,msm-ext-disp-audio-codec-rx: msm_ext_disp_audio_type_get: get_audio_edid_blk() or get_intf_id is NULL
01-01 08:17:22.689 0 0 E msm-ext-disp-audio-codec-rx soc: qcom,msm-ext-disp:qcom,msm-ext-disp-audio-codec-rx: msm_ext_disp_audio_device_get: invalid dai id: 4
01-01 08:17:22.690 0 0 I binder : 29241:29241 ioctl 40046210 7fdbd98734 returned -22
01-01 08:17:22.746 0 0 E : msm_pcm_volume_ctl_get substream not found
01-01 08:17:22.925 0 0 I binder : 29259:29259 ioctl 40046210 7fe90a77e4 returned -22
01-01 08:17:22.931 0 0 I binder : 29259:29259 ioctl 40046210 7fe90a79f4 returned -22
01-01 08:17:23.018 0 0 I binder : 29241:29241 ioctl 40046210 7fdbd97e34 returned -22
01-01 08:17:23.192 29241 29241 E AndroidRuntime: *** FATAL EXCEPTION IN SYSTEM PROCESS: main
01-01 08:17:23.192 29241 29241 E AndroidRuntime: java.lang.NullPointerException: Attempt to read from field 'java.lang.String com.android.server.pm.Settings$VersionInfo.fingerprint' on a null object reference
01-01 08:17:23.192 29241 29241 E AndroidRuntime: at com.android.server.pm.PackageManagerService.(PackageManagerService.java:7608)
01-01 08:17:23.192 29241 29241 E AndroidRuntime: at com.android.server.pm.PackageManagerService.main(PackageManagerService.java:7116)
01-01 08:17:23.192 29241 29241 E AndroidRuntime: at com.android.server.SystemServer.startBootstrapServices(SystemServer.java:1168)
01-01 08:17:23.192 29241 29241 E AndroidRuntime: at com.android.server.SystemServer.run(SystemServer.java:882)
01-01 08:17:23.192 29241 29241 E AndroidRuntime: at com.android.server.SystemServer.main(SystemServer.java:615)
01-01 08:17:23.192 29241 29241 E AndroidRuntime: at java.lang.reflect.Method.invoke(Native Method)
01-01 08:17:23.192 29241 29241 E AndroidRuntime: at com.android.internal.os.RuntimeInit$MethodAndArgsCaller.run(RuntimeInit.java:548)
01-01 08:17:23.192 29241 29241 E AndroidRuntime: at com.android.internal.os.ZygoteInit.main(ZygoteInit.java:987)
01-01 08:17:23.193 29241 29241 E AndroidRuntime: Error reporting crash
01-01 08:17:23.193 29241 29241 E AndroidRuntime: java.lang.NullPointerException: Attempt to invoke interface method 'void android.app.IActivityManager.handleApplicationCrash(android.os.IBinder, android.app.ApplicationErrorReport$ParcelableCrashInfo)' on a null object reference
01-01 08:17:23.193 29241 29241 E AndroidRuntime: at com.android.internal.os.RuntimeInit$KillApplicationHandler.uncaughtException(RuntimeInit.java:156)
01-01 08:17:23.193 29241 29241 E AndroidRuntime: at java.lang.ThreadGroup.uncaughtException(ThreadGroup.java:1073)
01-01 08:17:23.193 29241 29241 E AndroidRuntime: at java.lang.ThreadGroup.uncaughtException(ThreadGroup.java:1068)
01-01 08:17:23.193 29241 29241 E AndroidRuntime: at java.lang.Thread.dispatchUncaughtException(Thread.java:2200)
01-01 08:17:23.342 0 0 I binder : 29317:29317 ioctl 40046210 7fd26ad1c4 returned -22
01-01 08:17:23.342 0 0 D ProcessState: Binder ioctl to enable oneway spam detection failed: Invalid argument
01-01 08:17:23.343 0 0 D vdc : Waited 0ms for vold
01-01 08:17:23.556 0 0 D : mv2112_read_status
01-01 08:17:23.557 0 0 D mv2112_update_link: 3.0x901(1G): 0x80
01-01 08:17:23.557 0 0 D mv2112_update_link: 3.0x8109(100M): 0x0
01-01 08:17:23.557 0 0 D mv2112_update_link: link 0x0
01-01 08:17:23.557 0 0 D mv2112_read_status: autoneg is disabled
01-01 08:17:24.120 0 0 I binder : 29323:29323 ioctl 40046210 7ffedab6b4 returned -22
01-01 08:17:24.122 0 0 I binder : 29323:29323 ioctl 40046210 7ffedab634 returned -22
01-01 08:17:24.305 0 0 I binder : 29322:29322 ioctl 40046210 ffd55cb8 returned -22
01-01 08:17:24.307 0 0 I binder : 29322:29322 ioctl 40046210 ffd55ca0 returned -22
01-01 08:17:24.580 0 0 D : mv2112_read_status
01-01 08:17:24.581 0 0 D mv2112_update_link: 3.0x901(1G): 0x80
01-01 08:17:24.581 0 0 D mv2112_update_link: 3.0x8109(100M): 0x0
01-01 08:17:24.581 0 0 D mv2112_update_link: link 0x0
01-01 08:17:24.581 0 0 D mv2112_read_status: autoneg is disabled
01-01 08:17:24.688 0 0 I binder : 29321:29321 ioctl 40046210 7fc41f36d4 returned -22
01-01 08:17:24.690 0 0 I binder : 29321:29321 ioctl 40046210 7fc41f36f4 returned -22
01-01 08:17:25.604 0 0 D : mv2112_read_status
01-01 08:17:25.605 0 0 D mv2112_update_link: 3.0x901(1G): 0x80
01-01 08:17:25.605 0 0 D mv2112_update_link: 3.0x8109(100M): 0x0
01-01 08:17:25.605 0 0 D mv2112_update_link: link 0x0
01-01 08:17:25.605 0 0 D mv2112_read_status: autoneg is disabled
01-01 08:17:25.654 0 0 E init : Control message: Could not find 'android.frameworks.sensorservice@1.0::ISensorManager/default' for ctl.interface_start from pid: 517 (/system/bin/hwservicemanager)
01-01 08:17:25.706 0 0 E init : Control message: Could not find 'android.frameworks.sensorservice@1.0::ISensorManager/default' for ctl.interface_start from pid: 517 (/system/bin/hwservicemanager)
01-01 08:17:26.093 0 0 I init : starting service 'qvrd_vndr'...
01-01 08:17:26.094 0 0 I init : Created socket '/dev/socket/qvrservice_vndr', mode 660, user 1000, group 1000
01-01 08:17:26.095 0 0 I init : Created socket '/dev/socket/qvrservice_vndr_camera', mode 660, user 1000, group 1000
01-01 08:17:26.104 0 0 I init : starting service 'sxrd'...
01-01 08:17:26.113 0 0 I init : starting service 'vendor.audio-hal'...
01-01 08:17:26.110 29335 29335 F linker : CANNOT LINK EXECUTABLE "/vendor/bin/hw/qvrservice": library "vendor.qti.hardware.qxr-V1-ndk_platform.so" not found: needed by /vendor/lib64/libqvrservice.so in namespace (default)
01-01 08:17:26.114 29336 29336 F linker : CANNOT LINK EXECUTABLE "/vendor/bin/hw/sxrservice": library "vendor.qti.hardware.qxr-V1-ndk_platform.so" not found: needed by main executable
01-01 08:17:26.123 0 0 I init : Service 'qvrd_vndr' (pid 29335) exited with status 1
01-01 08:17:26.123 0 0 I init : Sending signal 9 to service 'qvrd_vndr' (pid 29335) process group...
01-01 08:17:26.123 0 0 I libprocessgroup: Successfully killed process cgroup uid 1000 pid 29335 in 0ms
01-01 08:17:26.515 0 0 I binder : 29344:29344 ioctl 40046210 7ff3fa38c4 returned -22
01-01 08:17:26.515 0 0 I binder : 29344:29344 ioctl 40046210 7ff3fa38e4 returned -22
01-01 08:17:26.628 0 0 D : mv2112_read_status
01-01 08:17:26.629 0 0 D mv2112_update_link: 3.0x901(1G): 0x80
01-01 08:17:26.629 0 0 D mv2112_update_link: 3.0x8109(100M): 0x0
01-01 08:17:26.629 0 0 D mv2112_update_link: link 0x0
01-01 08:17:26.629 0 0 D mv2112_read_status: autoneg is disabled
01-01 08:17:27.083 0 0 E : msm_qti_pp_get_rms_value_control, back not active to query rms be_idx:3
01-01 08:17:27.105 0 0 I core_get_license_status: cmdrsp_license_result.result = 0x15 for module 0x131ff
01-01 08:17:27.106 0 0 E msm_ext_disp_update_audio_ops: Display not found (EXT_DISPLAY_TYPE_DP) ctld (0) stream (0)
01-01 08:17:27.116 0 0 E msm_ext_disp_update_audio_ops: Display not found (EXT_DISPLAY_TYPE_HDMI) ctld (0) stream (0)
01-01 08:17:27.126 0 0 E msm_ext_disp_update_audio_ops: Display not found (EXT_DISPLAY_TYPE_DP) ctld (0) stream (0)
01-01 08:17:27.135 0 0 E msm_ext_disp_update_audio_ops: Display not found (EXT_DISPLAY_TYPE_DP) ctld (0) stream (0)
01-01 08:17:27.145 0 0 E msm_ext_disp_update_audio_ops: Display not found (EXT_DISPLAY_TYPE_DP) ctld (0) stream (0)
01-01 08:17:27.155 0 0 E msm-ext-disp-audio-codec-rx soc: qcom,msm-ext-disp:qcom,msm-ext-disp-audio-codec-rx: msm_ext_disp_audio_type_get: get_audio_edid_blk() or get_intf_id is NULL
01-01 08:17:27.171 0 0 E msm_ext_disp_update_audio_ops: Display not found (EXT_DISPLAY_TYPE_DP) ctld (0) stream (0)
01-01 08:17:27.181 0 0 E msm-ext-disp-audio-codec-rx soc: qcom,msm-ext-disp:qcom,msm-ext-disp-audio-codec-rx: msm_ext_disp_audio_type_get: get_audio_edid_blk() or get_intf_id is NULL
01-01 08:17:27.197 0 0 E msm_ext_disp_update_audio_ops: Display not found (EXT_DISPLAY_TYPE_DP) ctld (0) stream (0)
01-01 08:17:27.206 0 0 E msm-ext-disp-audio-codec-rx soc: qcom,msm-ext-disp:qcom,msm-ext-disp-audio-codec-rx: msm_ext_disp_audio_type_get: get_audio_edid_blk() or get_intf_id is NULL
01-01 08:17:27.223 0 0 E msm-ext-disp-audio-codec-rx soc: qcom,msm-ext-disp:qcom,msm-ext-disp-audio-codec-rx: msm_ext_disp_audio_device_get: invalid dai id: 4
01-01 08:17:27.292 0 0 E : msm_pcm_volume_ctl_get substream not found
01-01 08:17:27.540 0 0 E : msm_qti_pp_get_rms_value_control, back not active to query rms be_idx:3
01-01 08:17:27.560 0 0 I core_get_license_status: cmdrsp_license_result.result = 0x15 for module 0x131ff
01-01 08:17:27.561 0 0 E msm_ext_disp_update_audio_ops: Display not found (EXT_DISPLAY_TYPE_DP) ctld (0) stream (0)
01-01 08:17:27.571 0 0 E msm_ext_disp_update_audio_ops: Display not found (EXT_DISPLAY_TYPE_HDMI) ctld (0) stream (0)
01-01 08:17:27.581 0 0 E msm_ext_disp_update_audio_ops: Display not found (EXT_DISPLAY_TYPE_DP) ctld (0) stream (0)
01-01 08:17:27.591 0 0 E msm_ext_disp_update_audio_ops: Display not found (EXT_DISPLAY_TYPE_DP) ctld (0) stream (0)
01-01 08:17:27.601 0 0 E msm_ext_disp_update_audio_ops: Display not found (EXT_DISPLAY_TYPE_DP) ctld (0) stream (0)
01-01 08:17:27.610 0 0 E msm-ext-disp-audio-codec-rx soc: qcom,msm-ext-disp:qcom,msm-ext-disp-audio-codec-rx: msm_ext_disp_audio_type_get: get_audio_edid_blk() or get_intf_id is NULL
01-01 08:17:27.626 0 0 E msm_ext_disp_update_audio_ops: Display not found (EXT_DISPLAY_TYPE_DP) ctld (0) stream (0)
01-01 08:17:27.636 0 0 E msm-ext-disp-audio-codec-rx soc: qcom,msm-ext-disp:qcom,msm-ext-disp-audio-codec-rx: msm_ext_disp_audio_type_get: get_audio_edid_blk() or get_intf_id is NULL
01-01 08:17:27.652 0 0 E msm_ext_disp_update_audio_ops: Display not found (EXT_DISPLAY_TYPE_DP) ctld (0) stream (0)
01-01 08:17:27.662 0 0 D : mv2112_read_status
01-01 08:17:27.662 0 0 D mv2112_update_link: 3.0x901(1G): 0x80
01-01 08:17:27.662 0 0 D mv2112_update_link: 3.0x8109(100M): 0x0
01-01 08:17:27.662 0 0 D mv2112_update_link: link 0x0
01-01 08:17:27.662 0 0 D mv2112_read_status: autoneg is disabled
01-01 08:17:27.662 0 0 E msm-ext-disp-audio-codec-rx soc: qcom,msm-ext-disp:qcom,msm-ext-disp-audio-codec-rx: msm_ext_disp_audio_type_get: get_audio_edid_blk() or get_intf_id is NULL
01-01 08:17:27.679 0 0 E msm-ext-disp-audio-codec-rx soc: qcom,msm-ext-disp:qcom,msm-ext-disp-audio-codec-rx: msm_ext_disp_audio_device_get: invalid dai id: 4
01-01 08:17:27.738 0 0 E : msm_pcm_volume_ctl_get substream not found
01-01 08:17:27.784 0 0 I binder : 29371:29371 ioctl 40046210 7fdb94ffe4 returned -22
01-01 08:17:27.940 0 0 I binder : 29378:29378 ioctl 40046210 7fe039d6c4 returned -22
01-01 08:17:27.944 0 0 I binder : 29378:29378 ioctl 40046210 7fe039d8d4 returned -22
01-01 08:17:28.091 0 0 I binder : 29371:29371 ioctl 40046210 7fdb94f6e4 returned -22
01-01 08:17:28.283 29371 29371 E AndroidRuntime: *** FATAL EXCEPTION IN SYSTEM PROCESS: main
01-01 08:17:28.283 29371 29371 E AndroidRuntime: java.lang.NullPointerException: Attempt to read from field 'java.lang.String com.android.server.pm.Settings$VersionInfo.fingerprint' on a null object reference
01-01 08:17:28.283 29371 29371 E AndroidRuntime: at com.android.server.pm.PackageManagerService.(PackageManagerService.java:7608)
01-01 08:17:28.283 29371 29371 E AndroidRuntime: at com.android.server.pm.PackageManagerService.main(PackageManagerService.java:7116)
01-01 08:17:28.283 29371 29371 E AndroidRuntime: at com.android.server.SystemServer.startBootstrapServices(SystemServer.java:1168)
01-01 08:17:28.283 29371 29371 E AndroidRuntime: at com.android.server.SystemServer.run(SystemServer.java:882)
01-01 08:17:28.283 29371 29371 E AndroidRuntime: at com.android.server.SystemServer.main(SystemServer.java:615)
01-01 08:17:28.283 29371 29371 E AndroidRuntime: at java.lang.reflect.Method.invoke(Native Method)
01-01 08:17:28.283 29371 29371 E AndroidRuntime: at com.android.internal.os.RuntimeInit$MethodAndArgsCaller.run(RuntimeInit.java:548)
01-01 08:17:28.283 29371 29371 E AndroidRuntime: at com.android.internal.os.ZygoteInit.main(ZygoteInit.java:987)
01-01 08:17:28.284 29371 29371 E AndroidRuntime: Error reporting crash
01-01 08:17:28.284 29371 29371 E AndroidRuntime: java.lang.NullPointerException: Attempt to invoke interface method 'void android.app.IActivityManager.handleApplicationCrash(android.os.IBinder, android.app.ApplicationErrorReport$ParcelableCrashInfo)' on a null object reference
01-01 08:17:28.284 29371 29371 E AndroidRuntime: at com.android.internal.os.RuntimeInit$KillApplicationHandler.uncaughtException(RuntimeInit.java:156)
01-01 08:17:28.284 29371 29371 E AndroidRuntime: at java.lang.ThreadGroup.uncaughtException(ThreadGroup.java:1073)
01-01 08:17:28.284 29371 29371 E AndroidRuntime: at java.lang.ThreadGroup.uncaughtException(ThreadGroup.java:1068)
01-01 08:17:28.284 29371 29371 E AndroidRuntime: at java.lang.Thread.dispatchUncaughtException(Thread.java:2200)
01-01 08:17:28.431 0 0 I binder : 29458:29458 ioctl 40046210 7fc4051dc4 returned -22
01-01 08:17:28.432 0 0 D ProcessState: Binder ioctl to enable oneway spam detection failed: Invalid argument
01-01 08:17:28.433 0 0 D vdc : Waited 0ms for vold
01-01 08:17:28.676 0 0 D : mv2112_read_status
01-01 08:17:28.677 0 0 D mv2112_update_link: 3.0x901(1G): 0x80
01-01 08:17:28.677 0 0 D mv2112_update_link: 3.0x8109(100M): 0x0
01-01 08:17:28.677 0 0 D mv2112_update_link: link 0x0
01-01 08:17:28.677 0 0 D mv2112_read_status: autoneg is disabled
01-01 08:17:29.127 0 0 I binder : 29463:29463 ioctl 40046210 7fc1de0444 returned -22
01-01 08:17:29.128 0 0 I binder : 29463:29463 ioctl 40046210 7fc1de03c4 returned -22
01-01 08:17:29.315 0 0 I binder : 29462:29462 ioctl 40046210 ff920b08 returned -22
01-01 08:17:29.317 0 0 I binder : 29462:29462 ioctl 40046210 ff920af0 returned -22
01-01 08:17:29.689 0 0 I binder : 29461:29461 ioctl 40046210 7fd0675124 returned -22
01-01 08:17:29.691 0 0 I binder : 29461:29461 ioctl 40046210 7fd0675144 returned -22
01-01 08:17:29.700 0 0 D : mv2112_read_status
01-01 08:17:29.701 0 0 D mv2112_update_link: 3.0x901(1G): 0x80
01-01 08:17:29.701 0 0 D mv2112_update_link: 3.0x8109(100M): 0x0
01-01 08:17:29.701 0 0 D mv2112_update_link: link 0x0
01-01 08:17:29.701 0 0 D mv2112_read_status: autoneg is disabled
01-01 08:17:30.659 0 0 E init : Control message: Could not find 'android.frameworks.sensorservice@1.0::ISensorManager/default' for ctl.interface_start from pid: 517 (/system/bin/hwservicemanager)
01-01 08:17:30.711 0 0 E init : Control message: Could not find 'android.frameworks.sensorservice@1.0::ISensorManager/default' for ctl.interface_start from pid: 517 (/system/bin/hwservicemanager)
01-01 08:17:30.728 0 0 D : mv2112_read_status
01-01 08:17:30.729 0 0 D mv2112_update_link: 3.0x901(1G): 0x80
01-01 08:17:30.729 0 0 D mv2112_update_link: 3.0x8109(100M): 0x0
01-01 08:17:30.729 0 0 D mv2112_update_link: link 0x0
01-01 08:17:30.729 0 0 D mv2112_read_status: autoneg is disabled
01-01 08:17:31.102 0 0 I init : starting service 'qvrd_vndr'...
01-01 08:17:31.103 0 0 I init : Created socket '/dev/socket/qvrservice_vndr', mode 660, user 1000, group 1000
01-01 08:17:31.104 0 0 I init : Created socket '/dev/socket/qvrservice_vndr_camera', mode 660, user 1000, group 1000
01-01 08:17:31.114 0 0 I init : starting service 'sxrd'...
01-01 08:17:31.124 0 0 I init : starting service 'vendor.audio-hal'...
01-01 08:17:31.120 29475 29475 F linker : CANNOT LINK EXECUTABLE "/vendor/bin/hw/qvrservice": library "vendor.qti.hardware.qxr-V1-ndk_platform.so" not found: needed by /vendor/lib64/libqvrservice.so in namespace (default)
01-01 08:17:31.124 29476 29476 F linker : CANNOT LINK EXECUTABLE "/vendor/bin/hw/sxrservice": library "vendor.qti.hardware.qxr-V1-ndk_platform.so" not found: needed by main executable
01-01 08:17:31.133 0 0 I init : Service 'qvrd_vndr' (pid 29475) exited with status 1
01-01 08:17:31.133 0 0 I init : Sending signal 9 to service 'qvrd_vndr' (pid 29475) process group...
01-01 08:17:31.134 0 0 I libprocessgroup: Successfully killed process cgroup uid 1000 pid 29475 in 0ms
01-01 08:17:31.511 0 0 I binder : 29484:29484 ioctl 40046210 7ff53c4544 returned -22
01-01 08:17:31.511 0 0 I binder : 29484:29484 ioctl 40046210 7ff53c4564 returned -22
01-01 08:17:31.748 0 0 D : mv2112_read_status
01-01 08:17:31.749 0 0 D mv2112_update_link: 3.0x901(1G): 0x80
01-01 08:17:31.749 0 0 D mv2112_update_link: 3.0x8109(100M): 0x0
01-01 08:17:31.749 0 0 D mv2112_update_link: link 0x0
01-01 08:17:31.749 0 0 D mv2112_read_status: autoneg is disabled
01-01 08:17:31.998 0 0 E : msm_qti_pp_get_rms_value_control, back not active to query rms be_idx:3
01-01 08:17:32.018 0 0 I core_get_license_status: cmdrsp_license_result.result = 0x15 for module 0x131ff
01-01 08:17:32.019 0 0 E msm_ext_disp_update_audio_ops: Display not found (EXT_DISPLAY_TYPE_DP) ctld (0) stream (0)
01-01 08:17:32.029 0 0 E msm_ext_disp_update_audio_ops: Display not found (EXT_DISPLAY_TYPE_HDMI) ctld (0) stream (0)
01-01 08:17:32.039 0 0 E msm_ext_disp_update_audio_ops: Display not found (EXT_DISPLAY_TYPE_DP) ctld (0) stream (0)
01-01 08:17:32.049 0 0 E msm_ext_disp_update_audio_ops: Display not found (EXT_DISPLAY_TYPE_DP) ctld (0) stream (0)
01-01 08:17:32.059 0 0 E msm_ext_disp_update_audio_ops: Display not found (EXT_DISPLAY_TYPE_DP) ctld (0) stream (0)
01-01 08:17:32.069 0 0 E msm-ext-disp-audio-codec-rx soc: qcom,msm-ext-disp:qcom,msm-ext-disp-audio-codec-rx: msm_ext_disp_audio_type_get: get_audio_edid_blk() or get_intf_id is NULL
01-01 08:17:32.085 0 0 E msm_ext_disp_update_audio_ops: Display not found (EXT_DISPLAY_TYPE_DP) ctld (0) stream (0)
01-01 08:17:32.094 0 0 E msm-ext-disp-audio-codec-rx soc: qcom,msm-ext-disp:qcom,msm-ext-disp-audio-codec-rx: msm_ext_disp_audio_type_get: get_audio_edid_blk() or get_intf_id is NULL
01-01 08:17:32.110 0 0 E msm_ext_disp_update_audio_ops: Display not found (EXT_DISPLAY_TYPE_DP) ctld (0) stream (0)
01-01 08:17:32.120 0 0 E msm-ext-disp-audio-codec-rx soc: qcom,msm-ext-disp:qcom,msm-ext-disp-audio-codec-rx: msm_ext_disp_audio_type_get: get_audio_edid_blk() or get_intf_id is NULL
01-01 08:17:32.137 0 0 E msm-ext-disp-audio-codec-rx soc: qcom,msm-ext-disp:qcom,msm-ext-disp-audio-codec-rx: msm_ext_disp_audio_device_get: invalid dai id: 4
01-01 08:17:32.199 0 0 E : msm_pcm_volume_ctl_get substream not found
01-01 08:17:32.583 0 0 E : msm_qti_pp_get_rms_value_control, back not active to query rms be_idx:3
01-01 08:17:32.603 0 0 I core_get_license_status: cmdrsp_license_result.result = 0x15 for module 0x131ff
01-01 08:17:32.604 0 0 E msm_ext_disp_update_audio_ops: Display not found (EXT_DISPLAY_TYPE_DP) ctld (0) stream (0)
01-01 08:17:32.614 0 0 E msm_ext_disp_update_audio_ops: Display not found (EXT_DISPLAY_TYPE_HDMI) ctld (0) stream (0)
01-01 08:17:32.624 0 0 E msm_ext_disp_update_audio_ops: Display not found (EXT_DISPLAY_TYPE_DP) ctld (0) stream (0)
01-01 08:17:32.634 0 0 E msm_ext_disp_update_audio_ops: Display not found (EXT_DISPLAY_TYPE_DP) ctld (0) stream (0)
01-01 08:17:32.644 0 0 E msm_ext_disp_update_audio_ops: Display not found (EXT_DISPLAY_TYPE_DP) ctld (0) stream (0)
01-01 08:17:32.653 0 0 E msm-ext-disp-audio-codec-rx soc: qcom,msm-ext-disp:qcom,msm-ext-disp-audio-codec-rx: msm_ext_disp_audio_type_get: get_audio_edid_blk() or get_intf_id is NULL
01-01 08:17:32.669 0 0 E msm_ext_disp_update_audio_ops: Display not found (EXT_DISPLAY_TYPE_DP) ctld (0) stream (0)
01-01 08:17:32.679 0 0 E msm-ext-disp-audio-codec-rx soc: qcom,msm-ext-disp:qcom,msm-ext-disp-audio-codec-rx: msm_ext_disp_audio_type_get: get_audio_edid_blk() or get_intf_id is NULL
01-01 08:17:32.694 0 0 E msm_ext_disp_update_audio_ops: Display not found (EXT_DISPLAY_TYPE_DP) ctld (0) stream (0)
01-01 08:17:32.704 0 0 E msm-ext-disp-audio-codec-rx soc: qcom,msm-ext-disp:qcom,msm-ext-disp-audio-codec-rx: msm_ext_disp_audio_type_get: get_audio_edid_blk() or get_intf_id is NULL
01-01 08:17:32.721 0 0 E msm-ext-disp-audio-codec-rx soc: qcom,msm-ext-disp:qcom,msm-ext-disp-audio-codec-rx: msm_ext_disp_audio_device_get: invalid dai id: 4
01-01 08:17:32.733 0 0 I binder : 29511:29511 ioctl 40046210 7fc65b1b94 returned -22
01-01 08:17:32.772 0 0 D : mv2112_read_status
01-01 08:17:32.773 0 0 D mv2112_update_link: 3.0x901(1G): 0x80
01-01 08:17:32.773 0 0 D mv2112_update_link: 3.0x8109(100M): 0x0
01-01 08:17:32.773 0 0 D mv2112_update_link: link 0x0
01-01 08:17:32.773 0 0 D mv2112_read_status: autoneg is disabled
01-01 08:17:32.780 0 0 E : msm_pcm_volume_ctl_get substream not found
01-01 08:17:32.949 0 0 I binder : 29529:29529 ioctl 40046210 7ffbba9794 returned -22
01-01 08:17:32.952 0 0 I binder : 29529:29529 ioctl 40046210 7ffbba99a4 returned -22
01-01 08:17:33.070 0 0 I binder : 29511:29511 ioctl 40046210 7fc65b1294 returned -22
01-01 08:17:33.248 29511 29511 E AndroidRuntime: *** FATAL EXCEPTION IN SYSTEM PROCESS: main
01-01 08:17:33.248 29511 29511 E AndroidRuntime: java.lang.NullPointerException: Attempt to read from field 'java.lang.String com.android.server.pm.Settings$VersionInfo.fingerprint' on a null object reference
01-01 08:17:33.248 29511 29511 E AndroidRuntime: at com.android.server.pm.PackageManagerService.(PackageManagerService.java:7608)
01-01 08:17:33.248 29511 29511 E AndroidRuntime: at com.android.server.pm.PackageManagerService.main(PackageManagerService.java:7116)
01-01 08:17:33.248 29511 29511 E AndroidRuntime: at com.android.server.SystemServer.startBootstrapServices(SystemServer.java:1168)
01-01 08:17:33.248 29511 29511 E AndroidRuntime: at com.android.server.SystemServer.run(SystemServer.java:882)
01-01 08:17:33.248 29511 29511 E AndroidRuntime: at com.android.server.SystemServer.main(SystemServer.java:615)
01-01 08:17:33.248 29511 29511 E AndroidRuntime: at java.lang.reflect.Method.invoke(Native Method)
01-01 08:17:33.248 29511 29511 E AndroidRuntime: at com.android.internal.os.RuntimeInit$MethodAndArgsCaller.run(RuntimeInit.java:548)
01-01 08:17:33.248 29511 29511 E AndroidRuntime: at com.android.internal.os.ZygoteInit.main(ZygoteInit.java:987)
01-01 08:17:33.249 29511 29511 E AndroidRuntime: Error reporting crash
01-01 08:17:33.249 29511 29511 E AndroidRuntime: java.lang.NullPointerException: Attempt to invoke interface method 'void android.app.IActivityManager.handleApplicationCrash(android.os.IBinder, android.app.ApplicationErrorReport$ParcelableCrashInfo)' on a null object reference
01-01 08:17:33.249 29511 29511 E AndroidRuntime: at com.android.internal.os.RuntimeInit$KillApplicationHandler.uncaughtException(RuntimeInit.java:156)
01-01 08:17:33.249 29511 29511 E AndroidRuntime: at java.lang.ThreadGroup.uncaughtException(ThreadGroup.java:1073)
01-01 08:17:33.249 29511 29511 E AndroidRuntime: at java.lang.ThreadGroup.uncaughtException(ThreadGroup.java:1068)
01-01 08:17:33.249 29511 29511 E AndroidRuntime: at java.lang.Thread.dispatchUncaughtException(Thread.java:2200)
01-01 08:17:33.399 0 0 I binder : 29588:29588 ioctl 40046210 7fe8064c04 returned -22
01-01 08:17:33.399 0 0 D ProcessState: Binder ioctl to enable oneway spam detection failed: Invalid argument
01-01 08:17:33.400 0 0 D vdc : Waited 0ms for vold
01-01 08:17:33.796 0 0 D : mv2112_read_status
01-01 08:17:33.797 0 0 D mv2112_update_link: 3.0x901(1G): 0x80
01-01 08:17:33.797 0 0 D mv2112_update_link: 3.0x8109(100M): 0x0
01-01 08:17:33.797 0 0 D mv2112_update_link: link 0x0
01-01 08:17:33.797 0 0 D mv2112_read_status: autoneg is disabled
01-01 08:17:34.135 0 0 I binder : 29594:29594 ioctl 40046210 7fe6f6d6f4 returned -22
01-01 08:17:34.137 0 0 I binder : 29594:29594 ioctl 40046210 7fe6f6d674 returned -22
01-01 08:17:34.323 0 0 I binder : 29593:29593 ioctl 40046210 ffaf5778 returned -22
01-01 08:17:34.325 0 0 I binder : 29593:29593 ioctl 40046210 ffaf5760 returned -22
01-01 08:17:34.702 0 0 I binder : 29592:29592 ioctl 40046210 7ff8d6cc24 returned -22
01-01 08:17:34.703 0 0 I binder : 29592:29592 ioctl 40046210 7ff8d6cc44 returned -22
01-01 08:17:34.820 0 0 D : mv2112_read_status
01-01 08:17:34.821 0 0 D mv2112_update_link: 3.0x901(1G): 0x80
01-01 08:17:34.821 0 0 D mv2112_update_link: 3.0x8109(100M): 0x0
01-01 08:17:34.821 0 0 D mv2112_update_link: link 0x0
01-01 08:17:34.821 0 0 D mv2112_read_status: autoneg is disabled
01-01 08:17:35.669 0 0 E init : Control message: Could not find 'android.frameworks.sensorservice@1.0::ISensorManager/default' for ctl.interface_start from pid: 517 (/system/bin/hwservicemanager)
01-01 08:17:35.721 0 0 E init : Control message: Could not find 'android.frameworks.sensorservice@1.0::ISensorManager/default' for ctl.interface_start from pid: 517 (/system/bin/hwservicemanager)
01-01 08:17:35.844 0 0 D : mv2112_read_status
01-01 08:17:35.845 0 0 D mv2112_update_link: 3.0x901(1G): 0x80
01-01 08:17:35.845 0 0 D mv2112_update_link: 3.0x8109(100M): 0x0
01-01 08:17:35.845 0 0 D mv2112_update_link: link 0x0
01-01 08:17:35.845 0 0 D mv2112_read_status: autoneg is disabled
01-01 08:17:36.111 0 0 I init : starting service 'qvrd_vndr'...
01-01 08:17:36.112 0 0 I init : Created socket '/dev/socket/qvrservice_vndr', mode 660, user 1000, group 1000
01-01 08:17:36.112 0 0 I init : Created socket '/dev/socket/qvrservice_vndr_camera', mode 660, user 1000, group 1000
01-01 08:17:36.122 0 0 I init : starting service 'sxrd'...
01-01 08:17:36.131 0 0 I init : starting service 'vendor.audio-hal'...
01-01 08:17:36.128 29606 29606 F linker : CANNOT LINK EXECUTABLE "/vendor/bin/hw/qvrservice": library "vendor.qti.hardware.qxr-V1-ndk_platform.so" not found: needed by /vendor/lib64/libqvrservice.so in namespace (default)
01-01 08:17:36.131 29607 29607 F linker : CANNOT LINK EXECUTABLE "/vendor/bin/hw/sxrservice": library "vendor.qti.hardware.qxr-V1-ndk_platform.so" not found: needed by main executable
01-01 08:17:36.140 0 0 I init : Service 'qvrd_vndr' (pid 29606) exited with status 1
01-01 08:17:36.140 0 0 I init : Sending signal 9 to service 'qvrd_vndr' (pid 29606) process group...
01-01 08:17:36.140 0 0 I libprocessgroup: Successfully killed process cgroup uid 1000 pid 29606 in 0ms
01-01 08:17:36.519 0 0 I binder : 29615:29615 ioctl 40046210 7fe62257e4 returned -22
01-01 08:17:36.519 0 0 I binder : 29615:29615 ioctl 40046210 7fe6225804 returned -22
01-01 08:17:36.868 0 0 D : mv2112_read_status
01-01 08:17:36.869 0 0 D mv2112_update_link: 3.0x901(1G): 0x80
01-01 08:17:36.869 0 0 D mv2112_update_link: 3.0x8109(100M): 0x0
01-01 08:17:36.869 0 0 D mv2112_update_link: link 0x0
01-01 08:17:36.869 0 0 D mv2112_read_status: autoneg is disabled
01-01 08:17:37.103 0 0 E : msm_qti_pp_get_rms_value_control, back not active to query rms be_idx:3
01-01 08:17:37.124 0 0 I core_get_license_status: cmdrsp_license_result.result = 0x15 for module 0x131ff
01-01 08:17:37.125 0 0 E msm_ext_disp_update_audio_ops: Display not found (EXT_DISPLAY_TYPE_DP) ctld (0) stream (0)
01-01 08:17:37.135 0 0 E msm_ext_disp_update_audio_ops: Display not found (EXT_DISPLAY_TYPE_HDMI) ctld (0) stream (0)
01-01 08:17:37.145 0 0 E msm_ext_disp_update_audio_ops: Display not found (EXT_DISPLAY_TYPE_DP) ctld (0) stream (0)
01-01 08:17:37.154 0 0 E msm_ext_disp_update_audio_ops: Display not found (EXT_DISPLAY_TYPE_DP) ctld (0) stream (0)
01-01 08:17:37.164 0 0 E msm_ext_disp_update_audio_ops: Display not found (EXT_DISPLAY_TYPE_DP) ctld (0) stream (0)
01-01 08:17:37.174 0 0 E msm-ext-disp-audio-codec-rx soc: qcom,msm-ext-disp:qcom,msm-ext-disp-audio-codec-rx: msm_ext_disp_audio_type_get: get_audio_edid_blk() or get_intf_id is NULL
01-01 08:17:37.190 0 0 E msm_ext_disp_update_audio_ops: Display not found (EXT_DISPLAY_TYPE_DP) ctld (0) stream (0)
01-01 08:17:37.199 0 0 E msm-ext-disp-audio-codec-rx soc: qcom,msm-ext-disp:qcom,msm-ext-disp-audio-codec-rx: msm_ext_disp_audio_type_get: get_audio_edid_blk() or get_intf_id is NULL
01-01 08:17:37.215 0 0 E msm_ext_disp_update_audio_ops: Display not found (EXT_DISPLAY_TYPE_DP) ctld (0) stream (0)
01-01 08:17:37.225 0 0 E msm-ext-disp-audio-codec-rx soc: qcom,msm-ext-disp:qcom,msm-ext-disp-audio-codec-rx: msm_ext_disp_audio_type_get: get_audio_edid_blk() or get_intf_id is NULL
01-01 08:17:37.242 0 0 E msm-ext-disp-audio-codec-rx soc: qcom,msm-ext-disp:qcom,msm-ext-disp-audio-codec-rx: msm_ext_disp_audio_device_get: invalid dai id: 4
01-01 08:17:37.324 0 0 E : msm_pcm_volume_ctl_get substream not found
01-01 08:17:37.555 0 0 E : msm_qti_pp_get_rms_value_control, back not active to query rms be_idx:3
01-01 08:17:37.578 0 0 I core_get_license_status: cmdrsp_license_result.result = 0x15 for module 0x131ff
01-01 08:17:37.579 0 0 E msm_ext_disp_update_audio_ops: Display not found (EXT_DISPLAY_TYPE_DP) ctld (0) stream (0)
01-01 08:17:37.589 0 0 E msm_ext_disp_update_audio_ops: Display not found (EXT_DISPLAY_TYPE_HDMI) ctld (0) stream (0)
01-01 08:17:37.599 0 0 E msm_ext_disp_update_audio_ops: Display not found (EXT_DISPLAY_TYPE_DP) ctld (0) stream (0)
01-01 08:17:37.609 0 0 E msm_ext_disp_update_audio_ops: Display not found (EXT_DISPLAY_TYPE_DP) ctld (0) stream (0)
01-01 08:17:37.619 0 0 E msm_ext_disp_update_audio_ops: Display not found (EXT_DISPLAY_TYPE_DP) ctld (0) stream (0)
01-01 08:17:37.629 0 0 E msm-ext-disp-audio-codec-rx soc: qcom,msm-ext-disp:qcom,msm-ext-disp-audio-codec-rx: msm_ext_disp_audio_type_get: get_audio_edid_blk() or get_intf_id is NULL
01-01 08:17:37.645 0 0 E msm_ext_disp_update_audio_ops: Display not found (EXT_DISPLAY_TYPE_DP) ctld (0) stream (0)
01-01 08:17:37.654 0 0 E msm-ext-disp-audio-codec-rx soc: qcom,msm-ext-disp:qcom,msm-ext-disp-audio-codec-rx: msm_ext_disp_audio_type_get: get_audio_edid_blk() or get_intf_id is NULL
01-01 08:17:37.670 0 0 E msm_ext_disp_update_audio_ops: Display not found (EXT_DISPLAY_TYPE_DP) ctld (0) stream (0)
01-01 08:17:37.680 0 0 E msm-ext-disp-audio-codec-rx soc: qcom,msm-ext-disp:qcom,msm-ext-disp-audio-codec-rx: msm_ext_disp_audio_type_get: get_audio_edid_blk() or get_intf_id is NULL
01-01 08:17:37.697 0 0 E msm-ext-disp-audio-codec-rx soc: qcom,msm-ext-disp:qcom,msm-ext-disp-audio-codec-rx: msm_ext_disp_audio_device_get: invalid dai id: 4
01-01 08:17:37.699 0 0 I binder : 29639:29639 ioctl 40046210 7fcf9970b4 returned -22
01-01 08:17:37.754 0 0 E : msm_pcm_volume_ctl_get substream not found
01-01 08:17:37.892 0 0 D : mv2112_read_status
01-01 08:17:37.893 0 0 D mv2112_update_link: 3.0x901(1G): 0x80
01-01 08:17:37.893 0 0 D mv2112_update_link: 3.0x8109(100M): 0x0
01-01 08:17:37.893 0 0 D mv2112_update_link: link 0x0
01-01 08:17:37.893 0 0 D mv2112_read_status: autoneg is disabled
01-01 08:17:37.967 0 0 I binder : 29659:29659 ioctl 40046210 7fc412e214 returned -22
01-01 08:17:37.971 0 0 I binder : 29659:29659 ioctl 40046210 7fc412e424 returned -22
01-01 08:17:38.029 0 0 I binder : 29639:29639 ioctl 40046210 7fcf9967b4 returned -22
01-01 08:17:38.209 29639 29639 E AndroidRuntime: *** FATAL EXCEPTION IN SYSTEM PROCESS: main
01-01 08:17:38.209 29639 29639 E AndroidRuntime: java.lang.NullPointerException: Attempt to read from field 'java.lang.String com.android.server.pm.Settings$VersionInfo.fingerprint' on a null object reference
01-01 08:17:38.209 29639 29639 E AndroidRuntime: at com.android.server.pm.PackageManagerService.(PackageManagerService.java:7608)
01-01 08:17:38.209 29639 29639 E AndroidRuntime: at com.android.server.pm.PackageManagerService.main(PackageManagerService.java:7116)
01-01 08:17:38.209 29639 29639 E AndroidRuntime: at com.android.server.SystemServer.startBootstrapServices(SystemServer.java:1168)
01-01 08:17:38.209 29639 29639 E AndroidRuntime: at com.android.server.SystemServer.run(SystemServer.java:882)
01-01 08:17:38.209 29639 29639 E AndroidRuntime: at com.android.server.SystemServer.main(SystemServer.java:615)
01-01 08:17:38.209 29639 29639 E AndroidRuntime: at java.lang.reflect.Method.invoke(Native Method)
01-01 08:17:38.209 29639 29639 E AndroidRuntime: at com.android.internal.os.RuntimeInit$MethodAndArgsCaller.run(RuntimeInit.java:548)
01-01 08:17:38.209 29639 29639 E AndroidRuntime: at com.android.internal.os.ZygoteInit.main(ZygoteInit.java:987)
01-01 08:17:38.209 29639 29639 E AndroidRuntime: Error reporting crash
01-01 08:17:38.209 29639 29639 E AndroidRuntime: java.lang.NullPointerException: Attempt to invoke interface method 'void android.app.IActivityManager.handleApplicationCrash(android.os.IBinder, android.app.ApplicationErrorReport$ParcelableCrashInfo)' on a null object reference
01-01 08:17:38.209 29639 29639 E AndroidRuntime: at com.android.internal.os.RuntimeInit$KillApplicationHandler.uncaughtException(RuntimeInit.java:156)
01-01 08:17:38.209 29639 29639 E AndroidRuntime: at java.lang.ThreadGroup.uncaughtException(ThreadGroup.java:1073)
01-01 08:17:38.209 29639 29639 E AndroidRuntime: at java.lang.ThreadGroup.uncaughtException(ThreadGroup.java:1068)
01-01 08:17:38.209 29639 29639 E AndroidRuntime: at java.lang.Thread.dispatchUncaughtException(Thread.java:2200)
01-01 08:17:38.367 0 0 I binder : 29717:29717 ioctl 40046210 7fdc189ba4 returned -22
01-01 08:17:38.367 0 0 D ProcessState: Binder ioctl to enable oneway spam detection failed: Invalid argument
01-01 08:17:38.369 0 0 D vdc : Waited 0ms for vold
01-01 08:17:38.916 0 0 D : mv2112_read_status
01-01 08:17:38.917 0 0 D mv2112_update_link: 3.0x901(1G): 0x80
01-01 08:17:38.917 0 0 D mv2112_update_link: 3.0x8109(100M): 0x0
01-01 08:17:38.917 0 0 D mv2112_update_link: link 0x0
01-01 08:17:38.917 0 0 D mv2112_read_status: autoneg is disabled
01-01 08:17:39.142 0 0 I binder : 29723:29723 ioctl 40046210 7fd30dbf54 returned -22
01-01 08:17:39.144 0 0 I binder : 29723:29723 ioctl 40046210 7fd30dbed4 returned -22
01-01 08:17:39.328 0 0 I binder : 29722:29722 ioctl 40046210 ffb0a538 returned -22
01-01 08:17:39.330 0 0 I binder : 29722:29722 ioctl 40046210 ffb0a520 returned -22
01-01 08:17:39.708 0 0 I binder : 29721:29721 ioctl 40046210 7ff6a04aa4 returned -22
01-01 08:17:39.710 0 0 I binder : 29721:29721 ioctl 40046210 7ff6a04ac4 returned -22
01-01 08:17:39.940 0 0 D : mv2112_read_status
01-01 08:17:39.941 0 0 D mv2112_update_link: 3.0x901(1G): 0x80
01-01 08:17:39.941 0 0 D mv2112_update_link: 3.0x8109(100M): 0x0
01-01 08:17:39.941 0 0 D mv2112_update_link: link 0x0
01-01 08:17:39.941 0 0 D mv2112_read_status: autoneg is disabled
01-01 08:17:40.675 0 0 E init : Control message: Could not find 'android.frameworks.sensorservice@1.0::ISensorManager/default' for ctl.interface_start from pid: 517 (/system/bin/hwservicemanager)
01-01 08:17:40.728 0 0 E init : Control message: Could not find 'android.frameworks.sensorservice@1.0::ISensorManager/default' for ctl.interface_start from pid: 517 (/system/bin/hwservicemanager)
01-01 08:17:40.964 0 0 D : mv2112_read_status
