01-01 08:12:38.629 0 0 D mv2112_read_status: autoneg is disabled
01-01 08:12:38.907 0 0 I binder : 21469:21469 ioctl 40046210 7fff7575f4 returned -22
01-01 08:12:38.909 0 0 I binder : 21469:21469 ioctl 40046210 7fff757614 returned -22
01-01 08:12:39.652 0 0 D : mv2112_read_status
01-01 08:12:39.653 0 0 D mv2112_update_link: 3.0x901(1G): 0x80
01-01 08:12:39.653 0 0 D mv2112_update_link: 3.0x8109(100M): 0x0
01-01 08:12:39.653 0 0 D mv2112_update_link: link 0x0
01-01 08:12:39.653 0 0 D mv2112_read_status: autoneg is disabled
01-01 08:12:40.260 0 0 E init : Control message: Could not find 'android.frameworks.sensorservice@1.0::ISensorManager/default' for ctl.interface_start from pid: 517 (/system/bin/hwservicemanager)
01-01 08:12:40.278 0 0 E init : Control message: Could not find 'android.frameworks.sensorservice@1.0::ISensorManager/default' for ctl.interface_start from pid: 517 (/system/bin/hwservicemanager)
01-01 08:12:40.590 0 0 I init : starting service 'qvrd_vndr'...
01-01 08:12:40.591 0 0 I init : Created socket '/dev/socket/qvrservice_vndr', mode 660, user 1000, group 1000
01-01 08:12:40.592 0 0 I init : Created socket '/dev/socket/qvrservice_vndr_camera', mode 660, user 1000, group 1000
01-01 08:12:40.601 0 0 I init : starting service 'sxrd'...
01-01 08:12:40.610 0 0 I init : starting service 'vendor.audio-hal'...
01-01 08:12:40.608 21483 21483 F linker : CANNOT LINK EXECUTABLE "/vendor/bin/hw/qvrservice": library "vendor.qti.hardware.qxr-V1-ndk_platform.so" not found: needed by /vendor/lib64/libqvrservice.so in namespace (default)
01-01 08:12:40.611 21484 21484 F linker : CANNOT LINK EXECUTABLE "/vendor/bin/hw/sxrservice": library "vendor.qti.hardware.qxr-V1-ndk_platform.so" not found: needed by main executable
01-01 08:12:40.619 0 0 I init : Service 'qvrd_vndr' (pid 21483) exited with status 1
01-01 08:12:40.619 0 0 I init : Sending signal 9 to service 'qvrd_vndr' (pid 21483) process group...
01-01 08:12:40.620 0 0 I libprocessgroup: Successfully killed process cgroup uid 1000 pid 21483 in 0ms
01-01 08:12:40.676 0 0 D : mv2112_read_status
01-01 08:12:40.677 0 0 D mv2112_update_link: 3.0x901(1G): 0x80
01-01 08:12:40.677 0 0 D mv2112_update_link: 3.0x8109(100M): 0x0
01-01 08:12:40.677 0 0 D mv2112_update_link: link 0x0
01-01 08:12:40.677 0 0 D mv2112_read_status: autoneg is disabled
01-01 08:12:40.995 0 0 I binder : 21492:21492 ioctl 40046210 7fe4fbc594 returned -22
01-01 08:12:40.996 0 0 I binder : 21492:21492 ioctl 40046210 7fe4fbc5b4 returned -22
01-01 08:12:41.466 0 0 E : msm_qti_pp_get_rms_value_control, back not active to query rms be_idx:3
01-01 08:12:41.487 0 0 I core_get_license_status: cmdrsp_license_result.result = 0x15 for module 0x131ff
01-01 08:12:41.488 0 0 E msm_ext_disp_update_audio_ops: Display not found (EXT_DISPLAY_TYPE_DP) ctld (0) stream (0)
01-01 08:12:41.498 0 0 E msm_ext_disp_update_audio_ops: Display not found (EXT_DISPLAY_TYPE_HDMI) ctld (0) stream (0)
01-01 08:12:41.508 0 0 E msm_ext_disp_update_audio_ops: Display not found (EXT_DISPLAY_TYPE_DP) ctld (0) stream (0)
01-01 08:12:41.517 0 0 E msm_ext_disp_update_audio_ops: Display not found (EXT_DISPLAY_TYPE_DP) ctld (0) stream (0)
01-01 08:12:41.527 0 0 E msm_ext_disp_update_audio_ops: Display not found (EXT_DISPLAY_TYPE_DP) ctld (0) stream (0)
01-01 08:12:41.537 0 0 E msm-ext-disp-audio-codec-rx soc: qcom,msm-ext-disp:qcom,msm-ext-disp-audio-codec-rx: msm_ext_disp_audio_type_get: get_audio_edid_blk() or get_intf_id is NULL
01-01 08:12:41.553 0 0 E msm_ext_disp_update_audio_ops: Display not found (EXT_DISPLAY_TYPE_DP) ctld (0) stream (0)
01-01 08:12:41.563 0 0 E msm-ext-disp-audio-codec-rx soc: qcom,msm-ext-disp:qcom,msm-ext-disp-audio-codec-rx: msm_ext_disp_audio_type_get: get_audio_edid_blk() or get_intf_id is NULL
01-01 08:12:41.578 0 0 E msm_ext_disp_update_audio_ops: Display not found (EXT_DISPLAY_TYPE_DP) ctld (0) stream (0)
01-01 08:12:41.588 0 0 E msm-ext-disp-audio-codec-rx soc: qcom,msm-ext-disp:qcom,msm-ext-disp-audio-codec-rx: msm_ext_disp_audio_type_get: get_audio_edid_blk() or get_intf_id is NULL
01-01 08:12:41.605 0 0 E msm-ext-disp-audio-codec-rx soc: qcom,msm-ext-disp:qcom,msm-ext-disp-audio-codec-rx: msm_ext_disp_audio_device_get: invalid dai id: 4
01-01 08:12:41.667 0 0 E : msm_pcm_volume_ctl_get substream not found
01-01 08:12:41.700 0 0 D : mv2112_read_status
01-01 08:12:41.701 0 0 D mv2112_update_link: 3.0x901(1G): 0x80
01-01 08:12:41.701 0 0 D mv2112_update_link: 3.0x8109(100M): 0x0
01-01 08:12:41.701 0 0 D mv2112_update_link: link 0x0
01-01 08:12:41.701 0 0 D mv2112_read_status: autoneg is disabled
01-01 08:12:42.026 0 0 E : msm_qti_pp_get_rms_value_control, back not active to query rms be_idx:3
01-01 08:12:42.047 0 0 I core_get_license_status: cmdrsp_license_result.result = 0x15 for module 0x131ff
01-01 08:12:42.048 0 0 E msm_ext_disp_update_audio_ops: Display not found (EXT_DISPLAY_TYPE_DP) ctld (0) stream (0)
01-01 08:12:42.058 0 0 E msm_ext_disp_update_audio_ops: Display not found (EXT_DISPLAY_TYPE_HDMI) ctld (0) stream (0)
01-01 08:12:42.068 0 0 E msm_ext_disp_update_audio_ops: Display not found (EXT_DISPLAY_TYPE_DP) ctld (0) stream (0)
01-01 08:12:42.077 0 0 E msm_ext_disp_update_audio_ops: Display not found (EXT_DISPLAY_TYPE_DP) ctld (0) stream (0)
01-01 08:12:42.088 0 0 E msm_ext_disp_update_audio_ops: Display not found (EXT_DISPLAY_TYPE_DP) ctld (0) stream (0)
01-01 08:12:42.097 0 0 E msm-ext-disp-audio-codec-rx soc: qcom,msm-ext-disp:qcom,msm-ext-disp-audio-codec-rx: msm_ext_disp_audio_type_get: get_audio_edid_blk() or get_intf_id is NULL
01-01 08:12:42.114 0 0 E msm_ext_disp_update_audio_ops: Display not found (EXT_DISPLAY_TYPE_DP) ctld (0) stream (0)
01-01 08:12:42.123 0 0 E msm-ext-disp-audio-codec-rx soc: qcom,msm-ext-disp:qcom,msm-ext-disp-audio-codec-rx: msm_ext_disp_audio_type_get: get_audio_edid_blk() or get_intf_id is NULL
01-01 08:12:42.139 0 0 E msm_ext_disp_update_audio_ops: Display not found (EXT_DISPLAY_TYPE_DP) ctld (0) stream (0)
01-01 08:12:42.149 0 0 E msm-ext-disp-audio-codec-rx soc: qcom,msm-ext-disp:qcom,msm-ext-disp-audio-codec-rx: msm_ext_disp_audio_type_get: get_audio_edid_blk() or get_intf_id is NULL
01-01 08:12:42.166 0 0 E msm-ext-disp-audio-codec-rx soc: qcom,msm-ext-disp:qcom,msm-ext-disp-audio-codec-rx: msm_ext_disp_audio_device_get: invalid dai id: 4
01-01 08:12:42.192 0 0 I binder : 21519:21519 ioctl 40046210 7fe3468244 returned -22
01-01 08:12:42.225 0 0 E : msm_pcm_volume_ctl_get substream not found
01-01 08:12:42.228 0 0 I binder : 21518:21518 ioctl 40046210 7fe0b597e4 returned -22
01-01 08:12:42.233 0 0 I binder : 21518:21518 ioctl 40046210 7fe0b599f4 returned -22
01-01 08:12:42.501 0 0 I binder : 21519:21519 ioctl 40046210 7fe3467944 returned -22
01-01 08:12:42.683 21519 21519 E AndroidRuntime: *** FATAL EXCEPTION IN SYSTEM PROCESS: main
01-01 08:12:42.683 21519 21519 E AndroidRuntime: java.lang.NullPointerException: Attempt to read from field 'java.lang.String com.android.server.pm.Settings$VersionInfo.fingerprint' on a null object reference
01-01 08:12:42.683 21519 21519 E AndroidRuntime: at com.android.server.pm.PackageManagerService.(PackageManagerService.java:7608)
01-01 08:12:42.683 21519 21519 E AndroidRuntime: at com.android.server.pm.PackageManagerService.main(PackageManagerService.java:7116)
01-01 08:12:42.683 21519 21519 E AndroidRuntime: at com.android.server.SystemServer.startBootstrapServices(SystemServer.java:1168)
01-01 08:12:42.683 21519 21519 E AndroidRuntime: at com.android.server.SystemServer.run(SystemServer.java:882)
01-01 08:12:42.683 21519 21519 E AndroidRuntime: at com.android.server.SystemServer.main(SystemServer.java:615)
01-01 08:12:42.683 21519 21519 E AndroidRuntime: at java.lang.reflect.Method.invoke(Native Method)
01-01 08:12:42.683 21519 21519 E AndroidRuntime: at com.android.internal.os.RuntimeInit$MethodAndArgsCaller.run(RuntimeInit.java:548)
01-01 08:12:42.683 21519 21519 E AndroidRuntime: at com.android.internal.os.ZygoteInit.main(ZygoteInit.java:987)
01-01 08:12:42.683 21519 21519 E AndroidRuntime: Error reporting crash
01-01 08:12:42.683 21519 21519 E AndroidRuntime: java.lang.NullPointerException: Attempt to invoke interface method 'void android.app.IActivityManager.handleApplicationCrash(android.os.IBinder, android.app.ApplicationErrorReport$ParcelableCrashInfo)' on a null object reference
01-01 08:12:42.683 21519 21519 E AndroidRuntime: at com.android.internal.os.RuntimeInit$KillApplicationHandler.uncaughtException(RuntimeInit.java:156)
01-01 08:12:42.683 21519 21519 E AndroidRuntime: at java.lang.ThreadGroup.uncaughtException(ThreadGroup.java:1073)
01-01 08:12:42.683 21519 21519 E AndroidRuntime: at java.lang.ThreadGroup.uncaughtException(ThreadGroup.java:1068)
01-01 08:12:42.683 21519 21519 E AndroidRuntime: at java.lang.Thread.dispatchUncaughtException(Thread.java:2200)
01-01 08:12:42.724 0 0 D : mv2112_read_status
01-01 08:12:42.725 0 0 D mv2112_update_link: 3.0x901(1G): 0x80
01-01 08:12:42.725 0 0 D mv2112_update_link: 3.0x8109(100M): 0x0
01-01 08:12:42.725 0 0 D mv2112_update_link: link 0x0
01-01 08:12:42.725 0 0 D mv2112_read_status: autoneg is disabled
01-01 08:12:42.838 0 0 I binder : 21595:21595 ioctl 40046210 7fda942244 returned -22
01-01 08:12:42.838 0 0 D ProcessState: Binder ioctl to enable oneway spam detection failed: Invalid argument
01-01 08:12:42.845 0 0 D vdc : Waited 0ms for vold
01-01 08:12:43.452 0 0 I binder : 21604:21604 ioctl 40046210 7fe8aeec74 returned -22
01-01 08:12:43.454 0 0 I binder : 21604:21604 ioctl 40046210 7fe8aeebf4 returned -22
01-01 08:12:43.526 0 0 I binder : 21603:21603 ioctl 40046210 fffe0c58 returned -22
01-01 08:12:43.529 0 0 I binder : 21603:21603 ioctl 40046210 fffe0c40 returned -22
01-01 08:12:43.748 0 0 D : mv2112_read_status
01-01 08:12:43.749 0 0 D mv2112_update_link: 3.0x901(1G): 0x80
01-01 08:12:43.749 0 0 D mv2112_update_link: 3.0x8109(100M): 0x0
01-01 08:12:43.749 0 0 D mv2112_update_link: link 0x0
01-01 08:12:43.749 0 0 D mv2112_read_status: autoneg is disabled
01-01 08:12:43.846 0 0 E ipa_mpm_start_stop_remote_mhip_chan: 1644 MHI not initialized yet, probe in progress
01-01 08:12:43.856 0 0 E ipa_mpm_vote_unvote_pcie_clk: 1530 MHI not initialized yet
01-01 08:12:43.870 0 0 E ipa3_cfg_ep_holb: 5245 bad parm.
01-01 08:12:43.875 0 0 E ipa __ipa3_stop_gsi_channel: 7709 Enable HOLB failed ep:17
01-01 08:12:43.881 0 0 E ipa3_cfg_ep_ctrl: 4812 pipe setting delay is not supported
01-01 08:12:43.888 0 0 E ipa_mpm_start_stop_remote_mhip_chan: 1644 MHI not initialized yet, probe in progress
01-01 08:12:43.898 0 0 E ipa_mpm_start_stop_mhip_chan: 1736 MHIP probe 1 not initialized
01-01 08:12:43.906 0 0 E ipa_mpm_mhip_xdci_pipe_disable: 3082 Active tethe count is 0
01-01 08:12:43.906 0 0 E ipa_mpm_vote_unvote_pcie_clk: 1530 MHI not initialized yet
01-01 08:12:43.914 0 0 I binder : 21602:21602 ioctl 40046210 7fec3fa6f4 returned -22
01-01 08:12:43.923 0 0 I binder : 21602:21602 ioctl 40046210 7fec3fa714 returned -22
01-01 08:12:43.990 0 0 I : read descriptors
01-01 08:12:43.990 0 0 I : read strings
01-01 08:12:43.998 0 0 E msm-dwc3 a600000.ssusb: ep [gsi-epin1,29] already configured as msm endpoint
01-01 08:12:44.008 0 0 E msm-dwc3 a600000.ssusb: ep [gsi-epin2,31] already configured as msm endpoint
01-01 08:12:44.016 0 0 E msm-dwc3 a600000.ssusb: ep [gsi-epout1,30] already configured as msm endpoint
01-01 08:12:44.086 0 0 I android_work: sent uevent USB_STATE=DISCONNECTED
01-01 08:12:44.199 0 0 E msm-dwc3 a600000.ssusb: Could not get usb psy
01-01 08:12:44.773 0 0 D : mv2112_read_status
01-01 08:12:44.774 0 0 D mv2112_update_link: 3.0x901(1G): 0x80
01-01 08:12:44.774 0 0 D mv2112_update_link: 3.0x8109(100M): 0x0
01-01 08:12:44.774 0 0 D mv2112_update_link: link 0x0
01-01 08:12:44.774 0 0 D mv2112_read_status: autoneg is disabled
01-01 08:12:45.267 0 0 E init : Control message: Could not find 'android.frameworks.sensorservice@1.0::ISensorManager/default' for ctl.interface_start from pid: 517 (/system/bin/hwservicemanager)
01-01 08:12:45.284 0 0 E init : Control message: Could not find 'android.frameworks.sensorservice@1.0::ISensorManager/default' for ctl.interface_start from pid: 517 (/system/bin/hwservicemanager)
01-01 08:12:45.367 0 0 E msm-dwc3 a600000.ssusb: Could not get usb psy
01-01 08:12:45.372 0 0 I android_work: did not send uevent (0 0 0000000000000000)
01-01 08:12:45.456 0 0 I android_work: sent uevent USB_STATE=CONNECTED
01-01 08:12:45.478 0 0 E msm-dwc3 a600000.ssusb: Could not get usb psy
01-01 08:12:45.599 0 0 I init : starting service 'qvrd_vndr'...
01-01 08:12:45.600 0 0 I init : Created socket '/dev/socket/qvrservice_vndr', mode 660, user 1000, group 1000
01-01 08:12:45.600 0 0 I init : Created socket '/dev/socket/qvrservice_vndr_camera', mode 660, user 1000, group 1000
01-01 08:12:45.610 0 0 I init : starting service 'sxrd'...
01-01 08:12:45.620 0 0 I init : starting service 'vendor.audio-hal'...
01-01 08:12:45.617 21624 21624 F linker : CANNOT LINK EXECUTABLE "/vendor/bin/hw/qvrservice": library "vendor.qti.hardware.qxr-V1-ndk_platform.so" not found: needed by /vendor/lib64/libqvrservice.so in namespace (default)
01-01 08:12:45.628 0 0 I init : Service 'qvrd_vndr' (pid 21624) exited with status 1
01-01 08:12:45.628 0 0 I init : Sending signal 9 to service 'qvrd_vndr' (pid 21624) process group...
01-01 08:12:45.628 0 0 I libprocessgroup: Successfully killed process cgroup uid 1000 pid 21624 in 0ms
01-01 08:12:45.620 21625 21625 F linker : CANNOT LINK EXECUTABLE "/vendor/bin/hw/sxrservice": library "vendor.qti.hardware.qxr-V1-ndk_platform.so" not found: needed by main executable
01-01 08:12:45.773 0 0 I configfs-gadget gadget: high-speed config #1: b
01-01 08:12:45.775 0 0 E msm-dwc3 a600000.ssusb: Could not get usb psy
01-01 08:12:45.785 0 0 I android_work: sent uevent USB_STATE=CONFIGURED
01-01 08:12:45.788 0 0 E ipa_mpm_vote_unvote_pcie_clk: 1530 MHI not initialized yet
01-01 08:12:45.795 0 0 E ipa_mpm_start_stop_remote_mhip_chan: 1644 MHI not initialized yet, probe in progress
01-01 08:12:45.796 0 0 D : mv2112_read_status
01-01 08:12:45.805 0 0 E ipa_mpm_start_stop_mhip_chan: 1736 MHIP probe 1 not initialized
01-01 08:12:45.813 0 0 E ipa3_cfg_ep_ctrl: 4812 pipe setting delay is not supported
01-01 08:12:45.825 0 0 E ipa_usb_notify_cb: Set net_ready_trigger
01-01 08:12:45.826 0 0 E ipa_mpm_vote_unvote_pcie_clk: 1530 MHI not initialized yet
01-01 08:12:45.839 0 0 E ipa_mpm_start_stop_remote_mhip_chan: 1644 MHI not initialized yet, probe in progress
01-01 08:12:45.848 0 0 E ipa_usb_notify_cb: Set net_ready_trigger
01-01 08:12:45.865 0 0 D mv2112_update_link: 3.0x901(1G): 0x80
01-01 08:12:45.871 0 0 D mv2112_update_link: 3.0x8109(100M): 0x0
01-01 08:12:45.871 0 0 D mv2112_update_link: link 0x0
01-01 08:12:45.871 0 0 D mv2112_read_status: autoneg is disabled
01-01 08:12:46.005 0 0 I binder : 21634:21634 ioctl 40046210 7feaf14e84 returned -22
01-01 08:12:46.005 0 0 I binder : 21634:21634 ioctl 40046210 7feaf14ea4 returned -22
01-01 08:12:46.508 0 0 E : msm_qti_pp_get_rms_value_control, back not active to query rms be_idx:3
01-01 08:12:46.537 0 0 I core_get_license_status: cmdrsp_license_result.result = 0x15 for module 0x131ff
01-01 08:12:46.537 0 0 E msm_ext_disp_update_audio_ops: Display not found (EXT_DISPLAY_TYPE_DP) ctld (0) stream (0)
01-01 08:12:46.547 0 0 E msm_ext_disp_update_audio_ops: Display not found (EXT_DISPLAY_TYPE_HDMI) ctld (0) stream (0)
01-01 08:12:46.557 0 0 E msm_ext_disp_update_audio_ops: Display not found (EXT_DISPLAY_TYPE_DP) ctld (0) stream (0)
01-01 08:12:46.567 0 0 E msm_ext_disp_update_audio_ops: Display not found (EXT_DISPLAY_TYPE_DP) ctld (0) stream (0)
01-01 08:12:46.577 0 0 E msm_ext_disp_update_audio_ops: Display not found (EXT_DISPLAY_TYPE_DP) ctld (0) stream (0)
01-01 08:12:46.587 0 0 E msm-ext-disp-audio-codec-rx soc: qcom,msm-ext-disp:qcom,msm-ext-disp-audio-codec-rx: msm_ext_disp_audio_type_get: get_audio_edid_blk() or get_intf_id is NULL
01-01 08:12:46.602 0 0 E msm_ext_disp_update_audio_ops: Display not found (EXT_DISPLAY_TYPE_DP) ctld (0) stream (0)
01-01 08:12:46.612 0 0 E msm-ext-disp-audio-codec-rx soc: qcom,msm-ext-disp:qcom,msm-ext-disp-audio-codec-rx: msm_ext_disp_audio_type_get: get_audio_edid_blk() or get_intf_id is NULL
01-01 08:12:46.628 0 0 E msm_ext_disp_update_audio_ops: Display not found (EXT_DISPLAY_TYPE_DP) ctld (0) stream (0)
01-01 08:12:46.637 0 0 E msm-ext-disp-audio-codec-rx soc: qcom,msm-ext-disp:qcom,msm-ext-disp-audio-codec-rx: msm_ext_disp_audio_type_get: get_audio_edid_blk() or get_intf_id is NULL
01-01 08:12:46.654 0 0 E msm-ext-disp-audio-codec-rx soc: qcom,msm-ext-disp:qcom,msm-ext-disp-audio-codec-rx: msm_ext_disp_audio_device_get: invalid dai id: 4
01-01 08:12:46.717 0 0 E : msm_pcm_volume_ctl_get substream not found
01-01 08:12:46.884 0 0 D : mv2112_read_status
01-01 08:12:46.885 0 0 D mv2112_update_link: 3.0x901(1G): 0x80
01-01 08:12:46.885 0 0 D mv2112_update_link: 3.0x8109(100M): 0x0
01-01 08:12:46.885 0 0 D mv2112_update_link: link 0x0
01-01 08:12:46.885 0 0 D mv2112_read_status: autoneg is disabled
01-01 08:12:47.041 0 0 E : msm_qti_pp_get_rms_value_control, back not active to query rms be_idx:3
01-01 08:12:47.062 0 0 I core_get_license_status: cmdrsp_license_result.result = 0x15 for module 0x131ff
01-01 08:12:47.062 0 0 E msm_ext_disp_update_audio_ops: Display not found (EXT_DISPLAY_TYPE_DP) ctld (0) stream (0)
01-01 08:12:47.072 0 0 E msm_ext_disp_update_audio_ops: Display not found (EXT_DISPLAY_TYPE_HDMI) ctld (0) stream (0)
01-01 08:12:47.082 0 0 E msm_ext_disp_update_audio_ops: Display not found (EXT_DISPLAY_TYPE_DP) ctld (0) stream (0)
01-01 08:12:47.092 0 0 E msm_ext_disp_update_audio_ops: Display not found (EXT_DISPLAY_TYPE_DP) ctld (0) stream (0)
01-01 08:12:47.103 0 0 E msm_ext_disp_update_audio_ops: Display not found (EXT_DISPLAY_TYPE_DP) ctld (0) stream (0)
01-01 08:12:47.112 0 0 E msm-ext-disp-audio-codec-rx soc: qcom,msm-ext-disp:qcom,msm-ext-disp-audio-codec-rx: msm_ext_disp_audio_type_get: get_audio_edid_blk() or get_intf_id is NULL
01-01 08:12:47.129 0 0 E msm_ext_disp_update_audio_ops: Display not found (EXT_DISPLAY_TYPE_DP) ctld (0) stream (0)
01-01 08:12:47.139 0 0 E msm-ext-disp-audio-codec-rx soc: qcom,msm-ext-disp:qcom,msm-ext-disp-audio-codec-rx: msm_ext_disp_audio_type_get: get_audio_edid_blk() or get_intf_id is NULL
01-01 08:12:47.155 0 0 E msm_ext_disp_update_audio_ops: Display not found (EXT_DISPLAY_TYPE_DP) ctld (0) stream (0)
01-01 08:12:47.164 0 0 E msm-ext-disp-audio-codec-rx soc: qcom,msm-ext-disp:qcom,msm-ext-disp-audio-codec-rx: msm_ext_disp_audio_type_get: get_audio_edid_blk() or get_intf_id is NULL
01-01 08:12:47.181 0 0 E msm-ext-disp-audio-codec-rx soc: qcom,msm-ext-disp:qcom,msm-ext-disp-audio-codec-rx: msm_ext_disp_audio_device_get: invalid dai id: 4
01-01 08:12:47.241 0 0 E : msm_pcm_volume_ctl_get substream not found
01-01 08:12:47.246 0 0 I binder : 21660:21660 ioctl 40046210 7ff89d6024 returned -22
01-01 08:12:47.251 0 0 I binder : 21660:21660 ioctl 40046210 7ff89d6234 returned -22
01-01 08:12:47.280 0 0 I binder : 21664:21664 ioctl 40046210 7fe28c01e4 returned -22
01-01 08:12:47.580 0 0 I binder : 21664:21664 ioctl 40046210 7fe28bf8e4 returned -22
01-01 08:12:47.765 21664 21664 E AndroidRuntime: *** FATAL EXCEPTION IN SYSTEM PROCESS: main
01-01 08:12:47.765 21664 21664 E AndroidRuntime: java.lang.NullPointerException: Attempt to read from field 'java.lang.String com.android.server.pm.Settings$VersionInfo.fingerprint' on a null object reference
01-01 08:12:47.765 21664 21664 E AndroidRuntime: at com.android.server.pm.PackageManagerService.(PackageManagerService.java:7608)
01-01 08:12:47.765 21664 21664 E AndroidRuntime: at com.android.server.pm.PackageManagerService.main(PackageManagerService.java:7116)
01-01 08:12:47.765 21664 21664 E AndroidRuntime: at com.android.server.SystemServer.startBootstrapServices(SystemServer.java:1168)
01-01 08:12:47.765 21664 21664 E AndroidRuntime: at com.android.server.SystemServer.run(SystemServer.java:882)
01-01 08:12:47.765 21664 21664 E AndroidRuntime: at com.android.server.SystemServer.main(SystemServer.java:615)
01-01 08:12:47.765 21664 21664 E AndroidRuntime: at java.lang.reflect.Method.invoke(Native Method)
01-01 08:12:47.765 21664 21664 E AndroidRuntime: at com.android.internal.os.RuntimeInit$MethodAndArgsCaller.run(RuntimeInit.java:548)
01-01 08:12:47.765 21664 21664 E AndroidRuntime: at com.android.internal.os.ZygoteInit.main(ZygoteInit.java:987)
01-01 08:12:47.766 21664 21664 E AndroidRuntime: Error reporting crash
01-01 08:12:47.766 21664 21664 E AndroidRuntime: java.lang.NullPointerException: Attempt to invoke interface method 'void android.app.IActivityManager.handleApplicationCrash(android.os.IBinder, android.app.ApplicationErrorReport$ParcelableCrashInfo)' on a null object reference
01-01 08:12:47.766 21664 21664 E AndroidRuntime: at com.android.internal.os.RuntimeInit$KillApplicationHandler.uncaughtException(RuntimeInit.java:156)
01-01 08:12:47.766 21664 21664 E AndroidRuntime: at java.lang.ThreadGroup.uncaughtException(ThreadGroup.java:1073)
01-01 08:12:47.766 21664 21664 E AndroidRuntime: at java.lang.ThreadGroup.uncaughtException(ThreadGroup.java:1068)
01-01 08:12:47.766 21664 21664 E AndroidRuntime: at java.lang.Thread.dispatchUncaughtException(Thread.java:2200)
01-01 08:12:47.909 0 0 D : mv2112_read_status
01-01 08:12:47.909 0 0 D mv2112_update_link: 3.0x901(1G): 0x80
01-01 08:12:47.909 0 0 D mv2112_update_link: 3.0x8109(100M): 0x0
01-01 08:12:47.909 0 0 D mv2112_update_link: link 0x0
01-01 08:12:47.909 0 0 D mv2112_read_status: autoneg is disabled
01-01 08:12:47.918 0 0 I binder : 21749:21749 ioctl 40046210 7fffaf6664 returned -22
01-01 08:12:47.918 0 0 D ProcessState: Binder ioctl to enable oneway spam detection failed: Invalid argument
01-01 08:12:47.919 0 0 D vdc : Waited 0ms for vold
01-01 08:12:47.920 0 0 I binder : undelivered TRANSACTION_COMPLETE
01-01 08:12:47.920 0 0 I binder : undelivered transaction 305397, process died.
01-01 08:12:48.463 0 0 I binder : 21754:21754 ioctl 40046210 7fc0666f04 returned -22
01-01 08:12:48.465 0 0 I binder : 21754:21754 ioctl 40046210 7fc0666e84 returned -22
01-01 08:12:48.539 0 0 I binder : 21753:21753 ioctl 40046210 fff50fc8 returned -22
01-01 08:12:48.541 0 0 I binder : 21753:21753 ioctl 40046210 fff50fb0 returned -22
01-01 08:12:48.911 0 0 I binder : 21752:21752 ioctl 40046210 7fc6663c54 returned -22
01-01 08:12:48.913 0 0 I binder : 21752:21752 ioctl 40046210 7fc6663c74 returned -22
01-01 08:12:48.932 0 0 D : mv2112_read_status
01-01 08:12:48.933 0 0 D mv2112_update_link: 3.0x901(1G): 0x80
01-01 08:12:48.933 0 0 D mv2112_update_link: 3.0x8109(100M): 0x0
01-01 08:12:48.933 0 0 D mv2112_update_link: link 0x0
01-01 08:12:48.933 0 0 D mv2112_read_status: autoneg is disabled
01-01 08:12:49.956 0 0 D : mv2112_read_status
01-01 08:12:49.957 0 0 D mv2112_update_link: 3.0x901(1G): 0x80
01-01 08:12:49.957 0 0 D mv2112_update_link: 3.0x8109(100M): 0x0
01-01 08:12:49.957 0 0 D mv2112_update_link: link 0x0
01-01 08:12:49.957 0 0 D mv2112_read_status: autoneg is disabled
01-01 08:12:50.280 0 0 E init : Control message: Could not find 'android.frameworks.sensorservice@1.0::ISensorManager/default' for ctl.interface_start from pid: 517 (/system/bin/hwservicemanager)
01-01 08:12:50.297 0 0 E init : Control message: Could not find 'android.frameworks.sensorservice@1.0::ISensorManager/default' for ctl.interface_start from pid: 517 (/system/bin/hwservicemanager)
01-01 08:12:50.608 0 0 I init : starting service 'qvrd_vndr'...
01-01 08:12:50.608 0 0 I init : Created socket '/dev/socket/qvrservice_vndr', mode 660, user 1000, group 1000
01-01 08:12:50.609 0 0 I init : Created socket '/dev/socket/qvrservice_vndr_camera', mode 660, user 1000, group 1000
01-01 08:12:50.618 0 0 I init : starting service 'sxrd'...
01-01 08:12:50.627 0 0 I init : starting service 'vendor.audio-hal'...
01-01 08:12:50.625 21768 21768 F linker : CANNOT LINK EXECUTABLE "/vendor/bin/hw/qvrservice": library "vendor.qti.hardware.qxr-V1-ndk_platform.so" not found: needed by /vendor/lib64/libqvrservice.so in namespace (default)
01-01 08:12:50.636 0 0 I init : Service 'qvrd_vndr' (pid 21768) exited with status 1
01-01 08:12:50.636 0 0 I init : Sending signal 9 to service 'qvrd_vndr' (pid 21768) process group...
01-01 08:12:50.636 0 0 I libprocessgroup: Successfully killed process cgroup uid 1000 pid 21768 in 0ms
01-01 08:12:50.629 21769 21769 F linker : CANNOT LINK EXECUTABLE "/vendor/bin/hw/sxrservice": library "vendor.qti.hardware.qxr-V1-ndk_platform.so" not found: needed by main executable
01-01 08:12:50.980 0 0 D : mv2112_read_status
01-01 08:12:50.981 0 0 D mv2112_update_link: 3.0x901(1G): 0x80
01-01 08:12:50.981 0 0 D mv2112_update_link: 3.0x8109(100M): 0x0
01-01 08:12:50.981 0 0 D mv2112_update_link: link 0x0
01-01 08:12:50.981 0 0 D mv2112_read_status: autoneg is disabled
01-01 08:12:51.025 0 0 I binder : 21777:21777 ioctl 40046210 7fe545d4a4 returned -22
01-01 08:12:51.025 0 0 I binder : 21777:21777 ioctl 40046210 7fe545d4c4 returned -22
01-01 08:12:51.494 0 0 E : msm_qti_pp_get_rms_value_control, back not active to query rms be_idx:3
01-01 08:12:51.514 0 0 I core_get_license_status: cmdrsp_license_result.result = 0x15 for module 0x131ff
01-01 08:12:51.515 0 0 E msm_ext_disp_update_audio_ops: Display not found (EXT_DISPLAY_TYPE_DP) ctld (0) stream (0)
01-01 08:12:51.525 0 0 E msm_ext_disp_update_audio_ops: Display not found (EXT_DISPLAY_TYPE_HDMI) ctld (0) stream (0)
01-01 08:12:51.535 0 0 E msm_ext_disp_update_audio_ops: Display not found (EXT_DISPLAY_TYPE_DP) ctld (0) stream (0)
01-01 08:12:51.545 0 0 E msm_ext_disp_update_audio_ops: Display not found (EXT_DISPLAY_TYPE_DP) ctld (0) stream (0)
01-01 08:12:51.555 0 0 E msm_ext_disp_update_audio_ops: Display not found (EXT_DISPLAY_TYPE_DP) ctld (0) stream (0)
01-01 08:12:51.565 0 0 E msm-ext-disp-audio-codec-rx soc: qcom,msm-ext-disp:qcom,msm-ext-disp-audio-codec-rx: msm_ext_disp_audio_type_get: get_audio_edid_blk() or get_intf_id is NULL
01-01 08:12:51.581 0 0 E msm_ext_disp_update_audio_ops: Display not found (EXT_DISPLAY_TYPE_DP) ctld (0) stream (0)
01-01 08:12:51.591 0 0 E msm-ext-disp-audio-codec-rx soc: qcom,msm-ext-disp:qcom,msm-ext-disp-audio-codec-rx: msm_ext_disp_audio_type_get: get_audio_edid_blk() or get_intf_id is NULL
01-01 08:12:51.607 0 0 E msm_ext_disp_update_audio_ops: Display not found (EXT_DISPLAY_TYPE_DP) ctld (0) stream (0)
01-01 08:12:51.616 0 0 E msm-ext-disp-audio-codec-rx soc: qcom,msm-ext-disp:qcom,msm-ext-disp-audio-codec-rx: msm_ext_disp_audio_type_get: get_audio_edid_blk() or get_intf_id is NULL
01-01 08:12:51.634 0 0 E msm-ext-disp-audio-codec-rx soc: qcom,msm-ext-disp:qcom,msm-ext-disp-audio-codec-rx: msm_ext_disp_audio_device_get: invalid dai id: 4
01-01 08:12:51.698 0 0 E : msm_pcm_volume_ctl_get substream not found
01-01 08:12:52.004 0 0 D : mv2112_read_status
01-01 08:12:52.005 0 0 D mv2112_update_link: 3.0x901(1G): 0x80
01-01 08:12:52.005 0 0 D mv2112_update_link: 3.0x8109(100M): 0x0
01-01 08:12:52.005 0 0 D mv2112_update_link: link 0x0
01-01 08:12:52.005 0 0 D mv2112_read_status: autoneg is disabled
01-01 08:12:52.074 0 0 E : msm_qti_pp_get_rms_value_control, back not active to query rms be_idx:3
01-01 08:12:52.094 0 0 I core_get_license_status: cmdrsp_license_result.result = 0x15 for module 0x131ff
01-01 08:12:52.095 0 0 E msm_ext_disp_update_audio_ops: Display not found (EXT_DISPLAY_TYPE_DP) ctld (0) stream (0)
01-01 08:12:52.105 0 0 E msm_ext_disp_update_audio_ops: Display not found (EXT_DISPLAY_TYPE_HDMI) ctld (0) stream (0)
01-01 08:12:52.115 0 0 E msm_ext_disp_update_audio_ops: Display not found (EXT_DISPLAY_TYPE_DP) ctld (0) stream (0)
01-01 08:12:52.125 0 0 E msm_ext_disp_update_audio_ops: Display not found (EXT_DISPLAY_TYPE_DP) ctld (0) stream (0)
01-01 08:12:52.135 0 0 E msm_ext_disp_update_audio_ops: Display not found (EXT_DISPLAY_TYPE_DP) ctld (0) stream (0)
01-01 08:12:52.145 0 0 E msm-ext-disp-audio-codec-rx soc: qcom,msm-ext-disp:qcom,msm-ext-disp-audio-codec-rx: msm_ext_disp_audio_type_get: get_audio_edid_blk() or get_intf_id is NULL
01-01 08:12:52.161 0 0 E msm_ext_disp_update_audio_ops: Display not found (EXT_DISPLAY_TYPE_DP) ctld (0) stream (0)
01-01 08:12:52.171 0 0 E msm-ext-disp-audio-codec-rx soc: qcom,msm-ext-disp:qcom,msm-ext-disp-audio-codec-rx: msm_ext_disp_audio_type_get: get_audio_edid_blk() or get_intf_id is NULL
01-01 08:12:52.187 0 0 E msm_ext_disp_update_audio_ops: Display not found (EXT_DISPLAY_TYPE_DP) ctld (0) stream (0)
01-01 08:12:52.196 0 0 E msm-ext-disp-audio-codec-rx soc: qcom,msm-ext-disp:qcom,msm-ext-disp-audio-codec-rx: msm_ext_disp_audio_type_get: get_audio_edid_blk() or get_intf_id is NULL
01-01 08:12:52.213 0 0 E msm-ext-disp-audio-codec-rx soc: qcom,msm-ext-disp:qcom,msm-ext-disp-audio-codec-rx: msm_ext_disp_audio_device_get: invalid dai id: 4
01-01 08:12:52.269 0 0 I binder : 21804:21804 ioctl 40046210 7ff9258f24 returned -22
01-01 08:12:52.272 0 0 I binder : 21804:21804 ioctl 40046210 7ff9259134 returned -22
01-01 08:12:52.272 0 0 E : msm_pcm_volume_ctl_get substream not found
01-01 08:12:52.279 0 0 I binder : 21808:21808 ioctl 40046210 7fd5721974 returned -22
01-01 08:12:52.569 0 0 I binder : 21808:21808 ioctl 40046210 7fd5721074 returned -22
01-01 08:12:52.753 21808 21808 E AndroidRuntime: *** FATAL EXCEPTION IN SYSTEM PROCESS: main
01-01 08:12:52.753 21808 21808 E AndroidRuntime: java.lang.NullPointerException: Attempt to read from field 'java.lang.String com.android.server.pm.Settings$VersionInfo.fingerprint' on a null object reference
01-01 08:12:52.753 21808 21808 E AndroidRuntime: at com.android.server.pm.PackageManagerService.(PackageManagerService.java:7608)
01-01 08:12:52.753 21808 21808 E AndroidRuntime: at com.android.server.pm.PackageManagerService.main(PackageManagerService.java:7116)
01-01 08:12:52.753 21808 21808 E AndroidRuntime: at com.android.server.SystemServer.startBootstrapServices(SystemServer.java:1168)
01-01 08:12:52.753 21808 21808 E AndroidRuntime: at com.android.server.SystemServer.run(SystemServer.java:882)
01-01 08:12:52.753 21808 21808 E AndroidRuntime: at com.android.server.SystemServer.main(SystemServer.java:615)
01-01 08:12:52.753 21808 21808 E AndroidRuntime: at java.lang.reflect.Method.invoke(Native Method)
01-01 08:12:52.753 21808 21808 E AndroidRuntime: at com.android.internal.os.RuntimeInit$MethodAndArgsCaller.run(RuntimeInit.java:548)
01-01 08:12:52.753 21808 21808 E AndroidRuntime: at com.android.internal.os.ZygoteInit.main(ZygoteInit.java:987)
01-01 08:12:52.757 21808 21808 E AndroidRuntime: Error reporting crash
01-01 08:12:52.757 21808 21808 E AndroidRuntime: java.lang.NullPointerException: Attempt to invoke interface method 'void android.app.IActivityManager.handleApplicationCrash(android.os.IBinder, android.app.ApplicationErrorReport$ParcelableCrashInfo)' on a null object reference
01-01 08:12:52.757 21808 21808 E AndroidRuntime: at com.android.internal.os.RuntimeInit$KillApplicationHandler.uncaughtException(RuntimeInit.java:156)
01-01 08:12:52.757 21808 21808 E AndroidRuntime: at java.lang.ThreadGroup.uncaughtException(ThreadGroup.java:1073)
01-01 08:12:52.757 21808 21808 E AndroidRuntime: at java.lang.ThreadGroup.uncaughtException(ThreadGroup.java:1068)
01-01 08:12:52.757 21808 21808 E AndroidRuntime: at java.lang.Thread.dispatchUncaughtException(Thread.java:2200)
01-01 08:12:52.926 0 0 I binder : 21883:21883 ioctl 40046210 7fc9fa8bf4 returned -22
01-01 08:12:52.927 0 0 D ProcessState: Binder ioctl to enable oneway spam detection failed: Invalid argument
01-01 08:12:52.927 0 0 D vdc : Waited 0ms for vold
01-01 08:12:53.032 0 0 D : mv2112_read_status
01-01 08:12:53.033 0 0 D mv2112_update_link: 3.0x901(1G): 0x80
01-01 08:12:53.033 0 0 D mv2112_update_link: 3.0x8109(100M): 0x0
01-01 08:12:53.033 0 0 D mv2112_update_link: link 0x0
01-01 08:12:53.033 0 0 D mv2112_read_status: autoneg is disabled
01-01 08:12:53.468 0 0 I binder : 21891:21891 ioctl 40046210 7ff46e4cb4 returned -22
01-01 08:12:53.470 0 0 I binder : 21891:21891 ioctl 40046210 7ff46e4c34 returned -22
01-01 08:12:53.543 0 0 I binder : 21890:21890 ioctl 40046210 ff9acd78 returned -22
01-01 08:12:53.545 0 0 I binder : 21890:21890 ioctl 40046210 ff9acd60 returned -22
01-01 08:12:53.923 0 0 I binder : 21889:21889 ioctl 40046210 7fe3cc03c4 returned -22
01-01 08:12:53.926 0 0 I binder : 21889:21889 ioctl 40046210 7fe3cc03e4 returned -22
01-01 08:12:54.052 0 0 D : mv2112_read_status
01-01 08:12:54.053 0 0 D mv2112_update_link: 3.0x901(1G): 0x80
01-01 08:12:54.053 0 0 D mv2112_update_link: 3.0x8109(100M): 0x0
01-01 08:12:54.053 0 0 D mv2112_update_link: link 0x0
01-01 08:12:54.053 0 0 D mv2112_read_status: autoneg is disabled
01-01 08:12:55.076 0 0 D : mv2112_read_status
01-01 08:12:55.077 0 0 D mv2112_update_link: 3.0x901(1G): 0x80
01-01 08:12:55.077 0 0 D mv2112_update_link: 3.0x8109(100M): 0x0
01-01 08:12:55.077 0 0 D mv2112_update_link: link 0x0
01-01 08:12:55.077 0 0 D mv2112_read_status: autoneg is disabled
01-01 08:12:55.290 0 0 E init : Control message: Could not find 'android.frameworks.sensorservice@1.0::ISensorManager/default' for ctl.interface_start from pid: 517 (/system/bin/hwservicemanager)
01-01 08:12:55.307 0 0 E init : Control message: Could not find 'android.frameworks.sensorservice@1.0::ISensorManager/default' for ctl.interface_start from pid: 517 (/system/bin/hwservicemanager)
01-01 08:12:55.615 0 0 I init : starting service 'qvrd_vndr'...
01-01 08:12:55.616 0 0 I init : Created socket '/dev/socket/qvrservice_vndr', mode 660, user 1000, group 1000
01-01 08:12:55.617 0 0 I init : Created socket '/dev/socket/qvrservice_vndr_camera', mode 660, user 1000, group 1000
01-01 08:12:55.626 0 0 I init : starting service 'sxrd'...
01-01 08:12:55.636 0 0 I init : starting service 'vendor.audio-hal'...
01-01 08:12:55.634 21903 21903 F linker : CANNOT LINK EXECUTABLE "/vendor/bin/hw/qvrservice": library "vendor.qti.hardware.qxr-V1-ndk_platform.so" not found: needed by /vendor/lib64/libqvrservice.so in namespace (default)
01-01 08:12:55.636 21904 21904 F linker : CANNOT LINK EXECUTABLE "/vendor/bin/hw/sxrservice": library "vendor.qti.hardware.qxr-V1-ndk_platform.so" not found: needed by main executable
01-01 08:12:55.645 0 0 I init : Service 'qvrd_vndr' (pid 21903) exited with status 1
01-01 08:12:55.645 0 0 I init : Sending signal 9 to service 'qvrd_vndr' (pid 21903) process group...
01-01 08:12:55.645 0 0 I libprocessgroup: Successfully killed process cgroup uid 1000 pid 21903 in 0ms
01-01 08:12:56.020 0 0 I binder : 21912:21912 ioctl 40046210 7ff5c3a064 returned -22
01-01 08:12:56.021 0 0 I binder : 21912:21912 ioctl 40046210 7ff5c3a084 returned -22
01-01 08:12:56.100 0 0 D : mv2112_read_status
01-01 08:12:56.101 0 0 D mv2112_update_link: 3.0x901(1G): 0x80
01-01 08:12:56.101 0 0 D mv2112_update_link: 3.0x8109(100M): 0x0
01-01 08:12:56.101 0 0 D mv2112_update_link: link 0x0
01-01 08:12:56.101 0 0 D mv2112_read_status: autoneg is disabled
01-01 08:12:56.512 0 0 E : msm_qti_pp_get_rms_value_control, back not active to query rms be_idx:3
01-01 08:12:56.533 0 0 I core_get_license_status: cmdrsp_license_result.result = 0x15 for module 0x131ff
01-01 08:12:56.535 0 0 E msm_ext_disp_update_audio_ops: Display not found (EXT_DISPLAY_TYPE_DP) ctld (0) stream (0)
01-01 08:12:56.545 0 0 E msm_ext_disp_update_audio_ops: Display not found (EXT_DISPLAY_TYPE_HDMI) ctld (0) stream (0)
01-01 08:12:56.555 0 0 E msm_ext_disp_update_audio_ops: Display not found (EXT_DISPLAY_TYPE_DP) ctld (0) stream (0)
01-01 08:12:56.565 0 0 E msm_ext_disp_update_audio_ops: Display not found (EXT_DISPLAY_TYPE_DP) ctld (0) stream (0)
01-01 08:12:56.576 0 0 E msm_ext_disp_update_audio_ops: Display not found (EXT_DISPLAY_TYPE_DP) ctld (0) stream (0)
01-01 08:12:56.585 0 0 E msm-ext-disp-audio-codec-rx soc: qcom,msm-ext-disp:qcom,msm-ext-disp-audio-codec-rx: msm_ext_disp_audio_type_get: get_audio_edid_blk() or get_intf_id is NULL
01-01 08:12:56.601 0 0 E msm_ext_disp_update_audio_ops: Display not found (EXT_DISPLAY_TYPE_DP) ctld (0) stream (0)
01-01 08:12:56.611 0 0 E msm-ext-disp-audio-codec-rx soc: qcom,msm-ext-disp:qcom,msm-ext-disp-audio-codec-rx: msm_ext_disp_audio_type_get: get_audio_edid_blk() or get_intf_id is NULL
01-01 08:12:56.627 0 0 E msm_ext_disp_update_audio_ops: Display not found (EXT_DISPLAY_TYPE_DP) ctld (0) stream (0)
01-01 08:12:56.637 0 0 E msm-ext-disp-audio-codec-rx soc: qcom,msm-ext-disp:qcom,msm-ext-disp-audio-codec-rx: msm_ext_disp_audio_type_get: get_audio_edid_blk() or get_intf_id is NULL
01-01 08:12:56.655 0 0 E msm-ext-disp-audio-codec-rx soc: qcom,msm-ext-disp:qcom,msm-ext-disp-audio-codec-rx: msm_ext_disp_audio_device_get: invalid dai id: 4
01-01 08:12:56.721 0 0 E : msm_pcm_volume_ctl_get substream not found
01-01 08:12:57.124 0 0 D : mv2112_read_status
01-01 08:12:57.125 0 0 D mv2112_update_link: 3.0x901(1G): 0x80
01-01 08:12:57.125 0 0 D mv2112_update_link: 3.0x8109(100M): 0x0
01-01 08:12:57.125 0 0 D mv2112_update_link: link 0x0
01-01 08:12:57.125 0 0 D mv2112_read_status: autoneg is disabled
01-01 08:12:57.158 0 0 E : msm_qti_pp_get_rms_value_control, back not active to query rms be_idx:3
01-01 08:12:57.178 0 0 I core_get_license_status: cmdrsp_license_result.result = 0x15 for module 0x131ff
01-01 08:12:57.179 0 0 E msm_ext_disp_update_audio_ops: Display not found (EXT_DISPLAY_TYPE_DP) ctld (0) stream (0)
01-01 08:12:57.189 0 0 E msm_ext_disp_update_audio_ops: Display not found (EXT_DISPLAY_TYPE_HDMI) ctld (0) stream (0)
01-01 08:12:57.199 0 0 E msm_ext_disp_update_audio_ops: Display not found (EXT_DISPLAY_TYPE_DP) ctld (0) stream (0)
01-01 08:12:57.209 0 0 E msm_ext_disp_update_audio_ops: Display not found (EXT_DISPLAY_TYPE_DP) ctld (0) stream (0)
01-01 08:12:57.219 0 0 E msm_ext_disp_update_audio_ops: Display not found (EXT_DISPLAY_TYPE_DP) ctld (0) stream (0)
01-01 08:12:57.229 0 0 E msm-ext-disp-audio-codec-rx soc: qcom,msm-ext-disp:qcom,msm-ext-disp-audio-codec-rx: msm_ext_disp_audio_type_get: get_audio_edid_blk() or get_intf_id is NULL
01-01 08:12:57.245 0 0 E msm_ext_disp_update_audio_ops: Display not found (EXT_DISPLAY_TYPE_DP) ctld (0) stream (0)
01-01 08:12:57.255 0 0 E msm-ext-disp-audio-codec-rx soc: qcom,msm-ext-disp:qcom,msm-ext-disp-audio-codec-rx: msm_ext_disp_audio_type_get: get_audio_edid_blk() or get_intf_id is NULL
01-01 08:12:57.271 0 0 E msm_ext_disp_update_audio_ops: Display not found (EXT_DISPLAY_TYPE_DP) ctld (0) stream (0)
01-01 08:12:57.280 0 0 E msm-ext-disp-audio-codec-rx soc: qcom,msm-ext-disp:qcom,msm-ext-disp-audio-codec-rx: msm_ext_disp_audio_type_get: get_audio_edid_blk() or get_intf_id is NULL
01-01 08:12:57.297 0 0 E msm-ext-disp-audio-codec-rx soc: qcom,msm-ext-disp:qcom,msm-ext-disp-audio-codec-rx: msm_ext_disp_audio_device_get: invalid dai id: 4
01-01 08:12:57.315 0 0 I binder : 21939:21939 ioctl 40046210 7ff10c5484 returned -22
01-01 08:12:57.319 0 0 I binder : 21939:21939 ioctl 40046210 7ff10c5694 returned -22
01-01 08:12:57.356 0 0 E : msm_pcm_volume_ctl_get substream not found
01-01 08:12:57.368 0 0 I binder : 21944:21944 ioctl 40046210 7fcf9a7e94 returned -22
01-01 08:12:57.671 0 0 I binder : 21944:21944 ioctl 40046210 7fcf9a7594 returned -22
01-01 08:12:57.850 21944 21944 E AndroidRuntime: *** FATAL EXCEPTION IN SYSTEM PROCESS: main
01-01 08:12:57.850 21944 21944 E AndroidRuntime: java.lang.NullPointerException: Attempt to read from field 'java.lang.String com.android.server.pm.Settings$VersionInfo.fingerprint' on a null object reference
01-01 08:12:57.850 21944 21944 E AndroidRuntime: at com.android.server.pm.PackageManagerService.(PackageManagerService.java:7608)
01-01 08:12:57.850 21944 21944 E AndroidRuntime: at com.android.server.pm.PackageManagerService.main(PackageManagerService.java:7116)
01-01 08:12:57.850 21944 21944 E AndroidRuntime: at com.android.server.SystemServer.startBootstrapServices(SystemServer.java:1168)
01-01 08:12:57.850 21944 21944 E AndroidRuntime: at com.android.server.SystemServer.run(SystemServer.java:882)
01-01 08:12:57.850 21944 21944 E AndroidRuntime: at com.android.server.SystemServer.main(SystemServer.java:615)
01-01 08:12:57.850 21944 21944 E AndroidRuntime: at java.lang.reflect.Method.invoke(Native Method)
01-01 08:12:57.850 21944 21944 E AndroidRuntime: at com.android.internal.os.RuntimeInit$MethodAndArgsCaller.run(RuntimeInit.java:548)
01-01 08:12:57.850 21944 21944 E AndroidRuntime: at com.android.internal.os.ZygoteInit.main(ZygoteInit.java:987)
01-01 08:12:57.851 21944 21944 E AndroidRuntime: Error reporting crash
01-01 08:12:57.851 21944 21944 E AndroidRuntime: java.lang.NullPointerException: Attempt to invoke interface method 'void android.app.IActivityManager.handleApplicationCrash(android.os.IBinder, android.app.ApplicationErrorReport$ParcelableCrashInfo)' on a null object reference
01-01 08:12:57.851 21944 21944 E AndroidRuntime: at com.android.internal.os.RuntimeInit$KillApplicationHandler.uncaughtException(RuntimeInit.java:156)
01-01 08:12:57.851 21944 21944 E AndroidRuntime: at java.lang.ThreadGroup.uncaughtException(ThreadGroup.java:1073)
01-01 08:12:57.851 21944 21944 E AndroidRuntime: at java.lang.ThreadGroup.uncaughtException(ThreadGroup.java:1068)
01-01 08:12:57.851 21944 21944 E AndroidRuntime: at java.lang.Thread.dispatchUncaughtException(Thread.java:2200)
01-01 08:12:58.009 0 0 I binder : undelivered TRANSACTION_COMPLETE
01-01 08:12:58.009 0 0 I binder : undelivered transaction 309506, process died.
01-01 08:12:58.024 0 0 I binder : 22027:22027 ioctl 40046210 7fffb28ae4 returned -22
01-01 08:12:58.024 0 0 D ProcessState: Binder ioctl to enable oneway spam detection failed: Invalid argument
01-01 08:12:58.025 0 0 D vdc : Waited 0ms for vold
01-01 08:12:58.148 0 0 D : mv2112_read_status
01-01 08:12:58.149 0 0 D mv2112_update_link: 3.0x901(1G): 0x80
01-01 08:12:58.149 0 0 D mv2112_update_link: 3.0x8109(100M): 0x0
01-01 08:12:58.149 0 0 D mv2112_update_link: link 0x0
01-01 08:12:58.149 0 0 D mv2112_read_status: autoneg is disabled
01-01 08:12:58.475 0 0 I binder : 22033:22033 ioctl 40046210 7fe710a6f4 returned -22
01-01 08:12:58.477 0 0 I binder : 22033:22033 ioctl 40046210 7fe710a674 returned -22
01-01 08:12:58.549 0 0 I binder : 22032:22032 ioctl 40046210 ffe90be8 returned -22
01-01 08:12:58.552 0 0 I binder : 22032:22032 ioctl 40046210 ffe90bd0 returned -22
01-01 08:12:58.929 0 0 I binder : 22031:22031 ioctl 40046210 7fefa64a54 returned -22
01-01 08:12:58.931 0 0 I binder : 22031:22031 ioctl 40046210 7fefa64a74 returned -22
01-01 08:12:59.172 0 0 D : mv2112_read_status
01-01 08:12:59.173 0 0 D mv2112_update_link: 3.0x901(1G): 0x80
01-01 08:12:59.173 0 0 D mv2112_update_link: 3.0x8109(100M): 0x0
01-01 08:12:59.173 0 0 D mv2112_update_link: link 0x0
01-01 08:12:59.173 0 0 D mv2112_read_status: autoneg is disabled
01-01 08:13:00.196 0 0 D : mv2112_read_status
01-01 08:13:00.197 0 0 D mv2112_update_link: 3.0x901(1G): 0x80
01-01 08:13:00.197 0 0 D mv2112_update_link: 3.0x8109(100M): 0x0
01-01 08:13:00.197 0 0 D mv2112_update_link: link 0x0
01-01 08:13:00.197 0 0 D mv2112_read_status: autoneg is disabled
01-01 08:13:00.297 0 0 E init : Control message: Could not find 'android.frameworks.sensorservice@1.0::ISensorManager/default' for ctl.interface_start from pid: 517 (/system/bin/hwservicemanager)
01-01 08:13:00.314 0 0 E init : Control message: Could not find 'android.frameworks.sensorservice@1.0::ISensorManager/default' for ctl.interface_start from pid: 517 (/system/bin/hwservicemanager)
01-01 08:13:00.624 0 0 I init : starting service 'qvrd_vndr'...
01-01 08:13:00.625 0 0 I init : Created socket '/dev/socket/qvrservice_vndr', mode 660, user 1000, group 1000
01-01 08:13:00.625 0 0 I init : Created socket '/dev/socket/qvrservice_vndr_camera', mode 660, user 1000, group 1000
01-01 08:13:00.635 0 0 I init : starting service 'sxrd'...
01-01 08:13:00.644 0 0 I init : starting service 'vendor.audio-hal'...
01-01 08:13:00.641 22045 22045 F linker : CANNOT LINK EXECUTABLE "/vendor/bin/hw/qvrservice": library "vendor.qti.hardware.qxr-V1-ndk_platform.so" not found: needed by /vendor/lib64/libqvrservice.so in namespace (default)
01-01 08:13:00.645 22046 22046 F linker : CANNOT LINK EXECUTABLE "/vendor/bin/hw/sxrservice": library "vendor.qti.hardware.qxr-V1-ndk_platform.so" not found: needed by main executable
01-01 08:13:00.654 0 0 I init : Service 'qvrd_vndr' (pid 22045) exited with status 1
01-01 08:13:00.654 0 0 I init : Sending signal 9 to service 'qvrd_vndr' (pid 22045) process group...
01-01 08:13:00.654 0 0 I libprocessgroup: Successfully killed process cgroup uid 1000 pid 22045 in 0ms
01-01 08:13:01.030 0 0 I binder : 22054:22054 ioctl 40046210 7fee0b1664 returned -22
01-01 08:13:01.030 0 0 I binder : 22054:22054 ioctl 40046210 7fee0b1684 returned -22
01-01 08:13:01.220 0 0 D : mv2112_read_status
01-01 08:13:01.221 0 0 D mv2112_update_link: 3.0x901(1G): 0x80
01-01 08:13:01.221 0 0 D mv2112_update_link: 3.0x8109(100M): 0x0
01-01 08:13:01.221 0 0 D mv2112_update_link: link 0x0
01-01 08:13:01.221 0 0 D mv2112_read_status: autoneg is disabled
01-01 08:13:01.517 0 0 E : msm_qti_pp_get_rms_value_control, back not active to query rms be_idx:3
01-01 08:13:01.537 0 0 I core_get_license_status: cmdrsp_license_result.result = 0x15 for module 0x131ff
01-01 08:13:01.538 0 0 E msm_ext_disp_update_audio_ops: Display not found (EXT_DISPLAY_TYPE_DP) ctld (0) stream (0)
01-01 08:13:01.548 0 0 E msm_ext_disp_update_audio_ops: Display not found (EXT_DISPLAY_TYPE_HDMI) ctld (0) stream (0)
01-01 08:13:01.558 0 0 E msm_ext_disp_update_audio_ops: Display not found (EXT_DISPLAY_TYPE_DP) ctld (0) stream (0)
01-01 08:13:01.568 0 0 E msm_ext_disp_update_audio_ops: Display not found (EXT_DISPLAY_TYPE_DP) ctld (0) stream (0)
01-01 08:13:01.578 0 0 E msm_ext_disp_update_audio_ops: Display not found (EXT_DISPLAY_TYPE_DP) ctld (0) stream (0)
01-01 08:13:01.587 0 0 E msm-ext-disp-audio-codec-rx soc: qcom,msm-ext-disp:qcom,msm-ext-disp-audio-codec-rx: msm_ext_disp_audio_type_get: get_audio_edid_blk() or get_intf_id is NULL
01-01 08:13:01.603 0 0 E msm_ext_disp_update_audio_ops: Display not found (EXT_DISPLAY_TYPE_DP) ctld (0) stream (0)
01-01 08:13:01.613 0 0 E msm-ext-disp-audio-codec-rx soc: qcom,msm-ext-disp:qcom,msm-ext-disp-audio-codec-rx: msm_ext_disp_audio_type_get: get_audio_edid_blk() or get_intf_id is NULL
01-01 08:13:01.629 0 0 E msm_ext_disp_update_audio_ops: Display not found (EXT_DISPLAY_TYPE_DP) ctld (0) stream (0)
01-01 08:13:01.639 0 0 E msm-ext-disp-audio-codec-rx soc: qcom,msm-ext-disp:qcom,msm-ext-disp-audio-codec-rx: msm_ext_disp_audio_type_get: get_audio_edid_blk() or get_intf_id is NULL
01-01 08:13:01.656 0 0 E msm-ext-disp-audio-codec-rx soc: qcom,msm-ext-disp:qcom,msm-ext-disp-audio-codec-rx: msm_ext_disp_audio_device_get: invalid dai id: 4
01-01 08:13:01.724 0 0 E : msm_pcm_volume_ctl_get substream not found
01-01 08:13:02.055 0 0 E : msm_qti_pp_get_rms_value_control, back not active to query rms be_idx:3
01-01 08:13:02.075 0 0 I core_get_license_status: cmdrsp_license_result.result = 0x15 for module 0x131ff
01-01 08:13:02.076 0 0 E msm_ext_disp_update_audio_ops: Display not found (EXT_DISPLAY_TYPE_DP) ctld (0) stream (0)
01-01 08:13:02.086 0 0 E msm_ext_disp_update_audio_ops: Display not found (EXT_DISPLAY_TYPE_HDMI) ctld (0) stream (0)
01-01 08:13:02.096 0 0 E msm_ext_disp_update_audio_ops: Display not found (EXT_DISPLAY_TYPE_DP) ctld (0) stream (0)
01-01 08:13:02.106 0 0 E msm_ext_disp_update_audio_ops: Display not found (EXT_DISPLAY_TYPE_DP) ctld (0) stream (0)
01-01 08:13:02.116 0 0 E msm_ext_disp_update_audio_ops: Display not found (EXT_DISPLAY_TYPE_DP) ctld (0) stream (0)
01-01 08:13:02.126 0 0 E msm-ext-disp-audio-codec-rx soc: qcom,msm-ext-disp:qcom,msm-ext-disp-audio-codec-rx: msm_ext_disp_audio_type_get: get_audio_edid_blk() or get_intf_id is NULL
01-01 08:13:02.142 0 0 E msm_ext_disp_update_audio_ops: Display not found (EXT_DISPLAY_TYPE_DP) ctld (0) stream (0)
01-01 08:13:02.151 0 0 E msm-ext-disp-audio-codec-rx soc: qcom,msm-ext-disp:qcom,msm-ext-disp-audio-codec-rx: msm_ext_disp_audio_type_get: get_audio_edid_blk() or get_intf_id is NULL
01-01 08:13:02.167 0 0 E msm_ext_disp_update_audio_ops: Display not found (EXT_DISPLAY_TYPE_DP) ctld (0) stream (0)
01-01 08:13:02.177 0 0 E msm-ext-disp-audio-codec-rx soc: qcom,msm-ext-disp:qcom,msm-ext-disp-audio-codec-rx: msm_ext_disp_audio_type_get: get_audio_edid_blk() or get_intf_id is NULL
01-01 08:13:02.195 0 0 E msm-ext-disp-audio-codec-rx soc: qcom,msm-ext-disp:qcom,msm-ext-disp-audio-codec-rx: msm_ext_disp_audio_device_get: invalid dai id: 4
01-01 08:13:02.244 0 0 D : mv2112_read_status
01-01 08:13:02.245 0 0 D mv2112_update_link: 3.0x901(1G): 0x80
01-01 08:13:02.245 0 0 D mv2112_update_link: 3.0x8109(100M): 0x0
01-01 08:13:02.245 0 0 D mv2112_update_link: link 0x0
01-01 08:13:02.245 0 0 D mv2112_read_status: autoneg is disabled
01-01 08:13:02.255 0 0 E : msm_pcm_volume_ctl_get substream not found
01-01 08:13:02.279 0 0 I binder : 22086:22086 ioctl 40046210 7fd204e0e4 returned -22
01-01 08:13:02.290 0 0 I binder : 22082:22082 ioctl 40046210 7fd56a8c04 returned -22
01-01 08:13:02.294 0 0 I binder : 22082:22082 ioctl 40046210 7fd56a8e14 returned -22
01-01 08:13:02.577 0 0 I binder : 22086:22086 ioctl 40046210 7fd204d7e4 returned -22
01-01 08:13:02.764 22086 22086 E AndroidRuntime: *** FATAL EXCEPTION IN SYSTEM PROCESS: main
01-01 08:13:02.764 22086 22086 E AndroidRuntime: java.lang.NullPointerException: Attempt to read from field 'java.lang.String com.android.server.pm.Settings$VersionInfo.fingerprint' on a null object reference
01-01 08:13:02.764 22086 22086 E AndroidRuntime: at com.android.server.pm.PackageManagerService.(PackageManagerService.java:7608)
01-01 08:13:02.764 22086 22086 E AndroidRuntime: at com.android.server.pm.PackageManagerService.main(PackageManagerService.java:7116)
01-01 08:13:02.764 22086 22086 E AndroidRuntime: at com.android.server.SystemServer.startBootstrapServices(SystemServer.java:1168)
