01-01 08:15:59.525 0 0 D mv2112_update_link: 3.0x901(1G): 0x80
01-01 08:15:59.525 0 0 D mv2112_update_link: 3.0x8109(100M): 0x0
01-01 08:15:59.525 0 0 D mv2112_update_link: link 0x0
01-01 08:15:59.525 0 0 D mv2112_read_status: autoneg is disabled
01-01 08:15:59.547 0 0 I binder : 26986:26986 ioctl 40046210 7fc692a8e4 returned -22
01-01 08:15:59.549 0 0 I binder : 26986:26986 ioctl 40046210 7fc692a904 returned -22
01-01 08:16:00.541 0 0 E init : Control message: Could not find 'android.frameworks.sensorservice@1.0::ISensorManager/default' for ctl.interface_start from pid: 517 (/system/bin/hwservicemanager)
01-01 08:16:00.558 0 0 D : mv2112_read_status
01-01 08:16:00.558 0 0 D mv2112_update_link: 3.0x901(1G): 0x80
01-01 08:16:00.558 0 0 D mv2112_update_link: 3.0x8109(100M): 0x0
01-01 08:16:00.558 0 0 D mv2112_update_link: link 0x0
01-01 08:16:00.558 0 0 D mv2112_read_status: autoneg is disabled
01-01 08:16:00.559 0 0 E init : Control message: Could not find 'android.frameworks.sensorservice@1.0::ISensorManager/default' for ctl.interface_start from pid: 517 (/system/bin/hwservicemanager)
01-01 08:16:00.946 0 0 I init : starting service 'qvrd_vndr'...
01-01 08:16:00.947 0 0 I init : Created socket '/dev/socket/qvrservice_vndr', mode 660, user 1000, group 1000
01-01 08:16:00.947 0 0 I init : Created socket '/dev/socket/qvrservice_vndr_camera', mode 660, user 1000, group 1000
01-01 08:16:00.957 0 0 I init : starting service 'sxrd'...
01-01 08:16:00.966 0 0 I init : starting service 'vendor.audio-hal'...
01-01 08:16:00.963 27000 27000 F linker : CANNOT LINK EXECUTABLE "/vendor/bin/hw/qvrservice": library "vendor.qti.hardware.qxr-V1-ndk_platform.so" not found: needed by /vendor/lib64/libqvrservice.so in namespace (default)
01-01 08:16:00.967 27001 27001 F linker : CANNOT LINK EXECUTABLE "/vendor/bin/hw/sxrservice": library "vendor.qti.hardware.qxr-V1-ndk_platform.so" not found: needed by main executable
01-01 08:16:00.975 0 0 I init : Service 'qvrd_vndr' (pid 27000) exited with status 1
01-01 08:16:00.975 0 0 I init : Sending signal 9 to service 'qvrd_vndr' (pid 27000) process group...
01-01 08:16:00.975 0 0 I libprocessgroup: Successfully killed process cgroup uid 1000 pid 27000 in 0ms
01-01 08:16:01.395 0 0 I binder : 27009:27009 ioctl 40046210 7fdf4cac94 returned -22
01-01 08:16:01.395 0 0 I binder : 27009:27009 ioctl 40046210 7fdf4cacb4 returned -22
01-01 08:16:01.572 0 0 D : mv2112_read_status
01-01 08:16:01.573 0 0 D mv2112_update_link: 3.0x901(1G): 0x80
01-01 08:16:01.573 0 0 D mv2112_update_link: 3.0x8109(100M): 0x0
01-01 08:16:01.573 0 0 D mv2112_update_link: link 0x0
01-01 08:16:01.573 0 0 D mv2112_read_status: autoneg is disabled
01-01 08:16:01.830 0 0 E : msm_qti_pp_get_rms_value_control, back not active to query rms be_idx:3
01-01 08:16:01.850 0 0 I core_get_license_status: cmdrsp_license_result.result = 0x15 for module 0x131ff
01-01 08:16:01.851 0 0 E msm_ext_disp_update_audio_ops: Display not found (EXT_DISPLAY_TYPE_DP) ctld (0) stream (0)
01-01 08:16:01.861 0 0 E msm_ext_disp_update_audio_ops: Display not found (EXT_DISPLAY_TYPE_HDMI) ctld (0) stream (0)
01-01 08:16:01.871 0 0 E msm_ext_disp_update_audio_ops: Display not found (EXT_DISPLAY_TYPE_DP) ctld (0) stream (0)
01-01 08:16:01.881 0 0 E msm_ext_disp_update_audio_ops: Display not found (EXT_DISPLAY_TYPE_DP) ctld (0) stream (0)
01-01 08:16:01.891 0 0 E msm_ext_disp_update_audio_ops: Display not found (EXT_DISPLAY_TYPE_DP) ctld (0) stream (0)
01-01 08:16:01.901 0 0 E msm-ext-disp-audio-codec-rx soc: qcom,msm-ext-disp:qcom,msm-ext-disp-audio-codec-rx: msm_ext_disp_audio_type_get: get_audio_edid_blk() or get_intf_id is NULL
01-01 08:16:01.917 0 0 E msm_ext_disp_update_audio_ops: Display not found (EXT_DISPLAY_TYPE_DP) ctld (0) stream (0)
01-01 08:16:01.927 0 0 E msm-ext-disp-audio-codec-rx soc: qcom,msm-ext-disp:qcom,msm-ext-disp-audio-codec-rx: msm_ext_disp_audio_type_get: get_audio_edid_blk() or get_intf_id is NULL
01-01 08:16:01.943 0 0 E msm_ext_disp_update_audio_ops: Display not found (EXT_DISPLAY_TYPE_DP) ctld (0) stream (0)
01-01 08:16:01.952 0 0 E msm-ext-disp-audio-codec-rx soc: qcom,msm-ext-disp:qcom,msm-ext-disp-audio-codec-rx: msm_ext_disp_audio_type_get: get_audio_edid_blk() or get_intf_id is NULL
01-01 08:16:01.970 0 0 E msm-ext-disp-audio-codec-rx soc: qcom,msm-ext-disp:qcom,msm-ext-disp-audio-codec-rx: msm_ext_disp_audio_device_get: invalid dai id: 4
01-01 08:16:02.034 0 0 E : msm_pcm_volume_ctl_get substream not found
01-01 08:16:02.392 0 0 E : msm_qti_pp_get_rms_value_control, back not active to query rms be_idx:3
01-01 08:16:02.412 0 0 I core_get_license_status: cmdrsp_license_result.result = 0x15 for module 0x131ff
01-01 08:16:02.413 0 0 E msm_ext_disp_update_audio_ops: Display not found (EXT_DISPLAY_TYPE_DP) ctld (0) stream (0)
01-01 08:16:02.423 0 0 E msm_ext_disp_update_audio_ops: Display not found (EXT_DISPLAY_TYPE_HDMI) ctld (0) stream (0)
01-01 08:16:02.433 0 0 E msm_ext_disp_update_audio_ops: Display not found (EXT_DISPLAY_TYPE_DP) ctld (0) stream (0)
01-01 08:16:02.442 0 0 E msm_ext_disp_update_audio_ops: Display not found (EXT_DISPLAY_TYPE_DP) ctld (0) stream (0)
01-01 08:16:02.453 0 0 E msm_ext_disp_update_audio_ops: Display not found (EXT_DISPLAY_TYPE_DP) ctld (0) stream (0)
01-01 08:16:02.462 0 0 E msm-ext-disp-audio-codec-rx soc: qcom,msm-ext-disp:qcom,msm-ext-disp-audio-codec-rx: msm_ext_disp_audio_type_get: get_audio_edid_blk() or get_intf_id is NULL
01-01 08:16:02.478 0 0 E msm_ext_disp_update_audio_ops: Display not found (EXT_DISPLAY_TYPE_DP) ctld (0) stream (0)
01-01 08:16:02.488 0 0 E msm-ext-disp-audio-codec-rx soc: qcom,msm-ext-disp:qcom,msm-ext-disp-audio-codec-rx: msm_ext_disp_audio_type_get: get_audio_edid_blk() or get_intf_id is NULL
01-01 08:16:02.504 0 0 E msm_ext_disp_update_audio_ops: Display not found (EXT_DISPLAY_TYPE_DP) ctld (0) stream (0)
01-01 08:16:02.514 0 0 E msm-ext-disp-audio-codec-rx soc: qcom,msm-ext-disp:qcom,msm-ext-disp-audio-codec-rx: msm_ext_disp_audio_type_get: get_audio_edid_blk() or get_intf_id is NULL
01-01 08:16:02.531 0 0 E msm-ext-disp-audio-codec-rx soc: qcom,msm-ext-disp:qcom,msm-ext-disp-audio-codec-rx: msm_ext_disp_audio_device_get: invalid dai id: 4
01-01 08:16:02.589 0 0 E : msm_pcm_volume_ctl_get substream not found
01-01 08:16:02.596 0 0 D : mv2112_read_status
01-01 08:16:02.597 0 0 D mv2112_update_link: 3.0x901(1G): 0x80
01-01 08:16:02.597 0 0 D mv2112_update_link: 3.0x8109(100M): 0x0
01-01 08:16:02.597 0 0 D mv2112_update_link: link 0x0
01-01 08:16:02.597 0 0 D mv2112_read_status: autoneg is disabled
01-01 08:16:02.597 0 0 I binder : 27035:27035 ioctl 40046210 7fcfe218b4 returned -22
01-01 08:16:02.769 0 0 I binder : 27042:27042 ioctl 40046210 7fed0ba0c4 returned -22
01-01 08:16:02.772 0 0 I binder : 27042:27042 ioctl 40046210 7fed0ba2d4 returned -22
01-01 08:16:02.936 0 0 I binder : 27035:27035 ioctl 40046210 7fcfe20fb4 returned -22
01-01 08:16:03.111 27035 27035 E AndroidRuntime: *** FATAL EXCEPTION IN SYSTEM PROCESS: main
01-01 08:16:03.111 27035 27035 E AndroidRuntime: java.lang.NullPointerException: Attempt to read from field 'java.lang.String com.android.server.pm.Settings$VersionInfo.fingerprint' on a null object reference
01-01 08:16:03.111 27035 27035 E AndroidRuntime: at com.android.server.pm.PackageManagerService.(PackageManagerService.java:7608)
01-01 08:16:03.111 27035 27035 E AndroidRuntime: at com.android.server.pm.PackageManagerService.main(PackageManagerService.java:7116)
01-01 08:16:03.111 27035 27035 E AndroidRuntime: at com.android.server.SystemServer.startBootstrapServices(SystemServer.java:1168)
01-01 08:16:03.111 27035 27035 E AndroidRuntime: at com.android.server.SystemServer.run(SystemServer.java:882)
01-01 08:16:03.111 27035 27035 E AndroidRuntime: at com.android.server.SystemServer.main(SystemServer.java:615)
01-01 08:16:03.111 27035 27035 E AndroidRuntime: at java.lang.reflect.Method.invoke(Native Method)
01-01 08:16:03.111 27035 27035 E AndroidRuntime: at com.android.internal.os.RuntimeInit$MethodAndArgsCaller.run(RuntimeInit.java:548)
01-01 08:16:03.111 27035 27035 E AndroidRuntime: at com.android.internal.os.ZygoteInit.main(ZygoteInit.java:987)
01-01 08:16:03.112 27035 27035 E AndroidRuntime: Error reporting crash
01-01 08:16:03.112 27035 27035 E AndroidRuntime: java.lang.NullPointerException: Attempt to invoke interface method 'void android.app.IActivityManager.handleApplicationCrash(android.os.IBinder, android.app.ApplicationErrorReport$ParcelableCrashInfo)' on a null object reference
01-01 08:16:03.112 27035 27035 E AndroidRuntime: at com.android.internal.os.RuntimeInit$KillApplicationHandler.uncaughtException(RuntimeInit.java:156)
01-01 08:16:03.112 27035 27035 E AndroidRuntime: at java.lang.ThreadGroup.uncaughtException(ThreadGroup.java:1073)
01-01 08:16:03.112 27035 27035 E AndroidRuntime: at java.lang.ThreadGroup.uncaughtException(ThreadGroup.java:1068)
01-01 08:16:03.112 27035 27035 E AndroidRuntime: at java.lang.Thread.dispatchUncaughtException(Thread.java:2200)
01-01 08:16:03.259 0 0 I binder : undelivered TRANSACTION_COMPLETE
01-01 08:16:03.259 0 0 I binder : undelivered transaction 384959, process died.
01-01 08:16:03.263 0 0 I binder : 27120:27120 ioctl 40046210 7fd08ce294 returned -22
01-01 08:16:03.263 0 0 D ProcessState: Binder ioctl to enable oneway spam detection failed: Invalid argument
01-01 08:16:03.264 0 0 D vdc : Waited 0ms for vold
01-01 08:16:03.310 0 0 I binder : undelivered TRANSACTION_COMPLETE
01-01 08:16:03.310 0 0 I binder : undelivered transaction 384971, process died.
01-01 08:16:03.620 0 0 D : mv2112_read_status
01-01 08:16:03.621 0 0 D mv2112_update_link: 3.0x901(1G): 0x80
01-01 08:16:03.621 0 0 D mv2112_update_link: 3.0x8109(100M): 0x0
01-01 08:16:03.621 0 0 D mv2112_update_link: link 0x0
01-01 08:16:03.621 0 0 D mv2112_read_status: autoneg is disabled
01-01 08:16:03.999 0 0 I binder : 27128:27128 ioctl 40046210 7fe5e7ecd4 returned -22
01-01 08:16:04.002 0 0 I binder : 27128:27128 ioctl 40046210 7fe5e7ec54 returned -22
01-01 08:16:04.185 0 0 I binder : 27127:27127 ioctl 40046210 ffa73398 returned -22
01-01 08:16:04.188 0 0 I binder : 27127:27127 ioctl 40046210 ffa73380 returned -22
01-01 08:16:04.553 0 0 I binder : 27126:27126 ioctl 40046210 7fc684d284 returned -22
01-01 08:16:04.555 0 0 I binder : 27126:27126 ioctl 40046210 7fc684d2a4 returned -22
01-01 08:16:04.644 0 0 D : mv2112_read_status
01-01 08:16:04.645 0 0 D mv2112_update_link: 3.0x901(1G): 0x80
01-01 08:16:04.645 0 0 D mv2112_update_link: 3.0x8109(100M): 0x0
01-01 08:16:04.645 0 0 D mv2112_update_link: link 0x0
01-01 08:16:04.645 0 0 D mv2112_read_status: autoneg is disabled
01-01 08:16:05.553 0 0 E init : Control message: Could not find 'android.frameworks.sensorservice@1.0::ISensorManager/default' for ctl.interface_start from pid: 517 (/system/bin/hwservicemanager)
01-01 08:16:05.569 0 0 E init : Control message: Could not find 'android.frameworks.sensorservice@1.0::ISensorManager/default' for ctl.interface_start from pid: 517 (/system/bin/hwservicemanager)
01-01 08:16:05.668 0 0 D : mv2112_read_status
01-01 08:16:05.669 0 0 D mv2112_update_link: 3.0x901(1G): 0x80
01-01 08:16:05.669 0 0 D mv2112_update_link: 3.0x8109(100M): 0x0
01-01 08:16:05.669 0 0 D mv2112_update_link: link 0x0
01-01 08:16:05.669 0 0 D mv2112_read_status: autoneg is disabled
01-01 08:16:05.954 0 0 I init : starting service 'qvrd_vndr'...
01-01 08:16:05.955 0 0 I init : Created socket '/dev/socket/qvrservice_vndr', mode 660, user 1000, group 1000
01-01 08:16:05.955 0 0 I init : Created socket '/dev/socket/qvrservice_vndr_camera', mode 660, user 1000, group 1000
01-01 08:16:05.965 0 0 I init : starting service 'sxrd'...
01-01 08:16:05.976 0 0 I init : starting service 'vendor.audio-hal'...
01-01 08:16:05.974 27140 27140 F linker : CANNOT LINK EXECUTABLE "/vendor/bin/hw/qvrservice": library "vendor.qti.hardware.qxr-V1-ndk_platform.so" not found: needed by /vendor/lib64/libqvrservice.so in namespace (default)
01-01 08:16:05.975 27141 27141 F linker : CANNOT LINK EXECUTABLE "/vendor/bin/hw/sxrservice": library "vendor.qti.hardware.qxr-V1-ndk_platform.so" not found: needed by main executable
01-01 08:16:05.986 0 0 I init : Service 'qvrd_vndr' (pid 27140) exited with status 1
01-01 08:16:05.986 0 0 I init : Sending signal 9 to service 'qvrd_vndr' (pid 27140) process group...
01-01 08:16:05.986 0 0 I libprocessgroup: Successfully killed process cgroup uid 1000 pid 27140 in 0ms
01-01 08:16:06.399 0 0 I binder : 27149:27149 ioctl 40046210 7fe01beb94 returned -22
01-01 08:16:06.399 0 0 I binder : 27149:27149 ioctl 40046210 7fe01bebb4 returned -22
01-01 08:16:06.692 0 0 D : mv2112_read_status
01-01 08:16:06.693 0 0 D mv2112_update_link: 3.0x901(1G): 0x80
01-01 08:16:06.693 0 0 D mv2112_update_link: 3.0x8109(100M): 0x0
01-01 08:16:06.693 0 0 D mv2112_update_link: link 0x0
01-01 08:16:06.693 0 0 D mv2112_read_status: autoneg is disabled
01-01 08:16:06.867 0 0 E : msm_qti_pp_get_rms_value_control, back not active to query rms be_idx:3
01-01 08:16:06.887 0 0 I core_get_license_status: cmdrsp_license_result.result = 0x15 for module 0x131ff
01-01 08:16:06.888 0 0 E msm_ext_disp_update_audio_ops: Display not found (EXT_DISPLAY_TYPE_DP) ctld (0) stream (0)
01-01 08:16:06.898 0 0 E msm_ext_disp_update_audio_ops: Display not found (EXT_DISPLAY_TYPE_HDMI) ctld (0) stream (0)
01-01 08:16:06.908 0 0 E msm_ext_disp_update_audio_ops: Display not found (EXT_DISPLAY_TYPE_DP) ctld (0) stream (0)
01-01 08:16:06.918 0 0 E msm_ext_disp_update_audio_ops: Display not found (EXT_DISPLAY_TYPE_DP) ctld (0) stream (0)
01-01 08:16:06.928 0 0 E msm_ext_disp_update_audio_ops: Display not found (EXT_DISPLAY_TYPE_DP) ctld (0) stream (0)
01-01 08:16:06.937 0 0 E msm-ext-disp-audio-codec-rx soc: qcom,msm-ext-disp:qcom,msm-ext-disp-audio-codec-rx: msm_ext_disp_audio_type_get: get_audio_edid_blk() or get_intf_id is NULL
01-01 08:16:06.954 0 0 E msm_ext_disp_update_audio_ops: Display not found (EXT_DISPLAY_TYPE_DP) ctld (0) stream (0)
01-01 08:16:06.963 0 0 E msm-ext-disp-audio-codec-rx soc: qcom,msm-ext-disp:qcom,msm-ext-disp-audio-codec-rx: msm_ext_disp_audio_type_get: get_audio_edid_blk() or get_intf_id is NULL
01-01 08:16:06.979 0 0 E msm_ext_disp_update_audio_ops: Display not found (EXT_DISPLAY_TYPE_DP) ctld (0) stream (0)
01-01 08:16:06.989 0 0 E msm-ext-disp-audio-codec-rx soc: qcom,msm-ext-disp:qcom,msm-ext-disp-audio-codec-rx: msm_ext_disp_audio_type_get: get_audio_edid_blk() or get_intf_id is NULL
01-01 08:16:07.006 0 0 E msm-ext-disp-audio-codec-rx soc: qcom,msm-ext-disp:qcom,msm-ext-disp-audio-codec-rx: msm_ext_disp_audio_device_get: invalid dai id: 4
01-01 08:16:07.070 0 0 E : msm_pcm_volume_ctl_get substream not found
01-01 08:16:07.502 0 0 E : msm_qti_pp_get_rms_value_control, back not active to query rms be_idx:3
01-01 08:16:07.522 0 0 I core_get_license_status: cmdrsp_license_result.result = 0x15 for module 0x131ff
01-01 08:16:07.522 0 0 E msm_ext_disp_update_audio_ops: Display not found (EXT_DISPLAY_TYPE_DP) ctld (0) stream (0)
01-01 08:16:07.532 0 0 E msm_ext_disp_update_audio_ops: Display not found (EXT_DISPLAY_TYPE_HDMI) ctld (0) stream (0)
01-01 08:16:07.542 0 0 E msm_ext_disp_update_audio_ops: Display not found (EXT_DISPLAY_TYPE_DP) ctld (0) stream (0)
01-01 08:16:07.552 0 0 E msm_ext_disp_update_audio_ops: Display not found (EXT_DISPLAY_TYPE_DP) ctld (0) stream (0)
01-01 08:16:07.563 0 0 E msm_ext_disp_update_audio_ops: Display not found (EXT_DISPLAY_TYPE_DP) ctld (0) stream (0)
01-01 08:16:07.572 0 0 E msm-ext-disp-audio-codec-rx soc: qcom,msm-ext-disp:qcom,msm-ext-disp-audio-codec-rx: msm_ext_disp_audio_type_get: get_audio_edid_blk() or get_intf_id is NULL
01-01 08:16:07.588 0 0 E msm_ext_disp_update_audio_ops: Display not found (EXT_DISPLAY_TYPE_DP) ctld (0) stream (0)
01-01 08:16:07.598 0 0 E msm-ext-disp-audio-codec-rx soc: qcom,msm-ext-disp:qcom,msm-ext-disp-audio-codec-rx: msm_ext_disp_audio_type_get: get_audio_edid_blk() or get_intf_id is NULL
01-01 08:16:07.614 0 0 E msm_ext_disp_update_audio_ops: Display not found (EXT_DISPLAY_TYPE_DP) ctld (0) stream (0)
01-01 08:16:07.624 0 0 E msm-ext-disp-audio-codec-rx soc: qcom,msm-ext-disp:qcom,msm-ext-disp-audio-codec-rx: msm_ext_disp_audio_type_get: get_audio_edid_blk() or get_intf_id is NULL
01-01 08:16:07.640 0 0 E msm-ext-disp-audio-codec-rx soc: qcom,msm-ext-disp:qcom,msm-ext-disp-audio-codec-rx: msm_ext_disp_audio_device_get: invalid dai id: 4
01-01 08:16:07.697 0 0 I binder : 27178:27178 ioctl 40046210 7fd9a16514 returned -22
01-01 08:16:07.699 0 0 E : msm_pcm_volume_ctl_get substream not found
01-01 08:16:07.716 0 0 D : mv2112_read_status
01-01 08:16:07.717 0 0 D mv2112_update_link: 3.0x901(1G): 0x80
01-01 08:16:07.717 0 0 D mv2112_update_link: 3.0x8109(100M): 0x0
01-01 08:16:07.717 0 0 D mv2112_update_link: link 0x0
01-01 08:16:07.717 0 0 D mv2112_read_status: autoneg is disabled
01-01 08:16:07.793 0 0 I binder : 27176:27176 ioctl 40046210 7ffff01f74 returned -22
01-01 08:16:07.796 0 0 I binder : 27176:27176 ioctl 40046210 7ffff02184 returned -22
01-01 08:16:08.010 0 0 I binder : 27178:27178 ioctl 40046210 7fd9a15c14 returned -22
01-01 08:16:08.192 27178 27178 E AndroidRuntime: *** FATAL EXCEPTION IN SYSTEM PROCESS: main
01-01 08:16:08.192 27178 27178 E AndroidRuntime: java.lang.NullPointerException: Attempt to read from field 'java.lang.String com.android.server.pm.Settings$VersionInfo.fingerprint' on a null object reference
01-01 08:16:08.192 27178 27178 E AndroidRuntime: at com.android.server.pm.PackageManagerService.(PackageManagerService.java:7608)
01-01 08:16:08.192 27178 27178 E AndroidRuntime: at com.android.server.pm.PackageManagerService.main(PackageManagerService.java:7116)
01-01 08:16:08.192 27178 27178 E AndroidRuntime: at com.android.server.SystemServer.startBootstrapServices(SystemServer.java:1168)
01-01 08:16:08.192 27178 27178 E AndroidRuntime: at com.android.server.SystemServer.run(SystemServer.java:882)
01-01 08:16:08.192 27178 27178 E AndroidRuntime: at com.android.server.SystemServer.main(SystemServer.java:615)
01-01 08:16:08.192 27178 27178 E AndroidRuntime: at java.lang.reflect.Method.invoke(Native Method)
01-01 08:16:08.192 27178 27178 E AndroidRuntime: at com.android.internal.os.RuntimeInit$MethodAndArgsCaller.run(RuntimeInit.java:548)
01-01 08:16:08.192 27178 27178 E AndroidRuntime: at com.android.internal.os.ZygoteInit.main(ZygoteInit.java:987)
01-01 08:16:08.193 27178 27178 E AndroidRuntime: Error reporting crash
01-01 08:16:08.193 27178 27178 E AndroidRuntime: java.lang.NullPointerException: Attempt to invoke interface method 'void android.app.IActivityManager.handleApplicationCrash(android.os.IBinder, android.app.ApplicationErrorReport$ParcelableCrashInfo)' on a null object reference
01-01 08:16:08.193 27178 27178 E AndroidRuntime: at com.android.internal.os.RuntimeInit$KillApplicationHandler.uncaughtException(RuntimeInit.java:156)
01-01 08:16:08.193 27178 27178 E AndroidRuntime: at java.lang.ThreadGroup.uncaughtException(ThreadGroup.java:1073)
01-01 08:16:08.193 27178 27178 E AndroidRuntime: at java.lang.ThreadGroup.uncaughtException(ThreadGroup.java:1068)
01-01 08:16:08.193 27178 27178 E AndroidRuntime: at java.lang.Thread.dispatchUncaughtException(Thread.java:2200)
01-01 08:16:08.351 0 0 I binder : 27263:27263 ioctl 40046210 7fe0230404 returned -22
01-01 08:16:08.351 0 0 D ProcessState: Binder ioctl to enable oneway spam detection failed: Invalid argument
01-01 08:16:08.352 0 0 D vdc : Waited 0ms for vold
01-01 08:16:08.740 0 0 D : mv2112_read_status
01-01 08:16:08.741 0 0 D mv2112_update_link: 3.0x901(1G): 0x80
01-01 08:16:08.741 0 0 D mv2112_update_link: 3.0x8109(100M): 0x0
01-01 08:16:08.741 0 0 D mv2112_update_link: link 0x0
01-01 08:16:08.741 0 0 D mv2112_read_status: autoneg is disabled
01-01 08:16:09.009 0 0 I binder : 27268:27268 ioctl 40046210 7fc15e6564 returned -22
01-01 08:16:09.011 0 0 I binder : 27268:27268 ioctl 40046210 7fc15e64e4 returned -22
01-01 08:16:09.189 0 0 I binder : 27267:27267 ioctl 40046210 ffab1e08 returned -22
01-01 08:16:09.191 0 0 I binder : 27267:27267 ioctl 40046210 ffab1df0 returned -22
01-01 08:16:09.567 0 0 I binder : 27266:27266 ioctl 40046210 7febeee544 returned -22
01-01 08:16:09.569 0 0 I binder : 27266:27266 ioctl 40046210 7febeee564 returned -22
01-01 08:16:09.764 0 0 D : mv2112_read_status
01-01 08:16:09.765 0 0 D mv2112_update_link: 3.0x901(1G): 0x80
01-01 08:16:09.765 0 0 D mv2112_update_link: 3.0x8109(100M): 0x0
01-01 08:16:09.765 0 0 D mv2112_update_link: link 0x0
01-01 08:16:09.765 0 0 D mv2112_read_status: autoneg is disabled
01-01 08:16:10.559 0 0 E init : Control message: Could not find 'android.frameworks.sensorservice@1.0::ISensorManager/default' for ctl.interface_start from pid: 517 (/system/bin/hwservicemanager)
01-01 08:16:10.577 0 0 E init : Control message: Could not find 'android.frameworks.sensorservice@1.0::ISensorManager/default' for ctl.interface_start from pid: 517 (/system/bin/hwservicemanager)
01-01 08:16:10.788 0 0 D : mv2112_read_status
01-01 08:16:10.789 0 0 D mv2112_update_link: 3.0x901(1G): 0x80
01-01 08:16:10.789 0 0 D mv2112_update_link: 3.0x8109(100M): 0x0
01-01 08:16:10.789 0 0 D mv2112_update_link: link 0x0
01-01 08:16:10.789 0 0 D mv2112_read_status: autoneg is disabled
01-01 08:16:10.962 0 0 I init : starting service 'qvrd_vndr'...
01-01 08:16:10.963 0 0 I init : Created socket '/dev/socket/qvrservice_vndr', mode 660, user 1000, group 1000
01-01 08:16:10.963 0 0 I init : Created socket '/dev/socket/qvrservice_vndr_camera', mode 660, user 1000, group 1000
01-01 08:16:10.973 0 0 I init : starting service 'sxrd'...
01-01 08:16:10.983 0 0 I init : starting service 'vendor.audio-hal'...
01-01 08:16:10.980 27280 27280 F linker : CANNOT LINK EXECUTABLE "/vendor/bin/hw/qvrservice": library "vendor.qti.hardware.qxr-V1-ndk_platform.so" not found: needed by /vendor/lib64/libqvrservice.so in namespace (default)
01-01 08:16:10.991 0 0 I init : Service 'qvrd_vndr' (pid 27280) exited with status 1
01-01 08:16:10.991 0 0 I init : Sending signal 9 to service 'qvrd_vndr' (pid 27280) process group...
01-01 08:16:10.991 0 0 I libprocessgroup: Successfully killed process cgroup uid 1000 pid 27280 in 0ms
01-01 08:16:10.984 27281 27281 F linker : CANNOT LINK EXECUTABLE "/vendor/bin/hw/sxrservice": library "vendor.qti.hardware.qxr-V1-ndk_platform.so" not found: needed by main executable
01-01 08:16:11.385 0 0 I binder : 27289:27289 ioctl 40046210 7fc8c30c24 returned -22
01-01 08:16:11.386 0 0 I binder : 27289:27289 ioctl 40046210 7fc8c30c44 returned -22
01-01 08:16:11.812 0 0 D : mv2112_read_status
01-01 08:16:11.813 0 0 D mv2112_update_link: 3.0x901(1G): 0x80
01-01 08:16:11.813 0 0 D mv2112_update_link: 3.0x8109(100M): 0x0
01-01 08:16:11.813 0 0 D mv2112_update_link: link 0x0
01-01 08:16:11.813 0 0 D mv2112_read_status: autoneg is disabled
01-01 08:16:11.836 0 0 E : msm_qti_pp_get_rms_value_control, back not active to query rms be_idx:3
01-01 08:16:11.856 0 0 I core_get_license_status: cmdrsp_license_result.result = 0x15 for module 0x131ff
01-01 08:16:11.857 0 0 E msm_ext_disp_update_audio_ops: Display not found (EXT_DISPLAY_TYPE_DP) ctld (0) stream (0)
01-01 08:16:11.867 0 0 E msm_ext_disp_update_audio_ops: Display not found (EXT_DISPLAY_TYPE_HDMI) ctld (0) stream (0)
01-01 08:16:11.877 0 0 E msm_ext_disp_update_audio_ops: Display not found (EXT_DISPLAY_TYPE_DP) ctld (0) stream (0)
01-01 08:16:11.887 0 0 E msm_ext_disp_update_audio_ops: Display not found (EXT_DISPLAY_TYPE_DP) ctld (0) stream (0)
01-01 08:16:11.897 0 0 E msm_ext_disp_update_audio_ops: Display not found (EXT_DISPLAY_TYPE_DP) ctld (0) stream (0)
01-01 08:16:11.906 0 0 E msm-ext-disp-audio-codec-rx soc: qcom,msm-ext-disp:qcom,msm-ext-disp-audio-codec-rx: msm_ext_disp_audio_type_get: get_audio_edid_blk() or get_intf_id is NULL
01-01 08:16:11.922 0 0 E msm_ext_disp_update_audio_ops: Display not found (EXT_DISPLAY_TYPE_DP) ctld (0) stream (0)
01-01 08:16:11.932 0 0 E msm-ext-disp-audio-codec-rx soc: qcom,msm-ext-disp:qcom,msm-ext-disp-audio-codec-rx: msm_ext_disp_audio_type_get: get_audio_edid_blk() or get_intf_id is NULL
01-01 08:16:11.948 0 0 E msm_ext_disp_update_audio_ops: Display not found (EXT_DISPLAY_TYPE_DP) ctld (0) stream (0)
01-01 08:16:11.958 0 0 E msm-ext-disp-audio-codec-rx soc: qcom,msm-ext-disp:qcom,msm-ext-disp-audio-codec-rx: msm_ext_disp_audio_type_get: get_audio_edid_blk() or get_intf_id is NULL
01-01 08:16:11.974 0 0 E msm-ext-disp-audio-codec-rx soc: qcom,msm-ext-disp:qcom,msm-ext-disp-audio-codec-rx: msm_ext_disp_audio_device_get: invalid dai id: 4
01-01 08:16:12.037 0 0 E : msm_pcm_volume_ctl_get substream not found
01-01 08:16:12.401 0 0 E : msm_qti_pp_get_rms_value_control, back not active to query rms be_idx:3
01-01 08:16:12.421 0 0 I core_get_license_status: cmdrsp_license_result.result = 0x15 for module 0x131ff
01-01 08:16:12.422 0 0 E msm_ext_disp_update_audio_ops: Display not found (EXT_DISPLAY_TYPE_DP) ctld (0) stream (0)
01-01 08:16:12.432 0 0 E msm_ext_disp_update_audio_ops: Display not found (EXT_DISPLAY_TYPE_HDMI) ctld (0) stream (0)
01-01 08:16:12.442 0 0 E msm_ext_disp_update_audio_ops: Display not found (EXT_DISPLAY_TYPE_DP) ctld (0) stream (0)
01-01 08:16:12.452 0 0 E msm_ext_disp_update_audio_ops: Display not found (EXT_DISPLAY_TYPE_DP) ctld (0) stream (0)
01-01 08:16:12.462 0 0 E msm_ext_disp_update_audio_ops: Display not found (EXT_DISPLAY_TYPE_DP) ctld (0) stream (0)
01-01 08:16:12.471 0 0 E msm-ext-disp-audio-codec-rx soc: qcom,msm-ext-disp:qcom,msm-ext-disp-audio-codec-rx: msm_ext_disp_audio_type_get: get_audio_edid_blk() or get_intf_id is NULL
01-01 08:16:12.487 0 0 E msm_ext_disp_update_audio_ops: Display not found (EXT_DISPLAY_TYPE_DP) ctld (0) stream (0)
01-01 08:16:12.497 0 0 E msm-ext-disp-audio-codec-rx soc: qcom,msm-ext-disp:qcom,msm-ext-disp-audio-codec-rx: msm_ext_disp_audio_type_get: get_audio_edid_blk() or get_intf_id is NULL
01-01 08:16:12.513 0 0 E msm_ext_disp_update_audio_ops: Display not found (EXT_DISPLAY_TYPE_DP) ctld (0) stream (0)
01-01 08:16:12.523 0 0 E msm-ext-disp-audio-codec-rx soc: qcom,msm-ext-disp:qcom,msm-ext-disp-audio-codec-rx: msm_ext_disp_audio_type_get: get_audio_edid_blk() or get_intf_id is NULL
01-01 08:16:12.539 0 0 E msm-ext-disp-audio-codec-rx soc: qcom,msm-ext-disp:qcom,msm-ext-disp-audio-codec-rx: msm_ext_disp_audio_device_get: invalid dai id: 4
01-01 08:16:12.577 0 0 I binder : 27315:27315 ioctl 40046210 7fed3f6914 returned -22
01-01 08:16:12.598 0 0 E : msm_pcm_volume_ctl_get substream not found
01-01 08:16:12.765 0 0 I binder : 27331:27331 ioctl 40046210 7fc01deae4 returned -22
01-01 08:16:12.768 0 0 I binder : 27331:27331 ioctl 40046210 7fc01decf4 returned -22
01-01 08:16:12.836 0 0 D : mv2112_read_status
01-01 08:16:12.837 0 0 D mv2112_update_link: 3.0x901(1G): 0x80
01-01 08:16:12.837 0 0 D mv2112_update_link: 3.0x8109(100M): 0x0
01-01 08:16:12.837 0 0 D mv2112_update_link: link 0x0
01-01 08:16:12.837 0 0 D mv2112_read_status: autoneg is disabled
01-01 08:16:12.893 0 0 I binder : 27315:27315 ioctl 40046210 7fed3f6014 returned -22
01-01 08:16:13.103 27315 27315 E AndroidRuntime: *** FATAL EXCEPTION IN SYSTEM PROCESS: main
01-01 08:16:13.103 27315 27315 E AndroidRuntime: java.lang.NullPointerException: Attempt to read from field 'java.lang.String com.android.server.pm.Settings$VersionInfo.fingerprint' on a null object reference
01-01 08:16:13.103 27315 27315 E AndroidRuntime: at com.android.server.pm.PackageManagerService.(PackageManagerService.java:7608)
01-01 08:16:13.103 27315 27315 E AndroidRuntime: at com.android.server.pm.PackageManagerService.main(PackageManagerService.java:7116)
01-01 08:16:13.103 27315 27315 E AndroidRuntime: at com.android.server.SystemServer.startBootstrapServices(SystemServer.java:1168)
01-01 08:16:13.103 27315 27315 E AndroidRuntime: at com.android.server.SystemServer.run(SystemServer.java:882)
01-01 08:16:13.103 27315 27315 E AndroidRuntime: at com.android.server.SystemServer.main(SystemServer.java:615)
01-01 08:16:13.103 27315 27315 E AndroidRuntime: at java.lang.reflect.Method.invoke(Native Method)
01-01 08:16:13.103 27315 27315 E AndroidRuntime: at com.android.internal.os.RuntimeInit$MethodAndArgsCaller.run(RuntimeInit.java:548)
01-01 08:16:13.103 27315 27315 E AndroidRuntime: at com.android.internal.os.ZygoteInit.main(ZygoteInit.java:987)
01-01 08:16:13.104 27315 27315 E AndroidRuntime: Error reporting crash
01-01 08:16:13.104 27315 27315 E AndroidRuntime: java.lang.NullPointerException: Attempt to invoke interface method 'void android.app.IActivityManager.handleApplicationCrash(android.os.IBinder, android.app.ApplicationErrorReport$ParcelableCrashInfo)' on a null object reference
01-01 08:16:13.104 27315 27315 E AndroidRuntime: at com.android.internal.os.RuntimeInit$KillApplicationHandler.uncaughtException(RuntimeInit.java:156)
01-01 08:16:13.104 27315 27315 E AndroidRuntime: at java.lang.ThreadGroup.uncaughtException(ThreadGroup.java:1073)
01-01 08:16:13.104 27315 27315 E AndroidRuntime: at java.lang.ThreadGroup.uncaughtException(ThreadGroup.java:1068)
01-01 08:16:13.104 27315 27315 E AndroidRuntime: at java.lang.Thread.dispatchUncaughtException(Thread.java:2200)
01-01 08:16:13.256 0 0 I binder : 27403:27403 ioctl 40046210 7fda8378e4 returned -22
01-01 08:16:13.256 0 0 D ProcessState: Binder ioctl to enable oneway spam detection failed: Invalid argument
01-01 08:16:13.257 0 0 D vdc : Waited 0ms for vold
01-01 08:16:13.860 0 0 D : mv2112_read_status
01-01 08:16:13.861 0 0 D mv2112_update_link: 3.0x901(1G): 0x80
01-01 08:16:13.861 0 0 D mv2112_update_link: 3.0x8109(100M): 0x0
01-01 08:16:13.861 0 0 D mv2112_update_link: link 0x0
01-01 08:16:13.861 0 0 D mv2112_read_status: autoneg is disabled
01-01 08:16:14.013 0 0 I binder : 27410:27410 ioctl 40046210 7ff31c05d4 returned -22
01-01 08:16:14.014 0 0 I binder : 27410:27410 ioctl 40046210 7ff31c0554 returned -22
01-01 08:16:14.203 0 0 I binder : 27409:27409 ioctl 40046210 ff850a28 returned -22
01-01 08:16:14.205 0 0 I binder : 27409:27409 ioctl 40046210 ff850a10 returned -22
01-01 08:16:14.574 0 0 I binder : 27408:27408 ioctl 40046210 7fdccf4f74 returned -22
01-01 08:16:14.576 0 0 I binder : 27408:27408 ioctl 40046210 7fdccf4f94 returned -22
01-01 08:16:14.884 0 0 D : mv2112_read_status
01-01 08:16:14.885 0 0 D mv2112_update_link: 3.0x901(1G): 0x80
01-01 08:16:14.885 0 0 D mv2112_update_link: 3.0x8109(100M): 0x0
01-01 08:16:14.885 0 0 D mv2112_update_link: link 0x0
01-01 08:16:14.885 0 0 D mv2112_read_status: autoneg is disabled
01-01 08:16:15.564 0 0 E init : Control message: Could not find 'android.frameworks.sensorservice@1.0::ISensorManager/default' for ctl.interface_start from pid: 517 (/system/bin/hwservicemanager)
01-01 08:16:15.581 0 0 E init : Control message: Could not find 'android.frameworks.sensorservice@1.0::ISensorManager/default' for ctl.interface_start from pid: 517 (/system/bin/hwservicemanager)
01-01 08:16:15.908 0 0 D : mv2112_read_status
01-01 08:16:15.909 0 0 D mv2112_update_link: 3.0x901(1G): 0x80
01-01 08:16:15.909 0 0 D mv2112_update_link: 3.0x8109(100M): 0x0
01-01 08:16:15.909 0 0 D mv2112_update_link: link 0x0
01-01 08:16:15.909 0 0 D mv2112_read_status: autoneg is disabled
01-01 08:16:15.971 0 0 I init : starting service 'qvrd_vndr'...
01-01 08:16:15.972 0 0 I init : Created socket '/dev/socket/qvrservice_vndr', mode 660, user 1000, group 1000
01-01 08:16:15.972 0 0 I init : Created socket '/dev/socket/qvrservice_vndr_camera', mode 660, user 1000, group 1000
01-01 08:16:15.982 0 0 I init : starting service 'sxrd'...
01-01 08:16:15.991 0 0 I init : starting service 'vendor.audio-hal'...
01-01 08:16:15.988 27422 27422 F linker : CANNOT LINK EXECUTABLE "/vendor/bin/hw/qvrservice": library "vendor.qti.hardware.qxr-V1-ndk_platform.so" not found: needed by /vendor/lib64/libqvrservice.so in namespace (default)
01-01 08:16:16.000 0 0 I init : Service 'qvrd_vndr' (pid 27422) exited with status 1
01-01 08:16:16.000 0 0 I init : Sending signal 9 to service 'qvrd_vndr' (pid 27422) process group...
01-01 08:16:16.001 0 0 I libprocessgroup: Successfully killed process cgroup uid 1000 pid 27422 in 0ms
01-01 08:16:15.993 27423 27423 F linker : CANNOT LINK EXECUTABLE "/vendor/bin/hw/sxrservice": library "vendor.qti.hardware.qxr-V1-ndk_platform.so" not found: needed by main executable
01-01 08:16:16.386 0 0 I binder : 27431:27431 ioctl 40046210 7ff45d61c4 returned -22
01-01 08:16:16.387 0 0 I binder : 27431:27431 ioctl 40046210 7ff45d61e4 returned -22
01-01 08:16:16.859 0 0 E : msm_qti_pp_get_rms_value_control, back not active to query rms be_idx:3
01-01 08:16:16.879 0 0 I core_get_license_status: cmdrsp_license_result.result = 0x15 for module 0x131ff
01-01 08:16:16.880 0 0 E msm_ext_disp_update_audio_ops: Display not found (EXT_DISPLAY_TYPE_DP) ctld (0) stream (0)
01-01 08:16:16.890 0 0 E msm_ext_disp_update_audio_ops: Display not found (EXT_DISPLAY_TYPE_HDMI) ctld (0) stream (0)
01-01 08:16:16.900 0 0 E msm_ext_disp_update_audio_ops: Display not found (EXT_DISPLAY_TYPE_DP) ctld (0) stream (0)
01-01 08:16:16.910 0 0 E msm_ext_disp_update_audio_ops: Display not found (EXT_DISPLAY_TYPE_DP) ctld (0) stream (0)
01-01 08:16:16.920 0 0 E msm_ext_disp_update_audio_ops: Display not found (EXT_DISPLAY_TYPE_DP) ctld (0) stream (0)
01-01 08:16:16.929 0 0 E msm-ext-disp-audio-codec-rx soc: qcom,msm-ext-disp:qcom,msm-ext-disp-audio-codec-rx: msm_ext_disp_audio_type_get: get_audio_edid_blk() or get_intf_id is NULL
01-01 08:16:16.932 0 0 D : mv2112_read_status
01-01 08:16:16.945 0 0 D mv2112_update_link: 3.0x901(1G): 0x80
01-01 08:16:16.945 0 0 D mv2112_update_link: 3.0x8109(100M): 0x0
01-01 08:16:16.945 0 0 D mv2112_update_link: link 0x0
01-01 08:16:16.945 0 0 D mv2112_read_status: autoneg is disabled
01-01 08:16:16.945 0 0 E msm_ext_disp_update_audio_ops: Display not found (EXT_DISPLAY_TYPE_DP) ctld (0) stream (0)
01-01 08:16:16.955 0 0 E msm-ext-disp-audio-codec-rx soc: qcom,msm-ext-disp:qcom,msm-ext-disp-audio-codec-rx: msm_ext_disp_audio_type_get: get_audio_edid_blk() or get_intf_id is NULL
01-01 08:16:16.971 0 0 E msm_ext_disp_update_audio_ops: Display not found (EXT_DISPLAY_TYPE_DP) ctld (0) stream (0)
01-01 08:16:16.980 0 0 E msm-ext-disp-audio-codec-rx soc: qcom,msm-ext-disp:qcom,msm-ext-disp-audio-codec-rx: msm_ext_disp_audio_type_get: get_audio_edid_blk() or get_intf_id is NULL
01-01 08:16:16.998 0 0 E msm-ext-disp-audio-codec-rx soc: qcom,msm-ext-disp:qcom,msm-ext-disp-audio-codec-rx: msm_ext_disp_audio_device_get: invalid dai id: 4
01-01 08:16:17.060 0 0 E : msm_pcm_volume_ctl_get substream not found
01-01 08:16:17.432 0 0 E : msm_qti_pp_get_rms_value_control, back not active to query rms be_idx:3
01-01 08:16:17.454 0 0 I core_get_license_status: cmdrsp_license_result.result = 0x15 for module 0x131ff
01-01 08:16:17.454 0 0 E msm_ext_disp_update_audio_ops: Display not found (EXT_DISPLAY_TYPE_DP) ctld (0) stream (0)
01-01 08:16:17.464 0 0 E msm_ext_disp_update_audio_ops: Display not found (EXT_DISPLAY_TYPE_HDMI) ctld (0) stream (0)
01-01 08:16:17.474 0 0 E msm_ext_disp_update_audio_ops: Display not found (EXT_DISPLAY_TYPE_DP) ctld (0) stream (0)
01-01 08:16:17.484 0 0 E msm_ext_disp_update_audio_ops: Display not found (EXT_DISPLAY_TYPE_DP) ctld (0) stream (0)
01-01 08:16:17.494 0 0 E msm_ext_disp_update_audio_ops: Display not found (EXT_DISPLAY_TYPE_DP) ctld (0) stream (0)
01-01 08:16:17.504 0 0 E msm-ext-disp-audio-codec-rx soc: qcom,msm-ext-disp:qcom,msm-ext-disp-audio-codec-rx: msm_ext_disp_audio_type_get: get_audio_edid_blk() or get_intf_id is NULL
01-01 08:16:17.520 0 0 E msm_ext_disp_update_audio_ops: Display not found (EXT_DISPLAY_TYPE_DP) ctld (0) stream (0)
01-01 08:16:17.529 0 0 E msm-ext-disp-audio-codec-rx soc: qcom,msm-ext-disp:qcom,msm-ext-disp-audio-codec-rx: msm_ext_disp_audio_type_get: get_audio_edid_blk() or get_intf_id is NULL
01-01 08:16:17.545 0 0 E msm_ext_disp_update_audio_ops: Display not found (EXT_DISPLAY_TYPE_DP) ctld (0) stream (0)
01-01 08:16:17.555 0 0 E msm-ext-disp-audio-codec-rx soc: qcom,msm-ext-disp:qcom,msm-ext-disp-audio-codec-rx: msm_ext_disp_audio_type_get: get_audio_edid_blk() or get_intf_id is NULL
01-01 08:16:17.557 0 0 I binder : 27457:27457 ioctl 40046210 7ff3229a74 returned -22
01-01 08:16:17.573 0 0 E msm-ext-disp-audio-codec-rx soc: qcom,msm-ext-disp:qcom,msm-ext-disp-audio-codec-rx: msm_ext_disp_audio_device_get: invalid dai id: 4
01-01 08:16:17.631 0 0 E : msm_pcm_volume_ctl_get substream not found
01-01 08:16:17.777 0 0 I binder : 27475:27475 ioctl 40046210 7ff850fd84 returned -22
01-01 08:16:17.780 0 0 I binder : 27475:27475 ioctl 40046210 7ff850ff94 returned -22
01-01 08:16:17.898 0 0 I binder : 27457:27457 ioctl 40046210 7ff3229174 returned -22
01-01 08:16:17.956 0 0 D : mv2112_read_status
01-01 08:16:17.957 0 0 D mv2112_update_link: 3.0x901(1G): 0x80
01-01 08:16:17.957 0 0 D mv2112_update_link: 3.0x8109(100M): 0x0
01-01 08:16:17.957 0 0 D mv2112_update_link: link 0x0
01-01 08:16:17.957 0 0 D mv2112_read_status: autoneg is disabled
01-01 08:16:18.086 27457 27457 E AndroidRuntime: *** FATAL EXCEPTION IN SYSTEM PROCESS: main
01-01 08:16:18.086 27457 27457 E AndroidRuntime: java.lang.NullPointerException: Attempt to read from field 'java.lang.String com.android.server.pm.Settings$VersionInfo.fingerprint' on a null object reference
01-01 08:16:18.086 27457 27457 E AndroidRuntime: at com.android.server.pm.PackageManagerService.(PackageManagerService.java:7608)
01-01 08:16:18.086 27457 27457 E AndroidRuntime: at com.android.server.pm.PackageManagerService.main(PackageManagerService.java:7116)
01-01 08:16:18.086 27457 27457 E AndroidRuntime: at com.android.server.SystemServer.startBootstrapServices(SystemServer.java:1168)
01-01 08:16:18.086 27457 27457 E AndroidRuntime: at com.android.server.SystemServer.run(SystemServer.java:882)
01-01 08:16:18.086 27457 27457 E AndroidRuntime: at com.android.server.SystemServer.main(SystemServer.java:615)
01-01 08:16:18.086 27457 27457 E AndroidRuntime: at java.lang.reflect.Method.invoke(Native Method)
01-01 08:16:18.086 27457 27457 E AndroidRuntime: at com.android.internal.os.RuntimeInit$MethodAndArgsCaller.run(RuntimeInit.java:548)
01-01 08:16:18.086 27457 27457 E AndroidRuntime: at com.android.internal.os.ZygoteInit.main(ZygoteInit.java:987)
01-01 08:16:18.087 27457 27457 E AndroidRuntime: Error reporting crash
01-01 08:16:18.087 27457 27457 E AndroidRuntime: java.lang.NullPointerException: Attempt to invoke interface method 'void android.app.IActivityManager.handleApplicationCrash(android.os.IBinder, android.app.ApplicationErrorReport$ParcelableCrashInfo)' on a null object reference
01-01 08:16:18.087 27457 27457 E AndroidRuntime: at com.android.internal.os.RuntimeInit$KillApplicationHandler.uncaughtException(RuntimeInit.java:156)
01-01 08:16:18.087 27457 27457 E AndroidRuntime: at java.lang.ThreadGroup.uncaughtException(ThreadGroup.java:1073)
01-01 08:16:18.087 27457 27457 E AndroidRuntime: at java.lang.ThreadGroup.uncaughtException(ThreadGroup.java:1068)
01-01 08:16:18.087 27457 27457 E AndroidRuntime: at java.lang.Thread.dispatchUncaughtException(Thread.java:2200)
01-01 08:16:18.233 0 0 I binder : 27534:27534 ioctl 40046210 7fdbf623f4 returned -22
01-01 08:16:18.233 0 0 D ProcessState: Binder ioctl to enable oneway spam detection failed: Invalid argument
01-01 08:16:18.234 0 0 D vdc : Waited 0ms for vold
01-01 08:16:18.346 0 0 I binder : undelivered death notification, 00000000f26069b0
01-01 08:16:18.980 0 0 D : mv2112_read_status
01-01 08:16:18.981 0 0 D mv2112_update_link: 3.0x901(1G): 0x80
01-01 08:16:18.981 0 0 D mv2112_update_link: 3.0x8109(100M): 0x0
01-01 08:16:18.981 0 0 D mv2112_update_link: link 0x0
01-01 08:16:18.981 0 0 D mv2112_read_status: autoneg is disabled
01-01 08:16:19.021 0 0 I binder : 27540:27540 ioctl 40046210 7fea61a7b4 returned -22
01-01 08:16:19.023 0 0 I binder : 27540:27540 ioctl 40046210 7fea61a734 returned -22
01-01 08:16:19.207 0 0 I binder : 27539:27539 ioctl 40046210 ff9df598 returned -22
01-01 08:16:19.210 0 0 I binder : 27539:27539 ioctl 40046210 ff9df580 returned -22
01-01 08:16:19.587 0 0 I binder : 27538:27538 ioctl 40046210 7fcbb96c94 returned -22
01-01 08:16:19.589 0 0 I binder : 27538:27538 ioctl 40046210 7fcbb96cb4 returned -22
01-01 08:16:20.004 0 0 D : mv2112_read_status
01-01 08:16:20.005 0 0 D mv2112_update_link: 3.0x901(1G): 0x80
01-01 08:16:20.005 0 0 D mv2112_update_link: 3.0x8109(100M): 0x0
01-01 08:16:20.005 0 0 D mv2112_update_link: link 0x0
01-01 08:16:20.005 0 0 D mv2112_read_status: autoneg is disabled
01-01 08:16:20.575 0 0 E init : Control message: Could not find 'android.frameworks.sensorservice@1.0::ISensorManager/default' for ctl.interface_start from pid: 517 (/system/bin/hwservicemanager)
01-01 08:16:20.592 0 0 E init : Control message: Could not find 'android.frameworks.sensorservice@1.0::ISensorManager/default' for ctl.interface_start from pid: 517 (/system/bin/hwservicemanager)
01-01 08:16:20.979 0 0 I init : starting service 'qvrd_vndr'...
01-01 08:16:20.980 0 0 I init : Created socket '/dev/socket/qvrservice_vndr', mode 660, user 1000, group 1000
01-01 08:16:20.981 0 0 I init : Created socket '/dev/socket/qvrservice_vndr_camera', mode 660, user 1000, group 1000
01-01 08:16:20.990 0 0 I init : starting service 'sxrd'...
01-01 08:16:21.000 0 0 I init : starting service 'vendor.audio-hal'...
01-01 08:16:20.996 27552 27552 F linker : CANNOT LINK EXECUTABLE "/vendor/bin/hw/qvrservice": library "vendor.qti.hardware.qxr-V1-ndk_platform.so" not found: needed by /vendor/lib64/libqvrservice.so in namespace (default)
01-01 08:16:21.000 27553 27553 F linker : CANNOT LINK EXECUTABLE "/vendor/bin/hw/sxrservice": library "vendor.qti.hardware.qxr-V1-ndk_platform.so" not found: needed by main executable
01-01 08:16:21.011 0 0 I init : Service 'qvrd_vndr' (pid 27552) exited with status 1
01-01 08:16:21.011 0 0 I init : Sending signal 9 to service 'qvrd_vndr' (pid 27552) process group...
01-01 08:16:21.011 0 0 I libprocessgroup: Successfully killed process cgroup uid 1000 pid 27552 in 0ms
01-01 08:16:21.028 0 0 D : mv2112_read_status
01-01 08:16:21.029 0 0 D mv2112_update_link: 3.0x901(1G): 0x80
01-01 08:16:21.029 0 0 D mv2112_update_link: 3.0x8109(100M): 0x0
01-01 08:16:21.029 0 0 D mv2112_update_link: link 0x0
01-01 08:16:21.029 0 0 D mv2112_read_status: autoneg is disabled
01-01 08:16:21.394 0 0 I binder : 27561:27561 ioctl 40046210 7fdf486cf4 returned -22
01-01 08:16:21.394 0 0 I binder : 27561:27561 ioctl 40046210 7fdf486d14 returned -22
01-01 08:16:21.854 0 0 E : msm_qti_pp_get_rms_value_control, back not active to query rms be_idx:3
01-01 08:16:21.875 0 0 I core_get_license_status: cmdrsp_license_result.result = 0x15 for module 0x131ff
01-01 08:16:21.876 0 0 E msm_ext_disp_update_audio_ops: Display not found (EXT_DISPLAY_TYPE_DP) ctld (0) stream (0)
01-01 08:16:21.886 0 0 E msm_ext_disp_update_audio_ops: Display not found (EXT_DISPLAY_TYPE_HDMI) ctld (0) stream (0)
01-01 08:16:21.896 0 0 E msm_ext_disp_update_audio_ops: Display not found (EXT_DISPLAY_TYPE_DP) ctld (0) stream (0)
01-01 08:16:21.905 0 0 E msm_ext_disp_update_audio_ops: Display not found (EXT_DISPLAY_TYPE_DP) ctld (0) stream (0)
01-01 08:16:21.915 0 0 E msm_ext_disp_update_audio_ops: Display not found (EXT_DISPLAY_TYPE_DP) ctld (0) stream (0)
01-01 08:16:21.925 0 0 E msm-ext-disp-audio-codec-rx soc: qcom,msm-ext-disp:qcom,msm-ext-disp-audio-codec-rx: msm_ext_disp_audio_type_get: get_audio_edid_blk() or get_intf_id is NULL
01-01 08:16:21.941 0 0 E msm_ext_disp_update_audio_ops: Display not found (EXT_DISPLAY_TYPE_DP) ctld (0) stream (0)
01-01 08:16:21.951 0 0 E msm-ext-disp-audio-codec-rx soc: qcom,msm-ext-disp:qcom,msm-ext-disp-audio-codec-rx: msm_ext_disp_audio_type_get: get_audio_edid_blk() or get_intf_id is NULL
01-01 08:16:21.967 0 0 E msm_ext_disp_update_audio_ops: Display not found (EXT_DISPLAY_TYPE_DP) ctld (0) stream (0)
01-01 08:16:21.976 0 0 E msm-ext-disp-audio-codec-rx soc: qcom,msm-ext-disp:qcom,msm-ext-disp-audio-codec-rx: msm_ext_disp_audio_type_get: get_audio_edid_blk() or get_intf_id is NULL
01-01 08:16:21.993 0 0 E msm-ext-disp-audio-codec-rx soc: qcom,msm-ext-disp:qcom,msm-ext-disp-audio-codec-rx: msm_ext_disp_audio_device_get: invalid dai id: 4
01-01 08:16:22.052 0 0 D : mv2112_read_status
01-01 08:16:22.053 0 0 D mv2112_update_link: 3.0x901(1G): 0x80
01-01 08:16:22.053 0 0 D mv2112_update_link: 3.0x8109(100M): 0x0
01-01 08:16:22.053 0 0 D mv2112_update_link: link 0x0
01-01 08:16:22.053 0 0 D mv2112_read_status: autoneg is disabled
01-01 08:16:22.057 0 0 E : msm_pcm_volume_ctl_get substream not found
01-01 08:16:22.407 0 0 E : msm_qti_pp_get_rms_value_control, back not active to query rms be_idx:3
01-01 08:16:22.428 0 0 I core_get_license_status: cmdrsp_license_result.result = 0x15 for module 0x131ff
01-01 08:16:22.429 0 0 E msm_ext_disp_update_audio_ops: Display not found (EXT_DISPLAY_TYPE_DP) ctld (0) stream (0)
01-01 08:16:22.438 0 0 E msm_ext_disp_update_audio_ops: Display not found (EXT_DISPLAY_TYPE_HDMI) ctld (0) stream (0)
01-01 08:16:22.448 0 0 E msm_ext_disp_update_audio_ops: Display not found (EXT_DISPLAY_TYPE_DP) ctld (0) stream (0)
01-01 08:16:22.458 0 0 E msm_ext_disp_update_audio_ops: Display not found (EXT_DISPLAY_TYPE_DP) ctld (0) stream (0)
01-01 08:16:22.469 0 0 E msm_ext_disp_update_audio_ops: Display not found (EXT_DISPLAY_TYPE_DP) ctld (0) stream (0)
01-01 08:16:22.478 0 0 E msm-ext-disp-audio-codec-rx soc: qcom,msm-ext-disp:qcom,msm-ext-disp-audio-codec-rx: msm_ext_disp_audio_type_get: get_audio_edid_blk() or get_intf_id is NULL
01-01 08:16:22.494 0 0 E msm_ext_disp_update_audio_ops: Display not found (EXT_DISPLAY_TYPE_DP) ctld (0) stream (0)
01-01 08:16:22.504 0 0 E msm-ext-disp-audio-codec-rx soc: qcom,msm-ext-disp:qcom,msm-ext-disp-audio-codec-rx: msm_ext_disp_audio_type_get: get_audio_edid_blk() or get_intf_id is NULL
01-01 08:16:22.520 0 0 E msm_ext_disp_update_audio_ops: Display not found (EXT_DISPLAY_TYPE_DP) ctld (0) stream (0)
01-01 08:16:22.529 0 0 E msm-ext-disp-audio-codec-rx soc: qcom,msm-ext-disp:qcom,msm-ext-disp-audio-codec-rx: msm_ext_disp_audio_type_get: get_audio_edid_blk() or get_intf_id is NULL
01-01 08:16:22.546 0 0 E msm-ext-disp-audio-codec-rx soc: qcom,msm-ext-disp:qcom,msm-ext-disp-audio-codec-rx: msm_ext_disp_audio_device_get: invalid dai id: 4
01-01 08:16:22.602 0 0 I binder : 27587:27587 ioctl 40046210 7fe3d32a44 returned -22
01-01 08:16:22.607 0 0 E : msm_pcm_volume_ctl_get substream not found
01-01 08:16:22.797 0 0 I binder : 27603:27603 ioctl 40046210 7fddc9a754 returned -22
01-01 08:16:22.800 0 0 I binder : 27603:27603 ioctl 40046210 7fddc9a964 returned -22
01-01 08:16:22.915 0 0 I binder : 27587:27587 ioctl 40046210 7fe3d32144 returned -22
01-01 08:16:23.076 0 0 D : mv2112_read_status
01-01 08:16:23.077 0 0 D mv2112_update_link: 3.0x901(1G): 0x80
01-01 08:16:23.077 0 0 D mv2112_update_link: 3.0x8109(100M): 0x0
01-01 08:16:23.077 0 0 D mv2112_update_link: link 0x0
01-01 08:16:23.077 0 0 D mv2112_read_status: autoneg is disabled
01-01 08:16:23.114 27587 27587 E AndroidRuntime: *** FATAL EXCEPTION IN SYSTEM PROCESS: main
01-01 08:16:23.114 27587 27587 E AndroidRuntime: java.lang.NullPointerException: Attempt to read from field 'java.lang.String com.android.server.pm.Settings$VersionInfo.fingerprint' on a null object reference
01-01 08:16:23.114 27587 27587 E AndroidRuntime: at com.android.server.pm.PackageManagerService.(PackageManagerService.java:7608)
01-01 08:16:23.114 27587 27587 E AndroidRuntime: at com.android.server.pm.PackageManagerService.main(PackageManagerService.java:7116)
01-01 08:16:23.114 27587 27587 E AndroidRuntime: at com.android.server.SystemServer.startBootstrapServices(SystemServer.java:1168)
01-01 08:16:23.114 27587 27587 E AndroidRuntime: at com.android.server.SystemServer.run(SystemServer.java:882)
01-01 08:16:23.114 27587 27587 E AndroidRuntime: at com.android.server.SystemServer.main(SystemServer.java:615)
01-01 08:16:23.114 27587 27587 E AndroidRuntime: at java.lang.reflect.Method.invoke(Native Method)
01-01 08:16:23.114 27587 27587 E AndroidRuntime: at com.android.internal.os.RuntimeInit$MethodAndArgsCaller.run(RuntimeInit.java:548)
01-01 08:16:23.114 27587 27587 E AndroidRuntime: at com.android.internal.os.ZygoteInit.main(ZygoteInit.java:987)
01-01 08:16:23.115 27587 27587 E AndroidRuntime: Error reporting crash
01-01 08:16:23.115 27587 27587 E AndroidRuntime: java.lang.NullPointerException: Attempt to invoke interface method 'void android.app.IActivityManager.handleApplicationCrash(android.os.IBinder, android.app.ApplicationErrorReport$ParcelableCrashInfo)' on a null object reference
01-01 08:16:23.115 27587 27587 E AndroidRuntime: at com.android.internal.os.RuntimeInit$KillApplicationHandler.uncaughtException(RuntimeInit.java:156)
01-01 08:16:23.115 27587 27587 E AndroidRuntime: at java.lang.ThreadGroup.uncaughtException(ThreadGroup.java:1073)
01-01 08:16:23.115 27587 27587 E AndroidRuntime: at java.lang.ThreadGroup.uncaughtException(ThreadGroup.java:1068)
01-01 08:16:23.115 27587 27587 E AndroidRuntime: at java.lang.Thread.dispatchUncaughtException(Thread.java:2200)
01-01 08:16:23.258 0 0 I binder : undelivered TRANSACTION_COMPLETE
01-01 08:16:23.258 0 0 I binder : undelivered transaction 393104, process died.
01-01 08:16:23.261 0 0 I binder : 27676:27676 ioctl 40046210 7fc2413b24 returned -22
01-01 08:16:23.261 0 0 D ProcessState: Binder ioctl to enable oneway spam detection failed: Invalid argument
01-01 08:16:23.262 0 0 D vdc : Waited 0ms for vold
01-01 08:16:24.027 0 0 I binder : 27682:27682 ioctl 40046210 7ff67de674 returned -22
01-01 08:16:24.029 0 0 I binder : 27682:27682 ioctl 40046210 7ff67de5f4 returned -22
01-01 08:16:24.100 0 0 D : mv2112_read_status
01-01 08:16:24.101 0 0 D mv2112_update_link: 3.0x901(1G): 0x80
01-01 08:16:24.101 0 0 D mv2112_update_link: 3.0x8109(100M): 0x0
01-01 08:16:24.101 0 0 D mv2112_update_link: link 0x0
01-01 08:16:24.101 0 0 D mv2112_read_status: autoneg is disabled
