01-01 08:13:52.864 23467 23467 E AndroidRuntime: Error reporting crash
01-01 08:13:52.864 23467 23467 E AndroidRuntime: java.lang.NullPointerException: Attempt to invoke interface method 'void android.app.IActivityManager.handleApplicationCrash(android.os.IBinder, android.app.ApplicationErrorReport$ParcelableCrashInfo)' on a null object reference
01-01 08:13:52.864 23467 23467 E AndroidRuntime: at com.android.internal.os.RuntimeInit$KillApplicationHandler.uncaughtException(RuntimeInit.java:156)
01-01 08:13:52.864 23467 23467 E AndroidRuntime: at java.lang.ThreadGroup.uncaughtException(ThreadGroup.java:1073)
01-01 08:13:52.864 23467 23467 E AndroidRuntime: at java.lang.ThreadGroup.uncaughtException(ThreadGroup.java:1068)
01-01 08:13:52.864 23467 23467 E AndroidRuntime: at java.lang.Thread.dispatchUncaughtException(Thread.java:2200)
01-01 08:13:53.016 0 0 I binder : 23545:23545 ioctl 40046210 7fd35374b4 returned -22
01-01 08:13:53.017 0 0 D ProcessState: Binder ioctl to enable oneway spam detection failed: Invalid argument
01-01 08:13:53.018 0 0 D vdc : Waited 0ms for vold
01-01 08:13:53.476 0 0 D : mv2112_read_status
01-01 08:13:53.477 0 0 D mv2112_update_link: 3.0x901(1G): 0x80
01-01 08:13:53.477 0 0 D mv2112_update_link: 3.0x8109(100M): 0x0
01-01 08:13:53.477 0 0 D mv2112_update_link: link 0x0
01-01 08:13:53.477 0 0 D mv2112_read_status: autoneg is disabled
01-01 08:13:53.553 0 0 I binder : 23552:23552 ioctl 40046210 7fcb491c14 returned -22
01-01 08:13:53.555 0 0 I binder : 23552:23552 ioctl 40046210 7fcb491b94 returned -22
01-01 08:13:53.636 0 0 I binder : 23551:23551 ioctl 40046210 ffe51b38 returned -22
01-01 08:13:53.638 0 0 I binder : 23551:23551 ioctl 40046210 ffe51b20 returned -22
01-01 08:13:54.017 0 0 I binder : 23550:23550 ioctl 40046210 7fd30cf484 returned -22
01-01 08:13:54.019 0 0 I binder : 23550:23550 ioctl 40046210 7fd30cf4a4 returned -22
01-01 08:13:54.500 0 0 D : mv2112_read_status
01-01 08:13:54.501 0 0 D mv2112_update_link: 3.0x901(1G): 0x80
01-01 08:13:54.501 0 0 D mv2112_update_link: 3.0x8109(100M): 0x0
01-01 08:13:54.501 0 0 D mv2112_update_link: link 0x0
01-01 08:13:54.501 0 0 D mv2112_read_status: autoneg is disabled
01-01 08:13:55.367 0 0 E init : Control message: Could not find 'android.frameworks.sensorservice@1.0::ISensorManager/default' for ctl.interface_start from pid: 517 (/system/bin/hwservicemanager)
01-01 08:13:55.390 0 0 E init : Control message: Could not find 'android.frameworks.sensorservice@1.0::ISensorManager/default' for ctl.interface_start from pid: 517 (/system/bin/hwservicemanager)
01-01 08:13:55.524 0 0 D : mv2112_read_status
01-01 08:13:55.525 0 0 D mv2112_update_link: 3.0x901(1G): 0x80
01-01 08:13:55.525 0 0 D mv2112_update_link: 3.0x8109(100M): 0x0
01-01 08:13:55.525 0 0 D mv2112_update_link: link 0x0
01-01 08:13:55.525 0 0 D mv2112_read_status: autoneg is disabled
01-01 08:13:55.723 0 0 I init : starting service 'qvrd_vndr'...
01-01 08:13:55.724 0 0 I init : Created socket '/dev/socket/qvrservice_vndr', mode 660, user 1000, group 1000
01-01 08:13:55.724 0 0 I init : Created socket '/dev/socket/qvrservice_vndr_camera', mode 660, user 1000, group 1000
01-01 08:13:55.735 0 0 I init : starting service 'sxrd'...
01-01 08:13:55.745 0 0 I init : starting service 'vendor.audio-hal'...
01-01 08:13:55.741 23564 23564 F linker : CANNOT LINK EXECUTABLE "/vendor/bin/hw/qvrservice": library "vendor.qti.hardware.qxr-V1-ndk_platform.so" not found: needed by /vendor/lib64/libqvrservice.so in namespace (default)
01-01 08:13:55.745 23565 23565 F linker : CANNOT LINK EXECUTABLE "/vendor/bin/hw/sxrservice": library "vendor.qti.hardware.qxr-V1-ndk_platform.so" not found: needed by main executable
01-01 08:13:55.753 0 0 I init : Service 'qvrd_vndr' (pid 23564) exited with status 1
01-01 08:13:55.753 0 0 I init : Sending signal 9 to service 'qvrd_vndr' (pid 23564) process group...
01-01 08:13:55.753 0 0 I libprocessgroup: Successfully killed process cgroup uid 1000 pid 23564 in 0ms
01-01 08:13:56.127 0 0 I binder : 23573:23573 ioctl 40046210 7ff312c184 returned -22
01-01 08:13:56.127 0 0 I binder : 23573:23573 ioctl 40046210 7ff312c1a4 returned -22
01-01 08:13:56.548 0 0 D : mv2112_read_status
01-01 08:13:56.549 0 0 D mv2112_update_link: 3.0x901(1G): 0x80
01-01 08:13:56.549 0 0 D mv2112_update_link: 3.0x8109(100M): 0x0
01-01 08:13:56.549 0 0 D mv2112_update_link: link 0x0
01-01 08:13:56.549 0 0 D mv2112_read_status: autoneg is disabled
01-01 08:13:56.610 0 0 E : msm_qti_pp_get_rms_value_control, back not active to query rms be_idx:3
01-01 08:13:56.631 0 0 I core_get_license_status: cmdrsp_license_result.result = 0x15 for module 0x131ff
01-01 08:13:56.632 0 0 E msm_ext_disp_update_audio_ops: Display not found (EXT_DISPLAY_TYPE_DP) ctld (0) stream (0)
01-01 08:13:56.642 0 0 E msm_ext_disp_update_audio_ops: Display not found (EXT_DISPLAY_TYPE_HDMI) ctld (0) stream (0)
01-01 08:13:56.652 0 0 E msm_ext_disp_update_audio_ops: Display not found (EXT_DISPLAY_TYPE_DP) ctld (0) stream (0)
01-01 08:13:56.662 0 0 E msm_ext_disp_update_audio_ops: Display not found (EXT_DISPLAY_TYPE_DP) ctld (0) stream (0)
01-01 08:13:56.672 0 0 E msm_ext_disp_update_audio_ops: Display not found (EXT_DISPLAY_TYPE_DP) ctld (0) stream (0)
01-01 08:13:56.681 0 0 E msm-ext-disp-audio-codec-rx soc: qcom,msm-ext-disp:qcom,msm-ext-disp-audio-codec-rx: msm_ext_disp_audio_type_get: get_audio_edid_blk() or get_intf_id is NULL
01-01 08:13:56.697 0 0 E msm_ext_disp_update_audio_ops: Display not found (EXT_DISPLAY_TYPE_DP) ctld (0) stream (0)
01-01 08:13:56.707 0 0 E msm-ext-disp-audio-codec-rx soc: qcom,msm-ext-disp:qcom,msm-ext-disp-audio-codec-rx: msm_ext_disp_audio_type_get: get_audio_edid_blk() or get_intf_id is NULL
01-01 08:13:56.723 0 0 E msm_ext_disp_update_audio_ops: Display not found (EXT_DISPLAY_TYPE_DP) ctld (0) stream (0)
01-01 08:13:56.732 0 0 E msm-ext-disp-audio-codec-rx soc: qcom,msm-ext-disp:qcom,msm-ext-disp-audio-codec-rx: msm_ext_disp_audio_type_get: get_audio_edid_blk() or get_intf_id is NULL
01-01 08:13:56.749 0 0 E msm-ext-disp-audio-codec-rx soc: qcom,msm-ext-disp:qcom,msm-ext-disp-audio-codec-rx: msm_ext_disp_audio_device_get: invalid dai id: 4
01-01 08:13:56.812 0 0 E : msm_pcm_volume_ctl_get substream not found
01-01 08:13:57.126 0 0 E : msm_qti_pp_get_rms_value_control, back not active to query rms be_idx:3
01-01 08:13:57.147 0 0 I core_get_license_status: cmdrsp_license_result.result = 0x15 for module 0x131ff
01-01 08:13:57.147 0 0 E msm_ext_disp_update_audio_ops: Display not found (EXT_DISPLAY_TYPE_DP) ctld (0) stream (0)
01-01 08:13:57.157 0 0 E msm_ext_disp_update_audio_ops: Display not found (EXT_DISPLAY_TYPE_HDMI) ctld (0) stream (0)
01-01 08:13:57.167 0 0 E msm_ext_disp_update_audio_ops: Display not found (EXT_DISPLAY_TYPE_DP) ctld (0) stream (0)
01-01 08:13:57.177 0 0 E msm_ext_disp_update_audio_ops: Display not found (EXT_DISPLAY_TYPE_DP) ctld (0) stream (0)
01-01 08:13:57.187 0 0 E msm_ext_disp_update_audio_ops: Display not found (EXT_DISPLAY_TYPE_DP) ctld (0) stream (0)
01-01 08:13:57.197 0 0 E msm-ext-disp-audio-codec-rx soc: qcom,msm-ext-disp:qcom,msm-ext-disp-audio-codec-rx: msm_ext_disp_audio_type_get: get_audio_edid_blk() or get_intf_id is NULL
01-01 08:13:57.213 0 0 E msm_ext_disp_update_audio_ops: Display not found (EXT_DISPLAY_TYPE_DP) ctld (0) stream (0)
01-01 08:13:57.222 0 0 E msm-ext-disp-audio-codec-rx soc: qcom,msm-ext-disp:qcom,msm-ext-disp-audio-codec-rx: msm_ext_disp_audio_type_get: get_audio_edid_blk() or get_intf_id is NULL
01-01 08:13:57.239 0 0 E msm_ext_disp_update_audio_ops: Display not found (EXT_DISPLAY_TYPE_DP) ctld (0) stream (0)
01-01 08:13:57.248 0 0 E msm-ext-disp-audio-codec-rx soc: qcom,msm-ext-disp:qcom,msm-ext-disp-audio-codec-rx: msm_ext_disp_audio_type_get: get_audio_edid_blk() or get_intf_id is NULL
01-01 08:13:57.265 0 0 E msm-ext-disp-audio-codec-rx soc: qcom,msm-ext-disp:qcom,msm-ext-disp-audio-codec-rx: msm_ext_disp_audio_device_get: invalid dai id: 4
01-01 08:13:57.318 0 0 I binder : 23599:23599 ioctl 40046210 7ffe0c7d14 returned -22
01-01 08:13:57.324 0 0 E : msm_pcm_volume_ctl_get substream not found
01-01 08:13:57.433 0 0 I binder : 23605:23605 ioctl 40046210 7fda0b6f74 returned -22
01-01 08:13:57.436 0 0 I binder : 23605:23605 ioctl 40046210 7fda0b7184 returned -22
01-01 08:13:57.572 0 0 D : mv2112_read_status
01-01 08:13:57.573 0 0 D mv2112_update_link: 3.0x901(1G): 0x80
01-01 08:13:57.573 0 0 D mv2112_update_link: 3.0x8109(100M): 0x0
01-01 08:13:57.573 0 0 D mv2112_update_link: link 0x0
01-01 08:13:57.573 0 0 D mv2112_read_status: autoneg is disabled
01-01 08:13:57.630 0 0 I binder : 23599:23599 ioctl 40046210 7ffe0c7414 returned -22
01-01 08:13:57.832 23599 23599 E AndroidRuntime: *** FATAL EXCEPTION IN SYSTEM PROCESS: main
01-01 08:13:57.832 23599 23599 E AndroidRuntime: java.lang.NullPointerException: Attempt to read from field 'java.lang.String com.android.server.pm.Settings$VersionInfo.fingerprint' on a null object reference
01-01 08:13:57.832 23599 23599 E AndroidRuntime: at com.android.server.pm.PackageManagerService.(PackageManagerService.java:7608)
01-01 08:13:57.832 23599 23599 E AndroidRuntime: at com.android.server.pm.PackageManagerService.main(PackageManagerService.java:7116)
01-01 08:13:57.832 23599 23599 E AndroidRuntime: at com.android.server.SystemServer.startBootstrapServices(SystemServer.java:1168)
01-01 08:13:57.832 23599 23599 E AndroidRuntime: at com.android.server.SystemServer.run(SystemServer.java:882)
01-01 08:13:57.832 23599 23599 E AndroidRuntime: at com.android.server.SystemServer.main(SystemServer.java:615)
01-01 08:13:57.832 23599 23599 E AndroidRuntime: at java.lang.reflect.Method.invoke(Native Method)
01-01 08:13:57.832 23599 23599 E AndroidRuntime: at com.android.internal.os.RuntimeInit$MethodAndArgsCaller.run(RuntimeInit.java:548)
01-01 08:13:57.832 23599 23599 E AndroidRuntime: at com.android.internal.os.ZygoteInit.main(ZygoteInit.java:987)
01-01 08:13:57.832 23599 23599 E AndroidRuntime: Error reporting crash
01-01 08:13:57.832 23599 23599 E AndroidRuntime: java.lang.NullPointerException: Attempt to invoke interface method 'void android.app.IActivityManager.handleApplicationCrash(android.os.IBinder, android.app.ApplicationErrorReport$ParcelableCrashInfo)' on a null object reference
01-01 08:13:57.832 23599 23599 E AndroidRuntime: at com.android.internal.os.RuntimeInit$KillApplicationHandler.uncaughtException(RuntimeInit.java:156)
01-01 08:13:57.832 23599 23599 E AndroidRuntime: at java.lang.ThreadGroup.uncaughtException(ThreadGroup.java:1073)
01-01 08:13:57.832 23599 23599 E AndroidRuntime: at java.lang.ThreadGroup.uncaughtException(ThreadGroup.java:1068)
01-01 08:13:57.832 23599 23599 E AndroidRuntime: at java.lang.Thread.dispatchUncaughtException(Thread.java:2200)
01-01 08:13:57.985 0 0 I binder : 23687:23687 ioctl 40046210 7fd7235d64 returned -22
01-01 08:13:57.985 0 0 D ProcessState: Binder ioctl to enable oneway spam detection failed: Invalid argument
01-01 08:13:57.986 0 0 D vdc : Waited 0ms for vold
01-01 08:13:58.561 0 0 I binder : 23693:23693 ioctl 40046210 7fea43a134 returned -22
01-01 08:13:58.563 0 0 I binder : 23693:23693 ioctl 40046210 7fea43a0b4 returned -22
01-01 08:13:58.596 0 0 D : mv2112_read_status
01-01 08:13:58.597 0 0 D mv2112_update_link: 3.0x901(1G): 0x80
01-01 08:13:58.597 0 0 D mv2112_update_link: 3.0x8109(100M): 0x0
01-01 08:13:58.597 0 0 D mv2112_update_link: link 0x0
01-01 08:13:58.597 0 0 D mv2112_read_status: autoneg is disabled
01-01 08:13:58.641 0 0 I binder : 23692:23692 ioctl 40046210 fffbca28 returned -22
01-01 08:13:58.643 0 0 I binder : 23692:23692 ioctl 40046210 fffbca10 returned -22
01-01 08:13:59.021 0 0 I binder : 23691:23691 ioctl 40046210 7ffbd54764 returned -22
01-01 08:13:59.023 0 0 I binder : 23691:23691 ioctl 40046210 7ffbd54784 returned -22
01-01 08:13:59.620 0 0 D : mv2112_read_status
01-01 08:13:59.621 0 0 D mv2112_update_link: 3.0x901(1G): 0x80
01-01 08:13:59.621 0 0 D mv2112_update_link: 3.0x8109(100M): 0x0
01-01 08:13:59.621 0 0 D mv2112_update_link: link 0x0
01-01 08:13:59.621 0 0 D mv2112_read_status: autoneg is disabled
01-01 08:14:00.373 0 0 E init : Control message: Could not find 'android.frameworks.sensorservice@1.0::ISensorManager/default' for ctl.interface_start from pid: 517 (/system/bin/hwservicemanager)
01-01 08:14:00.394 0 0 E init : Control message: Could not find 'android.frameworks.sensorservice@1.0::ISensorManager/default' for ctl.interface_start from pid: 517 (/system/bin/hwservicemanager)
01-01 08:14:00.644 0 0 D : mv2112_read_status
01-01 08:14:00.645 0 0 D mv2112_update_link: 3.0x901(1G): 0x80
01-01 08:14:00.645 0 0 D mv2112_update_link: 3.0x8109(100M): 0x0
01-01 08:14:00.645 0 0 D mv2112_update_link: link 0x0
01-01 08:14:00.645 0 0 D mv2112_read_status: autoneg is disabled
01-01 08:14:00.732 0 0 I init : starting service 'qvrd_vndr'...
01-01 08:14:00.732 0 0 I init : Created socket '/dev/socket/qvrservice_vndr', mode 660, user 1000, group 1000
01-01 08:14:00.733 0 0 I init : Created socket '/dev/socket/qvrservice_vndr_camera', mode 660, user 1000, group 1000
01-01 08:14:00.743 0 0 I init : starting service 'sxrd'...
01-01 08:14:00.752 0 0 I init : starting service 'vendor.audio-hal'...
01-01 08:14:00.749 23705 23705 F linker : CANNOT LINK EXECUTABLE "/vendor/bin/hw/qvrservice": library "vendor.qti.hardware.qxr-V1-ndk_platform.so" not found: needed by /vendor/lib64/libqvrservice.so in namespace (default)
01-01 08:14:00.754 23706 23706 F linker : CANNOT LINK EXECUTABLE "/vendor/bin/hw/sxrservice": library "vendor.qti.hardware.qxr-V1-ndk_platform.so" not found: needed by main executable
01-01 08:14:00.762 0 0 I init : Service 'qvrd_vndr' (pid 23705) exited with status 1
01-01 08:14:00.762 0 0 I init : Sending signal 9 to service 'qvrd_vndr' (pid 23705) process group...
01-01 08:14:00.762 0 0 I libprocessgroup: Successfully killed process cgroup uid 1000 pid 23705 in 0ms
01-01 08:14:01.154 0 0 I binder : 23714:23714 ioctl 40046210 7febc414c4 returned -22
01-01 08:14:01.155 0 0 I binder : 23714:23714 ioctl 40046210 7febc414e4 returned -22
01-01 08:14:01.626 0 0 E : msm_qti_pp_get_rms_value_control, back not active to query rms be_idx:3
01-01 08:14:01.646 0 0 I core_get_license_status: cmdrsp_license_result.result = 0x15 for module 0x131ff
01-01 08:14:01.647 0 0 E msm_ext_disp_update_audio_ops: Display not found (EXT_DISPLAY_TYPE_DP) ctld (0) stream (0)
01-01 08:14:01.658 0 0 E msm_ext_disp_update_audio_ops: Display not found (EXT_DISPLAY_TYPE_HDMI) ctld (0) stream (0)
01-01 08:14:01.668 0 0 E msm_ext_disp_update_audio_ops: Display not found (EXT_DISPLAY_TYPE_DP) ctld (0) stream (0)
01-01 08:14:01.668 0 0 D : mv2112_read_status
01-01 08:14:01.678 0 0 E msm_ext_disp_update_audio_ops: Display not found (EXT_DISPLAY_TYPE_DP) ctld (0) stream (0)
01-01 08:14:01.678 0 0 D mv2112_update_link: 3.0x901(1G): 0x80
01-01 08:14:01.688 0 0 E msm_ext_disp_update_audio_ops: Display not found (EXT_DISPLAY_TYPE_DP) ctld (0) stream (0)
01-01 08:14:01.693 0 0 D mv2112_update_link: 3.0x8109(100M): 0x0
01-01 08:14:01.697 0 0 E msm-ext-disp-audio-codec-rx soc: qcom,msm-ext-disp:qcom,msm-ext-disp-audio-codec-rx: msm_ext_disp_audio_type_get: get_audio_edid_blk() or get_intf_id is NULL
01-01 08:14:01.698 0 0 E msm_ext_disp_update_audio_ops: Display not found (EXT_DISPLAY_TYPE_DP) ctld (0) stream (0)
01-01 08:14:01.713 0 0 D mv2112_update_link: link 0x0
01-01 08:14:01.713 0 0 D mv2112_read_status: autoneg is disabled
01-01 08:14:01.722 0 0 E msm-ext-disp-audio-codec-rx soc: qcom,msm-ext-disp:qcom,msm-ext-disp-audio-codec-rx: msm_ext_disp_audio_type_get: get_audio_edid_blk() or get_intf_id is NULL
01-01 08:14:01.739 0 0 E msm_ext_disp_update_audio_ops: Display not found (EXT_DISPLAY_TYPE_DP) ctld (0) stream (0)
01-01 08:14:01.748 0 0 E msm-ext-disp-audio-codec-rx soc: qcom,msm-ext-disp:qcom,msm-ext-disp-audio-codec-rx: msm_ext_disp_audio_type_get: get_audio_edid_blk() or get_intf_id is NULL
01-01 08:14:01.766 0 0 E msm-ext-disp-audio-codec-rx soc: qcom,msm-ext-disp:qcom,msm-ext-disp-audio-codec-rx: msm_ext_disp_audio_device_get: invalid dai id: 4
01-01 08:14:01.830 0 0 E : msm_pcm_volume_ctl_get substream not found
01-01 08:14:02.261 0 0 E : msm_qti_pp_get_rms_value_control, back not active to query rms be_idx:3
01-01 08:14:02.281 0 0 I core_get_license_status: cmdrsp_license_result.result = 0x15 for module 0x131ff
01-01 08:14:02.282 0 0 E msm_ext_disp_update_audio_ops: Display not found (EXT_DISPLAY_TYPE_DP) ctld (0) stream (0)
01-01 08:14:02.292 0 0 E msm_ext_disp_update_audio_ops: Display not found (EXT_DISPLAY_TYPE_HDMI) ctld (0) stream (0)
01-01 08:14:02.302 0 0 E msm_ext_disp_update_audio_ops: Display not found (EXT_DISPLAY_TYPE_DP) ctld (0) stream (0)
01-01 08:14:02.312 0 0 E msm_ext_disp_update_audio_ops: Display not found (EXT_DISPLAY_TYPE_DP) ctld (0) stream (0)
01-01 08:14:02.322 0 0 E msm_ext_disp_update_audio_ops: Display not found (EXT_DISPLAY_TYPE_DP) ctld (0) stream (0)
01-01 08:14:02.332 0 0 E msm-ext-disp-audio-codec-rx soc: qcom,msm-ext-disp:qcom,msm-ext-disp-audio-codec-rx: msm_ext_disp_audio_type_get: get_audio_edid_blk() or get_intf_id is NULL
01-01 08:14:02.348 0 0 E msm_ext_disp_update_audio_ops: Display not found (EXT_DISPLAY_TYPE_DP) ctld (0) stream (0)
01-01 08:14:02.358 0 0 E msm-ext-disp-audio-codec-rx soc: qcom,msm-ext-disp:qcom,msm-ext-disp-audio-codec-rx: msm_ext_disp_audio_type_get: get_audio_edid_blk() or get_intf_id is NULL
01-01 08:14:02.374 0 0 E msm_ext_disp_update_audio_ops: Display not found (EXT_DISPLAY_TYPE_DP) ctld (0) stream (0)
01-01 08:14:02.384 0 0 E msm-ext-disp-audio-codec-rx soc: qcom,msm-ext-disp:qcom,msm-ext-disp-audio-codec-rx: msm_ext_disp_audio_type_get: get_audio_edid_blk() or get_intf_id is NULL
01-01 08:14:02.399 0 0 I binder : 23742:23742 ioctl 40046210 7fd0b6dcd4 returned -22
01-01 08:14:02.401 0 0 E msm-ext-disp-audio-codec-rx soc: qcom,msm-ext-disp:qcom,msm-ext-disp-audio-codec-rx: msm_ext_disp_audio_device_get: invalid dai id: 4
01-01 08:14:02.453 0 0 I binder : 23740:23740 ioctl 40046210 7fceb59fc4 returned -22
01-01 08:14:02.456 0 0 I binder : 23740:23740 ioctl 40046210 7fceb5a1d4 returned -22
01-01 08:14:02.460 0 0 E : msm_pcm_volume_ctl_get substream not found
01-01 08:14:02.718 0 0 I binder : 23742:23742 ioctl 40046210 7fd0b6d3d4 returned -22
01-01 08:14:02.724 0 0 D : mv2112_read_status
01-01 08:14:02.725 0 0 D mv2112_update_link: 3.0x901(1G): 0x80
01-01 08:14:02.725 0 0 D mv2112_update_link: 3.0x8109(100M): 0x0
01-01 08:14:02.725 0 0 D mv2112_update_link: link 0x0
01-01 08:14:02.725 0 0 D mv2112_read_status: autoneg is disabled
01-01 08:14:02.908 23742 23742 E AndroidRuntime: *** FATAL EXCEPTION IN SYSTEM PROCESS: main
01-01 08:14:02.908 23742 23742 E AndroidRuntime: java.lang.NullPointerException: Attempt to read from field 'java.lang.String com.android.server.pm.Settings$VersionInfo.fingerprint' on a null object reference
01-01 08:14:02.908 23742 23742 E AndroidRuntime: at com.android.server.pm.PackageManagerService.(PackageManagerService.java:7608)
01-01 08:14:02.908 23742 23742 E AndroidRuntime: at com.android.server.pm.PackageManagerService.main(PackageManagerService.java:7116)
01-01 08:14:02.908 23742 23742 E AndroidRuntime: at com.android.server.SystemServer.startBootstrapServices(SystemServer.java:1168)
01-01 08:14:02.908 23742 23742 E AndroidRuntime: at com.android.server.SystemServer.run(SystemServer.java:882)
01-01 08:14:02.908 23742 23742 E AndroidRuntime: at com.android.server.SystemServer.main(SystemServer.java:615)
01-01 08:14:02.908 23742 23742 E AndroidRuntime: at java.lang.reflect.Method.invoke(Native Method)
01-01 08:14:02.908 23742 23742 E AndroidRuntime: at com.android.internal.os.RuntimeInit$MethodAndArgsCaller.run(RuntimeInit.java:548)
01-01 08:14:02.908 23742 23742 E AndroidRuntime: at com.android.internal.os.ZygoteInit.main(ZygoteInit.java:987)
01-01 08:14:02.909 23742 23742 E AndroidRuntime: Error reporting crash
01-01 08:14:02.909 23742 23742 E AndroidRuntime: java.lang.NullPointerException: Attempt to invoke interface method 'void android.app.IActivityManager.handleApplicationCrash(android.os.IBinder, android.app.ApplicationErrorReport$ParcelableCrashInfo)' on a null object reference
01-01 08:14:02.909 23742 23742 E AndroidRuntime: at com.android.internal.os.RuntimeInit$KillApplicationHandler.uncaughtException(RuntimeInit.java:156)
01-01 08:14:02.909 23742 23742 E AndroidRuntime: at java.lang.ThreadGroup.uncaughtException(ThreadGroup.java:1073)
01-01 08:14:02.909 23742 23742 E AndroidRuntime: at java.lang.ThreadGroup.uncaughtException(ThreadGroup.java:1068)
01-01 08:14:02.909 23742 23742 E AndroidRuntime: at java.lang.Thread.dispatchUncaughtException(Thread.java:2200)
01-01 08:14:03.061 0 0 I binder : 23817:23817 ioctl 40046210 7feedeb134 returned -22
01-01 08:14:03.061 0 0 D ProcessState: Binder ioctl to enable oneway spam detection failed: Invalid argument
01-01 08:14:03.062 0 0 D vdc : Waited 0ms for vold
01-01 08:14:03.569 0 0 I binder : 23823:23823 ioctl 40046210 7ff7074be4 returned -22
01-01 08:14:03.570 0 0 I binder : 23823:23823 ioctl 40046210 7ff7074b64 returned -22
01-01 08:14:03.645 0 0 I binder : 23822:23822 ioctl 40046210 ff986578 returned -22
01-01 08:14:03.647 0 0 I binder : 23822:23822 ioctl 40046210 ff986560 returned -22
01-01 08:14:03.752 0 0 D : mv2112_read_status
01-01 08:14:03.753 0 0 D mv2112_update_link: 3.0x901(1G): 0x80
01-01 08:14:03.753 0 0 D mv2112_update_link: 3.0x8109(100M): 0x0
01-01 08:14:03.753 0 0 D mv2112_update_link: link 0x0
01-01 08:14:03.753 0 0 D mv2112_read_status: autoneg is disabled
01-01 08:14:04.034 0 0 I binder : 23821:23821 ioctl 40046210 7fd5b082c4 returned -22
01-01 08:14:04.036 0 0 I binder : 23821:23821 ioctl 40046210 7fd5b082e4 returned -22
01-01 08:14:04.772 0 0 D : mv2112_read_status
01-01 08:14:04.773 0 0 D mv2112_update_link: 3.0x901(1G): 0x80
01-01 08:14:04.773 0 0 D mv2112_update_link: 3.0x8109(100M): 0x0
01-01 08:14:04.773 0 0 D mv2112_update_link: link 0x0
01-01 08:14:04.773 0 0 D mv2112_read_status: autoneg is disabled
01-01 08:14:05.384 0 0 E init : Control message: Could not find 'android.frameworks.sensorservice@1.0::ISensorManager/default' for ctl.interface_start from pid: 517 (/system/bin/hwservicemanager)
01-01 08:14:05.401 0 0 E init : Control message: Could not find 'android.frameworks.sensorservice@1.0::ISensorManager/default' for ctl.interface_start from pid: 517 (/system/bin/hwservicemanager)
01-01 08:14:05.741 0 0 I init : starting service 'qvrd_vndr'...
01-01 08:14:05.741 0 0 I init : Created socket '/dev/socket/qvrservice_vndr', mode 660, user 1000, group 1000
01-01 08:14:05.742 0 0 I init : Created socket '/dev/socket/qvrservice_vndr_camera', mode 660, user 1000, group 1000
01-01 08:14:05.753 0 0 I init : starting service 'sxrd'...
01-01 08:14:05.764 0 0 I init : starting service 'vendor.audio-hal'...
01-01 08:14:05.757 23835 23835 F linker : CANNOT LINK EXECUTABLE "/vendor/bin/hw/qvrservice": library "vendor.qti.hardware.qxr-V1-ndk_platform.so" not found: needed by /vendor/lib64/libqvrservice.so in namespace (default)
01-01 08:14:05.763 23836 23836 F linker : CANNOT LINK EXECUTABLE "/vendor/bin/hw/sxrservice": library "vendor.qti.hardware.qxr-V1-ndk_platform.so" not found: needed by main executable
01-01 08:14:05.773 0 0 I init : Service 'qvrd_vndr' (pid 23835) exited with status 1
01-01 08:14:05.773 0 0 I init : Sending signal 9 to service 'qvrd_vndr' (pid 23835) process group...
01-01 08:14:05.773 0 0 I libprocessgroup: Successfully killed process cgroup uid 1000 pid 23835 in 0ms
01-01 08:14:05.796 0 0 D : mv2112_read_status
01-01 08:14:05.797 0 0 D mv2112_update_link: 3.0x901(1G): 0x80
01-01 08:14:05.797 0 0 D mv2112_update_link: 3.0x8109(100M): 0x0
01-01 08:14:05.797 0 0 D mv2112_update_link: link 0x0
01-01 08:14:05.797 0 0 D mv2112_read_status: autoneg is disabled
01-01 08:14:06.150 0 0 I binder : 23844:23844 ioctl 40046210 7fe3bb91f4 returned -22
01-01 08:14:06.151 0 0 I binder : 23844:23844 ioctl 40046210 7fe3bb9214 returned -22
01-01 08:14:06.701 0 0 E : msm_qti_pp_get_rms_value_control, back not active to query rms be_idx:3
01-01 08:14:06.723 0 0 I core_get_license_status: cmdrsp_license_result.result = 0x15 for module 0x131ff
01-01 08:14:06.724 0 0 E msm_ext_disp_update_audio_ops: Display not found (EXT_DISPLAY_TYPE_DP) ctld (0) stream (0)
01-01 08:14:06.734 0 0 E msm_ext_disp_update_audio_ops: Display not found (EXT_DISPLAY_TYPE_HDMI) ctld (0) stream (0)
01-01 08:14:06.744 0 0 E msm_ext_disp_update_audio_ops: Display not found (EXT_DISPLAY_TYPE_DP) ctld (0) stream (0)
01-01 08:14:06.754 0 0 E msm_ext_disp_update_audio_ops: Display not found (EXT_DISPLAY_TYPE_DP) ctld (0) stream (0)
01-01 08:14:06.764 0 0 E msm_ext_disp_update_audio_ops: Display not found (EXT_DISPLAY_TYPE_DP) ctld (0) stream (0)
01-01 08:14:06.774 0 0 E msm-ext-disp-audio-codec-rx soc: qcom,msm-ext-disp:qcom,msm-ext-disp-audio-codec-rx: msm_ext_disp_audio_type_get: get_audio_edid_blk() or get_intf_id is NULL
01-01 08:14:06.789 0 0 E msm_ext_disp_update_audio_ops: Display not found (EXT_DISPLAY_TYPE_DP) ctld (0) stream (0)
01-01 08:14:06.799 0 0 E msm-ext-disp-audio-codec-rx soc: qcom,msm-ext-disp:qcom,msm-ext-disp-audio-codec-rx: msm_ext_disp_audio_type_get: get_audio_edid_blk() or get_intf_id is NULL
01-01 08:14:06.815 0 0 E msm_ext_disp_update_audio_ops: Display not found (EXT_DISPLAY_TYPE_DP) ctld (0) stream (0)
01-01 08:14:06.820 0 0 D : mv2112_read_status
01-01 08:14:06.825 0 0 E msm-ext-disp-audio-codec-rx soc: qcom,msm-ext-disp:qcom,msm-ext-disp-audio-codec-rx: msm_ext_disp_audio_type_get: get_audio_edid_blk() or get_intf_id is NULL
01-01 08:14:06.825 0 0 D mv2112_update_link: 3.0x901(1G): 0x80
01-01 08:14:06.842 0 0 E msm-ext-disp-audio-codec-rx soc: qcom,msm-ext-disp:qcom,msm-ext-disp-audio-codec-rx: msm_ext_disp_audio_device_get: invalid dai id: 4
01-01 08:14:06.843 0 0 D mv2112_update_link: 3.0x8109(100M): 0x0
01-01 08:14:06.855 0 0 D mv2112_update_link: link 0x0
01-01 08:14:06.855 0 0 D mv2112_read_status: autoneg is disabled
01-01 08:14:06.909 0 0 E : msm_pcm_volume_ctl_get substream not found
01-01 08:14:07.201 0 0 E : msm_qti_pp_get_rms_value_control, back not active to query rms be_idx:3
01-01 08:14:07.222 0 0 I core_get_license_status: cmdrsp_license_result.result = 0x15 for module 0x131ff
01-01 08:14:07.223 0 0 E msm_ext_disp_update_audio_ops: Display not found (EXT_DISPLAY_TYPE_DP) ctld (0) stream (0)
01-01 08:14:07.232 0 0 E msm_ext_disp_update_audio_ops: Display not found (EXT_DISPLAY_TYPE_HDMI) ctld (0) stream (0)
01-01 08:14:07.243 0 0 E msm_ext_disp_update_audio_ops: Display not found (EXT_DISPLAY_TYPE_DP) ctld (0) stream (0)
01-01 08:14:07.253 0 0 E msm_ext_disp_update_audio_ops: Display not found (EXT_DISPLAY_TYPE_DP) ctld (0) stream (0)
01-01 08:14:07.263 0 0 E msm_ext_disp_update_audio_ops: Display not found (EXT_DISPLAY_TYPE_DP) ctld (0) stream (0)
01-01 08:14:07.272 0 0 E msm-ext-disp-audio-codec-rx soc: qcom,msm-ext-disp:qcom,msm-ext-disp-audio-codec-rx: msm_ext_disp_audio_type_get: get_audio_edid_blk() or get_intf_id is NULL
01-01 08:14:07.288 0 0 E msm_ext_disp_update_audio_ops: Display not found (EXT_DISPLAY_TYPE_DP) ctld (0) stream (0)
01-01 08:14:07.298 0 0 E msm-ext-disp-audio-codec-rx soc: qcom,msm-ext-disp:qcom,msm-ext-disp-audio-codec-rx: msm_ext_disp_audio_type_get: get_audio_edid_blk() or get_intf_id is NULL
01-01 08:14:07.314 0 0 E msm_ext_disp_update_audio_ops: Display not found (EXT_DISPLAY_TYPE_DP) ctld (0) stream (0)
01-01 08:14:07.324 0 0 E msm-ext-disp-audio-codec-rx soc: qcom,msm-ext-disp:qcom,msm-ext-disp-audio-codec-rx: msm_ext_disp_audio_type_get: get_audio_edid_blk() or get_intf_id is NULL
01-01 08:14:07.341 0 0 E msm-ext-disp-audio-codec-rx soc: qcom,msm-ext-disp:qcom,msm-ext-disp-audio-codec-rx: msm_ext_disp_audio_device_get: invalid dai id: 4
01-01 08:14:07.394 0 0 I binder : 23871:23871 ioctl 40046210 7fdff49014 returned -22
01-01 08:14:07.400 0 0 E : msm_pcm_volume_ctl_get substream not found
01-01 08:14:07.449 0 0 I binder : 23870:23870 ioctl 40046210 7fc6297894 returned -22
01-01 08:14:07.452 0 0 I binder : 23870:23870 ioctl 40046210 7fc6297aa4 returned -22
01-01 08:14:07.709 0 0 I binder : 23871:23871 ioctl 40046210 7fdff48714 returned -22
01-01 08:14:07.876 0 0 D : mv2112_read_status
01-01 08:14:07.877 0 0 D mv2112_update_link: 3.0x901(1G): 0x80
01-01 08:14:07.877 0 0 D mv2112_update_link: 3.0x8109(100M): 0x0
01-01 08:14:07.877 0 0 D mv2112_update_link: link 0x0
01-01 08:14:07.877 0 0 D mv2112_read_status: autoneg is disabled
01-01 08:14:07.900 23871 23871 E AndroidRuntime: *** FATAL EXCEPTION IN SYSTEM PROCESS: main
01-01 08:14:07.900 23871 23871 E AndroidRuntime: java.lang.NullPointerException: Attempt to read from field 'java.lang.String com.android.server.pm.Settings$VersionInfo.fingerprint' on a null object reference
01-01 08:14:07.900 23871 23871 E AndroidRuntime: at com.android.server.pm.PackageManagerService.(PackageManagerService.java:7608)
01-01 08:14:07.900 23871 23871 E AndroidRuntime: at com.android.server.pm.PackageManagerService.main(PackageManagerService.java:7116)
01-01 08:14:07.900 23871 23871 E AndroidRuntime: at com.android.server.SystemServer.startBootstrapServices(SystemServer.java:1168)
01-01 08:14:07.900 23871 23871 E AndroidRuntime: at com.android.server.SystemServer.run(SystemServer.java:882)
01-01 08:14:07.900 23871 23871 E AndroidRuntime: at com.android.server.SystemServer.main(SystemServer.java:615)
01-01 08:14:07.900 23871 23871 E AndroidRuntime: at java.lang.reflect.Method.invoke(Native Method)
01-01 08:14:07.900 23871 23871 E AndroidRuntime: at com.android.internal.os.RuntimeInit$MethodAndArgsCaller.run(RuntimeInit.java:548)
01-01 08:14:07.900 23871 23871 E AndroidRuntime: at com.android.internal.os.ZygoteInit.main(ZygoteInit.java:987)
01-01 08:14:07.901 23871 23871 E AndroidRuntime: Error reporting crash
01-01 08:14:07.901 23871 23871 E AndroidRuntime: java.lang.NullPointerException: Attempt to invoke interface method 'void android.app.IActivityManager.handleApplicationCrash(android.os.IBinder, android.app.ApplicationErrorReport$ParcelableCrashInfo)' on a null object reference
01-01 08:14:07.901 23871 23871 E AndroidRuntime: at com.android.internal.os.RuntimeInit$KillApplicationHandler.uncaughtException(RuntimeInit.java:156)
01-01 08:14:07.901 23871 23871 E AndroidRuntime: at java.lang.ThreadGroup.uncaughtException(ThreadGroup.java:1073)
01-01 08:14:07.901 23871 23871 E AndroidRuntime: at java.lang.ThreadGroup.uncaughtException(ThreadGroup.java:1068)
01-01 08:14:07.901 23871 23871 E AndroidRuntime: at java.lang.Thread.dispatchUncaughtException(Thread.java:2200)
01-01 08:14:08.051 0 0 I binder : 23959:23959 ioctl 40046210 7fe91a2d14 returned -22
01-01 08:14:08.051 0 0 D ProcessState: Binder ioctl to enable oneway spam detection failed: Invalid argument
01-01 08:14:08.053 0 0 D vdc : Waited 0ms for vold
01-01 08:14:08.575 0 0 I binder : 23965:23965 ioctl 40046210 7ff8557ea4 returned -22
01-01 08:14:08.577 0 0 I binder : 23965:23965 ioctl 40046210 7ff8557e24 returned -22
01-01 08:14:08.657 0 0 I binder : 23964:23964 ioctl 40046210 ffdd4df8 returned -22
01-01 08:14:08.659 0 0 I binder : 23964:23964 ioctl 40046210 ffdd4de0 returned -22
01-01 08:14:08.900 0 0 D : mv2112_read_status
01-01 08:14:08.901 0 0 D mv2112_update_link: 3.0x901(1G): 0x80
01-01 08:14:08.901 0 0 D mv2112_update_link: 3.0x8109(100M): 0x0
01-01 08:14:08.901 0 0 D mv2112_update_link: link 0x0
01-01 08:14:08.901 0 0 D mv2112_read_status: autoneg is disabled
01-01 08:14:09.026 0 0 I binder : 23963:23963 ioctl 40046210 7fe85807a4 returned -22
01-01 08:14:09.028 0 0 I binder : 23963:23963 ioctl 40046210 7fe85807c4 returned -22
01-01 08:14:09.924 0 0 D : mv2112_read_status
01-01 08:14:09.925 0 0 D mv2112_update_link: 3.0x901(1G): 0x80
01-01 08:14:09.925 0 0 D mv2112_update_link: 3.0x8109(100M): 0x0
01-01 08:14:09.925 0 0 D mv2112_update_link: link 0x0
01-01 08:14:09.925 0 0 D mv2112_read_status: autoneg is disabled
01-01 08:14:10.389 0 0 E init : Control message: Could not find 'android.frameworks.sensorservice@1.0::ISensorManager/default' for ctl.interface_start from pid: 517 (/system/bin/hwservicemanager)
01-01 08:14:10.406 0 0 E init : Control message: Could not find 'android.frameworks.sensorservice@1.0::ISensorManager/default' for ctl.interface_start from pid: 517 (/system/bin/hwservicemanager)
01-01 08:14:10.750 0 0 I init : starting service 'qvrd_vndr'...
01-01 08:14:10.751 0 0 I init : Created socket '/dev/socket/qvrservice_vndr', mode 660, user 1000, group 1000
01-01 08:14:10.752 0 0 I init : Created socket '/dev/socket/qvrservice_vndr_camera', mode 660, user 1000, group 1000
01-01 08:14:10.763 0 0 I init : starting service 'sxrd'...
01-01 08:14:10.772 0 0 I init : starting service 'vendor.audio-hal'...
01-01 08:14:10.769 23977 23977 F linker : CANNOT LINK EXECUTABLE "/vendor/bin/hw/qvrservice": library "vendor.qti.hardware.qxr-V1-ndk_platform.so" not found: needed by /vendor/lib64/libqvrservice.so in namespace (default)
01-01 08:14:10.773 23978 23978 F linker : CANNOT LINK EXECUTABLE "/vendor/bin/hw/sxrservice": library "vendor.qti.hardware.qxr-V1-ndk_platform.so" not found: needed by main executable
01-01 08:14:10.783 0 0 I init : Service 'qvrd_vndr' (pid 23977) exited with status 1
01-01 08:14:10.783 0 0 I init : Sending signal 9 to service 'qvrd_vndr' (pid 23977) process group...
01-01 08:14:10.783 0 0 I libprocessgroup: Successfully killed process cgroup uid 1000 pid 23977 in 0ms
01-01 08:14:10.948 0 0 D : mv2112_read_status
01-01 08:14:10.949 0 0 D mv2112_update_link: 3.0x901(1G): 0x80
01-01 08:14:10.949 0 0 D mv2112_update_link: 3.0x8109(100M): 0x0
01-01 08:14:10.949 0 0 D mv2112_update_link: link 0x0
01-01 08:14:10.949 0 0 D mv2112_read_status: autoneg is disabled
01-01 08:14:11.131 0 0 I binder : 23986:23986 ioctl 40046210 7ff568b554 returned -22
01-01 08:14:11.131 0 0 I binder : 23986:23986 ioctl 40046210 7ff568b574 returned -22
01-01 08:14:11.670 0 0 E : msm_qti_pp_get_rms_value_control, back not active to query rms be_idx:3
01-01 08:14:11.693 0 0 I core_get_license_status: cmdrsp_license_result.result = 0x15 for module 0x131ff
01-01 08:14:11.694 0 0 E msm_ext_disp_update_audio_ops: Display not found (EXT_DISPLAY_TYPE_DP) ctld (0) stream (0)
01-01 08:14:11.704 0 0 E msm_ext_disp_update_audio_ops: Display not found (EXT_DISPLAY_TYPE_HDMI) ctld (0) stream (0)
01-01 08:14:11.714 0 0 E msm_ext_disp_update_audio_ops: Display not found (EXT_DISPLAY_TYPE_DP) ctld (0) stream (0)
01-01 08:14:11.724 0 0 E msm_ext_disp_update_audio_ops: Display not found (EXT_DISPLAY_TYPE_DP) ctld (0) stream (0)
01-01 08:14:11.734 0 0 E msm_ext_disp_update_audio_ops: Display not found (EXT_DISPLAY_TYPE_DP) ctld (0) stream (0)
01-01 08:14:11.744 0 0 E msm-ext-disp-audio-codec-rx soc: qcom,msm-ext-disp:qcom,msm-ext-disp-audio-codec-rx: msm_ext_disp_audio_type_get: get_audio_edid_blk() or get_intf_id is NULL
01-01 08:14:11.760 0 0 E msm_ext_disp_update_audio_ops: Display not found (EXT_DISPLAY_TYPE_DP) ctld (0) stream (0)
01-01 08:14:11.770 0 0 E msm-ext-disp-audio-codec-rx soc: qcom,msm-ext-disp:qcom,msm-ext-disp-audio-codec-rx: msm_ext_disp_audio_type_get: get_audio_edid_blk() or get_intf_id is NULL
01-01 08:14:11.786 0 0 E msm_ext_disp_update_audio_ops: Display not found (EXT_DISPLAY_TYPE_DP) ctld (0) stream (0)
01-01 08:14:11.796 0 0 E msm-ext-disp-audio-codec-rx soc: qcom,msm-ext-disp:qcom,msm-ext-disp-audio-codec-rx: msm_ext_disp_audio_type_get: get_audio_edid_blk() or get_intf_id is NULL
01-01 08:14:11.813 0 0 E msm-ext-disp-audio-codec-rx soc: qcom,msm-ext-disp:qcom,msm-ext-disp-audio-codec-rx: msm_ext_disp_audio_device_get: invalid dai id: 4
01-01 08:14:11.879 0 0 E : msm_pcm_volume_ctl_get substream not found
01-01 08:14:11.972 0 0 D : mv2112_read_status
01-01 08:14:11.973 0 0 D mv2112_update_link: 3.0x901(1G): 0x80
01-01 08:14:11.973 0 0 D mv2112_update_link: 3.0x8109(100M): 0x0
01-01 08:14:11.973 0 0 D mv2112_update_link: link 0x0
01-01 08:14:11.973 0 0 D mv2112_read_status: autoneg is disabled
01-01 08:14:12.241 0 0 E : msm_qti_pp_get_rms_value_control, back not active to query rms be_idx:3
01-01 08:14:12.262 0 0 I core_get_license_status: cmdrsp_license_result.result = 0x15 for module 0x131ff
01-01 08:14:12.263 0 0 E msm_ext_disp_update_audio_ops: Display not found (EXT_DISPLAY_TYPE_DP) ctld (0) stream (0)
01-01 08:14:12.273 0 0 E msm_ext_disp_update_audio_ops: Display not found (EXT_DISPLAY_TYPE_HDMI) ctld (0) stream (0)
01-01 08:14:12.283 0 0 E msm_ext_disp_update_audio_ops: Display not found (EXT_DISPLAY_TYPE_DP) ctld (0) stream (0)
01-01 08:14:12.293 0 0 E msm_ext_disp_update_audio_ops: Display not found (EXT_DISPLAY_TYPE_DP) ctld (0) stream (0)
01-01 08:14:12.303 0 0 E msm_ext_disp_update_audio_ops: Display not found (EXT_DISPLAY_TYPE_DP) ctld (0) stream (0)
01-01 08:14:12.313 0 0 E msm-ext-disp-audio-codec-rx soc: qcom,msm-ext-disp:qcom,msm-ext-disp-audio-codec-rx: msm_ext_disp_audio_type_get: get_audio_edid_blk() or get_intf_id is NULL
01-01 08:14:12.329 0 0 E msm_ext_disp_update_audio_ops: Display not found (EXT_DISPLAY_TYPE_DP) ctld (0) stream (0)
01-01 08:14:12.339 0 0 E msm-ext-disp-audio-codec-rx soc: qcom,msm-ext-disp:qcom,msm-ext-disp-audio-codec-rx: msm_ext_disp_audio_type_get: get_audio_edid_blk() or get_intf_id is NULL
01-01 08:14:12.355 0 0 E msm_ext_disp_update_audio_ops: Display not found (EXT_DISPLAY_TYPE_DP) ctld (0) stream (0)
01-01 08:14:12.365 0 0 E msm-ext-disp-audio-codec-rx soc: qcom,msm-ext-disp:qcom,msm-ext-disp-audio-codec-rx: msm_ext_disp_audio_type_get: get_audio_edid_blk() or get_intf_id is NULL
01-01 08:14:12.382 0 0 E msm-ext-disp-audio-codec-rx soc: qcom,msm-ext-disp:qcom,msm-ext-disp-audio-codec-rx: msm_ext_disp_audio_device_get: invalid dai id: 4
01-01 08:14:12.432 0 0 I binder : 24016:24016 ioctl 40046210 7ff29147e4 returned -22
01-01 08:14:12.445 0 0 E : msm_pcm_volume_ctl_get substream not found
01-01 08:14:12.449 0 0 I binder : 24012:24012 ioctl 40046210 7fe6520bc4 returned -22
01-01 08:14:12.455 0 0 I binder : 24012:24012 ioctl 40046210 7fe6520dd4 returned -22
01-01 08:14:12.746 0 0 I binder : 24016:24016 ioctl 40046210 7ff2913ee4 returned -22
01-01 08:14:12.931 24016 24016 E AndroidRuntime: *** FATAL EXCEPTION IN SYSTEM PROCESS: main
01-01 08:14:12.931 24016 24016 E AndroidRuntime: java.lang.NullPointerException: Attempt to read from field 'java.lang.String com.android.server.pm.Settings$VersionInfo.fingerprint' on a null object reference
01-01 08:14:12.931 24016 24016 E AndroidRuntime: at com.android.server.pm.PackageManagerService.(PackageManagerService.java:7608)
01-01 08:14:12.931 24016 24016 E AndroidRuntime: at com.android.server.pm.PackageManagerService.main(PackageManagerService.java:7116)
01-01 08:14:12.931 24016 24016 E AndroidRuntime: at com.android.server.SystemServer.startBootstrapServices(SystemServer.java:1168)
01-01 08:14:12.931 24016 24016 E AndroidRuntime: at com.android.server.SystemServer.run(SystemServer.java:882)
01-01 08:14:12.931 24016 24016 E AndroidRuntime: at com.android.server.SystemServer.main(SystemServer.java:615)
01-01 08:14:12.931 24016 24016 E AndroidRuntime: at java.lang.reflect.Method.invoke(Native Method)
01-01 08:14:12.931 24016 24016 E AndroidRuntime: at com.android.internal.os.RuntimeInit$MethodAndArgsCaller.run(RuntimeInit.java:548)
01-01 08:14:12.931 24016 24016 E AndroidRuntime: at com.android.internal.os.ZygoteInit.main(ZygoteInit.java:987)
01-01 08:14:12.931 24016 24016 E AndroidRuntime: Error reporting crash
01-01 08:14:12.931 24016 24016 E AndroidRuntime: java.lang.NullPointerException: Attempt to invoke interface method 'void android.app.IActivityManager.handleApplicationCrash(android.os.IBinder, android.app.ApplicationErrorReport$ParcelableCrashInfo)' on a null object reference
01-01 08:14:12.931 24016 24016 E AndroidRuntime: at com.android.internal.os.RuntimeInit$KillApplicationHandler.uncaughtException(RuntimeInit.java:156)
01-01 08:14:12.931 24016 24016 E AndroidRuntime: at java.lang.ThreadGroup.uncaughtException(ThreadGroup.java:1073)
01-01 08:14:12.931 24016 24016 E AndroidRuntime: at java.lang.ThreadGroup.uncaughtException(ThreadGroup.java:1068)
01-01 08:14:12.931 24016 24016 E AndroidRuntime: at java.lang.Thread.dispatchUncaughtException(Thread.java:2200)
01-01 08:14:12.996 0 0 D : mv2112_read_status
01-01 08:14:12.997 0 0 D mv2112_update_link: 3.0x901(1G): 0x80
01-01 08:14:12.997 0 0 D mv2112_update_link: 3.0x8109(100M): 0x0
01-01 08:14:12.997 0 0 D mv2112_update_link: link 0x0
01-01 08:14:12.997 0 0 D mv2112_read_status: autoneg is disabled
01-01 08:14:13.086 0 0 I binder : 24091:24091 ioctl 40046210 7fe5f56eb4 returned -22
01-01 08:14:13.087 0 0 D ProcessState: Binder ioctl to enable oneway spam detection failed: Invalid argument
01-01 08:14:13.087 0 0 D vdc : Waited 0ms for vold
01-01 08:14:13.583 0 0 I binder : 24099:24099 ioctl 40046210 7fef3c06a4 returned -22
01-01 08:14:13.585 0 0 I binder : 24099:24099 ioctl 40046210 7fef3c0624 returned -22
01-01 08:14:13.660 0 0 I binder : 24098:24098 ioctl 40046210 ffd8c8a8 returned -22
01-01 08:14:13.662 0 0 I binder : 24098:24098 ioctl 40046210 ffd8c890 returned -22
01-01 08:14:14.024 0 0 D : mv2112_read_status
01-01 08:14:14.025 0 0 D mv2112_update_link: 3.0x901(1G): 0x80
01-01 08:14:14.025 0 0 D mv2112_update_link: 3.0x8109(100M): 0x0
01-01 08:14:14.025 0 0 D mv2112_update_link: link 0x0
01-01 08:14:14.025 0 0 D mv2112_read_status: autoneg is disabled
01-01 08:14:14.047 0 0 I binder : 24097:24097 ioctl 40046210 7fd1ae8a74 returned -22
01-01 08:14:14.049 0 0 I binder : 24097:24097 ioctl 40046210 7fd1ae8a94 returned -22
01-01 08:14:15.044 0 0 D : mv2112_read_status
01-01 08:14:15.045 0 0 D mv2112_update_link: 3.0x901(1G): 0x80
01-01 08:14:15.045 0 0 D mv2112_update_link: 3.0x8109(100M): 0x0
01-01 08:14:15.045 0 0 D mv2112_update_link: link 0x0
01-01 08:14:15.045 0 0 D mv2112_read_status: autoneg is disabled
01-01 08:14:15.395 0 0 E init : Control message: Could not find 'android.frameworks.sensorservice@1.0::ISensorManager/default' for ctl.interface_start from pid: 517 (/system/bin/hwservicemanager)
01-01 08:14:15.413 0 0 E init : Control message: Could not find 'android.frameworks.sensorservice@1.0::ISensorManager/default' for ctl.interface_start from pid: 517 (/system/bin/hwservicemanager)
01-01 08:14:15.759 0 0 I init : starting service 'qvrd_vndr'...
01-01 08:14:15.760 0 0 I init : Created socket '/dev/socket/qvrservice_vndr', mode 660, user 1000, group 1000
01-01 08:14:15.761 0 0 I init : Created socket '/dev/socket/qvrservice_vndr_camera', mode 660, user 1000, group 1000
01-01 08:14:15.770 0 0 I init : starting service 'sxrd'...
01-01 08:14:15.780 0 0 I init : starting service 'vendor.audio-hal'...
01-01 08:14:15.778 24111 24111 F linker : CANNOT LINK EXECUTABLE "/vendor/bin/hw/qvrservice": library "vendor.qti.hardware.qxr-V1-ndk_platform.so" not found: needed by /vendor/lib64/libqvrservice.so in namespace (default)
01-01 08:14:15.789 0 0 I init : Service 'qvrd_vndr' (pid 24111) exited with status 1
01-01 08:14:15.789 0 0 I init : Sending signal 9 to service 'qvrd_vndr' (pid 24111) process group...
01-01 08:14:15.789 0 0 I libprocessgroup: Successfully killed process cgroup uid 1000 pid 24111 in 0ms
01-01 08:14:15.783 24112 24112 F linker : CANNOT LINK EXECUTABLE "/vendor/bin/hw/sxrservice": library "vendor.qti.hardware.qxr-V1-ndk_platform.so" not found: needed by main executable
01-01 08:14:16.068 0 0 D : mv2112_read_status
01-01 08:14:16.069 0 0 D mv2112_update_link: 3.0x901(1G): 0x80
01-01 08:14:16.069 0 0 D mv2112_update_link: 3.0x8109(100M): 0x0
01-01 08:14:16.069 0 0 D mv2112_update_link: link 0x0
01-01 08:14:16.069 0 0 D mv2112_read_status: autoneg is disabled
01-01 08:14:16.166 0 0 I binder : 24120:24120 ioctl 40046210 7fc060c0f4 returned -22
01-01 08:14:16.166 0 0 I binder : 24120:24120 ioctl 40046210 7fc060c114 returned -22
01-01 08:14:16.711 0 0 E : msm_qti_pp_get_rms_value_control, back not active to query rms be_idx:3
01-01 08:14:16.732 0 0 I core_get_license_status: cmdrsp_license_result.result = 0x15 for module 0x131ff
01-01 08:14:16.733 0 0 E msm_ext_disp_update_audio_ops: Display not found (EXT_DISPLAY_TYPE_DP) ctld (0) stream (0)
01-01 08:14:16.743 0 0 E msm_ext_disp_update_audio_ops: Display not found (EXT_DISPLAY_TYPE_HDMI) ctld (0) stream (0)
01-01 08:14:16.753 0 0 E msm_ext_disp_update_audio_ops: Display not found (EXT_DISPLAY_TYPE_DP) ctld (0) stream (0)
01-01 08:14:16.763 0 0 E msm_ext_disp_update_audio_ops: Display not found (EXT_DISPLAY_TYPE_DP) ctld (0) stream (0)
01-01 08:14:16.773 0 0 E msm_ext_disp_update_audio_ops: Display not found (EXT_DISPLAY_TYPE_DP) ctld (0) stream (0)
01-01 08:14:16.783 0 0 E msm-ext-disp-audio-codec-rx soc: qcom,msm-ext-disp:qcom,msm-ext-disp-audio-codec-rx: msm_ext_disp_audio_type_get: get_audio_edid_blk() or get_intf_id is NULL
01-01 08:14:16.799 0 0 E msm_ext_disp_update_audio_ops: Display not found (EXT_DISPLAY_TYPE_DP) ctld (0) stream (0)
01-01 08:14:16.809 0 0 E msm-ext-disp-audio-codec-rx soc: qcom,msm-ext-disp:qcom,msm-ext-disp-audio-codec-rx: msm_ext_disp_audio_type_get: get_audio_edid_blk() or get_intf_id is NULL
01-01 08:14:16.825 0 0 E msm_ext_disp_update_audio_ops: Display not found (EXT_DISPLAY_TYPE_DP) ctld (0) stream (0)
01-01 08:14:16.834 0 0 E msm-ext-disp-audio-codec-rx soc: qcom,msm-ext-disp:qcom,msm-ext-disp-audio-codec-rx: msm_ext_disp_audio_type_get: get_audio_edid_blk() or get_intf_id is NULL
01-01 08:14:16.851 0 0 E msm-ext-disp-audio-codec-rx soc: qcom,msm-ext-disp:qcom,msm-ext-disp-audio-codec-rx: msm_ext_disp_audio_device_get: invalid dai id: 4
01-01 08:14:16.915 0 0 E : msm_pcm_volume_ctl_get substream not found
01-01 08:14:17.092 0 0 D : mv2112_read_status
01-01 08:14:17.093 0 0 D mv2112_update_link: 3.0x901(1G): 0x80
01-01 08:14:17.093 0 0 D mv2112_update_link: 3.0x8109(100M): 0x0
01-01 08:14:17.093 0 0 D mv2112_update_link: link 0x0
01-01 08:14:17.093 0 0 D mv2112_read_status: autoneg is disabled
01-01 08:14:17.342 0 0 E : msm_qti_pp_get_rms_value_control, back not active to query rms be_idx:3
01-01 08:14:17.367 0 0 I core_get_license_status: cmdrsp_license_result.result = 0x15 for module 0x131ff
01-01 08:14:17.369 0 0 E msm_ext_disp_update_audio_ops: Display not found (EXT_DISPLAY_TYPE_DP) ctld (0) stream (0)
01-01 08:14:17.379 0 0 E msm_ext_disp_update_audio_ops: Display not found (EXT_DISPLAY_TYPE_HDMI) ctld (0) stream (0)
01-01 08:14:17.389 0 0 E msm_ext_disp_update_audio_ops: Display not found (EXT_DISPLAY_TYPE_DP) ctld (0) stream (0)
01-01 08:14:17.399 0 0 E msm_ext_disp_update_audio_ops: Display not found (EXT_DISPLAY_TYPE_DP) ctld (0) stream (0)
01-01 08:14:17.409 0 0 E msm_ext_disp_update_audio_ops: Display not found (EXT_DISPLAY_TYPE_DP) ctld (0) stream (0)
01-01 08:14:17.419 0 0 E msm-ext-disp-audio-codec-rx soc: qcom,msm-ext-disp:qcom,msm-ext-disp-audio-codec-rx: msm_ext_disp_audio_type_get: get_audio_edid_blk() or get_intf_id is NULL
01-01 08:14:17.435 0 0 E msm_ext_disp_update_audio_ops: Display not found (EXT_DISPLAY_TYPE_DP) ctld (0) stream (0)
01-01 08:14:17.445 0 0 E msm-ext-disp-audio-codec-rx soc: qcom,msm-ext-disp:qcom,msm-ext-disp-audio-codec-rx: msm_ext_disp_audio_type_get: get_audio_edid_blk() or get_intf_id is NULL
01-01 08:14:17.461 0 0 E msm_ext_disp_update_audio_ops: Display not found (EXT_DISPLAY_TYPE_DP) ctld (0) stream (0)
01-01 08:14:17.471 0 0 E msm-ext-disp-audio-codec-rx soc: qcom,msm-ext-disp:qcom,msm-ext-disp-audio-codec-rx: msm_ext_disp_audio_type_get: get_audio_edid_blk() or get_intf_id is NULL
01-01 08:14:17.488 0 0 E msm-ext-disp-audio-codec-rx soc: qcom,msm-ext-disp:qcom,msm-ext-disp-audio-codec-rx: msm_ext_disp_audio_device_get: invalid dai id: 4
01-01 08:14:17.563 0 0 E : msm_pcm_volume_ctl_get substream not found
01-01 08:14:17.602 0 0 I binder : 24151:24151 ioctl 40046210 7fc8ec5684 returned -22
01-01 08:14:17.624 0 0 I binder : 24146:24146 ioctl 40046210 7fe66caa94 returned -22
01-01 08:14:17.636 0 0 I binder : 24146:24146 ioctl 40046210 7fe66caca4 returned -22
01-01 08:14:18.103 0 0 I binder : 24151:24151 ioctl 40046210 7fc8ec4d84 returned -22
01-01 08:14:18.116 0 0 D : mv2112_read_status
01-01 08:14:18.117 0 0 D mv2112_update_link: 3.0x901(1G): 0x80
01-01 08:14:18.117 0 0 D mv2112_update_link: 3.0x8109(100M): 0x0
01-01 08:14:18.117 0 0 D mv2112_update_link: link 0x0
01-01 08:14:18.117 0 0 D mv2112_read_status: autoneg is disabled
01-01 08:14:18.394 24151 24151 E AndroidRuntime: *** FATAL EXCEPTION IN SYSTEM PROCESS: main
01-01 08:14:18.394 24151 24151 E AndroidRuntime: java.lang.NullPointerException: Attempt to read from field 'java.lang.String com.android.server.pm.Settings$VersionInfo.fingerprint' on a null object reference
01-01 08:14:18.394 24151 24151 E AndroidRuntime: at com.android.server.pm.PackageManagerService.(PackageManagerService.java:7608)
01-01 08:14:18.394 24151 24151 E AndroidRuntime: at com.android.server.pm.PackageManagerService.main(PackageManagerService.java:7116)
01-01 08:14:18.394 24151 24151 E AndroidRuntime: at com.android.server.SystemServer.startBootstrapServices(SystemServer.java:1168)
01-01 08:14:18.394 24151 24151 E AndroidRuntime: at com.android.server.SystemServer.run(SystemServer.java:882)
01-01 08:14:18.394 24151 24151 E AndroidRuntime: at com.android.server.SystemServer.main(SystemServer.java:615)
01-01 08:14:18.394 24151 24151 E AndroidRuntime: at java.lang.reflect.Method.invoke(Native Method)
01-01 08:14:18.394 24151 24151 E AndroidRuntime: at com.android.internal.os.RuntimeInit$MethodAndArgsCaller.run(RuntimeInit.java:548)
01-01 08:14:18.394 24151 24151 E AndroidRuntime: at com.android.internal.os.ZygoteInit.main(ZygoteInit.java:987)
01-01 08:14:18.395 24151 24151 E AndroidRuntime: Error reporting crash
