01-01 08:18:06.165 0 0 I init : starting service 'qvrd_vndr'...
01-01 08:18:06.166 0 0 I init : Created socket '/dev/socket/qvrservice_vndr', mode 660, user 1000, group 1000
01-01 08:18:06.166 0 0 I init : Created socket '/dev/socket/qvrservice_vndr_camera', mode 660, user 1000, group 1000
01-01 08:18:06.176 0 0 I init : starting service 'sxrd'...
01-01 08:18:06.185 0 0 I init : starting service 'vendor.audio-hal'...
01-01 08:18:06.182 30432 30432 F linker : CANNOT LINK EXECUTABLE "/vendor/bin/hw/qvrservice": library "vendor.qti.hardware.qxr-V1-ndk_platform.so" not found: needed by /vendor/lib64/libqvrservice.so in namespace (default)
01-01 08:18:06.185 30433 30433 F linker : CANNOT LINK EXECUTABLE "/vendor/bin/hw/sxrservice": library "vendor.qti.hardware.qxr-V1-ndk_platform.so" not found: needed by main executable
01-01 08:18:06.193 0 0 I init : Service 'qvrd_vndr' (pid 30432) exited with status 1
01-01 08:18:06.193 0 0 I init : Sending signal 9 to service 'qvrd_vndr' (pid 30432) process group...
01-01 08:18:06.194 0 0 I libprocessgroup: Successfully killed process cgroup uid 1000 pid 30432 in 0ms
01-01 08:18:06.565 0 0 D : mv2112_read_status
01-01 08:18:06.565 0 0 D mv2112_update_link: 3.0x901(1G): 0x80
01-01 08:18:06.565 0 0 D mv2112_update_link: 3.0x8109(100M): 0x0
01-01 08:18:06.565 0 0 D mv2112_update_link: link 0x0
01-01 08:18:06.565 0 0 D mv2112_read_status: autoneg is disabled
01-01 08:18:06.572 0 0 I binder : 30441:30441 ioctl 40046210 7ffa678a14 returned -22
01-01 08:18:06.572 0 0 I binder : 30441:30441 ioctl 40046210 7ffa678a34 returned -22
01-01 08:18:07.086 0 0 E : msm_qti_pp_get_rms_value_control, back not active to query rms be_idx:3
01-01 08:18:07.107 0 0 I core_get_license_status: cmdrsp_license_result.result = 0x15 for module 0x131ff
01-01 08:18:07.108 0 0 E msm_ext_disp_update_audio_ops: Display not found (EXT_DISPLAY_TYPE_DP) ctld (0) stream (0)
01-01 08:18:07.118 0 0 E msm_ext_disp_update_audio_ops: Display not found (EXT_DISPLAY_TYPE_HDMI) ctld (0) stream (0)
01-01 08:18:07.128 0 0 E msm_ext_disp_update_audio_ops: Display not found (EXT_DISPLAY_TYPE_DP) ctld (0) stream (0)
01-01 08:18:07.137 0 0 E msm_ext_disp_update_audio_ops: Display not found (EXT_DISPLAY_TYPE_DP) ctld (0) stream (0)
01-01 08:18:07.148 0 0 E msm_ext_disp_update_audio_ops: Display not found (EXT_DISPLAY_TYPE_DP) ctld (0) stream (0)
01-01 08:18:07.157 0 0 E msm-ext-disp-audio-codec-rx soc: qcom,msm-ext-disp:qcom,msm-ext-disp-audio-codec-rx: msm_ext_disp_audio_type_get: get_audio_edid_blk() or get_intf_id is NULL
01-01 08:18:07.173 0 0 E msm_ext_disp_update_audio_ops: Display not found (EXT_DISPLAY_TYPE_DP) ctld (0) stream (0)
01-01 08:18:07.183 0 0 E msm-ext-disp-audio-codec-rx soc: qcom,msm-ext-disp:qcom,msm-ext-disp-audio-codec-rx: msm_ext_disp_audio_type_get: get_audio_edid_blk() or get_intf_id is NULL
01-01 08:18:07.199 0 0 E msm_ext_disp_update_audio_ops: Display not found (EXT_DISPLAY_TYPE_DP) ctld (0) stream (0)
01-01 08:18:07.208 0 0 E msm-ext-disp-audio-codec-rx soc: qcom,msm-ext-disp:qcom,msm-ext-disp-audio-codec-rx: msm_ext_disp_audio_type_get: get_audio_edid_blk() or get_intf_id is NULL
01-01 08:18:07.226 0 0 E msm-ext-disp-audio-codec-rx soc: qcom,msm-ext-disp:qcom,msm-ext-disp-audio-codec-rx: msm_ext_disp_audio_device_get: invalid dai id: 4
01-01 08:18:07.297 0 0 E : msm_pcm_volume_ctl_get substream not found
01-01 08:18:07.569 0 0 E : msm_qti_pp_get_rms_value_control, back not active to query rms be_idx:3
01-01 08:18:07.589 0 0 I core_get_license_status: cmdrsp_license_result.result = 0x15 for module 0x131ff
01-01 08:18:07.590 0 0 E msm_ext_disp_update_audio_ops: Display not found (EXT_DISPLAY_TYPE_DP) ctld (0) stream (0)
01-01 08:18:07.600 0 0 E msm_ext_disp_update_audio_ops: Display not found (EXT_DISPLAY_TYPE_HDMI) ctld (0) stream (0)
01-01 08:18:07.600 0 0 D : mv2112_read_status
01-01 08:18:07.609 0 0 E msm_ext_disp_update_audio_ops: Display not found (EXT_DISPLAY_TYPE_DP) ctld (0) stream (0)
01-01 08:18:07.619 0 0 E msm_ext_disp_update_audio_ops: Display not found (EXT_DISPLAY_TYPE_DP) ctld (0) stream (0)
01-01 08:18:07.629 0 0 D mv2112_update_link: 3.0x901(1G): 0x80
01-01 08:18:07.629 0 0 D mv2112_update_link: 3.0x8109(100M): 0x0
01-01 08:18:07.629 0 0 D mv2112_update_link: link 0x0
01-01 08:18:07.629 0 0 D mv2112_read_status: autoneg is disabled
01-01 08:18:07.629 0 0 E msm_ext_disp_update_audio_ops: Display not found (EXT_DISPLAY_TYPE_DP) ctld (0) stream (0)
01-01 08:18:07.639 0 0 E msm-ext-disp-audio-codec-rx soc: qcom,msm-ext-disp:qcom,msm-ext-disp-audio-codec-rx: msm_ext_disp_audio_type_get: get_audio_edid_blk() or get_intf_id is NULL
01-01 08:18:07.655 0 0 E msm_ext_disp_update_audio_ops: Display not found (EXT_DISPLAY_TYPE_DP) ctld (0) stream (0)
01-01 08:18:07.665 0 0 E msm-ext-disp-audio-codec-rx soc: qcom,msm-ext-disp:qcom,msm-ext-disp-audio-codec-rx: msm_ext_disp_audio_type_get: get_audio_edid_blk() or get_intf_id is NULL
01-01 08:18:07.681 0 0 E msm_ext_disp_update_audio_ops: Display not found (EXT_DISPLAY_TYPE_DP) ctld (0) stream (0)
01-01 08:18:07.691 0 0 E msm-ext-disp-audio-codec-rx soc: qcom,msm-ext-disp:qcom,msm-ext-disp-audio-codec-rx: msm_ext_disp_audio_type_get: get_audio_edid_blk() or get_intf_id is NULL
01-01 08:18:07.707 0 0 E msm-ext-disp-audio-codec-rx soc: qcom,msm-ext-disp:qcom,msm-ext-disp-audio-codec-rx: msm_ext_disp_audio_device_get: invalid dai id: 4
01-01 08:18:07.765 0 0 E : msm_pcm_volume_ctl_get substream not found
01-01 08:18:07.781 0 0 I binder : 30467:30467 ioctl 40046210 7ff3373144 returned -22
01-01 08:18:08.045 0 0 I binder : 30485:30485 ioctl 40046210 7fcf4c8094 returned -22
01-01 08:18:08.049 0 0 I binder : 30485:30485 ioctl 40046210 7fcf4c82a4 returned -22
01-01 08:18:08.085 0 0 I binder : 30467:30467 ioctl 40046210 7ff3372844 returned -22
01-01 08:18:08.263 30467 30467 E AndroidRuntime: *** FATAL EXCEPTION IN SYSTEM PROCESS: main
01-01 08:18:08.263 30467 30467 E AndroidRuntime: java.lang.NullPointerException: Attempt to read from field 'java.lang.String com.android.server.pm.Settings$VersionInfo.fingerprint' on a null object reference
01-01 08:18:08.263 30467 30467 E AndroidRuntime: at com.android.server.pm.PackageManagerService.(PackageManagerService.java:7608)
01-01 08:18:08.263 30467 30467 E AndroidRuntime: at com.android.server.pm.PackageManagerService.main(PackageManagerService.java:7116)
01-01 08:18:08.263 30467 30467 E AndroidRuntime: at com.android.server.SystemServer.startBootstrapServices(SystemServer.java:1168)
01-01 08:18:08.263 30467 30467 E AndroidRuntime: at com.android.server.SystemServer.run(SystemServer.java:882)
01-01 08:18:08.263 30467 30467 E AndroidRuntime: at com.android.server.SystemServer.main(SystemServer.java:615)
01-01 08:18:08.263 30467 30467 E AndroidRuntime: at java.lang.reflect.Method.invoke(Native Method)
01-01 08:18:08.263 30467 30467 E AndroidRuntime: at com.android.internal.os.RuntimeInit$MethodAndArgsCaller.run(RuntimeInit.java:548)
01-01 08:18:08.263 30467 30467 E AndroidRuntime: at com.android.internal.os.ZygoteInit.main(ZygoteInit.java:987)
01-01 08:18:08.264 30467 30467 E AndroidRuntime: Error reporting crash
01-01 08:18:08.264 30467 30467 E AndroidRuntime: java.lang.NullPointerException: Attempt to invoke interface method 'void android.app.IActivityManager.handleApplicationCrash(android.os.IBinder, android.app.ApplicationErrorReport$ParcelableCrashInfo)' on a null object reference
01-01 08:18:08.264 30467 30467 E AndroidRuntime: at com.android.internal.os.RuntimeInit$KillApplicationHandler.uncaughtException(RuntimeInit.java:156)
01-01 08:18:08.264 30467 30467 E AndroidRuntime: at java.lang.ThreadGroup.uncaughtException(ThreadGroup.java:1073)
01-01 08:18:08.264 30467 30467 E AndroidRuntime: at java.lang.ThreadGroup.uncaughtException(ThreadGroup.java:1068)
01-01 08:18:08.264 30467 30467 E AndroidRuntime: at java.lang.Thread.dispatchUncaughtException(Thread.java:2200)
01-01 08:18:08.413 0 0 I binder : 30553:30553 ioctl 40046210 7fcf875044 returned -22
01-01 08:18:08.413 0 0 D ProcessState: Binder ioctl to enable oneway spam detection failed: Invalid argument
01-01 08:18:08.414 0 0 D vdc : Waited 0ms for vold
01-01 08:18:08.644 0 0 D : mv2112_read_status
01-01 08:18:08.645 0 0 D mv2112_update_link: 3.0x901(1G): 0x80
01-01 08:18:08.645 0 0 D mv2112_update_link: 3.0x8109(100M): 0x0
01-01 08:18:08.645 0 0 D mv2112_update_link: link 0x0
01-01 08:18:08.645 0 0 D mv2112_read_status: autoneg is disabled
01-01 08:18:09.186 0 0 I binder : 30559:30559 ioctl 40046210 7fe49926d4 returned -22
01-01 08:18:09.188 0 0 I binder : 30559:30559 ioctl 40046210 7fe4992654 returned -22
01-01 08:18:09.375 0 0 I binder : 30558:30558 ioctl 40046210 ffb08348 returned -22
01-01 08:18:09.377 0 0 I binder : 30558:30558 ioctl 40046210 ffb08330 returned -22
01-01 08:18:09.672 0 0 D : mv2112_read_status
01-01 08:18:09.673 0 0 D mv2112_update_link: 3.0x901(1G): 0x80
01-01 08:18:09.673 0 0 D mv2112_update_link: 3.0x8109(100M): 0x0
01-01 08:18:09.673 0 0 D mv2112_update_link: link 0x0
01-01 08:18:09.673 0 0 D mv2112_read_status: autoneg is disabled
01-01 08:18:09.756 0 0 I binder : 30557:30557 ioctl 40046210 7ff0d50444 returned -22
01-01 08:18:09.758 0 0 I binder : 30557:30557 ioctl 40046210 7ff0d50464 returned -22
01-01 08:18:10.692 0 0 D : mv2112_read_status
01-01 08:18:10.693 0 0 D mv2112_update_link: 3.0x901(1G): 0x80
01-01 08:18:10.693 0 0 D mv2112_update_link: 3.0x8109(100M): 0x0
01-01 08:18:10.693 0 0 D mv2112_update_link: link 0x0
01-01 08:18:10.693 0 0 D mv2112_read_status: autoneg is disabled
01-01 08:18:10.719 0 0 E init : Control message: Could not find 'android.frameworks.sensorservice@1.0::ISensorManager/default' for ctl.interface_start from pid: 517 (/system/bin/hwservicemanager)
01-01 08:18:10.767 0 0 E init : Control message: Could not find 'android.frameworks.sensorservice@1.0::ISensorManager/default' for ctl.interface_start from pid: 517 (/system/bin/hwservicemanager)
01-01 08:18:11.173 0 0 I init : starting service 'qvrd_vndr'...
01-01 08:18:11.174 0 0 I init : Created socket '/dev/socket/qvrservice_vndr', mode 660, user 1000, group 1000
01-01 08:18:11.175 0 0 I init : Created socket '/dev/socket/qvrservice_vndr_camera', mode 660, user 1000, group 1000
01-01 08:18:11.185 0 0 I init : starting service 'sxrd'...
01-01 08:18:11.196 0 0 I init : starting service 'vendor.audio-hal'...
01-01 08:18:11.191 30571 30571 F linker : CANNOT LINK EXECUTABLE "/vendor/bin/hw/qvrservice": library "vendor.qti.hardware.qxr-V1-ndk_platform.so" not found: needed by /vendor/lib64/libqvrservice.so in namespace (default)
01-01 08:18:11.196 30572 30572 F linker : CANNOT LINK EXECUTABLE "/vendor/bin/hw/sxrservice": library "vendor.qti.hardware.qxr-V1-ndk_platform.so" not found: needed by main executable
01-01 08:18:11.205 0 0 I init : Service 'qvrd_vndr' (pid 30571) exited with status 1
01-01 08:18:11.205 0 0 I init : Sending signal 9 to service 'qvrd_vndr' (pid 30571) process group...
01-01 08:18:11.205 0 0 I libprocessgroup: Successfully killed process cgroup uid 1000 pid 30571 in 0ms
01-01 08:18:11.610 0 0 I binder : 30580:30580 ioctl 40046210 7fdacae0b4 returned -22
01-01 08:18:11.610 0 0 I binder : 30580:30580 ioctl 40046210 7fdacae0d4 returned -22
01-01 08:18:11.716 0 0 D : mv2112_read_status
01-01 08:18:11.717 0 0 D mv2112_update_link: 3.0x901(1G): 0x80
01-01 08:18:11.717 0 0 D mv2112_update_link: 3.0x8109(100M): 0x0
01-01 08:18:11.717 0 0 D mv2112_update_link: link 0x0
01-01 08:18:11.717 0 0 D mv2112_read_status: autoneg is disabled
01-01 08:18:12.092 0 0 E : msm_qti_pp_get_rms_value_control, back not active to query rms be_idx:3
01-01 08:18:12.113 0 0 I core_get_license_status: cmdrsp_license_result.result = 0x15 for module 0x131ff
01-01 08:18:12.114 0 0 E msm_ext_disp_update_audio_ops: Display not found (EXT_DISPLAY_TYPE_DP) ctld (0) stream (0)
01-01 08:18:12.124 0 0 E msm_ext_disp_update_audio_ops: Display not found (EXT_DISPLAY_TYPE_HDMI) ctld (0) stream (0)
01-01 08:18:12.134 0 0 E msm_ext_disp_update_audio_ops: Display not found (EXT_DISPLAY_TYPE_DP) ctld (0) stream (0)
01-01 08:18:12.144 0 0 E msm_ext_disp_update_audio_ops: Display not found (EXT_DISPLAY_TYPE_DP) ctld (0) stream (0)
01-01 08:18:12.154 0 0 E msm_ext_disp_update_audio_ops: Display not found (EXT_DISPLAY_TYPE_DP) ctld (0) stream (0)
01-01 08:18:12.164 0 0 E msm-ext-disp-audio-codec-rx soc: qcom,msm-ext-disp:qcom,msm-ext-disp-audio-codec-rx: msm_ext_disp_audio_type_get: get_audio_edid_blk() or get_intf_id is NULL
01-01 08:18:12.180 0 0 E msm_ext_disp_update_audio_ops: Display not found (EXT_DISPLAY_TYPE_DP) ctld (0) stream (0)
01-01 08:18:12.190 0 0 E msm-ext-disp-audio-codec-rx soc: qcom,msm-ext-disp:qcom,msm-ext-disp-audio-codec-rx: msm_ext_disp_audio_type_get: get_audio_edid_blk() or get_intf_id is NULL
01-01 08:18:12.206 0 0 E msm_ext_disp_update_audio_ops: Display not found (EXT_DISPLAY_TYPE_DP) ctld (0) stream (0)
01-01 08:18:12.216 0 0 E msm-ext-disp-audio-codec-rx soc: qcom,msm-ext-disp:qcom,msm-ext-disp-audio-codec-rx: msm_ext_disp_audio_type_get: get_audio_edid_blk() or get_intf_id is NULL
01-01 08:18:12.233 0 0 E msm-ext-disp-audio-codec-rx soc: qcom,msm-ext-disp:qcom,msm-ext-disp-audio-codec-rx: msm_ext_disp_audio_device_get: invalid dai id: 4
01-01 08:18:12.310 0 0 E : msm_pcm_volume_ctl_get substream not found
01-01 08:18:12.740 0 0 D : mv2112_read_status
01-01 08:18:12.741 0 0 D mv2112_update_link: 3.0x901(1G): 0x80
01-01 08:18:12.741 0 0 D mv2112_update_link: 3.0x8109(100M): 0x0
01-01 08:18:12.741 0 0 D mv2112_update_link: link 0x0
01-01 08:18:12.741 0 0 D mv2112_read_status: autoneg is disabled
01-01 08:18:12.771 0 0 E : msm_qti_pp_get_rms_value_control, back not active to query rms be_idx:3
01-01 08:18:12.791 0 0 I core_get_license_status: cmdrsp_license_result.result = 0x15 for module 0x131ff
01-01 08:18:12.792 0 0 E msm_ext_disp_update_audio_ops: Display not found (EXT_DISPLAY_TYPE_DP) ctld (0) stream (0)
01-01 08:18:12.801 0 0 E msm_ext_disp_update_audio_ops: Display not found (EXT_DISPLAY_TYPE_HDMI) ctld (0) stream (0)
01-01 08:18:12.811 0 0 E msm_ext_disp_update_audio_ops: Display not found (EXT_DISPLAY_TYPE_DP) ctld (0) stream (0)
01-01 08:18:12.821 0 0 E msm_ext_disp_update_audio_ops: Display not found (EXT_DISPLAY_TYPE_DP) ctld (0) stream (0)
01-01 08:18:12.831 0 0 E msm_ext_disp_update_audio_ops: Display not found (EXT_DISPLAY_TYPE_DP) ctld (0) stream (0)
01-01 08:18:12.841 0 0 E msm-ext-disp-audio-codec-rx soc: qcom,msm-ext-disp:qcom,msm-ext-disp-audio-codec-rx: msm_ext_disp_audio_type_get: get_audio_edid_blk() or get_intf_id is NULL
01-01 08:18:12.857 0 0 E msm_ext_disp_update_audio_ops: Display not found (EXT_DISPLAY_TYPE_DP) ctld (0) stream (0)
01-01 08:18:12.867 0 0 E msm-ext-disp-audio-codec-rx soc: qcom,msm-ext-disp:qcom,msm-ext-disp-audio-codec-rx: msm_ext_disp_audio_type_get: get_audio_edid_blk() or get_intf_id is NULL
01-01 08:18:12.883 0 0 E msm_ext_disp_update_audio_ops: Display not found (EXT_DISPLAY_TYPE_DP) ctld (0) stream (0)
01-01 08:18:12.893 0 0 E msm-ext-disp-audio-codec-rx soc: qcom,msm-ext-disp:qcom,msm-ext-disp-audio-codec-rx: msm_ext_disp_audio_type_get: get_audio_edid_blk() or get_intf_id is NULL
01-01 08:18:12.910 0 0 E msm-ext-disp-audio-codec-rx soc: qcom,msm-ext-disp:qcom,msm-ext-disp-audio-codec-rx: msm_ext_disp_audio_device_get: invalid dai id: 4
01-01 08:18:12.951 0 0 I binder : 30608:30608 ioctl 40046210 7feb92a414 returned -22
01-01 08:18:12.968 0 0 E : msm_pcm_volume_ctl_get substream not found
01-01 08:18:13.049 0 0 I binder : 30614:30614 ioctl 40046210 7ff1994c04 returned -22
01-01 08:18:13.052 0 0 I binder : 30614:30614 ioctl 40046210 7ff1994e14 returned -22
01-01 08:18:13.272 0 0 I binder : 30608:30608 ioctl 40046210 7feb929b14 returned -22
01-01 08:18:13.459 30608 30608 E AndroidRuntime: *** FATAL EXCEPTION IN SYSTEM PROCESS: main
01-01 08:18:13.459 30608 30608 E AndroidRuntime: java.lang.NullPointerException: Attempt to read from field 'java.lang.String com.android.server.pm.Settings$VersionInfo.fingerprint' on a null object reference
01-01 08:18:13.459 30608 30608 E AndroidRuntime: at com.android.server.pm.PackageManagerService.(PackageManagerService.java:7608)
01-01 08:18:13.459 30608 30608 E AndroidRuntime: at com.android.server.pm.PackageManagerService.main(PackageManagerService.java:7116)
01-01 08:18:13.459 30608 30608 E AndroidRuntime: at com.android.server.SystemServer.startBootstrapServices(SystemServer.java:1168)
01-01 08:18:13.459 30608 30608 E AndroidRuntime: at com.android.server.SystemServer.run(SystemServer.java:882)
01-01 08:18:13.459 30608 30608 E AndroidRuntime: at com.android.server.SystemServer.main(SystemServer.java:615)
01-01 08:18:13.459 30608 30608 E AndroidRuntime: at java.lang.reflect.Method.invoke(Native Method)
01-01 08:18:13.459 30608 30608 E AndroidRuntime: at com.android.internal.os.RuntimeInit$MethodAndArgsCaller.run(RuntimeInit.java:548)
01-01 08:18:13.459 30608 30608 E AndroidRuntime: at com.android.internal.os.ZygoteInit.main(ZygoteInit.java:987)
01-01 08:18:13.460 30608 30608 E AndroidRuntime: Error reporting crash
01-01 08:18:13.460 30608 30608 E AndroidRuntime: java.lang.NullPointerException: Attempt to invoke interface method 'void android.app.IActivityManager.handleApplicationCrash(android.os.IBinder, android.app.ApplicationErrorReport$ParcelableCrashInfo)' on a null object reference
01-01 08:18:13.460 30608 30608 E AndroidRuntime: at com.android.internal.os.RuntimeInit$KillApplicationHandler.uncaughtException(RuntimeInit.java:156)
01-01 08:18:13.460 30608 30608 E AndroidRuntime: at java.lang.ThreadGroup.uncaughtException(ThreadGroup.java:1073)
01-01 08:18:13.460 30608 30608 E AndroidRuntime: at java.lang.ThreadGroup.uncaughtException(ThreadGroup.java:1068)
01-01 08:18:13.460 30608 30608 E AndroidRuntime: at java.lang.Thread.dispatchUncaughtException(Thread.java:2200)
01-01 08:18:13.600 0 0 I binder : 30690:30690 ioctl 40046210 7fdd659cf4 returned -22
01-01 08:18:13.600 0 0 D ProcessState: Binder ioctl to enable oneway spam detection failed: Invalid argument
01-01 08:18:13.601 0 0 D vdc : Waited 0ms for vold
01-01 08:18:13.768 0 0 D : mv2112_read_status
01-01 08:18:13.769 0 0 D mv2112_update_link: 3.0x901(1G): 0x80
01-01 08:18:13.769 0 0 D mv2112_update_link: 3.0x8109(100M): 0x0
01-01 08:18:13.769 0 0 D mv2112_update_link: link 0x0
01-01 08:18:13.769 0 0 D mv2112_read_status: autoneg is disabled
01-01 08:18:14.193 0 0 I binder : 30698:30698 ioctl 40046210 7fcf704b04 returned -22
01-01 08:18:14.195 0 0 I binder : 30698:30698 ioctl 40046210 7fcf704a84 returned -22
01-01 08:18:14.378 0 0 I binder : 30697:30697 ioctl 40046210 ffd1f1d8 returned -22
01-01 08:18:14.380 0 0 I binder : 30697:30697 ioctl 40046210 ffd1f1c0 returned -22
01-01 08:18:14.759 0 0 I binder : 30696:30696 ioctl 40046210 7fc4a68114 returned -22
01-01 08:18:14.761 0 0 I binder : 30696:30696 ioctl 40046210 7fc4a68134 returned -22
01-01 08:18:14.788 0 0 D : mv2112_read_status
01-01 08:18:14.789 0 0 D mv2112_update_link: 3.0x901(1G): 0x80
01-01 08:18:14.789 0 0 D mv2112_update_link: 3.0x8109(100M): 0x0
01-01 08:18:14.789 0 0 D mv2112_update_link: link 0x0
01-01 08:18:14.789 0 0 D mv2112_read_status: autoneg is disabled
01-01 08:18:15.491 0 0 I binder : 30711:30711 ioctl 40046210 7fc7ec1a24 returned -22
01-01 08:18:15.496 0 0 I binder : 30711:30711 ioctl 40046210 7fc7ec19d4 returned -22
01-01 08:18:15.488 30711 30711 E AndroidRuntime: FATAL EXCEPTION: main
01-01 08:18:15.488 30711 30711 E AndroidRuntime: PID: 30711
01-01 08:18:15.488 30711 30711 E AndroidRuntime: java.lang.AssertionError: java.lang.NullPointerException: Attempt to invoke virtual method 'java.lang.Class java.lang.Object.getClass()' on a null object reference
01-01 08:18:15.488 30711 30711 E AndroidRuntime: at com.genymobile.scrcpy.wrappers.DisplayManager.getDisplayInfo(DisplayManager.java:30)
01-01 08:18:15.488 30711 30711 E AndroidRuntime: at com.genymobile.scrcpy.Device.(Device.java:69)
01-01 08:18:15.488 30711 30711 E AndroidRuntime: at com.genymobile.scrcpy.Server.scrcpy(Server.java:65)
01-01 08:18:15.488 30711 30711 E AndroidRuntime: at com.genymobile.scrcpy.Server.main(Server.java:335)
01-01 08:18:15.488 30711 30711 E AndroidRuntime: at com.android.internal.os.RuntimeInit.nativeFinishInit(Native Method)
01-01 08:18:15.488 30711 30711 E AndroidRuntime: at com.android.internal.os.RuntimeInit.main(RuntimeInit.java:355)
01-01 08:18:15.488 30711 30711 E AndroidRuntime: Caused by: java.lang.NullPointerException: Attempt to invoke virtual method 'java.lang.Class java.lang.Object.getClass()' on a null object reference
01-01 08:18:15.488 30711 30711 E AndroidRuntime: at com.genymobile.scrcpy.wrappers.DisplayManager.getDisplayInfo(DisplayManager.java:17)
01-01 08:18:15.488 30711 30711 E AndroidRuntime: ... 5 more
01-01 08:18:15.724 0 0 E init : Control message: Could not find 'android.frameworks.sensorservice@1.0::ISensorManager/default' for ctl.interface_start from pid: 517 (/system/bin/hwservicemanager)
01-01 08:18:15.773 0 0 E init : Control message: Could not find 'android.frameworks.sensorservice@1.0::ISensorManager/default' for ctl.interface_start from pid: 517 (/system/bin/hwservicemanager)
01-01 08:18:15.812 0 0 D : mv2112_read_status
01-01 08:18:15.813 0 0 D mv2112_update_link: 3.0x901(1G): 0x80
01-01 08:18:15.813 0 0 D mv2112_update_link: 3.0x8109(100M): 0x0
01-01 08:18:15.813 0 0 D mv2112_update_link: link 0x0
01-01 08:18:15.813 0 0 D mv2112_read_status: autoneg is disabled
01-01 08:18:16.183 0 0 I init : starting service 'qvrd_vndr'...
01-01 08:18:16.184 0 0 I init : Created socket '/dev/socket/qvrservice_vndr', mode 660, user 1000, group 1000
01-01 08:18:16.184 0 0 I init : Created socket '/dev/socket/qvrservice_vndr_camera', mode 660, user 1000, group 1000
01-01 08:18:16.194 0 0 I init : starting service 'sxrd'...
01-01 08:18:16.203 0 0 I init : starting service 'vendor.audio-hal'...
01-01 08:18:16.201 30727 30727 F linker : CANNOT LINK EXECUTABLE "/vendor/bin/hw/qvrservice": library "vendor.qti.hardware.qxr-V1-ndk_platform.so" not found: needed by /vendor/lib64/libqvrservice.so in namespace (default)
01-01 08:18:16.204 30728 30728 F linker : CANNOT LINK EXECUTABLE "/vendor/bin/hw/sxrservice": library "vendor.qti.hardware.qxr-V1-ndk_platform.so" not found: needed by main executable
01-01 08:18:16.212 0 0 I init : Service 'qvrd_vndr' (pid 30727) exited with status 1
01-01 08:18:16.212 0 0 I init : Sending signal 9 to service 'qvrd_vndr' (pid 30727) process group...
01-01 08:18:16.212 0 0 I libprocessgroup: Successfully killed process cgroup uid 1000 pid 30727 in 0ms
01-01 08:18:16.618 0 0 I binder : 30736:30736 ioctl 40046210 7fd3878704 returned -22
01-01 08:18:16.618 0 0 I binder : 30736:30736 ioctl 40046210 7fd3878724 returned -22
01-01 08:18:16.840 0 0 D : mv2112_read_status
01-01 08:18:16.841 0 0 D mv2112_update_link: 3.0x901(1G): 0x80
01-01 08:18:16.841 0 0 D mv2112_update_link: 3.0x8109(100M): 0x0
01-01 08:18:16.841 0 0 D mv2112_update_link: link 0x0
01-01 08:18:16.841 0 0 D mv2112_read_status: autoneg is disabled
01-01 08:18:17.154 0 0 E : msm_qti_pp_get_rms_value_control, back not active to query rms be_idx:3
01-01 08:18:17.176 0 0 I core_get_license_status: cmdrsp_license_result.result = 0x15 for module 0x131ff
01-01 08:18:17.177 0 0 E msm_ext_disp_update_audio_ops: Display not found (EXT_DISPLAY_TYPE_DP) ctld (0) stream (0)
01-01 08:18:17.187 0 0 E msm_ext_disp_update_audio_ops: Display not found (EXT_DISPLAY_TYPE_HDMI) ctld (0) stream (0)
01-01 08:18:17.197 0 0 E msm_ext_disp_update_audio_ops: Display not found (EXT_DISPLAY_TYPE_DP) ctld (0) stream (0)
01-01 08:18:17.207 0 0 E msm_ext_disp_update_audio_ops: Display not found (EXT_DISPLAY_TYPE_DP) ctld (0) stream (0)
01-01 08:18:17.217 0 0 E msm_ext_disp_update_audio_ops: Display not found (EXT_DISPLAY_TYPE_DP) ctld (0) stream (0)
01-01 08:18:17.227 0 0 E msm-ext-disp-audio-codec-rx soc: qcom,msm-ext-disp:qcom,msm-ext-disp-audio-codec-rx: msm_ext_disp_audio_type_get: get_audio_edid_blk() or get_intf_id is NULL
01-01 08:18:17.242 0 0 E msm_ext_disp_update_audio_ops: Display not found (EXT_DISPLAY_TYPE_DP) ctld (0) stream (0)
01-01 08:18:17.252 0 0 E msm-ext-disp-audio-codec-rx soc: qcom,msm-ext-disp:qcom,msm-ext-disp-audio-codec-rx: msm_ext_disp_audio_type_get: get_audio_edid_blk() or get_intf_id is NULL
01-01 08:18:17.268 0 0 E msm_ext_disp_update_audio_ops: Display not found (EXT_DISPLAY_TYPE_DP) ctld (0) stream (0)
01-01 08:18:17.278 0 0 E msm-ext-disp-audio-codec-rx soc: qcom,msm-ext-disp:qcom,msm-ext-disp-audio-codec-rx: msm_ext_disp_audio_type_get: get_audio_edid_blk() or get_intf_id is NULL
01-01 08:18:17.295 0 0 E msm-ext-disp-audio-codec-rx soc: qcom,msm-ext-disp:qcom,msm-ext-disp-audio-codec-rx: msm_ext_disp_audio_device_get: invalid dai id: 4
01-01 08:18:17.358 0 0 E : msm_pcm_volume_ctl_get substream not found
01-01 08:18:17.655 0 0 E : msm_qti_pp_get_rms_value_control, back not active to query rms be_idx:3
01-01 08:18:17.677 0 0 I core_get_license_status: cmdrsp_license_result.result = 0x15 for module 0x131ff
01-01 08:18:17.677 0 0 E msm_ext_disp_update_audio_ops: Display not found (EXT_DISPLAY_TYPE_DP) ctld (0) stream (0)
01-01 08:18:17.687 0 0 E msm_ext_disp_update_audio_ops: Display not found (EXT_DISPLAY_TYPE_HDMI) ctld (0) stream (0)
01-01 08:18:17.697 0 0 E msm_ext_disp_update_audio_ops: Display not found (EXT_DISPLAY_TYPE_DP) ctld (0) stream (0)
01-01 08:18:17.707 0 0 E msm_ext_disp_update_audio_ops: Display not found (EXT_DISPLAY_TYPE_DP) ctld (0) stream (0)
01-01 08:18:17.717 0 0 E msm_ext_disp_update_audio_ops: Display not found (EXT_DISPLAY_TYPE_DP) ctld (0) stream (0)
01-01 08:18:17.727 0 0 E msm-ext-disp-audio-codec-rx soc: qcom,msm-ext-disp:qcom,msm-ext-disp-audio-codec-rx: msm_ext_disp_audio_type_get: get_audio_edid_blk() or get_intf_id is NULL
01-01 08:18:17.742 0 0 E msm_ext_disp_update_audio_ops: Display not found (EXT_DISPLAY_TYPE_DP) ctld (0) stream (0)
01-01 08:18:17.752 0 0 E msm-ext-disp-audio-codec-rx soc: qcom,msm-ext-disp:qcom,msm-ext-disp-audio-codec-rx: msm_ext_disp_audio_type_get: get_audio_edid_blk() or get_intf_id is NULL
01-01 08:18:17.768 0 0 E msm_ext_disp_update_audio_ops: Display not found (EXT_DISPLAY_TYPE_DP) ctld (0) stream (0)
01-01 08:18:17.778 0 0 E msm-ext-disp-audio-codec-rx soc: qcom,msm-ext-disp:qcom,msm-ext-disp-audio-codec-rx: msm_ext_disp_audio_type_get: get_audio_edid_blk() or get_intf_id is NULL
01-01 08:18:17.779 0 0 I binder : 30763:30763 ioctl 40046210 7fce50f224 returned -22
01-01 08:18:17.794 0 0 E msm-ext-disp-audio-codec-rx soc: qcom,msm-ext-disp:qcom,msm-ext-disp-audio-codec-rx: msm_ext_disp_audio_device_get: invalid dai id: 4
01-01 08:18:17.852 0 0 E : msm_pcm_volume_ctl_get substream not found
01-01 08:18:17.864 0 0 D : mv2112_read_status
01-01 08:18:17.865 0 0 D mv2112_update_link: 3.0x901(1G): 0x80
01-01 08:18:17.865 0 0 D mv2112_update_link: 3.0x8109(100M): 0x0
01-01 08:18:17.865 0 0 D mv2112_update_link: link 0x0
01-01 08:18:17.865 0 0 D mv2112_read_status: autoneg is disabled
01-01 08:18:18.061 0 0 I binder : 30781:30781 ioctl 40046210 7fda3894c4 returned -22
01-01 08:18:18.065 0 0 I binder : 30781:30781 ioctl 40046210 7fda3896d4 returned -22
01-01 08:18:18.130 0 0 I binder : 30763:30763 ioctl 40046210 7fce50e924 returned -22
01-01 08:18:18.308 30763 30763 E AndroidRuntime: *** FATAL EXCEPTION IN SYSTEM PROCESS: main
01-01 08:18:18.308 30763 30763 E AndroidRuntime: java.lang.NullPointerException: Attempt to read from field 'java.lang.String com.android.server.pm.Settings$VersionInfo.fingerprint' on a null object reference
01-01 08:18:18.308 30763 30763 E AndroidRuntime: at com.android.server.pm.PackageManagerService.(PackageManagerService.java:7608)
01-01 08:18:18.308 30763 30763 E AndroidRuntime: at com.android.server.pm.PackageManagerService.main(PackageManagerService.java:7116)
01-01 08:18:18.308 30763 30763 E AndroidRuntime: at com.android.server.SystemServer.startBootstrapServices(SystemServer.java:1168)
01-01 08:18:18.308 30763 30763 E AndroidRuntime: at com.android.server.SystemServer.run(SystemServer.java:882)
01-01 08:18:18.308 30763 30763 E AndroidRuntime: at com.android.server.SystemServer.main(SystemServer.java:615)
01-01 08:18:18.308 30763 30763 E AndroidRuntime: at java.lang.reflect.Method.invoke(Native Method)
01-01 08:18:18.308 30763 30763 E AndroidRuntime: at com.android.internal.os.RuntimeInit$MethodAndArgsCaller.run(RuntimeInit.java:548)
01-01 08:18:18.308 30763 30763 E AndroidRuntime: at com.android.internal.os.ZygoteInit.main(ZygoteInit.java:987)
01-01 08:18:18.309 30763 30763 E AndroidRuntime: Error reporting crash
01-01 08:18:18.309 30763 30763 E AndroidRuntime: java.lang.NullPointerException: Attempt to invoke interface method 'void android.app.IActivityManager.handleApplicationCrash(android.os.IBinder, android.app.ApplicationErrorReport$ParcelableCrashInfo)' on a null object reference
01-01 08:18:18.309 30763 30763 E AndroidRuntime: at com.android.internal.os.RuntimeInit$KillApplicationHandler.uncaughtException(RuntimeInit.java:156)
01-01 08:18:18.309 30763 30763 E AndroidRuntime: at java.lang.ThreadGroup.uncaughtException(ThreadGroup.java:1073)
01-01 08:18:18.309 30763 30763 E AndroidRuntime: at java.lang.ThreadGroup.uncaughtException(ThreadGroup.java:1068)
01-01 08:18:18.309 30763 30763 E AndroidRuntime: at java.lang.Thread.dispatchUncaughtException(Thread.java:2200)
01-01 08:18:18.458 0 0 I binder : 30840:30840 ioctl 40046210 7ff80d2464 returned -22
01-01 08:18:18.458 0 0 D ProcessState: Binder ioctl to enable oneway spam detection failed: Invalid argument
01-01 08:18:18.459 0 0 D vdc : Waited 0ms for vold
01-01 08:18:18.884 0 0 D : mv2112_read_status
01-01 08:18:18.885 0 0 D mv2112_update_link: 3.0x901(1G): 0x80
01-01 08:18:18.885 0 0 D mv2112_update_link: 3.0x8109(100M): 0x0
01-01 08:18:18.885 0 0 D mv2112_update_link: link 0x0
01-01 08:18:18.885 0 0 D mv2112_read_status: autoneg is disabled
01-01 08:18:19.201 0 0 I binder : 30846:30846 ioctl 40046210 7fe3feba34 returned -22
01-01 08:18:19.203 0 0 I binder : 30846:30846 ioctl 40046210 7fe3feb9b4 returned -22
01-01 08:18:19.385 0 0 I binder : 30845:30845 ioctl 40046210 fff87228 returned -22
01-01 08:18:19.387 0 0 I binder : 30845:30845 ioctl 40046210 fff87210 returned -22
01-01 08:18:19.762 0 0 I binder : 30844:30844 ioctl 40046210 7ffb51e844 returned -22
01-01 08:18:19.764 0 0 I binder : 30844:30844 ioctl 40046210 7ffb51e864 returned -22
01-01 08:18:19.908 0 0 D : mv2112_read_status
01-01 08:18:19.909 0 0 D mv2112_update_link: 3.0x901(1G): 0x80
01-01 08:18:19.909 0 0 D mv2112_update_link: 3.0x8109(100M): 0x0
01-01 08:18:19.909 0 0 D mv2112_update_link: link 0x0
01-01 08:18:19.909 0 0 D mv2112_read_status: autoneg is disabled
01-01 08:18:20.731 0 0 E init : Control message: Could not find 'android.frameworks.sensorservice@1.0::ISensorManager/default' for ctl.interface_start from pid: 517 (/system/bin/hwservicemanager)
01-01 08:18:20.779 0 0 E init : Control message: Could not find 'android.frameworks.sensorservice@1.0::ISensorManager/default' for ctl.interface_start from pid: 517 (/system/bin/hwservicemanager)
01-01 08:18:20.932 0 0 D : mv2112_read_status
01-01 08:18:20.933 0 0 D mv2112_update_link: 3.0x901(1G): 0x80
01-01 08:18:20.933 0 0 D mv2112_update_link: 3.0x8109(100M): 0x0
01-01 08:18:20.933 0 0 D mv2112_update_link: link 0x0
01-01 08:18:20.933 0 0 D mv2112_read_status: autoneg is disabled
01-01 08:18:21.191 0 0 I init : starting service 'qvrd_vndr'...
01-01 08:18:21.192 0 0 I init : Created socket '/dev/socket/qvrservice_vndr', mode 660, user 1000, group 1000
01-01 08:18:21.193 0 0 I init : Created socket '/dev/socket/qvrservice_vndr_camera', mode 660, user 1000, group 1000
01-01 08:18:21.202 0 0 I init : starting service 'sxrd'...
01-01 08:18:21.212 0 0 I init : starting service 'vendor.audio-hal'...
01-01 08:18:21.208 30858 30858 F linker : CANNOT LINK EXECUTABLE "/vendor/bin/hw/qvrservice": library "vendor.qti.hardware.qxr-V1-ndk_platform.so" not found: needed by /vendor/lib64/libqvrservice.so in namespace (default)
01-01 08:18:21.212 30859 30859 F linker : CANNOT LINK EXECUTABLE "/vendor/bin/hw/sxrservice": library "vendor.qti.hardware.qxr-V1-ndk_platform.so" not found: needed by main executable
01-01 08:18:21.221 0 0 I init : Service 'qvrd_vndr' (pid 30858) exited with status 1
01-01 08:18:21.221 0 0 I init : Sending signal 9 to service 'qvrd_vndr' (pid 30858) process group...
01-01 08:18:21.221 0 0 I libprocessgroup: Successfully killed process cgroup uid 1000 pid 30858 in 0ms
01-01 08:18:21.602 0 0 I binder : 30867:30867 ioctl 40046210 7ffba3b444 returned -22
01-01 08:18:21.603 0 0 I binder : 30867:30867 ioctl 40046210 7ffba3b464 returned -22
01-01 08:18:21.956 0 0 D : mv2112_read_status
01-01 08:18:21.957 0 0 D mv2112_update_link: 3.0x901(1G): 0x80
01-01 08:18:21.957 0 0 D mv2112_update_link: 3.0x8109(100M): 0x0
01-01 08:18:21.957 0 0 D mv2112_update_link: link 0x0
01-01 08:18:21.957 0 0 D mv2112_read_status: autoneg is disabled
01-01 08:18:22.092 0 0 E : msm_qti_pp_get_rms_value_control, back not active to query rms be_idx:3
01-01 08:18:22.112 0 0 I core_get_license_status: cmdrsp_license_result.result = 0x15 for module 0x131ff
01-01 08:18:22.113 0 0 E msm_ext_disp_update_audio_ops: Display not found (EXT_DISPLAY_TYPE_DP) ctld (0) stream (0)
01-01 08:18:22.123 0 0 E msm_ext_disp_update_audio_ops: Display not found (EXT_DISPLAY_TYPE_HDMI) ctld (0) stream (0)
01-01 08:18:22.133 0 0 E msm_ext_disp_update_audio_ops: Display not found (EXT_DISPLAY_TYPE_DP) ctld (0) stream (0)
01-01 08:18:22.143 0 0 E msm_ext_disp_update_audio_ops: Display not found (EXT_DISPLAY_TYPE_DP) ctld (0) stream (0)
01-01 08:18:22.153 0 0 E msm_ext_disp_update_audio_ops: Display not found (EXT_DISPLAY_TYPE_DP) ctld (0) stream (0)
01-01 08:18:22.163 0 0 E msm-ext-disp-audio-codec-rx soc: qcom,msm-ext-disp:qcom,msm-ext-disp-audio-codec-rx: msm_ext_disp_audio_type_get: get_audio_edid_blk() or get_intf_id is NULL
01-01 08:18:22.178 0 0 E msm_ext_disp_update_audio_ops: Display not found (EXT_DISPLAY_TYPE_DP) ctld (0) stream (0)
01-01 08:18:22.188 0 0 E msm-ext-disp-audio-codec-rx soc: qcom,msm-ext-disp:qcom,msm-ext-disp-audio-codec-rx: msm_ext_disp_audio_type_get: get_audio_edid_blk() or get_intf_id is NULL
01-01 08:18:22.204 0 0 E msm_ext_disp_update_audio_ops: Display not found (EXT_DISPLAY_TYPE_DP) ctld (0) stream (0)
01-01 08:18:22.214 0 0 E msm-ext-disp-audio-codec-rx soc: qcom,msm-ext-disp:qcom,msm-ext-disp-audio-codec-rx: msm_ext_disp_audio_type_get: get_audio_edid_blk() or get_intf_id is NULL
01-01 08:18:22.230 0 0 E msm-ext-disp-audio-codec-rx soc: qcom,msm-ext-disp:qcom,msm-ext-disp-audio-codec-rx: msm_ext_disp_audio_device_get: invalid dai id: 4
01-01 08:18:22.293 0 0 E : msm_pcm_volume_ctl_get substream not found
01-01 08:18:22.703 0 0 E : msm_qti_pp_get_rms_value_control, back not active to query rms be_idx:3
01-01 08:18:22.724 0 0 I core_get_license_status: cmdrsp_license_result.result = 0x15 for module 0x131ff
01-01 08:18:22.725 0 0 E msm_ext_disp_update_audio_ops: Display not found (EXT_DISPLAY_TYPE_DP) ctld (0) stream (0)
01-01 08:18:22.735 0 0 E msm_ext_disp_update_audio_ops: Display not found (EXT_DISPLAY_TYPE_HDMI) ctld (0) stream (0)
01-01 08:18:22.745 0 0 E msm_ext_disp_update_audio_ops: Display not found (EXT_DISPLAY_TYPE_DP) ctld (0) stream (0)
01-01 08:18:22.755 0 0 E msm_ext_disp_update_audio_ops: Display not found (EXT_DISPLAY_TYPE_DP) ctld (0) stream (0)
01-01 08:18:22.765 0 0 E msm_ext_disp_update_audio_ops: Display not found (EXT_DISPLAY_TYPE_DP) ctld (0) stream (0)
01-01 08:18:22.773 0 0 I binder : 30893:30893 ioctl 40046210 7fca089fb4 returned -22
01-01 08:18:22.775 0 0 E msm-ext-disp-audio-codec-rx soc: qcom,msm-ext-disp:qcom,msm-ext-disp-audio-codec-rx: msm_ext_disp_audio_type_get: get_audio_edid_blk() or get_intf_id is NULL
01-01 08:18:22.791 0 0 E msm_ext_disp_update_audio_ops: Display not found (EXT_DISPLAY_TYPE_DP) ctld (0) stream (0)
01-01 08:18:22.802 0 0 E msm-ext-disp-audio-codec-rx soc: qcom,msm-ext-disp:qcom,msm-ext-disp-audio-codec-rx: msm_ext_disp_audio_type_get: get_audio_edid_blk() or get_intf_id is NULL
01-01 08:18:22.818 0 0 E msm_ext_disp_update_audio_ops: Display not found (EXT_DISPLAY_TYPE_DP) ctld (0) stream (0)
01-01 08:18:22.828 0 0 E msm-ext-disp-audio-codec-rx soc: qcom,msm-ext-disp:qcom,msm-ext-disp-audio-codec-rx: msm_ext_disp_audio_type_get: get_audio_edid_blk() or get_intf_id is NULL
01-01 08:18:22.845 0 0 E msm-ext-disp-audio-codec-rx soc: qcom,msm-ext-disp:qcom,msm-ext-disp-audio-codec-rx: msm_ext_disp_audio_device_get: invalid dai id: 4
01-01 08:18:22.904 0 0 E : msm_pcm_volume_ctl_get substream not found
01-01 08:18:22.980 0 0 D : mv2112_read_status
01-01 08:18:22.981 0 0 D mv2112_update_link: 3.0x901(1G): 0x80
01-01 08:18:22.981 0 0 D mv2112_update_link: 3.0x8109(100M): 0x0
01-01 08:18:22.981 0 0 D mv2112_update_link: link 0x0
01-01 08:18:22.981 0 0 D mv2112_read_status: autoneg is disabled
01-01 08:18:23.090 0 0 I binder : 30912:30912 ioctl 40046210 7ffdb93f24 returned -22
01-01 08:18:23.094 0 0 I binder : 30912:30912 ioctl 40046210 7ffdb94134 returned -22
01-01 08:18:23.118 0 0 I binder : 30893:30893 ioctl 40046210 7fca0896b4 returned -22
01-01 08:18:23.299 30893 30893 E AndroidRuntime: *** FATAL EXCEPTION IN SYSTEM PROCESS: main
01-01 08:18:23.299 30893 30893 E AndroidRuntime: java.lang.NullPointerException: Attempt to read from field 'java.lang.String com.android.server.pm.Settings$VersionInfo.fingerprint' on a null object reference
01-01 08:18:23.299 30893 30893 E AndroidRuntime: at com.android.server.pm.PackageManagerService.(PackageManagerService.java:7608)
01-01 08:18:23.299 30893 30893 E AndroidRuntime: at com.android.server.pm.PackageManagerService.main(PackageManagerService.java:7116)
01-01 08:18:23.299 30893 30893 E AndroidRuntime: at com.android.server.SystemServer.startBootstrapServices(SystemServer.java:1168)
01-01 08:18:23.299 30893 30893 E AndroidRuntime: at com.android.server.SystemServer.run(SystemServer.java:882)
01-01 08:18:23.299 30893 30893 E AndroidRuntime: at com.android.server.SystemServer.main(SystemServer.java:615)
01-01 08:18:23.299 30893 30893 E AndroidRuntime: at java.lang.reflect.Method.invoke(Native Method)
01-01 08:18:23.299 30893 30893 E AndroidRuntime: at com.android.internal.os.RuntimeInit$MethodAndArgsCaller.run(RuntimeInit.java:548)
01-01 08:18:23.299 30893 30893 E AndroidRuntime: at com.android.internal.os.ZygoteInit.main(ZygoteInit.java:987)
01-01 08:18:23.299 30893 30893 E AndroidRuntime: Error reporting crash
01-01 08:18:23.299 30893 30893 E AndroidRuntime: java.lang.NullPointerException: Attempt to invoke interface method 'void android.app.IActivityManager.handleApplicationCrash(android.os.IBinder, android.app.ApplicationErrorReport$ParcelableCrashInfo)' on a null object reference
01-01 08:18:23.299 30893 30893 E AndroidRuntime: at com.android.internal.os.RuntimeInit$KillApplicationHandler.uncaughtException(RuntimeInit.java:156)
01-01 08:18:23.299 30893 30893 E AndroidRuntime: at java.lang.ThreadGroup.uncaughtException(ThreadGroup.java:1073)
01-01 08:18:23.299 30893 30893 E AndroidRuntime: at java.lang.ThreadGroup.uncaughtException(ThreadGroup.java:1068)
01-01 08:18:23.299 30893 30893 E AndroidRuntime: at java.lang.Thread.dispatchUncaughtException(Thread.java:2200)
01-01 08:18:23.458 0 0 I binder : 30968:30968 ioctl 40046210 7fe40fc384 returned -22
01-01 08:18:23.458 0 0 D ProcessState: Binder ioctl to enable oneway spam detection failed: Invalid argument
01-01 08:18:23.459 0 0 D vdc : Waited 0ms for vold
01-01 08:18:24.004 0 0 D : mv2112_read_status
01-01 08:18:24.005 0 0 D mv2112_update_link: 3.0x901(1G): 0x80
01-01 08:18:24.005 0 0 D mv2112_update_link: 3.0x8109(100M): 0x0
01-01 08:18:24.005 0 0 D mv2112_update_link: link 0x0
01-01 08:18:24.005 0 0 D mv2112_read_status: autoneg is disabled
01-01 08:18:24.209 0 0 I binder : 30974:30974 ioctl 40046210 7ff9fae114 returned -22
01-01 08:18:24.210 0 0 I binder : 30974:30974 ioctl 40046210 7ff9fae094 returned -22
01-01 08:18:24.394 0 0 I binder : 30973:30973 ioctl 40046210 ffc95488 returned -22
01-01 08:18:24.396 0 0 I binder : 30973:30973 ioctl 40046210 ffc95470 returned -22
01-01 08:18:24.771 0 0 I binder : 30972:30972 ioctl 40046210 7fc27da534 returned -22
01-01 08:18:24.774 0 0 I binder : 30972:30972 ioctl 40046210 7fc27da554 returned -22
01-01 08:18:25.028 0 0 D : mv2112_read_status
01-01 08:18:25.029 0 0 D mv2112_update_link: 3.0x901(1G): 0x80
01-01 08:18:25.029 0 0 D mv2112_update_link: 3.0x8109(100M): 0x0
01-01 08:18:25.029 0 0 D mv2112_update_link: link 0x0
01-01 08:18:25.029 0 0 D mv2112_read_status: autoneg is disabled
01-01 08:18:25.738 0 0 E init : Control message: Could not find 'android.frameworks.sensorservice@1.0::ISensorManager/default' for ctl.interface_start from pid: 517 (/system/bin/hwservicemanager)
01-01 08:18:25.795 0 0 E init : Control message: Could not find 'android.frameworks.sensorservice@1.0::ISensorManager/default' for ctl.interface_start from pid: 517 (/system/bin/hwservicemanager)
01-01 08:18:26.052 0 0 D : mv2112_read_status
01-01 08:18:26.053 0 0 D mv2112_update_link: 3.0x901(1G): 0x80
01-01 08:18:26.053 0 0 D mv2112_update_link: 3.0x8109(100M): 0x0
01-01 08:18:26.053 0 0 D mv2112_update_link: link 0x0
01-01 08:18:26.053 0 0 D mv2112_read_status: autoneg is disabled
01-01 08:18:26.200 0 0 I init : starting service 'qvrd_vndr'...
01-01 08:18:26.201 0 0 I init : Created socket '/dev/socket/qvrservice_vndr', mode 660, user 1000, group 1000
01-01 08:18:26.201 0 0 I init : Created socket '/dev/socket/qvrservice_vndr_camera', mode 660, user 1000, group 1000
01-01 08:18:26.211 0 0 I init : starting service 'sxrd'...
01-01 08:18:26.220 0 0 I init : starting service 'vendor.audio-hal'...
01-01 08:18:26.217 30986 30986 F linker : CANNOT LINK EXECUTABLE "/vendor/bin/hw/qvrservice": library "vendor.qti.hardware.qxr-V1-ndk_platform.so" not found: needed by /vendor/lib64/libqvrservice.so in namespace (default)
01-01 08:18:26.221 30987 30987 F linker : CANNOT LINK EXECUTABLE "/vendor/bin/hw/sxrservice": library "vendor.qti.hardware.qxr-V1-ndk_platform.so" not found: needed by main executable
01-01 08:18:26.229 0 0 I init : Service 'qvrd_vndr' (pid 30986) exited with status 1
01-01 08:18:26.229 0 0 I init : Sending signal 9 to service 'qvrd_vndr' (pid 30986) process group...
01-01 08:18:26.229 0 0 I libprocessgroup: Successfully killed process cgroup uid 1000 pid 30986 in 0ms
01-01 08:18:26.611 0 0 I binder : 30995:30995 ioctl 40046210 7ff1f463f4 returned -22
01-01 08:18:26.611 0 0 I binder : 30995:30995 ioctl 40046210 7ff1f46414 returned -22
01-01 08:18:27.076 0 0 D : mv2112_read_status
01-01 08:18:27.077 0 0 D mv2112_update_link: 3.0x901(1G): 0x80
01-01 08:18:27.077 0 0 D mv2112_update_link: 3.0x8109(100M): 0x0
01-01 08:18:27.077 0 0 D mv2112_update_link: link 0x0
01-01 08:18:27.077 0 0 D mv2112_read_status: autoneg is disabled
01-01 08:18:27.079 0 0 E : msm_qti_pp_get_rms_value_control, back not active to query rms be_idx:3
01-01 08:18:27.100 0 0 I core_get_license_status: cmdrsp_license_result.result = 0x15 for module 0x131ff
01-01 08:18:27.101 0 0 E msm_ext_disp_update_audio_ops: Display not found (EXT_DISPLAY_TYPE_DP) ctld (0) stream (0)
01-01 08:18:27.111 0 0 E msm_ext_disp_update_audio_ops: Display not found (EXT_DISPLAY_TYPE_HDMI) ctld (0) stream (0)
01-01 08:18:27.121 0 0 E msm_ext_disp_update_audio_ops: Display not found (EXT_DISPLAY_TYPE_DP) ctld (0) stream (0)
01-01 08:18:27.131 0 0 E msm_ext_disp_update_audio_ops: Display not found (EXT_DISPLAY_TYPE_DP) ctld (0) stream (0)
01-01 08:18:27.141 0 0 E msm_ext_disp_update_audio_ops: Display not found (EXT_DISPLAY_TYPE_DP) ctld (0) stream (0)
01-01 08:18:27.151 0 0 E msm-ext-disp-audio-codec-rx soc: qcom,msm-ext-disp:qcom,msm-ext-disp-audio-codec-rx: msm_ext_disp_audio_type_get: get_audio_edid_blk() or get_intf_id is NULL
01-01 08:18:27.167 0 0 E msm_ext_disp_update_audio_ops: Display not found (EXT_DISPLAY_TYPE_DP) ctld (0) stream (0)
01-01 08:18:27.176 0 0 E msm-ext-disp-audio-codec-rx soc: qcom,msm-ext-disp:qcom,msm-ext-disp-audio-codec-rx: msm_ext_disp_audio_type_get: get_audio_edid_blk() or get_intf_id is NULL
01-01 08:18:27.192 0 0 E msm_ext_disp_update_audio_ops: Display not found (EXT_DISPLAY_TYPE_DP) ctld (0) stream (0)
01-01 08:18:27.202 0 0 E msm-ext-disp-audio-codec-rx soc: qcom,msm-ext-disp:qcom,msm-ext-disp-audio-codec-rx: msm_ext_disp_audio_type_get: get_audio_edid_blk() or get_intf_id is NULL
01-01 08:18:27.219 0 0 E msm-ext-disp-audio-codec-rx soc: qcom,msm-ext-disp:qcom,msm-ext-disp-audio-codec-rx: msm_ext_disp_audio_device_get: invalid dai id: 4
01-01 08:18:27.282 0 0 E : msm_pcm_volume_ctl_get substream not found
01-01 08:18:27.620 0 0 E : msm_qti_pp_get_rms_value_control, back not active to query rms be_idx:3
01-01 08:18:27.640 0 0 I core_get_license_status: cmdrsp_license_result.result = 0x15 for module 0x131ff
01-01 08:18:27.641 0 0 E msm_ext_disp_update_audio_ops: Display not found (EXT_DISPLAY_TYPE_DP) ctld (0) stream (0)
01-01 08:18:27.651 0 0 E msm_ext_disp_update_audio_ops: Display not found (EXT_DISPLAY_TYPE_HDMI) ctld (0) stream (0)
01-01 08:18:27.661 0 0 E msm_ext_disp_update_audio_ops: Display not found (EXT_DISPLAY_TYPE_DP) ctld (0) stream (0)
01-01 08:18:27.671 0 0 E msm_ext_disp_update_audio_ops: Display not found (EXT_DISPLAY_TYPE_DP) ctld (0) stream (0)
01-01 08:18:27.681 0 0 E msm_ext_disp_update_audio_ops: Display not found (EXT_DISPLAY_TYPE_DP) ctld (0) stream (0)
01-01 08:18:27.691 0 0 E msm-ext-disp-audio-codec-rx soc: qcom,msm-ext-disp:qcom,msm-ext-disp-audio-codec-rx: msm_ext_disp_audio_type_get: get_audio_edid_blk() or get_intf_id is NULL
01-01 08:18:27.707 0 0 E msm_ext_disp_update_audio_ops: Display not found (EXT_DISPLAY_TYPE_DP) ctld (0) stream (0)
01-01 08:18:27.716 0 0 E msm-ext-disp-audio-codec-rx soc: qcom,msm-ext-disp:qcom,msm-ext-disp-audio-codec-rx: msm_ext_disp_audio_type_get: get_audio_edid_blk() or get_intf_id is NULL
01-01 08:18:27.732 0 0 E msm_ext_disp_update_audio_ops: Display not found (EXT_DISPLAY_TYPE_DP) ctld (0) stream (0)
01-01 08:18:27.742 0 0 E msm-ext-disp-audio-codec-rx soc: qcom,msm-ext-disp:qcom,msm-ext-disp-audio-codec-rx: msm_ext_disp_audio_type_get: get_audio_edid_blk() or get_intf_id is NULL
01-01 08:18:27.759 0 0 E msm-ext-disp-audio-codec-rx soc: qcom,msm-ext-disp:qcom,msm-ext-disp-audio-codec-rx: msm_ext_disp_audio_device_get: invalid dai id: 4
01-01 08:18:27.816 0 0 E : msm_pcm_volume_ctl_get substream not found
01-01 08:18:27.826 0 0 I binder : 31021:31021 ioctl 40046210 7fd5f1ce24 returned -22
01-01 08:18:28.100 0 0 D : mv2112_read_status
01-01 08:18:28.101 0 0 D mv2112_update_link: 3.0x901(1G): 0x80
01-01 08:18:28.101 0 0 D mv2112_update_link: 3.0x8109(100M): 0x0
01-01 08:18:28.101 0 0 D mv2112_update_link: link 0x0
01-01 08:18:28.101 0 0 D mv2112_read_status: autoneg is disabled
01-01 08:18:28.105 0 0 I binder : 31039:31039 ioctl 40046210 7fccae8bc4 returned -22
01-01 08:18:28.109 0 0 I binder : 31039:31039 ioctl 40046210 7fccae8dd4 returned -22
01-01 08:18:28.137 0 0 I binder : 31021:31021 ioctl 40046210 7fd5f1c524 returned -22
01-01 08:18:28.328 31021 31021 E AndroidRuntime: *** FATAL EXCEPTION IN SYSTEM PROCESS: main
01-01 08:18:28.328 31021 31021 E AndroidRuntime: java.lang.NullPointerException: Attempt to read from field 'java.lang.String com.android.server.pm.Settings$VersionInfo.fingerprint' on a null object reference
01-01 08:18:28.328 31021 31021 E AndroidRuntime: at com.android.server.pm.PackageManagerService.(PackageManagerService.java:7608)
01-01 08:18:28.328 31021 31021 E AndroidRuntime: at com.android.server.pm.PackageManagerService.main(PackageManagerService.java:7116)
01-01 08:18:28.328 31021 31021 E AndroidRuntime: at com.android.server.SystemServer.startBootstrapServices(SystemServer.java:1168)
01-01 08:18:28.328 31021 31021 E AndroidRuntime: at com.android.server.SystemServer.run(SystemServer.java:882)
01-01 08:18:28.328 31021 31021 E AndroidRuntime: at com.android.server.SystemServer.main(SystemServer.java:615)
01-01 08:18:28.328 31021 31021 E AndroidRuntime: at java.lang.reflect.Method.invoke(Native Method)
01-01 08:18:28.328 31021 31021 E AndroidRuntime: at com.android.internal.os.RuntimeInit$MethodAndArgsCaller.run(RuntimeInit.java:548)
01-01 08:18:28.328 31021 31021 E AndroidRuntime: at com.android.internal.os.ZygoteInit.main(ZygoteInit.java:987)
01-01 08:18:28.328 31021 31021 E AndroidRuntime: Error reporting crash
01-01 08:18:28.328 31021 31021 E AndroidRuntime: java.lang.NullPointerException: Attempt to invoke interface method 'void android.app.IActivityManager.handleApplicationCrash(android.os.IBinder, android.app.ApplicationErrorReport$ParcelableCrashInfo)' on a null object reference
01-01 08:18:28.328 31021 31021 E AndroidRuntime: at com.android.internal.os.RuntimeInit$KillApplicationHandler.uncaughtException(RuntimeInit.java:156)
01-01 08:18:28.328 31021 31021 E AndroidRuntime: at java.lang.ThreadGroup.uncaughtException(ThreadGroup.java:1073)
01-01 08:18:28.328 31021 31021 E AndroidRuntime: at java.lang.ThreadGroup.uncaughtException(ThreadGroup.java:1068)
01-01 08:18:28.328 31021 31021 E AndroidRuntime: at java.lang.Thread.dispatchUncaughtException(Thread.java:2200)
01-01 08:18:28.479 0 0 I binder : 31108:31108 ioctl 40046210 7ffee29e54 returned -22
01-01 08:18:28.479 0 0 D ProcessState: Binder ioctl to enable oneway spam detection failed: Invalid argument
01-01 08:18:28.480 0 0 D vdc : Waited 0ms for vold
01-01 08:18:29.124 0 0 D : mv2112_read_status
01-01 08:18:29.125 0 0 D mv2112_update_link: 3.0x901(1G): 0x80
01-01 08:18:29.125 0 0 D mv2112_update_link: 3.0x8109(100M): 0x0
01-01 08:18:29.125 0 0 D mv2112_update_link: link 0x0
01-01 08:18:29.125 0 0 D mv2112_read_status: autoneg is disabled
01-01 08:18:29.220 0 0 I binder : 31114:31114 ioctl 40046210 7fd37286f4 returned -22
01-01 08:18:29.223 0 0 I binder : 31114:31114 ioctl 40046210 7fd3728674 returned -22
