01-01 08:19:13.418 32260 32260 E AndroidRuntime: java.lang.NullPointerException: Attempt to invoke interface method 'void android.app.IActivityManager.handleApplicationCrash(android.os.IBinder, android.app.ApplicationErrorReport$ParcelableCrashInfo)' on a null object reference
01-01 08:19:13.418 32260 32260 E AndroidRuntime: at com.android.internal.os.RuntimeInit$KillApplicationHandler.uncaughtException(RuntimeInit.java:156)
01-01 08:19:13.418 32260 32260 E AndroidRuntime: at java.lang.ThreadGroup.uncaughtException(ThreadGroup.java:1073)
01-01 08:19:13.418 32260 32260 E AndroidRuntime: at java.lang.ThreadGroup.uncaughtException(ThreadGroup.java:1068)
01-01 08:19:13.418 32260 32260 E AndroidRuntime: at java.lang.Thread.dispatchUncaughtException(Thread.java:2200)
01-01 08:19:13.586 0 0 I binder : 32346:32346 ioctl 40046210 7fdb2ca744 returned -22
01-01 08:19:13.586 0 0 D ProcessState: Binder ioctl to enable oneway spam detection failed: Invalid argument
01-01 08:19:13.588 0 0 D vdc : Waited 0ms for vold
01-01 08:19:14.180 0 0 D : mv2112_read_status
01-01 08:19:14.181 0 0 D mv2112_update_link: 3.0x901(1G): 0x80
01-01 08:19:14.181 0 0 D mv2112_update_link: 3.0x8109(100M): 0x0
01-01 08:19:14.181 0 0 D mv2112_update_link: link 0x0
01-01 08:19:14.181 0 0 D mv2112_read_status: autoneg is disabled
01-01 08:19:14.279 32352 32352 I wificond: wificond is starting up...
01-01 08:19:14.288 0 0 I binder : 32352:32352 ioctl 40046210 7fd3c8bff4 returned -22
01-01 08:19:14.290 0 0 I binder : 32352:32352 ioctl 40046210 7fd3c8bf74 returned -22
01-01 08:19:14.285 32352 32352 I HidlServiceManagement: Registered android.system.wifi.keystore@1.0::IKeystore/default
01-01 08:19:14.476 0 0 I binder : 32351:32351 ioctl 40046210 ff9fce88 returned -22
01-01 08:19:14.478 0 0 I binder : 32351:32351 ioctl 40046210 ff9fce70 returned -22
01-01 08:19:14.850 0 0 I binder : 32350:32350 ioctl 40046210 7fc56b1e04 returned -22
01-01 08:19:14.852 0 0 I binder : 32350:32350 ioctl 40046210 7fc56b1e24 returned -22
01-01 08:19:15.204 0 0 D : mv2112_read_status
01-01 08:19:15.205 0 0 D mv2112_update_link: 3.0x901(1G): 0x80
01-01 08:19:15.205 0 0 D mv2112_update_link: 3.0x8109(100M): 0x0
01-01 08:19:15.205 0 0 D mv2112_update_link: link 0x0
01-01 08:19:15.205 0 0 D mv2112_read_status: autoneg is disabled
01-01 08:19:15.795 0 0 E init : Control message: Could not find 'android.frameworks.sensorservice@1.0::ISensorManager/default' for ctl.interface_start from pid: 517 (/system/bin/hwservicemanager)
01-01 08:19:15.853 0 0 E init : Control message: Could not find 'android.frameworks.sensorservice@1.0::ISensorManager/default' for ctl.interface_start from pid: 517 (/system/bin/hwservicemanager)
01-01 08:19:16.228 0 0 D : mv2112_read_status
01-01 08:19:16.229 0 0 D mv2112_update_link: 3.0x901(1G): 0x80
01-01 08:19:16.229 0 0 D mv2112_update_link: 3.0x8109(100M): 0x0
01-01 08:19:16.229 0 0 D mv2112_update_link: link 0x0
01-01 08:19:16.229 0 0 D mv2112_read_status: autoneg is disabled
01-01 08:19:16.285 0 0 I init : starting service 'qvrd_vndr'...
01-01 08:19:16.286 0 0 I init : Created socket '/dev/socket/qvrservice_vndr', mode 660, user 1000, group 1000
01-01 08:19:16.286 0 0 I init : Created socket '/dev/socket/qvrservice_vndr_camera', mode 660, user 1000, group 1000
01-01 08:19:16.296 0 0 I init : starting service 'sxrd'...
01-01 08:19:16.305 0 0 I init : starting service 'vendor.audio-hal'...
01-01 08:19:16.302 32364 32364 F linker : CANNOT LINK EXECUTABLE "/vendor/bin/hw/qvrservice": library "vendor.qti.hardware.qxr-V1-ndk_platform.so" not found: needed by /vendor/lib64/libqvrservice.so in namespace (default)
01-01 08:19:16.306 32365 32365 F linker : CANNOT LINK EXECUTABLE "/vendor/bin/hw/sxrservice": library "vendor.qti.hardware.qxr-V1-ndk_platform.so" not found: needed by main executable
01-01 08:19:16.314 0 0 I init : Service 'qvrd_vndr' (pid 32364) exited with status 1
01-01 08:19:16.314 0 0 I init : Sending signal 9 to service 'qvrd_vndr' (pid 32364) process group...
01-01 08:19:16.314 0 0 I libprocessgroup: Successfully killed process cgroup uid 1000 pid 32364 in 0ms
01-01 08:19:16.685 0 0 I binder : 32373:32373 ioctl 40046210 7fe8392954 returned -22
01-01 08:19:16.685 0 0 I binder : 32373:32373 ioctl 40046210 7fe8392974 returned -22
01-01 08:19:16.741 32371 32371 D Zygote64Timing: BeginPreload took to complete: 38ms
01-01 08:19:16.959 32372 32372 D Zygote32Timing: PostZygoteInitGC took to complete: 11ms
01-01 08:19:16.959 32372 32372 D Zygote32Timing: ZygoteInit took to complete: 16ms
01-01 08:19:17.172 0 0 E : msm_qti_pp_get_rms_value_control, back not active to query rms be_idx:3
01-01 08:19:17.193 0 0 I core_get_license_status: cmdrsp_license_result.result = 0x15 for module 0x131ff
01-01 08:19:17.194 0 0 E msm_ext_disp_update_audio_ops: Display not found (EXT_DISPLAY_TYPE_DP) ctld (0) stream (0)
01-01 08:19:17.204 0 0 E msm_ext_disp_update_audio_ops: Display not found (EXT_DISPLAY_TYPE_HDMI) ctld (0) stream (0)
01-01 08:19:17.213 0 0 E msm_ext_disp_update_audio_ops: Display not found (EXT_DISPLAY_TYPE_DP) ctld (0) stream (0)
01-01 08:19:17.223 0 0 E msm_ext_disp_update_audio_ops: Display not found (EXT_DISPLAY_TYPE_DP) ctld (0) stream (0)
01-01 08:19:17.234 0 0 E msm_ext_disp_update_audio_ops: Display not found (EXT_DISPLAY_TYPE_DP) ctld (0) stream (0)
01-01 08:19:17.243 0 0 E msm-ext-disp-audio-codec-rx soc: qcom,msm-ext-disp:qcom,msm-ext-disp-audio-codec-rx: msm_ext_disp_audio_type_get: get_audio_edid_blk() or get_intf_id is NULL
01-01 08:19:17.259 0 0 D : mv2112_read_status
01-01 08:19:17.259 0 0 D mv2112_update_link: 3.0x901(1G): 0x80
01-01 08:19:17.259 0 0 D mv2112_update_link: 3.0x8109(100M): 0x0
01-01 08:19:17.259 0 0 D mv2112_update_link: link 0x0
01-01 08:19:17.259 0 0 D mv2112_read_status: autoneg is disabled
01-01 08:19:17.260 0 0 E msm_ext_disp_update_audio_ops: Display not found (EXT_DISPLAY_TYPE_DP) ctld (0) stream (0)
01-01 08:19:17.269 0 0 E msm-ext-disp-audio-codec-rx soc: qcom,msm-ext-disp:qcom,msm-ext-disp-audio-codec-rx: msm_ext_disp_audio_type_get: get_audio_edid_blk() or get_intf_id is NULL
01-01 08:19:17.286 0 0 E msm_ext_disp_update_audio_ops: Display not found (EXT_DISPLAY_TYPE_DP) ctld (0) stream (0)
01-01 08:19:17.295 0 0 E msm-ext-disp-audio-codec-rx soc: qcom,msm-ext-disp:qcom,msm-ext-disp-audio-codec-rx: msm_ext_disp_audio_type_get: get_audio_edid_blk() or get_intf_id is NULL
01-01 08:19:17.312 0 0 E msm-ext-disp-audio-codec-rx soc: qcom,msm-ext-disp:qcom,msm-ext-disp-audio-codec-rx: msm_ext_disp_audio_device_get: invalid dai id: 4
01-01 08:19:17.375 0 0 E : msm_pcm_volume_ctl_get substream not found
01-01 08:19:17.473 32371 32371 D Zygote64Timing: PreloadClasses took to complete: 731ms
01-01 08:19:17.484 32371 32371 D Zygote64Timing: CacheNonBootClasspathClassLoaders took to complete: 11ms
01-01 08:19:17.508 32371 32371 D Zygote64Timing: PreloadResources took to complete: 24ms
01-01 08:19:17.581 32371 32371 D Zygote64Timing: ZygotePreload took to complete: 877ms
01-01 08:19:17.666 32371 32371 D Zygote64Timing: PostZygoteInitGC took to complete: 86ms
01-01 08:19:17.666 32371 32371 D Zygote64Timing: ZygoteInit took to complete: 967ms
01-01 08:19:17.729 0 0 E : msm_qti_pp_get_rms_value_control, back not active to query rms be_idx:3
01-01 08:19:17.749 0 0 I core_get_license_status: cmdrsp_license_result.result = 0x15 for module 0x131ff
01-01 08:19:17.750 0 0 E msm_ext_disp_update_audio_ops: Display not found (EXT_DISPLAY_TYPE_DP) ctld (0) stream (0)
01-01 08:19:17.760 0 0 E msm_ext_disp_update_audio_ops: Display not found (EXT_DISPLAY_TYPE_HDMI) ctld (0) stream (0)
01-01 08:19:17.770 0 0 E msm_ext_disp_update_audio_ops: Display not found (EXT_DISPLAY_TYPE_DP) ctld (0) stream (0)
01-01 08:19:17.779 0 0 E msm_ext_disp_update_audio_ops: Display not found (EXT_DISPLAY_TYPE_DP) ctld (0) stream (0)
01-01 08:19:17.789 0 0 E msm_ext_disp_update_audio_ops: Display not found (EXT_DISPLAY_TYPE_DP) ctld (0) stream (0)
01-01 08:19:17.801 0 0 E msm-ext-disp-audio-codec-rx soc: qcom,msm-ext-disp:qcom,msm-ext-disp-audio-codec-rx: msm_ext_disp_audio_type_get: get_audio_edid_blk() or get_intf_id is NULL
01-01 08:19:17.817 0 0 E msm_ext_disp_update_audio_ops: Display not found (EXT_DISPLAY_TYPE_DP) ctld (0) stream (0)
01-01 08:19:17.827 0 0 E msm-ext-disp-audio-codec-rx soc: qcom,msm-ext-disp:qcom,msm-ext-disp-audio-codec-rx: msm_ext_disp_audio_type_get: get_audio_edid_blk() or get_intf_id is NULL
01-01 08:19:17.843 0 0 E msm_ext_disp_update_audio_ops: Display not found (EXT_DISPLAY_TYPE_DP) ctld (0) stream (0)
01-01 08:19:17.852 0 0 E msm-ext-disp-audio-codec-rx soc: qcom,msm-ext-disp:qcom,msm-ext-disp-audio-codec-rx: msm_ext_disp_audio_type_get: get_audio_edid_blk() or get_intf_id is NULL
01-01 08:19:17.869 0 0 E msm-ext-disp-audio-codec-rx soc: qcom,msm-ext-disp:qcom,msm-ext-disp-audio-codec-rx: msm_ext_disp_audio_device_get: invalid dai id: 4
01-01 08:19:17.896 0 0 I binder : 32399:32399 ioctl 40046210 7ffce62544 returned -22
01-01 08:19:17.890 32399 32399 I SystemServerTiming: InitBeforeStartServices
01-01 08:19:17.893 32399 32399 I SystemServer: Entered the Android system server!
01-01 08:19:17.927 0 0 E : msm_pcm_volume_ctl_get substream not found
01-01 08:19:17.969 32399 32399 I SystemServerInitThreadPool: Creating instance with 8 threads
01-01 08:19:18.092 32399 32399 D SystemServerTiming: InitBeforeStartServices took to complete: 201ms
01-01 08:19:18.092 32399 32399 I SystemServerTiming: StartServices
01-01 08:19:18.092 32399 32399 I SystemServerTiming: startBootstrapServices
01-01 08:19:18.092 32399 32399 I SystemServerTiming: StartWatchdog
01-01 08:19:18.098 32399 32399 D SystemServerTiming: StartWatchdog took to complete: 5ms
01-01 08:19:18.098 32399 32399 I SystemServer: Reading configuration...
01-01 08:19:18.098 32399 32399 I SystemServerTiming: ReadingSystemConfig
01-01 08:19:18.099 32399 32399 D SystemServerTiming: ReadingSystemConfig took to complete: 0ms
01-01 08:19:18.099 32399 32399 I SystemServerTiming: PlatformCompat
01-01 08:19:18.099 32399 32399 D CompatConfig: Found a config file: /system/etc/compatconfig/framework-platform-compat-config.xml
01-01 08:19:18.101 32399 32399 D CompatConfig: Adding: com.android.server.compat.config.Change@1ee1e0b
01-01 08:19:18.102 32399 32399 D CompatConfig: Adding: com.android.server.compat.config.Change@70c54e8
01-01 08:19:18.102 32399 32429 I SystemServerTimingAsync: InitThreadPoolExec:ReadingSystemConfig
01-01 08:19:18.102 32399 32429 D SystemServerInitThreadPool: Started executing ReadingSystemConfig
01-01 08:19:18.103 32399 32399 D CompatConfig: Adding: com.android.server.compat.config.Change@58f0701
01-01 08:19:18.104 32399 32399 D CompatConfig: Adding: com.android.server.compat.config.Change@dce79a6
01-01 08:19:18.105 32399 32399 D CompatConfig: Adding: com.android.server.compat.config.Change@65e8fe7
01-01 08:19:18.105 32399 32399 D CompatConfig: Adding: com.android.server.compat.config.Change@9c5d794
01-01 08:19:18.106 32399 32399 D CompatConfig: Adding: com.android.server.compat.config.Change@d588a32
01-01 08:19:18.106 32399 32429 I SystemConfig: Reading permissions from /system/etc/sysconfig/framework-sysconfig.xml
01-01 08:19:18.107 32399 32399 D CompatConfig: Adding: com.android.server.compat.config.Change@d7a4383
01-01 08:19:18.108 32399 32399 D CompatConfig: Adding: com.android.server.compat.config.Change@7f2d900
01-01 08:19:18.109 32399 32429 I SystemConfig: Reading permissions from /system/etc/sysconfig/preinstalled-packages-platform-full-base.xml
01-01 08:19:18.110 32399 32429 I SystemConfig: Reading permissions from /system/etc/sysconfig/hiddenapi-package-whitelist.xml
01-01 08:19:18.111 32399 32429 I SystemConfig: Reading permissions from /system/etc/sysconfig/preinstalled-packages-com.android.providers.media.module.xml
01-01 08:19:18.111 32399 32429 I SystemConfig: Reading permissions from /system/etc/sysconfig/preinstalled-packages-platform.xml
01-01 08:19:18.112 32399 32429 I SystemConfig: Reading permissions from /system/etc/sysconfig/qti_whitelist.xml
01-01 08:19:18.113 32399 32429 I SystemConfig: Reading permissions from /system/etc/permissions/com.thundercomm.mcuupgrade.xml
01-01 08:19:18.114 32399 32429 I SystemConfig: Reading permissions from /system/etc/permissions/com.android.location.provider.xml
01-01 08:19:18.114 32399 32429 I SystemConfig: Reading permissions from /system/etc/permissions/com.android.media.remotedisplay.xml
01-01 08:19:18.114 32399 32429 I SystemConfig: Reading permissions from /system/etc/permissions/android.software.live_wallpaper.xml
01-01 08:19:18.115 32399 32429 I SystemConfig: Reading permissions from /system/etc/permissions/android.software.webview.xml
01-01 08:19:18.115 32399 32429 I SystemConfig: Reading permissions from /system/etc/permissions/privapp-permissions-platform.xml
01-01 08:19:18.116 32399 32399 D CompatConfig: Adding: com.android.server.compat.config.Change@2d84dc4
01-01 08:19:18.117 32399 32399 D CompatConfig: Adding: com.android.server.compat.config.Change@76304ad
01-01 08:19:18.118 32399 32399 D CompatConfig: Adding: com.android.server.compat.config.Change@b63e3e2
01-01 08:19:18.119 32399 32429 I SystemConfig: Reading permissions from /system/etc/permissions/android.software.freeform_window_management.xml
01-01 08:19:18.119 32399 32429 I SystemConfig: Reading permissions from /system/etc/permissions/com.android.networkstack.tethering.xml
01-01 08:19:18.119 32399 32399 D CompatConfig: Adding: com.android.server.compat.config.Change@5583ea9
01-01 08:19:18.120 32399 32429 I SystemConfig: Reading permissions from /system/etc/permissions/org.apache.http.legacy.xml
01-01 08:19:18.120 32399 32429 I SystemConfig: Reading permissions from /system/etc/permissions/com.android.nfc_extras.xml
01-01 08:19:18.120 32399 32399 D CompatConfig: Adding: com.android.server.compat.config.Change@4f1915c
01-01 08:19:18.121 32399 32429 I SystemConfig: Reading permissions from /system/etc/permissions/javax.obex.xml
01-01 08:19:18.121 32399 32429 I SystemConfig: Reading permissions from /system/etc/permissions/com.android.documentsui.xml
01-01 08:19:18.121 32399 32399 D CompatConfig: Adding: com.android.server.compat.config.Change@67b7deb
01-01 08:19:18.122 32399 32429 I SystemConfig: Reading permissions from /system/etc/permissions/android.test.runner.xml
01-01 08:19:18.122 32399 32429 I SystemConfig: Reading permissions from /system/etc/permissions/com.android.future.usb.accessory.xml
01-01 08:19:18.122 32399 32399 D CompatConfig: Adding: com.android.server.compat.config.Change@88bc306
01-01 08:19:18.123 32399 32429 I SystemConfig: Reading permissions from /system/etc/permissions/privapp-permissions-qti.xml
01-01 08:19:18.123 32399 32399 D CompatConfig: Adding: com.android.server.compat.config.Change@e4caff4
01-01 08:19:18.124 32399 32429 I SystemConfig: Reading permissions from /system/etc/permissions/com.android.networkstack.xml
01-01 08:19:18.124 32399 32399 D CompatConfig: Adding: com.android.server.compat.config.Change@3910992
01-01 08:19:18.124 32399 32429 I SystemConfig: Reading permissions from /system/etc/permissions/android.test.base.xml
01-01 08:19:18.124 32399 32399 D CompatConfig: Adding: com.android.server.compat.config.Change@c7ed760
01-01 08:19:18.125 32399 32429 I SystemConfig: Reading permissions from /system/etc/permissions/com.android.mediadrm.signer.xml
01-01 08:19:18.125 32399 32429 I SystemConfig: Reading permissions from /system/etc/permissions/android.test.mock.xml
01-01 08:19:18.126 32399 32429 I SystemConfig: Reading permissions from /system/etc/permissions/uimremoteserver.xml
01-01 08:19:18.126 32399 32429 I SystemConfig: Reading permissions from /system/etc/permissions/uimremoteclient.xml
01-01 08:19:18.126 32399 32399 D CompatConfig: Adding: com.android.server.compat.config.Change@7d6e8d5
01-01 08:19:18.126 32399 32429 I SystemConfig: Reading permissions from /system/etc/permissions/platform.xml
01-01 08:19:18.129 32399 32399 D CompatConfig: Adding: com.android.server.compat.config.Change@3dbb7db
01-01 08:19:18.129 32399 32429 I SystemConfig: Reading permissions from /vendor/etc/permissions/android.software.verified_boot.xml
01-01 08:19:18.130 32399 32399 D CompatConfig: Adding: com.android.server.compat.config.Change@42a3d51
01-01 08:19:18.130 32399 32429 I SystemConfig: Reading permissions from /vendor/etc/permissions/android.hardware.sensor.accelerometer.xml
01-01 08:19:18.130 32399 32429 I SystemConfig: Reading permissions from /vendor/etc/permissions/android.hardware.sensor.ambient_temperature.xml
01-01 08:19:18.130 32399 32399 D CompatConfig: Adding: com.android.server.compat.config.Change@e75fe24
01-01 08:19:18.130 32399 32429 I SystemConfig: Reading permissions from /vendor/etc/permissions/android.hardware.light.xml
01-01 08:19:18.131 32399 32429 I SystemConfig: Reading permissions from /vendor/etc/permissions/android.hardware.sensor.gyroscope.xml
01-01 08:19:18.131 32399 32429 I SystemConfig: Reading permissions from /vendor/etc/permissions/android.hardware.wifi.passpoint.xml
01-01 08:19:18.131 32399 32399 D CompatConfig: Adding: com.android.server.compat.config.Change@226d890
01-01 08:19:18.132 32399 32429 I SystemConfig: Reading permissions from /vendor/etc/permissions/android.hardware.sensor.barometer.xml
01-01 08:19:18.132 32399 32429 I SystemConfig: Reading permissions from /vendor/etc/permissions/android.hardware.opengles.aep.xml
01-01 08:19:18.132 32399 32399 D CompatConfig: Adding: com.android.server.compat.config.Change@1d505af
01-01 08:19:18.133 32399 32429 I SystemConfig: Reading permissions from /vendor/etc/permissions/android.hardware.usb.host.xml
01-01 08:19:18.133 32399 32399 D CompatConfig: Adding: com.android.server.compat.config.Change@64b145
01-01 08:19:18.133 32399 32429 I SystemConfig: Reading permissions from /vendor/etc/permissions/android.hardware.usb.accessory.xml
01-01 08:19:18.134 32399 32429 I SystemConfig: Reading permissions from /vendor/etc/permissions/android.software.vulkan.deqp.level.xml
01-01 08:19:18.134 32399 32399 D CompatConfig: Adding: com.android.server.compat.config.Change@f1529a8
01-01 08:19:18.134 32399 32429 I SystemConfig: Reading permissions from /vendor/etc/permissions/android.hardware.audio.pro.xml
01-01 08:19:18.134 32399 32429 I SystemConfig: Reading permissions from /vendor/etc/permissions/android.hardware.wifi.aware.xml
01-01 08:19:18.135 32399 32399 D CompatConfig: Adding: com.android.server.compat.config.Change@299fba7
01-01 08:19:18.135 32399 32429 I SystemConfig: Reading permissions from /vendor/etc/permissions/vendor-qti-hardware-sensorscalibrate.xml
01-01 08:19:18.135 32399 32399 D CompatConfig: Adding: com.android.server.compat.config.Change@33cb8f2
01-01 08:19:18.135 32399 32429 I SystemConfig: Reading permissions from /vendor/etc/permissions/android.hardware.vulkan.version-1_1.xml
01-01 08:19:18.136 32399 32429 I SystemConfig: Reading permissions from /vendor/etc/permissions/handheld_core_hardware.xml
01-01 08:19:18.136 32399 32399 D CompatConfig: Adding: com.android.server.compat.config.Change@c2985c0
01-01 08:19:18.137 32399 32429 I SystemConfig: Reading permissions from /vendor/etc/permissions/android.hardware.bluetooth.xml
01-01 08:19:18.137 32399 32399 D CompatConfig: Adding: com.android.server.compat.config.Change@ed9723e
01-01 08:19:18.137 32399 32429 I SystemConfig: Reading permissions from /vendor/etc/permissions/android.hardware.audio.low_latency.xml
01-01 08:19:18.137 32399 32429 I SystemConfig: Reading permissions from /vendor/etc/permissions/vendor.qti.hardware.factory.xml
01-01 08:19:18.138 32399 32399 D CompatConfig: Adding: com.android.server.compat.config.Change@eed75b5
01-01 08:19:18.138 32399 32429 I SystemConfig: Reading permissions from /vendor/etc/permissions/android.software.midi.xml
01-01 08:19:18.138 32399 32429 I SystemConfig: Reading permissions from /vendor/etc/permissions/android.hardware.wifi.rtt.xml
01-01 08:19:18.138 32399 32399 D CompatConfig: Adding: com.android.server.compat.config.Change@ba4cd8
01-01 08:19:18.138 32399 32429 I SystemConfig: Reading permissions from /vendor/etc/permissions/android.hardware.touchscreen.multitouch.jazzhand.xml
01-01 08:19:18.139 32399 32429 I SystemConfig: Reading permissions from /vendor/etc/permissions/android.hardware.se.omapi.uicc.xml
01-01 08:19:18.139 32399 32399 D CompatConfig: Adding: com.android.server.compat.config.Change@a31c97
01-01 08:19:18.139 32399 32429 I SystemConfig: Reading permissions from /vendor/etc/permissions/android.hardware.location.gps.xml
01-01 08:19:18.139 32399 32429 I SystemConfig: Reading permissions from /vendor/etc/permissions/android.hardware.se.omapi.ese.xml
01-01 08:19:18.140 32399 32429 I SystemConfig: Reading permissions from /vendor/etc/permissions/qti_fingerprint_interface.xml
01-01 08:19:18.140 32399 32399 D CompatConfig: Adding: com.android.server.compat.config.Change@9f2eb33
01-01 08:19:18.140 32399 32429 I SystemConfig: Reading permissions from /vendor/etc/permissions/android.hardware.sensor.hifi_sensors.xml
01-01 08:19:18.141 32399 32429 I SystemConfig: Reading permissions from /vendor/etc/permissions/android.hardware.sensor.relative_humidity.xml
01-01 08:19:18.141 32399 32429 I SystemConfig: Reading permissions from /vendor/etc/permissions/android.hardware.bluetooth_le.xml
01-01 08:19:18.141 32399 32399 D CompatConfig: Adding: com.android.server.compat.config.Change@f67078f
01-01 08:19:18.141 32399 32429 I SystemConfig: Reading permissions from /vendor/etc/permissions/android.hardware.wifi.direct.xml
01-01 08:19:18.142 32399 32429 I SystemConfig: Reading permissions from /vendor/etc/permissions/android.hardware.fingerprint.xml
01-01 08:19:18.142 32399 32399 D CompatConfig: Adding: com.android.server.compat.config.Change@53c83fa
01-01 08:19:18.142 32399 32429 I SystemConfig: Reading permissions from /vendor/etc/permissions/android.hardware.sensor.compass.xml
01-01 08:19:18.142 32399 32429 I SystemConfig: Reading permissions from /vendor/etc/permissions/android.software.ipsec_tunnels.xml
01-01 08:19:18.142 32399 32399 D CompatConfig: Adding: com.android.server.compat.config.Change@ccb0fa1
01-01 08:19:18.143 32399 32429 I SystemConfig: Reading permissions from /vendor/etc/permissions/android.hardware.vulkan.compute-0.xml
01-01 08:19:18.143 32399 32429 I SystemConfig: Reading permissions from /vendor/etc/permissions/android.hardware.wifi.xml
01-01 08:19:18.143 32399 32399 D CompatConfig: Adding: com.android.server.compat.config.Change@3ad70b4
01-01 08:19:18.143 32399 32429 I SystemConfig: Reading permissions from /vendor/etc/permissions/android.software.device_id_attestation.xml
01-01 08:19:18.144 32399 32429 I SystemConfig: Reading permissions from /vendor/etc/permissions/android.hardware.vulkan.level-1.xml
01-01 08:19:18.144 32399 32399 D CompatConfig: Adding: com.android.server.compat.config.Change@74d0723
01-01 08:19:18.145 32399 32399 D CompatConfig: Adding: com.android.server.compat.config.Change@c0ae420
01-01 08:19:18.145 32399 32429 I SystemConfig: Reading permissions from /product/etc/sysconfig/preinstalled-packages-platform-handheld-product.xml
01-01 08:19:18.146 32399 32429 I SystemConfig: Reading permissions from /product/etc/sysconfig/preinstalled-packages-platform-overlays.xml
01-01 08:19:18.146 32399 32399 D CompatConfig: Adding: com.android.server.compat.config.Change@ddef27f
01-01 08:19:18.146 32399 32429 I SystemConfig: Reading permissions from /product/etc/permissions/com.android.settings.intelligence.xml
01-01 08:19:18.147 32399 32399 D CompatConfig: Adding: com.android.server.compat.config.Change@48bf295
01-01 08:19:18.147 32399 32429 I SystemConfig: Reading permissions from /product/etc/permissions/privapp-permissions-soundrecorder.xml
01-01 08:19:18.147 32399 32399 D CompatConfig: Adding: com.android.server.compat.config.Change@d7a379b
01-01 08:19:18.147 32399 32429 I SystemConfig: Reading permissions from /product/etc/permissions/telephony_product_privapp-permissions-qti.xml
01-01 08:19:18.148 32399 32429 I SystemConfig: Reading permissions from /product/etc/permissions/ims_ext_common.xml
01-01 08:19:18.148 32399 32429 I SystemConfig: Reading permissions from /product/etc/permissions/vendor.qti.hardware.data.connection-V1.1-java.xml
01-01 08:19:18.148 32399 32399 D CompatConfig: Adding: com.android.server.compat.config.Change@4bab277
01-01 08:19:18.148 32399 32429 I SystemConfig: Reading permissions from /product/etc/permissions/vendor.qti.hardware.data.connection-V1.0-java.xml
01-01 08:19:18.149 32399 32429 I SystemConfig: Reading permissions from /product/etc/permissions/com.qti.snapdragon.sdk.display.xml
01-01 08:19:18.149 32399 32399 D CompatConfig: Adding: com.android.server.compat.config.Change@e2eba02
01-01 08:19:18.149 32399 32429 I SystemConfig: Reading permissions from /product/etc/permissions/UimService.xml
01-01 08:19:18.149 32399 32429 I SystemConfig: Reading permissions from /system_ext/etc/sysconfig/qti_whitelist_system_ext.xml
01-01 08:19:18.150 32399 32399 D CompatConfig: Adding: com.android.server.compat.config.Change@1a12349
01-01 08:19:18.150 32399 32429 I SystemConfig: Reading permissions from /system_ext/etc/sysconfig/qti_telephony_system_packages_config.xml
01-01 08:19:18.151 32399 32429 I SystemConfig: Reading permissions from /system_ext/etc/permissions/com.qualcomm.qti.imscmservice-V2.1-java.xml
01-01 08:19:18.151 32399 32429 I SystemConfig: Reading permissions from /system_ext/etc/permissions/com.android.storagemanager.xml
01-01 08:19:18.151 32399 32429 I SystemConfig: Reading permissions from /system_ext/etc/permissions/com.qualcomm.qti.imscmservice-V2.0-java.xml
01-01 08:19:18.152 32399 32429 I SystemConfig: Reading permissions from /system_ext/etc/permissions/com.qualcomm.location.xml
01-01 08:19:18.152 32399 32429 I SystemConfig: Reading permissions from /system_ext/etc/permissions/izat.xt.srv.xml
01-01 08:19:18.152 32399 32429 I SystemConfig: Reading permissions from /system_ext/etc/permissions/privapp-permissions-aptxals.xml
01-01 08:19:18.153 32399 32429 I SystemConfig: Reading permissions from /system_ext/etc/permissions/audiosphere.xml
01-01 08:19:18.153 32399 32429 I SystemConfig: Reading permissions from /system_ext/etc/permissions/com.android.systemui.xml
01-01 08:19:18.153 32399 32429 I SystemConfig: Reading permissions from /system_ext/etc/permissions/com.qualcomm.qmapbridge.xml
01-01 08:19:18.154 32399 32429 I SystemConfig: Reading permissions from /system_ext/etc/permissions/com.android.emergency.xml
01-01 08:19:18.154 32399 32429 I SystemConfig: Reading permissions from /system_ext/etc/permissions/com.android.launcher3.xml
01-01 08:19:18.155 32399 32429 I SystemConfig: Reading permissions from /system_ext/etc/permissions/com.nxp.nfc.nq.xml
01-01 08:19:18.155 32399 32429 I SystemConfig: Reading permissions from /system_ext/etc/permissions/com.android.provision.xml
01-01 08:19:18.155 32399 32429 I SystemConfig: Reading permissions from /system_ext/etc/permissions/embms-noship_product_privapp_permissions_qti.xml
01-01 08:19:18.156 32399 32429 I SystemConfig: Reading permissions from /system_ext/etc/permissions/com.qti.media.secureprocessor.xml
01-01 08:19:18.156 32399 32429 I SystemConfig: Reading permissions from /system_ext/etc/permissions/privapp-permissions-qti-system-ext.xml
01-01 08:19:18.156 32399 32399 D CompatConfig: Adding: com.android.server.compat.config.Change@4479c5f
01-01 08:19:18.157 32399 32429 I SystemConfig: Reading permissions from /system_ext/etc/permissions/qti_supplicant_interface.xml
01-01 08:19:18.157 32399 32429 I SystemConfig: Reading permissions from /system_ext/etc/permissions/vendor.qti.ims.rcsservice.xml
01-01 08:19:18.157 32399 32429 I SystemConfig: Reading permissions from /system_ext/etc/permissions/telephony_system-ext_privapp-permissions-qti.xml
01-01 08:19:18.158 32399 32399 D CompatConfig: Adding: com.android.server.compat.config.Change@1f39f7b
01-01 08:19:18.158 32399 32429 I SystemConfig: Reading permissions from /system_ext/etc/permissions/com.qualcomm.qti.izattools.xml
01-01 08:19:18.158 32399 32399 D CompatConfig: Adding: com.android.server.compat.config.Change@8e7df1
01-01 08:19:18.159 32399 32429 I SystemConfig: Reading permissions from /system_ext/etc/permissions/embms.xml
01-01 08:19:18.159 32399 32399 D CompatConfig: Adding: com.android.server.compat.config.Change@a92b857
01-01 08:19:18.159 32399 32429 I SystemConfig: Reading permissions from /system_ext/etc/permissions/com.qualcomm.qti.imscmservice.xml
01-01 08:19:18.159 32399 32429 I SystemConfig: Reading permissions from /system_ext/etc/permissions/com.qti.dpmframework.xml
01-01 08:19:18.160 32399 32399 D CompatConfig: Adding: com.android.server.compat.config.Change@29b6162
01-01 08:19:18.160 32399 32429 I SystemConfig: Reading permissions from /system_ext/etc/permissions/com.qti.location.sdk.xml
01-01 08:19:18.160 32399 32429 I SystemConfig: Reading permissions from /system_ext/etc/permissions/com.qualcomm.qti.imscmservice-V2.2-java.xml
01-01 08:19:18.160 32399 32399 D CompatConfig: Adding: com.android.server.compat.config.Change@73dfa29
01-01 08:19:18.160 32399 32429 I SystemConfig: Reading permissions from /system_ext/etc/permissions/com.android.settings.xml
01-01 08:19:18.161 32399 32429 I SystemConfig: Reading permissions from /system_ext/etc/permissions/qti_permissions.xml
01-01 08:19:18.161 32399 32429 I SystemConfig: Reading permissions from /system_ext/etc/permissions/privapp-permissions-com.qualcomm.location.xml
01-01 08:19:18.162 32399 32429 I SystemConfig: Reading permissions from /system_ext/etc/permissions/dpmapi.xml
01-01 08:19:18.162 32399 32429 I SystemConfig: Reading permissions from /system_ext/etc/permissions/qti_libpermissions.xml
01-01 08:19:18.162 32399 32429 I SystemConfig: Reading permissions from /system_ext/etc/permissions/android.software.verified_boot.xml
01-01 08:19:18.163 32399 32429 I SystemConfig: Reading permissions from /system_ext/etc/permissions/wfd-system-ext-privapp-permissions-qti.xml
01-01 08:19:18.163 32399 32399 D CompatConfig: Adding: com.android.server.compat.config.Change@569c561
01-01 08:19:18.164 32399 32399 D CompatConfig: Adding: com.android.server.compat.config.Change@232c886
01-01 08:19:18.165 32399 32399 D CompatConfig: Adding: com.android.server.compat.config.Change@65c6547
01-01 08:19:18.166 32399 32429 I SystemConfig: Reading permissions from /apex/com.android.ipsec/etc/permissions/android.net.ipsec.ike.xml
01-01 08:19:18.166 32399 32399 D CompatConfig: Adding: com.android.server.compat.config.Change@99c569d
01-01 08:19:18.167 32399 32399 D CompatConfig: Adding: com.android.server.compat.config.Change@cd1b0e0
01-01 08:19:18.168 32399 32429 D SystemConfig: readAllPermissions took to complete: 65ms
01-01 08:19:18.168 32399 32429 D SystemServerInitThreadPool: Finished executing ReadingSystemConfig
01-01 08:19:18.168 32399 32399 D CompatConfig: Found a config file: /system/etc/compatconfig/documents-ui-compat-config.xml
01-01 08:19:18.168 32399 32429 D SystemServerTimingAsync: InitThreadPoolExec:ReadingSystemConfig took to complete: 65ms
01-01 08:19:18.168 32399 32399 D CompatConfig: Adding: com.android.server.compat.config.Change@c50fb0c
01-01 08:19:18.169 32399 32399 D CompatConfig: Found a config file: /system/etc/compatconfig/calendar-provider-compat-config.xml
01-01 08:19:18.169 32399 32399 D CompatConfig: Adding: com.android.server.compat.config.Change@db0466a
01-01 08:19:18.170 32399 32399 D CompatConfig: Found a config file: /system/etc/compatconfig/icu4j-platform-compat-config.xml
01-01 08:19:18.170 32399 32399 D CompatConfig: Adding: com.android.server.compat.config.Change@e98bbf8
01-01 08:19:18.171 32399 32399 D CompatConfig: Found a config file: /system/etc/compatconfig/services-platform-compat-config.xml
01-01 08:19:18.172 32399 32399 D CompatConfig: Adding: com.android.server.compat.config.Change@4845f36
01-01 08:19:18.172 32399 32399 D CompatConfig: Adding: com.android.server.compat.config.Change@b232e37
01-01 08:19:18.173 32399 32399 D CompatConfig: Adding: com.android.server.compat.config.Change@b999fa4
01-01 08:19:18.174 32399 32399 D CompatConfig: Adding: com.android.server.compat.config.Change@be5210d
01-01 08:19:18.174 32399 32399 D CompatConfig: Adding: com.android.server.compat.config.Change@daf38c2
01-01 08:19:18.175 32399 32399 D CompatConfig: Adding: com.android.server.compat.config.Change@ef276d3
01-01 08:19:18.175 32399 32399 D CompatConfig: Adding: com.android.server.compat.config.Change@7a31210
01-01 08:19:18.176 32399 32399 D CompatConfig: Adding: com.android.server.compat.config.Change@84fc109
01-01 08:19:18.176 32399 32399 D CompatConfig: Adding: com.android.server.compat.config.Change@cbc1f0e
01-01 08:19:18.177 32399 32399 D CompatConfig: Adding: com.android.server.compat.config.Change@63ad2f
01-01 08:19:18.177 32399 32399 D CompatConfig: Adding: com.android.server.compat.config.Change@a8f3f3c
01-01 08:19:18.178 32399 32399 D CompatConfig: Adding: com.android.server.compat.config.Change@8aa64c5
01-01 08:19:18.178 32399 32399 D CompatConfig: Adding: com.android.server.compat.config.Change@9f1e1a
01-01 08:19:18.179 32399 32399 D CompatConfig: Adding: com.android.server.compat.config.Change@107ed4b
01-01 08:19:18.179 32399 32399 D CompatConfig: Adding: com.android.server.compat.config.Change@daf1328
01-01 08:19:18.180 32399 32399 D CompatConfig: Adding: com.android.server.compat.config.Change@4518841
01-01 08:19:18.180 32399 32399 D CompatConfig: Adding: com.android.server.compat.config.Change@18101e6
01-01 08:19:18.181 32399 32399 D CompatConfig: Adding: com.android.server.compat.config.Change@661327
01-01 08:19:18.181 32399 32399 D CompatConfig: Adding: com.android.server.compat.config.Change@c7639d4
01-01 08:19:18.182 32399 32399 D CompatConfig: Adding: com.android.server.compat.config.Change@1ed677d
01-01 08:19:18.182 32399 32399 D CompatConfig: Adding: com.android.server.compat.config.Change@f4b5672
01-01 08:19:18.183 32399 32399 D CompatConfig: Adding: com.android.server.compat.config.Change@596bac3
01-01 08:19:18.184 32399 32399 D CompatConfig: Adding: com.android.server.compat.config.Change@3e71f40
01-01 08:19:18.184 32399 32399 D CompatConfig: Adding: com.android.server.compat.config.Change@6dfe79
01-01 08:19:18.185 32399 32399 D CompatConfig: Adding: com.android.server.compat.config.Change@cf467be
01-01 08:19:18.185 32399 32399 D CompatConfig: Adding: com.android.server.compat.config.Change@6a0401f
01-01 08:19:18.186 32399 32399 D CompatConfig: Adding: com.android.server.compat.config.Change@cbeef6c
01-01 08:19:18.186 32399 32399 D CompatConfig: Adding: com.android.server.compat.config.Change@3c70935
01-01 08:19:18.187 32399 32399 D CompatConfig: Adding: com.android.server.compat.config.Change@48b41ca
01-01 08:19:18.187 32399 32399 D CompatConfig: Adding: com.android.server.compat.config.Change@992bf3b
01-01 08:19:18.188 32399 32399 D CompatConfig: Adding: com.android.server.compat.config.Change@c619658
01-01 08:19:18.189 32399 32399 D CompatConfig: Adding: com.android.server.compat.config.Change@16c03b1
01-01 08:19:18.189 32399 32399 D CompatConfig: Adding: com.android.server.compat.config.Change@3b096
01-01 08:19:18.190 32399 32399 D CompatConfig: Adding: com.android.server.compat.config.Change@b641417
01-01 08:19:18.190 32399 32399 D CompatConfig: Adding: com.android.server.compat.config.Change@885c004
01-01 08:19:18.191 32399 32399 D CompatConfig: Adding: com.android.server.compat.config.Change@88c29ed
01-01 08:19:18.191 32399 32399 D CompatConfig: Adding: com.android.server.compat.config.Change@2c24022
01-01 08:19:18.192 32399 32399 D CompatConfig: Adding: com.android.server.compat.config.Change@88bdab3
01-01 08:19:18.193 32399 32399 D CompatConfig: Adding: com.android.server.compat.config.Change@9a0d870
01-01 08:19:18.193 32399 32399 D CompatConfig: Adding: com.android.server.compat.config.Change@20e77e9
01-01 08:19:18.194 32399 32399 D CompatConfig: Adding: com.android.server.compat.config.Change@fe83c6e
01-01 08:19:18.194 32399 32399 D CompatConfig: Adding: com.android.server.compat.config.Change@35f6f0f
01-01 08:19:18.195 32399 32399 D CompatConfig: Adding: com.android.server.compat.config.Change@8130b9c
01-01 08:19:18.195 32399 32399 D CompatConfig: Adding: com.android.server.compat.config.Change@44da9a5
01-01 08:19:18.196 32399 32399 D CompatConfig: Adding: com.android.server.compat.config.Change@95fb17a
01-01 08:19:18.197 32399 32399 D CompatConfig: Adding: com.android.server.compat.config.Change@42ded2b
01-01 08:19:18.198 32399 32399 D CompatConfig: Adding: com.android.server.compat.config.Change@134588
01-01 08:19:18.198 32399 32399 D CompatConfig: Adding: com.android.server.compat.config.Change@6943b21
01-01 08:19:18.199 32399 32399 D CompatConfig: Adding: com.android.server.compat.config.Change@3a76b46
01-01 08:19:18.199 32399 32399 D CompatConfig: Adding: com.android.server.compat.config.Change@f1c3107
01-01 08:19:18.200 32399 32399 D CompatConfig: Adding: com.android.server.compat.config.Change@85b3234
01-01 08:19:18.201 32399 32399 D CompatConfig: Adding: com.android.server.compat.config.Change@58685d
01-01 08:19:18.209 0 0 I binder : 32418:32418 ioctl 40046210 7fe7d29e14 returned -22
01-01 08:19:18.202 32399 32399 D CompatConfig: Found a config file: /system/system_ext/etc/compatconfig/settings-platform-compat-config.xml
01-01 08:19:18.202 32399 32399 D CompatConfig: Adding: com.android.server.compat.config.Change@bc0d6a3
01-01 08:19:18.212 0 0 I binder : 32418:32418 ioctl 40046210 7fe7d2a024 returned -22
01-01 08:19:18.204 32399 32399 D CompatConfig: No directory /apex/com.android.vndk.v30/etc/compatconfig, skipping
01-01 08:19:18.204 32399 32399 D CompatConfig: No directory /apex/com.android.wifi/etc/compatconfig, skipping
01-01 08:19:18.204 32399 32399 D CompatConfig: No directory /apex/com.android.vndk.v31/etc/compatconfig, skipping
01-01 08:19:18.204 32399 32399 D CompatConfig: No directory /apex/com.android.tzdata/etc/compatconfig, skipping
01-01 08:19:18.204 32399 32399 D CompatConfig: No directory /apex/com.android.tethering/etc/compatconfig, skipping
01-01 08:19:18.204 32399 32399 D CompatConfig: No directory /apex/com.android.sdkext/etc/compatconfig, skipping
01-01 08:19:18.204 32399 32399 D CompatConfig: No directory /apex/com.android.scheduling/etc/compatconfig, skipping
01-01 08:19:18.204 32399 32399 D CompatConfig: No directory /apex/com.android.runtime/etc/compatconfig, skipping
01-01 08:19:18.204 32399 32399 D CompatConfig: No directory /apex/com.android.resolv/etc/compatconfig, skipping
01-01 08:19:18.205 32399 32399 D CompatConfig: No directory /apex/com.android.permission/etc/compatconfig, skipping
01-01 08:19:18.205 32399 32399 D CompatConfig: No directory /apex/com.android.os.statsd/etc/compatconfig, skipping
01-01 08:19:18.205 32399 32399 D CompatConfig: No directory /apex/com.android.neuralnetworks/etc/compatconfig, skipping
01-01 08:19:18.205 32399 32399 D CompatConfig: Found a config file: /apex/com.android.mediaprovider/etc/compatconfig/media-provider-platform-compat-config.xml
01-01 08:19:18.205 32399 32399 D CompatConfig: Adding: com.android.server.compat.config.Change@382d59
01-01 08:19:18.206 32399 32399 D CompatConfig: Adding: com.android.server.compat.config.Change@1929d1e
01-01 08:19:18.207 32399 32399 D CompatConfig: Adding: com.android.server.compat.config.Change@a8039ff
01-01 08:19:18.207 32399 32399 D CompatConfig: Adding: com.android.server.compat.config.Change@47e93cc
01-01 08:19:18.208 32399 32399 D CompatConfig: Adding: com.android.server.compat.config.Change@6b54615
01-01 08:19:18.209 32399 32399 D CompatConfig: Adding: com.android.server.compat.config.Change@fc76d2a
01-01 08:19:18.209 32399 32399 D CompatConfig: Adding: com.android.server.compat.config.Change@3a8771b
01-01 08:19:18.210 32399 32399 D CompatConfig: No directory /apex/com.android.media.swcodec/etc/compatconfig, skipping
01-01 08:19:18.210 32399 32399 D CompatConfig: No directory /apex/com.android.media/etc/compatconfig, skipping
01-01 08:19:18.210 32399 32399 D CompatConfig: No directory /apex/com.android.ipsec/etc/compatconfig, skipping
01-01 08:19:18.210 32399 32399 D CompatConfig: No directory /apex/com.android.i18n/etc/compatconfig, skipping
01-01 08:19:18.210 32399 32399 D CompatConfig: No directory /apex/com.android.extservices/etc/compatconfig, skipping
01-01 08:19:18.211 32399 32399 D CompatConfig: No directory /apex/com.android.conscrypt/etc/compatconfig, skipping
01-01 08:19:18.211 32399 32399 D CompatConfig: Found a config file: /apex/com.android.art/etc/compatconfig/libcore-platform-compat-config.xml
01-01 08:19:18.211 32399 32399 D CompatConfig: Adding: com.android.server.compat.config.Change@b12e91
01-01 08:19:18.212 32399 32399 D CompatConfig: Adding: com.android.server.compat.config.Change@cc731f6
01-01 08:19:18.213 32399 32399 D CompatConfig: Adding: com.android.server.compat.config.Change@c4d69f7
01-01 08:19:18.213 32399 32399 D CompatConfig: Adding: com.android.server.compat.config.Change@f499064
01-01 08:19:18.214 32399 32399 D CompatConfig: Adding: com.android.server.compat.config.Change@da922cd
01-01 08:19:18.215 32399 32399 D CompatConfig: No directory /apex/com.android.appsearch/etc/compatconfig, skipping
01-01 08:19:18.215 32399 32399 D CompatConfig: No directory /apex/com.android.adbd/etc/compatconfig, skipping
01-01 08:19:18.216 32399 32399 D SystemServerTiming: PlatformCompat took to complete: 118ms
01-01 08:19:18.216 32399 32399 I SystemServerTiming: StartFileIntegrityService
01-01 08:19:18.216 32399 32399 I SystemServiceManager: Starting com.android.server.security.FileIntegrityService
01-01 08:19:18.220 32399 32399 D SystemServerTiming: StartFileIntegrityService took to complete: 3ms
01-01 08:19:18.220 32399 32399 I SystemServerTiming: StartInstaller
01-01 08:19:18.220 32399 32399 I SystemServiceManager: Starting com.android.server.pm.Installer
01-01 08:19:18.223 32399 32399 D SystemServerTiming: StartInstaller took to complete: 4ms
01-01 08:19:18.223 32399 32399 I SystemServerTiming: DeviceIdentifiersPolicyService
01-01 08:19:18.223 32399 32399 I SystemServiceManager: Starting com.android.server.os.DeviceIdentifiersPolicyService
01-01 08:19:18.224 32399 32399 D SystemServerTiming: DeviceIdentifiersPolicyService took to complete: 0ms
01-01 08:19:18.224 32399 32399 I SystemServerTiming: UriGrantsManagerService
01-01 08:19:18.224 32399 32399 I SystemServiceManager: Starting com.android.server.uri.UriGrantsManagerService$Lifecycle
01-01 08:19:18.224 32399 32399 D SystemServerTiming: UriGrantsManagerService took to complete: 1ms
01-01 08:19:18.224 32399 32399 I SystemServerTiming: StartPowerStatsService
01-01 08:19:18.225 32399 32399 I SystemServiceManager: Starting com.android.server.powerstats.PowerStatsService
01-01 08:19:18.227 32399 32399 D SystemServerTiming: StartPowerStatsService took to complete: 2ms
01-01 08:19:18.227 32399 32399 I SystemServerTiming: StartIStatsService
01-01 08:19:18.234 0 0 I binder : 32399:32399 ioctl 40046210 7ffce61c44 returned -22
01-01 08:19:18.229 32399 32399 D SystemServerTiming: StartIStatsService took to complete: 2ms
01-01 08:19:18.229 32399 32399 I SystemServerTiming: MemtrackProxyService
01-01 08:19:18.231 32399 32399 D SystemServerTiming: MemtrackProxyService took to complete: 2ms
01-01 08:19:18.231 32399 32399 I SystemServerTiming: StartActivityManager
01-01 08:19:18.231 32399 32399 I SystemServiceManager: Starting com.android.server.wm.ActivityTaskManagerService$Lifecycle
01-01 08:19:18.233 32399 32399 I SystemServiceManager: Starting com.android.server.am.ActivityManagerService$Lifecycle
01-01 08:19:18.234 32399 32399 I ActivityManager: Memory class: 512
01-01 08:19:18.236 32399 32445 I Binder : Setting heavy hitter watcher config: false, 0, 0.0
01-01 08:19:18.260 32399 32399 E KernelSingleProcCpuThreadRdr: Failed to start tracking process CPU times for 32399
01-01 08:19:18.261 32399 32399 D BatteryStatsImpl: Reading daily items from /data/system/batterystats-daily.xml
01-01 08:19:18.276 0 0 D : mv2112_read_status
01-01 08:19:18.277 0 0 D mv2112_update_link: 3.0x901(1G): 0x80
01-01 08:19:18.277 0 0 D mv2112_update_link: 3.0x8109(100M): 0x0
01-01 08:19:18.277 0 0 D mv2112_update_link: link 0x0
01-01 08:19:18.277 0 0 D mv2112_read_status: autoneg is disabled
01-01 08:19:18.264 32399 32452 I KernelCpuUidFreqTimeReader: mPerClusterTimesAvailable=false
01-01 08:19:18.272 32399 32452 E KernelCpuSpeedReader: Failed to read cpu-freq: /sys/devices/system/cpu/cpu4/cpufreq/stats/time_in_state: open failed: ENOENT (No such file or directory)
01-01 08:19:18.273 32399 32452 E KernelCpuSpeedReader: Failed to read cpu-freq: /sys/devices/system/cpu/cpu0/cpufreq/stats/time_in_state: open failed: ENOENT (No such file or directory)
01-01 08:19:18.306 32399 32399 I AppOps : No existing app ops /data/system/appops.xml; starting empty
01-01 08:19:18.307 32399 32399 I IntentFirewall: Read new rules (A:0 B:0 S:0)
01-01 08:19:18.313 32399 32452 W KernelMemoryBandwidthStats: No kernel memory bandwidth stats available
01-01 08:19:18.319 32399 32399 D AppOps : AppOpsService published
01-01 08:19:18.320 32399 32399 D SystemServerTiming: StartActivityManager took to complete: 89ms
01-01 08:19:18.320 32399 32399 I SystemServerTiming: StartDataLoaderManagerService
01-01 08:19:18.320 32399 32399 I SystemServiceManager: Starting com.android.server.pm.DataLoaderManagerService
01-01 08:19:18.321 32399 32399 D SystemServerTiming: StartDataLoaderManagerService took to complete: 1ms
01-01 08:19:18.321 32399 32399 I SystemServerTiming: StartIncrementalService
01-01 08:19:18.325 32399 32399 D SystemServerTiming: StartIncrementalService took to complete: 5ms
01-01 08:19:18.325 32399 32399 I SystemServerTiming: StartPowerManager
01-01 08:19:18.325 32399 32399 I SystemServiceManager: Starting com.android.server.power.PowerManagerService
01-01 08:19:18.334 32399 32399 D SystemServerTiming: StartPowerManager took to complete: 9ms
01-01 08:19:18.334 32399 32399 I SystemServerTiming: StartThermalManager
01-01 08:19:18.335 32399 32399 I SystemServiceManager: Starting com.android.server.power.ThermalManagerService
01-01 08:19:18.335 32399 32399 D SystemServerTiming: StartThermalManager took to complete: 0ms
01-01 08:19:18.335 32399 32399 I SystemServerTiming: StartHintManager
01-01 08:19:18.335 32399 32399 I SystemServiceManager: Starting com.android.server.power.hint.HintManagerService
01-01 08:19:18.336 32399 32399 D SystemServerTiming: StartHintManager took to complete: 1ms
01-01 08:19:18.336 32399 32399 I SystemServerTiming: InitPowerManagement
01-01 08:19:18.338 32399 32399 D SystemServerTiming: InitPowerManagement took to complete: 1ms
01-01 08:19:18.338 32399 32399 I SystemServerTiming: StartRecoverySystemService
01-01 08:19:18.338 32399 32399 I SystemServiceManager: Starting com.android.server.recoverysystem.RecoverySystemService$Lifecycle
01-01 08:19:18.339 32399 32399 D SystemServerTiming: StartRecoverySystemService took to complete: 1ms
01-01 08:19:18.339 32399 32399 I PackageWatchdog: Syncing state, reason: added new observer
01-01 08:19:18.339 32399 32399 I PackageWatchdog: Not pruning observers, elapsed time: 0ms
01-01 08:19:18.339 32399 32399 I PackageWatchdog: Cancelling state sync, nothing to sync
01-01 08:19:18.339 32399 32444 I PackageWatchdog: Saving observer state to file
01-01 08:19:18.340 32399 32399 I SystemServerTiming: StartLightsService
01-01 08:19:18.340 32399 32399 I SystemServiceManager: Starting com.android.server.lights.LightsService
01-01 08:19:18.342 32399 32399 D SystemServerTiming: StartLightsService took to complete: 1ms
01-01 08:19:18.342 32399 32399 I SystemServerTiming: StartSidekickService
01-01 08:19:18.342 32399 32399 D SystemServerTiming: StartSidekickService took to complete: 0ms
01-01 08:19:18.342 32399 32399 I SystemServerTiming: StartDisplayManager
01-01 08:19:18.342 32399 32399 I SystemServiceManager: Starting com.android.server.display.DisplayManagerService
01-01 08:19:18.347 32399 32399 D SystemServerTiming: StartDisplayManager took to complete: 5ms
01-01 08:19:18.347 32399 32399 I SystemServerTiming: WaitForDisplay
01-01 08:19:18.347 32399 32399 I SystemServiceManager: Starting phase 100
01-01 08:19:18.347 32399 32399 I SystemServerTiming: OnBootPhase_100
01-01 08:19:18.347 32399 32399 I SystemServerTiming: OnBootPhase_100_com.android.server.security.FileIntegrityService
01-01 08:19:18.347 32399 32399 D SystemServerTiming: OnBootPhase_100_com.android.server.security.FileIntegrityService took to complete: 0ms
01-01 08:19:18.347 32399 32399 I SystemServerTiming: OnBootPhase_100_com.android.server.pm.Installer
01-01 08:19:18.347 32399 32399 D SystemServerTiming: OnBootPhase_100_com.android.server.pm.Installer took to complete: 0ms
01-01 08:19:18.347 32399 32399 I SystemServerTiming: OnBootPhase_100_com.android.server.os.DeviceIdentifiersPolicyService
01-01 08:19:18.347 32399 32399 D SystemServerTiming: OnBootPhase_100_com.android.server.os.DeviceIdentifiersPolicyService took to complete: 0ms
01-01 08:19:18.347 32399 32399 I SystemServerTiming: OnBootPhase_100_com.android.server.uri.UriGrantsManagerService$Lifecycle
01-01 08:19:18.347 32399 32399 D SystemServerTiming: OnBootPhase_100_com.android.server.uri.UriGrantsManagerService$Lifecycle took to complete: 0ms
01-01 08:19:18.347 32399 32399 I SystemServerTiming: OnBootPhase_100_com.android.server.powerstats.PowerStatsService
01-01 08:19:18.348 32399 32399 D SystemServerTiming: OnBootPhase_100_com.android.server.powerstats.PowerStatsService took to complete: 0ms
01-01 08:19:18.348 32399 32399 I SystemServerTiming: OnBootPhase_100_com.android.server.wm.ActivityTaskManagerService$Lifecycle
01-01 08:19:18.348 32399 32399 D SystemServerTiming: OnBootPhase_100_com.android.server.wm.ActivityTaskManagerService$Lifecycle took to complete: 0ms
01-01 08:19:18.348 32399 32399 I SystemServerTiming: OnBootPhase_100_com.android.server.am.ActivityManagerService$Lifecycle
