01-01 08:14:42.957 24851 24851 E AndroidRuntime: at java.lang.ThreadGroup.uncaughtException(ThreadGroup.java:1068)
01-01 08:14:42.957 24851 24851 E AndroidRuntime: at java.lang.Thread.dispatchUncaughtException(Thread.java:2200)
01-01 08:14:43.111 0 0 I binder : 24927:24927 ioctl 40046210 7fd3d43604 returned -22
01-01 08:14:43.111 0 0 D ProcessState: Binder ioctl to enable oneway spam detection failed: Invalid argument
01-01 08:14:43.112 0 0 D vdc : Waited 0ms for vold
01-01 08:14:43.716 0 0 D : mv2112_read_status
01-01 08:14:43.717 0 0 D mv2112_update_link: 3.0x901(1G): 0x80
01-01 08:14:43.717 0 0 D mv2112_update_link: 3.0x8109(100M): 0x0
01-01 08:14:43.717 0 0 D mv2112_update_link: link 0x0
01-01 08:14:43.717 0 0 D mv2112_read_status: autoneg is disabled
01-01 08:14:43.875 0 0 I binder : 24933:24933 ioctl 40046210 7fdec1daf4 returned -22
01-01 08:14:43.877 0 0 I binder : 24933:24933 ioctl 40046210 7fdec1da74 returned -22
01-01 08:14:44.062 0 0 I binder : 24932:24932 ioctl 40046210 ffdaaca8 returned -22
01-01 08:14:44.064 0 0 I binder : 24932:24932 ioctl 40046210 ffdaac90 returned -22
01-01 08:14:44.437 0 0 I binder : 24931:24931 ioctl 40046210 7ffd3d9874 returned -22
01-01 08:14:44.439 0 0 I binder : 24931:24931 ioctl 40046210 7ffd3d9894 returned -22
01-01 08:14:44.740 0 0 D : mv2112_read_status
01-01 08:14:44.741 0 0 D mv2112_update_link: 3.0x901(1G): 0x80
01-01 08:14:44.741 0 0 D mv2112_update_link: 3.0x8109(100M): 0x0
01-01 08:14:44.741 0 0 D mv2112_update_link: link 0x0
01-01 08:14:44.741 0 0 D mv2112_read_status: autoneg is disabled
01-01 08:14:45.443 0 0 E init : Control message: Could not find 'android.frameworks.sensorservice@1.0::ISensorManager/default' for ctl.interface_start from pid: 517 (/system/bin/hwservicemanager)
01-01 08:14:45.461 0 0 E init : Control message: Could not find 'android.frameworks.sensorservice@1.0::ISensorManager/default' for ctl.interface_start from pid: 517 (/system/bin/hwservicemanager)
01-01 08:14:45.764 0 0 D : mv2112_read_status
01-01 08:14:45.765 0 0 D mv2112_update_link: 3.0x901(1G): 0x80
01-01 08:14:45.765 0 0 D mv2112_update_link: 3.0x8109(100M): 0x0
01-01 08:14:45.765 0 0 D mv2112_update_link: link 0x0
01-01 08:14:45.765 0 0 D mv2112_read_status: autoneg is disabled
01-01 08:14:45.811 0 0 I init : starting service 'qvrd_vndr'...
01-01 08:14:45.812 0 0 I init : Created socket '/dev/socket/qvrservice_vndr', mode 660, user 1000, group 1000
01-01 08:14:45.813 0 0 I init : Created socket '/dev/socket/qvrservice_vndr_camera', mode 660, user 1000, group 1000
01-01 08:14:45.822 0 0 I init : starting service 'sxrd'...
01-01 08:14:45.831 0 0 I init : starting service 'vendor.audio-hal'...
01-01 08:14:45.828 24945 24945 F linker : CANNOT LINK EXECUTABLE "/vendor/bin/hw/qvrservice": library "vendor.qti.hardware.qxr-V1-ndk_platform.so" not found: needed by /vendor/lib64/libqvrservice.so in namespace (default)
01-01 08:14:45.841 0 0 I init : Service 'qvrd_vndr' (pid 24945) exited with status 1
01-01 08:14:45.841 0 0 I init : Sending signal 9 to service 'qvrd_vndr' (pid 24945) process group...
01-01 08:14:45.841 0 0 I libprocessgroup: Successfully killed process cgroup uid 1000 pid 24945 in 0ms
01-01 08:14:45.833 24946 24946 F linker : CANNOT LINK EXECUTABLE "/vendor/bin/hw/sxrservice": library "vendor.qti.hardware.qxr-V1-ndk_platform.so" not found: needed by main executable
01-01 08:14:46.193 0 0 I binder : 24954:24954 ioctl 40046210 7fc4302694 returned -22
01-01 08:14:46.193 0 0 I binder : 24954:24954 ioctl 40046210 7fc43026b4 returned -22
01-01 08:14:46.691 0 0 E : msm_qti_pp_get_rms_value_control, back not active to query rms be_idx:3
01-01 08:14:46.713 0 0 I core_get_license_status: cmdrsp_license_result.result = 0x15 for module 0x131ff
01-01 08:14:46.714 0 0 E msm_ext_disp_update_audio_ops: Display not found (EXT_DISPLAY_TYPE_DP) ctld (0) stream (0)
01-01 08:14:46.723 0 0 E msm_ext_disp_update_audio_ops: Display not found (EXT_DISPLAY_TYPE_HDMI) ctld (0) stream (0)
01-01 08:14:46.733 0 0 E msm_ext_disp_update_audio_ops: Display not found (EXT_DISPLAY_TYPE_DP) ctld (0) stream (0)
01-01 08:14:46.743 0 0 E msm_ext_disp_update_audio_ops: Display not found (EXT_DISPLAY_TYPE_DP) ctld (0) stream (0)
01-01 08:14:46.753 0 0 E msm_ext_disp_update_audio_ops: Display not found (EXT_DISPLAY_TYPE_DP) ctld (0) stream (0)
01-01 08:14:46.763 0 0 E msm-ext-disp-audio-codec-rx soc: qcom,msm-ext-disp:qcom,msm-ext-disp-audio-codec-rx: msm_ext_disp_audio_type_get: get_audio_edid_blk() or get_intf_id is NULL
01-01 08:14:46.779 0 0 E msm_ext_disp_update_audio_ops: Display not found (EXT_DISPLAY_TYPE_DP) ctld (0) stream (0)
01-01 08:14:46.789 0 0 D : mv2112_read_status
01-01 08:14:46.789 0 0 D mv2112_update_link: 3.0x901(1G): 0x80
01-01 08:14:46.789 0 0 D mv2112_update_link: 3.0x8109(100M): 0x0
01-01 08:14:46.789 0 0 D mv2112_update_link: link 0x0
01-01 08:14:46.789 0 0 D mv2112_read_status: autoneg is disabled
01-01 08:14:46.789 0 0 E msm-ext-disp-audio-codec-rx soc: qcom,msm-ext-disp:qcom,msm-ext-disp-audio-codec-rx: msm_ext_disp_audio_type_get: get_audio_edid_blk() or get_intf_id is NULL
01-01 08:14:46.805 0 0 E msm_ext_disp_update_audio_ops: Display not found (EXT_DISPLAY_TYPE_DP) ctld (0) stream (0)
01-01 08:14:46.815 0 0 E msm-ext-disp-audio-codec-rx soc: qcom,msm-ext-disp:qcom,msm-ext-disp-audio-codec-rx: msm_ext_disp_audio_type_get: get_audio_edid_blk() or get_intf_id is NULL
01-01 08:14:46.832 0 0 E msm-ext-disp-audio-codec-rx soc: qcom,msm-ext-disp:qcom,msm-ext-disp-audio-codec-rx: msm_ext_disp_audio_device_get: invalid dai id: 4
01-01 08:14:46.893 0 0 E : msm_pcm_volume_ctl_get substream not found
01-01 08:14:47.240 0 0 E : msm_qti_pp_get_rms_value_control, back not active to query rms be_idx:3
01-01 08:14:47.260 0 0 I core_get_license_status: cmdrsp_license_result.result = 0x15 for module 0x131ff
01-01 08:14:47.261 0 0 E msm_ext_disp_update_audio_ops: Display not found (EXT_DISPLAY_TYPE_DP) ctld (0) stream (0)
01-01 08:14:47.270 0 0 E msm_ext_disp_update_audio_ops: Display not found (EXT_DISPLAY_TYPE_HDMI) ctld (0) stream (0)
01-01 08:14:47.280 0 0 E msm_ext_disp_update_audio_ops: Display not found (EXT_DISPLAY_TYPE_DP) ctld (0) stream (0)
01-01 08:14:47.290 0 0 E msm_ext_disp_update_audio_ops: Display not found (EXT_DISPLAY_TYPE_DP) ctld (0) stream (0)
01-01 08:14:47.301 0 0 E msm_ext_disp_update_audio_ops: Display not found (EXT_DISPLAY_TYPE_DP) ctld (0) stream (0)
01-01 08:14:47.310 0 0 E msm-ext-disp-audio-codec-rx soc: qcom,msm-ext-disp:qcom,msm-ext-disp-audio-codec-rx: msm_ext_disp_audio_type_get: get_audio_edid_blk() or get_intf_id is NULL
01-01 08:14:47.327 0 0 E msm_ext_disp_update_audio_ops: Display not found (EXT_DISPLAY_TYPE_DP) ctld (0) stream (0)
01-01 08:14:47.336 0 0 E msm-ext-disp-audio-codec-rx soc: qcom,msm-ext-disp:qcom,msm-ext-disp-audio-codec-rx: msm_ext_disp_audio_type_get: get_audio_edid_blk() or get_intf_id is NULL
01-01 08:14:47.352 0 0 E msm_ext_disp_update_audio_ops: Display not found (EXT_DISPLAY_TYPE_DP) ctld (0) stream (0)
01-01 08:14:47.362 0 0 E msm-ext-disp-audio-codec-rx soc: qcom,msm-ext-disp:qcom,msm-ext-disp-audio-codec-rx: msm_ext_disp_audio_type_get: get_audio_edid_blk() or get_intf_id is NULL
01-01 08:14:47.379 0 0 E msm-ext-disp-audio-codec-rx soc: qcom,msm-ext-disp:qcom,msm-ext-disp-audio-codec-rx: msm_ext_disp_audio_device_get: invalid dai id: 4
01-01 08:14:47.437 0 0 E : msm_pcm_volume_ctl_get substream not found
01-01 08:14:47.438 0 0 I binder : 24980:24980 ioctl 40046210 7fefaf5c64 returned -22
01-01 08:14:47.533 0 0 I binder : 24986:24986 ioctl 40046210 7fc4efb844 returned -22
01-01 08:14:47.538 0 0 I binder : 24986:24986 ioctl 40046210 7fc4efba54 returned -22
01-01 08:14:47.756 0 0 I binder : 24980:24980 ioctl 40046210 7fefaf5364 returned -22
01-01 08:14:47.812 0 0 D : mv2112_read_status
01-01 08:14:47.813 0 0 D mv2112_update_link: 3.0x901(1G): 0x80
01-01 08:14:47.813 0 0 D mv2112_update_link: 3.0x8109(100M): 0x0
01-01 08:14:47.813 0 0 D mv2112_update_link: link 0x0
01-01 08:14:47.813 0 0 D mv2112_read_status: autoneg is disabled
01-01 08:14:47.931 24980 24980 E AndroidRuntime: *** FATAL EXCEPTION IN SYSTEM PROCESS: main
01-01 08:14:47.931 24980 24980 E AndroidRuntime: java.lang.NullPointerException: Attempt to read from field 'java.lang.String com.android.server.pm.Settings$VersionInfo.fingerprint' on a null object reference
01-01 08:14:47.931 24980 24980 E AndroidRuntime: at com.android.server.pm.PackageManagerService.(PackageManagerService.java:7608)
01-01 08:14:47.931 24980 24980 E AndroidRuntime: at com.android.server.pm.PackageManagerService.main(PackageManagerService.java:7116)
01-01 08:14:47.931 24980 24980 E AndroidRuntime: at com.android.server.SystemServer.startBootstrapServices(SystemServer.java:1168)
01-01 08:14:47.931 24980 24980 E AndroidRuntime: at com.android.server.SystemServer.run(SystemServer.java:882)
01-01 08:14:47.931 24980 24980 E AndroidRuntime: at com.android.server.SystemServer.main(SystemServer.java:615)
01-01 08:14:47.931 24980 24980 E AndroidRuntime: at java.lang.reflect.Method.invoke(Native Method)
01-01 08:14:47.931 24980 24980 E AndroidRuntime: at com.android.internal.os.RuntimeInit$MethodAndArgsCaller.run(RuntimeInit.java:548)
01-01 08:14:47.931 24980 24980 E AndroidRuntime: at com.android.internal.os.ZygoteInit.main(ZygoteInit.java:987)
01-01 08:14:47.932 24980 24980 E AndroidRuntime: Error reporting crash
01-01 08:14:47.932 24980 24980 E AndroidRuntime: java.lang.NullPointerException: Attempt to invoke interface method 'void android.app.IActivityManager.handleApplicationCrash(android.os.IBinder, android.app.ApplicationErrorReport$ParcelableCrashInfo)' on a null object reference
01-01 08:14:47.932 24980 24980 E AndroidRuntime: at com.android.internal.os.RuntimeInit$KillApplicationHandler.uncaughtException(RuntimeInit.java:156)
01-01 08:14:47.932 24980 24980 E AndroidRuntime: at java.lang.ThreadGroup.uncaughtException(ThreadGroup.java:1073)
01-01 08:14:47.932 24980 24980 E AndroidRuntime: at java.lang.ThreadGroup.uncaughtException(ThreadGroup.java:1068)
01-01 08:14:47.932 24980 24980 E AndroidRuntime: at java.lang.Thread.dispatchUncaughtException(Thread.java:2200)
01-01 08:14:48.088 0 0 I binder : 25065:25065 ioctl 40046210 7fdbaf4504 returned -22
01-01 08:14:48.088 0 0 D ProcessState: Binder ioctl to enable oneway spam detection failed: Invalid argument
01-01 08:14:48.089 0 0 D vdc : Waited 0ms for vold
01-01 08:14:48.836 0 0 D : mv2112_read_status
01-01 08:14:48.837 0 0 D mv2112_update_link: 3.0x901(1G): 0x80
01-01 08:14:48.837 0 0 D mv2112_update_link: 3.0x8109(100M): 0x0
01-01 08:14:48.837 0 0 D mv2112_update_link: link 0x0
01-01 08:14:48.837 0 0 D mv2112_read_status: autoneg is disabled
01-01 08:14:48.882 0 0 I binder : 25072:25072 ioctl 40046210 7fce2c6d84 returned -22
01-01 08:14:48.883 0 0 I binder : 25072:25072 ioctl 40046210 7fce2c6d04 returned -22
01-01 08:14:49.071 0 0 I binder : 25071:25071 ioctl 40046210 ff9e9bd8 returned -22
01-01 08:14:49.073 0 0 I binder : 25071:25071 ioctl 40046210 ff9e9bc0 returned -22
01-01 08:14:49.442 0 0 I binder : 25070:25070 ioctl 40046210 7fc6405ad4 returned -22
01-01 08:14:49.443 0 0 I binder : 25070:25070 ioctl 40046210 7fc6405af4 returned -22
01-01 08:14:49.860 0 0 D : mv2112_read_status
01-01 08:14:49.861 0 0 D mv2112_update_link: 3.0x901(1G): 0x80
01-01 08:14:49.861 0 0 D mv2112_update_link: 3.0x8109(100M): 0x0
01-01 08:14:49.861 0 0 D mv2112_update_link: link 0x0
01-01 08:14:49.861 0 0 D mv2112_read_status: autoneg is disabled
01-01 08:14:50.450 0 0 E init : Control message: Could not find 'android.frameworks.sensorservice@1.0::ISensorManager/default' for ctl.interface_start from pid: 517 (/system/bin/hwservicemanager)
01-01 08:14:50.467 0 0 E init : Control message: Could not find 'android.frameworks.sensorservice@1.0::ISensorManager/default' for ctl.interface_start from pid: 517 (/system/bin/hwservicemanager)
01-01 08:14:50.819 0 0 I init : starting service 'qvrd_vndr'...
01-01 08:14:50.820 0 0 I init : Created socket '/dev/socket/qvrservice_vndr', mode 660, user 1000, group 1000
01-01 08:14:50.821 0 0 I init : Created socket '/dev/socket/qvrservice_vndr_camera', mode 660, user 1000, group 1000
01-01 08:14:50.830 0 0 I init : starting service 'sxrd'...
01-01 08:14:50.839 0 0 I init : starting service 'vendor.audio-hal'...
01-01 08:14:50.837 25084 25084 F linker : CANNOT LINK EXECUTABLE "/vendor/bin/hw/qvrservice": library "vendor.qti.hardware.qxr-V1-ndk_platform.so" not found: needed by /vendor/lib64/libqvrservice.so in namespace (default)
01-01 08:14:50.848 0 0 I init : Service 'qvrd_vndr' (pid 25084) exited with status 1
01-01 08:14:50.848 0 0 I init : Sending signal 9 to service 'qvrd_vndr' (pid 25084) process group...
01-01 08:14:50.848 0 0 I libprocessgroup: Successfully killed process cgroup uid 1000 pid 25084 in 0ms
01-01 08:14:50.840 25085 25085 F linker : CANNOT LINK EXECUTABLE "/vendor/bin/hw/sxrservice": library "vendor.qti.hardware.qxr-V1-ndk_platform.so" not found: needed by main executable
01-01 08:14:50.884 0 0 D : mv2112_read_status
01-01 08:14:50.885 0 0 D mv2112_update_link: 3.0x901(1G): 0x80
01-01 08:14:50.885 0 0 D mv2112_update_link: 3.0x8109(100M): 0x0
01-01 08:14:50.885 0 0 D mv2112_update_link: link 0x0
01-01 08:14:50.885 0 0 D mv2112_read_status: autoneg is disabled
01-01 08:14:51.227 0 0 I binder : 25093:25093 ioctl 40046210 7fe8a0f684 returned -22
01-01 08:14:51.228 0 0 I binder : 25093:25093 ioctl 40046210 7fe8a0f6a4 returned -22
01-01 08:14:51.716 0 0 E : msm_qti_pp_get_rms_value_control, back not active to query rms be_idx:3
01-01 08:14:51.736 0 0 I core_get_license_status: cmdrsp_license_result.result = 0x15 for module 0x131ff
01-01 08:14:51.737 0 0 E msm_ext_disp_update_audio_ops: Display not found (EXT_DISPLAY_TYPE_DP) ctld (0) stream (0)
01-01 08:14:51.747 0 0 E msm_ext_disp_update_audio_ops: Display not found (EXT_DISPLAY_TYPE_HDMI) ctld (0) stream (0)
01-01 08:14:51.757 0 0 E msm_ext_disp_update_audio_ops: Display not found (EXT_DISPLAY_TYPE_DP) ctld (0) stream (0)
01-01 08:14:51.767 0 0 E msm_ext_disp_update_audio_ops: Display not found (EXT_DISPLAY_TYPE_DP) ctld (0) stream (0)
01-01 08:14:51.777 0 0 E msm_ext_disp_update_audio_ops: Display not found (EXT_DISPLAY_TYPE_DP) ctld (0) stream (0)
01-01 08:14:51.789 0 0 E msm-ext-disp-audio-codec-rx soc: qcom,msm-ext-disp:qcom,msm-ext-disp-audio-codec-rx: msm_ext_disp_audio_type_get: get_audio_edid_blk() or get_intf_id is NULL
01-01 08:14:51.805 0 0 E msm_ext_disp_update_audio_ops: Display not found (EXT_DISPLAY_TYPE_DP) ctld (0) stream (0)
01-01 08:14:51.815 0 0 E msm-ext-disp-audio-codec-rx soc: qcom,msm-ext-disp:qcom,msm-ext-disp-audio-codec-rx: msm_ext_disp_audio_type_get: get_audio_edid_blk() or get_intf_id is NULL
01-01 08:14:51.831 0 0 E msm_ext_disp_update_audio_ops: Display not found (EXT_DISPLAY_TYPE_DP) ctld (0) stream (0)
01-01 08:14:51.840 0 0 E msm-ext-disp-audio-codec-rx soc: qcom,msm-ext-disp:qcom,msm-ext-disp-audio-codec-rx: msm_ext_disp_audio_type_get: get_audio_edid_blk() or get_intf_id is NULL
01-01 08:14:51.857 0 0 E msm-ext-disp-audio-codec-rx soc: qcom,msm-ext-disp:qcom,msm-ext-disp-audio-codec-rx: msm_ext_disp_audio_device_get: invalid dai id: 4
01-01 08:14:51.908 0 0 D : mv2112_read_status
01-01 08:14:51.909 0 0 D mv2112_update_link: 3.0x901(1G): 0x80
01-01 08:14:51.909 0 0 D mv2112_update_link: 3.0x8109(100M): 0x0
01-01 08:14:51.909 0 0 D mv2112_update_link: link 0x0
01-01 08:14:51.909 0 0 D mv2112_read_status: autoneg is disabled
01-01 08:14:51.920 0 0 E : msm_pcm_volume_ctl_get substream not found
01-01 08:14:52.275 0 0 E : msm_qti_pp_get_rms_value_control, back not active to query rms be_idx:3
01-01 08:14:52.295 0 0 I core_get_license_status: cmdrsp_license_result.result = 0x15 for module 0x131ff
01-01 08:14:52.296 0 0 E msm_ext_disp_update_audio_ops: Display not found (EXT_DISPLAY_TYPE_DP) ctld (0) stream (0)
01-01 08:14:52.306 0 0 E msm_ext_disp_update_audio_ops: Display not found (EXT_DISPLAY_TYPE_HDMI) ctld (0) stream (0)
01-01 08:14:52.316 0 0 E msm_ext_disp_update_audio_ops: Display not found (EXT_DISPLAY_TYPE_DP) ctld (0) stream (0)
01-01 08:14:52.326 0 0 E msm_ext_disp_update_audio_ops: Display not found (EXT_DISPLAY_TYPE_DP) ctld (0) stream (0)
01-01 08:14:52.336 0 0 E msm_ext_disp_update_audio_ops: Display not found (EXT_DISPLAY_TYPE_DP) ctld (0) stream (0)
01-01 08:14:52.346 0 0 E msm-ext-disp-audio-codec-rx soc: qcom,msm-ext-disp:qcom,msm-ext-disp-audio-codec-rx: msm_ext_disp_audio_type_get: get_audio_edid_blk() or get_intf_id is NULL
01-01 08:14:52.362 0 0 E msm_ext_disp_update_audio_ops: Display not found (EXT_DISPLAY_TYPE_DP) ctld (0) stream (0)
01-01 08:14:52.371 0 0 E msm-ext-disp-audio-codec-rx soc: qcom,msm-ext-disp:qcom,msm-ext-disp-audio-codec-rx: msm_ext_disp_audio_type_get: get_audio_edid_blk() or get_intf_id is NULL
01-01 08:14:52.387 0 0 E msm_ext_disp_update_audio_ops: Display not found (EXT_DISPLAY_TYPE_DP) ctld (0) stream (0)
01-01 08:14:52.397 0 0 E msm-ext-disp-audio-codec-rx soc: qcom,msm-ext-disp:qcom,msm-ext-disp-audio-codec-rx: msm_ext_disp_audio_type_get: get_audio_edid_blk() or get_intf_id is NULL
01-01 08:14:52.414 0 0 E msm-ext-disp-audio-codec-rx soc: qcom,msm-ext-disp:qcom,msm-ext-disp-audio-codec-rx: msm_ext_disp_audio_device_get: invalid dai id: 4
01-01 08:14:52.457 0 0 I binder : 25119:25119 ioctl 40046210 7fd4b68464 returned -22
01-01 08:14:52.473 0 0 E : msm_pcm_volume_ctl_get substream not found
01-01 08:14:52.550 0 0 I binder : 25125:25125 ioctl 40046210 7fc5a827c4 returned -22
01-01 08:14:52.554 0 0 I binder : 25125:25125 ioctl 40046210 7fc5a829d4 returned -22
01-01 08:14:52.776 0 0 I binder : 25119:25119 ioctl 40046210 7fd4b67b64 returned -22
01-01 08:14:52.932 0 0 D : mv2112_read_status
01-01 08:14:52.933 0 0 D mv2112_update_link: 3.0x901(1G): 0x80
01-01 08:14:52.933 0 0 D mv2112_update_link: 3.0x8109(100M): 0x0
01-01 08:14:52.933 0 0 D mv2112_update_link: link 0x0
01-01 08:14:52.933 0 0 D mv2112_read_status: autoneg is disabled
01-01 08:14:52.978 25119 25119 E AndroidRuntime: *** FATAL EXCEPTION IN SYSTEM PROCESS: main
01-01 08:14:52.978 25119 25119 E AndroidRuntime: java.lang.NullPointerException: Attempt to read from field 'java.lang.String com.android.server.pm.Settings$VersionInfo.fingerprint' on a null object reference
01-01 08:14:52.978 25119 25119 E AndroidRuntime: at com.android.server.pm.PackageManagerService.(PackageManagerService.java:7608)
01-01 08:14:52.978 25119 25119 E AndroidRuntime: at com.android.server.pm.PackageManagerService.main(PackageManagerService.java:7116)
01-01 08:14:52.978 25119 25119 E AndroidRuntime: at com.android.server.SystemServer.startBootstrapServices(SystemServer.java:1168)
01-01 08:14:52.978 25119 25119 E AndroidRuntime: at com.android.server.SystemServer.run(SystemServer.java:882)
01-01 08:14:52.978 25119 25119 E AndroidRuntime: at com.android.server.SystemServer.main(SystemServer.java:615)
01-01 08:14:52.978 25119 25119 E AndroidRuntime: at java.lang.reflect.Method.invoke(Native Method)
01-01 08:14:52.978 25119 25119 E AndroidRuntime: at com.android.internal.os.RuntimeInit$MethodAndArgsCaller.run(RuntimeInit.java:548)
01-01 08:14:52.978 25119 25119 E AndroidRuntime: at com.android.internal.os.ZygoteInit.main(ZygoteInit.java:987)
01-01 08:14:52.979 25119 25119 E AndroidRuntime: Error reporting crash
01-01 08:14:52.979 25119 25119 E AndroidRuntime: java.lang.NullPointerException: Attempt to invoke interface method 'void android.app.IActivityManager.handleApplicationCrash(android.os.IBinder, android.app.ApplicationErrorReport$ParcelableCrashInfo)' on a null object reference
01-01 08:14:52.979 25119 25119 E AndroidRuntime: at com.android.internal.os.RuntimeInit$KillApplicationHandler.uncaughtException(RuntimeInit.java:156)
01-01 08:14:52.979 25119 25119 E AndroidRuntime: at java.lang.ThreadGroup.uncaughtException(ThreadGroup.java:1073)
01-01 08:14:52.979 25119 25119 E AndroidRuntime: at java.lang.ThreadGroup.uncaughtException(ThreadGroup.java:1068)
01-01 08:14:52.979 25119 25119 E AndroidRuntime: at java.lang.Thread.dispatchUncaughtException(Thread.java:2200)
01-01 08:14:53.133 0 0 I binder : 25207:25207 ioctl 40046210 7fe37d0d94 returned -22
01-01 08:14:53.133 0 0 D ProcessState: Binder ioctl to enable oneway spam detection failed: Invalid argument
01-01 08:14:53.134 0 0 D vdc : Waited 0ms for vold
01-01 08:14:53.887 0 0 I binder : 25213:25213 ioctl 40046210 7ff72fa7a4 returned -22
01-01 08:14:53.889 0 0 I binder : 25213:25213 ioctl 40046210 7ff72fa724 returned -22
01-01 08:14:53.956 0 0 D : mv2112_read_status
01-01 08:14:53.957 0 0 D mv2112_update_link: 3.0x901(1G): 0x80
01-01 08:14:53.957 0 0 D mv2112_update_link: 3.0x8109(100M): 0x0
01-01 08:14:53.957 0 0 D mv2112_update_link: link 0x0
01-01 08:14:53.957 0 0 D mv2112_read_status: autoneg is disabled
01-01 08:14:54.077 0 0 I binder : 25212:25212 ioctl 40046210 ffbb0e08 returned -22
01-01 08:14:54.079 0 0 I binder : 25212:25212 ioctl 40046210 ffbb0df0 returned -22
01-01 08:14:54.462 0 0 I binder : 25211:25211 ioctl 40046210 7fe2191774 returned -22
01-01 08:14:54.464 0 0 I binder : 25211:25211 ioctl 40046210 7fe2191794 returned -22
01-01 08:14:54.980 0 0 D : mv2112_read_status
01-01 08:14:54.981 0 0 D mv2112_update_link: 3.0x901(1G): 0x80
01-01 08:14:54.981 0 0 D mv2112_update_link: 3.0x8109(100M): 0x0
01-01 08:14:54.981 0 0 D mv2112_update_link: link 0x0
01-01 08:14:54.981 0 0 D mv2112_read_status: autoneg is disabled
01-01 08:14:55.456 0 0 E init : Control message: Could not find 'android.frameworks.sensorservice@1.0::ISensorManager/default' for ctl.interface_start from pid: 517 (/system/bin/hwservicemanager)
01-01 08:14:55.473 0 0 E init : Control message: Could not find 'android.frameworks.sensorservice@1.0::ISensorManager/default' for ctl.interface_start from pid: 517 (/system/bin/hwservicemanager)
01-01 08:14:55.828 0 0 I init : starting service 'qvrd_vndr'...
01-01 08:14:55.829 0 0 I init : Created socket '/dev/socket/qvrservice_vndr', mode 660, user 1000, group 1000
01-01 08:14:55.829 0 0 I init : Created socket '/dev/socket/qvrservice_vndr_camera', mode 660, user 1000, group 1000
01-01 08:14:55.839 0 0 I init : starting service 'sxrd'...
01-01 08:14:55.849 0 0 I init : starting service 'vendor.audio-hal'...
01-01 08:14:55.845 25225 25225 F linker : CANNOT LINK EXECUTABLE "/vendor/bin/hw/qvrservice": library "vendor.qti.hardware.qxr-V1-ndk_platform.so" not found: needed by /vendor/lib64/libqvrservice.so in namespace (default)
01-01 08:14:55.849 25226 25226 F linker : CANNOT LINK EXECUTABLE "/vendor/bin/hw/sxrservice": library "vendor.qti.hardware.qxr-V1-ndk_platform.so" not found: needed by main executable
01-01 08:14:55.858 0 0 I init : Service 'qvrd_vndr' (pid 25225) exited with status 1
01-01 08:14:55.858 0 0 I init : Sending signal 9 to service 'qvrd_vndr' (pid 25225) process group...
01-01 08:14:55.858 0 0 I libprocessgroup: Successfully killed process cgroup uid 1000 pid 25225 in 0ms
01-01 08:14:56.004 0 0 D : mv2112_read_status
01-01 08:14:56.005 0 0 D mv2112_update_link: 3.0x901(1G): 0x80
01-01 08:14:56.005 0 0 D mv2112_update_link: 3.0x8109(100M): 0x0
01-01 08:14:56.005 0 0 D mv2112_update_link: link 0x0
01-01 08:14:56.005 0 0 D mv2112_read_status: autoneg is disabled
01-01 08:14:56.233 0 0 I binder : 25234:25234 ioctl 40046210 7fe17015e4 returned -22
01-01 08:14:56.233 0 0 I binder : 25234:25234 ioctl 40046210 7fe1701604 returned -22
01-01 08:14:56.737 0 0 E : msm_qti_pp_get_rms_value_control, back not active to query rms be_idx:3
01-01 08:14:56.758 0 0 I core_get_license_status: cmdrsp_license_result.result = 0x15 for module 0x131ff
01-01 08:14:56.758 0 0 E msm_ext_disp_update_audio_ops: Display not found (EXT_DISPLAY_TYPE_DP) ctld (0) stream (0)
01-01 08:14:56.768 0 0 E msm_ext_disp_update_audio_ops: Display not found (EXT_DISPLAY_TYPE_HDMI) ctld (0) stream (0)
01-01 08:14:56.778 0 0 E msm_ext_disp_update_audio_ops: Display not found (EXT_DISPLAY_TYPE_DP) ctld (0) stream (0)
01-01 08:14:56.788 0 0 E msm_ext_disp_update_audio_ops: Display not found (EXT_DISPLAY_TYPE_DP) ctld (0) stream (0)
01-01 08:14:56.799 0 0 E msm_ext_disp_update_audio_ops: Display not found (EXT_DISPLAY_TYPE_DP) ctld (0) stream (0)
01-01 08:14:56.809 0 0 E msm-ext-disp-audio-codec-rx soc: qcom,msm-ext-disp:qcom,msm-ext-disp-audio-codec-rx: msm_ext_disp_audio_type_get: get_audio_edid_blk() or get_intf_id is NULL
01-01 08:14:56.825 0 0 E msm_ext_disp_update_audio_ops: Display not found (EXT_DISPLAY_TYPE_DP) ctld (0) stream (0)
01-01 08:14:56.835 0 0 E msm-ext-disp-audio-codec-rx soc: qcom,msm-ext-disp:qcom,msm-ext-disp-audio-codec-rx: msm_ext_disp_audio_type_get: get_audio_edid_blk() or get_intf_id is NULL
01-01 08:14:56.851 0 0 E msm_ext_disp_update_audio_ops: Display not found (EXT_DISPLAY_TYPE_DP) ctld (0) stream (0)
01-01 08:14:56.861 0 0 E msm-ext-disp-audio-codec-rx soc: qcom,msm-ext-disp:qcom,msm-ext-disp-audio-codec-rx: msm_ext_disp_audio_type_get: get_audio_edid_blk() or get_intf_id is NULL
01-01 08:14:56.878 0 0 E msm-ext-disp-audio-codec-rx soc: qcom,msm-ext-disp:qcom,msm-ext-disp-audio-codec-rx: msm_ext_disp_audio_device_get: invalid dai id: 4
01-01 08:14:56.950 0 0 E : msm_pcm_volume_ctl_get substream not found
01-01 08:14:57.028 0 0 D : mv2112_read_status
01-01 08:14:57.029 0 0 D mv2112_update_link: 3.0x901(1G): 0x80
01-01 08:14:57.029 0 0 D mv2112_update_link: 3.0x8109(100M): 0x0
01-01 08:14:57.029 0 0 D mv2112_update_link: link 0x0
01-01 08:14:57.029 0 0 D mv2112_read_status: autoneg is disabled
01-01 08:14:57.369 0 0 E : msm_qti_pp_get_rms_value_control, back not active to query rms be_idx:3
01-01 08:14:57.390 0 0 I core_get_license_status: cmdrsp_license_result.result = 0x15 for module 0x131ff
01-01 08:14:57.391 0 0 E msm_ext_disp_update_audio_ops: Display not found (EXT_DISPLAY_TYPE_DP) ctld (0) stream (0)
01-01 08:14:57.401 0 0 E msm_ext_disp_update_audio_ops: Display not found (EXT_DISPLAY_TYPE_HDMI) ctld (0) stream (0)
01-01 08:14:57.411 0 0 E msm_ext_disp_update_audio_ops: Display not found (EXT_DISPLAY_TYPE_DP) ctld (0) stream (0)
01-01 08:14:57.420 0 0 E msm_ext_disp_update_audio_ops: Display not found (EXT_DISPLAY_TYPE_DP) ctld (0) stream (0)
01-01 08:14:57.431 0 0 E msm_ext_disp_update_audio_ops: Display not found (EXT_DISPLAY_TYPE_DP) ctld (0) stream (0)
01-01 08:14:57.441 0 0 E msm-ext-disp-audio-codec-rx soc: qcom,msm-ext-disp:qcom,msm-ext-disp-audio-codec-rx: msm_ext_disp_audio_type_get: get_audio_edid_blk() or get_intf_id is NULL
01-01 08:14:57.457 0 0 E msm_ext_disp_update_audio_ops: Display not found (EXT_DISPLAY_TYPE_DP) ctld (0) stream (0)
01-01 08:14:57.466 0 0 E msm-ext-disp-audio-codec-rx soc: qcom,msm-ext-disp:qcom,msm-ext-disp-audio-codec-rx: msm_ext_disp_audio_type_get: get_audio_edid_blk() or get_intf_id is NULL
01-01 08:14:57.482 0 0 E msm_ext_disp_update_audio_ops: Display not found (EXT_DISPLAY_TYPE_DP) ctld (0) stream (0)
01-01 08:14:57.492 0 0 E msm-ext-disp-audio-codec-rx soc: qcom,msm-ext-disp:qcom,msm-ext-disp-audio-codec-rx: msm_ext_disp_audio_type_get: get_audio_edid_blk() or get_intf_id is NULL
01-01 08:14:57.509 0 0 E msm-ext-disp-audio-codec-rx soc: qcom,msm-ext-disp:qcom,msm-ext-disp-audio-codec-rx: msm_ext_disp_audio_device_get: invalid dai id: 4
01-01 08:14:57.548 0 0 I binder : 25261:25261 ioctl 40046210 7ff66ec424 returned -22
01-01 08:14:57.568 0 0 E : msm_pcm_volume_ctl_get substream not found
01-01 08:14:57.589 0 0 I binder : 25260:25260 ioctl 40046210 7ff764b044 returned -22
01-01 08:14:57.592 0 0 I binder : 25260:25260 ioctl 40046210 7ff764b254 returned -22
01-01 08:14:57.867 0 0 I binder : 25261:25261 ioctl 40046210 7ff66ebb24 returned -22
01-01 08:14:58.052 0 0 D : mv2112_read_status
01-01 08:14:58.053 0 0 D mv2112_update_link: 3.0x901(1G): 0x80
01-01 08:14:58.053 0 0 D mv2112_update_link: 3.0x8109(100M): 0x0
01-01 08:14:58.053 0 0 D mv2112_update_link: link 0x0
01-01 08:14:58.053 0 0 D mv2112_read_status: autoneg is disabled
01-01 08:14:58.059 25261 25261 E AndroidRuntime: *** FATAL EXCEPTION IN SYSTEM PROCESS: main
01-01 08:14:58.059 25261 25261 E AndroidRuntime: java.lang.NullPointerException: Attempt to read from field 'java.lang.String com.android.server.pm.Settings$VersionInfo.fingerprint' on a null object reference
01-01 08:14:58.059 25261 25261 E AndroidRuntime: at com.android.server.pm.PackageManagerService.(PackageManagerService.java:7608)
01-01 08:14:58.059 25261 25261 E AndroidRuntime: at com.android.server.pm.PackageManagerService.main(PackageManagerService.java:7116)
01-01 08:14:58.059 25261 25261 E AndroidRuntime: at com.android.server.SystemServer.startBootstrapServices(SystemServer.java:1168)
01-01 08:14:58.059 25261 25261 E AndroidRuntime: at com.android.server.SystemServer.run(SystemServer.java:882)
01-01 08:14:58.059 25261 25261 E AndroidRuntime: at com.android.server.SystemServer.main(SystemServer.java:615)
01-01 08:14:58.059 25261 25261 E AndroidRuntime: at java.lang.reflect.Method.invoke(Native Method)
01-01 08:14:58.059 25261 25261 E AndroidRuntime: at com.android.internal.os.RuntimeInit$MethodAndArgsCaller.run(RuntimeInit.java:548)
01-01 08:14:58.059 25261 25261 E AndroidRuntime: at com.android.internal.os.ZygoteInit.main(ZygoteInit.java:987)
01-01 08:14:58.059 25261 25261 E AndroidRuntime: Error reporting crash
01-01 08:14:58.059 25261 25261 E AndroidRuntime: java.lang.NullPointerException: Attempt to invoke interface method 'void android.app.IActivityManager.handleApplicationCrash(android.os.IBinder, android.app.ApplicationErrorReport$ParcelableCrashInfo)' on a null object reference
01-01 08:14:58.059 25261 25261 E AndroidRuntime: at com.android.internal.os.RuntimeInit$KillApplicationHandler.uncaughtException(RuntimeInit.java:156)
01-01 08:14:58.059 25261 25261 E AndroidRuntime: at java.lang.ThreadGroup.uncaughtException(ThreadGroup.java:1073)
01-01 08:14:58.059 25261 25261 E AndroidRuntime: at java.lang.ThreadGroup.uncaughtException(ThreadGroup.java:1068)
01-01 08:14:58.059 25261 25261 E AndroidRuntime: at java.lang.Thread.dispatchUncaughtException(Thread.java:2200)
01-01 08:14:58.206 0 0 I binder : 25345:25345 ioctl 40046210 7ffaf31ee4 returned -22
01-01 08:14:58.206 0 0 D ProcessState: Binder ioctl to enable oneway spam detection failed: Invalid argument
01-01 08:14:58.207 0 0 D vdc : Waited 0ms for vold
01-01 08:14:58.897 0 0 I binder : 25352:25352 ioctl 40046210 7ffbb13fe4 returned -22
01-01 08:14:58.899 0 0 I binder : 25352:25352 ioctl 40046210 7ffbb13f64 returned -22
01-01 08:14:59.076 0 0 D : mv2112_read_status
01-01 08:14:59.077 0 0 D mv2112_update_link: 3.0x901(1G): 0x80
01-01 08:14:59.077 0 0 D mv2112_update_link: 3.0x8109(100M): 0x0
01-01 08:14:59.077 0 0 D mv2112_update_link: link 0x0
01-01 08:14:59.077 0 0 D mv2112_read_status: autoneg is disabled
01-01 08:14:59.083 0 0 I binder : 25351:25351 ioctl 40046210 ffdf9d58 returned -22
01-01 08:14:59.086 0 0 I binder : 25351:25351 ioctl 40046210 ffdf9d40 returned -22
01-01 08:14:59.457 0 0 I binder : 25350:25350 ioctl 40046210 7fdce442e4 returned -22
01-01 08:14:59.459 0 0 I binder : 25350:25350 ioctl 40046210 7fdce44304 returned -22
01-01 08:15:00.100 0 0 D : mv2112_read_status
01-01 08:15:00.101 0 0 D mv2112_update_link: 3.0x901(1G): 0x80
01-01 08:15:00.101 0 0 D mv2112_update_link: 3.0x8109(100M): 0x0
01-01 08:15:00.101 0 0 D mv2112_update_link: link 0x0
01-01 08:15:00.101 0 0 D mv2112_read_status: autoneg is disabled
01-01 08:15:00.461 0 0 E init : Control message: Could not find 'android.frameworks.sensorservice@1.0::ISensorManager/default' for ctl.interface_start from pid: 517 (/system/bin/hwservicemanager)
01-01 08:15:00.481 0 0 E init : Control message: Could not find 'android.frameworks.sensorservice@1.0::ISensorManager/default' for ctl.interface_start from pid: 517 (/system/bin/hwservicemanager)
01-01 08:15:00.837 0 0 I init : starting service 'qvrd_vndr'...
01-01 08:15:00.838 0 0 I init : Created socket '/dev/socket/qvrservice_vndr', mode 660, user 1000, group 1000
01-01 08:15:00.838 0 0 I init : Created socket '/dev/socket/qvrservice_vndr_camera', mode 660, user 1000, group 1000
01-01 08:15:00.849 0 0 I init : starting service 'sxrd'...
01-01 08:15:00.859 0 0 I init : starting service 'vendor.audio-hal'...
01-01 08:15:00.855 25364 25364 F linker : CANNOT LINK EXECUTABLE "/vendor/bin/hw/qvrservice": library "vendor.qti.hardware.qxr-V1-ndk_platform.so" not found: needed by /vendor/lib64/libqvrservice.so in namespace (default)
01-01 08:15:00.859 25365 25365 F linker : CANNOT LINK EXECUTABLE "/vendor/bin/hw/sxrservice": library "vendor.qti.hardware.qxr-V1-ndk_platform.so" not found: needed by main executable
01-01 08:15:00.867 0 0 I init : Service 'qvrd_vndr' (pid 25364) exited with status 1
01-01 08:15:00.867 0 0 I init : Sending signal 9 to service 'qvrd_vndr' (pid 25364) process group...
01-01 08:15:00.867 0 0 I libprocessgroup: Successfully killed process cgroup uid 1000 pid 25364 in 0ms
01-01 08:15:01.124 0 0 D : mv2112_read_status
01-01 08:15:01.125 0 0 D mv2112_update_link: 3.0x901(1G): 0x80
01-01 08:15:01.125 0 0 D mv2112_update_link: 3.0x8109(100M): 0x0
01-01 08:15:01.125 0 0 D mv2112_update_link: link 0x0
01-01 08:15:01.125 0 0 D mv2112_read_status: autoneg is disabled
01-01 08:15:01.244 0 0 I binder : 25373:25373 ioctl 40046210 7ff1c98bd4 returned -22
01-01 08:15:01.244 0 0 I binder : 25373:25373 ioctl 40046210 7ff1c98bf4 returned -22
01-01 08:15:01.727 0 0 E : msm_qti_pp_get_rms_value_control, back not active to query rms be_idx:3
01-01 08:15:01.749 0 0 I core_get_license_status: cmdrsp_license_result.result = 0x15 for module 0x131ff
01-01 08:15:01.750 0 0 E msm_ext_disp_update_audio_ops: Display not found (EXT_DISPLAY_TYPE_DP) ctld (0) stream (0)
01-01 08:15:01.760 0 0 E msm_ext_disp_update_audio_ops: Display not found (EXT_DISPLAY_TYPE_HDMI) ctld (0) stream (0)
01-01 08:15:01.771 0 0 E msm_ext_disp_update_audio_ops: Display not found (EXT_DISPLAY_TYPE_DP) ctld (0) stream (0)
01-01 08:15:01.781 0 0 E msm_ext_disp_update_audio_ops: Display not found (EXT_DISPLAY_TYPE_DP) ctld (0) stream (0)
01-01 08:15:01.791 0 0 E msm_ext_disp_update_audio_ops: Display not found (EXT_DISPLAY_TYPE_DP) ctld (0) stream (0)
01-01 08:15:01.801 0 0 E msm-ext-disp-audio-codec-rx soc: qcom,msm-ext-disp:qcom,msm-ext-disp-audio-codec-rx: msm_ext_disp_audio_type_get: get_audio_edid_blk() or get_intf_id is NULL
01-01 08:15:01.817 0 0 E msm_ext_disp_update_audio_ops: Display not found (EXT_DISPLAY_TYPE_DP) ctld (0) stream (0)
01-01 08:15:01.826 0 0 E msm-ext-disp-audio-codec-rx soc: qcom,msm-ext-disp:qcom,msm-ext-disp-audio-codec-rx: msm_ext_disp_audio_type_get: get_audio_edid_blk() or get_intf_id is NULL
01-01 08:15:01.843 0 0 E msm_ext_disp_update_audio_ops: Display not found (EXT_DISPLAY_TYPE_DP) ctld (0) stream (0)
01-01 08:15:01.852 0 0 E msm-ext-disp-audio-codec-rx soc: qcom,msm-ext-disp:qcom,msm-ext-disp-audio-codec-rx: msm_ext_disp_audio_type_get: get_audio_edid_blk() or get_intf_id is NULL
01-01 08:15:01.870 0 0 E msm-ext-disp-audio-codec-rx soc: qcom,msm-ext-disp:qcom,msm-ext-disp-audio-codec-rx: msm_ext_disp_audio_device_get: invalid dai id: 4
01-01 08:15:01.961 0 0 E : msm_pcm_volume_ctl_get substream not found
01-01 08:15:02.148 0 0 D : mv2112_read_status
01-01 08:15:02.149 0 0 D mv2112_update_link: 3.0x901(1G): 0x80
01-01 08:15:02.149 0 0 D mv2112_update_link: 3.0x8109(100M): 0x0
01-01 08:15:02.149 0 0 D mv2112_update_link: link 0x0
01-01 08:15:02.149 0 0 D mv2112_read_status: autoneg is disabled
01-01 08:15:02.339 0 0 E : msm_qti_pp_get_rms_value_control, back not active to query rms be_idx:3
01-01 08:15:02.359 0 0 I core_get_license_status: cmdrsp_license_result.result = 0x15 for module 0x131ff
01-01 08:15:02.360 0 0 E msm_ext_disp_update_audio_ops: Display not found (EXT_DISPLAY_TYPE_DP) ctld (0) stream (0)
01-01 08:15:02.370 0 0 E msm_ext_disp_update_audio_ops: Display not found (EXT_DISPLAY_TYPE_HDMI) ctld (0) stream (0)
01-01 08:15:02.380 0 0 E msm_ext_disp_update_audio_ops: Display not found (EXT_DISPLAY_TYPE_DP) ctld (0) stream (0)
01-01 08:15:02.389 0 0 E msm_ext_disp_update_audio_ops: Display not found (EXT_DISPLAY_TYPE_DP) ctld (0) stream (0)
01-01 08:15:02.400 0 0 E msm_ext_disp_update_audio_ops: Display not found (EXT_DISPLAY_TYPE_DP) ctld (0) stream (0)
01-01 08:15:02.409 0 0 E msm-ext-disp-audio-codec-rx soc: qcom,msm-ext-disp:qcom,msm-ext-disp-audio-codec-rx: msm_ext_disp_audio_type_get: get_audio_edid_blk() or get_intf_id is NULL
01-01 08:15:02.425 0 0 E msm_ext_disp_update_audio_ops: Display not found (EXT_DISPLAY_TYPE_DP) ctld (0) stream (0)
01-01 08:15:02.435 0 0 E msm-ext-disp-audio-codec-rx soc: qcom,msm-ext-disp:qcom,msm-ext-disp-audio-codec-rx: msm_ext_disp_audio_type_get: get_audio_edid_blk() or get_intf_id is NULL
01-01 08:15:02.451 0 0 E msm_ext_disp_update_audio_ops: Display not found (EXT_DISPLAY_TYPE_DP) ctld (0) stream (0)
01-01 08:15:02.460 0 0 E msm-ext-disp-audio-codec-rx soc: qcom,msm-ext-disp:qcom,msm-ext-disp-audio-codec-rx: msm_ext_disp_audio_type_get: get_audio_edid_blk() or get_intf_id is NULL
01-01 08:15:02.477 0 0 E msm-ext-disp-audio-codec-rx soc: qcom,msm-ext-disp:qcom,msm-ext-disp-audio-codec-rx: msm_ext_disp_audio_device_get: invalid dai id: 4
01-01 08:15:02.537 0 0 E : msm_pcm_volume_ctl_get substream not found
01-01 08:15:02.591 0 0 I binder : 25399:25399 ioctl 40046210 7fed63fdd4 returned -22
01-01 08:15:02.595 0 0 I binder : 25399:25399 ioctl 40046210 7fed63ffe4 returned -22
01-01 08:15:02.607 0 0 I binder : 25405:25405 ioctl 40046210 7fff4a6b34 returned -22
01-01 08:15:02.906 0 0 I binder : 25405:25405 ioctl 40046210 7fff4a6234 returned -22
01-01 08:15:03.085 25405 25405 E AndroidRuntime: *** FATAL EXCEPTION IN SYSTEM PROCESS: main
01-01 08:15:03.085 25405 25405 E AndroidRuntime: java.lang.NullPointerException: Attempt to read from field 'java.lang.String com.android.server.pm.Settings$VersionInfo.fingerprint' on a null object reference
01-01 08:15:03.085 25405 25405 E AndroidRuntime: at com.android.server.pm.PackageManagerService.(PackageManagerService.java:7608)
01-01 08:15:03.085 25405 25405 E AndroidRuntime: at com.android.server.pm.PackageManagerService.main(PackageManagerService.java:7116)
01-01 08:15:03.085 25405 25405 E AndroidRuntime: at com.android.server.SystemServer.startBootstrapServices(SystemServer.java:1168)
01-01 08:15:03.085 25405 25405 E AndroidRuntime: at com.android.server.SystemServer.run(SystemServer.java:882)
01-01 08:15:03.085 25405 25405 E AndroidRuntime: at com.android.server.SystemServer.main(SystemServer.java:615)
01-01 08:15:03.085 25405 25405 E AndroidRuntime: at java.lang.reflect.Method.invoke(Native Method)
01-01 08:15:03.085 25405 25405 E AndroidRuntime: at com.android.internal.os.RuntimeInit$MethodAndArgsCaller.run(RuntimeInit.java:548)
01-01 08:15:03.085 25405 25405 E AndroidRuntime: at com.android.internal.os.ZygoteInit.main(ZygoteInit.java:987)
01-01 08:15:03.086 25405 25405 E AndroidRuntime: Error reporting crash
01-01 08:15:03.086 25405 25405 E AndroidRuntime: java.lang.NullPointerException: Attempt to invoke interface method 'void android.app.IActivityManager.handleApplicationCrash(android.os.IBinder, android.app.ApplicationErrorReport$ParcelableCrashInfo)' on a null object reference
01-01 08:15:03.086 25405 25405 E AndroidRuntime: at com.android.internal.os.RuntimeInit$KillApplicationHandler.uncaughtException(RuntimeInit.java:156)
01-01 08:15:03.086 25405 25405 E AndroidRuntime: at java.lang.ThreadGroup.uncaughtException(ThreadGroup.java:1073)
01-01 08:15:03.086 25405 25405 E AndroidRuntime: at java.lang.ThreadGroup.uncaughtException(ThreadGroup.java:1068)
01-01 08:15:03.086 25405 25405 E AndroidRuntime: at java.lang.Thread.dispatchUncaughtException(Thread.java:2200)
01-01 08:15:03.172 0 0 D : mv2112_read_status
01-01 08:15:03.173 0 0 D mv2112_update_link: 3.0x901(1G): 0x80
01-01 08:15:03.173 0 0 D mv2112_update_link: 3.0x8109(100M): 0x0
01-01 08:15:03.173 0 0 D mv2112_update_link: link 0x0
01-01 08:15:03.173 0 0 D mv2112_read_status: autoneg is disabled
01-01 08:15:03.236 0 0 I binder : 25487:25487 ioctl 40046210 7fe17c77a4 returned -22
01-01 08:15:03.237 0 0 D ProcessState: Binder ioctl to enable oneway spam detection failed: Invalid argument
01-01 08:15:03.238 0 0 D vdc : Waited 0ms for vold
01-01 08:15:03.923 0 0 I binder : 25493:25493 ioctl 40046210 7fe9f6ae64 returned -22
01-01 08:15:03.925 0 0 I binder : 25493:25493 ioctl 40046210 7fe9f6ade4 returned -22
01-01 08:15:04.108 0 0 I binder : 25492:25492 ioctl 40046210 ffc17cc8 returned -22
01-01 08:15:04.111 0 0 I binder : 25492:25492 ioctl 40046210 ffc17cb0 returned -22
01-01 08:15:04.196 0 0 D : mv2112_read_status
01-01 08:15:04.197 0 0 D mv2112_update_link: 3.0x901(1G): 0x80
01-01 08:15:04.197 0 0 D mv2112_update_link: 3.0x8109(100M): 0x0
01-01 08:15:04.197 0 0 D mv2112_update_link: link 0x0
01-01 08:15:04.197 0 0 D mv2112_read_status: autoneg is disabled
01-01 08:15:04.465 0 0 I binder : 25491:25491 ioctl 40046210 7fe9546424 returned -22
01-01 08:15:04.467 0 0 I binder : 25491:25491 ioctl 40046210 7fe9546444 returned -22
01-01 08:15:05.220 0 0 D : mv2112_read_status
01-01 08:15:05.221 0 0 D mv2112_update_link: 3.0x901(1G): 0x80
01-01 08:15:05.221 0 0 D mv2112_update_link: 3.0x8109(100M): 0x0
01-01 08:15:05.221 0 0 D mv2112_update_link: link 0x0
01-01 08:15:05.221 0 0 D mv2112_read_status: autoneg is disabled
01-01 08:15:05.468 0 0 E init : Control message: Could not find 'android.frameworks.sensorservice@1.0::ISensorManager/default' for ctl.interface_start from pid: 517 (/system/bin/hwservicemanager)
01-01 08:15:05.487 0 0 E init : Control message: Could not find 'android.frameworks.sensorservice@1.0::ISensorManager/default' for ctl.interface_start from pid: 517 (/system/bin/hwservicemanager)
01-01 08:15:05.846 0 0 I init : starting service 'qvrd_vndr'...
01-01 08:15:05.847 0 0 I init : Created socket '/dev/socket/qvrservice_vndr', mode 660, user 1000, group 1000
01-01 08:15:05.847 0 0 I init : Created socket '/dev/socket/qvrservice_vndr_camera', mode 660, user 1000, group 1000
01-01 08:15:05.858 0 0 I init : starting service 'sxrd'...
01-01 08:15:05.868 0 0 I init : starting service 'vendor.audio-hal'...
01-01 08:15:05.864 25505 25505 F linker : CANNOT LINK EXECUTABLE "/vendor/bin/hw/qvrservice": library "vendor.qti.hardware.qxr-V1-ndk_platform.so" not found: needed by /vendor/lib64/libqvrservice.so in namespace (default)
01-01 08:15:05.876 0 0 I init : Service 'qvrd_vndr' (pid 25505) exited with status 1
01-01 08:15:05.876 0 0 I init : Sending signal 9 to service 'qvrd_vndr' (pid 25505) process group...
01-01 08:15:05.876 0 0 I libprocessgroup: Successfully killed process cgroup uid 1000 pid 25505 in 0ms
01-01 08:15:05.868 25506 25506 F linker : CANNOT LINK EXECUTABLE "/vendor/bin/hw/sxrservice": library "vendor.qti.hardware.qxr-V1-ndk_platform.so" not found: needed by main executable
01-01 08:15:06.244 0 0 D : mv2112_read_status
01-01 08:15:06.245 0 0 D mv2112_update_link: 3.0x901(1G): 0x80
01-01 08:15:06.245 0 0 D mv2112_update_link: 3.0x8109(100M): 0x0
01-01 08:15:06.245 0 0 D mv2112_update_link: link 0x0
01-01 08:15:06.245 0 0 D mv2112_read_status: autoneg is disabled
01-01 08:15:06.259 0 0 I binder : 25514:25514 ioctl 40046210 7fc0ab77e4 returned -22
01-01 08:15:06.260 0 0 I binder : 25514:25514 ioctl 40046210 7fc0ab7804 returned -22
01-01 08:15:06.772 0 0 E : msm_qti_pp_get_rms_value_control, back not active to query rms be_idx:3
01-01 08:15:06.793 0 0 I core_get_license_status: cmdrsp_license_result.result = 0x15 for module 0x131ff
01-01 08:15:06.793 0 0 E msm_ext_disp_update_audio_ops: Display not found (EXT_DISPLAY_TYPE_DP) ctld (0) stream (0)
01-01 08:15:06.803 0 0 E msm_ext_disp_update_audio_ops: Display not found (EXT_DISPLAY_TYPE_HDMI) ctld (0) stream (0)
01-01 08:15:06.813 0 0 E msm_ext_disp_update_audio_ops: Display not found (EXT_DISPLAY_TYPE_DP) ctld (0) stream (0)
01-01 08:15:06.823 0 0 E msm_ext_disp_update_audio_ops: Display not found (EXT_DISPLAY_TYPE_DP) ctld (0) stream (0)
01-01 08:15:06.833 0 0 E msm_ext_disp_update_audio_ops: Display not found (EXT_DISPLAY_TYPE_DP) ctld (0) stream (0)
01-01 08:15:06.843 0 0 E msm-ext-disp-audio-codec-rx soc: qcom,msm-ext-disp:qcom,msm-ext-disp-audio-codec-rx: msm_ext_disp_audio_type_get: get_audio_edid_blk() or get_intf_id is NULL
01-01 08:15:06.859 0 0 E msm_ext_disp_update_audio_ops: Display not found (EXT_DISPLAY_TYPE_DP) ctld (0) stream (0)
01-01 08:15:06.868 0 0 E msm-ext-disp-audio-codec-rx soc: qcom,msm-ext-disp:qcom,msm-ext-disp-audio-codec-rx: msm_ext_disp_audio_type_get: get_audio_edid_blk() or get_intf_id is NULL
01-01 08:15:06.884 0 0 E msm_ext_disp_update_audio_ops: Display not found (EXT_DISPLAY_TYPE_DP) ctld (0) stream (0)
01-01 08:15:06.894 0 0 E msm-ext-disp-audio-codec-rx soc: qcom,msm-ext-disp:qcom,msm-ext-disp-audio-codec-rx: msm_ext_disp_audio_type_get: get_audio_edid_blk() or get_intf_id is NULL
01-01 08:15:06.911 0 0 E msm-ext-disp-audio-codec-rx soc: qcom,msm-ext-disp:qcom,msm-ext-disp-audio-codec-rx: msm_ext_disp_audio_device_get: invalid dai id: 4
01-01 08:15:06.980 0 0 E : msm_pcm_volume_ctl_get substream not found
01-01 08:15:07.228 0 0 E : msm_qti_pp_get_rms_value_control, back not active to query rms be_idx:3
01-01 08:15:07.248 0 0 I core_get_license_status: cmdrsp_license_result.result = 0x15 for module 0x131ff
01-01 08:15:07.249 0 0 E msm_ext_disp_update_audio_ops: Display not found (EXT_DISPLAY_TYPE_DP) ctld (0) stream (0)
01-01 08:15:07.259 0 0 E msm_ext_disp_update_audio_ops: Display not found (EXT_DISPLAY_TYPE_HDMI) ctld (0) stream (0)
01-01 08:15:07.268 0 0 D : mv2112_read_status
01-01 08:15:07.269 0 0 D mv2112_update_link: 3.0x901(1G): 0x80
01-01 08:15:07.269 0 0 E msm_ext_disp_update_audio_ops: Display not found (EXT_DISPLAY_TYPE_DP) ctld (0) stream (0)
01-01 08:15:07.269 0 0 D mv2112_update_link: 3.0x8109(100M): 0x0
01-01 08:15:07.279 0 0 E msm_ext_disp_update_audio_ops: Display not found (EXT_DISPLAY_TYPE_DP) ctld (0) stream (0)
01-01 08:15:07.288 0 0 D mv2112_update_link: link 0x0
01-01 08:15:07.288 0 0 D mv2112_read_status: autoneg is disabled
01-01 08:15:07.289 0 0 E msm_ext_disp_update_audio_ops: Display not found (EXT_DISPLAY_TYPE_DP) ctld (0) stream (0)
01-01 08:15:07.299 0 0 E msm-ext-disp-audio-codec-rx soc: qcom,msm-ext-disp:qcom,msm-ext-disp-audio-codec-rx: msm_ext_disp_audio_type_get: get_audio_edid_blk() or get_intf_id is NULL
01-01 08:15:07.315 0 0 E msm_ext_disp_update_audio_ops: Display not found (EXT_DISPLAY_TYPE_DP) ctld (0) stream (0)
01-01 08:15:07.325 0 0 E msm-ext-disp-audio-codec-rx soc: qcom,msm-ext-disp:qcom,msm-ext-disp-audio-codec-rx: msm_ext_disp_audio_type_get: get_audio_edid_blk() or get_intf_id is NULL
01-01 08:15:07.341 0 0 E msm_ext_disp_update_audio_ops: Display not found (EXT_DISPLAY_TYPE_DP) ctld (0) stream (0)
01-01 08:15:07.350 0 0 E msm-ext-disp-audio-codec-rx soc: qcom,msm-ext-disp:qcom,msm-ext-disp-audio-codec-rx: msm_ext_disp_audio_type_get: get_audio_edid_blk() or get_intf_id is NULL
01-01 08:15:07.367 0 0 E msm-ext-disp-audio-codec-rx soc: qcom,msm-ext-disp:qcom,msm-ext-disp-audio-codec-rx: msm_ext_disp_audio_device_get: invalid dai id: 4
01-01 08:15:07.426 0 0 E : msm_pcm_volume_ctl_get substream not found
01-01 08:15:07.463 0 0 I binder : 25540:25540 ioctl 40046210 7fe5bf9054 returned -22
01-01 08:15:07.600 0 0 I binder : 25546:25546 ioctl 40046210 7fd7066334 returned -22
01-01 08:15:07.604 0 0 I binder : 25546:25546 ioctl 40046210 7fd7066544 returned -22
01-01 08:15:07.772 0 0 I binder : 25540:25540 ioctl 40046210 7fe5bf8754 returned -22
01-01 08:15:07.946 25540 25540 E AndroidRuntime: *** FATAL EXCEPTION IN SYSTEM PROCESS: main
01-01 08:15:07.946 25540 25540 E AndroidRuntime: java.lang.NullPointerException: Attempt to read from field 'java.lang.String com.android.server.pm.Settings$VersionInfo.fingerprint' on a null object reference
01-01 08:15:07.946 25540 25540 E AndroidRuntime: at com.android.server.pm.PackageManagerService.(PackageManagerService.java:7608)
01-01 08:15:07.946 25540 25540 E AndroidRuntime: at com.android.server.pm.PackageManagerService.main(PackageManagerService.java:7116)
01-01 08:15:07.946 25540 25540 E AndroidRuntime: at com.android.server.SystemServer.startBootstrapServices(SystemServer.java:1168)
01-01 08:15:07.946 25540 25540 E AndroidRuntime: at com.android.server.SystemServer.run(SystemServer.java:882)
01-01 08:15:07.946 25540 25540 E AndroidRuntime: at com.android.server.SystemServer.main(SystemServer.java:615)
01-01 08:15:07.946 25540 25540 E AndroidRuntime: at java.lang.reflect.Method.invoke(Native Method)
01-01 08:15:07.946 25540 25540 E AndroidRuntime: at com.android.internal.os.RuntimeInit$MethodAndArgsCaller.run(RuntimeInit.java:548)
01-01 08:15:07.946 25540 25540 E AndroidRuntime: at com.android.internal.os.ZygoteInit.main(ZygoteInit.java:987)
01-01 08:15:07.947 25540 25540 E AndroidRuntime: Error reporting crash
01-01 08:15:07.947 25540 25540 E AndroidRuntime: java.lang.NullPointerException: Attempt to invoke interface method 'void android.app.IActivityManager.handleApplicationCrash(android.os.IBinder, android.app.ApplicationErrorReport$ParcelableCrashInfo)' on a null object reference
01-01 08:15:07.947 25540 25540 E AndroidRuntime: at com.android.internal.os.RuntimeInit$KillApplicationHandler.uncaughtException(RuntimeInit.java:156)
01-01 08:15:07.947 25540 25540 E AndroidRuntime: at java.lang.ThreadGroup.uncaughtException(ThreadGroup.java:1073)
01-01 08:15:07.947 25540 25540 E AndroidRuntime: at java.lang.ThreadGroup.uncaughtException(ThreadGroup.java:1068)
01-01 08:15:07.947 25540 25540 E AndroidRuntime: at java.lang.Thread.dispatchUncaughtException(Thread.java:2200)
01-01 08:15:08.116 0 0 I binder : 25628:25628 ioctl 40046210 7fc37b4e74 returned -22
01-01 08:15:08.116 0 0 D ProcessState: Binder ioctl to enable oneway spam detection failed: Invalid argument
01-01 08:15:08.117 0 0 D vdc : Waited 0ms for vold
01-01 08:15:08.292 0 0 D : mv2112_read_status
01-01 08:15:08.293 0 0 D mv2112_update_link: 3.0x901(1G): 0x80
