01-01 08:18:29.404 0 0 I binder : 31113:31113 ioctl 40046210 ffb36298 returned -22
01-01 08:18:29.406 0 0 I binder : 31113:31113 ioctl 40046210 ffb36280 returned -22
01-01 08:18:29.779 0 0 I binder : 31112:31112 ioctl 40046210 7fc6ef9734 returned -22
01-01 08:18:29.781 0 0 I binder : 31112:31112 ioctl 40046210 7fc6ef9754 returned -22
01-01 08:18:30.148 0 0 D : mv2112_read_status
01-01 08:18:30.149 0 0 D mv2112_update_link: 3.0x901(1G): 0x80
01-01 08:18:30.149 0 0 D mv2112_update_link: 3.0x8109(100M): 0x0
01-01 08:18:30.149 0 0 D mv2112_update_link: link 0x0
01-01 08:18:30.149 0 0 D mv2112_read_status: autoneg is disabled
01-01 08:18:30.745 0 0 E init : Control message: Could not find 'android.frameworks.sensorservice@1.0::ISensorManager/default' for ctl.interface_start from pid: 517 (/system/bin/hwservicemanager)
01-01 08:18:30.801 0 0 E init : Control message: Could not find 'android.frameworks.sensorservice@1.0::ISensorManager/default' for ctl.interface_start from pid: 517 (/system/bin/hwservicemanager)
01-01 08:18:31.172 0 0 D : mv2112_read_status
01-01 08:18:31.173 0 0 D mv2112_update_link: 3.0x901(1G): 0x80
01-01 08:18:31.173 0 0 D mv2112_update_link: 3.0x8109(100M): 0x0
01-01 08:18:31.173 0 0 D mv2112_update_link: link 0x0
01-01 08:18:31.173 0 0 D mv2112_read_status: autoneg is disabled
01-01 08:18:31.209 0 0 I init : starting service 'qvrd_vndr'...
01-01 08:18:31.210 0 0 I init : Created socket '/dev/socket/qvrservice_vndr', mode 660, user 1000, group 1000
01-01 08:18:31.210 0 0 I init : Created socket '/dev/socket/qvrservice_vndr_camera', mode 660, user 1000, group 1000
01-01 08:18:31.220 0 0 I init : starting service 'sxrd'...
01-01 08:18:31.230 0 0 I init : starting service 'vendor.audio-hal'...
01-01 08:18:31.226 31126 31126 F linker : CANNOT LINK EXECUTABLE "/vendor/bin/hw/qvrservice": library "vendor.qti.hardware.qxr-V1-ndk_platform.so" not found: needed by /vendor/lib64/libqvrservice.so in namespace (default)
01-01 08:18:31.231 31127 31127 F linker : CANNOT LINK EXECUTABLE "/vendor/bin/hw/sxrservice": library "vendor.qti.hardware.qxr-V1-ndk_platform.so" not found: needed by main executable
01-01 08:18:31.239 0 0 I init : Service 'qvrd_vndr' (pid 31126) exited with status 1
01-01 08:18:31.239 0 0 I init : Sending signal 9 to service 'qvrd_vndr' (pid 31126) process group...
01-01 08:18:31.239 0 0 I libprocessgroup: Successfully killed process cgroup uid 1000 pid 31126 in 0ms
01-01 08:18:31.612 0 0 I binder : 31135:31135 ioctl 40046210 7fd4d110a4 returned -22
01-01 08:18:31.612 0 0 I binder : 31135:31135 ioctl 40046210 7fd4d110c4 returned -22
01-01 08:18:32.196 0 0 D : mv2112_read_status
01-01 08:18:32.197 0 0 D mv2112_update_link: 3.0x901(1G): 0x80
01-01 08:18:32.197 0 0 D mv2112_update_link: 3.0x8109(100M): 0x0
01-01 08:18:32.197 0 0 D mv2112_update_link: link 0x0
01-01 08:18:32.197 0 0 D mv2112_read_status: autoneg is disabled
01-01 08:18:32.272 0 0 E : msm_qti_pp_get_rms_value_control, back not active to query rms be_idx:3
01-01 08:18:32.297 0 0 I core_get_license_status: cmdrsp_license_result.result = 0x15 for module 0x131ff
01-01 08:18:32.298 0 0 E msm_ext_disp_update_audio_ops: Display not found (EXT_DISPLAY_TYPE_DP) ctld (0) stream (0)
01-01 08:18:32.308 0 0 E msm_ext_disp_update_audio_ops: Display not found (EXT_DISPLAY_TYPE_HDMI) ctld (0) stream (0)
01-01 08:18:32.318 0 0 E msm_ext_disp_update_audio_ops: Display not found (EXT_DISPLAY_TYPE_DP) ctld (0) stream (0)
01-01 08:18:32.328 0 0 E msm_ext_disp_update_audio_ops: Display not found (EXT_DISPLAY_TYPE_DP) ctld (0) stream (0)
01-01 08:18:32.338 0 0 E msm_ext_disp_update_audio_ops: Display not found (EXT_DISPLAY_TYPE_DP) ctld (0) stream (0)
01-01 08:18:32.347 0 0 E msm-ext-disp-audio-codec-rx soc: qcom,msm-ext-disp:qcom,msm-ext-disp-audio-codec-rx: msm_ext_disp_audio_type_get: get_audio_edid_blk() or get_intf_id is NULL
01-01 08:18:32.363 0 0 E msm_ext_disp_update_audio_ops: Display not found (EXT_DISPLAY_TYPE_DP) ctld (0) stream (0)
01-01 08:18:32.373 0 0 E msm-ext-disp-audio-codec-rx soc: qcom,msm-ext-disp:qcom,msm-ext-disp-audio-codec-rx: msm_ext_disp_audio_type_get: get_audio_edid_blk() or get_intf_id is NULL
01-01 08:18:32.389 0 0 E msm_ext_disp_update_audio_ops: Display not found (EXT_DISPLAY_TYPE_DP) ctld (0) stream (0)
01-01 08:18:32.399 0 0 E msm-ext-disp-audio-codec-rx soc: qcom,msm-ext-disp:qcom,msm-ext-disp-audio-codec-rx: msm_ext_disp_audio_type_get: get_audio_edid_blk() or get_intf_id is NULL
01-01 08:18:32.416 0 0 E msm-ext-disp-audio-codec-rx soc: qcom,msm-ext-disp:qcom,msm-ext-disp-audio-codec-rx: msm_ext_disp_audio_device_get: invalid dai id: 4
01-01 08:18:32.505 0 0 E : msm_pcm_volume_ctl_get substream not found
01-01 08:18:32.802 0 0 E : msm_qti_pp_get_rms_value_control, back not active to query rms be_idx:3
01-01 08:18:32.829 0 0 I core_get_license_status: cmdrsp_license_result.result = 0x15 for module 0x131ff
01-01 08:18:32.830 0 0 E msm_ext_disp_update_audio_ops: Display not found (EXT_DISPLAY_TYPE_DP) ctld (0) stream (0)
01-01 08:18:32.840 0 0 E msm_ext_disp_update_audio_ops: Display not found (EXT_DISPLAY_TYPE_HDMI) ctld (0) stream (0)
01-01 08:18:32.843 0 0 I binder : 31160:31160 ioctl 40046210 7fd4cb3b64 returned -22
01-01 08:18:32.850 0 0 E msm_ext_disp_update_audio_ops: Display not found (EXT_DISPLAY_TYPE_DP) ctld (0) stream (0)
01-01 08:18:32.860 0 0 E msm_ext_disp_update_audio_ops: Display not found (EXT_DISPLAY_TYPE_DP) ctld (0) stream (0)
01-01 08:18:32.871 0 0 E msm_ext_disp_update_audio_ops: Display not found (EXT_DISPLAY_TYPE_DP) ctld (0) stream (0)
01-01 08:18:32.881 0 0 E msm-ext-disp-audio-codec-rx soc: qcom,msm-ext-disp:qcom,msm-ext-disp-audio-codec-rx: msm_ext_disp_audio_type_get: get_audio_edid_blk() or get_intf_id is NULL
01-01 08:18:32.897 0 0 E msm_ext_disp_update_audio_ops: Display not found (EXT_DISPLAY_TYPE_DP) ctld (0) stream (0)
01-01 08:18:32.907 0 0 E msm-ext-disp-audio-codec-rx soc: qcom,msm-ext-disp:qcom,msm-ext-disp-audio-codec-rx: msm_ext_disp_audio_type_get: get_audio_edid_blk() or get_intf_id is NULL
01-01 08:18:32.923 0 0 E msm_ext_disp_update_audio_ops: Display not found (EXT_DISPLAY_TYPE_DP) ctld (0) stream (0)
01-01 08:18:32.933 0 0 E msm-ext-disp-audio-codec-rx soc: qcom,msm-ext-disp:qcom,msm-ext-disp-audio-codec-rx: msm_ext_disp_audio_type_get: get_audio_edid_blk() or get_intf_id is NULL
01-01 08:18:32.950 0 0 E msm-ext-disp-audio-codec-rx soc: qcom,msm-ext-disp:qcom,msm-ext-disp-audio-codec-rx: msm_ext_disp_audio_device_get: invalid dai id: 4
01-01 08:18:33.025 0 0 E : msm_pcm_volume_ctl_get substream not found
01-01 08:18:33.106 0 0 I binder : 31179:31179 ioctl 40046210 7fcff5a744 returned -22
01-01 08:18:33.111 0 0 I binder : 31179:31179 ioctl 40046210 7fcff5a954 returned -22
01-01 08:18:33.202 0 0 I binder : 31160:31160 ioctl 40046210 7fd4cb3264 returned -22
01-01 08:18:33.220 0 0 D : mv2112_read_status
01-01 08:18:33.221 0 0 D mv2112_update_link: 3.0x901(1G): 0x80
01-01 08:18:33.221 0 0 D mv2112_update_link: 3.0x8109(100M): 0x0
01-01 08:18:33.221 0 0 D mv2112_update_link: link 0x0
01-01 08:18:33.221 0 0 D mv2112_read_status: autoneg is disabled
01-01 08:18:33.391 31160 31160 E AndroidRuntime: *** FATAL EXCEPTION IN SYSTEM PROCESS: main
01-01 08:18:33.391 31160 31160 E AndroidRuntime: java.lang.NullPointerException: Attempt to read from field 'java.lang.String com.android.server.pm.Settings$VersionInfo.fingerprint' on a null object reference
01-01 08:18:33.391 31160 31160 E AndroidRuntime: at com.android.server.pm.PackageManagerService.(PackageManagerService.java:7608)
01-01 08:18:33.391 31160 31160 E AndroidRuntime: at com.android.server.pm.PackageManagerService.main(PackageManagerService.java:7116)
01-01 08:18:33.391 31160 31160 E AndroidRuntime: at com.android.server.SystemServer.startBootstrapServices(SystemServer.java:1168)
01-01 08:18:33.391 31160 31160 E AndroidRuntime: at com.android.server.SystemServer.run(SystemServer.java:882)
01-01 08:18:33.391 31160 31160 E AndroidRuntime: at com.android.server.SystemServer.main(SystemServer.java:615)
01-01 08:18:33.391 31160 31160 E AndroidRuntime: at java.lang.reflect.Method.invoke(Native Method)
01-01 08:18:33.391 31160 31160 E AndroidRuntime: at com.android.internal.os.RuntimeInit$MethodAndArgsCaller.run(RuntimeInit.java:548)
01-01 08:18:33.391 31160 31160 E AndroidRuntime: at com.android.internal.os.ZygoteInit.main(ZygoteInit.java:987)
01-01 08:18:33.391 31160 31160 E AndroidRuntime: Error reporting crash
01-01 08:18:33.391 31160 31160 E AndroidRuntime: java.lang.NullPointerException: Attempt to invoke interface method 'void android.app.IActivityManager.handleApplicationCrash(android.os.IBinder, android.app.ApplicationErrorReport$ParcelableCrashInfo)' on a null object reference
01-01 08:18:33.391 31160 31160 E AndroidRuntime: at com.android.internal.os.RuntimeInit$KillApplicationHandler.uncaughtException(RuntimeInit.java:156)
01-01 08:18:33.391 31160 31160 E AndroidRuntime: at java.lang.ThreadGroup.uncaughtException(ThreadGroup.java:1073)
01-01 08:18:33.391 31160 31160 E AndroidRuntime: at java.lang.ThreadGroup.uncaughtException(ThreadGroup.java:1068)
01-01 08:18:33.391 31160 31160 E AndroidRuntime: at java.lang.Thread.dispatchUncaughtException(Thread.java:2200)
01-01 08:18:33.539 0 0 I binder : undelivered TRANSACTION_COMPLETE
01-01 08:18:33.539 0 0 I binder : undelivered transaction 444152, process died.
01-01 08:18:33.546 0 0 I binder : 31234:31234 ioctl 40046210 7fd2616554 returned -22
01-01 08:18:33.546 0 0 D ProcessState: Binder ioctl to enable oneway spam detection failed: Invalid argument
01-01 08:18:33.547 0 0 D vdc : Waited 0ms for vold
01-01 08:18:34.227 0 0 I binder : 31239:31239 ioctl 40046210 7fe47e4e14 returned -22
01-01 08:18:34.229 0 0 I binder : 31239:31239 ioctl 40046210 7fe47e4d94 returned -22
01-01 08:18:34.244 0 0 D : mv2112_read_status
01-01 08:18:34.245 0 0 D mv2112_update_link: 3.0x901(1G): 0x80
01-01 08:18:34.245 0 0 D mv2112_update_link: 3.0x8109(100M): 0x0
01-01 08:18:34.245 0 0 D mv2112_update_link: link 0x0
01-01 08:18:34.245 0 0 D mv2112_read_status: autoneg is disabled
01-01 08:18:34.414 0 0 I binder : 31238:31238 ioctl 40046210 ff966fe8 returned -22
01-01 08:18:34.417 0 0 I binder : 31238:31238 ioctl 40046210 ff966fd0 returned -22
01-01 08:18:34.784 0 0 I binder : 31237:31237 ioctl 40046210 7fed5fffa4 returned -22
01-01 08:18:34.786 0 0 I binder : 31237:31237 ioctl 40046210 7fed5fffc4 returned -22
01-01 08:18:35.268 0 0 D : mv2112_read_status
01-01 08:18:35.269 0 0 D mv2112_update_link: 3.0x901(1G): 0x80
01-01 08:18:35.269 0 0 D mv2112_update_link: 3.0x8109(100M): 0x0
01-01 08:18:35.269 0 0 D mv2112_update_link: link 0x0
01-01 08:18:35.269 0 0 D mv2112_read_status: autoneg is disabled
01-01 08:18:35.750 0 0 E init : Control message: Could not find 'android.frameworks.sensorservice@1.0::ISensorManager/default' for ctl.interface_start from pid: 517 (/system/bin/hwservicemanager)
01-01 08:18:35.805 0 0 E init : Control message: Could not find 'android.frameworks.sensorservice@1.0::ISensorManager/default' for ctl.interface_start from pid: 517 (/system/bin/hwservicemanager)
01-01 08:18:36.217 0 0 I init : starting service 'qvrd_vndr'...
01-01 08:18:36.218 0 0 I init : Created socket '/dev/socket/qvrservice_vndr', mode 660, user 1000, group 1000
01-01 08:18:36.218 0 0 I init : Created socket '/dev/socket/qvrservice_vndr_camera', mode 660, user 1000, group 1000
01-01 08:18:36.228 0 0 I init : starting service 'sxrd'...
01-01 08:18:36.237 0 0 I init : starting service 'vendor.audio-hal'...
01-01 08:18:36.234 31251 31251 F linker : CANNOT LINK EXECUTABLE "/vendor/bin/hw/qvrservice": library "vendor.qti.hardware.qxr-V1-ndk_platform.so" not found: needed by /vendor/lib64/libqvrservice.so in namespace (default)
01-01 08:18:36.240 31252 31252 F linker : CANNOT LINK EXECUTABLE "/vendor/bin/hw/sxrservice": library "vendor.qti.hardware.qxr-V1-ndk_platform.so" not found: needed by main executable
01-01 08:18:36.246 0 0 I init : Service 'qvrd_vndr' (pid 31251) exited with status 1
01-01 08:18:36.246 0 0 I init : Sending signal 9 to service 'qvrd_vndr' (pid 31251) process group...
01-01 08:18:36.246 0 0 I libprocessgroup: Successfully killed process cgroup uid 1000 pid 31251 in 0ms
01-01 08:18:36.292 0 0 D : mv2112_read_status
01-01 08:18:36.293 0 0 D mv2112_update_link: 3.0x901(1G): 0x80
01-01 08:18:36.293 0 0 D mv2112_update_link: 3.0x8109(100M): 0x0
01-01 08:18:36.293 0 0 D mv2112_update_link: link 0x0
01-01 08:18:36.293 0 0 D mv2112_read_status: autoneg is disabled
01-01 08:18:36.630 0 0 I binder : 31260:31260 ioctl 40046210 7fc12fca44 returned -22
01-01 08:18:36.630 0 0 I binder : 31260:31260 ioctl 40046210 7fc12fca64 returned -22
01-01 08:18:37.101 0 0 E : msm_qti_pp_get_rms_value_control, back not active to query rms be_idx:3
01-01 08:18:37.122 0 0 I core_get_license_status: cmdrsp_license_result.result = 0x15 for module 0x131ff
01-01 08:18:37.123 0 0 E msm_ext_disp_update_audio_ops: Display not found (EXT_DISPLAY_TYPE_DP) ctld (0) stream (0)
01-01 08:18:37.133 0 0 E msm_ext_disp_update_audio_ops: Display not found (EXT_DISPLAY_TYPE_HDMI) ctld (0) stream (0)
01-01 08:18:37.143 0 0 E msm_ext_disp_update_audio_ops: Display not found (EXT_DISPLAY_TYPE_DP) ctld (0) stream (0)
01-01 08:18:37.153 0 0 E msm_ext_disp_update_audio_ops: Display not found (EXT_DISPLAY_TYPE_DP) ctld (0) stream (0)
01-01 08:18:37.163 0 0 E msm_ext_disp_update_audio_ops: Display not found (EXT_DISPLAY_TYPE_DP) ctld (0) stream (0)
01-01 08:18:37.172 0 0 E msm-ext-disp-audio-codec-rx soc: qcom,msm-ext-disp:qcom,msm-ext-disp-audio-codec-rx: msm_ext_disp_audio_type_get: get_audio_edid_blk() or get_intf_id is NULL
01-01 08:18:37.188 0 0 E msm_ext_disp_update_audio_ops: Display not found (EXT_DISPLAY_TYPE_DP) ctld (0) stream (0)
01-01 08:18:37.198 0 0 E msm-ext-disp-audio-codec-rx soc: qcom,msm-ext-disp:qcom,msm-ext-disp-audio-codec-rx: msm_ext_disp_audio_type_get: get_audio_edid_blk() or get_intf_id is NULL
01-01 08:18:37.214 0 0 E msm_ext_disp_update_audio_ops: Display not found (EXT_DISPLAY_TYPE_DP) ctld (0) stream (0)
01-01 08:18:37.224 0 0 E msm-ext-disp-audio-codec-rx soc: qcom,msm-ext-disp:qcom,msm-ext-disp-audio-codec-rx: msm_ext_disp_audio_type_get: get_audio_edid_blk() or get_intf_id is NULL
01-01 08:18:37.241 0 0 E msm-ext-disp-audio-codec-rx soc: qcom,msm-ext-disp:qcom,msm-ext-disp-audio-codec-rx: msm_ext_disp_audio_device_get: invalid dai id: 4
01-01 08:18:37.304 0 0 E : msm_pcm_volume_ctl_get substream not found
01-01 08:18:37.316 0 0 D : mv2112_read_status
01-01 08:18:37.317 0 0 D mv2112_update_link: 3.0x901(1G): 0x80
01-01 08:18:37.317 0 0 D mv2112_update_link: 3.0x8109(100M): 0x0
01-01 08:18:37.317 0 0 D mv2112_update_link: link 0x0
01-01 08:18:37.317 0 0 D mv2112_read_status: autoneg is disabled
01-01 08:18:37.702 0 0 E : msm_qti_pp_get_rms_value_control, back not active to query rms be_idx:3
01-01 08:18:37.723 0 0 I core_get_license_status: cmdrsp_license_result.result = 0x15 for module 0x131ff
01-01 08:18:37.724 0 0 E msm_ext_disp_update_audio_ops: Display not found (EXT_DISPLAY_TYPE_DP) ctld (0) stream (0)
01-01 08:18:37.734 0 0 E msm_ext_disp_update_audio_ops: Display not found (EXT_DISPLAY_TYPE_HDMI) ctld (0) stream (0)
01-01 08:18:37.744 0 0 E msm_ext_disp_update_audio_ops: Display not found (EXT_DISPLAY_TYPE_DP) ctld (0) stream (0)
01-01 08:18:37.754 0 0 E msm_ext_disp_update_audio_ops: Display not found (EXT_DISPLAY_TYPE_DP) ctld (0) stream (0)
01-01 08:18:37.764 0 0 E msm_ext_disp_update_audio_ops: Display not found (EXT_DISPLAY_TYPE_DP) ctld (0) stream (0)
01-01 08:18:37.773 0 0 E msm-ext-disp-audio-codec-rx soc: qcom,msm-ext-disp:qcom,msm-ext-disp-audio-codec-rx: msm_ext_disp_audio_type_get: get_audio_edid_blk() or get_intf_id is NULL
01-01 08:18:37.789 0 0 E msm_ext_disp_update_audio_ops: Display not found (EXT_DISPLAY_TYPE_DP) ctld (0) stream (0)
01-01 08:18:37.799 0 0 E msm-ext-disp-audio-codec-rx soc: qcom,msm-ext-disp:qcom,msm-ext-disp-audio-codec-rx: msm_ext_disp_audio_type_get: get_audio_edid_blk() or get_intf_id is NULL
01-01 08:18:37.815 0 0 E msm_ext_disp_update_audio_ops: Display not found (EXT_DISPLAY_TYPE_DP) ctld (0) stream (0)
01-01 08:18:37.824 0 0 E msm-ext-disp-audio-codec-rx soc: qcom,msm-ext-disp:qcom,msm-ext-disp-audio-codec-rx: msm_ext_disp_audio_type_get: get_audio_edid_blk() or get_intf_id is NULL
01-01 08:18:37.841 0 0 E msm-ext-disp-audio-codec-rx soc: qcom,msm-ext-disp:qcom,msm-ext-disp-audio-codec-rx: msm_ext_disp_audio_device_get: invalid dai id: 4
01-01 08:18:37.843 0 0 I binder : 31286:31286 ioctl 40046210 7fd92a7054 returned -22
01-01 08:18:37.898 0 0 E : msm_pcm_volume_ctl_get substream not found
01-01 08:18:38.113 0 0 I binder : 31304:31304 ioctl 40046210 7ffa157124 returned -22
01-01 08:18:38.117 0 0 I binder : 31304:31304 ioctl 40046210 7ffa157334 returned -22
01-01 08:18:38.179 0 0 I binder : 31286:31286 ioctl 40046210 7fd92a6754 returned -22
01-01 08:18:38.340 0 0 D : mv2112_read_status
01-01 08:18:38.341 0 0 D mv2112_update_link: 3.0x901(1G): 0x80
01-01 08:18:38.341 0 0 D mv2112_update_link: 3.0x8109(100M): 0x0
01-01 08:18:38.341 0 0 D mv2112_update_link: link 0x0
01-01 08:18:38.341 0 0 D mv2112_read_status: autoneg is disabled
01-01 08:18:38.368 31286 31286 E AndroidRuntime: *** FATAL EXCEPTION IN SYSTEM PROCESS: main
01-01 08:18:38.368 31286 31286 E AndroidRuntime: java.lang.NullPointerException: Attempt to read from field 'java.lang.String com.android.server.pm.Settings$VersionInfo.fingerprint' on a null object reference
01-01 08:18:38.368 31286 31286 E AndroidRuntime: at com.android.server.pm.PackageManagerService.(PackageManagerService.java:7608)
01-01 08:18:38.368 31286 31286 E AndroidRuntime: at com.android.server.pm.PackageManagerService.main(PackageManagerService.java:7116)
01-01 08:18:38.368 31286 31286 E AndroidRuntime: at com.android.server.SystemServer.startBootstrapServices(SystemServer.java:1168)
01-01 08:18:38.368 31286 31286 E AndroidRuntime: at com.android.server.SystemServer.run(SystemServer.java:882)
01-01 08:18:38.368 31286 31286 E AndroidRuntime: at com.android.server.SystemServer.main(SystemServer.java:615)
01-01 08:18:38.368 31286 31286 E AndroidRuntime: at java.lang.reflect.Method.invoke(Native Method)
01-01 08:18:38.368 31286 31286 E AndroidRuntime: at com.android.internal.os.RuntimeInit$MethodAndArgsCaller.run(RuntimeInit.java:548)
01-01 08:18:38.368 31286 31286 E AndroidRuntime: at com.android.internal.os.ZygoteInit.main(ZygoteInit.java:987)
01-01 08:18:38.369 31286 31286 E AndroidRuntime: Error reporting crash
01-01 08:18:38.369 31286 31286 E AndroidRuntime: java.lang.NullPointerException: Attempt to invoke interface method 'void android.app.IActivityManager.handleApplicationCrash(android.os.IBinder, android.app.ApplicationErrorReport$ParcelableCrashInfo)' on a null object reference
01-01 08:18:38.369 31286 31286 E AndroidRuntime: at com.android.internal.os.RuntimeInit$KillApplicationHandler.uncaughtException(RuntimeInit.java:156)
01-01 08:18:38.369 31286 31286 E AndroidRuntime: at java.lang.ThreadGroup.uncaughtException(ThreadGroup.java:1073)
01-01 08:18:38.369 31286 31286 E AndroidRuntime: at java.lang.ThreadGroup.uncaughtException(ThreadGroup.java:1068)
01-01 08:18:38.369 31286 31286 E AndroidRuntime: at java.lang.Thread.dispatchUncaughtException(Thread.java:2200)
01-01 08:18:38.534 0 0 I binder : 31368:31368 ioctl 40046210 7ffd979e24 returned -22
01-01 08:18:38.534 0 0 D ProcessState: Binder ioctl to enable oneway spam detection failed: Invalid argument
01-01 08:18:38.535 0 0 D vdc : Waited 0ms for vold
01-01 08:18:39.233 0 0 I binder : 31377:31377 ioctl 40046210 7fe74f8ac4 returned -22
01-01 08:18:39.235 0 0 I binder : 31377:31377 ioctl 40046210 7fe74f8a44 returned -22
01-01 08:18:39.364 0 0 D : mv2112_read_status
01-01 08:18:39.365 0 0 D mv2112_update_link: 3.0x901(1G): 0x80
01-01 08:18:39.365 0 0 D mv2112_update_link: 3.0x8109(100M): 0x0
01-01 08:18:39.365 0 0 D mv2112_update_link: link 0x0
01-01 08:18:39.365 0 0 D mv2112_read_status: autoneg is disabled
01-01 08:18:39.420 0 0 I binder : 31376:31376 ioctl 40046210 ffacf278 returned -22
01-01 08:18:39.422 0 0 I binder : 31376:31376 ioctl 40046210 ffacf260 returned -22
01-01 08:18:39.797 0 0 I binder : 31375:31375 ioctl 40046210 7fea83fd74 returned -22
01-01 08:18:39.799 0 0 I binder : 31375:31375 ioctl 40046210 7fea83fd94 returned -22
01-01 08:18:40.388 0 0 D : mv2112_read_status
01-01 08:18:40.389 0 0 D mv2112_update_link: 3.0x901(1G): 0x80
01-01 08:18:40.389 0 0 D mv2112_update_link: 3.0x8109(100M): 0x0
01-01 08:18:40.389 0 0 D mv2112_update_link: link 0x0
01-01 08:18:40.389 0 0 D mv2112_read_status: autoneg is disabled
01-01 08:18:40.755 0 0 E init : Control message: Could not find 'android.frameworks.sensorservice@1.0::ISensorManager/default' for ctl.interface_start from pid: 517 (/system/bin/hwservicemanager)
01-01 08:18:40.812 0 0 E init : Control message: Could not find 'android.frameworks.sensorservice@1.0::ISensorManager/default' for ctl.interface_start from pid: 517 (/system/bin/hwservicemanager)
01-01 08:18:41.226 0 0 I init : starting service 'qvrd_vndr'...
01-01 08:18:41.226 0 0 I init : Created socket '/dev/socket/qvrservice_vndr', mode 660, user 1000, group 1000
01-01 08:18:41.227 0 0 I init : Created socket '/dev/socket/qvrservice_vndr_camera', mode 660, user 1000, group 1000
01-01 08:18:41.236 0 0 I init : starting service 'sxrd'...
01-01 08:18:41.247 0 0 I init : starting service 'vendor.audio-hal'...
01-01 08:18:41.243 31389 31389 F linker : CANNOT LINK EXECUTABLE "/vendor/bin/hw/qvrservice": library "vendor.qti.hardware.qxr-V1-ndk_platform.so" not found: needed by /vendor/lib64/libqvrservice.so in namespace (default)
01-01 08:18:41.245 31390 31390 F linker : CANNOT LINK EXECUTABLE "/vendor/bin/hw/sxrservice": library "vendor.qti.hardware.qxr-V1-ndk_platform.so" not found: needed by main executable
01-01 08:18:41.257 0 0 I init : Service 'qvrd_vndr' (pid 31389) exited with status 1
01-01 08:18:41.257 0 0 I init : Sending signal 9 to service 'qvrd_vndr' (pid 31389) process group...
01-01 08:18:41.257 0 0 I libprocessgroup: Successfully killed process cgroup uid 1000 pid 31389 in 0ms
01-01 08:18:41.412 0 0 D : mv2112_read_status
01-01 08:18:41.413 0 0 D mv2112_update_link: 3.0x901(1G): 0x80
01-01 08:18:41.413 0 0 D mv2112_update_link: 3.0x8109(100M): 0x0
01-01 08:18:41.413 0 0 D mv2112_update_link: link 0x0
01-01 08:18:41.413 0 0 D mv2112_read_status: autoneg is disabled
01-01 08:18:41.646 0 0 I binder : 31398:31398 ioctl 40046210 7fe32ff324 returned -22
01-01 08:18:41.646 0 0 I binder : 31398:31398 ioctl 40046210 7fe32ff344 returned -22
01-01 08:18:42.119 0 0 E : msm_qti_pp_get_rms_value_control, back not active to query rms be_idx:3
01-01 08:18:42.140 0 0 I core_get_license_status: cmdrsp_license_result.result = 0x15 for module 0x131ff
01-01 08:18:42.141 0 0 E msm_ext_disp_update_audio_ops: Display not found (EXT_DISPLAY_TYPE_DP) ctld (0) stream (0)
01-01 08:18:42.151 0 0 E msm_ext_disp_update_audio_ops: Display not found (EXT_DISPLAY_TYPE_HDMI) ctld (0) stream (0)
01-01 08:18:42.161 0 0 E msm_ext_disp_update_audio_ops: Display not found (EXT_DISPLAY_TYPE_DP) ctld (0) stream (0)
01-01 08:18:42.171 0 0 E msm_ext_disp_update_audio_ops: Display not found (EXT_DISPLAY_TYPE_DP) ctld (0) stream (0)
01-01 08:18:42.181 0 0 E msm_ext_disp_update_audio_ops: Display not found (EXT_DISPLAY_TYPE_DP) ctld (0) stream (0)
01-01 08:18:42.191 0 0 E msm-ext-disp-audio-codec-rx soc: qcom,msm-ext-disp:qcom,msm-ext-disp-audio-codec-rx: msm_ext_disp_audio_type_get: get_audio_edid_blk() or get_intf_id is NULL
01-01 08:18:42.207 0 0 E msm_ext_disp_update_audio_ops: Display not found (EXT_DISPLAY_TYPE_DP) ctld (0) stream (0)
01-01 08:18:42.216 0 0 E msm-ext-disp-audio-codec-rx soc: qcom,msm-ext-disp:qcom,msm-ext-disp-audio-codec-rx: msm_ext_disp_audio_type_get: get_audio_edid_blk() or get_intf_id is NULL
01-01 08:18:42.232 0 0 E msm_ext_disp_update_audio_ops: Display not found (EXT_DISPLAY_TYPE_DP) ctld (0) stream (0)
01-01 08:18:42.242 0 0 E msm-ext-disp-audio-codec-rx soc: qcom,msm-ext-disp:qcom,msm-ext-disp-audio-codec-rx: msm_ext_disp_audio_type_get: get_audio_edid_blk() or get_intf_id is NULL
01-01 08:18:42.259 0 0 E msm-ext-disp-audio-codec-rx soc: qcom,msm-ext-disp:qcom,msm-ext-disp-audio-codec-rx: msm_ext_disp_audio_device_get: invalid dai id: 4
01-01 08:18:42.322 0 0 E : msm_pcm_volume_ctl_get substream not found
01-01 08:18:42.436 0 0 D : mv2112_read_status
01-01 08:18:42.437 0 0 D mv2112_update_link: 3.0x901(1G): 0x80
01-01 08:18:42.437 0 0 D mv2112_update_link: 3.0x8109(100M): 0x0
01-01 08:18:42.437 0 0 D mv2112_update_link: link 0x0
01-01 08:18:42.437 0 0 D mv2112_read_status: autoneg is disabled
01-01 08:18:42.685 0 0 E : msm_qti_pp_get_rms_value_control, back not active to query rms be_idx:3
01-01 08:18:42.705 0 0 I core_get_license_status: cmdrsp_license_result.result = 0x15 for module 0x131ff
01-01 08:18:42.706 0 0 E msm_ext_disp_update_audio_ops: Display not found (EXT_DISPLAY_TYPE_DP) ctld (0) stream (0)
01-01 08:18:42.716 0 0 E msm_ext_disp_update_audio_ops: Display not found (EXT_DISPLAY_TYPE_HDMI) ctld (0) stream (0)
01-01 08:18:42.726 0 0 E msm_ext_disp_update_audio_ops: Display not found (EXT_DISPLAY_TYPE_DP) ctld (0) stream (0)
01-01 08:18:42.736 0 0 E msm_ext_disp_update_audio_ops: Display not found (EXT_DISPLAY_TYPE_DP) ctld (0) stream (0)
01-01 08:18:42.746 0 0 E msm_ext_disp_update_audio_ops: Display not found (EXT_DISPLAY_TYPE_DP) ctld (0) stream (0)
01-01 08:18:42.756 0 0 E msm-ext-disp-audio-codec-rx soc: qcom,msm-ext-disp:qcom,msm-ext-disp-audio-codec-rx: msm_ext_disp_audio_type_get: get_audio_edid_blk() or get_intf_id is NULL
01-01 08:18:42.772 0 0 E msm_ext_disp_update_audio_ops: Display not found (EXT_DISPLAY_TYPE_DP) ctld (0) stream (0)
01-01 08:18:42.781 0 0 E msm-ext-disp-audio-codec-rx soc: qcom,msm-ext-disp:qcom,msm-ext-disp-audio-codec-rx: msm_ext_disp_audio_type_get: get_audio_edid_blk() or get_intf_id is NULL
01-01 08:18:42.797 0 0 E msm_ext_disp_update_audio_ops: Display not found (EXT_DISPLAY_TYPE_DP) ctld (0) stream (0)
01-01 08:18:42.807 0 0 E msm-ext-disp-audio-codec-rx soc: qcom,msm-ext-disp:qcom,msm-ext-disp-audio-codec-rx: msm_ext_disp_audio_type_get: get_audio_edid_blk() or get_intf_id is NULL
01-01 08:18:42.824 0 0 E msm-ext-disp-audio-codec-rx soc: qcom,msm-ext-disp:qcom,msm-ext-disp-audio-codec-rx: msm_ext_disp_audio_device_get: invalid dai id: 4
01-01 08:18:42.877 0 0 I binder : 31425:31425 ioctl 40046210 7fff78df04 returned -22
01-01 08:18:42.882 0 0 E : msm_pcm_volume_ctl_get substream not found
01-01 08:18:43.118 0 0 I binder : 31442:31442 ioctl 40046210 7ff15426b4 returned -22
01-01 08:18:43.124 0 0 I binder : 31442:31442 ioctl 40046210 7ff15428c4 returned -22
01-01 08:18:43.193 0 0 I binder : 31425:31425 ioctl 40046210 7fff78d604 returned -22
01-01 08:18:43.380 31425 31425 E AndroidRuntime: *** FATAL EXCEPTION IN SYSTEM PROCESS: main
01-01 08:18:43.380 31425 31425 E AndroidRuntime: java.lang.NullPointerException: Attempt to read from field 'java.lang.String com.android.server.pm.Settings$VersionInfo.fingerprint' on a null object reference
01-01 08:18:43.380 31425 31425 E AndroidRuntime: at com.android.server.pm.PackageManagerService.(PackageManagerService.java:7608)
01-01 08:18:43.380 31425 31425 E AndroidRuntime: at com.android.server.pm.PackageManagerService.main(PackageManagerService.java:7116)
01-01 08:18:43.380 31425 31425 E AndroidRuntime: at com.android.server.SystemServer.startBootstrapServices(SystemServer.java:1168)
01-01 08:18:43.380 31425 31425 E AndroidRuntime: at com.android.server.SystemServer.run(SystemServer.java:882)
01-01 08:18:43.380 31425 31425 E AndroidRuntime: at com.android.server.SystemServer.main(SystemServer.java:615)
01-01 08:18:43.380 31425 31425 E AndroidRuntime: at java.lang.reflect.Method.invoke(Native Method)
01-01 08:18:43.380 31425 31425 E AndroidRuntime: at com.android.internal.os.RuntimeInit$MethodAndArgsCaller.run(RuntimeInit.java:548)
01-01 08:18:43.380 31425 31425 E AndroidRuntime: at com.android.internal.os.ZygoteInit.main(ZygoteInit.java:987)
01-01 08:18:43.381 31425 31425 E AndroidRuntime: Error reporting crash
01-01 08:18:43.381 31425 31425 E AndroidRuntime: java.lang.NullPointerException: Attempt to invoke interface method 'void android.app.IActivityManager.handleApplicationCrash(android.os.IBinder, android.app.ApplicationErrorReport$ParcelableCrashInfo)' on a null object reference
01-01 08:18:43.381 31425 31425 E AndroidRuntime: at com.android.internal.os.RuntimeInit$KillApplicationHandler.uncaughtException(RuntimeInit.java:156)
01-01 08:18:43.381 31425 31425 E AndroidRuntime: at java.lang.ThreadGroup.uncaughtException(ThreadGroup.java:1073)
01-01 08:18:43.381 31425 31425 E AndroidRuntime: at java.lang.ThreadGroup.uncaughtException(ThreadGroup.java:1068)
01-01 08:18:43.381 31425 31425 E AndroidRuntime: at java.lang.Thread.dispatchUncaughtException(Thread.java:2200)
01-01 08:18:43.460 0 0 D : mv2112_read_status
01-01 08:18:43.461 0 0 D mv2112_update_link: 3.0x901(1G): 0x80
01-01 08:18:43.461 0 0 D mv2112_update_link: 3.0x8109(100M): 0x0
01-01 08:18:43.461 0 0 D mv2112_update_link: link 0x0
01-01 08:18:43.461 0 0 D mv2112_read_status: autoneg is disabled
01-01 08:18:43.533 0 0 I binder : 31510:31510 ioctl 40046210 7fde9939d4 returned -22
01-01 08:18:43.534 0 0 D ProcessState: Binder ioctl to enable oneway spam detection failed: Invalid argument
01-01 08:18:43.534 0 0 D vdc : Waited 0ms for vold
01-01 08:18:44.243 0 0 I binder : 31516:31516 ioctl 40046210 7fcf4cce34 returned -22
01-01 08:18:44.245 0 0 I binder : 31516:31516 ioctl 40046210 7fcf4ccdb4 returned -22
01-01 08:18:44.427 0 0 I binder : 31515:31515 ioctl 40046210 ffac4638 returned -22
01-01 08:18:44.429 0 0 I binder : 31515:31515 ioctl 40046210 ffac4620 returned -22
01-01 08:18:44.484 0 0 D : mv2112_read_status
01-01 08:18:44.485 0 0 D mv2112_update_link: 3.0x901(1G): 0x80
01-01 08:18:44.485 0 0 D mv2112_update_link: 3.0x8109(100M): 0x0
01-01 08:18:44.485 0 0 D mv2112_update_link: link 0x0
01-01 08:18:44.485 0 0 D mv2112_read_status: autoneg is disabled
01-01 08:18:44.808 0 0 I binder : 31514:31514 ioctl 40046210 7ffe4128f4 returned -22
01-01 08:18:44.810 0 0 I binder : 31514:31514 ioctl 40046210 7ffe412914 returned -22
01-01 08:18:45.508 0 0 D : mv2112_read_status
01-01 08:18:45.509 0 0 D mv2112_update_link: 3.0x901(1G): 0x80
01-01 08:18:45.509 0 0 D mv2112_update_link: 3.0x8109(100M): 0x0
01-01 08:18:45.509 0 0 D mv2112_update_link: link 0x0
01-01 08:18:45.509 0 0 D mv2112_read_status: autoneg is disabled
01-01 08:18:45.761 0 0 E init : Control message: Could not find 'android.frameworks.sensorservice@1.0::ISensorManager/default' for ctl.interface_start from pid: 517 (/system/bin/hwservicemanager)
01-01 08:18:45.817 0 0 E init : Control message: Could not find 'android.frameworks.sensorservice@1.0::ISensorManager/default' for ctl.interface_start from pid: 517 (/system/bin/hwservicemanager)
01-01 08:18:46.234 0 0 I init : starting service 'qvrd_vndr'...
01-01 08:18:46.235 0 0 I init : Created socket '/dev/socket/qvrservice_vndr', mode 660, user 1000, group 1000
01-01 08:18:46.235 0 0 I init : Created socket '/dev/socket/qvrservice_vndr_camera', mode 660, user 1000, group 1000
01-01 08:18:46.245 0 0 I init : starting service 'sxrd'...
01-01 08:18:46.254 0 0 I init : starting service 'vendor.audio-hal'...
01-01 08:18:46.251 31528 31528 F linker : CANNOT LINK EXECUTABLE "/vendor/bin/hw/qvrservice": library "vendor.qti.hardware.qxr-V1-ndk_platform.so" not found: needed by /vendor/lib64/libqvrservice.so in namespace (default)
01-01 08:18:46.255 31529 31529 F linker : CANNOT LINK EXECUTABLE "/vendor/bin/hw/sxrservice": library "vendor.qti.hardware.qxr-V1-ndk_platform.so" not found: needed by main executable
01-01 08:18:46.263 0 0 I init : Service 'qvrd_vndr' (pid 31528) exited with status 1
01-01 08:18:46.263 0 0 I init : Sending signal 9 to service 'qvrd_vndr' (pid 31528) process group...
01-01 08:18:46.263 0 0 I libprocessgroup: Successfully killed process cgroup uid 1000 pid 31528 in 0ms
01-01 08:18:46.532 0 0 D : mv2112_read_status
01-01 08:18:46.533 0 0 D mv2112_update_link: 3.0x901(1G): 0x80
01-01 08:18:46.533 0 0 D mv2112_update_link: 3.0x8109(100M): 0x0
01-01 08:18:46.533 0 0 D mv2112_update_link: link 0x0
01-01 08:18:46.533 0 0 D mv2112_read_status: autoneg is disabled
01-01 08:18:46.665 0 0 I binder : 31537:31537 ioctl 40046210 7ff285dd24 returned -22
01-01 08:18:46.665 0 0 I binder : 31537:31537 ioctl 40046210 7ff285dd44 returned -22
01-01 08:18:47.170 0 0 E : msm_qti_pp_get_rms_value_control, back not active to query rms be_idx:3
01-01 08:18:47.191 0 0 I core_get_license_status: cmdrsp_license_result.result = 0x15 for module 0x131ff
01-01 08:18:47.192 0 0 E msm_ext_disp_update_audio_ops: Display not found (EXT_DISPLAY_TYPE_DP) ctld (0) stream (0)
01-01 08:18:47.202 0 0 E msm_ext_disp_update_audio_ops: Display not found (EXT_DISPLAY_TYPE_HDMI) ctld (0) stream (0)
01-01 08:18:47.212 0 0 E msm_ext_disp_update_audio_ops: Display not found (EXT_DISPLAY_TYPE_DP) ctld (0) stream (0)
01-01 08:18:47.222 0 0 E msm_ext_disp_update_audio_ops: Display not found (EXT_DISPLAY_TYPE_DP) ctld (0) stream (0)
01-01 08:18:47.232 0 0 E msm_ext_disp_update_audio_ops: Display not found (EXT_DISPLAY_TYPE_DP) ctld (0) stream (0)
01-01 08:18:47.241 0 0 E msm-ext-disp-audio-codec-rx soc: qcom,msm-ext-disp:qcom,msm-ext-disp-audio-codec-rx: msm_ext_disp_audio_type_get: get_audio_edid_blk() or get_intf_id is NULL
01-01 08:18:47.257 0 0 E msm_ext_disp_update_audio_ops: Display not found (EXT_DISPLAY_TYPE_DP) ctld (0) stream (0)
01-01 08:18:47.267 0 0 E msm-ext-disp-audio-codec-rx soc: qcom,msm-ext-disp:qcom,msm-ext-disp-audio-codec-rx: msm_ext_disp_audio_type_get: get_audio_edid_blk() or get_intf_id is NULL
01-01 08:18:47.283 0 0 E msm_ext_disp_update_audio_ops: Display not found (EXT_DISPLAY_TYPE_DP) ctld (0) stream (0)
01-01 08:18:47.292 0 0 E msm-ext-disp-audio-codec-rx soc: qcom,msm-ext-disp:qcom,msm-ext-disp-audio-codec-rx: msm_ext_disp_audio_type_get: get_audio_edid_blk() or get_intf_id is NULL
01-01 08:18:47.309 0 0 E msm-ext-disp-audio-codec-rx soc: qcom,msm-ext-disp:qcom,msm-ext-disp-audio-codec-rx: msm_ext_disp_audio_device_get: invalid dai id: 4
01-01 08:18:47.371 0 0 E : msm_pcm_volume_ctl_get substream not found
01-01 08:18:47.556 0 0 D : mv2112_read_status
01-01 08:18:47.557 0 0 D mv2112_update_link: 3.0x901(1G): 0x80
01-01 08:18:47.557 0 0 D mv2112_update_link: 3.0x8109(100M): 0x0
01-01 08:18:47.557 0 0 D mv2112_update_link: link 0x0
01-01 08:18:47.557 0 0 D mv2112_read_status: autoneg is disabled
01-01 08:18:47.719 0 0 E : msm_qti_pp_get_rms_value_control, back not active to query rms be_idx:3
01-01 08:18:47.740 0 0 I core_get_license_status: cmdrsp_license_result.result = 0x15 for module 0x131ff
01-01 08:18:47.740 0 0 E msm_ext_disp_update_audio_ops: Display not found (EXT_DISPLAY_TYPE_DP) ctld (0) stream (0)
01-01 08:18:47.750 0 0 E msm_ext_disp_update_audio_ops: Display not found (EXT_DISPLAY_TYPE_HDMI) ctld (0) stream (0)
01-01 08:18:47.760 0 0 E msm_ext_disp_update_audio_ops: Display not found (EXT_DISPLAY_TYPE_DP) ctld (0) stream (0)
01-01 08:18:47.770 0 0 E msm_ext_disp_update_audio_ops: Display not found (EXT_DISPLAY_TYPE_DP) ctld (0) stream (0)
01-01 08:18:47.780 0 0 E msm_ext_disp_update_audio_ops: Display not found (EXT_DISPLAY_TYPE_DP) ctld (0) stream (0)
01-01 08:18:47.790 0 0 E msm-ext-disp-audio-codec-rx soc: qcom,msm-ext-disp:qcom,msm-ext-disp-audio-codec-rx: msm_ext_disp_audio_type_get: get_audio_edid_blk() or get_intf_id is NULL
01-01 08:18:47.806 0 0 E msm_ext_disp_update_audio_ops: Display not found (EXT_DISPLAY_TYPE_DP) ctld (0) stream (0)
01-01 08:18:47.816 0 0 E msm-ext-disp-audio-codec-rx soc: qcom,msm-ext-disp:qcom,msm-ext-disp-audio-codec-rx: msm_ext_disp_audio_type_get: get_audio_edid_blk() or get_intf_id is NULL
01-01 08:18:47.831 0 0 E msm_ext_disp_update_audio_ops: Display not found (EXT_DISPLAY_TYPE_DP) ctld (0) stream (0)
01-01 08:18:47.841 0 0 E msm-ext-disp-audio-codec-rx soc: qcom,msm-ext-disp:qcom,msm-ext-disp-audio-codec-rx: msm_ext_disp_audio_type_get: get_audio_edid_blk() or get_intf_id is NULL
01-01 08:18:47.858 0 0 E msm-ext-disp-audio-codec-rx soc: qcom,msm-ext-disp:qcom,msm-ext-disp-audio-codec-rx: msm_ext_disp_audio_device_get: invalid dai id: 4
01-01 08:18:47.909 0 0 I binder : 31564:31564 ioctl 40046210 7ff02ccf74 returned -22
01-01 08:18:47.916 0 0 E : msm_pcm_volume_ctl_get substream not found
01-01 08:18:48.126 0 0 I binder : 31581:31581 ioctl 40046210 7fe3a595e4 returned -22
01-01 08:18:48.130 0 0 I binder : 31581:31581 ioctl 40046210 7fe3a597f4 returned -22
01-01 08:18:48.223 0 0 I binder : 31564:31564 ioctl 40046210 7ff02cc674 returned -22
01-01 08:18:48.410 31564 31564 E AndroidRuntime: *** FATAL EXCEPTION IN SYSTEM PROCESS: main
01-01 08:18:48.410 31564 31564 E AndroidRuntime: java.lang.NullPointerException: Attempt to read from field 'java.lang.String com.android.server.pm.Settings$VersionInfo.fingerprint' on a null object reference
01-01 08:18:48.410 31564 31564 E AndroidRuntime: at com.android.server.pm.PackageManagerService.(PackageManagerService.java:7608)
01-01 08:18:48.410 31564 31564 E AndroidRuntime: at com.android.server.pm.PackageManagerService.main(PackageManagerService.java:7116)
01-01 08:18:48.410 31564 31564 E AndroidRuntime: at com.android.server.SystemServer.startBootstrapServices(SystemServer.java:1168)
01-01 08:18:48.410 31564 31564 E AndroidRuntime: at com.android.server.SystemServer.run(SystemServer.java:882)
01-01 08:18:48.410 31564 31564 E AndroidRuntime: at com.android.server.SystemServer.main(SystemServer.java:615)
01-01 08:18:48.410 31564 31564 E AndroidRuntime: at java.lang.reflect.Method.invoke(Native Method)
01-01 08:18:48.410 31564 31564 E AndroidRuntime: at com.android.internal.os.RuntimeInit$MethodAndArgsCaller.run(RuntimeInit.java:548)
01-01 08:18:48.410 31564 31564 E AndroidRuntime: at com.android.internal.os.ZygoteInit.main(ZygoteInit.java:987)
01-01 08:18:48.411 31564 31564 E AndroidRuntime: Error reporting crash
01-01 08:18:48.411 31564 31564 E AndroidRuntime: java.lang.NullPointerException: Attempt to invoke interface method 'void android.app.IActivityManager.handleApplicationCrash(android.os.IBinder, android.app.ApplicationErrorReport$ParcelableCrashInfo)' on a null object reference
01-01 08:18:48.411 31564 31564 E AndroidRuntime: at com.android.internal.os.RuntimeInit$KillApplicationHandler.uncaughtException(RuntimeInit.java:156)
01-01 08:18:48.411 31564 31564 E AndroidRuntime: at java.lang.ThreadGroup.uncaughtException(ThreadGroup.java:1073)
01-01 08:18:48.411 31564 31564 E AndroidRuntime: at java.lang.ThreadGroup.uncaughtException(ThreadGroup.java:1068)
01-01 08:18:48.411 31564 31564 E AndroidRuntime: at java.lang.Thread.dispatchUncaughtException(Thread.java:2200)
01-01 08:18:48.557 0 0 I binder : 31651:31651 ioctl 40046210 7fe9586b44 returned -22
01-01 08:18:48.557 0 0 D ProcessState: Binder ioctl to enable oneway spam detection failed: Invalid argument
01-01 08:18:48.558 0 0 D vdc : Waited 0ms for vold
01-01 08:18:48.580 0 0 D : mv2112_read_status
01-01 08:18:48.581 0 0 D mv2112_update_link: 3.0x901(1G): 0x80
01-01 08:18:48.581 0 0 D mv2112_update_link: 3.0x8109(100M): 0x0
01-01 08:18:48.581 0 0 D mv2112_update_link: link 0x0
01-01 08:18:48.581 0 0 D mv2112_read_status: autoneg is disabled
01-01 08:18:49.251 0 0 I binder : 31657:31657 ioctl 40046210 7feba0d0c4 returned -22
01-01 08:18:49.253 0 0 I binder : 31657:31657 ioctl 40046210 7feba0d044 returned -22
01-01 08:18:49.437 0 0 I binder : 31656:31656 ioctl 40046210 ff805838 returned -22
01-01 08:18:49.439 0 0 I binder : 31656:31656 ioctl 40046210 ff805820 returned -22
01-01 08:18:49.604 0 0 D : mv2112_read_status
01-01 08:18:49.605 0 0 D mv2112_update_link: 3.0x901(1G): 0x80
01-01 08:18:49.605 0 0 D mv2112_update_link: 3.0x8109(100M): 0x0
01-01 08:18:49.605 0 0 D mv2112_update_link: link 0x0
01-01 08:18:49.605 0 0 D mv2112_read_status: autoneg is disabled
01-01 08:18:49.814 0 0 I binder : 31655:31655 ioctl 40046210 7ff16fd374 returned -22
01-01 08:18:49.817 0 0 I binder : 31655:31655 ioctl 40046210 7ff16fd394 returned -22
01-01 08:18:50.628 0 0 D : mv2112_read_status
01-01 08:18:50.629 0 0 D mv2112_update_link: 3.0x901(1G): 0x80
01-01 08:18:50.629 0 0 D mv2112_update_link: 3.0x8109(100M): 0x0
01-01 08:18:50.629 0 0 D mv2112_update_link: link 0x0
01-01 08:18:50.629 0 0 D mv2112_read_status: autoneg is disabled
01-01 08:18:50.766 0 0 E init : Control message: Could not find 'android.frameworks.sensorservice@1.0::ISensorManager/default' for ctl.interface_start from pid: 517 (/system/bin/hwservicemanager)
01-01 08:18:50.822 0 0 E init : Control message: Could not find 'android.frameworks.sensorservice@1.0::ISensorManager/default' for ctl.interface_start from pid: 517 (/system/bin/hwservicemanager)
01-01 08:18:51.242 0 0 I init : starting service 'qvrd_vndr'...
01-01 08:18:51.243 0 0 I init : Created socket '/dev/socket/qvrservice_vndr', mode 660, user 1000, group 1000
01-01 08:18:51.243 0 0 I init : Created socket '/dev/socket/qvrservice_vndr_camera', mode 660, user 1000, group 1000
01-01 08:18:51.253 0 0 I init : starting service 'sxrd'...
01-01 08:18:51.263 0 0 I init : starting service 'vendor.audio-hal'...
01-01 08:18:51.259 31669 31669 F linker : CANNOT LINK EXECUTABLE "/vendor/bin/hw/qvrservice": library "vendor.qti.hardware.qxr-V1-ndk_platform.so" not found: needed by /vendor/lib64/libqvrservice.so in namespace (default)
01-01 08:18:51.263 31670 31670 F linker : CANNOT LINK EXECUTABLE "/vendor/bin/hw/sxrservice": library "vendor.qti.hardware.qxr-V1-ndk_platform.so" not found: needed by main executable
01-01 08:18:51.272 0 0 I init : Service 'qvrd_vndr' (pid 31669) exited with status 1
01-01 08:18:51.272 0 0 I init : Sending signal 9 to service 'qvrd_vndr' (pid 31669) process group...
01-01 08:18:51.273 0 0 I libprocessgroup: Successfully killed process cgroup uid 1000 pid 31669 in 0ms
01-01 08:18:51.652 0 0 D : mv2112_read_status
01-01 08:18:51.653 0 0 D mv2112_update_link: 3.0x901(1G): 0x80
01-01 08:18:51.653 0 0 D mv2112_update_link: 3.0x8109(100M): 0x0
01-01 08:18:51.653 0 0 D mv2112_update_link: link 0x0
01-01 08:18:51.653 0 0 D mv2112_read_status: autoneg is disabled
01-01 08:18:51.655 0 0 I binder : 31678:31678 ioctl 40046210 7fc07dcc14 returned -22
01-01 08:18:51.656 0 0 I binder : 31678:31678 ioctl 40046210 7fc07dcc34 returned -22
01-01 08:18:52.115 0 0 E : msm_qti_pp_get_rms_value_control, back not active to query rms be_idx:3
01-01 08:18:52.137 0 0 I core_get_license_status: cmdrsp_license_result.result = 0x15 for module 0x131ff
01-01 08:18:52.138 0 0 E msm_ext_disp_update_audio_ops: Display not found (EXT_DISPLAY_TYPE_DP) ctld (0) stream (0)
01-01 08:18:52.148 0 0 E msm_ext_disp_update_audio_ops: Display not found (EXT_DISPLAY_TYPE_HDMI) ctld (0) stream (0)
01-01 08:18:52.158 0 0 E msm_ext_disp_update_audio_ops: Display not found (EXT_DISPLAY_TYPE_DP) ctld (0) stream (0)
01-01 08:18:52.167 0 0 E msm_ext_disp_update_audio_ops: Display not found (EXT_DISPLAY_TYPE_DP) ctld (0) stream (0)
01-01 08:18:52.178 0 0 E msm_ext_disp_update_audio_ops: Display not found (EXT_DISPLAY_TYPE_DP) ctld (0) stream (0)
01-01 08:18:52.187 0 0 E msm-ext-disp-audio-codec-rx soc: qcom,msm-ext-disp:qcom,msm-ext-disp-audio-codec-rx: msm_ext_disp_audio_type_get: get_audio_edid_blk() or get_intf_id is NULL
01-01 08:18:52.203 0 0 E msm_ext_disp_update_audio_ops: Display not found (EXT_DISPLAY_TYPE_DP) ctld (0) stream (0)
01-01 08:18:52.213 0 0 E msm-ext-disp-audio-codec-rx soc: qcom,msm-ext-disp:qcom,msm-ext-disp-audio-codec-rx: msm_ext_disp_audio_type_get: get_audio_edid_blk() or get_intf_id is NULL
01-01 08:18:52.229 0 0 E msm_ext_disp_update_audio_ops: Display not found (EXT_DISPLAY_TYPE_DP) ctld (0) stream (0)
01-01 08:18:52.238 0 0 E msm-ext-disp-audio-codec-rx soc: qcom,msm-ext-disp:qcom,msm-ext-disp-audio-codec-rx: msm_ext_disp_audio_type_get: get_audio_edid_blk() or get_intf_id is NULL
01-01 08:18:52.255 0 0 E msm-ext-disp-audio-codec-rx soc: qcom,msm-ext-disp:qcom,msm-ext-disp-audio-codec-rx: msm_ext_disp_audio_device_get: invalid dai id: 4
01-01 08:18:52.318 0 0 E : msm_pcm_volume_ctl_get substream not found
01-01 08:18:52.665 0 0 E : msm_qti_pp_get_rms_value_control, back not active to query rms be_idx:3
01-01 08:18:52.676 0 0 D : mv2112_read_status
01-01 08:18:52.677 0 0 D mv2112_update_link: 3.0x901(1G): 0x80
01-01 08:18:52.677 0 0 D mv2112_update_link: 3.0x8109(100M): 0x0
01-01 08:18:52.677 0 0 D mv2112_update_link: link 0x0
01-01 08:18:52.677 0 0 D mv2112_read_status: autoneg is disabled
01-01 08:18:52.686 0 0 I core_get_license_status: cmdrsp_license_result.result = 0x15 for module 0x131ff
01-01 08:18:52.687 0 0 E msm_ext_disp_update_audio_ops: Display not found (EXT_DISPLAY_TYPE_DP) ctld (0) stream (0)
01-01 08:18:52.697 0 0 E msm_ext_disp_update_audio_ops: Display not found (EXT_DISPLAY_TYPE_HDMI) ctld (0) stream (0)
01-01 08:18:52.707 0 0 E msm_ext_disp_update_audio_ops: Display not found (EXT_DISPLAY_TYPE_DP) ctld (0) stream (0)
01-01 08:18:52.716 0 0 E msm_ext_disp_update_audio_ops: Display not found (EXT_DISPLAY_TYPE_DP) ctld (0) stream (0)
01-01 08:18:52.727 0 0 E msm_ext_disp_update_audio_ops: Display not found (EXT_DISPLAY_TYPE_DP) ctld (0) stream (0)
01-01 08:18:52.736 0 0 E msm-ext-disp-audio-codec-rx soc: qcom,msm-ext-disp:qcom,msm-ext-disp-audio-codec-rx: msm_ext_disp_audio_type_get: get_audio_edid_blk() or get_intf_id is NULL
01-01 08:18:52.752 0 0 E msm_ext_disp_update_audio_ops: Display not found (EXT_DISPLAY_TYPE_DP) ctld (0) stream (0)
01-01 08:18:52.762 0 0 E msm-ext-disp-audio-codec-rx soc: qcom,msm-ext-disp:qcom,msm-ext-disp-audio-codec-rx: msm_ext_disp_audio_type_get: get_audio_edid_blk() or get_intf_id is NULL
01-01 08:18:52.778 0 0 E msm_ext_disp_update_audio_ops: Display not found (EXT_DISPLAY_TYPE_DP) ctld (0) stream (0)
01-01 08:18:52.787 0 0 E msm-ext-disp-audio-codec-rx soc: qcom,msm-ext-disp:qcom,msm-ext-disp-audio-codec-rx: msm_ext_disp_audio_type_get: get_audio_edid_blk() or get_intf_id is NULL
01-01 08:18:52.804 0 0 E msm-ext-disp-audio-codec-rx soc: qcom,msm-ext-disp:qcom,msm-ext-disp-audio-codec-rx: msm_ext_disp_audio_device_get: invalid dai id: 4
01-01 08:18:52.856 0 0 I binder : 31704:31704 ioctl 40046210 7fe0a8c5b4 returned -22
01-01 08:18:52.863 0 0 E : msm_pcm_volume_ctl_get substream not found
01-01 08:18:53.153 0 0 I binder : 31723:31723 ioctl 40046210 7ff5556494 returned -22
01-01 08:18:53.156 0 0 I binder : 31723:31723 ioctl 40046210 7ff55566a4 returned -22
01-01 08:18:53.181 0 0 I binder : 31704:31704 ioctl 40046210 7fe0a8bcb4 returned -22
01-01 08:18:53.354 31704 31704 E AndroidRuntime: *** FATAL EXCEPTION IN SYSTEM PROCESS: main
01-01 08:18:53.354 31704 31704 E AndroidRuntime: java.lang.NullPointerException: Attempt to read from field 'java.lang.String com.android.server.pm.Settings$VersionInfo.fingerprint' on a null object reference
01-01 08:18:53.354 31704 31704 E AndroidRuntime: at com.android.server.pm.PackageManagerService.(PackageManagerService.java:7608)
01-01 08:18:53.354 31704 31704 E AndroidRuntime: at com.android.server.pm.PackageManagerService.main(PackageManagerService.java:7116)
01-01 08:18:53.354 31704 31704 E AndroidRuntime: at com.android.server.SystemServer.startBootstrapServices(SystemServer.java:1168)
01-01 08:18:53.354 31704 31704 E AndroidRuntime: at com.android.server.SystemServer.run(SystemServer.java:882)
01-01 08:18:53.354 31704 31704 E AndroidRuntime: at com.android.server.SystemServer.main(SystemServer.java:615)
01-01 08:18:53.354 31704 31704 E AndroidRuntime: at java.lang.reflect.Method.invoke(Native Method)
01-01 08:18:53.354 31704 31704 E AndroidRuntime: at com.android.internal.os.RuntimeInit$MethodAndArgsCaller.run(RuntimeInit.java:548)
01-01 08:18:53.354 31704 31704 E AndroidRuntime: at com.android.internal.os.ZygoteInit.main(ZygoteInit.java:987)
01-01 08:18:53.355 31704 31704 E AndroidRuntime: Error reporting crash
01-01 08:18:53.355 31704 31704 E AndroidRuntime: java.lang.NullPointerException: Attempt to invoke interface method 'void android.app.IActivityManager.handleApplicationCrash(android.os.IBinder, android.app.ApplicationErrorReport$ParcelableCrashInfo)' on a null object reference
01-01 08:18:53.355 31704 31704 E AndroidRuntime: at com.android.internal.os.RuntimeInit$KillApplicationHandler.uncaughtException(RuntimeInit.java:156)
01-01 08:18:53.355 31704 31704 E AndroidRuntime: at java.lang.ThreadGroup.uncaughtException(ThreadGroup.java:1073)
01-01 08:18:53.355 31704 31704 E AndroidRuntime: at java.lang.ThreadGroup.uncaughtException(ThreadGroup.java:1068)
01-01 08:18:53.355 31704 31704 E AndroidRuntime: at java.lang.Thread.dispatchUncaughtException(Thread.java:2200)
01-01 08:18:53.511 0 0 I binder : undelivered TRANSACTION_COMPLETE
01-01 08:18:53.511 0 0 I binder : undelivered transaction 452299, process died.
01-01 08:18:53.513 0 0 I binder : 31788:31788 ioctl 40046210 7fd9636d54 returned -22
01-01 08:18:53.514 0 0 D ProcessState: Binder ioctl to enable oneway spam detection failed: Invalid argument
01-01 08:18:53.514 0 0 D vdc : Waited 0ms for vold
01-01 08:18:53.704 0 0 D : mv2112_read_status
01-01 08:18:53.705 0 0 D mv2112_update_link: 3.0x901(1G): 0x80
01-01 08:18:53.705 0 0 D mv2112_update_link: 3.0x8109(100M): 0x0
01-01 08:18:53.705 0 0 D mv2112_update_link: link 0x0
01-01 08:18:53.705 0 0 D mv2112_read_status: autoneg is disabled
01-01 08:18:54.258 0 0 I binder : 31795:31795 ioctl 40046210 7fe1049c44 returned -22
01-01 08:18:54.260 0 0 I binder : 31795:31795 ioctl 40046210 7fe1049bc4 returned -22
01-01 08:18:54.443 0 0 I binder : 31794:31794 ioctl 40046210 ffcf4878 returned -22
01-01 08:18:54.445 0 0 I binder : 31794:31794 ioctl 40046210 ffcf4860 returned -22
01-01 08:18:54.724 0 0 D : mv2112_read_status
01-01 08:18:54.725 0 0 D mv2112_update_link: 3.0x901(1G): 0x80
