01-01 08:07:16.997 0 0 I binder : 12384:12384 ioctl 40046210 7fe8888bf4 returned -22
01-01 08:07:17.186 12384 12384 E AndroidRuntime: *** FATAL EXCEPTION IN SYSTEM PROCESS: main
01-01 08:07:17.186 12384 12384 E AndroidRuntime: java.lang.NullPointerException: Attempt to read from field 'java.lang.String com.android.server.pm.Settings$VersionInfo.fingerprint' on a null object reference
01-01 08:07:17.186 12384 12384 E AndroidRuntime: at com.android.server.pm.PackageManagerService.(PackageManagerService.java:7608)
01-01 08:07:17.186 12384 12384 E AndroidRuntime: at com.android.server.pm.PackageManagerService.main(PackageManagerService.java:7116)
01-01 08:07:17.186 12384 12384 E AndroidRuntime: at com.android.server.SystemServer.startBootstrapServices(SystemServer.java:1168)
01-01 08:07:17.186 12384 12384 E AndroidRuntime: at com.android.server.SystemServer.run(SystemServer.java:882)
01-01 08:07:17.186 12384 12384 E AndroidRuntime: at com.android.server.SystemServer.main(SystemServer.java:615)
01-01 08:07:17.186 12384 12384 E AndroidRuntime: at java.lang.reflect.Method.invoke(Native Method)
01-01 08:07:17.186 12384 12384 E AndroidRuntime: at com.android.internal.os.RuntimeInit$MethodAndArgsCaller.run(RuntimeInit.java:548)
01-01 08:07:17.186 12384 12384 E AndroidRuntime: at com.android.internal.os.ZygoteInit.main(ZygoteInit.java:987)
01-01 08:07:17.187 12384 12384 E AndroidRuntime: Error reporting crash
01-01 08:07:17.187 12384 12384 E AndroidRuntime: java.lang.NullPointerException: Attempt to invoke interface method 'void android.app.IActivityManager.handleApplicationCrash(android.os.IBinder, android.app.ApplicationErrorReport$ParcelableCrashInfo)' on a null object reference
01-01 08:07:17.187 12384 12384 E AndroidRuntime: at com.android.internal.os.RuntimeInit$KillApplicationHandler.uncaughtException(RuntimeInit.java:156)
01-01 08:07:17.187 12384 12384 E AndroidRuntime: at java.lang.ThreadGroup.uncaughtException(ThreadGroup.java:1073)
01-01 08:07:17.187 12384 12384 E AndroidRuntime: at java.lang.ThreadGroup.uncaughtException(ThreadGroup.java:1068)
01-01 08:07:17.187 12384 12384 E AndroidRuntime: at java.lang.Thread.dispatchUncaughtException(Thread.java:2200)
01-01 08:07:17.328 0 0 I binder : undelivered TRANSACTION_COMPLETE
01-01 08:07:17.328 0 0 I binder : undelivered transaction 164489, process died.
01-01 08:07:17.331 0 0 I binder : 12445:12445 ioctl 40046210 7fc3820f94 returned -22
01-01 08:07:17.331 0 0 D ProcessState: Binder ioctl to enable oneway spam detection failed: Invalid argument
01-01 08:07:17.332 0 0 D vdc : Waited 0ms for vold
01-01 08:07:17.924 0 0 D : mv2112_read_status
01-01 08:07:17.925 0 0 D mv2112_update_link: 3.0x901(1G): 0x80
01-01 08:07:17.925 0 0 D mv2112_update_link: 3.0x8109(100M): 0x0
01-01 08:07:17.925 0 0 D mv2112_update_link: link 0x0
01-01 08:07:17.925 0 0 D mv2112_read_status: autoneg is disabled
01-01 08:07:17.989 0 0 I binder : 12450:12450 ioctl 40046210 7fc2f391d4 returned -22
01-01 08:07:17.992 0 0 I binder : 12450:12450 ioctl 40046210 7fc2f39154 returned -22
01-01 08:07:18.065 0 0 I binder : 12448:12448 ioctl 40046210 ffe9d548 returned -22
01-01 08:07:18.067 0 0 I binder : 12448:12448 ioctl 40046210 ffe9d530 returned -22
01-01 08:07:18.373 0 0 I binder : 12446:12446 ioctl 40046210 7ff09c94a4 returned -22
01-01 08:07:18.375 0 0 I binder : 12446:12446 ioctl 40046210 7ff09c94c4 returned -22
01-01 08:07:18.948 0 0 D : mv2112_read_status
01-01 08:07:18.949 0 0 D mv2112_update_link: 3.0x901(1G): 0x80
01-01 08:07:18.949 0 0 D mv2112_update_link: 3.0x8109(100M): 0x0
01-01 08:07:18.949 0 0 D mv2112_update_link: link 0x0
01-01 08:07:18.949 0 0 D mv2112_read_status: autoneg is disabled
01-01 08:07:19.840 0 0 E init : Control message: Could not find 'android.frameworks.sensorservice@1.0::ISensorManager/default' for ctl.interface_start from pid: 517 (/system/bin/hwservicemanager)
01-01 08:07:19.858 0 0 E init : Control message: Could not find 'android.frameworks.sensorservice@1.0::ISensorManager/default' for ctl.interface_start from pid: 517 (/system/bin/hwservicemanager)
01-01 08:07:19.972 0 0 D : mv2112_read_status
01-01 08:07:19.973 0 0 D mv2112_update_link: 3.0x901(1G): 0x80
01-01 08:07:19.973 0 0 D mv2112_update_link: 3.0x8109(100M): 0x0
01-01 08:07:19.973 0 0 D mv2112_update_link: link 0x0
01-01 08:07:19.973 0 0 D mv2112_read_status: autoneg is disabled
01-01 08:07:20.041 0 0 I init : starting service 'qvrd_vndr'...
01-01 08:07:20.042 0 0 I init : Created socket '/dev/socket/qvrservice_vndr', mode 660, user 1000, group 1000
01-01 08:07:20.042 0 0 I init : Created socket '/dev/socket/qvrservice_vndr_camera', mode 660, user 1000, group 1000
01-01 08:07:20.052 0 0 I init : starting service 'sxrd'...
01-01 08:07:20.062 0 0 I init : starting service 'vendor.audio-hal'...
01-01 08:07:20.058 12462 12462 F linker : CANNOT LINK EXECUTABLE "/vendor/bin/hw/qvrservice": library "vendor.qti.hardware.qxr-V1-ndk_platform.so" not found: needed by /vendor/lib64/libqvrservice.so in namespace (default)
01-01 08:07:20.061 12463 12463 F linker : CANNOT LINK EXECUTABLE "/vendor/bin/hw/sxrservice": library "vendor.qti.hardware.qxr-V1-ndk_platform.so" not found: needed by main executable
01-01 08:07:20.071 0 0 I init : Service 'qvrd_vndr' (pid 12462) exited with status 1
01-01 08:07:20.071 0 0 I init : Sending signal 9 to service 'qvrd_vndr' (pid 12462) process group...
01-01 08:07:20.071 0 0 I libprocessgroup: Successfully killed process cgroup uid 1000 pid 12462 in 0ms
01-01 08:07:20.421 0 0 I binder : 12471:12471 ioctl 40046210 7fdeb0e014 returned -22
01-01 08:07:20.421 0 0 I binder : 12471:12471 ioctl 40046210 7fdeb0e034 returned -22
01-01 08:07:20.936 0 0 E : msm_qti_pp_get_rms_value_control, back not active to query rms be_idx:3
01-01 08:07:20.958 0 0 I core_get_license_status: cmdrsp_license_result.result = 0x15 for module 0x131ff
01-01 08:07:20.959 0 0 E msm_ext_disp_update_audio_ops: Display not found (EXT_DISPLAY_TYPE_DP) ctld (0) stream (0)
01-01 08:07:20.969 0 0 E msm_ext_disp_update_audio_ops: Display not found (EXT_DISPLAY_TYPE_HDMI) ctld (0) stream (0)
01-01 08:07:20.979 0 0 E msm_ext_disp_update_audio_ops: Display not found (EXT_DISPLAY_TYPE_DP) ctld (0) stream (0)
01-01 08:07:20.989 0 0 E msm_ext_disp_update_audio_ops: Display not found (EXT_DISPLAY_TYPE_DP) ctld (0) stream (0)
01-01 08:07:20.999 0 0 E msm_ext_disp_update_audio_ops: Display not found (EXT_DISPLAY_TYPE_DP) ctld (0) stream (0)
01-01 08:07:21.011 0 0 D : mv2112_read_status
01-01 08:07:21.011 0 0 D mv2112_update_link: 3.0x901(1G): 0x80
01-01 08:07:21.011 0 0 D mv2112_update_link: 3.0x8109(100M): 0x0
01-01 08:07:21.011 0 0 D mv2112_update_link: link 0x0
01-01 08:07:21.011 0 0 D mv2112_read_status: autoneg is disabled
01-01 08:07:21.012 0 0 E msm-ext-disp-audio-codec-rx soc: qcom,msm-ext-disp:qcom,msm-ext-disp-audio-codec-rx: msm_ext_disp_audio_type_get: get_audio_edid_blk() or get_intf_id is NULL
01-01 08:07:21.028 0 0 E msm_ext_disp_update_audio_ops: Display not found (EXT_DISPLAY_TYPE_DP) ctld (0) stream (0)
01-01 08:07:21.037 0 0 E msm-ext-disp-audio-codec-rx soc: qcom,msm-ext-disp:qcom,msm-ext-disp-audio-codec-rx: msm_ext_disp_audio_type_get: get_audio_edid_blk() or get_intf_id is NULL
01-01 08:07:21.053 0 0 E msm_ext_disp_update_audio_ops: Display not found (EXT_DISPLAY_TYPE_DP) ctld (0) stream (0)
01-01 08:07:21.063 0 0 E msm-ext-disp-audio-codec-rx soc: qcom,msm-ext-disp:qcom,msm-ext-disp-audio-codec-rx: msm_ext_disp_audio_type_get: get_audio_edid_blk() or get_intf_id is NULL
01-01 08:07:21.080 0 0 E msm-ext-disp-audio-codec-rx soc: qcom,msm-ext-disp:qcom,msm-ext-disp-audio-codec-rx: msm_ext_disp_audio_device_get: invalid dai id: 4
01-01 08:07:21.143 0 0 E : msm_pcm_volume_ctl_get substream not found
01-01 08:07:21.317 0 0 I binder : 12494:12494 ioctl 40046210 7fd16c3974 returned -22
01-01 08:07:21.321 0 0 I binder : 12494:12494 ioctl 40046210 7fd16c3b84 returned -22
01-01 08:07:21.457 0 0 E : msm_qti_pp_get_rms_value_control, back not active to query rms be_idx:3
01-01 08:07:21.478 0 0 I core_get_license_status: cmdrsp_license_result.result = 0x15 for module 0x131ff
01-01 08:07:21.478 0 0 E msm_ext_disp_update_audio_ops: Display not found (EXT_DISPLAY_TYPE_DP) ctld (0) stream (0)
01-01 08:07:21.488 0 0 E msm_ext_disp_update_audio_ops: Display not found (EXT_DISPLAY_TYPE_HDMI) ctld (0) stream (0)
01-01 08:07:21.498 0 0 E msm_ext_disp_update_audio_ops: Display not found (EXT_DISPLAY_TYPE_DP) ctld (0) stream (0)
01-01 08:07:21.507 0 0 E msm_ext_disp_update_audio_ops: Display not found (EXT_DISPLAY_TYPE_DP) ctld (0) stream (0)
01-01 08:07:21.518 0 0 E msm_ext_disp_update_audio_ops: Display not found (EXT_DISPLAY_TYPE_DP) ctld (0) stream (0)
01-01 08:07:21.527 0 0 E msm-ext-disp-audio-codec-rx soc: qcom,msm-ext-disp:qcom,msm-ext-disp-audio-codec-rx: msm_ext_disp_audio_type_get: get_audio_edid_blk() or get_intf_id is NULL
01-01 08:07:21.543 0 0 E msm_ext_disp_update_audio_ops: Display not found (EXT_DISPLAY_TYPE_DP) ctld (0) stream (0)
01-01 08:07:21.553 0 0 E msm-ext-disp-audio-codec-rx soc: qcom,msm-ext-disp:qcom,msm-ext-disp-audio-codec-rx: msm_ext_disp_audio_type_get: get_audio_edid_blk() or get_intf_id is NULL
01-01 08:07:21.569 0 0 E msm_ext_disp_update_audio_ops: Display not found (EXT_DISPLAY_TYPE_DP) ctld (0) stream (0)
01-01 08:07:21.579 0 0 E msm-ext-disp-audio-codec-rx soc: qcom,msm-ext-disp:qcom,msm-ext-disp-audio-codec-rx: msm_ext_disp_audio_type_get: get_audio_edid_blk() or get_intf_id is NULL
01-01 08:07:21.595 0 0 E msm-ext-disp-audio-codec-rx soc: qcom,msm-ext-disp:qcom,msm-ext-disp-audio-codec-rx: msm_ext_disp_audio_device_get: invalid dai id: 4
01-01 08:07:21.654 0 0 E : msm_pcm_volume_ctl_get substream not found
01-01 08:07:21.730 0 0 I binder : 12515:12515 ioctl 40046210 7fc9dae674 returned -22
01-01 08:07:22.020 0 0 D : mv2112_read_status
01-01 08:07:22.021 0 0 D mv2112_update_link: 3.0x901(1G): 0x80
01-01 08:07:22.021 0 0 D mv2112_update_link: 3.0x8109(100M): 0x0
01-01 08:07:22.021 0 0 D mv2112_update_link: link 0x0
01-01 08:07:22.021 0 0 D mv2112_read_status: autoneg is disabled
01-01 08:07:22.027 0 0 I binder : 12515:12515 ioctl 40046210 7fc9dadd74 returned -22
01-01 08:07:22.227 12515 12515 E AndroidRuntime: *** FATAL EXCEPTION IN SYSTEM PROCESS: main
01-01 08:07:22.227 12515 12515 E AndroidRuntime: java.lang.NullPointerException: Attempt to read from field 'java.lang.String com.android.server.pm.Settings$VersionInfo.fingerprint' on a null object reference
01-01 08:07:22.227 12515 12515 E AndroidRuntime: at com.android.server.pm.PackageManagerService.(PackageManagerService.java:7608)
01-01 08:07:22.227 12515 12515 E AndroidRuntime: at com.android.server.pm.PackageManagerService.main(PackageManagerService.java:7116)
01-01 08:07:22.227 12515 12515 E AndroidRuntime: at com.android.server.SystemServer.startBootstrapServices(SystemServer.java:1168)
01-01 08:07:22.227 12515 12515 E AndroidRuntime: at com.android.server.SystemServer.run(SystemServer.java:882)
01-01 08:07:22.227 12515 12515 E AndroidRuntime: at com.android.server.SystemServer.main(SystemServer.java:615)
01-01 08:07:22.227 12515 12515 E AndroidRuntime: at java.lang.reflect.Method.invoke(Native Method)
01-01 08:07:22.227 12515 12515 E AndroidRuntime: at com.android.internal.os.RuntimeInit$MethodAndArgsCaller.run(RuntimeInit.java:548)
01-01 08:07:22.227 12515 12515 E AndroidRuntime: at com.android.internal.os.ZygoteInit.main(ZygoteInit.java:987)
01-01 08:07:22.229 12515 12515 E AndroidRuntime: Error reporting crash
01-01 08:07:22.229 12515 12515 E AndroidRuntime: java.lang.NullPointerException: Attempt to invoke interface method 'void android.app.IActivityManager.handleApplicationCrash(android.os.IBinder, android.app.ApplicationErrorReport$ParcelableCrashInfo)' on a null object reference
01-01 08:07:22.229 12515 12515 E AndroidRuntime: at com.android.internal.os.RuntimeInit$KillApplicationHandler.uncaughtException(RuntimeInit.java:156)
01-01 08:07:22.229 12515 12515 E AndroidRuntime: at java.lang.ThreadGroup.uncaughtException(ThreadGroup.java:1073)
01-01 08:07:22.229 12515 12515 E AndroidRuntime: at java.lang.ThreadGroup.uncaughtException(ThreadGroup.java:1068)
01-01 08:07:22.229 12515 12515 E AndroidRuntime: at java.lang.Thread.dispatchUncaughtException(Thread.java:2200)
01-01 08:07:22.390 0 0 I binder : 12591:12591 ioctl 40046210 7fefd97344 returned -22
01-01 08:07:22.390 0 0 D ProcessState: Binder ioctl to enable oneway spam detection failed: Invalid argument
01-01 08:07:22.391 0 0 D vdc : Waited 0ms for vold
01-01 08:07:22.996 0 0 I binder : 12597:12597 ioctl 40046210 7ff7ea8c04 returned -22
01-01 08:07:22.998 0 0 I binder : 12597:12597 ioctl 40046210 7ff7ea8b84 returned -22
01-01 08:07:23.044 0 0 D : mv2112_read_status
01-01 08:07:23.045 0 0 D mv2112_update_link: 3.0x901(1G): 0x80
01-01 08:07:23.045 0 0 D mv2112_update_link: 3.0x8109(100M): 0x0
01-01 08:07:23.045 0 0 D mv2112_update_link: link 0x0
01-01 08:07:23.045 0 0 D mv2112_read_status: autoneg is disabled
01-01 08:07:23.070 0 0 I binder : 12595:12595 ioctl 40046210 ffedf318 returned -22
01-01 08:07:23.072 0 0 I binder : 12595:12595 ioctl 40046210 ffedf300 returned -22
01-01 08:07:23.373 0 0 I binder : 12593:12593 ioctl 40046210 7fd11b1ad4 returned -22
01-01 08:07:23.375 0 0 I binder : 12593:12593 ioctl 40046210 7fd11b1af4 returned -22
01-01 08:07:24.068 0 0 D : mv2112_read_status
01-01 08:07:24.069 0 0 D mv2112_update_link: 3.0x901(1G): 0x80
01-01 08:07:24.069 0 0 D mv2112_update_link: 3.0x8109(100M): 0x0
01-01 08:07:24.069 0 0 D mv2112_update_link: link 0x0
01-01 08:07:24.069 0 0 D mv2112_read_status: autoneg is disabled
01-01 08:07:24.848 0 0 E init : Control message: Could not find 'android.frameworks.sensorservice@1.0::ISensorManager/default' for ctl.interface_start from pid: 517 (/system/bin/hwservicemanager)
01-01 08:07:24.866 0 0 E init : Control message: Could not find 'android.frameworks.sensorservice@1.0::ISensorManager/default' for ctl.interface_start from pid: 517 (/system/bin/hwservicemanager)
01-01 08:07:25.049 0 0 I init : starting service 'qvrd_vndr'...
01-01 08:07:25.050 0 0 I init : Created socket '/dev/socket/qvrservice_vndr', mode 660, user 1000, group 1000
01-01 08:07:25.051 0 0 I init : Created socket '/dev/socket/qvrservice_vndr_camera', mode 660, user 1000, group 1000
01-01 08:07:25.062 0 0 I init : starting service 'sxrd'...
01-01 08:07:25.070 0 0 I init : starting service 'vendor.audio-hal'...
01-01 08:07:25.067 12609 12609 F linker : CANNOT LINK EXECUTABLE "/vendor/bin/hw/qvrservice": library "vendor.qti.hardware.qxr-V1-ndk_platform.so" not found: needed by /vendor/lib64/libqvrservice.so in namespace (default)
01-01 08:07:25.071 12610 12610 F linker : CANNOT LINK EXECUTABLE "/vendor/bin/hw/sxrservice": library "vendor.qti.hardware.qxr-V1-ndk_platform.so" not found: needed by main executable
01-01 08:07:25.079 0 0 I init : Service 'qvrd_vndr' (pid 12609) exited with status 1
01-01 08:07:25.079 0 0 I init : Sending signal 9 to service 'qvrd_vndr' (pid 12609) process group...
01-01 08:07:25.079 0 0 I libprocessgroup: Successfully killed process cgroup uid 1000 pid 12609 in 0ms
01-01 08:07:25.092 0 0 D : mv2112_read_status
01-01 08:07:25.093 0 0 D mv2112_update_link: 3.0x901(1G): 0x80
01-01 08:07:25.093 0 0 D mv2112_update_link: 3.0x8109(100M): 0x0
01-01 08:07:25.093 0 0 D mv2112_update_link: link 0x0
01-01 08:07:25.093 0 0 D mv2112_read_status: autoneg is disabled
01-01 08:07:25.441 0 0 I binder : 12618:12618 ioctl 40046210 7fd4ecf944 returned -22
01-01 08:07:25.442 0 0 I binder : 12618:12618 ioctl 40046210 7fd4ecf964 returned -22
01-01 08:07:25.978 0 0 E : msm_qti_pp_get_rms_value_control, back not active to query rms be_idx:3
01-01 08:07:26.003 0 0 I core_get_license_status: cmdrsp_license_result.result = 0x15 for module 0x131ff
01-01 08:07:26.005 0 0 E msm_ext_disp_update_audio_ops: Display not found (EXT_DISPLAY_TYPE_DP) ctld (0) stream (0)
01-01 08:07:26.014 0 0 E msm_ext_disp_update_audio_ops: Display not found (EXT_DISPLAY_TYPE_HDMI) ctld (0) stream (0)
01-01 08:07:26.024 0 0 E msm_ext_disp_update_audio_ops: Display not found (EXT_DISPLAY_TYPE_DP) ctld (0) stream (0)
01-01 08:07:26.034 0 0 E msm_ext_disp_update_audio_ops: Display not found (EXT_DISPLAY_TYPE_DP) ctld (0) stream (0)
01-01 08:07:26.044 0 0 E msm_ext_disp_update_audio_ops: Display not found (EXT_DISPLAY_TYPE_DP) ctld (0) stream (0)
01-01 08:07:26.054 0 0 E msm-ext-disp-audio-codec-rx soc: qcom,msm-ext-disp:qcom,msm-ext-disp-audio-codec-rx: msm_ext_disp_audio_type_get: get_audio_edid_blk() or get_intf_id is NULL
01-01 08:07:26.070 0 0 E msm_ext_disp_update_audio_ops: Display not found (EXT_DISPLAY_TYPE_DP) ctld (0) stream (0)
01-01 08:07:26.079 0 0 E msm-ext-disp-audio-codec-rx soc: qcom,msm-ext-disp:qcom,msm-ext-disp-audio-codec-rx: msm_ext_disp_audio_type_get: get_audio_edid_blk() or get_intf_id is NULL
01-01 08:07:26.095 0 0 E msm_ext_disp_update_audio_ops: Display not found (EXT_DISPLAY_TYPE_DP) ctld (0) stream (0)
01-01 08:07:26.105 0 0 E msm-ext-disp-audio-codec-rx soc: qcom,msm-ext-disp:qcom,msm-ext-disp-audio-codec-rx: msm_ext_disp_audio_type_get: get_audio_edid_blk() or get_intf_id is NULL
01-01 08:07:26.120 0 0 D : mv2112_read_status
01-01 08:07:26.121 0 0 D mv2112_update_link: 3.0x901(1G): 0x80
01-01 08:07:26.121 0 0 D mv2112_update_link: 3.0x8109(100M): 0x0
01-01 08:07:26.121 0 0 D mv2112_update_link: link 0x0
01-01 08:07:26.121 0 0 D mv2112_read_status: autoneg is disabled
01-01 08:07:26.123 0 0 E msm-ext-disp-audio-codec-rx soc: qcom,msm-ext-disp:qcom,msm-ext-disp-audio-codec-rx: msm_ext_disp_audio_device_get: invalid dai id: 4
01-01 08:07:26.194 0 0 E : msm_pcm_volume_ctl_get substream not found
01-01 08:07:26.353 0 0 I binder : 12641:12641 ioctl 40046210 7fd4b39694 returned -22
01-01 08:07:26.359 0 0 I binder : 12641:12641 ioctl 40046210 7fd4b398a4 returned -22
01-01 08:07:26.479 0 0 E : msm_qti_pp_get_rms_value_control, back not active to query rms be_idx:3
01-01 08:07:26.499 0 0 I core_get_license_status: cmdrsp_license_result.result = 0x15 for module 0x131ff
01-01 08:07:26.500 0 0 E msm_ext_disp_update_audio_ops: Display not found (EXT_DISPLAY_TYPE_DP) ctld (0) stream (0)
01-01 08:07:26.510 0 0 E msm_ext_disp_update_audio_ops: Display not found (EXT_DISPLAY_TYPE_HDMI) ctld (0) stream (0)
01-01 08:07:26.520 0 0 E msm_ext_disp_update_audio_ops: Display not found (EXT_DISPLAY_TYPE_DP) ctld (0) stream (0)
01-01 08:07:26.530 0 0 E msm_ext_disp_update_audio_ops: Display not found (EXT_DISPLAY_TYPE_DP) ctld (0) stream (0)
01-01 08:07:26.540 0 0 E msm_ext_disp_update_audio_ops: Display not found (EXT_DISPLAY_TYPE_DP) ctld (0) stream (0)
01-01 08:07:26.550 0 0 E msm-ext-disp-audio-codec-rx soc: qcom,msm-ext-disp:qcom,msm-ext-disp-audio-codec-rx: msm_ext_disp_audio_type_get: get_audio_edid_blk() or get_intf_id is NULL
01-01 08:07:26.566 0 0 E msm_ext_disp_update_audio_ops: Display not found (EXT_DISPLAY_TYPE_DP) ctld (0) stream (0)
01-01 08:07:26.575 0 0 E msm-ext-disp-audio-codec-rx soc: qcom,msm-ext-disp:qcom,msm-ext-disp-audio-codec-rx: msm_ext_disp_audio_type_get: get_audio_edid_blk() or get_intf_id is NULL
01-01 08:07:26.591 0 0 E msm_ext_disp_update_audio_ops: Display not found (EXT_DISPLAY_TYPE_DP) ctld (0) stream (0)
01-01 08:07:26.601 0 0 E msm-ext-disp-audio-codec-rx soc: qcom,msm-ext-disp:qcom,msm-ext-disp-audio-codec-rx: msm_ext_disp_audio_type_get: get_audio_edid_blk() or get_intf_id is NULL
01-01 08:07:26.618 0 0 E msm-ext-disp-audio-codec-rx soc: qcom,msm-ext-disp:qcom,msm-ext-disp-audio-codec-rx: msm_ext_disp_audio_device_get: invalid dai id: 4
01-01 08:07:26.670 0 0 I binder : 12661:12661 ioctl 40046210 7ff32208e4 returned -22
01-01 08:07:26.675 0 0 E : msm_pcm_volume_ctl_get substream not found
01-01 08:07:26.975 0 0 I binder : 12661:12661 ioctl 40046210 7ff321ffe4 returned -22
01-01 08:07:27.140 0 0 D : mv2112_read_status
01-01 08:07:27.141 0 0 D mv2112_update_link: 3.0x901(1G): 0x80
01-01 08:07:27.141 0 0 D mv2112_update_link: 3.0x8109(100M): 0x0
01-01 08:07:27.141 0 0 D mv2112_update_link: link 0x0
01-01 08:07:27.141 0 0 D mv2112_read_status: autoneg is disabled
01-01 08:07:27.171 12661 12661 E AndroidRuntime: *** FATAL EXCEPTION IN SYSTEM PROCESS: main
01-01 08:07:27.171 12661 12661 E AndroidRuntime: java.lang.NullPointerException: Attempt to read from field 'java.lang.String com.android.server.pm.Settings$VersionInfo.fingerprint' on a null object reference
01-01 08:07:27.171 12661 12661 E AndroidRuntime: at com.android.server.pm.PackageManagerService.(PackageManagerService.java:7608)
01-01 08:07:27.171 12661 12661 E AndroidRuntime: at com.android.server.pm.PackageManagerService.main(PackageManagerService.java:7116)
01-01 08:07:27.171 12661 12661 E AndroidRuntime: at com.android.server.SystemServer.startBootstrapServices(SystemServer.java:1168)
01-01 08:07:27.171 12661 12661 E AndroidRuntime: at com.android.server.SystemServer.run(SystemServer.java:882)
01-01 08:07:27.171 12661 12661 E AndroidRuntime: at com.android.server.SystemServer.main(SystemServer.java:615)
01-01 08:07:27.171 12661 12661 E AndroidRuntime: at java.lang.reflect.Method.invoke(Native Method)
01-01 08:07:27.171 12661 12661 E AndroidRuntime: at com.android.internal.os.RuntimeInit$MethodAndArgsCaller.run(RuntimeInit.java:548)
01-01 08:07:27.171 12661 12661 E AndroidRuntime: at com.android.internal.os.ZygoteInit.main(ZygoteInit.java:987)
01-01 08:07:27.172 12661 12661 E AndroidRuntime: Error reporting crash
01-01 08:07:27.172 12661 12661 E AndroidRuntime: java.lang.NullPointerException: Attempt to invoke interface method 'void android.app.IActivityManager.handleApplicationCrash(android.os.IBinder, android.app.ApplicationErrorReport$ParcelableCrashInfo)' on a null object reference
01-01 08:07:27.172 12661 12661 E AndroidRuntime: at com.android.internal.os.RuntimeInit$KillApplicationHandler.uncaughtException(RuntimeInit.java:156)
01-01 08:07:27.172 12661 12661 E AndroidRuntime: at java.lang.ThreadGroup.uncaughtException(ThreadGroup.java:1073)
01-01 08:07:27.172 12661 12661 E AndroidRuntime: at java.lang.ThreadGroup.uncaughtException(ThreadGroup.java:1068)
01-01 08:07:27.172 12661 12661 E AndroidRuntime: at java.lang.Thread.dispatchUncaughtException(Thread.java:2200)
01-01 08:07:27.334 0 0 I binder : 12730:12730 ioctl 40046210 7fe15d8ed4 returned -22
01-01 08:07:27.334 0 0 D ProcessState: Binder ioctl to enable oneway spam detection failed: Invalid argument
01-01 08:07:27.335 0 0 D vdc : Waited 0ms for vold
01-01 08:07:28.004 0 0 I binder : 12735:12735 ioctl 40046210 7ff6485394 returned -22
01-01 08:07:28.006 0 0 I binder : 12735:12735 ioctl 40046210 7ff6485314 returned -22
01-01 08:07:28.079 0 0 I binder : 12733:12733 ioctl 40046210 ffb811e8 returned -22
01-01 08:07:28.081 0 0 I binder : 12733:12733 ioctl 40046210 ffb811d0 returned -22
01-01 08:07:28.164 0 0 D : mv2112_read_status
01-01 08:07:28.165 0 0 D mv2112_update_link: 3.0x901(1G): 0x80
01-01 08:07:28.165 0 0 D mv2112_update_link: 3.0x8109(100M): 0x0
01-01 08:07:28.165 0 0 D mv2112_update_link: link 0x0
01-01 08:07:28.165 0 0 D mv2112_read_status: autoneg is disabled
01-01 08:07:28.380 0 0 I binder : 12731:12731 ioctl 40046210 7fe3efa7a4 returned -22
01-01 08:07:28.382 0 0 I binder : 12731:12731 ioctl 40046210 7fe3efa7c4 returned -22
01-01 08:07:29.188 0 0 D : mv2112_read_status
01-01 08:07:29.189 0 0 D mv2112_update_link: 3.0x901(1G): 0x80
01-01 08:07:29.189 0 0 D mv2112_update_link: 3.0x8109(100M): 0x0
01-01 08:07:29.189 0 0 D mv2112_update_link: link 0x0
01-01 08:07:29.189 0 0 D mv2112_read_status: autoneg is disabled
01-01 08:07:29.854 0 0 E init : Control message: Could not find 'android.frameworks.sensorservice@1.0::ISensorManager/default' for ctl.interface_start from pid: 517 (/system/bin/hwservicemanager)
01-01 08:07:29.871 0 0 E init : Control message: Could not find 'android.frameworks.sensorservice@1.0::ISensorManager/default' for ctl.interface_start from pid: 517 (/system/bin/hwservicemanager)
01-01 08:07:30.059 0 0 I init : starting service 'qvrd_vndr'...
01-01 08:07:30.060 0 0 I init : Created socket '/dev/socket/qvrservice_vndr', mode 660, user 1000, group 1000
01-01 08:07:30.060 0 0 I init : Created socket '/dev/socket/qvrservice_vndr_camera', mode 660, user 1000, group 1000
01-01 08:07:30.070 0 0 I init : starting service 'sxrd'...
01-01 08:07:30.079 0 0 I init : starting service 'vendor.audio-hal'...
01-01 08:07:30.076 12747 12747 F linker : CANNOT LINK EXECUTABLE "/vendor/bin/hw/qvrservice": library "vendor.qti.hardware.qxr-V1-ndk_platform.so" not found: needed by /vendor/lib64/libqvrservice.so in namespace (default)
01-01 08:07:30.079 12748 12748 F linker : CANNOT LINK EXECUTABLE "/vendor/bin/hw/sxrservice": library "vendor.qti.hardware.qxr-V1-ndk_platform.so" not found: needed by main executable
01-01 08:07:30.087 0 0 I init : Service 'qvrd_vndr' (pid 12747) exited with status 1
01-01 08:07:30.087 0 0 I init : Sending signal 9 to service 'qvrd_vndr' (pid 12747) process group...
01-01 08:07:30.087 0 0 I libprocessgroup: Successfully killed process cgroup uid 1000 pid 12747 in 0ms
01-01 08:07:30.212 0 0 D : mv2112_read_status
01-01 08:07:30.213 0 0 D mv2112_update_link: 3.0x901(1G): 0x80
01-01 08:07:30.213 0 0 D mv2112_update_link: 3.0x8109(100M): 0x0
01-01 08:07:30.213 0 0 D mv2112_update_link: link 0x0
01-01 08:07:30.213 0 0 D mv2112_read_status: autoneg is disabled
01-01 08:07:30.450 0 0 I binder : 12756:12756 ioctl 40046210 7fd3e17de4 returned -22
01-01 08:07:30.451 0 0 I binder : 12756:12756 ioctl 40046210 7fd3e17e04 returned -22
01-01 08:07:31.008 0 0 E : msm_qti_pp_get_rms_value_control, back not active to query rms be_idx:3
01-01 08:07:31.029 0 0 I core_get_license_status: cmdrsp_license_result.result = 0x15 for module 0x131ff
01-01 08:07:31.030 0 0 E msm_ext_disp_update_audio_ops: Display not found (EXT_DISPLAY_TYPE_DP) ctld (0) stream (0)
01-01 08:07:31.040 0 0 E msm_ext_disp_update_audio_ops: Display not found (EXT_DISPLAY_TYPE_HDMI) ctld (0) stream (0)
01-01 08:07:31.050 0 0 E msm_ext_disp_update_audio_ops: Display not found (EXT_DISPLAY_TYPE_DP) ctld (0) stream (0)
01-01 08:07:31.060 0 0 E msm_ext_disp_update_audio_ops: Display not found (EXT_DISPLAY_TYPE_DP) ctld (0) stream (0)
01-01 08:07:31.070 0 0 E msm_ext_disp_update_audio_ops: Display not found (EXT_DISPLAY_TYPE_DP) ctld (0) stream (0)
01-01 08:07:31.080 0 0 E msm-ext-disp-audio-codec-rx soc: qcom,msm-ext-disp:qcom,msm-ext-disp-audio-codec-rx: msm_ext_disp_audio_type_get: get_audio_edid_blk() or get_intf_id is NULL
01-01 08:07:31.096 0 0 E msm_ext_disp_update_audio_ops: Display not found (EXT_DISPLAY_TYPE_DP) ctld (0) stream (0)
01-01 08:07:31.106 0 0 E msm-ext-disp-audio-codec-rx soc: qcom,msm-ext-disp:qcom,msm-ext-disp-audio-codec-rx: msm_ext_disp_audio_type_get: get_audio_edid_blk() or get_intf_id is NULL
01-01 08:07:31.121 0 0 E msm_ext_disp_update_audio_ops: Display not found (EXT_DISPLAY_TYPE_DP) ctld (0) stream (0)
01-01 08:07:31.131 0 0 E msm-ext-disp-audio-codec-rx soc: qcom,msm-ext-disp:qcom,msm-ext-disp-audio-codec-rx: msm_ext_disp_audio_type_get: get_audio_edid_blk() or get_intf_id is NULL
01-01 08:07:31.148 0 0 E msm-ext-disp-audio-codec-rx soc: qcom,msm-ext-disp:qcom,msm-ext-disp-audio-codec-rx: msm_ext_disp_audio_device_get: invalid dai id: 4
01-01 08:07:31.211 0 0 E : msm_pcm_volume_ctl_get substream not found
01-01 08:07:31.236 0 0 D : mv2112_read_status
01-01 08:07:31.237 0 0 D mv2112_update_link: 3.0x901(1G): 0x80
01-01 08:07:31.237 0 0 D mv2112_update_link: 3.0x8109(100M): 0x0
01-01 08:07:31.237 0 0 D mv2112_update_link: link 0x0
01-01 08:07:31.237 0 0 D mv2112_read_status: autoneg is disabled
01-01 08:07:31.377 0 0 I binder : 12778:12778 ioctl 40046210 7ffd2cdd34 returned -22
01-01 08:07:31.382 0 0 I binder : 12778:12778 ioctl 40046210 7ffd2cdf44 returned -22
01-01 08:07:31.592 0 0 E : msm_qti_pp_get_rms_value_control, back not active to query rms be_idx:3
01-01 08:07:31.612 0 0 I core_get_license_status: cmdrsp_license_result.result = 0x15 for module 0x131ff
01-01 08:07:31.614 0 0 E msm_ext_disp_update_audio_ops: Display not found (EXT_DISPLAY_TYPE_DP) ctld (0) stream (0)
01-01 08:07:31.624 0 0 E msm_ext_disp_update_audio_ops: Display not found (EXT_DISPLAY_TYPE_HDMI) ctld (0) stream (0)
01-01 08:07:31.634 0 0 E msm_ext_disp_update_audio_ops: Display not found (EXT_DISPLAY_TYPE_DP) ctld (0) stream (0)
01-01 08:07:31.644 0 0 E msm_ext_disp_update_audio_ops: Display not found (EXT_DISPLAY_TYPE_DP) ctld (0) stream (0)
01-01 08:07:31.654 0 0 E msm_ext_disp_update_audio_ops: Display not found (EXT_DISPLAY_TYPE_DP) ctld (0) stream (0)
01-01 08:07:31.664 0 0 E msm-ext-disp-audio-codec-rx soc: qcom,msm-ext-disp:qcom,msm-ext-disp-audio-codec-rx: msm_ext_disp_audio_type_get: get_audio_edid_blk() or get_intf_id is NULL
01-01 08:07:31.680 0 0 E msm_ext_disp_update_audio_ops: Display not found (EXT_DISPLAY_TYPE_DP) ctld (0) stream (0)
01-01 08:07:31.689 0 0 E msm-ext-disp-audio-codec-rx soc: qcom,msm-ext-disp:qcom,msm-ext-disp-audio-codec-rx: msm_ext_disp_audio_type_get: get_audio_edid_blk() or get_intf_id is NULL
01-01 08:07:31.705 0 0 E msm_ext_disp_update_audio_ops: Display not found (EXT_DISPLAY_TYPE_DP) ctld (0) stream (0)
01-01 08:07:31.715 0 0 E msm-ext-disp-audio-codec-rx soc: qcom,msm-ext-disp:qcom,msm-ext-disp-audio-codec-rx: msm_ext_disp_audio_type_get: get_audio_edid_blk() or get_intf_id is NULL
01-01 08:07:31.734 0 0 E msm-ext-disp-audio-codec-rx soc: qcom,msm-ext-disp:qcom,msm-ext-disp-audio-codec-rx: msm_ext_disp_audio_device_get: invalid dai id: 4
01-01 08:07:31.800 0 0 E : msm_pcm_volume_ctl_get substream not found
01-01 08:07:31.806 0 0 I binder : 12799:12799 ioctl 40046210 7fd3686d94 returned -22
01-01 08:07:32.112 0 0 I binder : 12799:12799 ioctl 40046210 7fd3686494 returned -22
01-01 08:07:32.260 0 0 D : mv2112_read_status
01-01 08:07:32.261 0 0 D mv2112_update_link: 3.0x901(1G): 0x80
01-01 08:07:32.261 0 0 D mv2112_update_link: 3.0x8109(100M): 0x0
01-01 08:07:32.261 0 0 D mv2112_update_link: link 0x0
01-01 08:07:32.261 0 0 D mv2112_read_status: autoneg is disabled
01-01 08:07:32.303 12799 12799 E AndroidRuntime: *** FATAL EXCEPTION IN SYSTEM PROCESS: main
01-01 08:07:32.303 12799 12799 E AndroidRuntime: java.lang.NullPointerException: Attempt to read from field 'java.lang.String com.android.server.pm.Settings$VersionInfo.fingerprint' on a null object reference
01-01 08:07:32.303 12799 12799 E AndroidRuntime: at com.android.server.pm.PackageManagerService.(PackageManagerService.java:7608)
01-01 08:07:32.303 12799 12799 E AndroidRuntime: at com.android.server.pm.PackageManagerService.main(PackageManagerService.java:7116)
01-01 08:07:32.303 12799 12799 E AndroidRuntime: at com.android.server.SystemServer.startBootstrapServices(SystemServer.java:1168)
01-01 08:07:32.303 12799 12799 E AndroidRuntime: at com.android.server.SystemServer.run(SystemServer.java:882)
01-01 08:07:32.303 12799 12799 E AndroidRuntime: at com.android.server.SystemServer.main(SystemServer.java:615)
01-01 08:07:32.303 12799 12799 E AndroidRuntime: at java.lang.reflect.Method.invoke(Native Method)
01-01 08:07:32.303 12799 12799 E AndroidRuntime: at com.android.internal.os.RuntimeInit$MethodAndArgsCaller.run(RuntimeInit.java:548)
01-01 08:07:32.303 12799 12799 E AndroidRuntime: at com.android.internal.os.ZygoteInit.main(ZygoteInit.java:987)
01-01 08:07:32.303 12799 12799 E AndroidRuntime: Error reporting crash
01-01 08:07:32.303 12799 12799 E AndroidRuntime: java.lang.NullPointerException: Attempt to invoke interface method 'void android.app.IActivityManager.handleApplicationCrash(android.os.IBinder, android.app.ApplicationErrorReport$ParcelableCrashInfo)' on a null object reference
01-01 08:07:32.303 12799 12799 E AndroidRuntime: at com.android.internal.os.RuntimeInit$KillApplicationHandler.uncaughtException(RuntimeInit.java:156)
01-01 08:07:32.303 12799 12799 E AndroidRuntime: at java.lang.ThreadGroup.uncaughtException(ThreadGroup.java:1073)
01-01 08:07:32.303 12799 12799 E AndroidRuntime: at java.lang.ThreadGroup.uncaughtException(ThreadGroup.java:1068)
01-01 08:07:32.303 12799 12799 E AndroidRuntime: at java.lang.Thread.dispatchUncaughtException(Thread.java:2200)
01-01 08:07:32.458 0 0 I binder : 12871:12871 ioctl 40046210 7fe0d73aa4 returned -22
01-01 08:07:32.458 0 0 D ProcessState: Binder ioctl to enable oneway spam detection failed: Invalid argument
01-01 08:07:32.459 0 0 D vdc : Waited 0ms for vold
01-01 08:07:33.011 0 0 I binder : 12877:12877 ioctl 40046210 7fd91f6f24 returned -22
01-01 08:07:33.013 0 0 I binder : 12877:12877 ioctl 40046210 7fd91f6ea4 returned -22
01-01 08:07:33.086 0 0 I binder : 12875:12875 ioctl 40046210 ff806748 returned -22
01-01 08:07:33.088 0 0 I binder : 12875:12875 ioctl 40046210 ff806730 returned -22
01-01 08:07:33.284 0 0 D : mv2112_read_status
01-01 08:07:33.285 0 0 D mv2112_update_link: 3.0x901(1G): 0x80
01-01 08:07:33.285 0 0 D mv2112_update_link: 3.0x8109(100M): 0x0
01-01 08:07:33.285 0 0 D mv2112_update_link: link 0x0
01-01 08:07:33.285 0 0 D mv2112_read_status: autoneg is disabled
01-01 08:07:33.375 0 0 I binder : 12873:12873 ioctl 40046210 7fc0b3f0d4 returned -22
01-01 08:07:33.377 0 0 I binder : 12873:12873 ioctl 40046210 7fc0b3f0f4 returned -22
01-01 08:07:34.308 0 0 D : mv2112_read_status
01-01 08:07:34.309 0 0 D mv2112_update_link: 3.0x901(1G): 0x80
01-01 08:07:34.309 0 0 D mv2112_update_link: 3.0x8109(100M): 0x0
01-01 08:07:34.309 0 0 D mv2112_update_link: link 0x0
01-01 08:07:34.309 0 0 D mv2112_read_status: autoneg is disabled
01-01 08:07:34.859 0 0 E init : Control message: Could not find 'android.frameworks.sensorservice@1.0::ISensorManager/default' for ctl.interface_start from pid: 517 (/system/bin/hwservicemanager)
01-01 08:07:34.876 0 0 E init : Control message: Could not find 'android.frameworks.sensorservice@1.0::ISensorManager/default' for ctl.interface_start from pid: 517 (/system/bin/hwservicemanager)
01-01 08:07:35.067 0 0 I init : starting service 'qvrd_vndr'...
01-01 08:07:35.068 0 0 I init : Created socket '/dev/socket/qvrservice_vndr', mode 660, user 1000, group 1000
01-01 08:07:35.068 0 0 I init : Created socket '/dev/socket/qvrservice_vndr_camera', mode 660, user 1000, group 1000
01-01 08:07:35.079 0 0 I init : starting service 'sxrd'...
01-01 08:07:35.090 0 0 I init : starting service 'vendor.audio-hal'...
01-01 08:07:35.085 12889 12889 F linker : CANNOT LINK EXECUTABLE "/vendor/bin/hw/qvrservice": library "vendor.qti.hardware.qxr-V1-ndk_platform.so" not found: needed by /vendor/lib64/libqvrservice.so in namespace (default)
01-01 08:07:35.089 12890 12890 F linker : CANNOT LINK EXECUTABLE "/vendor/bin/hw/sxrservice": library "vendor.qti.hardware.qxr-V1-ndk_platform.so" not found: needed by main executable
01-01 08:07:35.098 0 0 I init : Service 'qvrd_vndr' (pid 12889) exited with status 1
01-01 08:07:35.098 0 0 I init : Sending signal 9 to service 'qvrd_vndr' (pid 12889) process group...
01-01 08:07:35.098 0 0 I libprocessgroup: Successfully killed process cgroup uid 1000 pid 12889 in 0ms
01-01 08:07:35.332 0 0 D : mv2112_read_status
01-01 08:07:35.333 0 0 D mv2112_update_link: 3.0x901(1G): 0x80
01-01 08:07:35.333 0 0 D mv2112_update_link: 3.0x8109(100M): 0x0
01-01 08:07:35.333 0 0 D mv2112_update_link: link 0x0
01-01 08:07:35.333 0 0 D mv2112_read_status: autoneg is disabled
01-01 08:07:35.443 0 0 I binder : 12898:12898 ioctl 40046210 7fdbf6c554 returned -22
01-01 08:07:35.443 0 0 I binder : 12898:12898 ioctl 40046210 7fdbf6c574 returned -22
01-01 08:07:35.974 0 0 E : msm_qti_pp_get_rms_value_control, back not active to query rms be_idx:3
01-01 08:07:35.998 0 0 I core_get_license_status: cmdrsp_license_result.result = 0x15 for module 0x131ff
01-01 08:07:36.000 0 0 E msm_ext_disp_update_audio_ops: Display not found (EXT_DISPLAY_TYPE_DP) ctld (0) stream (0)
01-01 08:07:36.011 0 0 E msm_ext_disp_update_audio_ops: Display not found (EXT_DISPLAY_TYPE_HDMI) ctld (0) stream (0)
01-01 08:07:36.021 0 0 E msm_ext_disp_update_audio_ops: Display not found (EXT_DISPLAY_TYPE_DP) ctld (0) stream (0)
01-01 08:07:36.032 0 0 E msm_ext_disp_update_audio_ops: Display not found (EXT_DISPLAY_TYPE_DP) ctld (0) stream (0)
01-01 08:07:36.043 0 0 E msm_ext_disp_update_audio_ops: Display not found (EXT_DISPLAY_TYPE_DP) ctld (0) stream (0)
01-01 08:07:36.053 0 0 E msm-ext-disp-audio-codec-rx soc: qcom,msm-ext-disp:qcom,msm-ext-disp-audio-codec-rx: msm_ext_disp_audio_type_get: get_audio_edid_blk() or get_intf_id is NULL
01-01 08:07:36.070 0 0 E msm_ext_disp_update_audio_ops: Display not found (EXT_DISPLAY_TYPE_DP) ctld (0) stream (0)
01-01 08:07:36.079 0 0 E msm-ext-disp-audio-codec-rx soc: qcom,msm-ext-disp:qcom,msm-ext-disp-audio-codec-rx: msm_ext_disp_audio_type_get: get_audio_edid_blk() or get_intf_id is NULL
01-01 08:07:36.096 0 0 E msm_ext_disp_update_audio_ops: Display not found (EXT_DISPLAY_TYPE_DP) ctld (0) stream (0)
01-01 08:07:36.106 0 0 E msm-ext-disp-audio-codec-rx soc: qcom,msm-ext-disp:qcom,msm-ext-disp-audio-codec-rx: msm_ext_disp_audio_type_get: get_audio_edid_blk() or get_intf_id is NULL
01-01 08:07:36.123 0 0 E msm-ext-disp-audio-codec-rx soc: qcom,msm-ext-disp:qcom,msm-ext-disp-audio-codec-rx: msm_ext_disp_audio_device_get: invalid dai id: 4
01-01 08:07:36.199 0 0 E : msm_pcm_volume_ctl_get substream not found
01-01 08:07:36.356 0 0 D : mv2112_read_status
01-01 08:07:36.357 0 0 D mv2112_update_link: 3.0x901(1G): 0x80
01-01 08:07:36.357 0 0 D mv2112_update_link: 3.0x8109(100M): 0x0
01-01 08:07:36.357 0 0 D mv2112_update_link: link 0x0
01-01 08:07:36.357 0 0 D mv2112_read_status: autoneg is disabled
01-01 08:07:36.410 0 0 I binder : 12921:12921 ioctl 40046210 7ff37f9134 returned -22
01-01 08:07:36.417 0 0 I binder : 12921:12921 ioctl 40046210 7ff37f9344 returned -22
01-01 08:07:36.543 0 0 E : msm_qti_pp_get_rms_value_control, back not active to query rms be_idx:3
01-01 08:07:36.564 0 0 I core_get_license_status: cmdrsp_license_result.result = 0x15 for module 0x131ff
01-01 08:07:36.564 0 0 E msm_ext_disp_update_audio_ops: Display not found (EXT_DISPLAY_TYPE_DP) ctld (0) stream (0)
01-01 08:07:36.574 0 0 E msm_ext_disp_update_audio_ops: Display not found (EXT_DISPLAY_TYPE_HDMI) ctld (0) stream (0)
01-01 08:07:36.584 0 0 E msm_ext_disp_update_audio_ops: Display not found (EXT_DISPLAY_TYPE_DP) ctld (0) stream (0)
01-01 08:07:36.594 0 0 E msm_ext_disp_update_audio_ops: Display not found (EXT_DISPLAY_TYPE_DP) ctld (0) stream (0)
01-01 08:07:36.604 0 0 E msm_ext_disp_update_audio_ops: Display not found (EXT_DISPLAY_TYPE_DP) ctld (0) stream (0)
01-01 08:07:36.614 0 0 E msm-ext-disp-audio-codec-rx soc: qcom,msm-ext-disp:qcom,msm-ext-disp-audio-codec-rx: msm_ext_disp_audio_type_get: get_audio_edid_blk() or get_intf_id is NULL
01-01 08:07:36.630 0 0 E msm_ext_disp_update_audio_ops: Display not found (EXT_DISPLAY_TYPE_DP) ctld (0) stream (0)
01-01 08:07:36.640 0 0 E msm-ext-disp-audio-codec-rx soc: qcom,msm-ext-disp:qcom,msm-ext-disp-audio-codec-rx: msm_ext_disp_audio_type_get: get_audio_edid_blk() or get_intf_id is NULL
01-01 08:07:36.656 0 0 E msm_ext_disp_update_audio_ops: Display not found (EXT_DISPLAY_TYPE_DP) ctld (0) stream (0)
01-01 08:07:36.665 0 0 E msm-ext-disp-audio-codec-rx soc: qcom,msm-ext-disp:qcom,msm-ext-disp-audio-codec-rx: msm_ext_disp_audio_type_get: get_audio_edid_blk() or get_intf_id is NULL
01-01 08:07:36.682 0 0 E msm-ext-disp-audio-codec-rx soc: qcom,msm-ext-disp:qcom,msm-ext-disp-audio-codec-rx: msm_ext_disp_audio_device_get: invalid dai id: 4
01-01 08:07:36.733 0 0 I binder : 12941:12941 ioctl 40046210 7fd5dee204 returned -22
01-01 08:07:36.739 0 0 E : msm_pcm_volume_ctl_get substream not found
01-01 08:07:37.042 0 0 I binder : 12941:12941 ioctl 40046210 7fd5ded904 returned -22
01-01 08:07:37.232 12941 12941 E AndroidRuntime: *** FATAL EXCEPTION IN SYSTEM PROCESS: main
01-01 08:07:37.232 12941 12941 E AndroidRuntime: java.lang.NullPointerException: Attempt to read from field 'java.lang.String com.android.server.pm.Settings$VersionInfo.fingerprint' on a null object reference
01-01 08:07:37.232 12941 12941 E AndroidRuntime: at com.android.server.pm.PackageManagerService.(PackageManagerService.java:7608)
01-01 08:07:37.232 12941 12941 E AndroidRuntime: at com.android.server.pm.PackageManagerService.main(PackageManagerService.java:7116)
01-01 08:07:37.232 12941 12941 E AndroidRuntime: at com.android.server.SystemServer.startBootstrapServices(SystemServer.java:1168)
01-01 08:07:37.232 12941 12941 E AndroidRuntime: at com.android.server.SystemServer.run(SystemServer.java:882)
01-01 08:07:37.232 12941 12941 E AndroidRuntime: at com.android.server.SystemServer.main(SystemServer.java:615)
01-01 08:07:37.232 12941 12941 E AndroidRuntime: at java.lang.reflect.Method.invoke(Native Method)
01-01 08:07:37.232 12941 12941 E AndroidRuntime: at com.android.internal.os.RuntimeInit$MethodAndArgsCaller.run(RuntimeInit.java:548)
01-01 08:07:37.232 12941 12941 E AndroidRuntime: at com.android.internal.os.ZygoteInit.main(ZygoteInit.java:987)
01-01 08:07:37.233 12941 12941 E AndroidRuntime: Error reporting crash
01-01 08:07:37.233 12941 12941 E AndroidRuntime: java.lang.NullPointerException: Attempt to invoke interface method 'void android.app.IActivityManager.handleApplicationCrash(android.os.IBinder, android.app.ApplicationErrorReport$ParcelableCrashInfo)' on a null object reference
01-01 08:07:37.233 12941 12941 E AndroidRuntime: at com.android.internal.os.RuntimeInit$KillApplicationHandler.uncaughtException(RuntimeInit.java:156)
01-01 08:07:37.233 12941 12941 E AndroidRuntime: at java.lang.ThreadGroup.uncaughtException(ThreadGroup.java:1073)
01-01 08:07:37.233 12941 12941 E AndroidRuntime: at java.lang.ThreadGroup.uncaughtException(ThreadGroup.java:1068)
01-01 08:07:37.233 12941 12941 E AndroidRuntime: at java.lang.Thread.dispatchUncaughtException(Thread.java:2200)
01-01 08:07:37.380 0 0 D : mv2112_read_status
01-01 08:07:37.381 0 0 D mv2112_update_link: 3.0x901(1G): 0x80
01-01 08:07:37.381 0 0 D mv2112_update_link: 3.0x8109(100M): 0x0
01-01 08:07:37.381 0 0 D mv2112_update_link: link 0x0
01-01 08:07:37.381 0 0 D mv2112_read_status: autoneg is disabled
01-01 08:07:37.393 0 0 I binder : 13006:13006 ioctl 40046210 7fe29af1a4 returned -22
01-01 08:07:37.393 0 0 D ProcessState: Binder ioctl to enable oneway spam detection failed: Invalid argument
01-01 08:07:37.394 0 0 D vdc : Waited 0ms for vold
01-01 08:07:38.019 0 0 I binder : 13016:13016 ioctl 40046210 7fc6550fc4 returned -22
01-01 08:07:38.020 0 0 I binder : 13016:13016 ioctl 40046210 7fc6550f44 returned -22
01-01 08:07:38.094 0 0 I binder : 13014:13014 ioctl 40046210 ffb80f08 returned -22
01-01 08:07:38.096 0 0 I binder : 13014:13014 ioctl 40046210 ffb80ef0 returned -22
01-01 08:07:38.382 0 0 I binder : 13012:13012 ioctl 40046210 7fccfe19f4 returned -22
01-01 08:07:38.384 0 0 I binder : 13012:13012 ioctl 40046210 7fccfe1a14 returned -22
01-01 08:07:38.404 0 0 D : mv2112_read_status
01-01 08:07:38.405 0 0 D mv2112_update_link: 3.0x901(1G): 0x80
01-01 08:07:38.405 0 0 D mv2112_update_link: 3.0x8109(100M): 0x0
01-01 08:07:38.405 0 0 D mv2112_update_link: link 0x0
01-01 08:07:38.405 0 0 D mv2112_read_status: autoneg is disabled
01-01 08:07:39.428 0 0 D : mv2112_read_status
01-01 08:07:39.429 0 0 D mv2112_update_link: 3.0x901(1G): 0x80
01-01 08:07:39.429 0 0 D mv2112_update_link: 3.0x8109(100M): 0x0
01-01 08:07:39.429 0 0 D mv2112_update_link: link 0x0
01-01 08:07:39.429 0 0 D mv2112_read_status: autoneg is disabled
01-01 08:07:39.864 0 0 E init : Control message: Could not find 'android.frameworks.sensorservice@1.0::ISensorManager/default' for ctl.interface_start from pid: 517 (/system/bin/hwservicemanager)
01-01 08:07:39.883 0 0 E init : Control message: Could not find 'android.frameworks.sensorservice@1.0::ISensorManager/default' for ctl.interface_start from pid: 517 (/system/bin/hwservicemanager)
01-01 08:07:40.076 0 0 I init : starting service 'qvrd_vndr'...
01-01 08:07:40.077 0 0 I init : Created socket '/dev/socket/qvrservice_vndr', mode 660, user 1000, group 1000
01-01 08:07:40.078 0 0 I init : Created socket '/dev/socket/qvrservice_vndr_camera', mode 660, user 1000, group 1000
01-01 08:07:40.089 0 0 I init : starting service 'sxrd'...
01-01 08:07:40.099 0 0 I init : starting service 'vendor.audio-hal'...
01-01 08:07:40.095 13028 13028 F linker : CANNOT LINK EXECUTABLE "/vendor/bin/hw/qvrservice": library "vendor.qti.hardware.qxr-V1-ndk_platform.so" not found: needed by /vendor/lib64/libqvrservice.so in namespace (default)
01-01 08:07:40.099 13029 13029 F linker : CANNOT LINK EXECUTABLE "/vendor/bin/hw/sxrservice": library "vendor.qti.hardware.qxr-V1-ndk_platform.so" not found: needed by main executable
01-01 08:07:40.108 0 0 I init : Service 'qvrd_vndr' (pid 13028) exited with status 1
01-01 08:07:40.109 0 0 I init : Sending signal 9 to service 'qvrd_vndr' (pid 13028) process group...
01-01 08:07:40.109 0 0 I libprocessgroup: Successfully killed process cgroup uid 1000 pid 13028 in 0ms
01-01 08:07:40.452 0 0 D : mv2112_read_status
01-01 08:07:40.453 0 0 D mv2112_update_link: 3.0x901(1G): 0x80
01-01 08:07:40.453 0 0 D mv2112_update_link: 3.0x8109(100M): 0x0
01-01 08:07:40.453 0 0 D mv2112_update_link: link 0x0
01-01 08:07:40.453 0 0 D mv2112_read_status: autoneg is disabled
01-01 08:07:40.474 0 0 I binder : 13037:13037 ioctl 40046210 7fc868e954 returned -22
01-01 08:07:40.475 0 0 I binder : 13037:13037 ioctl 40046210 7fc868e974 returned -22
01-01 08:07:41.057 0 0 E : msm_qti_pp_get_rms_value_control, back not active to query rms be_idx:3
01-01 08:07:41.079 0 0 I core_get_license_status: cmdrsp_license_result.result = 0x15 for module 0x131ff
01-01 08:07:41.081 0 0 E msm_ext_disp_update_audio_ops: Display not found (EXT_DISPLAY_TYPE_DP) ctld (0) stream (0)
01-01 08:07:41.093 0 0 E msm_ext_disp_update_audio_ops: Display not found (EXT_DISPLAY_TYPE_HDMI) ctld (0) stream (0)
01-01 08:07:41.103 0 0 E msm_ext_disp_update_audio_ops: Display not found (EXT_DISPLAY_TYPE_DP) ctld (0) stream (0)
01-01 08:07:41.113 0 0 E msm_ext_disp_update_audio_ops: Display not found (EXT_DISPLAY_TYPE_DP) ctld (0) stream (0)
01-01 08:07:41.123 0 0 E msm_ext_disp_update_audio_ops: Display not found (EXT_DISPLAY_TYPE_DP) ctld (0) stream (0)
01-01 08:07:41.132 0 0 E msm-ext-disp-audio-codec-rx soc: qcom,msm-ext-disp:qcom,msm-ext-disp-audio-codec-rx: msm_ext_disp_audio_type_get: get_audio_edid_blk() or get_intf_id is NULL
01-01 08:07:41.148 0 0 E msm_ext_disp_update_audio_ops: Display not found (EXT_DISPLAY_TYPE_DP) ctld (0) stream (0)
01-01 08:07:41.158 0 0 E msm-ext-disp-audio-codec-rx soc: qcom,msm-ext-disp:qcom,msm-ext-disp-audio-codec-rx: msm_ext_disp_audio_type_get: get_audio_edid_blk() or get_intf_id is NULL
01-01 08:07:41.174 0 0 E msm_ext_disp_update_audio_ops: Display not found (EXT_DISPLAY_TYPE_DP) ctld (0) stream (0)
01-01 08:07:41.184 0 0 E msm-ext-disp-audio-codec-rx soc: qcom,msm-ext-disp:qcom,msm-ext-disp-audio-codec-rx: msm_ext_disp_audio_type_get: get_audio_edid_blk() or get_intf_id is NULL
01-01 08:07:41.201 0 0 E msm-ext-disp-audio-codec-rx soc: qcom,msm-ext-disp:qcom,msm-ext-disp-audio-codec-rx: msm_ext_disp_audio_device_get: invalid dai id: 4
01-01 08:07:41.289 0 0 E : msm_pcm_volume_ctl_get substream not found
01-01 08:07:41.462 0 0 I binder : 13059:13059 ioctl 40046210 7fdaba6f14 returned -22
01-01 08:07:41.468 0 0 I binder : 13059:13059 ioctl 40046210 7fdaba7124 returned -22
01-01 08:07:41.476 0 0 D : mv2112_read_status
01-01 08:07:41.477 0 0 D mv2112_update_link: 3.0x901(1G): 0x80
01-01 08:07:41.477 0 0 D mv2112_update_link: 3.0x8109(100M): 0x0
01-01 08:07:41.477 0 0 D mv2112_update_link: link 0x0
01-01 08:07:41.477 0 0 D mv2112_read_status: autoneg is disabled
01-01 08:07:41.529 0 0 E : msm_qti_pp_get_rms_value_control, back not active to query rms be_idx:3
01-01 08:07:41.550 0 0 I core_get_license_status: cmdrsp_license_result.result = 0x15 for module 0x131ff
01-01 08:07:41.551 0 0 E msm_ext_disp_update_audio_ops: Display not found (EXT_DISPLAY_TYPE_DP) ctld (0) stream (0)
01-01 08:07:41.561 0 0 E msm_ext_disp_update_audio_ops: Display not found (EXT_DISPLAY_TYPE_HDMI) ctld (0) stream (0)
01-01 08:07:41.571 0 0 E msm_ext_disp_update_audio_ops: Display not found (EXT_DISPLAY_TYPE_DP) ctld (0) stream (0)
01-01 08:07:41.581 0 0 E msm_ext_disp_update_audio_ops: Display not found (EXT_DISPLAY_TYPE_DP) ctld (0) stream (0)
01-01 08:07:41.591 0 0 E msm_ext_disp_update_audio_ops: Display not found (EXT_DISPLAY_TYPE_DP) ctld (0) stream (0)
01-01 08:07:41.601 0 0 E msm-ext-disp-audio-codec-rx soc: qcom,msm-ext-disp:qcom,msm-ext-disp-audio-codec-rx: msm_ext_disp_audio_type_get: get_audio_edid_blk() or get_intf_id is NULL
01-01 08:07:41.617 0 0 E msm_ext_disp_update_audio_ops: Display not found (EXT_DISPLAY_TYPE_DP) ctld (0) stream (0)
01-01 08:07:41.627 0 0 E msm-ext-disp-audio-codec-rx soc: qcom,msm-ext-disp:qcom,msm-ext-disp-audio-codec-rx: msm_ext_disp_audio_type_get: get_audio_edid_blk() or get_intf_id is NULL
01-01 08:07:41.643 0 0 E msm_ext_disp_update_audio_ops: Display not found (EXT_DISPLAY_TYPE_DP) ctld (0) stream (0)
01-01 08:07:41.652 0 0 E msm-ext-disp-audio-codec-rx soc: qcom,msm-ext-disp:qcom,msm-ext-disp-audio-codec-rx: msm_ext_disp_audio_type_get: get_audio_edid_blk() or get_intf_id is NULL
01-01 08:07:41.670 0 0 E msm-ext-disp-audio-codec-rx soc: qcom,msm-ext-disp:qcom,msm-ext-disp-audio-codec-rx: msm_ext_disp_audio_device_get: invalid dai id: 4
01-01 08:07:41.736 0 0 E : msm_pcm_volume_ctl_get substream not found
01-01 08:07:41.846 0 0 I binder : 13080:13080 ioctl 40046210 7fc4ae4144 returned -22
01-01 08:07:42.130 0 0 I binder : 13080:13080 ioctl 40046210 7fc4ae3844 returned -22
01-01 08:07:42.326 13080 13080 E AndroidRuntime: *** FATAL EXCEPTION IN SYSTEM PROCESS: main
01-01 08:07:42.326 13080 13080 E AndroidRuntime: java.lang.NullPointerException: Attempt to read from field 'java.lang.String com.android.server.pm.Settings$VersionInfo.fingerprint' on a null object reference
