01-01 08:08:32.330 14500 14500 E AndroidRuntime: at com.android.internal.os.RuntimeInit$MethodAndArgsCaller.run(RuntimeInit.java:548)
01-01 08:08:32.330 14500 14500 E AndroidRuntime: at com.android.internal.os.ZygoteInit.main(ZygoteInit.java:987)
01-01 08:08:32.330 14500 14500 E AndroidRuntime: Error reporting crash
01-01 08:08:32.330 14500 14500 E AndroidRuntime: java.lang.NullPointerException: Attempt to invoke interface method 'void android.app.IActivityManager.handleApplicationCrash(android.os.IBinder, android.app.ApplicationErrorReport$ParcelableCrashInfo)' on a null object reference
01-01 08:08:32.330 14500 14500 E AndroidRuntime: at com.android.internal.os.RuntimeInit$KillApplicationHandler.uncaughtException(RuntimeInit.java:156)
01-01 08:08:32.330 14500 14500 E AndroidRuntime: at java.lang.ThreadGroup.uncaughtException(ThreadGroup.java:1073)
01-01 08:08:32.330 14500 14500 E AndroidRuntime: at java.lang.ThreadGroup.uncaughtException(ThreadGroup.java:1068)
01-01 08:08:32.330 14500 14500 E AndroidRuntime: at java.lang.Thread.dispatchUncaughtException(Thread.java:2200)
01-01 08:08:32.486 0 0 I binder : 14570:14570 ioctl 40046210 7fd9ed50d4 returned -22
01-01 08:08:32.486 0 0 D ProcessState: Binder ioctl to enable oneway spam detection failed: Invalid argument
01-01 08:08:32.487 0 0 D vdc : Waited 0ms for vold
01-01 08:08:32.740 0 0 D : mv2112_read_status
01-01 08:08:32.741 0 0 D mv2112_update_link: 3.0x901(1G): 0x80
01-01 08:08:32.741 0 0 D mv2112_update_link: 3.0x8109(100M): 0x0
01-01 08:08:32.741 0 0 D mv2112_update_link: link 0x0
01-01 08:08:32.741 0 0 D mv2112_read_status: autoneg is disabled
01-01 08:08:33.094 0 0 I binder : 14576:14576 ioctl 40046210 7fe5226f54 returned -22
01-01 08:08:33.096 0 0 I binder : 14576:14576 ioctl 40046210 7fe5226ed4 returned -22
01-01 08:08:33.166 0 0 I binder : 14575:14575 ioctl 40046210 ffe44398 returned -22
01-01 08:08:33.168 0 0 I binder : 14575:14575 ioctl 40046210 ffe44380 returned -22
01-01 08:08:33.481 0 0 I binder : 14572:14572 ioctl 40046210 7fd8af8eb4 returned -22
01-01 08:08:33.484 0 0 I binder : 14572:14572 ioctl 40046210 7fd8af8ed4 returned -22
01-01 08:08:33.764 0 0 D : mv2112_read_status
01-01 08:08:33.765 0 0 D mv2112_update_link: 3.0x901(1G): 0x80
01-01 08:08:33.765 0 0 D mv2112_update_link: 3.0x8109(100M): 0x0
01-01 08:08:33.765 0 0 D mv2112_update_link: link 0x0
01-01 08:08:33.765 0 0 D mv2112_read_status: autoneg is disabled
01-01 08:08:34.788 0 0 D : mv2112_read_status
01-01 08:08:34.789 0 0 D mv2112_update_link: 3.0x901(1G): 0x80
01-01 08:08:34.789 0 0 D mv2112_update_link: 3.0x8109(100M): 0x0
01-01 08:08:34.789 0 0 D mv2112_update_link: link 0x0
01-01 08:08:34.789 0 0 D mv2112_read_status: autoneg is disabled
01-01 08:08:34.931 0 0 E init : Control message: Could not find 'android.frameworks.sensorservice@1.0::ISensorManager/default' for ctl.interface_start from pid: 517 (/system/bin/hwservicemanager)
01-01 08:08:34.948 0 0 E init : Control message: Could not find 'android.frameworks.sensorservice@1.0::ISensorManager/default' for ctl.interface_start from pid: 517 (/system/bin/hwservicemanager)
01-01 08:08:35.172 0 0 I init : starting service 'qvrd_vndr'...
01-01 08:08:35.173 0 0 I init : Created socket '/dev/socket/qvrservice_vndr', mode 660, user 1000, group 1000
01-01 08:08:35.173 0 0 I init : Created socket '/dev/socket/qvrservice_vndr_camera', mode 660, user 1000, group 1000
01-01 08:08:35.192 0 0 I init : starting service 'sxrd'...
01-01 08:08:35.189 14588 14588 F linker : CANNOT LINK EXECUTABLE "/vendor/bin/hw/qvrservice": library "vendor.qti.hardware.qxr-V1-ndk_platform.so" not found: needed by /vendor/lib64/libqvrservice.so in namespace (default)
01-01 08:08:35.201 0 0 I init : Service 'qvrd_vndr' (pid 14588) exited with status 1
01-01 08:08:35.201 0 0 I init : Sending signal 9 to service 'qvrd_vndr' (pid 14588) process group...
01-01 08:08:35.201 0 0 I libprocessgroup: Successfully killed process cgroup uid 1000 pid 14588 in 0ms
01-01 08:08:35.203 0 0 I init : starting service 'vendor.audio-hal'...
01-01 08:08:35.202 14589 14589 F linker : CANNOT LINK EXECUTABLE "/vendor/bin/hw/sxrservice": library "vendor.qti.hardware.qxr-V1-ndk_platform.so" not found: needed by main executable
01-01 08:08:35.592 0 0 I binder : 14597:14597 ioctl 40046210 7fe52a0984 returned -22
01-01 08:08:35.592 0 0 I binder : 14597:14597 ioctl 40046210 7fe52a09a4 returned -22
01-01 08:08:35.812 0 0 D : mv2112_read_status
01-01 08:08:35.813 0 0 D mv2112_update_link: 3.0x901(1G): 0x80
01-01 08:08:35.813 0 0 D mv2112_update_link: 3.0x8109(100M): 0x0
01-01 08:08:35.813 0 0 D mv2112_update_link: link 0x0
01-01 08:08:35.813 0 0 D mv2112_read_status: autoneg is disabled
01-01 08:08:36.093 0 0 E : msm_qti_pp_get_rms_value_control, back not active to query rms be_idx:3
01-01 08:08:36.113 0 0 I core_get_license_status: cmdrsp_license_result.result = 0x15 for module 0x131ff
01-01 08:08:36.114 0 0 E msm_ext_disp_update_audio_ops: Display not found (EXT_DISPLAY_TYPE_DP) ctld (0) stream (0)
01-01 08:08:36.124 0 0 E msm_ext_disp_update_audio_ops: Display not found (EXT_DISPLAY_TYPE_HDMI) ctld (0) stream (0)
01-01 08:08:36.134 0 0 E msm_ext_disp_update_audio_ops: Display not found (EXT_DISPLAY_TYPE_DP) ctld (0) stream (0)
01-01 08:08:36.144 0 0 E msm_ext_disp_update_audio_ops: Display not found (EXT_DISPLAY_TYPE_DP) ctld (0) stream (0)
01-01 08:08:36.154 0 0 E msm_ext_disp_update_audio_ops: Display not found (EXT_DISPLAY_TYPE_DP) ctld (0) stream (0)
01-01 08:08:36.164 0 0 E msm-ext-disp-audio-codec-rx soc: qcom,msm-ext-disp:qcom,msm-ext-disp-audio-codec-rx: msm_ext_disp_audio_type_get: get_audio_edid_blk() or get_intf_id is NULL
01-01 08:08:36.180 0 0 E msm_ext_disp_update_audio_ops: Display not found (EXT_DISPLAY_TYPE_DP) ctld (0) stream (0)
01-01 08:08:36.189 0 0 E msm-ext-disp-audio-codec-rx soc: qcom,msm-ext-disp:qcom,msm-ext-disp-audio-codec-rx: msm_ext_disp_audio_type_get: get_audio_edid_blk() or get_intf_id is NULL
01-01 08:08:36.205 0 0 E msm_ext_disp_update_audio_ops: Display not found (EXT_DISPLAY_TYPE_DP) ctld (0) stream (0)
01-01 08:08:36.215 0 0 E msm-ext-disp-audio-codec-rx soc: qcom,msm-ext-disp:qcom,msm-ext-disp-audio-codec-rx: msm_ext_disp_audio_type_get: get_audio_edid_blk() or get_intf_id is NULL
01-01 08:08:36.232 0 0 E msm-ext-disp-audio-codec-rx soc: qcom,msm-ext-disp:qcom,msm-ext-disp-audio-codec-rx: msm_ext_disp_audio_device_get: invalid dai id: 4
01-01 08:08:36.297 0 0 E : msm_pcm_volume_ctl_get substream not found
01-01 08:08:36.613 0 0 I binder : 14619:14619 ioctl 40046210 7ffae696d4 returned -22
01-01 08:08:36.616 0 0 I binder : 14619:14619 ioctl 40046210 7ffae698e4 returned -22
01-01 08:08:36.736 0 0 E : msm_qti_pp_get_rms_value_control, back not active to query rms be_idx:3
01-01 08:08:36.756 0 0 I core_get_license_status: cmdrsp_license_result.result = 0x15 for module 0x131ff
01-01 08:08:36.757 0 0 E msm_ext_disp_update_audio_ops: Display not found (EXT_DISPLAY_TYPE_DP) ctld (0) stream (0)
01-01 08:08:36.767 0 0 E msm_ext_disp_update_audio_ops: Display not found (EXT_DISPLAY_TYPE_HDMI) ctld (0) stream (0)
01-01 08:08:36.777 0 0 E msm_ext_disp_update_audio_ops: Display not found (EXT_DISPLAY_TYPE_DP) ctld (0) stream (0)
01-01 08:08:36.787 0 0 E msm_ext_disp_update_audio_ops: Display not found (EXT_DISPLAY_TYPE_DP) ctld (0) stream (0)
01-01 08:08:36.797 0 0 E msm_ext_disp_update_audio_ops: Display not found (EXT_DISPLAY_TYPE_DP) ctld (0) stream (0)
01-01 08:08:36.807 0 0 E msm-ext-disp-audio-codec-rx soc: qcom,msm-ext-disp:qcom,msm-ext-disp-audio-codec-rx: msm_ext_disp_audio_type_get: get_audio_edid_blk() or get_intf_id is NULL
01-01 08:08:36.823 0 0 E msm_ext_disp_update_audio_ops: Display not found (EXT_DISPLAY_TYPE_DP) ctld (0) stream (0)
01-01 08:08:36.832 0 0 E msm-ext-disp-audio-codec-rx soc: qcom,msm-ext-disp:qcom,msm-ext-disp-audio-codec-rx: msm_ext_disp_audio_type_get: get_audio_edid_blk() or get_intf_id is NULL
01-01 08:08:36.848 0 0 D : mv2112_read_status
01-01 08:08:36.848 0 0 D mv2112_update_link: 3.0x901(1G): 0x80
01-01 08:08:36.848 0 0 D mv2112_update_link: 3.0x8109(100M): 0x0
01-01 08:08:36.848 0 0 D mv2112_update_link: link 0x0
01-01 08:08:36.848 0 0 D mv2112_read_status: autoneg is disabled
01-01 08:08:36.849 0 0 E msm_ext_disp_update_audio_ops: Display not found (EXT_DISPLAY_TYPE_DP) ctld (0) stream (0)
01-01 08:08:36.859 0 0 E msm-ext-disp-audio-codec-rx soc: qcom,msm-ext-disp:qcom,msm-ext-disp-audio-codec-rx: msm_ext_disp_audio_type_get: get_audio_edid_blk() or get_intf_id is NULL
01-01 08:08:36.876 0 0 E msm-ext-disp-audio-codec-rx soc: qcom,msm-ext-disp:qcom,msm-ext-disp-audio-codec-rx: msm_ext_disp_audio_device_get: invalid dai id: 4
01-01 08:08:36.935 0 0 E : msm_pcm_volume_ctl_get substream not found
01-01 08:08:37.046 0 0 I binder : 14641:14641 ioctl 40046210 7fd3034814 returned -22
01-01 08:08:37.343 0 0 I binder : 14641:14641 ioctl 40046210 7fd3033f14 returned -22
01-01 08:08:37.526 14641 14641 E AndroidRuntime: *** FATAL EXCEPTION IN SYSTEM PROCESS: main
01-01 08:08:37.526 14641 14641 E AndroidRuntime: java.lang.NullPointerException: Attempt to read from field 'java.lang.String com.android.server.pm.Settings$VersionInfo.fingerprint' on a null object reference
01-01 08:08:37.526 14641 14641 E AndroidRuntime: at com.android.server.pm.PackageManagerService.(PackageManagerService.java:7608)
01-01 08:08:37.526 14641 14641 E AndroidRuntime: at com.android.server.pm.PackageManagerService.main(PackageManagerService.java:7116)
01-01 08:08:37.526 14641 14641 E AndroidRuntime: at com.android.server.SystemServer.startBootstrapServices(SystemServer.java:1168)
01-01 08:08:37.526 14641 14641 E AndroidRuntime: at com.android.server.SystemServer.run(SystemServer.java:882)
01-01 08:08:37.526 14641 14641 E AndroidRuntime: at com.android.server.SystemServer.main(SystemServer.java:615)
01-01 08:08:37.526 14641 14641 E AndroidRuntime: at java.lang.reflect.Method.invoke(Native Method)
01-01 08:08:37.526 14641 14641 E AndroidRuntime: at com.android.internal.os.RuntimeInit$MethodAndArgsCaller.run(RuntimeInit.java:548)
01-01 08:08:37.526 14641 14641 E AndroidRuntime: at com.android.internal.os.ZygoteInit.main(ZygoteInit.java:987)
01-01 08:08:37.527 14641 14641 E AndroidRuntime: Error reporting crash
01-01 08:08:37.527 14641 14641 E AndroidRuntime: java.lang.NullPointerException: Attempt to invoke interface method 'void android.app.IActivityManager.handleApplicationCrash(android.os.IBinder, android.app.ApplicationErrorReport$ParcelableCrashInfo)' on a null object reference
01-01 08:08:37.527 14641 14641 E AndroidRuntime: at com.android.internal.os.RuntimeInit$KillApplicationHandler.uncaughtException(RuntimeInit.java:156)
01-01 08:08:37.527 14641 14641 E AndroidRuntime: at java.lang.ThreadGroup.uncaughtException(ThreadGroup.java:1073)
01-01 08:08:37.527 14641 14641 E AndroidRuntime: at java.lang.ThreadGroup.uncaughtException(ThreadGroup.java:1068)
01-01 08:08:37.527 14641 14641 E AndroidRuntime: at java.lang.Thread.dispatchUncaughtException(Thread.java:2200)
01-01 08:08:37.682 0 0 I binder : 14716:14716 ioctl 40046210 7ffa67e184 returned -22
01-01 08:08:37.682 0 0 D ProcessState: Binder ioctl to enable oneway spam detection failed: Invalid argument
01-01 08:08:37.683 0 0 D vdc : Waited 0ms for vold
01-01 08:08:37.860 0 0 D : mv2112_read_status
01-01 08:08:37.861 0 0 D mv2112_update_link: 3.0x901(1G): 0x80
01-01 08:08:37.861 0 0 D mv2112_update_link: 3.0x8109(100M): 0x0
01-01 08:08:37.861 0 0 D mv2112_update_link: link 0x0
01-01 08:08:37.861 0 0 D mv2112_read_status: autoneg is disabled
01-01 08:08:38.101 0 0 I binder : 14722:14722 ioctl 40046210 7ffff6fb54 returned -22
01-01 08:08:38.103 0 0 I binder : 14722:14722 ioctl 40046210 7ffff6fad4 returned -22
01-01 08:08:38.177 0 0 I binder : 14721:14721 ioctl 40046210 ffe74d38 returned -22
01-01 08:08:38.179 0 0 I binder : 14721:14721 ioctl 40046210 ffe74d20 returned -22
01-01 08:08:38.487 0 0 I binder : 14718:14718 ioctl 40046210 7ff0ed9bb4 returned -22
01-01 08:08:38.489 0 0 I binder : 14718:14718 ioctl 40046210 7ff0ed9bd4 returned -22
01-01 08:08:38.884 0 0 D : mv2112_read_status
01-01 08:08:38.885 0 0 D mv2112_update_link: 3.0x901(1G): 0x80
01-01 08:08:38.885 0 0 D mv2112_update_link: 3.0x8109(100M): 0x0
01-01 08:08:38.885 0 0 D mv2112_update_link: link 0x0
01-01 08:08:38.885 0 0 D mv2112_read_status: autoneg is disabled
01-01 08:08:39.908 0 0 D : mv2112_read_status
01-01 08:08:39.909 0 0 D mv2112_update_link: 3.0x901(1G): 0x80
01-01 08:08:39.909 0 0 D mv2112_update_link: 3.0x8109(100M): 0x0
01-01 08:08:39.909 0 0 D mv2112_update_link: link 0x0
01-01 08:08:39.909 0 0 D mv2112_read_status: autoneg is disabled
01-01 08:08:39.936 0 0 E init : Control message: Could not find 'android.frameworks.sensorservice@1.0::ISensorManager/default' for ctl.interface_start from pid: 517 (/system/bin/hwservicemanager)
01-01 08:08:39.954 0 0 E init : Control message: Could not find 'android.frameworks.sensorservice@1.0::ISensorManager/default' for ctl.interface_start from pid: 517 (/system/bin/hwservicemanager)
01-01 08:08:40.180 0 0 I init : starting service 'qvrd_vndr'...
01-01 08:08:40.181 0 0 I init : Created socket '/dev/socket/qvrservice_vndr', mode 660, user 1000, group 1000
01-01 08:08:40.181 0 0 I init : Created socket '/dev/socket/qvrservice_vndr_camera', mode 660, user 1000, group 1000
01-01 08:08:40.198 0 0 I init : starting service 'sxrd'...
01-01 08:08:40.197 14734 14734 F linker : CANNOT LINK EXECUTABLE "/vendor/bin/hw/qvrservice": library "vendor.qti.hardware.qxr-V1-ndk_platform.so" not found: needed by /vendor/lib64/libqvrservice.so in namespace (default)
01-01 08:08:40.208 0 0 I init : Service 'qvrd_vndr' (pid 14734) exited with status 1
01-01 08:08:40.208 0 0 I init : Sending signal 9 to service 'qvrd_vndr' (pid 14734) process group...
01-01 08:08:40.208 0 0 I libprocessgroup: Successfully killed process cgroup uid 1000 pid 14734 in 0ms
01-01 08:08:40.210 0 0 I init : starting service 'vendor.audio-hal'...
01-01 08:08:40.208 14735 14735 F linker : CANNOT LINK EXECUTABLE "/vendor/bin/hw/sxrservice": library "vendor.qti.hardware.qxr-V1-ndk_platform.so" not found: needed by main executable
01-01 08:08:40.573 0 0 I binder : 14743:14743 ioctl 40046210 7fc5962d44 returned -22
01-01 08:08:40.573 0 0 I binder : 14743:14743 ioctl 40046210 7fc5962d64 returned -22
01-01 08:08:40.932 0 0 D : mv2112_read_status
01-01 08:08:40.933 0 0 D mv2112_update_link: 3.0x901(1G): 0x80
01-01 08:08:40.933 0 0 D mv2112_update_link: 3.0x8109(100M): 0x0
01-01 08:08:40.933 0 0 D mv2112_update_link: link 0x0
01-01 08:08:40.933 0 0 D mv2112_read_status: autoneg is disabled
01-01 08:08:41.104 0 0 E : msm_qti_pp_get_rms_value_control, back not active to query rms be_idx:3
01-01 08:08:41.133 0 0 I core_get_license_status: cmdrsp_license_result.result = 0x15 for module 0x131ff
01-01 08:08:41.135 0 0 E msm_ext_disp_update_audio_ops: Display not found (EXT_DISPLAY_TYPE_DP) ctld (0) stream (0)
01-01 08:08:41.146 0 0 E msm_ext_disp_update_audio_ops: Display not found (EXT_DISPLAY_TYPE_HDMI) ctld (0) stream (0)
01-01 08:08:41.156 0 0 E msm_ext_disp_update_audio_ops: Display not found (EXT_DISPLAY_TYPE_DP) ctld (0) stream (0)
01-01 08:08:41.166 0 0 E msm_ext_disp_update_audio_ops: Display not found (EXT_DISPLAY_TYPE_DP) ctld (0) stream (0)
01-01 08:08:41.176 0 0 E msm_ext_disp_update_audio_ops: Display not found (EXT_DISPLAY_TYPE_DP) ctld (0) stream (0)
01-01 08:08:41.186 0 0 E msm-ext-disp-audio-codec-rx soc: qcom,msm-ext-disp:qcom,msm-ext-disp-audio-codec-rx: msm_ext_disp_audio_type_get: get_audio_edid_blk() or get_intf_id is NULL
01-01 08:08:41.202 0 0 E msm_ext_disp_update_audio_ops: Display not found (EXT_DISPLAY_TYPE_DP) ctld (0) stream (0)
01-01 08:08:41.211 0 0 E msm-ext-disp-audio-codec-rx soc: qcom,msm-ext-disp:qcom,msm-ext-disp-audio-codec-rx: msm_ext_disp_audio_type_get: get_audio_edid_blk() or get_intf_id is NULL
01-01 08:08:41.227 0 0 E msm_ext_disp_update_audio_ops: Display not found (EXT_DISPLAY_TYPE_DP) ctld (0) stream (0)
01-01 08:08:41.237 0 0 E msm-ext-disp-audio-codec-rx soc: qcom,msm-ext-disp:qcom,msm-ext-disp-audio-codec-rx: msm_ext_disp_audio_type_get: get_audio_edid_blk() or get_intf_id is NULL
01-01 08:08:41.254 0 0 E msm-ext-disp-audio-codec-rx soc: qcom,msm-ext-disp:qcom,msm-ext-disp-audio-codec-rx: msm_ext_disp_audio_device_get: invalid dai id: 4
01-01 08:08:41.317 0 0 E : msm_pcm_volume_ctl_get substream not found
01-01 08:08:41.581 0 0 I binder : 14767:14767 ioctl 40046210 7ff10b09e4 returned -22
01-01 08:08:41.586 0 0 I binder : 14767:14767 ioctl 40046210 7ff10b0bf4 returned -22
01-01 08:08:41.648 0 0 E : msm_qti_pp_get_rms_value_control, back not active to query rms be_idx:3
01-01 08:08:41.668 0 0 I core_get_license_status: cmdrsp_license_result.result = 0x15 for module 0x131ff
01-01 08:08:41.669 0 0 E msm_ext_disp_update_audio_ops: Display not found (EXT_DISPLAY_TYPE_DP) ctld (0) stream (0)
01-01 08:08:41.678 0 0 E msm_ext_disp_update_audio_ops: Display not found (EXT_DISPLAY_TYPE_HDMI) ctld (0) stream (0)
01-01 08:08:41.688 0 0 E msm_ext_disp_update_audio_ops: Display not found (EXT_DISPLAY_TYPE_DP) ctld (0) stream (0)
01-01 08:08:41.698 0 0 E msm_ext_disp_update_audio_ops: Display not found (EXT_DISPLAY_TYPE_DP) ctld (0) stream (0)
01-01 08:08:41.708 0 0 E msm_ext_disp_update_audio_ops: Display not found (EXT_DISPLAY_TYPE_DP) ctld (0) stream (0)
01-01 08:08:41.718 0 0 E msm-ext-disp-audio-codec-rx soc: qcom,msm-ext-disp:qcom,msm-ext-disp-audio-codec-rx: msm_ext_disp_audio_type_get: get_audio_edid_blk() or get_intf_id is NULL
01-01 08:08:41.734 0 0 E msm_ext_disp_update_audio_ops: Display not found (EXT_DISPLAY_TYPE_DP) ctld (0) stream (0)
01-01 08:08:41.744 0 0 E msm-ext-disp-audio-codec-rx soc: qcom,msm-ext-disp:qcom,msm-ext-disp-audio-codec-rx: msm_ext_disp_audio_type_get: get_audio_edid_blk() or get_intf_id is NULL
01-01 08:08:41.760 0 0 E msm_ext_disp_update_audio_ops: Display not found (EXT_DISPLAY_TYPE_DP) ctld (0) stream (0)
01-01 08:08:41.770 0 0 E msm-ext-disp-audio-codec-rx soc: qcom,msm-ext-disp:qcom,msm-ext-disp-audio-codec-rx: msm_ext_disp_audio_type_get: get_audio_edid_blk() or get_intf_id is NULL
01-01 08:08:41.786 0 0 E msm-ext-disp-audio-codec-rx soc: qcom,msm-ext-disp:qcom,msm-ext-disp-audio-codec-rx: msm_ext_disp_audio_device_get: invalid dai id: 4
01-01 08:08:41.843 0 0 E : msm_pcm_volume_ctl_get substream not found
01-01 08:08:41.863 0 0 I binder : 14786:14786 ioctl 40046210 7fc88130f4 returned -22
01-01 08:08:41.956 0 0 D : mv2112_read_status
01-01 08:08:41.957 0 0 D mv2112_update_link: 3.0x901(1G): 0x80
01-01 08:08:41.957 0 0 D mv2112_update_link: 3.0x8109(100M): 0x0
01-01 08:08:41.957 0 0 D mv2112_update_link: link 0x0
01-01 08:08:41.957 0 0 D mv2112_read_status: autoneg is disabled
01-01 08:08:42.163 0 0 I binder : 14786:14786 ioctl 40046210 7fc88127f4 returned -22
01-01 08:08:42.338 14786 14786 E AndroidRuntime: *** FATAL EXCEPTION IN SYSTEM PROCESS: main
01-01 08:08:42.338 14786 14786 E AndroidRuntime: java.lang.NullPointerException: Attempt to read from field 'java.lang.String com.android.server.pm.Settings$VersionInfo.fingerprint' on a null object reference
01-01 08:08:42.338 14786 14786 E AndroidRuntime: at com.android.server.pm.PackageManagerService.(PackageManagerService.java:7608)
01-01 08:08:42.338 14786 14786 E AndroidRuntime: at com.android.server.pm.PackageManagerService.main(PackageManagerService.java:7116)
01-01 08:08:42.338 14786 14786 E AndroidRuntime: at com.android.server.SystemServer.startBootstrapServices(SystemServer.java:1168)
01-01 08:08:42.338 14786 14786 E AndroidRuntime: at com.android.server.SystemServer.run(SystemServer.java:882)
01-01 08:08:42.338 14786 14786 E AndroidRuntime: at com.android.server.SystemServer.main(SystemServer.java:615)
01-01 08:08:42.338 14786 14786 E AndroidRuntime: at java.lang.reflect.Method.invoke(Native Method)
01-01 08:08:42.338 14786 14786 E AndroidRuntime: at com.android.internal.os.RuntimeInit$MethodAndArgsCaller.run(RuntimeInit.java:548)
01-01 08:08:42.338 14786 14786 E AndroidRuntime: at com.android.internal.os.ZygoteInit.main(ZygoteInit.java:987)
01-01 08:08:42.339 14786 14786 E AndroidRuntime: Error reporting crash
01-01 08:08:42.339 14786 14786 E AndroidRuntime: java.lang.NullPointerException: Attempt to invoke interface method 'void android.app.IActivityManager.handleApplicationCrash(android.os.IBinder, android.app.ApplicationErrorReport$ParcelableCrashInfo)' on a null object reference
01-01 08:08:42.339 14786 14786 E AndroidRuntime: at com.android.internal.os.RuntimeInit$KillApplicationHandler.uncaughtException(RuntimeInit.java:156)
01-01 08:08:42.339 14786 14786 E AndroidRuntime: at java.lang.ThreadGroup.uncaughtException(ThreadGroup.java:1073)
01-01 08:08:42.339 14786 14786 E AndroidRuntime: at java.lang.ThreadGroup.uncaughtException(ThreadGroup.java:1068)
01-01 08:08:42.339 14786 14786 E AndroidRuntime: at java.lang.Thread.dispatchUncaughtException(Thread.java:2200)
01-01 08:08:42.489 0 0 I binder : 14857:14857 ioctl 40046210 7fd60fbd34 returned -22
01-01 08:08:42.489 0 0 D ProcessState: Binder ioctl to enable oneway spam detection failed: Invalid argument
01-01 08:08:42.490 0 0 D vdc : Waited 0ms for vold
01-01 08:08:42.985 0 0 D : mv2112_read_status
01-01 08:08:42.985 0 0 D mv2112_update_link: 3.0x901(1G): 0x80
01-01 08:08:42.985 0 0 D mv2112_update_link: 3.0x8109(100M): 0x0
01-01 08:08:42.985 0 0 D mv2112_update_link: link 0x0
01-01 08:08:42.985 0 0 D mv2112_read_status: autoneg is disabled
01-01 08:08:43.109 0 0 I binder : 14863:14863 ioctl 40046210 7fe5b73c44 returned -22
01-01 08:08:43.110 0 0 I binder : 14863:14863 ioctl 40046210 7fe5b73bc4 returned -22
01-01 08:08:43.181 0 0 I binder : 14862:14862 ioctl 40046210 ffdd4738 returned -22
01-01 08:08:43.183 0 0 I binder : 14862:14862 ioctl 40046210 ffdd4720 returned -22
01-01 08:08:43.498 0 0 I binder : 14859:14859 ioctl 40046210 7fca0b4a54 returned -22
01-01 08:08:43.500 0 0 I binder : 14859:14859 ioctl 40046210 7fca0b4a74 returned -22
01-01 08:08:44.008 0 0 D : mv2112_read_status
01-01 08:08:44.009 0 0 D mv2112_update_link: 3.0x901(1G): 0x80
01-01 08:08:44.009 0 0 D mv2112_update_link: 3.0x8109(100M): 0x0
01-01 08:08:44.009 0 0 D mv2112_update_link: link 0x0
01-01 08:08:44.009 0 0 D mv2112_read_status: autoneg is disabled
01-01 08:08:44.941 0 0 E init : Control message: Could not find 'android.frameworks.sensorservice@1.0::ISensorManager/default' for ctl.interface_start from pid: 517 (/system/bin/hwservicemanager)
01-01 08:08:44.958 0 0 E init : Control message: Could not find 'android.frameworks.sensorservice@1.0::ISensorManager/default' for ctl.interface_start from pid: 517 (/system/bin/hwservicemanager)
01-01 08:08:45.028 0 0 D : mv2112_read_status
01-01 08:08:45.029 0 0 D mv2112_update_link: 3.0x901(1G): 0x80
01-01 08:08:45.029 0 0 D mv2112_update_link: 3.0x8109(100M): 0x0
01-01 08:08:45.029 0 0 D mv2112_update_link: link 0x0
01-01 08:08:45.029 0 0 D mv2112_read_status: autoneg is disabled
01-01 08:08:45.188 0 0 I init : starting service 'qvrd_vndr'...
01-01 08:08:45.188 0 0 I init : Created socket '/dev/socket/qvrservice_vndr', mode 660, user 1000, group 1000
01-01 08:08:45.189 0 0 I init : Created socket '/dev/socket/qvrservice_vndr_camera', mode 660, user 1000, group 1000
01-01 08:08:45.205 0 0 I init : starting service 'sxrd'...
01-01 08:08:45.205 14875 14875 F linker : CANNOT LINK EXECUTABLE "/vendor/bin/hw/qvrservice": library "vendor.qti.hardware.qxr-V1-ndk_platform.so" not found: needed by /vendor/lib64/libqvrservice.so in namespace (default)
01-01 08:08:45.216 0 0 I init : Service 'qvrd_vndr' (pid 14875) exited with status 1
01-01 08:08:45.216 0 0 I init : Sending signal 9 to service 'qvrd_vndr' (pid 14875) process group...
01-01 08:08:45.217 0 0 I libprocessgroup: Successfully killed process cgroup uid 1000 pid 14875 in 0ms
01-01 08:08:45.218 0 0 I init : starting service 'vendor.audio-hal'...
01-01 08:08:45.215 14876 14876 F linker : CANNOT LINK EXECUTABLE "/vendor/bin/hw/sxrservice": library "vendor.qti.hardware.qxr-V1-ndk_platform.so" not found: needed by main executable
01-01 08:08:45.584 0 0 I binder : 14884:14884 ioctl 40046210 7fda373ce4 returned -22
01-01 08:08:45.584 0 0 I binder : 14884:14884 ioctl 40046210 7fda373d04 returned -22
01-01 08:08:46.052 0 0 D : mv2112_read_status
01-01 08:08:46.053 0 0 D mv2112_update_link: 3.0x901(1G): 0x80
01-01 08:08:46.053 0 0 D mv2112_update_link: 3.0x8109(100M): 0x0
01-01 08:08:46.053 0 0 D mv2112_update_link: link 0x0
01-01 08:08:46.053 0 0 D mv2112_read_status: autoneg is disabled
01-01 08:08:46.227 0 0 E : msm_qti_pp_get_rms_value_control, back not active to query rms be_idx:3
01-01 08:08:46.249 0 0 I core_get_license_status: cmdrsp_license_result.result = 0x15 for module 0x131ff
01-01 08:08:46.250 0 0 E msm_ext_disp_update_audio_ops: Display not found (EXT_DISPLAY_TYPE_DP) ctld (0) stream (0)
01-01 08:08:46.260 0 0 E msm_ext_disp_update_audio_ops: Display not found (EXT_DISPLAY_TYPE_HDMI) ctld (0) stream (0)
01-01 08:08:46.270 0 0 E msm_ext_disp_update_audio_ops: Display not found (EXT_DISPLAY_TYPE_DP) ctld (0) stream (0)
01-01 08:08:46.280 0 0 E msm_ext_disp_update_audio_ops: Display not found (EXT_DISPLAY_TYPE_DP) ctld (0) stream (0)
01-01 08:08:46.290 0 0 E msm_ext_disp_update_audio_ops: Display not found (EXT_DISPLAY_TYPE_DP) ctld (0) stream (0)
01-01 08:08:46.299 0 0 E msm-ext-disp-audio-codec-rx soc: qcom,msm-ext-disp:qcom,msm-ext-disp-audio-codec-rx: msm_ext_disp_audio_type_get: get_audio_edid_blk() or get_intf_id is NULL
01-01 08:08:46.315 0 0 E msm_ext_disp_update_audio_ops: Display not found (EXT_DISPLAY_TYPE_DP) ctld (0) stream (0)
01-01 08:08:46.325 0 0 E msm-ext-disp-audio-codec-rx soc: qcom,msm-ext-disp:qcom,msm-ext-disp-audio-codec-rx: msm_ext_disp_audio_type_get: get_audio_edid_blk() or get_intf_id is NULL
01-01 08:08:46.341 0 0 E msm_ext_disp_update_audio_ops: Display not found (EXT_DISPLAY_TYPE_DP) ctld (0) stream (0)
01-01 08:08:46.351 0 0 E msm-ext-disp-audio-codec-rx soc: qcom,msm-ext-disp:qcom,msm-ext-disp-audio-codec-rx: msm_ext_disp_audio_type_get: get_audio_edid_blk() or get_intf_id is NULL
01-01 08:08:46.368 0 0 E msm-ext-disp-audio-codec-rx soc: qcom,msm-ext-disp:qcom,msm-ext-disp-audio-codec-rx: msm_ext_disp_audio_device_get: invalid dai id: 4
01-01 08:08:46.440 0 0 E : msm_pcm_volume_ctl_get substream not found
01-01 08:08:46.589 0 0 I binder : 14907:14907 ioctl 40046210 7ff128a344 returned -22
01-01 08:08:46.594 0 0 I binder : 14907:14907 ioctl 40046210 7ff128a554 returned -22
01-01 08:08:46.691 0 0 E : msm_qti_pp_get_rms_value_control, back not active to query rms be_idx:3
01-01 08:08:46.712 0 0 I core_get_license_status: cmdrsp_license_result.result = 0x15 for module 0x131ff
01-01 08:08:46.713 0 0 E msm_ext_disp_update_audio_ops: Display not found (EXT_DISPLAY_TYPE_DP) ctld (0) stream (0)
01-01 08:08:46.723 0 0 E msm_ext_disp_update_audio_ops: Display not found (EXT_DISPLAY_TYPE_HDMI) ctld (0) stream (0)
01-01 08:08:46.733 0 0 E msm_ext_disp_update_audio_ops: Display not found (EXT_DISPLAY_TYPE_DP) ctld (0) stream (0)
01-01 08:08:46.743 0 0 E msm_ext_disp_update_audio_ops: Display not found (EXT_DISPLAY_TYPE_DP) ctld (0) stream (0)
01-01 08:08:46.753 0 0 E msm_ext_disp_update_audio_ops: Display not found (EXT_DISPLAY_TYPE_DP) ctld (0) stream (0)
01-01 08:08:46.763 0 0 E msm-ext-disp-audio-codec-rx soc: qcom,msm-ext-disp:qcom,msm-ext-disp-audio-codec-rx: msm_ext_disp_audio_type_get: get_audio_edid_blk() or get_intf_id is NULL
01-01 08:08:46.779 0 0 E msm_ext_disp_update_audio_ops: Display not found (EXT_DISPLAY_TYPE_DP) ctld (0) stream (0)
01-01 08:08:46.789 0 0 E msm-ext-disp-audio-codec-rx soc: qcom,msm-ext-disp:qcom,msm-ext-disp-audio-codec-rx: msm_ext_disp_audio_type_get: get_audio_edid_blk() or get_intf_id is NULL
01-01 08:08:46.805 0 0 E msm_ext_disp_update_audio_ops: Display not found (EXT_DISPLAY_TYPE_DP) ctld (0) stream (0)
01-01 08:08:46.814 0 0 E msm-ext-disp-audio-codec-rx soc: qcom,msm-ext-disp:qcom,msm-ext-disp-audio-codec-rx: msm_ext_disp_audio_type_get: get_audio_edid_blk() or get_intf_id is NULL
01-01 08:08:46.831 0 0 E msm-ext-disp-audio-codec-rx soc: qcom,msm-ext-disp:qcom,msm-ext-disp-audio-codec-rx: msm_ext_disp_audio_device_get: invalid dai id: 4
01-01 08:08:46.891 0 0 E : msm_pcm_volume_ctl_get substream not found
01-01 08:08:46.987 0 0 I binder : 14927:14927 ioctl 40046210 7fc2dba554 returned -22
01-01 08:08:47.076 0 0 D : mv2112_read_status
01-01 08:08:47.077 0 0 D mv2112_update_link: 3.0x901(1G): 0x80
01-01 08:08:47.077 0 0 D mv2112_update_link: 3.0x8109(100M): 0x0
01-01 08:08:47.077 0 0 D mv2112_update_link: link 0x0
01-01 08:08:47.077 0 0 D mv2112_read_status: autoneg is disabled
01-01 08:08:47.281 0 0 I binder : 14927:14927 ioctl 40046210 7fc2db9c54 returned -22
01-01 08:08:47.463 14927 14927 E AndroidRuntime: *** FATAL EXCEPTION IN SYSTEM PROCESS: main
01-01 08:08:47.463 14927 14927 E AndroidRuntime: java.lang.NullPointerException: Attempt to read from field 'java.lang.String com.android.server.pm.Settings$VersionInfo.fingerprint' on a null object reference
01-01 08:08:47.463 14927 14927 E AndroidRuntime: at com.android.server.pm.PackageManagerService.(PackageManagerService.java:7608)
01-01 08:08:47.463 14927 14927 E AndroidRuntime: at com.android.server.pm.PackageManagerService.main(PackageManagerService.java:7116)
01-01 08:08:47.463 14927 14927 E AndroidRuntime: at com.android.server.SystemServer.startBootstrapServices(SystemServer.java:1168)
01-01 08:08:47.463 14927 14927 E AndroidRuntime: at com.android.server.SystemServer.run(SystemServer.java:882)
01-01 08:08:47.463 14927 14927 E AndroidRuntime: at com.android.server.SystemServer.main(SystemServer.java:615)
01-01 08:08:47.463 14927 14927 E AndroidRuntime: at java.lang.reflect.Method.invoke(Native Method)
01-01 08:08:47.463 14927 14927 E AndroidRuntime: at com.android.internal.os.RuntimeInit$MethodAndArgsCaller.run(RuntimeInit.java:548)
01-01 08:08:47.463 14927 14927 E AndroidRuntime: at com.android.internal.os.ZygoteInit.main(ZygoteInit.java:987)
01-01 08:08:47.464 14927 14927 E AndroidRuntime: Error reporting crash
01-01 08:08:47.464 14927 14927 E AndroidRuntime: java.lang.NullPointerException: Attempt to invoke interface method 'void android.app.IActivityManager.handleApplicationCrash(android.os.IBinder, android.app.ApplicationErrorReport$ParcelableCrashInfo)' on a null object reference
01-01 08:08:47.464 14927 14927 E AndroidRuntime: at com.android.internal.os.RuntimeInit$KillApplicationHandler.uncaughtException(RuntimeInit.java:156)
01-01 08:08:47.464 14927 14927 E AndroidRuntime: at java.lang.ThreadGroup.uncaughtException(ThreadGroup.java:1073)
01-01 08:08:47.464 14927 14927 E AndroidRuntime: at java.lang.ThreadGroup.uncaughtException(ThreadGroup.java:1068)
01-01 08:08:47.464 14927 14927 E AndroidRuntime: at java.lang.Thread.dispatchUncaughtException(Thread.java:2200)
01-01 08:08:47.616 0 0 I binder : 15002:15002 ioctl 40046210 7fc0e6ca84 returned -22
01-01 08:08:47.616 0 0 D ProcessState: Binder ioctl to enable oneway spam detection failed: Invalid argument
01-01 08:08:47.618 0 0 D vdc : Waited 0ms for vold
01-01 08:08:48.100 0 0 D : mv2112_read_status
01-01 08:08:48.101 0 0 D mv2112_update_link: 3.0x901(1G): 0x80
01-01 08:08:48.101 0 0 D mv2112_update_link: 3.0x8109(100M): 0x0
01-01 08:08:48.101 0 0 D mv2112_update_link: link 0x0
01-01 08:08:48.101 0 0 D mv2112_read_status: autoneg is disabled
01-01 08:08:48.116 0 0 I binder : 15008:15008 ioctl 40046210 7fc289d9d4 returned -22
01-01 08:08:48.118 0 0 I binder : 15008:15008 ioctl 40046210 7fc289d954 returned -22
01-01 08:08:48.190 0 0 I binder : 15007:15007 ioctl 40046210 fff4e478 returned -22
01-01 08:08:48.193 0 0 I binder : 15007:15007 ioctl 40046210 fff4e460 returned -22
01-01 08:08:48.503 0 0 I binder : 15004:15004 ioctl 40046210 7fe95374d4 returned -22
01-01 08:08:48.506 0 0 I binder : 15004:15004 ioctl 40046210 7fe95374f4 returned -22
01-01 08:08:49.124 0 0 D : mv2112_read_status
01-01 08:08:49.125 0 0 D mv2112_update_link: 3.0x901(1G): 0x80
01-01 08:08:49.125 0 0 D mv2112_update_link: 3.0x8109(100M): 0x0
01-01 08:08:49.125 0 0 D mv2112_update_link: link 0x0
01-01 08:08:49.125 0 0 D mv2112_read_status: autoneg is disabled
01-01 08:08:49.948 0 0 E init : Control message: Could not find 'android.frameworks.sensorservice@1.0::ISensorManager/default' for ctl.interface_start from pid: 517 (/system/bin/hwservicemanager)
01-01 08:08:49.966 0 0 E init : Control message: Could not find 'android.frameworks.sensorservice@1.0::ISensorManager/default' for ctl.interface_start from pid: 517 (/system/bin/hwservicemanager)
01-01 08:08:50.148 0 0 D : mv2112_read_status
01-01 08:08:50.149 0 0 D mv2112_update_link: 3.0x901(1G): 0x80
01-01 08:08:50.149 0 0 D mv2112_update_link: 3.0x8109(100M): 0x0
01-01 08:08:50.149 0 0 D mv2112_update_link: link 0x0
01-01 08:08:50.149 0 0 D mv2112_read_status: autoneg is disabled
01-01 08:08:50.196 0 0 I init : starting service 'qvrd_vndr'...
01-01 08:08:50.197 0 0 I init : Created socket '/dev/socket/qvrservice_vndr', mode 660, user 1000, group 1000
01-01 08:08:50.198 0 0 I init : Created socket '/dev/socket/qvrservice_vndr_camera', mode 660, user 1000, group 1000
01-01 08:08:50.211 0 0 I init : starting service 'sxrd'...
01-01 08:08:50.214 15020 15020 F linker : CANNOT LINK EXECUTABLE "/vendor/bin/hw/qvrservice": library "vendor.qti.hardware.qxr-V1-ndk_platform.so" not found: needed by /vendor/lib64/libqvrservice.so in namespace (default)
01-01 08:08:50.223 0 0 I init : Service 'qvrd_vndr' (pid 15020) exited with status 1
01-01 08:08:50.223 0 0 I init : Sending signal 9 to service 'qvrd_vndr' (pid 15020) process group...
01-01 08:08:50.223 0 0 I libprocessgroup: Successfully killed process cgroup uid 1000 pid 15020 in 0ms
01-01 08:08:50.225 0 0 I init : starting service 'vendor.audio-hal'...
01-01 08:08:50.220 15021 15021 F linker : CANNOT LINK EXECUTABLE "/vendor/bin/hw/sxrservice": library "vendor.qti.hardware.qxr-V1-ndk_platform.so" not found: needed by main executable
01-01 08:08:50.594 0 0 I binder : 15029:15029 ioctl 40046210 7fe04319e4 returned -22
01-01 08:08:50.594 0 0 I binder : 15029:15029 ioctl 40046210 7fe0431a04 returned -22
01-01 08:08:51.082 0 0 E : msm_qti_pp_get_rms_value_control, back not active to query rms be_idx:3
01-01 08:08:51.103 0 0 I core_get_license_status: cmdrsp_license_result.result = 0x15 for module 0x131ff
01-01 08:08:51.104 0 0 E msm_ext_disp_update_audio_ops: Display not found (EXT_DISPLAY_TYPE_DP) ctld (0) stream (0)
01-01 08:08:51.114 0 0 E msm_ext_disp_update_audio_ops: Display not found (EXT_DISPLAY_TYPE_HDMI) ctld (0) stream (0)
01-01 08:08:51.124 0 0 E msm_ext_disp_update_audio_ops: Display not found (EXT_DISPLAY_TYPE_DP) ctld (0) stream (0)
01-01 08:08:51.133 0 0 E msm_ext_disp_update_audio_ops: Display not found (EXT_DISPLAY_TYPE_DP) ctld (0) stream (0)
01-01 08:08:51.143 0 0 E msm_ext_disp_update_audio_ops: Display not found (EXT_DISPLAY_TYPE_DP) ctld (0) stream (0)
01-01 08:08:51.153 0 0 E msm-ext-disp-audio-codec-rx soc: qcom,msm-ext-disp:qcom,msm-ext-disp-audio-codec-rx: msm_ext_disp_audio_type_get: get_audio_edid_blk() or get_intf_id is NULL
01-01 08:08:51.169 0 0 E msm_ext_disp_update_audio_ops: Display not found (EXT_DISPLAY_TYPE_DP) ctld (0) stream (0)
01-01 08:08:51.172 0 0 D : mv2112_read_status
01-01 08:08:51.179 0 0 E msm-ext-disp-audio-codec-rx soc: qcom,msm-ext-disp:qcom,msm-ext-disp-audio-codec-rx: msm_ext_disp_audio_type_get: get_audio_edid_blk() or get_intf_id is NULL
01-01 08:08:51.182 0 0 D mv2112_update_link: 3.0x901(1G): 0x80
01-01 08:08:51.195 0 0 E msm_ext_disp_update_audio_ops: Display not found (EXT_DISPLAY_TYPE_DP) ctld (0) stream (0)
01-01 08:08:51.195 0 0 D mv2112_update_link: 3.0x8109(100M): 0x0
01-01 08:08:51.204 0 0 E msm-ext-disp-audio-codec-rx soc: qcom,msm-ext-disp:qcom,msm-ext-disp-audio-codec-rx: msm_ext_disp_audio_type_get: get_audio_edid_blk() or get_intf_id is NULL
01-01 08:08:51.206 0 0 E msm-ext-disp-audio-codec-rx soc: qcom,msm-ext-disp:qcom,msm-ext-disp-audio-codec-rx: msm_ext_disp_audio_device_get: invalid dai id: 4
01-01 08:08:51.220 0 0 D mv2112_update_link: link 0x0
01-01 08:08:51.220 0 0 D mv2112_read_status: autoneg is disabled
01-01 08:08:51.284 0 0 E : msm_pcm_volume_ctl_get substream not found
01-01 08:08:51.605 0 0 I binder : 15053:15053 ioctl 40046210 7fdb4a85d4 returned -22
01-01 08:08:51.608 0 0 I binder : 15053:15053 ioctl 40046210 7fdb4a87e4 returned -22
01-01 08:08:51.642 0 0 E : msm_qti_pp_get_rms_value_control, back not active to query rms be_idx:3
01-01 08:08:51.665 0 0 I core_get_license_status: cmdrsp_license_result.result = 0x15 for module 0x131ff
01-01 08:08:51.666 0 0 E msm_ext_disp_update_audio_ops: Display not found (EXT_DISPLAY_TYPE_DP) ctld (0) stream (0)
01-01 08:08:51.675 0 0 E msm_ext_disp_update_audio_ops: Display not found (EXT_DISPLAY_TYPE_HDMI) ctld (0) stream (0)
01-01 08:08:51.686 0 0 E msm_ext_disp_update_audio_ops: Display not found (EXT_DISPLAY_TYPE_DP) ctld (0) stream (0)
01-01 08:08:51.695 0 0 E msm_ext_disp_update_audio_ops: Display not found (EXT_DISPLAY_TYPE_DP) ctld (0) stream (0)
01-01 08:08:51.706 0 0 E msm_ext_disp_update_audio_ops: Display not found (EXT_DISPLAY_TYPE_DP) ctld (0) stream (0)
01-01 08:08:51.715 0 0 E msm-ext-disp-audio-codec-rx soc: qcom,msm-ext-disp:qcom,msm-ext-disp-audio-codec-rx: msm_ext_disp_audio_type_get: get_audio_edid_blk() or get_intf_id is NULL
01-01 08:08:51.732 0 0 E msm_ext_disp_update_audio_ops: Display not found (EXT_DISPLAY_TYPE_DP) ctld (0) stream (0)
01-01 08:08:51.741 0 0 E msm-ext-disp-audio-codec-rx soc: qcom,msm-ext-disp:qcom,msm-ext-disp-audio-codec-rx: msm_ext_disp_audio_type_get: get_audio_edid_blk() or get_intf_id is NULL
01-01 08:08:51.757 0 0 E msm_ext_disp_update_audio_ops: Display not found (EXT_DISPLAY_TYPE_DP) ctld (0) stream (0)
01-01 08:08:51.767 0 0 E msm-ext-disp-audio-codec-rx soc: qcom,msm-ext-disp:qcom,msm-ext-disp-audio-codec-rx: msm_ext_disp_audio_type_get: get_audio_edid_blk() or get_intf_id is NULL
01-01 08:08:51.784 0 0 E msm-ext-disp-audio-codec-rx soc: qcom,msm-ext-disp:qcom,msm-ext-disp-audio-codec-rx: msm_ext_disp_audio_device_get: invalid dai id: 4
01-01 08:08:51.843 0 0 E : msm_pcm_volume_ctl_get substream not found
01-01 08:08:51.930 0 0 I binder : 15072:15072 ioctl 40046210 7fdcb79c24 returned -22
01-01 08:08:52.213 0 0 I binder : 15072:15072 ioctl 40046210 7fdcb79324 returned -22
01-01 08:08:52.229 0 0 D : mv2112_read_status
01-01 08:08:52.229 0 0 D mv2112_update_link: 3.0x901(1G): 0x80
01-01 08:08:52.229 0 0 D mv2112_update_link: 3.0x8109(100M): 0x0
01-01 08:08:52.229 0 0 D mv2112_update_link: link 0x0
01-01 08:08:52.229 0 0 D mv2112_read_status: autoneg is disabled
01-01 08:08:52.392 15072 15072 E AndroidRuntime: *** FATAL EXCEPTION IN SYSTEM PROCESS: main
01-01 08:08:52.392 15072 15072 E AndroidRuntime: java.lang.NullPointerException: Attempt to read from field 'java.lang.String com.android.server.pm.Settings$VersionInfo.fingerprint' on a null object reference
01-01 08:08:52.392 15072 15072 E AndroidRuntime: at com.android.server.pm.PackageManagerService.(PackageManagerService.java:7608)
01-01 08:08:52.392 15072 15072 E AndroidRuntime: at com.android.server.pm.PackageManagerService.main(PackageManagerService.java:7116)
01-01 08:08:52.392 15072 15072 E AndroidRuntime: at com.android.server.SystemServer.startBootstrapServices(SystemServer.java:1168)
01-01 08:08:52.392 15072 15072 E AndroidRuntime: at com.android.server.SystemServer.run(SystemServer.java:882)
01-01 08:08:52.392 15072 15072 E AndroidRuntime: at com.android.server.SystemServer.main(SystemServer.java:615)
01-01 08:08:52.392 15072 15072 E AndroidRuntime: at java.lang.reflect.Method.invoke(Native Method)
01-01 08:08:52.392 15072 15072 E AndroidRuntime: at com.android.internal.os.RuntimeInit$MethodAndArgsCaller.run(RuntimeInit.java:548)
01-01 08:08:52.392 15072 15072 E AndroidRuntime: at com.android.internal.os.ZygoteInit.main(ZygoteInit.java:987)
01-01 08:08:52.393 15072 15072 E AndroidRuntime: Error reporting crash
01-01 08:08:52.393 15072 15072 E AndroidRuntime: java.lang.NullPointerException: Attempt to invoke interface method 'void android.app.IActivityManager.handleApplicationCrash(android.os.IBinder, android.app.ApplicationErrorReport$ParcelableCrashInfo)' on a null object reference
01-01 08:08:52.393 15072 15072 E AndroidRuntime: at com.android.internal.os.RuntimeInit$KillApplicationHandler.uncaughtException(RuntimeInit.java:156)
01-01 08:08:52.393 15072 15072 E AndroidRuntime: at java.lang.ThreadGroup.uncaughtException(ThreadGroup.java:1073)
01-01 08:08:52.393 15072 15072 E AndroidRuntime: at java.lang.ThreadGroup.uncaughtException(ThreadGroup.java:1068)
01-01 08:08:52.393 15072 15072 E AndroidRuntime: at java.lang.Thread.dispatchUncaughtException(Thread.java:2200)
01-01 08:08:52.547 0 0 I binder : 15144:15144 ioctl 40046210 7ff7743b44 returned -22
01-01 08:08:52.547 0 0 D ProcessState: Binder ioctl to enable oneway spam detection failed: Invalid argument
01-01 08:08:52.548 0 0 D vdc : Waited 0ms for vold
01-01 08:08:52.549 0 0 I binder : undelivered TRANSACTION_COMPLETE
01-01 08:08:52.549 0 0 I binder : undelivered transaction 206064, process died.
01-01 08:08:53.126 0 0 I binder : 15150:15150 ioctl 40046210 7fcbf8cfc4 returned -22
01-01 08:08:53.128 0 0 I binder : 15150:15150 ioctl 40046210 7fcbf8cf44 returned -22
01-01 08:08:53.197 0 0 I binder : 15149:15149 ioctl 40046210 ffd00ac8 returned -22
01-01 08:08:53.199 0 0 I binder : 15149:15149 ioctl 40046210 ffd00ab0 returned -22
01-01 08:08:53.252 0 0 D : mv2112_read_status
01-01 08:08:53.253 0 0 D mv2112_update_link: 3.0x901(1G): 0x80
01-01 08:08:53.253 0 0 D mv2112_update_link: 3.0x8109(100M): 0x0
01-01 08:08:53.253 0 0 D mv2112_update_link: link 0x0
01-01 08:08:53.253 0 0 D mv2112_read_status: autoneg is disabled
01-01 08:08:53.504 0 0 I binder : 15146:15146 ioctl 40046210 7ffc0b7184 returned -22
01-01 08:08:53.506 0 0 I binder : 15146:15146 ioctl 40046210 7ffc0b71a4 returned -22
01-01 08:08:54.276 0 0 D : mv2112_read_status
01-01 08:08:54.277 0 0 D mv2112_update_link: 3.0x901(1G): 0x80
01-01 08:08:54.277 0 0 D mv2112_update_link: 3.0x8109(100M): 0x0
01-01 08:08:54.277 0 0 D mv2112_update_link: link 0x0
01-01 08:08:54.277 0 0 D mv2112_read_status: autoneg is disabled
01-01 08:08:54.953 0 0 E init : Control message: Could not find 'android.frameworks.sensorservice@1.0::ISensorManager/default' for ctl.interface_start from pid: 517 (/system/bin/hwservicemanager)
01-01 08:08:54.970 0 0 E init : Control message: Could not find 'android.frameworks.sensorservice@1.0::ISensorManager/default' for ctl.interface_start from pid: 517 (/system/bin/hwservicemanager)
01-01 08:08:55.204 0 0 I init : starting service 'qvrd_vndr'...
01-01 08:08:55.205 0 0 I init : Created socket '/dev/socket/qvrservice_vndr', mode 660, user 1000, group 1000
01-01 08:08:55.206 0 0 I init : Created socket '/dev/socket/qvrservice_vndr_camera', mode 660, user 1000, group 1000
01-01 08:08:55.217 0 0 I init : starting service 'sxrd'...
01-01 08:08:55.221 15162 15162 F linker : CANNOT LINK EXECUTABLE "/vendor/bin/hw/qvrservice": library "vendor.qti.hardware.qxr-V1-ndk_platform.so" not found: needed by /vendor/lib64/libqvrservice.so in namespace (default)
01-01 08:08:55.231 0 0 I init : Service 'qvrd_vndr' (pid 15162) exited with status 1
01-01 08:08:55.231 0 0 I init : Sending signal 9 to service 'qvrd_vndr' (pid 15162) process group...
01-01 08:08:55.231 0 0 I libprocessgroup: Successfully killed process cgroup uid 1000 pid 15162 in 0ms
01-01 08:08:55.227 15163 15163 F linker : CANNOT LINK EXECUTABLE "/vendor/bin/hw/sxrservice": library "vendor.qti.hardware.qxr-V1-ndk_platform.so" not found: needed by main executable
01-01 08:08:55.233 0 0 I init : starting service 'vendor.audio-hal'...
01-01 08:08:55.300 0 0 D : mv2112_read_status
01-01 08:08:55.301 0 0 D mv2112_update_link: 3.0x901(1G): 0x80
01-01 08:08:55.301 0 0 D mv2112_update_link: 3.0x8109(100M): 0x0
01-01 08:08:55.301 0 0 D mv2112_update_link: link 0x0
01-01 08:08:55.301 0 0 D mv2112_read_status: autoneg is disabled
01-01 08:08:55.580 0 0 I binder : 15171:15171 ioctl 40046210 7fd3f4e5c4 returned -22
01-01 08:08:55.581 0 0 I binder : 15171:15171 ioctl 40046210 7fd3f4e5e4 returned -22
01-01 08:08:56.159 0 0 E : msm_qti_pp_get_rms_value_control, back not active to query rms be_idx:3
01-01 08:08:56.181 0 0 I core_get_license_status: cmdrsp_license_result.result = 0x15 for module 0x131ff
01-01 08:08:56.182 0 0 E msm_ext_disp_update_audio_ops: Display not found (EXT_DISPLAY_TYPE_DP) ctld (0) stream (0)
01-01 08:08:56.192 0 0 E msm_ext_disp_update_audio_ops: Display not found (EXT_DISPLAY_TYPE_HDMI) ctld (0) stream (0)
01-01 08:08:56.202 0 0 E msm_ext_disp_update_audio_ops: Display not found (EXT_DISPLAY_TYPE_DP) ctld (0) stream (0)
01-01 08:08:56.212 0 0 E msm_ext_disp_update_audio_ops: Display not found (EXT_DISPLAY_TYPE_DP) ctld (0) stream (0)
01-01 08:08:56.222 0 0 E msm_ext_disp_update_audio_ops: Display not found (EXT_DISPLAY_TYPE_DP) ctld (0) stream (0)
01-01 08:08:56.232 0 0 E msm-ext-disp-audio-codec-rx soc: qcom,msm-ext-disp:qcom,msm-ext-disp-audio-codec-rx: msm_ext_disp_audio_type_get: get_audio_edid_blk() or get_intf_id is NULL
01-01 08:08:56.248 0 0 E msm_ext_disp_update_audio_ops: Display not found (EXT_DISPLAY_TYPE_DP) ctld (0) stream (0)
01-01 08:08:56.257 0 0 E msm-ext-disp-audio-codec-rx soc: qcom,msm-ext-disp:qcom,msm-ext-disp-audio-codec-rx: msm_ext_disp_audio_type_get: get_audio_edid_blk() or get_intf_id is NULL
01-01 08:08:56.273 0 0 E msm_ext_disp_update_audio_ops: Display not found (EXT_DISPLAY_TYPE_DP) ctld (0) stream (0)
01-01 08:08:56.283 0 0 E msm-ext-disp-audio-codec-rx soc: qcom,msm-ext-disp:qcom,msm-ext-disp-audio-codec-rx: msm_ext_disp_audio_type_get: get_audio_edid_blk() or get_intf_id is NULL
01-01 08:08:56.300 0 0 E msm-ext-disp-audio-codec-rx soc: qcom,msm-ext-disp:qcom,msm-ext-disp-audio-codec-rx: msm_ext_disp_audio_device_get: invalid dai id: 4
01-01 08:08:56.324 0 0 D : mv2112_read_status
01-01 08:08:56.325 0 0 D mv2112_update_link: 3.0x901(1G): 0x80
01-01 08:08:56.325 0 0 D mv2112_update_link: 3.0x8109(100M): 0x0
01-01 08:08:56.325 0 0 D mv2112_update_link: link 0x0
01-01 08:08:56.325 0 0 D mv2112_read_status: autoneg is disabled
01-01 08:08:56.374 0 0 E : msm_pcm_volume_ctl_get substream not found
01-01 08:08:56.626 0 0 I binder : 15195:15195 ioctl 40046210 7fde156d54 returned -22
01-01 08:08:56.630 0 0 I binder : 15195:15195 ioctl 40046210 7fde156f64 returned -22
01-01 08:08:56.633 0 0 E : msm_qti_pp_get_rms_value_control, back not active to query rms be_idx:3
01-01 08:08:56.653 0 0 I core_get_license_status: cmdrsp_license_result.result = 0x15 for module 0x131ff
01-01 08:08:56.654 0 0 E msm_ext_disp_update_audio_ops: Display not found (EXT_DISPLAY_TYPE_DP) ctld (0) stream (0)
01-01 08:08:56.664 0 0 E msm_ext_disp_update_audio_ops: Display not found (EXT_DISPLAY_TYPE_HDMI) ctld (0) stream (0)
01-01 08:08:56.674 0 0 E msm_ext_disp_update_audio_ops: Display not found (EXT_DISPLAY_TYPE_DP) ctld (0) stream (0)
01-01 08:08:56.684 0 0 E msm_ext_disp_update_audio_ops: Display not found (EXT_DISPLAY_TYPE_DP) ctld (0) stream (0)
01-01 08:08:56.694 0 0 E msm_ext_disp_update_audio_ops: Display not found (EXT_DISPLAY_TYPE_DP) ctld (0) stream (0)
01-01 08:08:56.704 0 0 E msm-ext-disp-audio-codec-rx soc: qcom,msm-ext-disp:qcom,msm-ext-disp-audio-codec-rx: msm_ext_disp_audio_type_get: get_audio_edid_blk() or get_intf_id is NULL
01-01 08:08:56.720 0 0 E msm_ext_disp_update_audio_ops: Display not found (EXT_DISPLAY_TYPE_DP) ctld (0) stream (0)
01-01 08:08:56.730 0 0 E msm-ext-disp-audio-codec-rx soc: qcom,msm-ext-disp:qcom,msm-ext-disp-audio-codec-rx: msm_ext_disp_audio_type_get: get_audio_edid_blk() or get_intf_id is NULL
01-01 08:08:56.746 0 0 E msm_ext_disp_update_audio_ops: Display not found (EXT_DISPLAY_TYPE_DP) ctld (0) stream (0)
01-01 08:08:56.755 0 0 E msm-ext-disp-audio-codec-rx soc: qcom,msm-ext-disp:qcom,msm-ext-disp-audio-codec-rx: msm_ext_disp_audio_type_get: get_audio_edid_blk() or get_intf_id is NULL
01-01 08:08:56.772 0 0 E msm-ext-disp-audio-codec-rx soc: qcom,msm-ext-disp:qcom,msm-ext-disp-audio-codec-rx: msm_ext_disp_audio_device_get: invalid dai id: 4
01-01 08:08:56.830 0 0 E : msm_pcm_volume_ctl_get substream not found
01-01 08:08:56.909 0 0 I binder : 15214:15214 ioctl 40046210 7fd4070ae4 returned -22
01-01 08:08:57.192 0 0 I binder : 15214:15214 ioctl 40046210 7fd40701e4 returned -22
01-01 08:08:57.348 0 0 D : mv2112_read_status
01-01 08:08:57.349 0 0 D mv2112_update_link: 3.0x901(1G): 0x80
01-01 08:08:57.349 0 0 D mv2112_update_link: 3.0x8109(100M): 0x0
01-01 08:08:57.349 0 0 D mv2112_update_link: link 0x0
01-01 08:08:57.349 0 0 D mv2112_read_status: autoneg is disabled
01-01 08:08:57.377 15214 15214 E AndroidRuntime: *** FATAL EXCEPTION IN SYSTEM PROCESS: main
01-01 08:08:57.377 15214 15214 E AndroidRuntime: java.lang.NullPointerException: Attempt to read from field 'java.lang.String com.android.server.pm.Settings$VersionInfo.fingerprint' on a null object reference
01-01 08:08:57.377 15214 15214 E AndroidRuntime: at com.android.server.pm.PackageManagerService.(PackageManagerService.java:7608)
01-01 08:08:57.377 15214 15214 E AndroidRuntime: at com.android.server.pm.PackageManagerService.main(PackageManagerService.java:7116)
01-01 08:08:57.377 15214 15214 E AndroidRuntime: at com.android.server.SystemServer.startBootstrapServices(SystemServer.java:1168)
01-01 08:08:57.377 15214 15214 E AndroidRuntime: at com.android.server.SystemServer.run(SystemServer.java:882)
01-01 08:08:57.377 15214 15214 E AndroidRuntime: at com.android.server.SystemServer.main(SystemServer.java:615)
01-01 08:08:57.377 15214 15214 E AndroidRuntime: at java.lang.reflect.Method.invoke(Native Method)
01-01 08:08:57.377 15214 15214 E AndroidRuntime: at com.android.internal.os.RuntimeInit$MethodAndArgsCaller.run(RuntimeInit.java:548)
