01-01 08:06:51.690 0 0 E msm-ext-disp-audio-codec-rx soc: qcom,msm-ext-disp:qcom,msm-ext-disp-audio-codec-rx: msm_ext_disp_audio_device_get: invalid dai id: 4
01-01 08:06:51.754 0 0 E : msm_pcm_volume_ctl_get substream not found
01-01 08:06:51.833 0 0 I binder : 11658:11658 ioctl 40046210 7fd38e7de4 returned -22
01-01 08:06:52.131 0 0 I binder : 11658:11658 ioctl 40046210 7fd38e74e4 returned -22
01-01 08:06:52.308 11658 11658 E AndroidRuntime: *** FATAL EXCEPTION IN SYSTEM PROCESS: main
01-01 08:06:52.308 11658 11658 E AndroidRuntime: java.lang.NullPointerException: Attempt to read from field 'java.lang.String com.android.server.pm.Settings$VersionInfo.fingerprint' on a null object reference
01-01 08:06:52.308 11658 11658 E AndroidRuntime: at com.android.server.pm.PackageManagerService.(PackageManagerService.java:7608)
01-01 08:06:52.308 11658 11658 E AndroidRuntime: at com.android.server.pm.PackageManagerService.main(PackageManagerService.java:7116)
01-01 08:06:52.308 11658 11658 E AndroidRuntime: at com.android.server.SystemServer.startBootstrapServices(SystemServer.java:1168)
01-01 08:06:52.308 11658 11658 E AndroidRuntime: at com.android.server.SystemServer.run(SystemServer.java:882)
01-01 08:06:52.308 11658 11658 E AndroidRuntime: at com.android.server.SystemServer.main(SystemServer.java:615)
01-01 08:06:52.308 11658 11658 E AndroidRuntime: at java.lang.reflect.Method.invoke(Native Method)
01-01 08:06:52.308 11658 11658 E AndroidRuntime: at com.android.internal.os.RuntimeInit$MethodAndArgsCaller.run(RuntimeInit.java:548)
01-01 08:06:52.308 11658 11658 E AndroidRuntime: at com.android.internal.os.ZygoteInit.main(ZygoteInit.java:987)
01-01 08:06:52.309 11658 11658 E AndroidRuntime: Error reporting crash
01-01 08:06:52.309 11658 11658 E AndroidRuntime: java.lang.NullPointerException: Attempt to invoke interface method 'void android.app.IActivityManager.handleApplicationCrash(android.os.IBinder, android.app.ApplicationErrorReport$ParcelableCrashInfo)' on a null object reference
01-01 08:06:52.309 11658 11658 E AndroidRuntime: at com.android.internal.os.RuntimeInit$KillApplicationHandler.uncaughtException(RuntimeInit.java:156)
01-01 08:06:52.309 11658 11658 E AndroidRuntime: at java.lang.ThreadGroup.uncaughtException(ThreadGroup.java:1073)
01-01 08:06:52.309 11658 11658 E AndroidRuntime: at java.lang.ThreadGroup.uncaughtException(ThreadGroup.java:1068)
01-01 08:06:52.309 11658 11658 E AndroidRuntime: at java.lang.Thread.dispatchUncaughtException(Thread.java:2200)
01-01 08:06:52.324 0 0 D : mv2112_read_status
01-01 08:06:52.325 0 0 D mv2112_update_link: 3.0x901(1G): 0x80
01-01 08:06:52.325 0 0 D mv2112_update_link: 3.0x8109(100M): 0x0
01-01 08:06:52.325 0 0 D mv2112_update_link: link 0x0
01-01 08:06:52.325 0 0 D mv2112_read_status: autoneg is disabled
01-01 08:06:52.458 0 0 I binder : 11729:11729 ioctl 40046210 7fdd3261e4 returned -22
01-01 08:06:52.458 0 0 D ProcessState: Binder ioctl to enable oneway spam detection failed: Invalid argument
01-01 08:06:52.459 0 0 D vdc : Waited 0ms for vold
01-01 08:06:52.954 0 0 I binder : 11735:11735 ioctl 40046210 7fd39e6fe4 returned -22
01-01 08:06:52.956 0 0 I binder : 11735:11735 ioctl 40046210 7fd39e6f64 returned -22
01-01 08:06:53.026 0 0 I binder : 11732:11732 ioctl 40046210 ffd6a348 returned -22
01-01 08:06:53.030 0 0 I binder : 11732:11732 ioctl 40046210 ffd6a330 returned -22
01-01 08:06:53.340 0 0 I binder : 11731:11731 ioctl 40046210 7fdf9b87d4 returned -22
01-01 08:06:53.342 0 0 I binder : 11731:11731 ioctl 40046210 7fdf9b87f4 returned -22
01-01 08:06:53.348 0 0 D : mv2112_read_status
01-01 08:06:53.349 0 0 D mv2112_update_link: 3.0x901(1G): 0x80
01-01 08:06:53.349 0 0 D mv2112_update_link: 3.0x8109(100M): 0x0
01-01 08:06:53.349 0 0 D mv2112_update_link: link 0x0
01-01 08:06:53.349 0 0 D mv2112_read_status: autoneg is disabled
01-01 08:06:54.372 0 0 D : mv2112_read_status
01-01 08:06:54.373 0 0 D mv2112_update_link: 3.0x901(1G): 0x80
01-01 08:06:54.373 0 0 D mv2112_update_link: 3.0x8109(100M): 0x0
01-01 08:06:54.373 0 0 D mv2112_update_link: link 0x0
01-01 08:06:54.373 0 0 D mv2112_read_status: autoneg is disabled
01-01 08:06:54.811 0 0 E init : Control message: Could not find 'android.frameworks.sensorservice@1.0::ISensorManager/default' for ctl.interface_start from pid: 517 (/system/bin/hwservicemanager)
01-01 08:06:54.829 0 0 E init : Control message: Could not find 'android.frameworks.sensorservice@1.0::ISensorManager/default' for ctl.interface_start from pid: 517 (/system/bin/hwservicemanager)
01-01 08:06:54.999 0 0 I init : starting service 'qvrd_vndr'...
01-01 08:06:55.000 0 0 I init : Created socket '/dev/socket/qvrservice_vndr', mode 660, user 1000, group 1000
01-01 08:06:55.001 0 0 I init : Created socket '/dev/socket/qvrservice_vndr_camera', mode 660, user 1000, group 1000
01-01 08:06:55.010 0 0 I init : starting service 'sxrd'...
01-01 08:06:55.019 0 0 I init : starting service 'vendor.audio-hal'...
01-01 08:06:55.020 11747 11747 F linker : CANNOT LINK EXECUTABLE "/vendor/bin/hw/qvrservice": library "vendor.qti.hardware.qxr-V1-ndk_platform.so" not found: needed by /vendor/lib64/libqvrservice.so in namespace (default)
01-01 08:06:55.025 11748 11748 F linker : CANNOT LINK EXECUTABLE "/vendor/bin/hw/sxrservice": library "vendor.qti.hardware.qxr-V1-ndk_platform.so" not found: needed by main executable
01-01 08:06:55.034 0 0 I init : Service 'qvrd_vndr' (pid 11747) exited with status 1
01-01 08:06:55.035 0 0 I init : Sending signal 9 to service 'qvrd_vndr' (pid 11747) process group...
01-01 08:06:55.035 0 0 I libprocessgroup: Successfully killed process cgroup uid 1000 pid 11747 in 0ms
01-01 08:06:55.383 0 0 I binder : 11756:11756 ioctl 40046210 7fd623b654 returned -22
01-01 08:06:55.383 0 0 I binder : 11756:11756 ioctl 40046210 7fd623b674 returned -22
01-01 08:06:55.396 0 0 D : mv2112_read_status
01-01 08:06:55.397 0 0 D mv2112_update_link: 3.0x901(1G): 0x80
01-01 08:06:55.397 0 0 D mv2112_update_link: 3.0x8109(100M): 0x0
01-01 08:06:55.397 0 0 D mv2112_update_link: link 0x0
01-01 08:06:55.397 0 0 D mv2112_read_status: autoneg is disabled
01-01 08:06:55.956 0 0 E : msm_qti_pp_get_rms_value_control, back not active to query rms be_idx:3
01-01 08:06:55.978 0 0 I core_get_license_status: cmdrsp_license_result.result = 0x15 for module 0x131ff
01-01 08:06:55.979 0 0 E msm_ext_disp_update_audio_ops: Display not found (EXT_DISPLAY_TYPE_DP) ctld (0) stream (0)
01-01 08:06:55.989 0 0 E msm_ext_disp_update_audio_ops: Display not found (EXT_DISPLAY_TYPE_HDMI) ctld (0) stream (0)
01-01 08:06:55.998 0 0 E msm_ext_disp_update_audio_ops: Display not found (EXT_DISPLAY_TYPE_DP) ctld (0) stream (0)
01-01 08:06:56.008 0 0 E msm_ext_disp_update_audio_ops: Display not found (EXT_DISPLAY_TYPE_DP) ctld (0) stream (0)
01-01 08:06:56.018 0 0 E msm_ext_disp_update_audio_ops: Display not found (EXT_DISPLAY_TYPE_DP) ctld (0) stream (0)
01-01 08:06:56.028 0 0 E msm-ext-disp-audio-codec-rx soc: qcom,msm-ext-disp:qcom,msm-ext-disp-audio-codec-rx: msm_ext_disp_audio_type_get: get_audio_edid_blk() or get_intf_id is NULL
01-01 08:06:56.044 0 0 E msm_ext_disp_update_audio_ops: Display not found (EXT_DISPLAY_TYPE_DP) ctld (0) stream (0)
01-01 08:06:56.054 0 0 E msm-ext-disp-audio-codec-rx soc: qcom,msm-ext-disp:qcom,msm-ext-disp-audio-codec-rx: msm_ext_disp_audio_type_get: get_audio_edid_blk() or get_intf_id is NULL
01-01 08:06:56.069 0 0 E msm_ext_disp_update_audio_ops: Display not found (EXT_DISPLAY_TYPE_DP) ctld (0) stream (0)
01-01 08:06:56.079 0 0 E msm-ext-disp-audio-codec-rx soc: qcom,msm-ext-disp:qcom,msm-ext-disp-audio-codec-rx: msm_ext_disp_audio_type_get: get_audio_edid_blk() or get_intf_id is NULL
01-01 08:06:56.096 0 0 E msm-ext-disp-audio-codec-rx soc: qcom,msm-ext-disp:qcom,msm-ext-disp-audio-codec-rx: msm_ext_disp_audio_device_get: invalid dai id: 4
01-01 08:06:56.170 0 0 E : msm_pcm_volume_ctl_get substream not found
01-01 08:06:56.225 0 0 I binder : 11778:11778 ioctl 40046210 7fc8717644 returned -22
01-01 08:06:56.230 0 0 I binder : 11778:11778 ioctl 40046210 7fc8717854 returned -22
01-01 08:06:56.379 0 0 E : msm_qti_pp_get_rms_value_control, back not active to query rms be_idx:3
01-01 08:06:56.400 0 0 I core_get_license_status: cmdrsp_license_result.result = 0x15 for module 0x131ff
01-01 08:06:56.401 0 0 E msm_ext_disp_update_audio_ops: Display not found (EXT_DISPLAY_TYPE_DP) ctld (0) stream (0)
01-01 08:06:56.411 0 0 E msm_ext_disp_update_audio_ops: Display not found (EXT_DISPLAY_TYPE_HDMI) ctld (0) stream (0)
01-01 08:06:56.420 0 0 D : mv2112_read_status
01-01 08:06:56.421 0 0 D mv2112_update_link: 3.0x901(1G): 0x80
01-01 08:06:56.421 0 0 D mv2112_update_link: 3.0x8109(100M): 0x0
01-01 08:06:56.421 0 0 D mv2112_update_link: link 0x0
01-01 08:06:56.421 0 0 D mv2112_read_status: autoneg is disabled
01-01 08:06:56.421 0 0 E msm_ext_disp_update_audio_ops: Display not found (EXT_DISPLAY_TYPE_DP) ctld (0) stream (0)
01-01 08:06:56.431 0 0 E msm_ext_disp_update_audio_ops: Display not found (EXT_DISPLAY_TYPE_DP) ctld (0) stream (0)
01-01 08:06:56.441 0 0 E msm_ext_disp_update_audio_ops: Display not found (EXT_DISPLAY_TYPE_DP) ctld (0) stream (0)
01-01 08:06:56.450 0 0 E msm-ext-disp-audio-codec-rx soc: qcom,msm-ext-disp:qcom,msm-ext-disp-audio-codec-rx: msm_ext_disp_audio_type_get: get_audio_edid_blk() or get_intf_id is NULL
01-01 08:06:56.467 0 0 E msm_ext_disp_update_audio_ops: Display not found (EXT_DISPLAY_TYPE_DP) ctld (0) stream (0)
01-01 08:06:56.476 0 0 E msm-ext-disp-audio-codec-rx soc: qcom,msm-ext-disp:qcom,msm-ext-disp-audio-codec-rx: msm_ext_disp_audio_type_get: get_audio_edid_blk() or get_intf_id is NULL
01-01 08:06:56.492 0 0 E msm_ext_disp_update_audio_ops: Display not found (EXT_DISPLAY_TYPE_DP) ctld (0) stream (0)
01-01 08:06:56.502 0 0 E msm-ext-disp-audio-codec-rx soc: qcom,msm-ext-disp:qcom,msm-ext-disp-audio-codec-rx: msm_ext_disp_audio_type_get: get_audio_edid_blk() or get_intf_id is NULL
01-01 08:06:56.519 0 0 E msm-ext-disp-audio-codec-rx soc: qcom,msm-ext-disp:qcom,msm-ext-disp-audio-codec-rx: msm_ext_disp_audio_device_get: invalid dai id: 4
01-01 08:06:56.577 0 0 E : msm_pcm_volume_ctl_get substream not found
01-01 08:06:56.688 0 0 I binder : 11799:11799 ioctl 40046210 7fdf91da64 returned -22
01-01 08:06:56.984 0 0 I binder : 11799:11799 ioctl 40046210 7fdf91d164 returned -22
01-01 08:06:57.167 11799 11799 E AndroidRuntime: *** FATAL EXCEPTION IN SYSTEM PROCESS: main
01-01 08:06:57.167 11799 11799 E AndroidRuntime: java.lang.NullPointerException: Attempt to read from field 'java.lang.String com.android.server.pm.Settings$VersionInfo.fingerprint' on a null object reference
01-01 08:06:57.167 11799 11799 E AndroidRuntime: at com.android.server.pm.PackageManagerService.(PackageManagerService.java:7608)
01-01 08:06:57.167 11799 11799 E AndroidRuntime: at com.android.server.pm.PackageManagerService.main(PackageManagerService.java:7116)
01-01 08:06:57.167 11799 11799 E AndroidRuntime: at com.android.server.SystemServer.startBootstrapServices(SystemServer.java:1168)
01-01 08:06:57.167 11799 11799 E AndroidRuntime: at com.android.server.SystemServer.run(SystemServer.java:882)
01-01 08:06:57.167 11799 11799 E AndroidRuntime: at com.android.server.SystemServer.main(SystemServer.java:615)
01-01 08:06:57.167 11799 11799 E AndroidRuntime: at java.lang.reflect.Method.invoke(Native Method)
01-01 08:06:57.167 11799 11799 E AndroidRuntime: at com.android.internal.os.RuntimeInit$MethodAndArgsCaller.run(RuntimeInit.java:548)
01-01 08:06:57.167 11799 11799 E AndroidRuntime: at com.android.internal.os.ZygoteInit.main(ZygoteInit.java:987)
01-01 08:06:57.168 11799 11799 E AndroidRuntime: Error reporting crash
01-01 08:06:57.168 11799 11799 E AndroidRuntime: java.lang.NullPointerException: Attempt to invoke interface method 'void android.app.IActivityManager.handleApplicationCrash(android.os.IBinder, android.app.ApplicationErrorReport$ParcelableCrashInfo)' on a null object reference
01-01 08:06:57.168 11799 11799 E AndroidRuntime: at com.android.internal.os.RuntimeInit$KillApplicationHandler.uncaughtException(RuntimeInit.java:156)
01-01 08:06:57.168 11799 11799 E AndroidRuntime: at java.lang.ThreadGroup.uncaughtException(ThreadGroup.java:1073)
01-01 08:06:57.168 11799 11799 E AndroidRuntime: at java.lang.ThreadGroup.uncaughtException(ThreadGroup.java:1068)
01-01 08:06:57.168 11799 11799 E AndroidRuntime: at java.lang.Thread.dispatchUncaughtException(Thread.java:2200)
01-01 08:06:57.320 0 0 I binder : 11875:11875 ioctl 40046210 7ffa9c1154 returned -22
01-01 08:06:57.320 0 0 D ProcessState: Binder ioctl to enable oneway spam detection failed: Invalid argument
01-01 08:06:57.321 0 0 D vdc : Waited 0ms for vold
01-01 08:06:57.448 0 0 D : mv2112_read_status
01-01 08:06:57.449 0 0 D mv2112_update_link: 3.0x901(1G): 0x80
01-01 08:06:57.449 0 0 D mv2112_update_link: 3.0x8109(100M): 0x0
01-01 08:06:57.449 0 0 D mv2112_update_link: link 0x0
01-01 08:06:57.449 0 0 D mv2112_read_status: autoneg is disabled
01-01 08:06:57.962 0 0 I binder : 11881:11881 ioctl 40046210 7ff3c18294 returned -22
01-01 08:06:57.964 0 0 I binder : 11881:11881 ioctl 40046210 7ff3c18214 returned -22
01-01 08:06:58.038 0 0 I binder : 11878:11878 ioctl 40046210 fffac948 returned -22
01-01 08:06:58.040 0 0 I binder : 11878:11878 ioctl 40046210 fffac930 returned -22
01-01 08:06:58.331 0 0 I binder : 11877:11877 ioctl 40046210 7fea9c1974 returned -22
01-01 08:06:58.333 0 0 I binder : 11877:11877 ioctl 40046210 7fea9c1994 returned -22
01-01 08:06:58.468 0 0 D : mv2112_read_status
01-01 08:06:58.469 0 0 D mv2112_update_link: 3.0x901(1G): 0x80
01-01 08:06:58.469 0 0 D mv2112_update_link: 3.0x8109(100M): 0x0
01-01 08:06:58.469 0 0 D mv2112_update_link: link 0x0
01-01 08:06:58.469 0 0 D mv2112_read_status: autoneg is disabled
01-01 08:06:59.492 0 0 D : mv2112_read_status
01-01 08:06:59.493 0 0 D mv2112_update_link: 3.0x901(1G): 0x80
01-01 08:06:59.493 0 0 D mv2112_update_link: 3.0x8109(100M): 0x0
01-01 08:06:59.493 0 0 D mv2112_update_link: link 0x0
01-01 08:06:59.493 0 0 D mv2112_read_status: autoneg is disabled
01-01 08:06:59.816 0 0 E init : Control message: Could not find 'android.frameworks.sensorservice@1.0::ISensorManager/default' for ctl.interface_start from pid: 517 (/system/bin/hwservicemanager)
01-01 08:06:59.834 0 0 E init : Control message: Could not find 'android.frameworks.sensorservice@1.0::ISensorManager/default' for ctl.interface_start from pid: 517 (/system/bin/hwservicemanager)
01-01 08:07:00.007 0 0 I init : starting service 'qvrd_vndr'...
01-01 08:07:00.008 0 0 I init : Created socket '/dev/socket/qvrservice_vndr', mode 660, user 1000, group 1000
01-01 08:07:00.008 0 0 I init : Created socket '/dev/socket/qvrservice_vndr_camera', mode 660, user 1000, group 1000
01-01 08:07:00.018 0 0 I init : starting service 'sxrd'...
01-01 08:07:00.027 0 0 I init : starting service 'vendor.audio-hal'...
01-01 08:07:00.024 11893 11893 F linker : CANNOT LINK EXECUTABLE "/vendor/bin/hw/qvrservice": library "vendor.qti.hardware.qxr-V1-ndk_platform.so" not found: needed by /vendor/lib64/libqvrservice.so in namespace (default)
01-01 08:07:00.028 11894 11894 F linker : CANNOT LINK EXECUTABLE "/vendor/bin/hw/sxrservice": library "vendor.qti.hardware.qxr-V1-ndk_platform.so" not found: needed by main executable
01-01 08:07:00.036 0 0 I init : Service 'qvrd_vndr' (pid 11893) exited with status 1
01-01 08:07:00.036 0 0 I init : Sending signal 9 to service 'qvrd_vndr' (pid 11893) process group...
01-01 08:07:00.036 0 0 I libprocessgroup: Successfully killed process cgroup uid 1000 pid 11893 in 0ms
01-01 08:07:00.400 0 0 I binder : 11902:11902 ioctl 40046210 7fdfa6bde4 returned -22
01-01 08:07:00.400 0 0 I binder : 11902:11902 ioctl 40046210 7fdfa6be04 returned -22
01-01 08:07:00.516 0 0 D : mv2112_read_status
01-01 08:07:00.517 0 0 D mv2112_update_link: 3.0x901(1G): 0x80
01-01 08:07:00.517 0 0 D mv2112_update_link: 3.0x8109(100M): 0x0
01-01 08:07:00.517 0 0 D mv2112_update_link: link 0x0
01-01 08:07:00.517 0 0 D mv2112_read_status: autoneg is disabled
01-01 08:07:00.887 0 0 E : msm_qti_pp_get_rms_value_control, back not active to query rms be_idx:3
01-01 08:07:00.908 0 0 I core_get_license_status: cmdrsp_license_result.result = 0x15 for module 0x131ff
01-01 08:07:00.909 0 0 E msm_ext_disp_update_audio_ops: Display not found (EXT_DISPLAY_TYPE_DP) ctld (0) stream (0)
01-01 08:07:00.919 0 0 E msm_ext_disp_update_audio_ops: Display not found (EXT_DISPLAY_TYPE_HDMI) ctld (0) stream (0)
01-01 08:07:00.929 0 0 E msm_ext_disp_update_audio_ops: Display not found (EXT_DISPLAY_TYPE_DP) ctld (0) stream (0)
01-01 08:07:00.939 0 0 E msm_ext_disp_update_audio_ops: Display not found (EXT_DISPLAY_TYPE_DP) ctld (0) stream (0)
01-01 08:07:00.949 0 0 E msm_ext_disp_update_audio_ops: Display not found (EXT_DISPLAY_TYPE_DP) ctld (0) stream (0)
01-01 08:07:00.959 0 0 E msm-ext-disp-audio-codec-rx soc: qcom,msm-ext-disp:qcom,msm-ext-disp-audio-codec-rx: msm_ext_disp_audio_type_get: get_audio_edid_blk() or get_intf_id is NULL
01-01 08:07:00.975 0 0 E msm_ext_disp_update_audio_ops: Display not found (EXT_DISPLAY_TYPE_DP) ctld (0) stream (0)
01-01 08:07:00.984 0 0 E msm-ext-disp-audio-codec-rx soc: qcom,msm-ext-disp:qcom,msm-ext-disp-audio-codec-rx: msm_ext_disp_audio_type_get: get_audio_edid_blk() or get_intf_id is NULL
01-01 08:07:01.000 0 0 E msm_ext_disp_update_audio_ops: Display not found (EXT_DISPLAY_TYPE_DP) ctld (0) stream (0)
01-01 08:07:01.010 0 0 E msm-ext-disp-audio-codec-rx soc: qcom,msm-ext-disp:qcom,msm-ext-disp-audio-codec-rx: msm_ext_disp_audio_type_get: get_audio_edid_blk() or get_intf_id is NULL
01-01 08:07:01.027 0 0 E msm-ext-disp-audio-codec-rx soc: qcom,msm-ext-disp:qcom,msm-ext-disp-audio-codec-rx: msm_ext_disp_audio_device_get: invalid dai id: 4
01-01 08:07:01.098 0 0 E : msm_pcm_volume_ctl_get substream not found
01-01 08:07:01.221 0 0 I binder : 11923:11923 ioctl 40046210 7ff01238a4 returned -22
01-01 08:07:01.225 0 0 I binder : 11923:11923 ioctl 40046210 7ff0123ab4 returned -22
01-01 08:07:01.380 0 0 E : msm_qti_pp_get_rms_value_control, back not active to query rms be_idx:3
01-01 08:07:01.400 0 0 I core_get_license_status: cmdrsp_license_result.result = 0x15 for module 0x131ff
01-01 08:07:01.401 0 0 E msm_ext_disp_update_audio_ops: Display not found (EXT_DISPLAY_TYPE_DP) ctld (0) stream (0)
01-01 08:07:01.411 0 0 E msm_ext_disp_update_audio_ops: Display not found (EXT_DISPLAY_TYPE_HDMI) ctld (0) stream (0)
01-01 08:07:01.421 0 0 E msm_ext_disp_update_audio_ops: Display not found (EXT_DISPLAY_TYPE_DP) ctld (0) stream (0)
01-01 08:07:01.430 0 0 E msm_ext_disp_update_audio_ops: Display not found (EXT_DISPLAY_TYPE_DP) ctld (0) stream (0)
01-01 08:07:01.441 0 0 E msm_ext_disp_update_audio_ops: Display not found (EXT_DISPLAY_TYPE_DP) ctld (0) stream (0)
01-01 08:07:01.451 0 0 E msm-ext-disp-audio-codec-rx soc: qcom,msm-ext-disp:qcom,msm-ext-disp-audio-codec-rx: msm_ext_disp_audio_type_get: get_audio_edid_blk() or get_intf_id is NULL
01-01 08:07:01.467 0 0 E msm_ext_disp_update_audio_ops: Display not found (EXT_DISPLAY_TYPE_DP) ctld (0) stream (0)
01-01 08:07:01.476 0 0 E msm-ext-disp-audio-codec-rx soc: qcom,msm-ext-disp:qcom,msm-ext-disp-audio-codec-rx: msm_ext_disp_audio_type_get: get_audio_edid_blk() or get_intf_id is NULL
01-01 08:07:01.492 0 0 E msm_ext_disp_update_audio_ops: Display not found (EXT_DISPLAY_TYPE_DP) ctld (0) stream (0)
01-01 08:07:01.502 0 0 E msm-ext-disp-audio-codec-rx soc: qcom,msm-ext-disp:qcom,msm-ext-disp-audio-codec-rx: msm_ext_disp_audio_type_get: get_audio_edid_blk() or get_intf_id is NULL
01-01 08:07:01.518 0 0 E msm-ext-disp-audio-codec-rx soc: qcom,msm-ext-disp:qcom,msm-ext-disp-audio-codec-rx: msm_ext_disp_audio_device_get: invalid dai id: 4
01-01 08:07:01.540 0 0 D : mv2112_read_status
01-01 08:07:01.541 0 0 D mv2112_update_link: 3.0x901(1G): 0x80
01-01 08:07:01.541 0 0 D mv2112_update_link: 3.0x8109(100M): 0x0
01-01 08:07:01.541 0 0 D mv2112_update_link: link 0x0
01-01 08:07:01.541 0 0 D mv2112_read_status: autoneg is disabled
01-01 08:07:01.577 0 0 E : msm_pcm_volume_ctl_get substream not found
01-01 08:07:01.714 0 0 I binder : 11945:11945 ioctl 40046210 7fea87d234 returned -22
01-01 08:07:02.001 0 0 I binder : 11945:11945 ioctl 40046210 7fea87c934 returned -22
01-01 08:07:02.180 11945 11945 E AndroidRuntime: *** FATAL EXCEPTION IN SYSTEM PROCESS: main
01-01 08:07:02.180 11945 11945 E AndroidRuntime: java.lang.NullPointerException: Attempt to read from field 'java.lang.String com.android.server.pm.Settings$VersionInfo.fingerprint' on a null object reference
01-01 08:07:02.180 11945 11945 E AndroidRuntime: at com.android.server.pm.PackageManagerService.(PackageManagerService.java:7608)
01-01 08:07:02.180 11945 11945 E AndroidRuntime: at com.android.server.pm.PackageManagerService.main(PackageManagerService.java:7116)
01-01 08:07:02.180 11945 11945 E AndroidRuntime: at com.android.server.SystemServer.startBootstrapServices(SystemServer.java:1168)
01-01 08:07:02.180 11945 11945 E AndroidRuntime: at com.android.server.SystemServer.run(SystemServer.java:882)
01-01 08:07:02.180 11945 11945 E AndroidRuntime: at com.android.server.SystemServer.main(SystemServer.java:615)
01-01 08:07:02.180 11945 11945 E AndroidRuntime: at java.lang.reflect.Method.invoke(Native Method)
01-01 08:07:02.180 11945 11945 E AndroidRuntime: at com.android.internal.os.RuntimeInit$MethodAndArgsCaller.run(RuntimeInit.java:548)
01-01 08:07:02.180 11945 11945 E AndroidRuntime: at com.android.internal.os.ZygoteInit.main(ZygoteInit.java:987)
01-01 08:07:02.181 11945 11945 E AndroidRuntime: Error reporting crash
01-01 08:07:02.181 11945 11945 E AndroidRuntime: java.lang.NullPointerException: Attempt to invoke interface method 'void android.app.IActivityManager.handleApplicationCrash(android.os.IBinder, android.app.ApplicationErrorReport$ParcelableCrashInfo)' on a null object reference
01-01 08:07:02.181 11945 11945 E AndroidRuntime: at com.android.internal.os.RuntimeInit$KillApplicationHandler.uncaughtException(RuntimeInit.java:156)
01-01 08:07:02.181 11945 11945 E AndroidRuntime: at java.lang.ThreadGroup.uncaughtException(ThreadGroup.java:1073)
01-01 08:07:02.181 11945 11945 E AndroidRuntime: at java.lang.ThreadGroup.uncaughtException(ThreadGroup.java:1068)
01-01 08:07:02.181 11945 11945 E AndroidRuntime: at java.lang.Thread.dispatchUncaughtException(Thread.java:2200)
01-01 08:07:02.333 0 0 I binder : 12025:12025 ioctl 40046210 7fdb4deb64 returned -22
01-01 08:07:02.333 0 0 D ProcessState: Binder ioctl to enable oneway spam detection failed: Invalid argument
01-01 08:07:02.334 0 0 D vdc : Waited 0ms for vold
01-01 08:07:02.564 0 0 D : mv2112_read_status
01-01 08:07:02.565 0 0 D mv2112_update_link: 3.0x901(1G): 0x80
01-01 08:07:02.565 0 0 D mv2112_update_link: 3.0x8109(100M): 0x0
01-01 08:07:02.565 0 0 D mv2112_update_link: link 0x0
01-01 08:07:02.565 0 0 D mv2112_read_status: autoneg is disabled
01-01 08:07:02.970 0 0 I binder : 12033:12033 ioctl 40046210 7fc2097504 returned -22
01-01 08:07:02.971 0 0 I binder : 12033:12033 ioctl 40046210 7fc2097484 returned -22
01-01 08:07:03.042 0 0 I binder : 12030:12030 ioctl 40046210 ffd62688 returned -22
01-01 08:07:03.044 0 0 I binder : 12030:12030 ioctl 40046210 ffd62670 returned -22
01-01 08:07:03.345 0 0 I binder : 12029:12029 ioctl 40046210 7fddaebca4 returned -22
01-01 08:07:03.347 0 0 I binder : 12029:12029 ioctl 40046210 7fddaebcc4 returned -22
01-01 08:07:03.588 0 0 D : mv2112_read_status
01-01 08:07:03.589 0 0 D mv2112_update_link: 3.0x901(1G): 0x80
01-01 08:07:03.589 0 0 D mv2112_update_link: 3.0x8109(100M): 0x0
01-01 08:07:03.589 0 0 D mv2112_update_link: link 0x0
01-01 08:07:03.589 0 0 D mv2112_read_status: autoneg is disabled
01-01 08:07:04.612 0 0 D : mv2112_read_status
01-01 08:07:04.613 0 0 D mv2112_update_link: 3.0x901(1G): 0x80
01-01 08:07:04.613 0 0 D mv2112_update_link: 3.0x8109(100M): 0x0
01-01 08:07:04.613 0 0 D mv2112_update_link: link 0x0
01-01 08:07:04.613 0 0 D mv2112_read_status: autoneg is disabled
01-01 08:07:04.822 0 0 E init : Control message: Could not find 'android.frameworks.sensorservice@1.0::ISensorManager/default' for ctl.interface_start from pid: 517 (/system/bin/hwservicemanager)
01-01 08:07:04.840 0 0 E init : Control message: Could not find 'android.frameworks.sensorservice@1.0::ISensorManager/default' for ctl.interface_start from pid: 517 (/system/bin/hwservicemanager)
01-01 08:07:05.015 0 0 I init : starting service 'qvrd_vndr'...
01-01 08:07:05.016 0 0 I init : Created socket '/dev/socket/qvrservice_vndr', mode 660, user 1000, group 1000
01-01 08:07:05.017 0 0 I init : Created socket '/dev/socket/qvrservice_vndr_camera', mode 660, user 1000, group 1000
01-01 08:07:05.026 0 0 I init : starting service 'sxrd'...
01-01 08:07:05.035 0 0 I init : starting service 'vendor.audio-hal'...
01-01 08:07:05.032 12045 12045 F linker : CANNOT LINK EXECUTABLE "/vendor/bin/hw/qvrservice": library "vendor.qti.hardware.qxr-V1-ndk_platform.so" not found: needed by /vendor/lib64/libqvrservice.so in namespace (default)
01-01 08:07:05.035 12046 12046 F linker : CANNOT LINK EXECUTABLE "/vendor/bin/hw/sxrservice": library "vendor.qti.hardware.qxr-V1-ndk_platform.so" not found: needed by main executable
01-01 08:07:05.044 0 0 I init : Service 'qvrd_vndr' (pid 12045) exited with status 1
01-01 08:07:05.044 0 0 I init : Sending signal 9 to service 'qvrd_vndr' (pid 12045) process group...
01-01 08:07:05.044 0 0 I libprocessgroup: Successfully killed process cgroup uid 1000 pid 12045 in 0ms
01-01 08:07:05.403 0 0 I binder : 12054:12054 ioctl 40046210 7ffddad774 returned -22
01-01 08:07:05.403 0 0 I binder : 12054:12054 ioctl 40046210 7ffddad794 returned -22
01-01 08:07:05.636 0 0 D : mv2112_read_status
01-01 08:07:05.637 0 0 D mv2112_update_link: 3.0x901(1G): 0x80
01-01 08:07:05.637 0 0 D mv2112_update_link: 3.0x8109(100M): 0x0
01-01 08:07:05.637 0 0 D mv2112_update_link: link 0x0
01-01 08:07:05.637 0 0 D mv2112_read_status: autoneg is disabled
01-01 08:07:05.968 0 0 E : msm_qti_pp_get_rms_value_control, back not active to query rms be_idx:3
01-01 08:07:05.990 0 0 I core_get_license_status: cmdrsp_license_result.result = 0x15 for module 0x131ff
01-01 08:07:05.991 0 0 E msm_ext_disp_update_audio_ops: Display not found (EXT_DISPLAY_TYPE_DP) ctld (0) stream (0)
01-01 08:07:06.001 0 0 E msm_ext_disp_update_audio_ops: Display not found (EXT_DISPLAY_TYPE_HDMI) ctld (0) stream (0)
01-01 08:07:06.011 0 0 E msm_ext_disp_update_audio_ops: Display not found (EXT_DISPLAY_TYPE_DP) ctld (0) stream (0)
01-01 08:07:06.021 0 0 E msm_ext_disp_update_audio_ops: Display not found (EXT_DISPLAY_TYPE_DP) ctld (0) stream (0)
01-01 08:07:06.031 0 0 E msm_ext_disp_update_audio_ops: Display not found (EXT_DISPLAY_TYPE_DP) ctld (0) stream (0)
01-01 08:07:06.041 0 0 E msm-ext-disp-audio-codec-rx soc: qcom,msm-ext-disp:qcom,msm-ext-disp-audio-codec-rx: msm_ext_disp_audio_type_get: get_audio_edid_blk() or get_intf_id is NULL
01-01 08:07:06.056 0 0 E msm_ext_disp_update_audio_ops: Display not found (EXT_DISPLAY_TYPE_DP) ctld (0) stream (0)
01-01 08:07:06.066 0 0 E msm-ext-disp-audio-codec-rx soc: qcom,msm-ext-disp:qcom,msm-ext-disp-audio-codec-rx: msm_ext_disp_audio_type_get: get_audio_edid_blk() or get_intf_id is NULL
01-01 08:07:06.082 0 0 E msm_ext_disp_update_audio_ops: Display not found (EXT_DISPLAY_TYPE_DP) ctld (0) stream (0)
01-01 08:07:06.091 0 0 E msm-ext-disp-audio-codec-rx soc: qcom,msm-ext-disp:qcom,msm-ext-disp-audio-codec-rx: msm_ext_disp_audio_type_get: get_audio_edid_blk() or get_intf_id is NULL
01-01 08:07:06.108 0 0 E msm-ext-disp-audio-codec-rx soc: qcom,msm-ext-disp:qcom,msm-ext-disp-audio-codec-rx: msm_ext_disp_audio_device_get: invalid dai id: 4
01-01 08:07:06.172 0 0 E : msm_pcm_volume_ctl_get substream not found
01-01 08:07:06.286 0 0 I binder : 12076:12076 ioctl 40046210 7fe2088674 returned -22
01-01 08:07:06.289 0 0 I binder : 12076:12076 ioctl 40046210 7fe2088884 returned -22
01-01 08:07:06.470 0 0 E : msm_qti_pp_get_rms_value_control, back not active to query rms be_idx:3
01-01 08:07:06.489 0 0 I core_get_license_status: cmdrsp_license_result.result = 0x15 for module 0x131ff
01-01 08:07:06.490 0 0 E msm_ext_disp_update_audio_ops: Display not found (EXT_DISPLAY_TYPE_DP) ctld (0) stream (0)
01-01 08:07:06.500 0 0 E msm_ext_disp_update_audio_ops: Display not found (EXT_DISPLAY_TYPE_HDMI) ctld (0) stream (0)
01-01 08:07:06.510 0 0 E msm_ext_disp_update_audio_ops: Display not found (EXT_DISPLAY_TYPE_DP) ctld (0) stream (0)
01-01 08:07:06.520 0 0 E msm_ext_disp_update_audio_ops: Display not found (EXT_DISPLAY_TYPE_DP) ctld (0) stream (0)
01-01 08:07:06.530 0 0 E msm_ext_disp_update_audio_ops: Display not found (EXT_DISPLAY_TYPE_DP) ctld (0) stream (0)
01-01 08:07:06.539 0 0 E msm-ext-disp-audio-codec-rx soc: qcom,msm-ext-disp:qcom,msm-ext-disp-audio-codec-rx: msm_ext_disp_audio_type_get: get_audio_edid_blk() or get_intf_id is NULL
01-01 08:07:06.555 0 0 E msm_ext_disp_update_audio_ops: Display not found (EXT_DISPLAY_TYPE_DP) ctld (0) stream (0)
01-01 08:07:06.565 0 0 E msm-ext-disp-audio-codec-rx soc: qcom,msm-ext-disp:qcom,msm-ext-disp-audio-codec-rx: msm_ext_disp_audio_type_get: get_audio_edid_blk() or get_intf_id is NULL
01-01 08:07:06.581 0 0 E msm_ext_disp_update_audio_ops: Display not found (EXT_DISPLAY_TYPE_DP) ctld (0) stream (0)
01-01 08:07:06.591 0 0 E msm-ext-disp-audio-codec-rx soc: qcom,msm-ext-disp:qcom,msm-ext-disp-audio-codec-rx: msm_ext_disp_audio_type_get: get_audio_edid_blk() or get_intf_id is NULL
01-01 08:07:06.608 0 0 E msm-ext-disp-audio-codec-rx soc: qcom,msm-ext-disp:qcom,msm-ext-disp-audio-codec-rx: msm_ext_disp_audio_device_get: invalid dai id: 4
01-01 08:07:06.660 0 0 D : mv2112_read_status
01-01 08:07:06.661 0 0 D mv2112_update_link: 3.0x901(1G): 0x80
01-01 08:07:06.661 0 0 D mv2112_update_link: 3.0x8109(100M): 0x0
01-01 08:07:06.661 0 0 D mv2112_update_link: link 0x0
01-01 08:07:06.661 0 0 D mv2112_read_status: autoneg is disabled
01-01 08:07:06.666 0 0 E : msm_pcm_volume_ctl_get substream not found
01-01 08:07:06.733 0 0 I binder : 12097:12097 ioctl 40046210 7fe4f8e964 returned -22
01-01 08:07:07.031 0 0 I binder : 12097:12097 ioctl 40046210 7fe4f8e064 returned -22
01-01 08:07:07.209 12097 12097 E AndroidRuntime: *** FATAL EXCEPTION IN SYSTEM PROCESS: main
01-01 08:07:07.209 12097 12097 E AndroidRuntime: java.lang.NullPointerException: Attempt to read from field 'java.lang.String com.android.server.pm.Settings$VersionInfo.fingerprint' on a null object reference
01-01 08:07:07.209 12097 12097 E AndroidRuntime: at com.android.server.pm.PackageManagerService.(PackageManagerService.java:7608)
01-01 08:07:07.209 12097 12097 E AndroidRuntime: at com.android.server.pm.PackageManagerService.main(PackageManagerService.java:7116)
01-01 08:07:07.209 12097 12097 E AndroidRuntime: at com.android.server.SystemServer.startBootstrapServices(SystemServer.java:1168)
01-01 08:07:07.209 12097 12097 E AndroidRuntime: at com.android.server.SystemServer.run(SystemServer.java:882)
01-01 08:07:07.209 12097 12097 E AndroidRuntime: at com.android.server.SystemServer.main(SystemServer.java:615)
01-01 08:07:07.209 12097 12097 E AndroidRuntime: at java.lang.reflect.Method.invoke(Native Method)
01-01 08:07:07.209 12097 12097 E AndroidRuntime: at com.android.internal.os.RuntimeInit$MethodAndArgsCaller.run(RuntimeInit.java:548)
01-01 08:07:07.209 12097 12097 E AndroidRuntime: at com.android.internal.os.ZygoteInit.main(ZygoteInit.java:987)
01-01 08:07:07.210 12097 12097 E AndroidRuntime: Error reporting crash
01-01 08:07:07.210 12097 12097 E AndroidRuntime: java.lang.NullPointerException: Attempt to invoke interface method 'void android.app.IActivityManager.handleApplicationCrash(android.os.IBinder, android.app.ApplicationErrorReport$ParcelableCrashInfo)' on a null object reference
01-01 08:07:07.210 12097 12097 E AndroidRuntime: at com.android.internal.os.RuntimeInit$KillApplicationHandler.uncaughtException(RuntimeInit.java:156)
01-01 08:07:07.210 12097 12097 E AndroidRuntime: at java.lang.ThreadGroup.uncaughtException(ThreadGroup.java:1073)
01-01 08:07:07.210 12097 12097 E AndroidRuntime: at java.lang.ThreadGroup.uncaughtException(ThreadGroup.java:1068)
01-01 08:07:07.210 12097 12097 E AndroidRuntime: at java.lang.Thread.dispatchUncaughtException(Thread.java:2200)
01-01 08:07:07.361 0 0 I binder : 12168:12168 ioctl 40046210 7ff57fa454 returned -22
01-01 08:07:07.362 0 0 D ProcessState: Binder ioctl to enable oneway spam detection failed: Invalid argument
01-01 08:07:07.363 0 0 D vdc : Waited 0ms for vold
01-01 08:07:07.684 0 0 D : mv2112_read_status
01-01 08:07:07.685 0 0 D mv2112_update_link: 3.0x901(1G): 0x80
01-01 08:07:07.685 0 0 D mv2112_update_link: 3.0x8109(100M): 0x0
01-01 08:07:07.685 0 0 D mv2112_update_link: link 0x0
01-01 08:07:07.685 0 0 D mv2112_read_status: autoneg is disabled
01-01 08:07:07.976 0 0 I binder : 12174:12174 ioctl 40046210 7fde82ea74 returned -22
01-01 08:07:07.978 0 0 I binder : 12174:12174 ioctl 40046210 7fde82e9f4 returned -22
01-01 08:07:08.049 0 0 I binder : 12172:12172 ioctl 40046210 ffcc1228 returned -22
01-01 08:07:08.051 0 0 I binder : 12172:12172 ioctl 40046210 ffcc1210 returned -22
01-01 08:07:08.347 0 0 I binder : 12170:12170 ioctl 40046210 7fd86d5954 returned -22
01-01 08:07:08.349 0 0 I binder : 12170:12170 ioctl 40046210 7fd86d5974 returned -22
01-01 08:07:08.708 0 0 D : mv2112_read_status
01-01 08:07:08.709 0 0 D mv2112_update_link: 3.0x901(1G): 0x80
01-01 08:07:08.709 0 0 D mv2112_update_link: 3.0x8109(100M): 0x0
01-01 08:07:08.709 0 0 D mv2112_update_link: link 0x0
01-01 08:07:08.709 0 0 D mv2112_read_status: autoneg is disabled
01-01 08:07:09.732 0 0 D : mv2112_read_status
01-01 08:07:09.733 0 0 D mv2112_update_link: 3.0x901(1G): 0x80
01-01 08:07:09.733 0 0 D mv2112_update_link: 3.0x8109(100M): 0x0
01-01 08:07:09.733 0 0 D mv2112_update_link: link 0x0
01-01 08:07:09.733 0 0 D mv2112_read_status: autoneg is disabled
01-01 08:07:09.827 0 0 E init : Control message: Could not find 'android.frameworks.sensorservice@1.0::ISensorManager/default' for ctl.interface_start from pid: 517 (/system/bin/hwservicemanager)
01-01 08:07:09.845 0 0 E init : Control message: Could not find 'android.frameworks.sensorservice@1.0::ISensorManager/default' for ctl.interface_start from pid: 517 (/system/bin/hwservicemanager)
01-01 08:07:10.023 0 0 I init : starting service 'qvrd_vndr'...
01-01 08:07:10.024 0 0 I init : Created socket '/dev/socket/qvrservice_vndr', mode 660, user 1000, group 1000
01-01 08:07:10.025 0 0 I init : Created socket '/dev/socket/qvrservice_vndr_camera', mode 660, user 1000, group 1000
01-01 08:07:10.034 0 0 I init : starting service 'sxrd'...
01-01 08:07:10.044 0 0 I init : starting service 'vendor.audio-hal'...
01-01 08:07:10.041 12186 12186 F linker : CANNOT LINK EXECUTABLE "/vendor/bin/hw/qvrservice": library "vendor.qti.hardware.qxr-V1-ndk_platform.so" not found: needed by /vendor/lib64/libqvrservice.so in namespace (default)
01-01 08:07:10.044 12187 12187 F linker : CANNOT LINK EXECUTABLE "/vendor/bin/hw/sxrservice": library "vendor.qti.hardware.qxr-V1-ndk_platform.so" not found: needed by main executable
01-01 08:07:10.052 0 0 I init : Service 'qvrd_vndr' (pid 12186) exited with status 1
01-01 08:07:10.052 0 0 I init : Sending signal 9 to service 'qvrd_vndr' (pid 12186) process group...
01-01 08:07:10.052 0 0 I libprocessgroup: Successfully killed process cgroup uid 1000 pid 12186 in 0ms
01-01 08:07:10.444 0 0 I binder : 12195:12195 ioctl 40046210 7fea9b20a4 returned -22
01-01 08:07:10.445 0 0 I binder : 12195:12195 ioctl 40046210 7fea9b20c4 returned -22
01-01 08:07:10.756 0 0 D : mv2112_read_status
01-01 08:07:10.757 0 0 D mv2112_update_link: 3.0x901(1G): 0x80
01-01 08:07:10.757 0 0 D mv2112_update_link: 3.0x8109(100M): 0x0
01-01 08:07:10.757 0 0 D mv2112_update_link: link 0x0
01-01 08:07:10.757 0 0 D mv2112_read_status: autoneg is disabled
01-01 08:07:10.978 0 0 E : msm_qti_pp_get_rms_value_control, back not active to query rms be_idx:3
01-01 08:07:10.999 0 0 I core_get_license_status: cmdrsp_license_result.result = 0x15 for module 0x131ff
01-01 08:07:11.000 0 0 E msm_ext_disp_update_audio_ops: Display not found (EXT_DISPLAY_TYPE_DP) ctld (0) stream (0)
01-01 08:07:11.009 0 0 E msm_ext_disp_update_audio_ops: Display not found (EXT_DISPLAY_TYPE_HDMI) ctld (0) stream (0)
01-01 08:07:11.019 0 0 E msm_ext_disp_update_audio_ops: Display not found (EXT_DISPLAY_TYPE_DP) ctld (0) stream (0)
01-01 08:07:11.029 0 0 E msm_ext_disp_update_audio_ops: Display not found (EXT_DISPLAY_TYPE_DP) ctld (0) stream (0)
01-01 08:07:11.039 0 0 E msm_ext_disp_update_audio_ops: Display not found (EXT_DISPLAY_TYPE_DP) ctld (0) stream (0)
01-01 08:07:11.049 0 0 E msm-ext-disp-audio-codec-rx soc: qcom,msm-ext-disp:qcom,msm-ext-disp-audio-codec-rx: msm_ext_disp_audio_type_get: get_audio_edid_blk() or get_intf_id is NULL
01-01 08:07:11.066 0 0 E msm_ext_disp_update_audio_ops: Display not found (EXT_DISPLAY_TYPE_DP) ctld (0) stream (0)
01-01 08:07:11.075 0 0 E msm-ext-disp-audio-codec-rx soc: qcom,msm-ext-disp:qcom,msm-ext-disp-audio-codec-rx: msm_ext_disp_audio_type_get: get_audio_edid_blk() or get_intf_id is NULL
01-01 08:07:11.091 0 0 E msm_ext_disp_update_audio_ops: Display not found (EXT_DISPLAY_TYPE_DP) ctld (0) stream (0)
01-01 08:07:11.101 0 0 E msm-ext-disp-audio-codec-rx soc: qcom,msm-ext-disp:qcom,msm-ext-disp-audio-codec-rx: msm_ext_disp_audio_type_get: get_audio_edid_blk() or get_intf_id is NULL
01-01 08:07:11.118 0 0 E msm-ext-disp-audio-codec-rx soc: qcom,msm-ext-disp:qcom,msm-ext-disp-audio-codec-rx: msm_ext_disp_audio_device_get: invalid dai id: 4
01-01 08:07:11.195 0 0 E : msm_pcm_volume_ctl_get substream not found
01-01 08:07:11.294 0 0 I binder : 12216:12216 ioctl 40046210 7fcdf095b4 returned -22
01-01 08:07:11.300 0 0 I binder : 12216:12216 ioctl 40046210 7fcdf097c4 returned -22
01-01 08:07:11.453 0 0 E : msm_qti_pp_get_rms_value_control, back not active to query rms be_idx:3
01-01 08:07:11.473 0 0 I core_get_license_status: cmdrsp_license_result.result = 0x15 for module 0x131ff
01-01 08:07:11.474 0 0 E msm_ext_disp_update_audio_ops: Display not found (EXT_DISPLAY_TYPE_DP) ctld (0) stream (0)
01-01 08:07:11.484 0 0 E msm_ext_disp_update_audio_ops: Display not found (EXT_DISPLAY_TYPE_HDMI) ctld (0) stream (0)
01-01 08:07:11.494 0 0 E msm_ext_disp_update_audio_ops: Display not found (EXT_DISPLAY_TYPE_DP) ctld (0) stream (0)
01-01 08:07:11.504 0 0 E msm_ext_disp_update_audio_ops: Display not found (EXT_DISPLAY_TYPE_DP) ctld (0) stream (0)
01-01 08:07:11.514 0 0 E msm_ext_disp_update_audio_ops: Display not found (EXT_DISPLAY_TYPE_DP) ctld (0) stream (0)
01-01 08:07:11.524 0 0 E msm-ext-disp-audio-codec-rx soc: qcom,msm-ext-disp:qcom,msm-ext-disp-audio-codec-rx: msm_ext_disp_audio_type_get: get_audio_edid_blk() or get_intf_id is NULL
01-01 08:07:11.540 0 0 E msm_ext_disp_update_audio_ops: Display not found (EXT_DISPLAY_TYPE_DP) ctld (0) stream (0)
01-01 08:07:11.550 0 0 E msm-ext-disp-audio-codec-rx soc: qcom,msm-ext-disp:qcom,msm-ext-disp-audio-codec-rx: msm_ext_disp_audio_type_get: get_audio_edid_blk() or get_intf_id is NULL
01-01 08:07:11.566 0 0 E msm_ext_disp_update_audio_ops: Display not found (EXT_DISPLAY_TYPE_DP) ctld (0) stream (0)
01-01 08:07:11.576 0 0 E msm-ext-disp-audio-codec-rx soc: qcom,msm-ext-disp:qcom,msm-ext-disp-audio-codec-rx: msm_ext_disp_audio_type_get: get_audio_edid_blk() or get_intf_id is NULL
01-01 08:07:11.592 0 0 E msm-ext-disp-audio-codec-rx soc: qcom,msm-ext-disp:qcom,msm-ext-disp-audio-codec-rx: msm_ext_disp_audio_device_get: invalid dai id: 4
01-01 08:07:11.649 0 0 E : msm_pcm_volume_ctl_get substream not found
01-01 08:07:11.764 0 0 I binder : 12238:12238 ioctl 40046210 7fe52532d4 returned -22
01-01 08:07:11.780 0 0 D : mv2112_read_status
01-01 08:07:11.781 0 0 D mv2112_update_link: 3.0x901(1G): 0x80
01-01 08:07:11.781 0 0 D mv2112_update_link: 3.0x8109(100M): 0x0
01-01 08:07:11.781 0 0 D mv2112_update_link: link 0x0
01-01 08:07:11.781 0 0 D mv2112_read_status: autoneg is disabled
01-01 08:07:12.047 0 0 I binder : 12238:12238 ioctl 40046210 7fe52529d4 returned -22
01-01 08:07:12.236 12238 12238 E AndroidRuntime: *** FATAL EXCEPTION IN SYSTEM PROCESS: main
01-01 08:07:12.236 12238 12238 E AndroidRuntime: java.lang.NullPointerException: Attempt to read from field 'java.lang.String com.android.server.pm.Settings$VersionInfo.fingerprint' on a null object reference
01-01 08:07:12.236 12238 12238 E AndroidRuntime: at com.android.server.pm.PackageManagerService.(PackageManagerService.java:7608)
01-01 08:07:12.236 12238 12238 E AndroidRuntime: at com.android.server.pm.PackageManagerService.main(PackageManagerService.java:7116)
01-01 08:07:12.236 12238 12238 E AndroidRuntime: at com.android.server.SystemServer.startBootstrapServices(SystemServer.java:1168)
01-01 08:07:12.236 12238 12238 E AndroidRuntime: at com.android.server.SystemServer.run(SystemServer.java:882)
01-01 08:07:12.236 12238 12238 E AndroidRuntime: at com.android.server.SystemServer.main(SystemServer.java:615)
01-01 08:07:12.236 12238 12238 E AndroidRuntime: at java.lang.reflect.Method.invoke(Native Method)
01-01 08:07:12.236 12238 12238 E AndroidRuntime: at com.android.internal.os.RuntimeInit$MethodAndArgsCaller.run(RuntimeInit.java:548)
01-01 08:07:12.236 12238 12238 E AndroidRuntime: at com.android.internal.os.ZygoteInit.main(ZygoteInit.java:987)
01-01 08:07:12.237 12238 12238 E AndroidRuntime: Error reporting crash
01-01 08:07:12.237 12238 12238 E AndroidRuntime: java.lang.NullPointerException: Attempt to invoke interface method 'void android.app.IActivityManager.handleApplicationCrash(android.os.IBinder, android.app.ApplicationErrorReport$ParcelableCrashInfo)' on a null object reference
01-01 08:07:12.237 12238 12238 E AndroidRuntime: at com.android.internal.os.RuntimeInit$KillApplicationHandler.uncaughtException(RuntimeInit.java:156)
01-01 08:07:12.237 12238 12238 E AndroidRuntime: at java.lang.ThreadGroup.uncaughtException(ThreadGroup.java:1073)
01-01 08:07:12.237 12238 12238 E AndroidRuntime: at java.lang.ThreadGroup.uncaughtException(ThreadGroup.java:1068)
01-01 08:07:12.237 12238 12238 E AndroidRuntime: at java.lang.Thread.dispatchUncaughtException(Thread.java:2200)
01-01 08:07:12.386 0 0 I binder : 12314:12314 ioctl 40046210 7ffe65a8c4 returned -22
01-01 08:07:12.386 0 0 D ProcessState: Binder ioctl to enable oneway spam detection failed: Invalid argument
01-01 08:07:12.387 0 0 D vdc : Waited 0ms for vold
01-01 08:07:12.804 0 0 D : mv2112_read_status
01-01 08:07:12.805 0 0 D mv2112_update_link: 3.0x901(1G): 0x80
01-01 08:07:12.805 0 0 D mv2112_update_link: 3.0x8109(100M): 0x0
01-01 08:07:12.805 0 0 D mv2112_update_link: link 0x0
01-01 08:07:12.805 0 0 D mv2112_read_status: autoneg is disabled
01-01 08:07:12.982 0 0 I binder : 12320:12320 ioctl 40046210 7fef4fac64 returned -22
01-01 08:07:12.983 0 0 I binder : 12320:12320 ioctl 40046210 7fef4fabe4 returned -22
01-01 08:07:13.061 0 0 I binder : 12318:12318 ioctl 40046210 ffc3e558 returned -22
01-01 08:07:13.063 0 0 I binder : 12318:12318 ioctl 40046210 ffc3e540 returned -22
01-01 08:07:13.359 0 0 I binder : 12316:12316 ioctl 40046210 7fe0f240a4 returned -22
01-01 08:07:13.361 0 0 I binder : 12316:12316 ioctl 40046210 7fe0f240c4 returned -22
01-01 08:07:13.828 0 0 D : mv2112_read_status
01-01 08:07:13.829 0 0 D mv2112_update_link: 3.0x901(1G): 0x80
01-01 08:07:13.829 0 0 D mv2112_update_link: 3.0x8109(100M): 0x0
01-01 08:07:13.829 0 0 D mv2112_update_link: link 0x0
01-01 08:07:13.829 0 0 D mv2112_read_status: autoneg is disabled
01-01 08:07:14.832 0 0 E init : Control message: Could not find 'android.frameworks.sensorservice@1.0::ISensorManager/default' for ctl.interface_start from pid: 517 (/system/bin/hwservicemanager)
01-01 08:07:14.849 0 0 E init : Control message: Could not find 'android.frameworks.sensorservice@1.0::ISensorManager/default' for ctl.interface_start from pid: 517 (/system/bin/hwservicemanager)
01-01 08:07:14.852 0 0 D : mv2112_read_status
01-01 08:07:14.866 0 0 D mv2112_update_link: 3.0x901(1G): 0x80
01-01 08:07:14.866 0 0 D mv2112_update_link: 3.0x8109(100M): 0x0
01-01 08:07:14.866 0 0 D mv2112_update_link: link 0x0
01-01 08:07:14.866 0 0 D mv2112_read_status: autoneg is disabled
01-01 08:07:15.032 0 0 I init : starting service 'qvrd_vndr'...
01-01 08:07:15.033 0 0 I init : Created socket '/dev/socket/qvrservice_vndr', mode 660, user 1000, group 1000
01-01 08:07:15.033 0 0 I init : Created socket '/dev/socket/qvrservice_vndr_camera', mode 660, user 1000, group 1000
01-01 08:07:15.044 0 0 I init : starting service 'sxrd'...
01-01 08:07:15.055 0 0 I init : starting service 'vendor.audio-hal'...
01-01 08:07:15.050 12332 12332 F linker : CANNOT LINK EXECUTABLE "/vendor/bin/hw/qvrservice": library "vendor.qti.hardware.qxr-V1-ndk_platform.so" not found: needed by /vendor/lib64/libqvrservice.so in namespace (default)
01-01 08:07:15.054 12333 12333 F linker : CANNOT LINK EXECUTABLE "/vendor/bin/hw/sxrservice": library "vendor.qti.hardware.qxr-V1-ndk_platform.so" not found: needed by main executable
01-01 08:07:15.065 0 0 I init : Service 'qvrd_vndr' (pid 12332) exited with status 1
01-01 08:07:15.065 0 0 I init : Sending signal 9 to service 'qvrd_vndr' (pid 12332) process group...
01-01 08:07:15.065 0 0 I libprocessgroup: Successfully killed process cgroup uid 1000 pid 12332 in 0ms
01-01 08:07:15.432 0 0 I binder : 12341:12341 ioctl 40046210 7fc25f5b64 returned -22
01-01 08:07:15.432 0 0 I binder : 12341:12341 ioctl 40046210 7fc25f5b84 returned -22
01-01 08:07:15.876 0 0 D : mv2112_read_status
01-01 08:07:15.877 0 0 D mv2112_update_link: 3.0x901(1G): 0x80
01-01 08:07:15.877 0 0 D mv2112_update_link: 3.0x8109(100M): 0x0
01-01 08:07:15.877 0 0 D mv2112_update_link: link 0x0
01-01 08:07:15.877 0 0 D mv2112_read_status: autoneg is disabled
01-01 08:07:15.946 0 0 E : msm_qti_pp_get_rms_value_control, back not active to query rms be_idx:3
01-01 08:07:15.966 0 0 I core_get_license_status: cmdrsp_license_result.result = 0x15 for module 0x131ff
01-01 08:07:15.967 0 0 E msm_ext_disp_update_audio_ops: Display not found (EXT_DISPLAY_TYPE_DP) ctld (0) stream (0)
01-01 08:07:15.977 0 0 E msm_ext_disp_update_audio_ops: Display not found (EXT_DISPLAY_TYPE_HDMI) ctld (0) stream (0)
01-01 08:07:15.987 0 0 E msm_ext_disp_update_audio_ops: Display not found (EXT_DISPLAY_TYPE_DP) ctld (0) stream (0)
01-01 08:07:15.997 0 0 E msm_ext_disp_update_audio_ops: Display not found (EXT_DISPLAY_TYPE_DP) ctld (0) stream (0)
01-01 08:07:16.007 0 0 E msm_ext_disp_update_audio_ops: Display not found (EXT_DISPLAY_TYPE_DP) ctld (0) stream (0)
01-01 08:07:16.017 0 0 E msm-ext-disp-audio-codec-rx soc: qcom,msm-ext-disp:qcom,msm-ext-disp-audio-codec-rx: msm_ext_disp_audio_type_get: get_audio_edid_blk() or get_intf_id is NULL
01-01 08:07:16.033 0 0 E msm_ext_disp_update_audio_ops: Display not found (EXT_DISPLAY_TYPE_DP) ctld (0) stream (0)
01-01 08:07:16.042 0 0 E msm-ext-disp-audio-codec-rx soc: qcom,msm-ext-disp:qcom,msm-ext-disp-audio-codec-rx: msm_ext_disp_audio_type_get: get_audio_edid_blk() or get_intf_id is NULL
01-01 08:07:16.058 0 0 E msm_ext_disp_update_audio_ops: Display not found (EXT_DISPLAY_TYPE_DP) ctld (0) stream (0)
01-01 08:07:16.068 0 0 E msm-ext-disp-audio-codec-rx soc: qcom,msm-ext-disp:qcom,msm-ext-disp-audio-codec-rx: msm_ext_disp_audio_type_get: get_audio_edid_blk() or get_intf_id is NULL
01-01 08:07:16.085 0 0 E msm-ext-disp-audio-codec-rx soc: qcom,msm-ext-disp:qcom,msm-ext-disp-audio-codec-rx: msm_ext_disp_audio_device_get: invalid dai id: 4
01-01 08:07:16.149 0 0 E : msm_pcm_volume_ctl_get substream not found
01-01 08:07:16.318 0 0 I binder : 12363:12363 ioctl 40046210 7fe756ef94 returned -22
01-01 08:07:16.322 0 0 I binder : 12363:12363 ioctl 40046210 7fe756f1a4 returned -22
01-01 08:07:16.514 0 0 E : msm_qti_pp_get_rms_value_control, back not active to query rms be_idx:3
01-01 08:07:16.534 0 0 I core_get_license_status: cmdrsp_license_result.result = 0x15 for module 0x131ff
01-01 08:07:16.534 0 0 E msm_ext_disp_update_audio_ops: Display not found (EXT_DISPLAY_TYPE_DP) ctld (0) stream (0)
01-01 08:07:16.544 0 0 E msm_ext_disp_update_audio_ops: Display not found (EXT_DISPLAY_TYPE_HDMI) ctld (0) stream (0)
01-01 08:07:16.554 0 0 E msm_ext_disp_update_audio_ops: Display not found (EXT_DISPLAY_TYPE_DP) ctld (0) stream (0)
01-01 08:07:16.564 0 0 E msm_ext_disp_update_audio_ops: Display not found (EXT_DISPLAY_TYPE_DP) ctld (0) stream (0)
01-01 08:07:16.574 0 0 E msm_ext_disp_update_audio_ops: Display not found (EXT_DISPLAY_TYPE_DP) ctld (0) stream (0)
01-01 08:07:16.584 0 0 E msm-ext-disp-audio-codec-rx soc: qcom,msm-ext-disp:qcom,msm-ext-disp-audio-codec-rx: msm_ext_disp_audio_type_get: get_audio_edid_blk() or get_intf_id is NULL
01-01 08:07:16.600 0 0 E msm_ext_disp_update_audio_ops: Display not found (EXT_DISPLAY_TYPE_DP) ctld (0) stream (0)
01-01 08:07:16.610 0 0 E msm-ext-disp-audio-codec-rx soc: qcom,msm-ext-disp:qcom,msm-ext-disp-audio-codec-rx: msm_ext_disp_audio_type_get: get_audio_edid_blk() or get_intf_id is NULL
01-01 08:07:16.626 0 0 E msm_ext_disp_update_audio_ops: Display not found (EXT_DISPLAY_TYPE_DP) ctld (0) stream (0)
01-01 08:07:16.635 0 0 E msm-ext-disp-audio-codec-rx soc: qcom,msm-ext-disp:qcom,msm-ext-disp-audio-codec-rx: msm_ext_disp_audio_type_get: get_audio_edid_blk() or get_intf_id is NULL
01-01 08:07:16.652 0 0 E msm-ext-disp-audio-codec-rx soc: qcom,msm-ext-disp:qcom,msm-ext-disp-audio-codec-rx: msm_ext_disp_audio_device_get: invalid dai id: 4
01-01 08:07:16.706 0 0 I binder : 12384:12384 ioctl 40046210 7fe88894f4 returned -22
01-01 08:07:16.708 0 0 E : msm_pcm_volume_ctl_get substream not found
01-01 08:07:16.900 0 0 D : mv2112_read_status
01-01 08:07:16.901 0 0 D mv2112_update_link: 3.0x901(1G): 0x80
01-01 08:07:16.901 0 0 D mv2112_update_link: 3.0x8109(100M): 0x0
01-01 08:07:16.901 0 0 D mv2112_update_link: link 0x0
01-01 08:07:16.901 0 0 D mv2112_read_status: autoneg is disabled
