10-28 02:37:44.305 D/CCodecConfig( 1300): no c2 equivalents for file-format
10-28 02:37:44.305 D/CCodecConfig( 1300): no c2 equivalents for flags
10-28 02:37:44.306 D/CCodecConfig( 1300): config failed => CORRUPTED
10-28 02:37:44.307 D/CCodecConfig( 1300): c2 config diff is c2::u32 coded.bitrate.value = 70000
10-28 02:37:44.308 W/Codec2Client( 1300): query -- param skipped: index = 1107298332.
10-28 02:37:44.308 D/CCodec ( 1300): setup formats input: AMessage(what = 0x00000000) = {
10-28 02:37:44.308 D/CCodec ( 1300): int32_t bitrate = 70000
10-28 02:37:44.308 D/CCodec ( 1300): int32_t channel-count = 1
10-28 02:37:44.308 D/CCodec ( 1300): int32_t max-input-size = 65307
10-28 02:37:44.308 D/CCodec ( 1300): string mime = "audio/vorbis"
10-28 02:37:44.308 D/CCodec ( 1300): int32_t sample-rate = 48000
10-28 02:37:44.308 D/CCodec ( 1300): }
10-28 02:37:44.308 D/CCodec ( 1300): setup formats output: AMessage(what = 0x00000000) = {
10-28 02:37:44.308 D/CCodec ( 1300): int32_t channel-count = 1
10-28 02:37:44.308 D/CCodec ( 1300): string mime = "audio/raw"
10-28 02:37:44.308 D/CCodec ( 1300): int32_t sample-rate = 48000
10-28 02:37:44.308 D/CCodec ( 1300): int32_t android._config-pcm-encoding = 2
10-28 02:37:44.308 D/CCodec ( 1300): }
10-28 02:37:44.309 I/CCodecConfig( 1300): query failed after returning 7 values (BAD_INDEX)
10-28 02:37:44.310 I/MediaCodec( 1300): MediaCodec will operate in async mode
10-28 02:37:44.310 D/MediaCodec( 1300): keep callback message for reclaim
10-28 02:37:44.316 W/Codec2Client( 1300): query -- param skipped: index = 1342179345.
10-28 02:37:44.316 W/Codec2Client( 1300): query -- param skipped: index = 2415921170.
10-28 02:37:44.320 D/CCodecBufferChannel( 1300): [c2.android.vorbis.decoder#310] Created input block pool with allocatorID 16 => poolID 62 - OK (0)
10-28 02:37:44.320 D/BufferPoolAccessor2.0( 1384): Destruction - bufferpool2 0xb40000794db2af38 cached: 0/0M, 0/0% in use; allocs: 97, 96% recycled; transfers: 96, 96% unfetched
10-28 02:37:44.328 I/CCodecBufferChannel( 1300): [c2.android.vorbis.decoder#310] Created output block pool with allocatorID 16 => poolID 71 - OK
10-28 02:37:44.329 D/BufferPoolAccessor2.0( 1300): Destruction - bufferpool2 0xf16c1a08 cached: 0/0M, 0/0% in use; allocs: 102, 92% recycled; transfers: 198, 96% unfetched
10-28 02:37:44.329 D/CCodecBufferChannel( 1300): [c2.android.vorbis.decoder#310] Configured output block pool ids 71 => OK
10-28 02:37:44.330 D/CCodecBufferChannel( 1300): [c2.android.vorbis.decoder#310] start: updating output delay 0
10-28 02:37:44.332 I/CCodecBufferChannel( 1300): pipelineRoom(3) is <= numClientBuffers(3). Not signalling any more buffers to client
10-28 02:37:44.333 D/SimpleC2Component( 1384): Using output block pool with poolID 71 => got 71 - 0
10-28 02:37:44.338 I/CCodecBufferChannel( 1300): pipelineRoom(2) is <= numClientBuffers(2). Not signalling any more buffers to client
10-28 02:37:44.340 I/CCodecBufferChannel( 1300): pipelineRoom(1) is <= numClientBuffers(1). Not signalling any more buffers to client
10-28 02:37:44.353 I/ExtendedNuUtils( 1300): Both src and dst missing for bit-width
10-28 02:37:44.353 I/ExtendedNuUtils( 1300): Overriding durationUs: with 64 bit src value 1728000
10-28 02:37:44.353 I/ExtendedNuUtils( 1300): Both src and dst missing for channel-mask
10-28 02:37:44.360 D/audio_hw_primary( 800): adev_get_parameters:vr_audio_mode_on
10-28 02:37:44.360 I/audio_hw_primary( 800): getting vr mode to 0
10-28 02:37:44.360 D/audio_hw_primary( 800): adev_get_parameters: exit: returns - vr_audio_mode_on=false
10-28 02:37:44.360 I/hash_map_utils( 1024): system/bt/osi/src/hash_map_utils.cc:81 hash_map_utils_dump_string_keys_string_values: key: 'vr_audio_mode_on' value: ''
10-28 02:37:44.363 D/AudioFlinger( 1024): Client defaulted notificationFrames to 12000 for frameCount 24000
10-28 02:37:44.368 D/AF::TrackHandle( 1024): OpPlayAudio: track:102 usage:5 not muted
10-28 02:37:44.386 V/NotificationMediaManager( 2084): DEBUG_MEDIA: updating album art for notification null metadata=null metaDataChanged=false state=0
10-28 02:37:44.387 V/NotificationMediaManager( 2084): DEBUG_MEDIA: updating album art for notification null metadata=null metaDataChanged=false state=0
10-28 02:37:44.388 I/EffectsFactory( 800): EffectCreate() create_effect
10-28 02:37:44.390 V/NotificationMediaManager( 2084): DEBUG_MEDIA: updating album art for notification null metadata=null metaDataChanged=false state=0
10-28 02:37:44.392 V/NotificationMediaManager( 2084): DEBUG_MEDIA: updating album art for notification null metadata=null metaDataChanged=false state=0
10-28 02:37:44.393 V/NotificationMediaManager( 2084): DEBUG_MEDIA: updating album art for notification null metadata=null metaDataChanged=false state=0
10-28 02:37:44.411 E/volume_listener( 800): check_and_set_gain_dep_cal: Failed to set gain dep cal level
10-28 02:37:44.411 W/AudioIDCMicroNegotiator( 1152): idcm: idcm control is not enable
10-28 02:37:44.411 D/audio_hw_primary( 800): start_output_stream: enter: stream(0xf18c64c0)usecase(1: low-latency-playback) devices(0x2) is_haptic_usecase(0)
10-28 02:37:44.411 E/ANDR-PERF-TARGET( 963): Error: Invalid logical cluster id 0
10-28 02:37:44.412 D/Avrcp_ext( 2071): AudioManager Player: AudioPlaybackConfiguration piid:295 deviceId:0 type:android.media.SoundPool u/pid:10087/2084 state:idle attr:AudioAttributes: usage=USAGE_ASSISTANCE_SONIFICATION content=CONTENT_TYPE_SONIFICATION flags=0x800 tags= bundle=null sessionId:0
10-28 02:37:44.412 E/ANDR-PERF-REQUEST( 963): invalid request
10-28 02:37:44.412 E/ANDR-PERF-MPCTL( 963): invalid request, no optimizations performed
10-28 02:37:44.412 D/Avrcp_ext( 2071): AudioManager Player: AudioPlaybackConfiguration piid:663 deviceId:3 type:android.media.MediaPlayer u/pid:10087/2084 state:started attr:AudioAttributes: usage=USAGE_NOTIFICATION content=CONTENT_TYPE_SONIFICATION flags=0x800 tags= bundle=null sessionId:0
10-28 02:37:44.412 E/audio_hw_extn( 800): audio_extn_perf_lock_acquire: Failed to acquire perf lock, err: -1
10-28 02:37:44.412 D/audio_hw_primary( 800): select_devices for use case (low-latency-playback)
10-28 02:37:44.412 I/msm8974_platform( 800): platform_check_and_set_codec_backend_cfg:becf: afe: bitwidth 16, samplerate 48000 channels 2, backend_idx 0 usecase = 1 device (speaker)
10-28 02:37:44.412 D/msm8974_platform( 800): platform_split_snd_device: snd_device(2) num devices(1) new_snd_devices(0)
10-28 02:37:44.412 I/msm8974_platform( 800): platform_check_and_set_codec_backend_cfg: new_snd_devices[0] is 2
10-28 02:37:44.412 I/msm8974_platform( 800): platform_check_codec_backend_cfg:becf: afe: bitwidth 16, samplerate 48000 channels 2, backend_idx 0 usecase = 1 device (speaker)
10-28 02:37:44.413 D/Avrcp_ext( 2071): AudioManager Player in started state: com.android.systemui
10-28 02:37:44.413 D/Avrcp_ext( 2071): AudioManager Active Player: com.android.systemui
10-28 02:37:44.413 D/Avrcp_ext( 2071): AudioManager Player: AudioPlaybackConfiguration piid:287 deviceId:0 type:android.media.SoundPool u/pid:1000/1152 state:idle attr:AudioAttributes: usage=USAGE_ASSISTANCE_SONIFICATION content=CONTENT_TYPE_SONIFICATION flags=0x800 tags= bundle=null sessionId:0
10-28 02:37:44.413 D/Avrcp_ext( 2071): AudioManager isPlaying: true, mAudioPlaybackIsActive = true
01-01 14:11:56.897 D/ ( 0): mv2112_read_status
01-01 14:11:56.900 D/mv2112_update_link( 0): 3.0x901(1G): 0x80
01-01 14:11:56.911 D/mv2112_update_link( 0): 3.0x8109(100M): 0x8
10-28 02:37:44.414 D/audio_hw_extn( 800): audio_extn_enable_hifi_filter: mixer_value set 0
10-28 02:37:44.414 D/msm8974_platform( 800): platform_check_codec_backend_cfg:becf: updated afe: bitwidth 16, samplerate 48000 channels 2,backend_idx 0 usecase = 1 device (speaker)
10-28 02:37:44.414 D/msm8974_platform( 800): platform_check_codec_backend_cfg:becf: afe: playback on codec device not supporting native playback set default Sample Rate(48k)
10-28 02:37:44.414 I/msm8974_platform( 800): platform_check_codec_backend_cfg:becf: afe: Codec selected backend: 0 updated bit width: 16 and sample rate: 48000
10-28 02:37:44.414 D/audio_hw_primary( 800): check_usecases_codec_backend:becf: force routing 0
10-28 02:37:44.414 E/msm8974_platform( 800): platform_check_backends_match: Invalid snd_device =
10-28 02:37:44.414 D/audio_hw_primary( 800): check_usecases_codec_backend:becf: (78) check_usecases curr device: speaker, usecase device: backends match 0
10-28 02:37:44.414 D/audio_hw_primary( 800): check_usecases_codec_backend:becf: check_usecases num.of Usecases to switch 0
10-28 02:37:44.414 D/hardware_info( 800): hw_info_append_hw_type : device_name = speaker
10-28 02:37:44.415 D/msm8974_platform( 800): platform_split_snd_device: snd_device(2) num devices(0) new_snd_devices(0)
10-28 02:37:44.415 D/audio_hw_primary( 800): enable_snd_device: snd_device(2: speaker)
10-28 02:37:44.415 D/msm8974_platform( 800): platform_get_island_cfg_on_device:island cfg status on snd_device = (speaker 0)
10-28 02:37:44.415 I/soundtrigger( 800): audio_extn_sound_trigger_update_device_status: device 0x2 of type 0 for Event 1, with Raise=0
10-28 02:37:44.415 D/audio_route( 800): Apply path: speaker
10-28 02:37:44.415 I/audio_hw_utils( 800): audio_extn_utils_update_stream_output_app_type_cfg Allowing 24 and above bits playback on speaker ONLY at default sampling rate
10-28 02:37:44.415 E/soundtrigger( 800): audio_extn_sound_trigger_update_stream_status: invalid input device 0x0, for event 3
01-01 14:11:56.916 D/mv2112_update_link( 0): link 0x0
01-01 14:11:56.917 I/afe_find_cal_topo_id_by_port( 0): port id: 0x9000, dev_acdb_id: 0
01-01 14:11:56.920 D/mv2112_read_status( 0): autoneg is disabled
10-28 02:37:44.415 D/soundtrigger( 800): audio_extn_sound_trigger_update_stream_status: uc_info->id 1 of type 0 for Event 3, with Raise=0
10-28 02:37:44.415 D/audio_hw_utils( 800): audio_extn_utils_send_app_type_cfg: usecase->out_snd_device speaker
10-28 02:37:44.415 D/msm8974_platform( 800): platform_split_snd_device: snd_device(2) num devices(0) new_snd_devices(0)
10-28 02:37:44.415 D/audio_hw_utils( 800): audio_extn_btsco_get_sample_rate:Not a BT SCO device, need not update sampling rate
10-28 02:37:44.415 I/audio_hw_utils( 800): send_app_type_cfg_for_device PLAYBACK app_type 69937, acdb_dev_id 15, sample_rate 48000, snd_device_be_idx 179
10-28 02:37:44.416 D/msm8974_platform( 800): platform_split_snd_device: snd_device(2) num devices(1) new_snd_devices(0)
10-28 02:37:44.416 D/audio_hw_utils( 800): audio_extn_btsco_get_sample_rate:Not a BT SCO device, need not update sampling rate
10-28 02:37:44.416 D/ACDB-LOADER( 800): ACDB -> send_audio_cal, acdb_id = 15, path = 0, app id = 0x11131, sample rate = 48000, afe_sample_rate = 48000
10-28 02:37:44.416 D/ACDB-LOADER( 800): ACDB -> send_asm_topology
10-28 02:37:44.416 D/ACDB-LOADER( 800): ACDB -> ACDB_CMD_GET_AUDPROC_STREAM_TOPOLOGY_ID
10-28 02:37:44.416 D/ACDB-LOADER( 800): ACDB -> send_adm_topology
10-28 02:37:44.416 D/ACDB-LOADER( 800): ACDB -> ACDB_CMD_GET_AUDPROC_COMMON_TOPOLOGY_ID
10-28 02:37:44.416 D/ACDB-LOADER( 800): ACDB -> send_audtable
10-28 02:37:44.416 D/ACDB-LOADER( 800): ACDB -> ACDB_CMD_GET_AUDPROC_INSTANCE_COMMON_TABLE_SIZE
10-28 02:37:44.416 D/ACDB-LOADER( 800): ACDB -> ACDB_CMD_GET_AUDPROC_INSTANCE_COMMON_TABLE
10-28 02:37:44.416 D/ACDB-LOADER( 800): ACDB -> AUDIO_SET_AUDPROC_CAL cal_type[11] acdb_id[15] app_type[69937]
10-28 02:37:44.416 D/ACDB-LOADER( 800): ACDB -> send_audvoltable
10-28 02:37:44.417 D/ACDB-LOADER( 800): ACDB -> ACDB_CMD_GET_AUDPROC_INSTANCE_GAIN_DEP_STEP_TABLE_SIZE
10-28 02:37:44.417 D/ACDB-LOADER( 800): ACDB -> ACDB_CMD_GET_AUDPROC_INSTANCE_GAIN_DEP_STEP_TABLE, vol index 0
10-28 02:37:44.417 D/ACDB-LOADER( 800): ACDB -> AUDIO_SET_VOL_CAL cal type = 12
10-28 02:37:44.417 D/ACDB-LOADER( 800): ACDB -> ACDB_CMD_GET_AUDPROC_INSTANCE_STREAM_TABLE_SIZE
10-28 02:37:44.417 D/ACDB-LOADER( 800): ACDB -> send_audstrmtable
10-28 02:37:44.417 D/ACDB-LOADER( 800): ACDB -> ACDB_CMD_GET_AUDPROC_INSTANCE_STREAM_TABLE
10-28 02:37:44.417 D/ACDB-LOADER( 800): ACDB -> audstrm_cal->cal_type.cal_data.cal_size = 20
10-28 02:37:44.417 D/ACDB-LOADER( 800): ACDB -> send_afe_topology
10-28 02:37:44.417 D/ACDB-LOADER( 800): ACDB -> ACDB_CMD_GET_AFE_TOPOLOGY_ID
10-28 02:37:44.417 D/ACDB-LOADER( 800): ACDB -> GET_AFE_TOPOLOGY_ID for adcd_id 15, Topology Id 112fc
10-28 02:37:44.417 D/ACDB-LOADER( 800): ACDB -> send_afe_cal
10-28 02:37:44.417 D/ACDB-LOADER( 800): ACDB -> ACDB_CMD_GET_AFE_INSTANCE_COMMON_TABLE_SIZE
10-28 02:37:44.417 D/android.hardware.audio.service( 800): Failed to fetch the lookup information of the device 0000000F
10-28 02:37:44.417 D/ACDB-LOADER( 800): Error: ACDB_CMD_GET_AFE_INSTANCE_COMMON_TABLE_SIZE Returned = -19
10-28 02:37:44.417 D/ACDB-LOADER( 800): ACDB -> ACDB_CMD_GET_AFE_INSTANCE_COMMON_TABLE
10-28 02:37:44.417 D/android.hardware.audio.service( 800): Failed to fetch the lookup information of the device 0000000F
10-28 02:37:44.417 D/ACDB-LOADER( 800): Error: ACDB AFE returned = -19
10-28 02:37:44.417 D/ACDB-LOADER( 800): ACDB -> AUDIO_SET_AFE_CAL cal_type[16] acdb_id[15]
10-28 02:37:44.417 D/ACDB-LOADER( 800): ACDB -> send_hw_delay : acdb_id = 15 path = 0
10-28 02:37:44.417 D/ACDB-LOADER( 800): ACDB -> ACDB_AVSYNC_INFO: ACDB_CMD_GET_DEVICE_PROPERTY
10-28 02:37:44.418 D/msm8974_platform( 800): platform_split_snd_device: snd_device(2) num devices(0) new_snd_devices(0)
10-28 02:37:44.418 I/msm8974_platform( 800): platform_get_custom_mtmx_params: no matching param with id 0 ip_ch 2 op_ch 2 uc_id 1 snd_dev 2
10-28 02:37:44.418 D/audio_hw_primary( 800): enable_audio_route: apply mixer and update path: low-latency-playback
10-28 02:37:44.418 D/audio_route( 800): Apply path: low-latency-playback
10-28 02:37:44.419 D/audio_hw_primary( 800): select_devices: done
01-01 14:11:56.927 I/afe_find_cal_topo_id_by_port( 0): top_id:112fc acdb_id:15 afe_port:0x9000
01-01 14:11:56.940 I/afe_get_cal_topology_id( 0): port_id = 0x9000 acdb_id = 15 topology_id = 0x112fc cal_type_index=8 ret=0
01-01 14:11:56.951 I/afe_send_port_topology_id( 0): AFE set topology id 0x112fc enable for port 0x9000 ret 0
01-01 14:11:56.960 I/send_afe_cal_type( 0): cal_index is 0
01-01 14:11:56.965 I/send_afe_cal_type( 0): dev_acdb_id[55] is 0
01-01 14:11:56.970 I/send_afe_cal_type( 0): Sending cal_index cal 0
01-01 14:11:56.975 E/send_afe_cal_type( 0): No cal sent for cal_index 0, port_id = 0x9000! ret -22
01-01 14:11:56.984 I/afe_send_hw_delay( 0): port_id 0x9000 rate 48000 delay_usec 474 status 0
10-28 02:37:44.504 I/OMX-VENC: venc_dev( 1316): stats: avg. fps 22.99, bitrate 4168754
10-28 02:37:44.522 D/msm8974_platform( 800): platform_set_channel_map mixer_ctl_name:Playback Channel Map9
10-28 02:37:44.522 D/msm8974_platform( 800): platform_set_channel_map: set mapping(1 2 0 0 0 0 0 0) for channel:2
10-28 02:37:44.524 E/audio_hw_extn( 800): audio_extn_perf_lock_release: Perf lock release error
10-28 02:37:44.524 D/audio_hw_primary( 800): start_output_stream: exit
10-28 02:37:44.524 D/audio_hw_primary( 800): out_write: retry previous failed cal level set
10-28 02:37:44.524 D/msm8974_platform( 800): platform_split_snd_device: snd_device(2) num devices(1) new_snd_devices(0)
10-28 02:37:44.524 D/ACDB-LOADER( 800): ACDB -> send_audvoltable
10-28 02:37:44.524 D/ACDB-LOADER( 800): ACDB -> ACDB_CMD_GET_AUDPROC_INSTANCE_GAIN_DEP_STEP_TABLE_SIZE
10-28 02:37:44.524 D/ACDB-LOADER( 800): ACDB -> ACDB_CMD_GET_AUDPROC_INSTANCE_GAIN_DEP_STEP_TABLE, vol index 5
10-28 02:37:44.524 D/ACDB-LOADER( 800): ACDB -> AUDIO_SET_VOL_CAL cal type = 40
10-28 02:37:44.531 I/OMX-VENC: venc_dev( 1316): stats: avg. fps 26.79, bitrate 2459207
10-28 02:37:44.538 D/msm8974_platform( 800): platform_split_snd_device: snd_device(2) num devices(1) new_snd_devices(0)
10-28 02:37:45.115 W/FrameTracker( 2084): Missed App frame:72
10-28 02:37:45.115 W/FrameTracker( 2084): Missed App frame:74
10-28 02:37:45.115 W/FrameTracker( 2084): Missed SF frame:74
10-28 02:37:45.115 W/FrameTracker( 2084): Missed App frame:74
10-28 02:37:45.115 W/FrameTracker( 2084): Missed SF frame:74
10-28 02:37:45.115 W/FrameTracker( 2084): Missed App frame:72
10-28 02:37:45.115 W/FrameTracker( 2084): Missed App frame:72
10-28 02:37:45.115 W/FrameTracker( 2084): Missed App frame:72
10-28 02:37:45.116 W/FrameTracker( 2084): Missed App frame:72
10-28 02:37:45.116 W/FrameTracker( 2084): Missed App frame:74
10-28 02:37:45.116 W/FrameTracker( 2084): Missed SF frame:74
10-28 02:37:45.116 W/FrameTracker( 2084): Missed App frame:8
10-28 02:37:45.116 W/FrameTracker( 2084): Missed SF frame:2
10-28 02:37:45.116 W/FrameTracker( 2084): Missed App frame:8
10-28 02:37:45.116 W/FrameTracker( 2084): Missed SF frame:66
10-28 02:37:45.116 W/FrameTracker( 2084): Missed SF frame:66
10-28 02:37:45.116 W/FrameTracker( 2084): Missed SF frame:2
10-28 02:37:45.116 W/FrameTracker( 2084): Missed App frame:10
10-28 02:37:45.116 W/FrameTracker( 2084): Missed SF frame:10
10-28 02:37:45.116 W/FrameTracker( 2084): Missed App frame:8
10-28 02:37:45.116 W/FrameTracker( 2084): Missed SF frame:66
10-28 02:37:45.116 W/FrameTracker( 2084): Missed SF frame:66
10-28 02:37:45.116 W/FrameTracker( 2084): Missed SF frame:66
10-28 02:37:45.117 W/FrameTracker( 2084): Missed SF frame:66
10-28 02:37:45.117 W/FrameTracker( 2084): Missed SF frame:66
10-28 02:37:45.118 W/FrameTracker( 2084): Missed SF frame:66
10-28 02:37:45.118 W/FrameTracker( 2084): Missed SF frame:66
10-28 02:37:45.118 W/FrameTracker( 2084): Missed SF frame:66
10-28 02:37:45.118 W/FrameTracker( 2084): Missed SF frame:66
10-28 02:37:45.118 W/FrameTracker( 2084): Missed SF frame:66
10-28 02:37:45.120 V/PerfettoTrigger( 2084): Not triggering com.android.telemetry.interaction-jank-monitor-0 - not enough time since last trigger
10-28 02:37:45.149 I/mpu_uart( 647): [MSG-P:RECV]:No message received in 1000 ms
01-01 14:11:57.953 D/ ( 0): mv2112_read_status
01-01 14:11:57.956 D/mv2112_update_link( 0): 3.0x901(1G): 0x80
01-01 14:11:57.961 D/mv2112_update_link( 0): 3.0x8109(100M): 0x8
01-01 14:11:57.966 D/mv2112_update_link( 0): link 0x0
01-01 14:11:57.971 D/mv2112_read_status( 0): autoneg is disabled
10-28 02:37:45.589 I/OMX-VENC: venc_dev( 1316): stats: avg. fps 39.70, bitrate 1573623
10-28 02:37:45.697 I/mpu_uart( 647): [MSG-P:R]:recv sync frame timeout
10-28 02:37:45.848 D/CCodecBufferChannel( 1300): [c2.android.vorbis.decoder#310] buffers after EOS ignored (0 us)
10-28 02:37:45.849 D/AudioTrack( 1300): stop(80): called with 82980 frames delivered
01-01 14:11:58.372 E/ ( 0): [MAX975X:mcu_keep_wakeup_work_func] *ERROR* ERR gpio detected
01-01 14:11:58.433 E/ ( 0): [MAX975X:max96755x_init] *ERROR* begin
10-28 02:37:45.998 I/OMX-VENC: venc_dev( 1316): stats: avg. fps 29.44, bitrate 2459954
01-01 14:11:58.493 E/i2c_geni 980000.i2c( 0): i2c error :-107
01-01 14:11:58.506 E/ ( 0): [MAX975X:max96755g_read_byte] *ERROR* Failed to read dev:0x4c addr:0x0013
10-28 02:37:46.037 W/audio_hw_primary( 800): out_write: underrun(293) frames_by_time(486) > out->last_fifo_frames_remaining(384)
01-01 14:11:58.515 E/i2c_geni 980000.i2c( 0): i2c error :-107
01-01 14:11:58.521 E/ ( 0): [MAX975X:max96755g_write_byte] *ERROR* Failed to write dev:0x4c addr:0x0010 value:0x00
01-01 14:11:58.531 E/i2c_geni 980000.i2c( 0): i2c error :-107
01-01 14:11:58.536 E/ ( 0): [MAX975X:max96755g_write_byte] *ERROR* Failed to write dev:0x4c addr:0x0001 value:0x01
01-01 14:11:58.547 E/i2c_geni 980000.i2c( 0): i2c error :-107
01-01 14:11:58.552 E/ ( 0): [MAX975X:max96755g_write_byte] *ERROR* Failed to write dev:0x4c addr:0x01ce value:0x4f
01-01 14:11:58.562 E/i2c_geni 980000.i2c( 0): i2c error :-107
10-28 02:37:46.084 W/audio_hw_primary( 800): out_write: underrun(294) frames_by_time(592) > out->last_fifo_frames_remaining(384)
01-01 14:11:58.567 E/ ( 0): [MAX975X:max96755g_write_byte] *ERROR* Failed to write dev:0x4c addr:0x0010 value:0x20
10-28 02:37:46.087 W/audio_hw_primary( 800): out_write: underrun(295) frames_by_time(392) > out->last_fifo_frames_remaining(192)
10-28 02:37:46.150 I/mpu_uart( 647): [MSG-P:RECV]:No message received in 1000 ms
10-28 02:37:46.202 W/audio_hw_primary( 800): out_write: underrun(296) frames_by_time(448) > out->last_fifo_frames_remaining(192)
01-01 14:11:58.681 E/i2c_geni 980000.i2c( 0): i2c error :-107
01-01 14:11:58.686 E/ ( 0): [MAX975X:max96755g_read_byte] *ERROR* Failed to read dev:0x4c addr:0x0013
01-01 14:11:58.694 E/ ( 0): [MAX975X:max96755x_init] *ERROR* read:752 0x13:00
10-28 02:37:46.208 W/audio_hw_primary( 800): out_get_presentation_position: avail:384 > kernel_buffer_size:384 clamping!
10-28 02:37:46.208 W/audio_hw_primary( 800): out_write: underrun(297) frames_by_time(287) > out->last_fifo_frames_remaining(0)
10-28 02:37:46.215 W/audio_hw_primary( 800): out_write: underrun(298) frames_by_time(610) > out->last_fifo_frames_remaining(192)
10-28 02:37:46.220 W/audio_hw_primary( 800): out_get_presentation_position: avail:384 > kernel_buffer_size:384 clamping!
01-01 14:11:58.702 E/ ( 0): [MAX975X:max96755x_init] *ERROR* read:755 0x13:02
10-28 02:37:46.220 W/audio_hw_primary( 800): out_write: underrun(299) frames_by_time(195) > out->last_fifo_frames_remaining(0)
01-01 14:11:58.708 E/ ( 0): [MAX975X:max96755x_init] *ERROR* done
10-28 02:37:46.224 W/audio_hw_primary( 800): out_write: underrun(300) frames_by_time(381) > out->last_fifo_frames_remaining(192)
10-28 02:37:46.283 D/audio_hw_primary( 800): out_set_parameters: enter: usecase(1: low-latency-playback) kvpairs: suspend_playback=true
10-28 02:37:46.283 D/audio_hw_extn( 800): audio_extn_fm_set_parameters: Enter
10-28 02:37:46.294 D/audio_hw_primary( 800): out_set_parameters: enter: usecase(1: low-latency-playback) kvpairs: suspend_playback=false
10-28 02:37:46.294 D/audio_hw_extn( 800): audio_extn_fm_set_parameters: Enter
10-28 02:37:46.303 D/audio_hw_primary( 800): out_set_parameters: enter: usecase(1: low-latency-playback) kvpairs: suspend_playback=true
10-28 02:37:46.303 D/audio_hw_extn( 800): audio_extn_fm_set_parameters: Enter
10-28 02:37:46.311 W/AudioIDCMicroNegotiator( 1152): idcm: idcm control is not enable
10-28 02:37:46.312 I/MediaFocusControl( 1152): abandonAudioFocus() from uid/pid 10087/2084 clientId=android.media.AudioManager@cc7b226
10-28 02:37:46.313 V/MediaPlayer( 2084): resetDrmState: mDrmInfo=null mDrmProvisioningThread=null mPrepareDrmInProgress=false mActiveDrmScheme=false
10-28 02:37:46.314 V/MediaPlayer( 2084): cleanDrmObj: mDrmObj=null mDrmSessionId=null
10-28 02:37:46.314 D/Avrcp_ext( 2071): AudioManager Player: AudioPlaybackConfiguration piid:295 deviceId:0 type:android.media.SoundPool u/pid:10087/2084 state:idle attr:AudioAttributes: usage=USAGE_ASSISTANCE_SONIFICATION content=CONTENT_TYPE_SONIFICATION flags=0x800 tags= bundle=null sessionId:0
10-28 02:37:46.314 D/audio_hw_primary( 800): out_set_parameters: enter: usecase(1: low-latency-playback) kvpairs: suspend_playback=false
10-28 02:37:46.314 D/audio_hw_extn( 800): audio_extn_fm_set_parameters: Enter
10-28 02:37:46.314 D/NuPlayerDriver( 1300): reset(0xf1f021d0) at state 6
10-28 02:37:46.314 D/Avrcp_ext( 2071): AudioManager Player: AudioPlaybackConfiguration piid:663 deviceId:3 type:android.media.MediaPlayer u/pid:10087/2084 state:stopped attr:AudioAttributes: usage=USAGE_NOTIFICATION content=CONTENT_TYPE_SONIFICATION flags=0x800 tags= bundle=null sessionId:0
10-28 02:37:46.314 D/Avrcp_ext( 2071): AudioManager Player: AudioPlaybackConfiguration piid:287 deviceId:0 type:android.media.SoundPool u/pid:1000/1152 state:idle attr:AudioAttributes: usage=USAGE_ASSISTANCE_SONIFICATION content=CONTENT_TYPE_SONIFICATION flags=0x800 tags= bundle=null sessionId:0
10-28 02:37:46.314 D/Avrcp_ext( 2071): AudioManager isPlaying: false, mAudioPlaybackIsActive = true
10-28 02:37:46.314 D/Avrcp_ext( 2071): AudioManager Reset Active Player
10-28 02:37:46.317 V/Avrcp_ext( 2071): updateCurrentMediaState: mMediaController: MediaController (com.android.systemui@93b3415) null
10-28 02:37:46.317 W/Avrcp_ext( 2071): isMusicActive: false getBluetoothPlayState: 2 A2dp State: 11 mAudioPlaybackIsActive: false
10-28 02:37:46.317 D/Avrcp_ext( 2071): isMusicActive = false mAudioPlaybackIsActive = false player state = null
10-28 02:37:46.319 I/Avrcp_ext( 2071): Skipping update due to invalid playback state
10-28 02:37:46.319 V/Avrcp_ext( 2071): updatePlaybackState, state: null device: null
10-28 02:37:46.319 V/Avrcp_ext( 2071): Device: no name:
10-28 02:37:46.319 V/Avrcp_ext( 2071): Device: no name:
10-28 02:37:46.319 V/Avrcp_ext( 2071): Device: no name:
10-28 02:37:46.319 V/Avrcp_ext( 2071): Device: no name:
10-28 02:37:46.319 V/Avrcp_ext( 2071): Device: no name:
10-28 02:37:46.320 V/Avrcp_ext( 2071): updatePlayerStateAndPosition, old=PlaybackState {state=2, position=-1, buffered position=0, speed=1.0, updated=68530, actions=0, custom actions=[], active item id=-1, error=null}, state=null
10-28 02:37:46.320 I/Avrcp_ext( 2071): updatePlayerStateAndPosition: device: state = null
10-28 02:37:46.320 D/Avrcp_ext( 2071): AudioManager Player: AudioPlaybackConfiguration piid:295 deviceId:0 type:android.media.SoundPool u/pid:10087/2084 state:idle attr:AudioAttributes: usage=USAGE_ASSISTANCE_SONIFICATION content=CONTENT_TYPE_SONIFICATION flags=0x800 tags= bundle=null sessionId:0
10-28 02:37:46.320 D/Avrcp_ext( 2071): AudioManager Player: AudioPlaybackConfiguration piid:287 deviceId:0 type:android.media.SoundPool u/pid:1000/1152 state:idle attr:AudioAttributes: usage=USAGE_ASSISTANCE_SONIFICATION content=CONTENT_TYPE_SONIFICATION flags=0x800 tags= bundle=null sessionId:0
10-28 02:37:46.320 D/Avrcp_ext( 2071): AudioManager isPlaying: false, mAudioPlaybackIsActive = false
10-28 02:37:46.320 D/Avrcp_ext( 2071): AudioManager Reset Active Player
10-28 02:37:46.321 I/hw-BpHwBinder( 1300): onLastStrongRef automatically unlinking death recipients
10-28 02:37:46.323 D/audio_hw_primary( 800): out_set_parameters: enter: usecase(1: low-latency-playback) kvpairs: suspend_playback=true
10-28 02:37:46.323 D/audio_hw_extn( 800): audio_extn_fm_set_parameters: Enter
10-28 02:37:46.322 I/hw-BpHwBinder( 1384): onLastStrongRef automatically unlinking death recipients
10-28 02:37:46.325 V/C2Store ( 1384): in ~ComponentModule
10-28 02:37:46.325 V/C2Store ( 1384): unloading dll
10-28 02:37:46.331 D/NuPlayerDriver( 1300): notifyResetComplete(0xf1f021d0)
10-28 02:37:46.332 W/AMessage( 1300): failed to post message as target looper for handler 0 is gone.
10-28 02:37:46.334 D/audio_hw_primary( 800): out_set_parameters: enter: usecase(1: low-latency-playback) kvpairs: suspend_playback=false
10-28 02:37:46.334 D/audio_hw_extn( 800): audio_extn_fm_set_parameters: Enter
10-28 02:37:46.373 D/audio_hw_primary( 800): out_set_parameters: enter: usecase(1: low-latency-playback) kvpairs: suspend_playback=true
10-28 02:37:46.373 D/audio_hw_extn( 800): audio_extn_fm_set_parameters: Enter
10-28 02:37:46.374 D/msm8974_platform( 800): platform_split_snd_device: snd_device(2) num devices(1) new_snd_devices(0)
10-28 02:37:46.374 D/ACDB-LOADER( 800): ACDB -> send_audvoltable
10-28 02:37:46.375 D/ACDB-LOADER( 800): ACDB -> ACDB_CMD_GET_AUDPROC_INSTANCE_GAIN_DEP_STEP_TABLE_SIZE
10-28 02:37:46.375 D/ACDB-LOADER( 800): ACDB -> ACDB_CMD_GET_AUDPROC_INSTANCE_GAIN_DEP_STEP_TABLE, vol index 0
10-28 02:37:46.375 D/ACDB-LOADER( 800): ACDB -> AUDIO_SET_VOL_CAL cal type = 40
10-28 02:37:46.376 D/msm8974_platform( 800): platform_split_snd_device: snd_device(2) num devices(1) new_snd_devices(0)
01-01 14:11:58.977 D/ ( 0): mv2112_read_status
01-01 14:11:58.980 D/mv2112_update_link( 0): 3.0x901(1G): 0x80
01-01 14:11:58.985 D/mv2112_update_link( 0): 3.0x8109(100M): 0x8
01-01 14:11:58.990 D/mv2112_update_link( 0): link 0x0
01-01 14:11:58.994 D/mv2112_read_status( 0): autoneg is disabled
10-28 02:37:46.614 I/OMX-VENC: venc_dev( 1316): stats: avg. fps 10.73, bitrate 159484
10-28 02:37:46.896 I/input_interaction( 1152): Interaction with: 31b65cc NotificationShade (server), edge-swipe (server), swipe-up (server), PointerEventDispatcher0 (server),
10-28 02:37:47.009 I/notification_enqueue( 1152): [10087,2084,com.android.systemui,2048,NULL,0,Notification(channel=updateNotification shortcut=null contentView=null vibrate=null sound=null defaults=0x0 flags=0x0 color=0x00000000 vis=PRIVATE),1]
10-28 02:37:47.055 I/OMX-VENC: venc_dev( 1316): stats: avg. fps 1.89, bitrate 20618
10-28 02:37:47.151 I/mpu_uart( 647): [MSG-P:RECV]:No message received in 1000 ms
10-28 02:37:47.227 I/sysui_multi_action( 1152): [757,1501,758,1,793,83830,794,0,795,220,796,2048,806,com.android.systemui,857,updateNotification,858,3,947,0,1500,0,1688,1]
10-28 02:37:47.228 I/sysui_multi_action( 1152): [757,804,799,note_interruptive,801,0,802,1]
10-28 02:37:47.229 I/sysui_multi_action( 1152): [757,199,758,1,759,2,793,83832,794,0,795,222,796,2048,806,com.android.systemui,857,updateNotification,858,3,947,0,1500,2,1688,1]
10-28 02:37:47.229 I/notification_alert( 1152): [0|com.android.systemui|2048|null|10087,0,1,0]
10-28 02:37:47.233 W/NotificationHistory( 1152): Attempted to add notif for locked/gone/disabled user 0
10-28 02:37:47.238 D/Avrcp_ext( 2071): AudioManager Player: AudioPlaybackConfiguration piid:295 deviceId:0 type:android.media.SoundPool u/pid:10087/2084 state:idle attr:AudioAttributes: usage=USAGE_ASSISTANCE_SONIFICATION content=CONTENT_TYPE_SONIFICATION flags=0x800 tags= bundle=null sessionId:0
10-28 02:37:47.238 D/Avrcp_ext( 2071): AudioManager Player: AudioPlaybackConfiguration piid:287 deviceId:0 type:android.media.SoundPool u/pid:1000/1152 state:idle attr:AudioAttributes: usage=USAGE_ASSISTANCE_SONIFICATION content=CONTENT_TYPE_SONIFICATION flags=0x800 tags= bundle=null sessionId:0
10-28 02:37:47.238 D/Avrcp_ext( 2071): AudioManager Player: AudioPlaybackConfiguration piid:671 deviceId:0 type:android.media.MediaPlayer u/pid:10087/2084 state:idle attr:AudioAttributes: usage=USAGE_NOTIFICATION content=CONTENT_TYPE_SONIFICATION flags=0x800 tags= bundle=null sessionId:0
10-28 02:37:47.238 D/Avrcp_ext( 2071): AudioManager isPlaying: false, mAudioPlaybackIsActive = false
10-28 02:37:47.239 D/Avrcp_ext( 2071): AudioManager Reset Active Player
10-28 02:37:47.265 D/InterruptionStateProvider( 2084): No bubble up: not allowed to bubble: 0|com.android.systemui|2048|null|10087
10-28 02:37:47.266 D/InterruptionStateProvider( 2084): No heads up: unimportant notification: 0|com.android.systemui|2048|null|10087
10-28 02:37:47.271 W/MediaProvider( 3154): Failed to fetch original file descriptor
10-28 02:37:47.271 W/MediaProvider( 3154): java.io.IOException: stat failed: EACCES (Permission denied)
10-28 02:37:47.271 W/MediaProvider( 3154): at com.android.providers.media.MediaProvider.getFileFromFileDescriptor(MediaProvider.java:5794)
10-28 02:37:47.271 W/MediaProvider( 3154): at com.android.providers.media.MediaProvider.getOriginalMediaFormatFileDescriptor(MediaProvider.java:5711)
10-28 02:37:47.271 W/MediaProvider( 3154): at com.android.providers.media.MediaProvider.openTypedAssetFileCommon(MediaProvider.java:7134)
10-28 02:37:47.271 W/MediaProvider( 3154): at com.android.providers.media.MediaProvider.openTypedAssetFile(MediaProvider.java:7115)
10-28 02:37:47.271 W/MediaProvider( 3154): at android.content.ContentProvider$Transport.openTypedAssetFile(ContentProvider.java:548)
10-28 02:37:47.271 W/MediaProvider( 3154): at android.content.ContentProviderNative.onTransact(ContentProviderNative.java:327)
10-28 02:37:47.271 W/MediaProvider( 3154): at android.os.Binder.execTransactInternal(Binder.java:1184)
10-28 02:37:47.271 W/MediaProvider( 3154): at android.os.Binder.execTransact(Binder.java:1143)
10-28 02:37:47.271 W/MediaProvider( 3154): Caused by: android.system.ErrnoException: stat failed: EACCES (Permission denied)
10-28 02:37:47.271 W/MediaProvider( 3154): at libcore.io.Linux.stat(Native Method)
10-28 02:37:47.271 W/MediaProvider( 3154): at libcore.io.ForwardingOs.stat(ForwardingOs.java:853)
10-28 02:37:47.271 W/MediaProvider( 3154): at libcore.io.BlockGuardOs.stat(BlockGuardOs.java:420)
10-28 02:37:47.271 W/MediaProvider( 3154): at libcore.io.ForwardingOs.stat(ForwardingOs.java:853)
10-28 02:37:47.271 W/MediaProvider( 3154): at android.app.ActivityThread$AndroidOs.stat(ActivityThread.java:7780)
10-28 02:37:47.271 W/MediaProvider( 3154): at android.system.Os.stat(Os.java:919)
10-28 02:37:47.271 W/MediaProvider( 3154): at com.android.providers.media.MediaProvider.getFileFromFileDescriptor(MediaProvider.java:5788)
10-28 02:37:47.271 W/MediaProvider( 3154): ... 7 more
10-28 02:37:47.274 D/NuPlayerDriver( 1300): NuPlayerDriver(0xf1f01e10) created, clientPid(2084)
10-28 02:37:47.287 I/ExtendedNuUtils( 1300): printFileName fd(9) -> /data/system_de/0/ringtones/notification_sound_cache
10-28 02:37:47.294 D/GenericSource( 1300): FileSource remote
10-28 02:37:47.298 I/MMParserExtractor( 1294): Created(0xb400006d46774150)
10-28 02:37:47.298 E/MM_OSAL ( 1294): FileSource::FileSource
10-28 02:37:47.299 E/MM_OSAL ( 1294): FileSource::FileSource m_bEveryThingOK 1
10-28 02:37:47.303 D/MediaBufferGroup( 1294): creating MemoryDealer
10-28 02:37:47.311 I/MediaFocusControl( 1152): requestAudioFocus() from uid/pid 10087/2084 AA=USAGE_NOTIFICATION/CONTENT_TYPE_SONIFICATION clientId=android.media.AudioManager@2b1701e callingPack=com.android.systemui req=3 flags=0x0 sdk=31
10-28 02:37:47.311 I/AudioService.FadeOutManager( 1152): unfadeOutUid() uid:10087
10-28 02:37:47.374 D/audio_hw_primary( 800): out_set_parameters: enter: usecase(1: low-latency-playback) kvpairs: suspend_playback=false
10-28 02:37:47.375 D/audio_hw_extn( 800): audio_extn_fm_set_parameters: Enter
10-28 02:37:47.377 W/audio_hw_primary( 800): out_write: underrun(301) frames_by_time(48387) > out->last_fifo_frames_remaining(384)
10-28 02:37:47.416 D/audio_hw_primary( 800): out_set_parameters: enter: usecase(1: low-latency-playback) kvpairs: suspend_playback=true
10-28 02:37:47.416 D/audio_hw_extn( 800): audio_extn_fm_set_parameters: Enter
01-01 14:12:00.001 D/ ( 0): mv2112_read_status
01-01 14:12:00.004 D/mv2112_update_link( 0): 3.0x901(1G): 0x80
01-01 14:12:00.009 D/mv2112_update_link( 0): 3.0x8109(100M): 0x8
01-01 14:12:00.014 D/mv2112_update_link( 0): link 0x0
01-01 14:12:00.018 D/mv2112_read_status( 0): autoneg is disabled
10-28 02:37:47.610 D/PeopleSpaceWidgetMgr( 2084): Sbn doesn't contain valid PeopleTileKey: null/0/com.android.systemui
10-28 02:37:47.672 I/OMX-VENC: venc_dev( 1316): stats: avg. fps 10.40, bitrate 151787
10-28 02:37:47.703 D/InterruptionStateProvider( 2084): No bubble up: not allowed to bubble: 0|com.android.systemui|2048|null|10087
10-28 02:37:47.703 D/InterruptionStateProvider( 2084): No alerting: suppressed due to group alert behavior
10-28 02:37:47.703 D/InterruptionStateProvider( 2084): No bubble up: not allowed to bubble: 0|com.thundersoft.notificationtest1|54|null|10101
10-28 02:37:47.703 D/InterruptionStateProvider( 2084): No bubble up: not allowed to bubble: 0|com.thundersoft.notificationtest1|53|null|10101
10-28 02:37:47.703 D/InterruptionStateProvider( 2084): No bubble up: not allowed to bubble: 0|com.thundersoft.notificationtest1|52|null|10101
10-28 02:37:47.703 D/InterruptionStateProvider( 2084): No bubble up: not allowed to bubble: 0|com.thundersoft.notificationtest1|51|null|10101
10-28 02:37:47.703 D/InterruptionStateProvider( 2084): No bubble up: not allowed to bubble: 0|com.thundersoft.notificationtest1|50|null|10101
10-28 02:37:47.703 D/InterruptionStateProvider( 2084): No bubble up: not allowed to bubble: 0|com.thundersoft.notificationtest1|49|null|10101
10-28 02:37:47.703 D/InterruptionStateProvider( 2084): No bubble up: not allowed to bubble: 0|com.thundersoft.notificationtest1|48|null|10101
10-28 02:37:47.703 D/InterruptionStateProvider( 2084): No bubble up: not allowed to bubble: 0|com.thundersoft.notificationtest1|47|null|10101
10-28 02:37:47.703 D/InterruptionStateProvider( 2084): No bubble up: not allowed to bubble: 0|com.thundersoft.notificationtest1|46|null|10101
10-28 02:37:47.704 D/InterruptionStateProvider( 2084): No bubble up: not allowed to bubble: 0|com.thundersoft.notificationtest1|45|null|10101
10-28 02:37:47.704 D/InterruptionStateProvider( 2084): No bubble up: not allowed to bubble: 0|com.thundersoft.notificationtest1|44|null|10101
10-28 02:37:47.704 D/InterruptionStateProvider( 2084): No bubble up: not allowed to bubble: 0|com.thundersoft.notificationtest1|43|null|10101
10-28 02:37:47.704 D/InterruptionStateProvider( 2084): No bubble up: not allowed to bubble: 0|com.thundersoft.notificationtest1|42|null|10101
10-28 02:37:47.704 D/InterruptionStateProvider( 2084): No bubble up: not allowed to bubble: 0|com.thundersoft.notificationtest1|41|null|10101
10-28 02:37:47.704 D/InterruptionStateProvider( 2084): No bubble up: not allowed to bubble: 0|com.thundersoft.notificationtest1|40|null|10101
10-28 02:37:47.704 D/InterruptionStateProvider( 2084): No bubble up: not allowed to bubble: 0|com.thundersoft.notificationtest1|39|null|10101
10-28 02:37:47.704 D/InterruptionStateProvider( 2084): No bubble up: not allowed to bubble: 0|com.thundersoft.notificationtest1|38|null|10101
10-28 02:37:47.704 D/InterruptionStateProvider( 2084): No bubble up: not allowed to bubble: 0|com.thundersoft.notificationtest1|37|null|10101
10-28 02:37:47.704 D/InterruptionStateProvider( 2084): No bubble up: not allowed to bubble: 0|com.thundersoft.notificationtest1|36|null|10101
10-28 02:37:47.704 D/InterruptionStateProvider( 2084): No bubble up: not allowed to bubble: 0|com.thundersoft.notificationtest1|35|null|10101
10-28 02:37:47.704 D/InterruptionStateProvider( 2084): No bubble up: not allowed to bubble: 0|com.thundersoft.notificationtest1|34|null|10101
10-28 02:37:47.704 D/InterruptionStateProvider( 2084): No bubble up: not allowed to bubble: 0|com.thundersoft.notificationtest1|33|null|10101
10-28 02:37:47.704 D/InterruptionStateProvider( 2084): No bubble up: not allowed to bubble: 0|com.thundersoft.notificationtest1|32|null|10101
10-28 02:37:47.705 D/InterruptionStateProvider( 2084): No bubble up: not allowed to bubble: 0|com.thundersoft.notificationtest1|31|null|10101
10-28 02:37:47.705 D/InterruptionStateProvider( 2084): No bubble up: not allowed to bubble: 0|com.thundersoft.notificationtest1|30|null|10101
10-28 02:37:47.705 D/InterruptionStateProvider( 2084): No bubble up: not allowed to bubble: 0|com.thundersoft.notificationtest1|29|null|10101
10-28 02:37:47.705 D/InterruptionStateProvider( 2084): No bubble up: not allowed to bubble: 0|com.thundersoft.notificationtest1|28|null|10101
10-28 02:37:47.705 D/InterruptionStateProvider( 2084): No bubble up: not allowed to bubble: 0|com.thundersoft.notificationtest1|27|null|10101
10-28 02:37:47.705 D/InterruptionStateProvider( 2084): No bubble up: not allowed to bubble: 0|com.thundersoft.notificationtest1|26|null|10101
10-28 02:37:47.705 D/InterruptionStateProvider( 2084): No bubble up: not allowed to bubble: 0|com.thundersoft.notificationtest1|25|null|10101
10-28 02:37:47.705 D/InterruptionStateProvider( 2084): No bubble up: not allowed to bubble: 0|com.thundersoft.notificationtest1|24|null|10101
10-28 02:37:47.705 D/InterruptionStateProvider( 2084): No bubble up: not allowed to bubble: 0|com.thundersoft.notificationtest1|23|null|10101
10-28 02:37:47.705 D/InterruptionStateProvider( 2084): No bubble up: not allowed to bubble: 0|com.thundersoft.notificationtest1|22|null|10101
10-28 02:37:47.705 D/InterruptionStateProvider( 2084): No bubble up: not allowed to bubble: 0|com.thundersoft.notificationtest1|21|null|10101
10-28 02:37:47.705 D/InterruptionStateProvider( 2084): No bubble up: not allowed to bubble: 0|com.thundersoft.notificationtest1|20|null|10101
10-28 02:37:47.705 D/InterruptionStateProvider( 2084): No bubble up: not allowed to bubble: 0|com.thundersoft.notificationtest1|19|null|10101
10-28 02:37:47.705 D/InterruptionStateProvider( 2084): No bubble up: not allowed to bubble: 0|com.thundersoft.notificationtest1|18|null|10101
10-28 02:37:47.706 D/InterruptionStateProvider( 2084): No bubble up: not allowed to bubble: 0|com.thundersoft.notificationtest1|17|null|10101
10-28 02:37:47.706 D/InterruptionStateProvider( 2084): No bubble up: not allowed to bubble: 0|com.thundersoft.notificationtest1|16|null|10101
10-28 02:37:47.706 D/InterruptionStateProvider( 2084): No bubble up: not allowed to bubble: 0|com.thundersoft.notificationtest1|15|null|10101
10-28 02:37:47.706 D/InterruptionStateProvider( 2084): No bubble up: not allowed to bubble: 0|com.thundersoft.notificationtest1|14|null|10101
10-28 02:37:47.706 D/InterruptionStateProvider( 2084): No bubble up: not allowed to bubble: 0|com.thundersoft.notificationtest1|13|null|10101
10-28 02:37:47.706 D/InterruptionStateProvider( 2084): No bubble up: not allowed to bubble: 0|com.thundersoft.notificationtest1|12|null|10101
10-28 02:37:47.706 D/InterruptionStateProvider( 2084): No bubble up: not allowed to bubble: 0|com.thundersoft.notificationtest1|11|null|10101
10-28 02:37:47.706 D/InterruptionStateProvider( 2084): No bubble up: not allowed to bubble: 0|com.thundersoft.notificationtest1|10|null|10101
10-28 02:37:47.706 D/InterruptionStateProvider( 2084): No bubble up: not allowed to bubble: 0|com.thundersoft.notificationtest1|9|null|10101
10-28 02:37:47.706 D/InterruptionStateProvider( 2084): No bubble up: not allowed to bubble: 0|com.thundersoft.notificationtest1|8|null|10101
10-28 02:37:47.706 D/InterruptionStateProvider( 2084): No bubble up: not allowed to bubble: 0|com.thundersoft.notificationtest1|7|null|10101
10-28 02:37:47.706 D/InterruptionStateProvider( 2084): No bubble up: not allowed to bubble: 0|com.thundersoft.notificationtest1|6|null|10101
10-28 02:37:47.707 D/InterruptionStateProvider( 2084): No bubble up: not allowed to bubble: 0|com.thundersoft.notificationtest1|5|null|10101
10-28 02:37:47.707 D/InterruptionStateProvider( 2084): No bubble up: not allowed to bubble: 0|com.thundersoft.notificationtest1|4|null|10101
10-28 02:37:47.707 D/InterruptionStateProvider( 2084): No bubble up: not allowed to bubble: 0|com.thundersoft.notificationtest1|3|null|10101
10-28 02:37:47.707 D/InterruptionStateProvider( 2084): No bubble up: not allowed to bubble: 0|com.thundersoft.notificationtest1|2|null|10101
10-28 02:37:47.707 D/InterruptionStateProvider( 2084): No bubble up: not allowed to bubble: 0|com.thundersoft.notificationtest1|1|null|10101
10-28 02:37:47.707 D/InterruptionStateProvider( 2084): No bubble up: not allowed to bubble: 0|com.thundersoft.notificationtest1|0|null|10101
10-28 02:37:47.707 D/InterruptionStateProvider( 2084): No bubble up: not allowed to bubble: 0|com.android.systemui|4274|null|10087
10-28 02:37:47.707 D/InterruptionStateProvider( 2084): No bubble up: not allowed to bubble: -1|android|26|null|1000
10-28 02:37:47.707 D/InterruptionStateProvider( 2084): No alerting: filtered notification: 0|com.android.systemui|1|empty_media|10087
10-28 02:37:47.707 D/InterruptionStateProvider( 2084): No bubble up: not allowed to bubble: -1|android|55|null|1000
10-28 02:37:47.707 D/InterruptionStateProvider( 2084): No bubble up: not allowed to bubble: -1|android|32|null|1000
10-28 02:37:47.740 V/NotificationMediaManager( 2084): DEBUG_MEDIA: updating album art for notification null metadata=null metaDataChanged=false state=0
10-28 02:37:47.809 I/ndroid.systemu( 2084): NativeAlloc concurrent copying GC freed 450624(16MB) AllocSpace objects, 2(104KB) LOS objects, 44% free, 29MB/53MB, paused 117us,26us total 168.435ms
10-28 02:37:47.812 W/AudioIDCMicroNegotiator( 1152): idcm: idcm control is not enable
10-28 02:37:47.813 I/GenericSource( 1300): start
10-28 02:37:47.814 D/Avrcp_ext( 2071): AudioManager Player: AudioPlaybackConfiguration piid:295 deviceId:0 type:android.media.SoundPool u/pid:10087/2084 state:idle attr:AudioAttributes: usage=USAGE_ASSISTANCE_SONIFICATION content=CONTENT_TYPE_SONIFICATION flags=0x800 tags= bundle=null sessionId:0
10-28 02:37:47.814 D/Avrcp_ext( 2071): AudioManager Player: AudioPlaybackConfiguration piid:287 deviceId:0 type:android.media.SoundPool u/pid:1000/1152 state:idle attr:AudioAttributes: usage=USAGE_ASSISTANCE_SONIFICATION content=CONTENT_TYPE_SONIFICATION flags=0x800 tags= bundle=null sessionId:0
10-28 02:37:47.814 D/Avrcp_ext( 2071): AudioManager Player: AudioPlaybackConfiguration piid:671 deviceId:0 type:android.media.MediaPlayer u/pid:10087/2084 state:started attr:AudioAttributes: usage=USAGE_NOTIFICATION content=CONTENT_TYPE_SONIFICATION flags=0x800 tags= bundle=null sessionId:0
10-28 02:37:47.815 D/MediaRouter( 2084): onRestoreRoute() : route=RouteInfo{ name=骞虫澘鐢佃剳, description=null, status=null, category=RouteCategory{ name=绯荤粺 types=ROUTE_TYPE_LIVE_AUDIO ROUTE_TYPE_LIVE_VIDEO groupable=false }, supportedTypes=ROUTE_TYPE_LIVE_AUDIO ROUTE_TYPE_LIVE_VIDEO , presentationDisplay=Display id 2: DisplayInfo{"Recording Display", displayId 2", displayGroupId 0, FLAG_PRIVATE, FLAG_PRESENTATION, real 2380 x 1020, largest app 2380 x 2380, smallest app 1020 x 1020, appVsyncOff 0, presDeadline 16666666, mode 2, defaultMode 2, modes [{id=2, width=2380, height=1020, fps=60.0, alternativeRefreshRates=[]}], hdrCapabilities null, userDisabledHdrTypes [], minimalPostProcessingSupported false, rotation 0, state ON}, DisplayMetrics{density=1.5, width=2380, height=1020, scaledDensity=1.5, xdpi=240.0, ydpi=240.0}, isValid=true }
10-28 02:37:47.815 V/MediaRouter( 2084): Selecting route: RouteInfo{ name=骞虫澘鐢佃剳, description=null, status=null, category=RouteCategory{ name=绯荤粺 types=ROUTE_TYPE_LIVE_AUDIO ROUTE_TYPE_LIVE_VIDEO groupable=false }, supportedTypes=ROUTE_TYPE_LIVE_AUDIO ROUTE_TYPE_LIVE_VIDEO , presentationDisplay=Display id 2: DisplayInfo{"Recording Display", displayId 2", displayGroupId 0, FLAG_PRIVATE, FLAG_PRESENTATION, real 2380 x 1020, largest app 2380 x 2380, smallest app 1020 x 1020, appVsyncOff 0, presDeadline 16666666, mode 2, defaultMode 2, modes [{id=2, width=2380, height=1020, fps=60.0, alternativeRefreshRates=[]}], hdrCapabilities null, userDisabledHdrTypes [], minimalPostProcessingSupported false, rotation 0, state ON}, DisplayMetrics{density=1.5, width=2380, height=1020, scaledDensity=1.5, xdpi=240.0, ydpi=240.0}, isValid=true }
10-28 02:37:47.816 W/Utils ( 1300): track of type 'audio/vorbis' does not publish channel mask, channel count 1
10-28 02:37:47.816 D/Avrcp_ext( 2071): AudioManager Player in started state: com.android.systemui
10-28 02:37:47.816 D/Avrcp_ext( 2071): AudioManager Active Player: com.android.systemui
10-28 02:37:47.816 D/Avrcp_ext( 2071): AudioManager isPlaying: true, mAudioPlaybackIsActive = false
10-28 02:37:47.821 W/Utils ( 1300): track of type 'audio/vorbis' does not publish channel mask, channel count 1
10-28 02:37:47.821 V/Avrcp_ext( 2071): updateCurrentMediaState: mMediaController: MediaController (com.android.systemui@93b3415) null
10-28 02:37:47.821 W/Avrcp_ext( 2071): isMusicActive: false getBluetoothPlayState: 2 A2dp State: 11 mAudioPlaybackIsActive: true
10-28 02:37:47.822 D/Avrcp_ext( 2071): isMusicActive = false mAudioPlaybackIsActive = true player state = null
10-28 02:37:47.823 I/Avrcp_ext( 2071): Skipping update due to invalid playback state
10-28 02:37:47.824 V/Avrcp_ext( 2071): updatePlaybackState, state: null device: null
10-28 02:37:47.824 V/Avrcp_ext( 2071): Device: no name:
10-28 02:37:47.824 V/Avrcp_ext( 2071): Device: no name:
10-28 02:37:47.824 V/Avrcp_ext( 2071): Device: no name:
10-28 02:37:47.824 V/Avrcp_ext( 2071): Device: no name:
10-28 02:37:47.824 V/Avrcp_ext( 2071): Device: no name:
10-28 02:37:47.824 V/Avrcp_ext( 2071): updatePlayerStateAndPosition, old=PlaybackState {state=2, position=-1, buffered position=0, speed=1.0, updated=68530, actions=0, custom actions=[], active item id=-1, error=null}, state=null
10-28 02:37:47.824 I/Avrcp_ext( 2071): updatePlayerStateAndPosition: device: state = null
10-28 02:37:47.826 D/audio_hw_primary( 800): adev_get_parameters:is_hw_dec_session_available
10-28 02:37:47.826 D/audio_hw_spkr_prot( 800): fbsp_get_parameters: Speaker protection disabled
10-28 02:37:47.826 D/soundtrigger( 800): audio_extn_sound_trigger_get_parameters input string
10-28 02:37:47.826 D/soundtrigger( 800): extract_sm_handle input string param string
10-28 02:37:47.826 D/audio_hw_extn( 800): audio_extn_fm_get_parameters: Enter
10-28 02:37:47.826 D/audio_hw_extn( 800): audio_extn_get_parameters: returns
10-28 02:37:47.826 D/audio_hw_primary( 800): adev_get_parameters: exit: returns -
10-28 02:37:47.827 I/hash_map_utils( 1024): system/bt/osi/src/hash_map_utils.cc:81 hash_map_utils_dump_string_keys_string_values: key: 'is_hw_dec_session_available' value: 'audio/vorbis'
10-28 02:37:47.831 D/CCodec ( 1300): allocate(c2.android.vorbis.decoder)
10-28 02:37:47.836 I/CCodec ( 1300): setting up 'default' as default (vendor) store
10-28 02:37:47.837 V/C2Store ( 1384): in init
10-28 02:37:47.837 V/C2Store ( 1384): loading dll
10-28 02:37:47.842 I/CCodec ( 1300): Created component [c2.android.vorbis.decoder]
10-28 02:37:47.843 D/CCodecConfig( 1300): read media type: audio/vorbis
10-28 02:37:47.853 D/ReflectedParamUpdater( 1300): extent() != 1 for single value type: algo.buffers.max-count.values
10-28 02:37:47.855 D/ReflectedParamUpdater( 1300): extent() != 1 for single value type: output.subscribed-indices.values
10-28 02:37:47.855 D/ReflectedParamUpdater( 1300): extent() != 1 for single value type: input.buffers.allocator-ids.values
10-28 02:37:47.856 D/ReflectedParamUpdater( 1300): extent() != 1 for single value type: output.buffers.allocator-ids.values
10-28 02:37:47.856 D/ReflectedParamUpdater( 1300): extent() != 1 for single value type: algo.buffers.allocator-ids.values
10-28 02:37:47.857 D/ReflectedParamUpdater( 1300): extent() != 1 for single value type: output.buffers.pool-ids.values
10-28 02:37:47.857 D/ReflectedParamUpdater( 1300): extent() != 1 for single value type: algo.buffers.pool-ids.values
10-28 02:37:47.861 I/CCodecConfig( 1300): query failed after returning 7 values (BAD_INDEX)
10-28 02:37:47.861 D/CCodecConfig( 1300): c2 config diff is Dict {
