10-28 02:37:19.511 W/NotifCollection( 2084): Ranking update is missing ranking for 0|com.thundersoft.notificationtest1|14|null|10101
10-28 02:37:19.511 W/NotifCollection( 2084): Ranking update is missing ranking for 0|com.thundersoft.notificationtest1|15|null|10101
10-28 02:37:19.516 D/InterruptionStateProvider( 2084): No bubble up: not allowed to bubble: 0|com.android.systemui|2048|null|10087
10-28 02:37:19.516 D/InterruptionStateProvider( 2084): No heads up: unimportant notification: 0|com.android.systemui|2048|null|10087
10-28 02:37:19.523 E/NotificationService( 1152): Muting recently noisy 0|com.android.systemui|2048|null|10087
10-28 02:37:19.524 D/audio_hw_primary( 800): out_set_parameters: enter: usecase(1: low-latency-playback) kvpairs: suspend_playback=false
10-28 02:37:19.524 D/audio_hw_extn( 800): audio_extn_fm_set_parameters: Enter
10-28 02:37:19.527 W/audio_hw_primary( 800): out_write: underrun(265) frames_by_time(48282) > out->last_fifo_frames_remaining(384)
01-01 14:11:32.017 E/i2c_geni 980000.i2c( 0): i2c error :-107
10-28 02:37:19.540 D/PeopleSpaceWidgetMgr( 2084): Sbn doesn't contain valid PeopleTileKey: null/0/com.android.systemui
01-01 14:11:32.024 E/ ( 0): [MAX975X:max96755g_read_byte] *ERROR* Failed to read dev:0x4c addr:0x0013
10-28 02:37:19.540 W/NotifCollection( 2084): Ranking update is missing ranking for 0|com.thundersoft.notificationtest1|51|null|10101
10-28 02:37:19.541 W/NotifCollection( 2084): Ranking update is missing ranking for 0|com.thundersoft.notificationtest1|22|null|10101
10-28 02:37:19.541 W/NotifCollection( 2084): Ranking update is missing ranking for 0|com.thundersoft.notificationtest1|14|null|10101
10-28 02:37:19.541 W/NotifCollection( 2084): Ranking update is missing ranking for 0|com.thundersoft.notificationtest1|15|null|10101
01-01 14:11:32.033 E/ ( 0): [MAX975X:max96755x_init] *ERROR* read:752 0x13:00
10-28 02:37:19.547 D/InterruptionStateProvider( 2084): No bubble up: not allowed to bubble: 0|com.android.systemui|2048|null|10087
10-28 02:37:19.548 D/InterruptionStateProvider( 2084): No heads up: unimportant notification: 0|com.android.systemui|2048|null|10087
01-01 14:11:32.040 E/ ( 0): [MAX975X:max96755x_init] *ERROR* read:755 0x13:02
01-01 14:11:32.047 E/ ( 0): [MAX975X:max96755x_init] *ERROR* done
10-28 02:37:19.566 D/audio_hw_primary( 800): out_set_parameters: enter: usecase(1: low-latency-playback) kvpairs: suspend_playback=true
10-28 02:37:19.566 D/audio_hw_extn( 800): audio_extn_fm_set_parameters: Enter
10-28 02:37:19.570 D/PeopleSpaceWidgetMgr( 2084): Sbn doesn't contain valid PeopleTileKey: null/0/com.android.systemui
10-28 02:37:19.570 W/NotifCollection( 2084): Ranking update is missing ranking for 0|com.thundersoft.notificationtest1|51|null|10101
10-28 02:37:19.570 W/NotifCollection( 2084): Ranking update is missing ranking for 0|com.thundersoft.notificationtest1|22|null|10101
10-28 02:37:19.570 W/NotifCollection( 2084): Ranking update is missing ranking for 0|com.thundersoft.notificationtest1|14|null|10101
10-28 02:37:19.571 W/NotifCollection( 2084): Ranking update is missing ranking for 0|com.thundersoft.notificationtest1|15|null|10101
10-28 02:37:19.574 D/InterruptionStateProvider( 2084): No bubble up: not allowed to bubble: 0|com.android.systemui|2048|null|10087
10-28 02:37:19.575 D/InterruptionStateProvider( 2084): No heads up: unimportant notification: 0|com.android.systemui|2048|null|10087
10-28 02:37:19.598 D/PeopleSpaceWidgetMgr( 2084): Sbn doesn't contain valid PeopleTileKey: null/0/com.android.systemui
10-28 02:37:19.603 W/NotifCollection( 2084): Ranking update is missing ranking for 0|com.thundersoft.notificationtest1|51|null|10101
10-28 02:37:19.603 W/NotifCollection( 2084): Ranking update is missing ranking for 0|com.thundersoft.notificationtest1|22|null|10101
10-28 02:37:19.603 W/NotifCollection( 2084): Ranking update is missing ranking for 0|com.thundersoft.notificationtest1|14|null|10101
10-28 02:37:19.604 W/NotifCollection( 2084): Ranking update is missing ranking for 0|com.thundersoft.notificationtest1|15|null|10101
10-28 02:37:19.607 D/InterruptionStateProvider( 2084): No bubble up: not allowed to bubble: 0|com.android.systemui|2048|null|10087
10-28 02:37:19.608 D/InterruptionStateProvider( 2084): No heads up: unimportant notification: 0|com.android.systemui|2048|null|10087
10-28 02:37:19.631 D/PeopleSpaceWidgetMgr( 2084): Sbn doesn't contain valid PeopleTileKey: null/0/com.android.systemui
10-28 02:37:19.632 W/NotifCollection( 2084): Ranking update is missing ranking for 0|com.thundersoft.notificationtest1|51|null|10101
10-28 02:37:19.632 W/NotifCollection( 2084): Ranking update is missing ranking for 0|com.thundersoft.notificationtest1|22|null|10101
10-28 02:37:19.632 W/NotifCollection( 2084): Ranking update is missing ranking for 0|com.thundersoft.notificationtest1|14|null|10101
10-28 02:37:19.632 W/NotifCollection( 2084): Ranking update is missing ranking for 0|com.thundersoft.notificationtest1|15|null|10101
10-28 02:37:19.639 D/InterruptionStateProvider( 2084): No bubble up: not allowed to bubble: 0|com.android.systemui|2048|null|10087
10-28 02:37:19.639 D/InterruptionStateProvider( 2084): No heads up: unimportant notification: 0|com.android.systemui|2048|null|10087
10-28 02:37:19.661 D/PeopleSpaceWidgetMgr( 2084): Sbn doesn't contain valid PeopleTileKey: null/0/com.android.systemui
01-01 14:11:32.161 D/ ( 0): mv2112_read_status
01-01 14:11:32.164 D/mv2112_update_link( 0): 3.0x901(1G): 0x80
10-28 02:37:19.675 V/NotificationMediaManager( 2084): DEBUG_MEDIA: updating album art for notification null metadata=null metaDataChanged=false state=0
10-28 02:37:19.676 V/NotificationMediaManager( 2084): DEBUG_MEDIA: updating album art for notification null metadata=null metaDataChanged=false state=0
10-28 02:37:19.678 V/NotificationMediaManager( 2084): DEBUG_MEDIA: updating album art for notification null metadata=null metaDataChanged=false state=0
10-28 02:37:19.679 V/NotificationMediaManager( 2084): DEBUG_MEDIA: updating album art for notification null metadata=null metaDataChanged=false state=0
10-28 02:37:19.679 V/NotificationMediaManager( 2084): DEBUG_MEDIA: updating album art for notification null metadata=null metaDataChanged=false state=0
10-28 02:37:19.680 V/NotificationMediaManager( 2084): DEBUG_MEDIA: updating album art for notification null metadata=null metaDataChanged=false state=0
10-28 02:37:19.681 V/NotificationMediaManager( 2084): DEBUG_MEDIA: updating album art for notification null metadata=null metaDataChanged=false state=0
01-01 14:11:32.169 D/mv2112_update_link( 0): 3.0x8109(100M): 0x8
01-01 14:11:32.175 D/mv2112_update_link( 0): link 0x0
10-28 02:37:19.682 V/NotificationMediaManager( 2084): DEBUG_MEDIA: updating album art for notification null metadata=null metaDataChanged=false state=0
10-28 02:37:19.683 V/NotificationMediaManager( 2084): DEBUG_MEDIA: updating album art for notification null metadata=null metaDataChanged=false state=0
10-28 02:37:19.684 V/NotificationMediaManager( 2084): DEBUG_MEDIA: updating album art for notification null metadata=null metaDataChanged=false state=0
10-28 02:37:19.684 V/NotificationMediaManager( 2084): DEBUG_MEDIA: updating album art for notification null metadata=null metaDataChanged=false state=0
01-01 14:11:32.179 D/mv2112_read_status( 0): autoneg is disabled
10-28 02:37:19.685 V/NotificationMediaManager( 2084): DEBUG_MEDIA: updating album art for notification null metadata=null metaDataChanged=false state=0
10-28 02:37:19.694 I/am_pss ( 1152): [5023,10101,com.thundersoft.notificationtest1,14900224,11411456,0,102338560,0,19,11]
10-28 02:37:19.710 I/am_pss ( 1152): [4994,10068,com.android.calendar,7131136,4931584,0,91512832,0,19,9]
10-28 02:37:19.722 I/am_pss ( 1152): [4973,10092,com.android.music,7806976,5742592,0,90746880,0,19,10]
10-28 02:37:19.756 I/OMX-VENC: venc_dev( 1316): stats: avg. fps 34.51, bitrate 2227925
10-28 02:37:19.765 W/AudioIDCMicroNegotiator( 1152): idcm: idcm control is not enable
10-28 02:37:19.766 I/GenericSource( 1300): start
10-28 02:37:19.766 D/Avrcp_ext( 2071): AudioManager Player: AudioPlaybackConfiguration piid:295 deviceId:0 type:android.media.SoundPool u/pid:10087/2084 state:idle attr:AudioAttributes: usage=USAGE_ASSISTANCE_SONIFICATION content=CONTENT_TYPE_SONIFICATION flags=0x800 tags= bundle=null sessionId:0
10-28 02:37:19.766 D/Avrcp_ext( 2071): AudioManager Player: AudioPlaybackConfiguration piid:287 deviceId:0 type:android.media.SoundPool u/pid:1000/1152 state:idle attr:AudioAttributes: usage=USAGE_ASSISTANCE_SONIFICATION content=CONTENT_TYPE_SONIFICATION flags=0x800 tags= bundle=null sessionId:0
10-28 02:37:19.766 D/Avrcp_ext( 2071): AudioManager Player: AudioPlaybackConfiguration piid:639 deviceId:0 type:android.media.MediaPlayer u/pid:10087/2084 state:started attr:AudioAttributes: usage=USAGE_NOTIFICATION content=CONTENT_TYPE_SONIFICATION flags=0x800 tags= bundle=null sessionId:0
10-28 02:37:19.767 W/Utils ( 1300): track of type 'audio/vorbis' does not publish channel mask, channel count 1
10-28 02:37:19.769 D/Avrcp_ext( 2071): AudioManager Player in started state: com.android.systemui
10-28 02:37:19.769 D/Avrcp_ext( 2071): AudioManager Active Player: com.android.systemui
10-28 02:37:19.769 D/Avrcp_ext( 2071): AudioManager isPlaying: true, mAudioPlaybackIsActive = false
10-28 02:37:19.772 V/Avrcp_ext( 2071): updateCurrentMediaState: mMediaController: MediaController (com.android.systemui@93b3415) null
10-28 02:37:19.772 W/Avrcp_ext( 2071): isMusicActive: false getBluetoothPlayState: 2 A2dp State: 11 mAudioPlaybackIsActive: true
10-28 02:37:19.772 D/Avrcp_ext( 2071): isMusicActive = false mAudioPlaybackIsActive = true player state = null
10-28 02:37:19.773 D/MediaRouter( 2084): onRestoreRoute() : route=RouteInfo{ name=骞虫澘鐢佃剳, description=null, status=null, category=RouteCategory{ name=绯荤粺 types=ROUTE_TYPE_LIVE_AUDIO ROUTE_TYPE_LIVE_VIDEO groupable=false }, supportedTypes=ROUTE_TYPE_LIVE_AUDIO ROUTE_TYPE_LIVE_VIDEO , presentationDisplay=null }
10-28 02:37:19.773 V/MediaRouter( 2084): Selecting route: RouteInfo{ name=骞虫澘鐢佃剳, description=null, status=null, category=RouteCategory{ name=绯荤粺 types=ROUTE_TYPE_LIVE_AUDIO ROUTE_TYPE_LIVE_VIDEO groupable=false }, supportedTypes=ROUTE_TYPE_LIVE_AUDIO ROUTE_TYPE_LIVE_VIDEO , presentationDisplay=null }
10-28 02:37:19.773 W/Utils ( 1300): track of type 'audio/vorbis' does not publish channel mask, channel count 1
10-28 02:37:19.774 I/Avrcp_ext( 2071): Skipping update due to invalid playback state
10-28 02:37:19.774 V/Avrcp_ext( 2071): updatePlaybackState, state: null device: null
10-28 02:37:19.774 V/Avrcp_ext( 2071): Device: no name:
10-28 02:37:19.774 V/Avrcp_ext( 2071): Device: no name:
10-28 02:37:19.774 V/Avrcp_ext( 2071): Device: no name:
10-28 02:37:19.774 V/Avrcp_ext( 2071): Device: no name:
10-28 02:37:19.774 V/Avrcp_ext( 2071): Device: no name:
10-28 02:37:19.774 V/Avrcp_ext( 2071): updatePlayerStateAndPosition, old=PlaybackState {state=2, position=-1, buffered position=0, speed=1.0, updated=68530, actions=0, custom actions=[], active item id=-1, error=null}, state=null
10-28 02:37:19.774 I/Avrcp_ext( 2071): updatePlayerStateAndPosition: device: state = null
10-28 02:37:19.777 D/audio_hw_primary( 800): adev_get_parameters:is_hw_dec_session_available
10-28 02:37:19.777 D/audio_hw_spkr_prot( 800): fbsp_get_parameters: Speaker protection disabled
10-28 02:37:19.777 D/soundtrigger( 800): audio_extn_sound_trigger_get_parameters input string
10-28 02:37:19.777 D/soundtrigger( 800): extract_sm_handle input string param string
10-28 02:37:19.777 D/audio_hw_extn( 800): audio_extn_fm_get_parameters: Enter
10-28 02:37:19.777 D/audio_hw_extn( 800): audio_extn_get_parameters: returns
10-28 02:37:19.777 D/audio_hw_primary( 800): adev_get_parameters: exit: returns -
10-28 02:37:19.777 I/hash_map_utils( 1024): system/bt/osi/src/hash_map_utils.cc:81 hash_map_utils_dump_string_keys_string_values: key: 'is_hw_dec_session_available' value: 'audio/vorbis'
10-28 02:37:19.785 D/CCodec ( 1300): allocate(c2.android.vorbis.decoder)
10-28 02:37:19.790 I/CCodec ( 1300): setting up 'default' as default (vendor) store
10-28 02:37:19.791 V/C2Store ( 1384): in init
10-28 02:37:19.791 V/C2Store ( 1384): loading dll
10-28 02:37:19.796 I/CCodec ( 1300): Created component [c2.android.vorbis.decoder]
10-28 02:37:19.797 D/CCodecConfig( 1300): read media type: audio/vorbis
10-28 02:37:19.803 D/ReflectedParamUpdater( 1300): extent() != 1 for single value type: algo.buffers.max-count.values
10-28 02:37:19.804 D/ReflectedParamUpdater( 1300): extent() != 1 for single value type: output.subscribed-indices.values
10-28 02:37:19.804 D/ReflectedParamUpdater( 1300): extent() != 1 for single value type: input.buffers.allocator-ids.values
10-28 02:37:19.804 D/ReflectedParamUpdater( 1300): extent() != 1 for single value type: output.buffers.allocator-ids.values
10-28 02:37:19.805 D/ReflectedParamUpdater( 1300): extent() != 1 for single value type: algo.buffers.allocator-ids.values
10-28 02:37:19.805 D/ReflectedParamUpdater( 1300): extent() != 1 for single value type: output.buffers.pool-ids.values
10-28 02:37:19.805 D/ReflectedParamUpdater( 1300): extent() != 1 for single value type: algo.buffers.pool-ids.values
10-28 02:37:19.807 I/CCodecConfig( 1300): query failed after returning 7 values (BAD_INDEX)
10-28 02:37:19.807 D/CCodecConfig( 1300): c2 config diff is Dict {
10-28 02:37:19.807 D/CCodecConfig( 1300): c2::u32 coded.bitrate.value = 64000
10-28 02:37:19.807 D/CCodecConfig( 1300): c2::u32 input.buffers.max-size.value = 32768
10-28 02:37:19.807 D/CCodecConfig( 1300): c2::u32 input.delay.value = 0
10-28 02:37:19.807 D/CCodecConfig( 1300): string input.media-type.value = "audio/vorbis"
10-28 02:37:19.807 D/CCodecConfig( 1300): string output.media-type.value = "audio/raw"
10-28 02:37:19.807 D/CCodecConfig( 1300): c2::u32 raw.channel-count.value = 1
10-28 02:37:19.807 D/CCodecConfig( 1300): c2::u32 raw.sample-rate.value = 48000
10-28 02:37:19.807 D/CCodecConfig( 1300): }
10-28 02:37:19.808 D/CCodec ( 1300): [c2.android.vorbis.decoder] buffers are bound to CCodec for this session
10-28 02:37:19.808 D/CCodecConfig( 1300): no c2 equivalents for durationUs
10-28 02:37:19.808 D/CCodecConfig( 1300): no c2 equivalents for csd-1
10-28 02:37:19.808 D/CCodecConfig( 1300): no c2 equivalents for language
10-28 02:37:19.808 D/CCodecConfig( 1300): no c2 equivalents for file-format
10-28 02:37:19.808 D/CCodecConfig( 1300): no c2 equivalents for flags
10-28 02:37:19.809 D/CCodecConfig( 1300): config failed => CORRUPTED
10-28 02:37:19.809 D/CCodecConfig( 1300): c2 config diff is c2::u32 coded.bitrate.value = 70000
10-28 02:37:19.810 W/Codec2Client( 1300): query -- param skipped: index = 1107298332.
10-28 02:37:19.810 D/CCodec ( 1300): setup formats input: AMessage(what = 0x00000000) = {
10-28 02:37:19.810 D/CCodec ( 1300): int32_t bitrate = 70000
10-28 02:37:19.810 D/CCodec ( 1300): int32_t channel-count = 1
10-28 02:37:19.810 D/CCodec ( 1300): int32_t max-input-size = 65307
10-28 02:37:19.810 D/CCodec ( 1300): string mime = "audio/vorbis"
10-28 02:37:19.810 D/CCodec ( 1300): int32_t sample-rate = 48000
10-28 02:37:19.810 D/CCodec ( 1300): }
10-28 02:37:19.810 D/CCodec ( 1300): setup formats output: AMessage(what = 0x00000000) = {
10-28 02:37:19.810 D/CCodec ( 1300): int32_t channel-count = 1
10-28 02:37:19.810 D/CCodec ( 1300): string mime = "audio/raw"
10-28 02:37:19.810 D/CCodec ( 1300): int32_t sample-rate = 48000
10-28 02:37:19.810 D/CCodec ( 1300): int32_t android._config-pcm-encoding = 2
10-28 02:37:19.810 D/CCodec ( 1300): }
10-28 02:37:19.810 I/CCodecConfig( 1300): query failed after returning 7 values (BAD_INDEX)
10-28 02:37:19.811 I/MediaCodec( 1300): MediaCodec will operate in async mode
10-28 02:37:19.811 D/MediaCodec( 1300): keep callback message for reclaim
10-28 02:37:19.812 W/Codec2Client( 1300): query -- param skipped: index = 1342179345.
10-28 02:37:19.812 W/Codec2Client( 1300): query -- param skipped: index = 2415921170.
10-28 02:37:19.813 D/CCodecBufferChannel( 1300): [c2.android.vorbis.decoder#402] Created input block pool with allocatorID 16 => poolID 59 - OK (0)
10-28 02:37:19.816 I/CCodecBufferChannel( 1300): [c2.android.vorbis.decoder#402] Created output block pool with allocatorID 16 => poolID 68 - OK
10-28 02:37:19.816 D/CCodecBufferChannel( 1300): [c2.android.vorbis.decoder#402] Configured output block pool ids 68 => OK
10-28 02:37:19.816 D/CCodecBufferChannel( 1300): [c2.android.vorbis.decoder#402] start: updating output delay 0
10-28 02:37:19.818 I/CCodecBufferChannel( 1300): pipelineRoom(3) is <= numClientBuffers(3). Not signalling any more buffers to client
10-28 02:37:19.819 D/SimpleC2Component( 1384): Using output block pool with poolID 68 => got 68 - 0
10-28 02:37:19.822 I/CCodecBufferChannel( 1300): pipelineRoom(2) is <= numClientBuffers(2). Not signalling any more buffers to client
10-28 02:37:19.823 I/CCodecBufferChannel( 1300): pipelineRoom(1) is <= numClientBuffers(1). Not signalling any more buffers to client
10-28 02:37:19.834 I/ExtendedNuUtils( 1300): Both src and dst missing for bit-width
10-28 02:37:19.834 I/ExtendedNuUtils( 1300): Overriding durationUs: with 64 bit src value 1728000
10-28 02:37:19.834 I/ExtendedNuUtils( 1300): Both src and dst missing for channel-mask
10-28 02:37:19.840 D/audio_hw_primary( 800): adev_get_parameters:vr_audio_mode_on
10-28 02:37:19.840 I/audio_hw_primary( 800): getting vr mode to 0
10-28 02:37:19.840 D/audio_hw_primary( 800): adev_get_parameters: exit: returns - vr_audio_mode_on=false
10-28 02:37:19.840 I/hash_map_utils( 1024): system/bt/osi/src/hash_map_utils.cc:81 hash_map_utils_dump_string_keys_string_values: key: 'vr_audio_mode_on' value: ''
10-28 02:37:19.843 D/AudioFlinger( 1024): Client defaulted notificationFrames to 12000 for frameCount 24000
10-28 02:37:19.847 D/AF::TrackHandle( 1024): OpPlayAudio: track:99 usage:5 not muted
10-28 02:37:19.855 D/audio_hw_primary( 800): out_set_parameters: enter: usecase(1: low-latency-playback) kvpairs: suspend_playback=false
10-28 02:37:19.855 D/audio_hw_extn( 800): audio_extn_fm_set_parameters: Enter
10-28 02:37:19.883 D/audio_hw_primary( 800): out_set_parameters: enter: usecase(1: low-latency-playback) kvpairs: suspend_playback=true
10-28 02:37:19.884 D/audio_hw_extn( 800): audio_extn_fm_set_parameters: Enter
10-28 02:37:19.894 I/EffectsFactory( 800): EffectCreate() create_effect
10-28 02:37:19.899 D/audio_hw_primary( 800): out_set_parameters: enter: usecase(1: low-latency-playback) kvpairs: suspend_playback=false
10-28 02:37:19.899 D/audio_hw_extn( 800): audio_extn_fm_set_parameters: Enter
10-28 02:37:19.901 D/AudioTrack( 1300): getTimestamp_l(77): device stall time corrected using current time 1547272897533
10-28 02:37:19.903 D/msm8974_platform( 800): platform_split_snd_device: snd_device(2) num devices(1) new_snd_devices(0)
10-28 02:37:19.903 D/ACDB-LOADER( 800): ACDB -> send_audvoltable
10-28 02:37:19.903 D/ACDB-LOADER( 800): ACDB -> ACDB_CMD_GET_AUDPROC_INSTANCE_GAIN_DEP_STEP_TABLE_SIZE
10-28 02:37:19.903 D/ACDB-LOADER( 800): ACDB -> ACDB_CMD_GET_AUDPROC_INSTANCE_GAIN_DEP_STEP_TABLE, vol index 5
10-28 02:37:19.903 D/ACDB-LOADER( 800): ACDB -> AUDIO_SET_VOL_CAL cal type = 40
10-28 02:37:19.904 W/AudioIDCMicroNegotiator( 1152): idcm: idcm control is not enable
10-28 02:37:19.905 W/audio_hw_primary( 800): out_write: underrun(266) frames_by_time(1153) > out->last_fifo_frames_remaining(384)
10-28 02:37:19.906 D/audio_hw_primary( 800): out_set_parameters: enter: usecase(1: low-latency-playback) kvpairs: suspend_playback=true
10-28 02:37:19.906 D/audio_hw_extn( 800): audio_extn_fm_set_parameters: Enter
10-28 02:37:19.906 D/Avrcp_ext( 2071): AudioManager Player: AudioPlaybackConfiguration piid:295 deviceId:0 type:android.media.SoundPool u/pid:10087/2084 state:idle attr:AudioAttributes: usage=USAGE_ASSISTANCE_SONIFICATION content=CONTENT_TYPE_SONIFICATION flags=0x800 tags= bundle=null sessionId:0
10-28 02:37:19.906 D/Avrcp_ext( 2071): AudioManager Player: AudioPlaybackConfiguration piid:287 deviceId:0 type:android.media.SoundPool u/pid:1000/1152 state:idle attr:AudioAttributes: usage=USAGE_ASSISTANCE_SONIFICATION content=CONTENT_TYPE_SONIFICATION flags=0x800 tags= bundle=null sessionId:0
10-28 02:37:19.906 D/Avrcp_ext( 2071): AudioManager Player: AudioPlaybackConfiguration piid:639 deviceId:3 type:android.media.MediaPlayer u/pid:10087/2084 state:started attr:AudioAttributes: usage=USAGE_NOTIFICATION content=CONTENT_TYPE_SONIFICATION flags=0x800 tags= bundle=null sessionId:0
10-28 02:37:19.909 D/Avrcp_ext( 2071): AudioManager Player in started state: com.android.systemui
10-28 02:37:19.909 D/Avrcp_ext( 2071): AudioManager Active Player: com.android.systemui
10-28 02:37:19.909 D/Avrcp_ext( 2071): AudioManager isPlaying: true, mAudioPlaybackIsActive = true
10-28 02:37:19.927 D/audio_hw_primary( 800): out_set_parameters: enter: usecase(1: low-latency-playback) kvpairs: suspend_playback=false
10-28 02:37:19.927 D/audio_hw_extn( 800): audio_extn_fm_set_parameters: Enter
10-28 02:37:19.927 D/audio_hw_primary( 800): out_set_parameters: enter: usecase(1: low-latency-playback) kvpairs: suspend_playback=true
10-28 02:37:19.927 D/audio_hw_extn( 800): audio_extn_fm_set_parameters: Enter
10-28 02:37:19.948 D/audio_hw_primary( 800): out_set_parameters: enter: usecase(1: low-latency-playback) kvpairs: suspend_playback=false
10-28 02:37:19.948 D/audio_hw_extn( 800): audio_extn_fm_set_parameters: Enter
10-28 02:37:19.949 D/audio_hw_primary( 800): out_set_parameters: enter: usecase(1: low-latency-playback) kvpairs: suspend_playback=true
10-28 02:37:19.949 D/audio_hw_extn( 800): audio_extn_fm_set_parameters: Enter
10-28 02:37:19.969 D/audio_hw_primary( 800): out_set_parameters: enter: usecase(1: low-latency-playback) kvpairs: suspend_playback=false
10-28 02:37:19.969 D/audio_hw_extn( 800): audio_extn_fm_set_parameters: Enter
10-28 02:37:20.132 I/mpu_uart( 647): [MSG-P:RECV]:No message received in 1000 ms
10-28 02:37:20.398 I/input_interaction( 1152): Interaction with: 8974305 com.android.systemui/com.android.systemui.screenrecord.ScreenRecordDialog (server), edge-swipe (server), swipe-up (server), PointerEventDispatcher0 (server),
10-28 02:37:20.531 I/wm_finish_activity( 1152): [0,212362980,52,com.android.systemui/.screenrecord.ScreenRecordDialog,app-request]
10-28 02:37:20.531 I/wm_task_moved( 1152): [1,1,6]
10-28 02:37:20.535 I/wm_task_moved( 1152): [44,1,2147483647]
10-28 02:37:20.535 I/wm_task_to_front( 1152): [0,44]
10-28 02:37:20.536 I/wm_focused_root_task( 1152): [0,0,1,-1,finish-top adjustFocusToNextFocusableTask]
10-28 02:37:20.560 D/ActivityTrigger( 1152): ActivityTrigger activityPauseTrigger
10-28 02:37:20.561 I/wm_pause_activity( 1152): [0,212362980,com.android.systemui/.screenrecord.ScreenRecordDialog,userLeaving=false,finish]
10-28 02:37:20.570 I/input_focus( 1152): [Focus request a79836 com.android.launcher3/com.android.launcher3.uioverrides.QuickstepLauncher,reason=UpdateInputWindows]
10-28 02:37:20.580 I/wm_on_top_resumed_lost_called( 2084): [212362980,com.android.systemui.screenrecord.ScreenRecordDialog,topStateChangedWhenResumed]
10-28 02:37:20.582 I/wm_on_paused_called( 2084): [212362980,com.android.systemui.screenrecord.ScreenRecordDialog,performPause]
10-28 02:37:20.585 I/ActivityTaskManager( 1152): FOREGROUND_APPLICATION_CHANGED to com.android.launcher3.uioverrides.QuickstepLauncher
10-28 02:37:20.586 I/wm_set_resumed_activity( 1152): [0,com.android.launcher3/.uioverrides.QuickstepLauncher,resumeTopActivityInnerLocked]
10-28 02:37:20.588 I/wm_resume_activity( 1152): [0,231814419,44,com.android.launcher3/.uioverrides.QuickstepLauncher]
10-28 02:37:20.589 I/wm_on_resume_called( 2641): [231814419,com.android.launcher3.uioverrides.QuickstepLauncher,RESUME_ACTIVITY]
10-28 02:37:20.589 I/wm_on_top_resumed_gained_called( 2641): [231814419,com.android.launcher3.uioverrides.QuickstepLauncher,topWhenResuming]
10-28 02:37:20.606 I/input_focus( 1152): [Focus leaving 8974305 com.android.systemui/com.android.systemui.screenrecord.ScreenRecordDialog (server),reason=NO_WINDOW]
10-28 02:37:20.606 I/input_focus( 1152): [Focus entering a79836 com.android.launcher3/com.android.launcher3.uioverrides.QuickstepLauncher (server),reason=setFocusedWindow]
10-28 02:37:20.607 I/dvm_lock_sample( 1152): [system_server,1,android.display,20,TaskChangeNotificationController.java,320,void com.android.server.wm.TaskChangeNotificationController.forAllRemoteListeners(com.android.server.wm.TaskChangeNotificationController$TaskStackConsumer, android.os.Message),ActivityClientController.java,203,void com.android.server.wm.ActivityClientController.activityPaused(android.os.IBinder),4]
10-28 02:37:20.638 I/sysui_multi_action( 1152): [757,803,799,window_time_0,802,2]
10-28 02:37:20.668 I/BpBinder( 1040): onLastStrongRef automatically unlinking death recipients:
01-01 14:11:33.185 D/ ( 0): mv2112_read_status
01-01 14:11:33.188 D/mv2112_update_link( 0): 3.0x901(1G): 0x80
01-01 14:11:33.194 D/mv2112_update_link( 0): 3.0x8109(100M): 0x8
01-01 14:11:33.199 D/mv2112_update_link( 0): link 0x0
01-01 14:11:33.203 D/mv2112_read_status( 0): autoneg is disabled
10-28 02:37:20.728 D/Sogou ( 3273): onUnbindInput finish
10-28 02:37:20.733 I/wm_destroy_activity( 1152): [0,212362980,52,com.android.systemui/.screenrecord.ScreenRecordDialog,finish-idle]
10-28 02:37:20.739 D/Sogou ( 3273): onFinishInput:
10-28 02:37:20.749 I/wm_on_stop_called( 2084): [212362980,com.android.systemui.screenrecord.ScreenRecordDialog,LIFECYCLER_STOP_ACTIVITY]
10-28 02:37:20.749 I/wm_on_destroy_called( 2084): [212362980,com.android.systemui.screenrecord.ScreenRecordDialog,performDestroy]
10-28 02:37:20.750 W/InputManager-JNI( 1152): Input channel object '8974305 com.android.systemui/com.android.systemui.screenrecord.ScreenRecordDialog (client)' was disposed without first being removed with the input manager!
10-28 02:37:20.763 I/OMX-VENC: venc_dev( 1316): stats: avg. fps 25.81, bitrate 728673
10-28 02:37:20.787 I/ndroid.systemu( 2084): NativeAlloc concurrent copying GC freed 565717(22MB) AllocSpace objects, 0(0B) LOS objects, 49% free, 21MB/42MB, paused 71us,24us total 202.858ms
10-28 02:37:20.868 I/wm_task_removed( 1152): [52,removeChild:removeChild last r=ActivityRecord{ca866e4 u0 com.android.systemui/.screenrecord.ScreenRecordDialog t-1 f}} in t=Task{ace0a81 #52 type=standard A=10087:com.android.systemui U=0 visible=false mode=fullscreen translucent=true sz=0}]
10-28 02:37:20.868 I/wm_task_removed( 1152): [52,removeChild]
10-28 02:37:20.870 W/ActivityTaskManager( 1152): Can't find TaskDisplayArea to determine support for multi window. Task id=52 attached=false
10-28 02:37:20.871 W/ActivityTaskManager( 1152): Can't find TaskDisplayArea to determine support for multi window. Task id=52 attached=false
10-28 02:37:21.133 I/mpu_uart( 647): [MSG-P:RECV]:No message received in 1000 ms
10-28 02:37:21.327 D/AudioTrack( 1300): stop(77): called with 82980 frames delivered
01-01 14:11:33.923 E/ ( 0): [MAX975X:mcu_keep_wakeup_work_func] *ERROR* ERR gpio detected
10-28 02:37:21.450 W/Choreographer( 2084): Frame time is 0.090236 ms in the future! Check that graphics HAL is generating vsync timestamps using the correct timebase.
10-28 02:37:21.473 D/BufferPoolAccessor2.0( 1384): evictor expired: 2, evicted: 0
01-01 14:11:33.989 E/ ( 0): [MAX975X:max96755x_init] *ERROR* begin
01-01 14:11:34.049 E/i2c_geni 980000.i2c( 0): i2c error :-107
01-01 14:11:34.055 E/ ( 0): [MAX975X:max96755g_read_byte] *ERROR* Failed to read dev:0x4c addr:0x0013
10-28 02:37:21.570 W/audio_hw_primary( 800): out_write: underrun(267) frames_by_time(419) > out->last_fifo_frames_remaining(384)
10-28 02:37:21.586 W/audio_hw_primary( 800): out_write: underrun(268) frames_by_time(608) > out->last_fifo_frames_remaining(384)
01-01 14:11:34.065 E/i2c_geni 980000.i2c( 0): i2c error :-107
10-28 02:37:21.587 W/audio_hw_primary( 800): out_write: underrun(269) frames_by_time(247) > out->last_fifo_frames_remaining(192)
01-01 14:11:34.070 E/ ( 0): [MAX975X:max96755g_write_byte] *ERROR* Failed to write dev:0x4c addr:0x0010 value:0x00
01-01 14:11:34.083 E/i2c_geni 980000.i2c( 0): i2c error :-107
10-28 02:37:21.591 W/audio_hw_primary( 800): out_write: underrun(270) frames_by_time(432) > out->last_fifo_frames_remaining(384)
01-01 14:11:34.088 E/ ( 0): [MAX975X:max96755g_write_byte] *ERROR* Failed to write dev:0x4c addr:0x0001 value:0x01
01-01 14:11:34.097 E/i2c_geni 980000.i2c( 0): i2c error :-107
01-01 14:11:34.102 E/ ( 0): [MAX975X:max96755g_write_byte] *ERROR* Failed to write dev:0x4c addr:0x01ce value:0x4f
10-28 02:37:21.634 W/audio_hw_primary( 800): out_get_presentation_position: avail:384 > kernel_buffer_size:384 clamping!
10-28 02:37:21.634 W/audio_hw_primary( 800): out_write: underrun(271) frames_by_time(135) > out->last_fifo_frames_remaining(0)
10-28 02:37:21.638 W/audio_hw_primary( 800): out_write: underrun(272) frames_by_time(320) > out->last_fifo_frames_remaining(192)
01-01 14:11:34.112 E/i2c_geni 980000.i2c( 0): i2c error :-107
01-01 14:11:34.117 E/ ( 0): [MAX975X:max96755g_write_byte] *ERROR* Failed to write dev:0x4c addr:0x0010 value:0x20
10-28 02:37:21.676 I/mpu_uart( 647): [MSG-P:R]:recv sync frame timeout
10-28 02:37:21.713 D/audio_hw_primary( 800): out_set_parameters: enter: usecase(1: low-latency-playback) kvpairs: suspend_playback=true
10-28 02:37:21.714 D/audio_hw_extn( 800): audio_extn_fm_set_parameters: Enter
10-28 02:37:21.724 D/audio_hw_primary( 800): out_set_parameters: enter: usecase(1: low-latency-playback) kvpairs: suspend_playback=false
10-28 02:37:21.725 D/audio_hw_extn( 800): audio_extn_fm_set_parameters: Enter
01-01 14:11:34.209 D/ ( 0): mv2112_read_status
01-01 14:11:34.212 D/mv2112_update_link( 0): 3.0x901(1G): 0x80
10-28 02:37:21.733 D/audio_hw_primary( 800): out_set_parameters: enter: usecase(1: low-latency-playback) kvpairs: suspend_playback=true
10-28 02:37:21.733 D/audio_hw_extn( 800): audio_extn_fm_set_parameters: Enter
10-28 02:37:21.744 D/audio_hw_primary( 800): out_set_parameters: enter: usecase(1: low-latency-playback) kvpairs: suspend_playback=false
10-28 02:37:21.744 D/audio_hw_extn( 800): audio_extn_fm_set_parameters: Enter
01-01 14:11:34.225 D/mv2112_update_link( 0): 3.0x8109(100M): 0x8
01-01 14:11:34.233 D/mv2112_update_link( 0): link 0x0
01-01 14:11:34.233 E/i2c_geni 980000.i2c( 0): i2c error :-107
01-01 14:11:34.237 D/mv2112_read_status( 0): autoneg is disabled
10-28 02:37:21.753 D/audio_hw_primary( 800): out_set_parameters: enter: usecase(1: low-latency-playback) kvpairs: suspend_playback=true
10-28 02:37:21.753 D/audio_hw_extn( 800): audio_extn_fm_set_parameters: Enter
10-28 02:37:21.754 W/audio_hw_primary( 800): out_get_presentation_position: avail:384 > kernel_buffer_size:384 clamping!
10-28 02:37:21.754 W/audio_hw_primary( 800): out_write: underrun(273) frames_by_time(119) > out->last_fifo_frames_remaining(0)
01-01 14:11:34.248 E/ ( 0): [MAX975X:max96755g_read_byte] *ERROR* Failed to read dev:0x4c addr:0x0013
10-28 02:37:21.755 W/AudioIDCMicroNegotiator( 1152): idcm: idcm control is not enable
10-28 02:37:21.755 I/MediaFocusControl( 1152): abandonAudioFocus() from uid/pid 10087/2084 clientId=android.media.AudioManager@29a67f8
10-28 02:37:21.756 V/MediaPlayer( 2084): resetDrmState: mDrmInfo=null mDrmProvisioningThread=null mPrepareDrmInProgress=false mActiveDrmScheme=false
10-28 02:37:21.756 V/MediaPlayer( 2084): cleanDrmObj: mDrmObj=null mDrmSessionId=null
10-28 02:37:21.756 D/NuPlayerDriver( 1300): reset(0xf1f015f0) at state 6
10-28 02:37:21.756 D/Avrcp_ext( 2071): AudioManager Player: AudioPlaybackConfiguration piid:295 deviceId:0 type:android.media.SoundPool u/pid:10087/2084 state:idle attr:AudioAttributes: usage=USAGE_ASSISTANCE_SONIFICATION content=CONTENT_TYPE_SONIFICATION flags=0x800 tags= bundle=null sessionId:0
10-28 02:37:21.757 D/Avrcp_ext( 2071): AudioManager Player: AudioPlaybackConfiguration piid:287 deviceId:0 type:android.media.SoundPool u/pid:1000/1152 state:idle attr:AudioAttributes: usage=USAGE_ASSISTANCE_SONIFICATION content=CONTENT_TYPE_SONIFICATION flags=0x800 tags= bundle=null sessionId:0
10-28 02:37:21.757 D/Avrcp_ext( 2071): AudioManager Player: AudioPlaybackConfiguration piid:639 deviceId:3 type:android.media.MediaPlayer u/pid:10087/2084 state:stopped attr:AudioAttributes: usage=USAGE_NOTIFICATION content=CONTENT_TYPE_SONIFICATION flags=0x800 tags= bundle=null sessionId:0
10-28 02:37:21.757 D/Avrcp_ext( 2071): AudioManager isPlaying: false, mAudioPlaybackIsActive = true
10-28 02:37:21.757 D/Avrcp_ext( 2071): AudioManager Reset Active Player
10-28 02:37:21.758 D/audio_hw_primary( 800): out_set_parameters: enter: usecase(1: low-latency-playback) kvpairs: suspend_playback=false
10-28 02:37:21.758 D/audio_hw_extn( 800): audio_extn_fm_set_parameters: Enter
10-28 02:37:21.759 V/Avrcp_ext( 2071): updateCurrentMediaState: mMediaController: MediaController (com.android.systemui@93b3415) null
10-28 02:37:21.759 W/Avrcp_ext( 2071): isMusicActive: false getBluetoothPlayState: 2 A2dp State: 11 mAudioPlaybackIsActive: false
10-28 02:37:21.760 D/Avrcp_ext( 2071): isMusicActive = false mAudioPlaybackIsActive = false player state = null
10-28 02:37:21.761 I/Avrcp_ext( 2071): Skipping update due to invalid playback state
10-28 02:37:21.761 V/Avrcp_ext( 2071): updatePlaybackState, state: null device: null
10-28 02:37:21.761 V/Avrcp_ext( 2071): Device: no name:
10-28 02:37:21.761 V/Avrcp_ext( 2071): Device: no name:
10-28 02:37:21.762 V/Avrcp_ext( 2071): Device: no name:
10-28 02:37:21.762 V/Avrcp_ext( 2071): Device: no name:
10-28 02:37:21.762 V/Avrcp_ext( 2071): Device: no name:
10-28 02:37:21.762 V/Avrcp_ext( 2071): updatePlayerStateAndPosition, old=PlaybackState {state=2, position=-1, buffered position=0, speed=1.0, updated=68530, actions=0, custom actions=[], active item id=-1, error=null}, state=null
10-28 02:37:21.762 I/Avrcp_ext( 2071): updatePlayerStateAndPosition: device: state = null
10-28 02:37:21.762 D/Avrcp_ext( 2071): AudioManager Player: AudioPlaybackConfiguration piid:295 deviceId:0 type:android.media.SoundPool u/pid:10087/2084 state:idle attr:AudioAttributes: usage=USAGE_ASSISTANCE_SONIFICATION content=CONTENT_TYPE_SONIFICATION flags=0x800 tags= bundle=null sessionId:0
10-28 02:37:21.762 D/Avrcp_ext( 2071): AudioManager Player: AudioPlaybackConfiguration piid:287 deviceId:0 type:android.media.SoundPool u/pid:1000/1152 state:idle attr:AudioAttributes: usage=USAGE_ASSISTANCE_SONIFICATION content=CONTENT_TYPE_SONIFICATION flags=0x800 tags= bundle=null sessionId:0
10-28 02:37:21.762 D/Avrcp_ext( 2071): AudioManager isPlaying: false, mAudioPlaybackIsActive = false
10-28 02:37:21.762 D/Avrcp_ext( 2071): AudioManager Reset Active Player
10-28 02:37:21.763 W/audio_hw_primary( 800): out_write: underrun(274) frames_by_time(553) > out->last_fifo_frames_remaining(192)
01-01 14:11:34.259 E/ ( 0): [MAX975X:max96755x_init] *ERROR* read:752 0x13:00
01-01 14:11:34.267 E/ ( 0): [MAX975X:max96755x_init] *ERROR* read:755 0x13:02
10-28 02:37:21.763 I/hw-BpHwBinder( 1384): onLastStrongRef automatically unlinking death recipients
10-28 02:37:21.764 W/audio_hw_primary( 800): out_write: underrun(275) frames_by_time(383) > out->last_fifo_frames_remaining(192)
10-28 02:37:21.764 V/C2Store ( 1384): in ~ComponentModule
10-28 02:37:21.764 V/C2Store ( 1384): unloading dll
10-28 02:37:21.764 I/hw-BpHwBinder( 1300): onLastStrongRef automatically unlinking death recipients
10-28 02:37:21.765 I/OMX-VENC: venc_dev( 1316): stats: avg. fps 53.88, bitrate 4342395
10-28 02:37:21.769 D/NuPlayerDriver( 1300): notifyResetComplete(0xf1f015f0)
10-28 02:37:21.770 W/AMessage( 1300): failed to post message as target looper for handler 0 is gone.
10-28 02:37:21.773 W/audio_hw_primary( 800): out_write: underrun(276) frames_by_time(430) > out->last_fifo_frames_remaining(192)
10-28 02:37:21.773 W/audio_hw_primary( 800): out_write: underrun(277) frames_by_time(270) > out->last_fifo_frames_remaining(192)
10-28 02:37:21.777 W/audio_hw_primary( 800): out_write: underrun(278) frames_by_time(452) > out->last_fifo_frames_remaining(384)
01-01 14:11:34.273 E/ ( 0): [MAX975X:max96755x_init] *ERROR* done
10-28 02:37:21.806 D/audio_hw_primary( 800): out_set_parameters: enter: usecase(1: low-latency-playback) kvpairs: suspend_playback=true
10-28 02:37:21.806 D/audio_hw_extn( 800): audio_extn_fm_set_parameters: Enter
10-28 02:37:21.806 D/msm8974_platform( 800): platform_split_snd_device: snd_device(2) num devices(1) new_snd_devices(0)
10-28 02:37:21.806 D/ACDB-LOADER( 800): ACDB -> send_audvoltable
10-28 02:37:21.807 D/ACDB-LOADER( 800): ACDB -> ACDB_CMD_GET_AUDPROC_INSTANCE_GAIN_DEP_STEP_TABLE_SIZE
10-28 02:37:21.807 D/ACDB-LOADER( 800): ACDB -> ACDB_CMD_GET_AUDPROC_INSTANCE_GAIN_DEP_STEP_TABLE, vol index 0
10-28 02:37:21.807 D/ACDB-LOADER( 800): ACDB -> AUDIO_SET_VOL_CAL cal type = 40
10-28 02:37:21.808 D/msm8974_platform( 800): platform_split_snd_device: snd_device(2) num devices(1) new_snd_devices(0)
10-28 02:37:22.135 I/mpu_uart( 647): [MSG-P:RECV]:No message received in 1000 ms
10-28 02:37:22.470 D/BufferPoolAccessor2.0( 1300): evictor expired: 2, evicted: 0
10-28 02:37:22.777 I/OMX-VENC: venc_dev( 1316): stats: avg. fps 54.38, bitrate 2482136
01-01 14:11:35.265 D/ ( 0): mv2112_read_status
01-01 14:11:35.268 D/mv2112_update_link( 0): 3.0x901(1G): 0x80
01-01 14:11:35.273 D/mv2112_update_link( 0): 3.0x8109(100M): 0x8
01-01 14:11:35.278 D/mv2112_update_link( 0): link 0x0
01-01 14:11:35.282 D/mv2112_read_status( 0): autoneg is disabled
10-28 02:37:22.807 D/audio_hw_primary( 800): out_set_parameters: enter: usecase(1: low-latency-playback) kvpairs: suspend_playback=false
10-28 02:37:22.808 D/audio_hw_extn( 800): audio_extn_fm_set_parameters: Enter
10-28 02:37:22.812 W/audio_hw_primary( 800): out_write: underrun(279) frames_by_time(48498) > out->last_fifo_frames_remaining(384)
10-28 02:37:22.855 D/audio_hw_primary( 800): out_set_parameters: enter: usecase(1: low-latency-playback) kvpairs: suspend_playback=true
10-28 02:37:22.855 D/audio_hw_extn( 800): audio_extn_fm_set_parameters: Enter
10-28 02:37:23.135 I/mpu_uart( 647): [MSG-P:RECV]:No message received in 1000 ms
10-28 02:37:23.471 D/BufferPoolAccessor2.0( 1300): bufferpool2 0xf16c1a08 : 0(0 size) total buffers - 0(0 size) used buffers - 94/102 (recycle/alloc) - 8/198 (fetch/transfer)
10-28 02:37:23.471 D/BufferPoolAccessor2.0( 1300): evictor expired: 1, evicted: 1
10-28 02:37:23.475 D/BufferPoolAccessor2.0( 1384): bufferpool2 0xb40000794db2af38 : 0(0 size) total buffers - 0(0 size) used buffers - 93/97 (recycle/alloc) - 4/96 (fetch/transfer)
10-28 02:37:23.475 D/BufferPoolAccessor2.0( 1384): evictor expired: 1, evicted: 1
10-28 02:37:23.538 D/CompatibilityInfo( 1152): mCompatibilityFlags - 4
10-28 02:37:23.538 D/CompatibilityInfo( 1152): applicationDensity - 240
10-28 02:37:23.538 D/CompatibilityInfo( 1152): applicationScale - 1.0
10-28 02:37:23.543 D/RecordingController( 2084): sent start intent
10-28 02:37:23.551 D/RecordingService( 2084): onStartCommand com.android.systemui.screenrecord.START
10-28 02:37:23.552 D/RecordingService( 2084): recording with audio sourceNONE
10-28 02:37:23.557 D/ScreenMediaRecorder( 2084): start recording
10-28 02:37:23.568 W/StagefrightRecorder( 1300): stop while neither recording nor paused
10-28 02:37:23.568 I/MediaProfiles( 1300): Profiles xml path: /vendor/etc/media_profiles_kona.xml
10-28 02:37:23.592 D/MediaCodecList( 2084): codecHandlesFormat: no format, so no extra checks
10-28 02:37:23.593 D/MediaCodecList( 2084): codecHandlesFormat: no format, so no extra checks
10-28 02:37:23.594 D/MediaCodecList( 2084): codecHandlesFormat: no format, so no extra checks
10-28 02:37:23.595 D/MediaCodecList( 2084): codecHandlesFormat: no format, so no extra checks
10-28 02:37:23.603 I/OMXClient( 2084): IOmx service obtained
10-28 02:37:23.604 I/OMXMaster( 1316): makeComponentInstance(OMX.qcom.video.decoder.avc) in android.hardwar process
10-28 02:37:23.622 E/android.hardware.media.omx@1.0-service( 1316): Service not available yet
10-28 02:37:23.628 D/PlatformConfig( 1316): getInstance: Enter
10-28 02:37:23.629 D/PlatformConfig( 1316): getConfigStoreBool: vpp/enable=false, returning false
10-28 02:37:23.631 D/PlatformConfig( 1316): getInstance: Enter
10-28 02:37:23.631 D/PlatformConfig( 1316): getInt32 Config name: vidc_dec_log_in value: 0
10-28 02:37:23.631 D/PlatformConfig( 1316): getInstance: Enter
10-28 02:37:23.631 D/PlatformConfig( 1316): getInt32 Config name: vidc_dec_log_out value: 0
10-28 02:37:23.631 D/PlatformConfig( 1316): getInstance: Enter
10-28 02:37:23.631 D/PlatformConfig( 1316): getInt32 Config name: vidc_dec_sec_prefetch_size_internal value: 209715200
10-28 02:37:23.631 D/PlatformConfig( 1316): getInstance: Enter
10-28 02:37:23.631 D/PlatformConfig( 1316): getInt32 Config name: vidc_dec_sec_prefetch_size_output value: 13434880
10-28 02:37:23.631 D/PlatformConfig( 1316): getInstance: Enter
10-28 02:37:23.631 D/PlatformConfig( 1316): getInt32 Config name: vidc_perf_control_enable value: 0
10-28 02:37:23.631 D/PlatformConfig( 1316): getInstance: Enter
10-28 02:37:23.631 D/PlatformConfig( 1316): getInt32 Config name: vidc_dec_thumbnail_yuv_output value: 0
10-28 02:37:23.632 D/PlatformConfig( 1316): getInstance: Enter
10-28 02:37:23.632 D/PlatformConfig( 1316): getInt32: Returning default
10-28 02:37:23.632 D/PlatformConfig( 1316): getInstance: Enter
10-28 02:37:23.632 D/PlatformConfig( 1316): getInt32 Config name: vidc_dec_output_rate value: 120
01-01 14:11:36.125 I/msm_vidc( 0): high: 00000002: ....d: Opening video instance: ffffffe211a4c000, 1
10-28 02:37:23.642 I/OMX-VDEC-1080P( 1316): component_init: OMX.qcom.video.decoder.avc : fd=11
10-28 02:37:23.643 E/OMX-VDEC-1080P( 1316): Unsupported output color format for c2d (2141391876)
10-28 02:37:23.643 E/OMX-VDEC-1080P( 1316): Setting color format failed
10-28 02:37:23.645 D/PlatformConfig( 1316): getInstance: Enter
10-28 02:37:23.645 D/PlatformConfig( 1316): getInt32: Returning default
10-28 02:37:23.645 D/PlatformConfig( 1316): getInstance: Enter
10-28 02:37:23.645 D/PlatformConfig( 1316): getInt32: Returning default
10-28 02:37:23.645 I/OMX-VDEC-1080P( 1316): omx_vdec::component_init() success : fd=11
01-01 14:11:36.162 E/ ( 0): [MAX975X:mcu_keep_wakeup_work_func] *ERROR* ERR gpio detected
10-28 02:37:23.682 I/OMX-VDEC-1080P( 1316): omx_vdec::component_deinit() complete
10-28 02:37:23.683 D/ScreenMediaRecorder( 2084): Screen size supported at rate 60
10-28 02:37:23.689 D/MPEG4Writer( 1300): PreAllocation enabled
10-28 02:37:23.691 D/MediaCodecList( 1300): codecHandlesFormat: no format, so no extra checks
01-01 14:11:36.178 I/msm_vidc( 0): high: 00000002: h264d: Closed video instance: ffffffe211a4c000
10-28 02:37:23.691 D/MediaCodecList( 1300): codecHandlesFormat: no format, so no extra checks
10-28 02:37:23.691 D/MediaCodecList( 1300): codecHandlesFormat: no format, so no extra checks
10-28 02:37:23.691 D/MediaCodecList( 1300): codecHandlesFormat: no format, so no extra checks
10-28 02:37:23.693 I/OMX-VDEC-1080P( 1316): Exit OMX vdec Destructor: fd=11
10-28 02:37:23.697 I/OMXClient( 1300): IOmx service obtained
10-28 02:37:23.697 I/OMXMaster( 1316): makeComponentInstance(OMX.qcom.video.encoder.avc) in android.hardwar process
10-28 02:37:23.700 D/PlatformConfig( 1316): getInstance: Enter
10-28 02:37:23.700 D/PlatformConfig( 1316): getInt32 Config name: vidc_perf_control_enable value: 0
10-28 02:37:23.700 D/PlatformConfig( 1316): getInstance: Enter
10-28 02:37:23.700 D/PlatformConfig( 1316): getInt32: Returning default
10-28 02:37:23.700 D/PlatformConfig( 1316): getInstance: Enter
10-28 02:37:23.700 D/PlatformConfig( 1316): getInt32 Config name: vidc_enc_log_in value: 0
10-28 02:37:23.700 D/PlatformConfig( 1316): getInstance: Enter
10-28 02:37:23.700 D/PlatformConfig( 1316): getInt32 Config name: vidc_enc_log_out value: 0
01-01 14:11:36.194 I/msm_vidc( 0): high: 00000002: ....e: Opening video instance: ffffffe211a4c000, 0
10-28 02:37:23.700 D/PlatformConfig( 1316): getInstance: Enter
10-28 02:37:23.700 D/PlatformConfig( 1316): getInt32 Config name: vidc_enc_csc_custom_matrix value: 0
10-28 02:37:23.700 D/PlatformConfig( 1316): getInstance: Enter
10-28 02:37:23.700 D/PlatformConfig( 1316): getInt32 Config name: vidc_enc_auto_blur_disable value: 0
10-28 02:37:23.700 D/PlatformConfig( 1316): getInstance: Enter
10-28 02:37:23.700 D/PlatformConfig( 1316): getInt32: Returning default
10-28 02:37:23.700 D/PlatformConfig( 1316): getInstance: Enter
10-28 02:37:23.700 D/PlatformConfig( 1316): getInt32 Config name: vidc_enc_linear_color_format value: 0
10-28 02:37:23.700 D/PlatformConfig( 1316): getInstance: Enter
10-28 02:37:23.700 D/PlatformConfig( 1316): getInt32 Config name: vidc_enc_bitrate_savings_enable value: 3
10-28 02:37:23.700 D/PlatformConfig( 1316): getInstance: Enter
10-28 02:37:23.700 D/PlatformConfig( 1316): getInt32 Config name: vidc_enc_quality_boost_enable value: 1
10-28 02:37:23.714 I/OMX-VENC( 1316): Component_init : OMX.qcom.video.encoder.avc : return = 0x0
10-28 02:37:23.718 I/MediaCodec( 1300): MediaCodec will operate in async mode
01-01 14:11:36.225 E/ ( 0): [MAX975X:max96755x_init] *ERROR* begin
10-28 02:37:23.740 E/SELinux ( 501): avc: denied { find } for pid=1300 uid=1013 name=package_native scontext=u:r:mediaserver:s0 tcontext=u:object_r:package_native_service:s0 tclass=service_manager permissive=0
10-28 02:37:23.740 I/auditd ( 501): avc: denied { find } for pid=1300 uid=1013 name=package_native scontext=u:r:mediaserver:s0 tcontext=u:object_r:package_native_service:s0 tclass=service_manager permissive=0
10-28 02:37:23.742 E/SELinux ( 501): avc: denied { find } for pid=1300 uid=1013 name=package_native scontext=u:r:mediaserver:s0 tcontext=u:object_r:package_native_service:s0 tclass=service_manager permissive=0
10-28 02:37:23.742 I/auditd ( 501): avc: denied { find } for pid=1300 uid=1013 name=package_native scontext=u:r:mediaserver:s0 tcontext=u:object_r:package_native_service:s0 tclass=service_manager permissive=0
10-28 02:37:23.743 D/CodecSeeding( 1300): Seed: codec OMX.qcom.video.encoder.avc, mediatype video/avc, overrideable 1
10-28 02:37:23.743 D/CodecProperties( 1300): setTuningValue(vq-target-bpp,0)
10-28 02:37:23.743 D/CodecProperties( 1300): setTuningValue(vq-target-bpp-1080p,1.90)
10-28 02:37:23.743 D/CodecProperties( 1300): setTuningValue(vq-target-bpp-720p,2.25)
10-28 02:37:23.744 D/CodecProperties( 1300): setTuningValue(vq-target-bpp-540p,2.65)
10-28 02:37:23.744 D/CodecProperties( 1300): setTuningValue(vq-target-bpp-480p,3.00)
10-28 02:37:23.744 D/CodecProperties( 1300): setTuningValue(vq-target-bpp-320x240,0)
10-28 02:37:23.744 D/CodecProperties( 1300): setTuningValue(vq-target-qpmax,-1)
10-28 02:37:23.744 D/CodecProperties( 1300): setTuningValue(vq-target-qpmax-1080p,45)
10-28 02:37:23.744 D/CodecProperties( 1300): setTuningValue(vq-target-qpmax-720p,43)
10-28 02:37:23.744 D/CodecProperties( 1300): setTuningValue(vq-target-qpmax-540p,42)
10-28 02:37:23.744 D/CodecProperties( 1300): setTuningValue(vq-target-qpmax-480p,38)
10-28 02:37:23.744 D/CodecProperties( 1300): setTuningValue(vq-bitrate-phaseout,1.75)
10-28 02:37:23.744 D/CodecProperties( 1300): setTuningValue(vq-boost-missing-qp,0.20)
10-28 02:37:23.744 D/CodecProperties( 1300): setFeatureValue(_vq_eligible.device,1)
10-28 02:37:23.744 D/CodecProperties( 1300): setFeatureValue(_quality.target,1)
10-28 02:37:23.744 D/CodecSeeding( 1300): Seed: codec OMX.qcom.video.encoder.avc, mediatype video/avc, overrideable 0
10-28 02:37:23.745 D/VQApply ( 1300): minquality: 2380x1020 outside of shaping range
10-28 02:37:23.745 D/MediaCodec( 1300): shapeMediaFormat: deltas(1): AMessage(what = 0x00000000) = {
10-28 02:37:23.745 D/MediaCodec( 1300): int32_t android._encoding-quality-level = 0
10-28 02:37:23.745 D/MediaCodec( 1300): }
10-28 02:37:23.746 I/OMX-VENC: venc_dev( 1316): Native recorder encode session 1
10-28 02:37:23.747 I/OMX-VENC( 1316): WARN: Enable/Disable allocate-native-handle allowed only in secure session
10-28 02:37:23.747 E/OMXNodeInstance( 1316): setParameter(0xe4300014:qcom.encoder.avc, OMX.google.android.index.allocateNativeHandle(0x7f00005d): Input:0 en=0) ERROR: UnsupportedSetting(0x80001019)
10-28 02:37:23.748 I/OMX-VENC( 1316): WARN: Enable/Disable allocate-native-handle allowed only in secure session
10-28 02:37:23.748 E/OMXNodeInstance( 1316): setParameter(0xe4300014:qcom.encoder.avc, OMX.google.android.index.allocateNativeHandle(0x7f00005d): Output:1 en=0) ERROR: UnsupportedSetting(0x80001019)
10-28 02:37:23.748 I/OMX-VENC( 1316): WARN: set_parameter: metamode is valid for input port only
10-28 02:37:23.748 W/OMXNodeInstance( 1316): [0xe4300014:qcom.encoder.avc] component does not support metadata mode; using fallback
10-28 02:37:23.749 I/ExtendedACodec( 1300): setupVideoEncoder()
10-28 02:37:23.750 W/OMXUtils( 1300): do not know color format 0x7fa30c06 = 2141391878
10-28 02:37:23.751 W/OMXUtils( 1300): do not know color format 0x7fa30c04 = 2141391876
10-28 02:37:23.753 W/OMXUtils( 1300): do not know color format 0x7fa30c00 = 2141391872
10-28 02:37:23.754 W/OMXUtils( 1300): do not know color format 0x7fa30c09 = 2141391881
10-28 02:37:23.755 W/OMXUtils( 1300): do not know color format 0x7fa30c0a = 2141391882
10-28 02:37:23.756 W/OMXUtils( 1300): do not know color format 0x7fa30c08 = 2141391880
10-28 02:37:23.758 W/OMXUtils( 1300): do not know color format 0x7fa30c07 = 2141391879
10-28 02:37:23.759 W/OMXUtils( 1300): do not know color format 0x7f000789 = 2130708361
10-28 02:37:23.760 I/OMX-VENC: venc_dev( 1316): WARN: Unsupported eColorFormat 0x7f000789
10-28 02:37:23.763 I/OMX-VENC: venc_dev( 1316): v4l2 profile : 1 flags : 131095
10-28 02:37:23.763 I/OMX-VENC: venc_dev( 1316): v4l2 profile : 0 flags : 131095
10-28 02:37:23.764 I/OMX-VENC: venc_dev( 1316): v4l2 profile : 2 flags : 131095
10-28 02:37:23.764 I/OMX-VENC: venc_dev( 1316): v4l2 profile : 17 flags : 131095
