10-28 02:37:23.765 I/OMX-VENC: venc_dev( 1316): v4l2 profile : 4 flags : 131095
10-28 02:37:23.765 I/ACodec ( 1300): setupAVCEncoderParameters with [profile: High] [level: Level3]
10-28 02:37:23.766 I/commit_sys_config_file( 1152): [settings-1-0,9]
10-28 02:37:23.768 I/ACodec ( 1300): [OMX.qcom.video.encoder.avc] cannot encode HDR static metadata. Ignoring.
10-28 02:37:23.768 I/ACodec ( 1300): setupVideoEncoder succeeded
10-28 02:37:23.768 I/ExtendedACodec( 1300): [OMX.qcom.video.encoder.avc] configure, AMessage : AMessage(what = 'conf', target = 312) = {
10-28 02:37:23.768 I/ExtendedACodec( 1300): string mime = "video/avc"
10-28 02:37:23.768 I/ExtendedACodec( 1300): int32_t width = 2380
10-28 02:37:23.768 I/ExtendedACodec( 1300): int32_t height = 1020
10-28 02:37:23.768 I/ExtendedACodec( 1300): int32_t stride = 2380
10-28 02:37:23.768 I/ExtendedACodec( 1300): int32_t slice-height = 1020
10-28 02:37:23.768 I/ExtendedACodec( 1300): int32_t color-format = 2130708361
10-28 02:37:23.768 I/ExtendedACodec( 1300): int32_t bitrate = 29131200
10-28 02:37:23.768 I/ExtendedACodec( 1300): int32_t bitrate-mode = 1
10-28 02:37:23.768 I/ExtendedACodec( 1300): int32_t frame-rate = 60
10-28 02:37:23.768 I/ExtendedACodec( 1300): int32_t i-frame-interval = 1
10-28 02:37:23.768 I/ExtendedACodec( 1300): int32_t vendor.qti-ext-enc-info-native_recording.value = 1
10-28 02:37:23.768 I/ExtendedACodec( 1300): int32_t profile = 8
10-28 02:37:23.768 I/ExtendedACodec( 1300): int32_t level = 256
10-28 02:37:23.768 I/ExtendedACodec( 1300): int32_t priority = 0
10-28 02:37:23.768 I/ExtendedACodec( 1300): int32_t feature-nal-length-bitstream = 1
10-28 02:37:23.768 I/ExtendedACodec( 1300): int32_t nal-length-in-bytes = 4
10-28 02:37:23.768 I/ExtendedACodec( 1300): int32_t vendor.qti-ext-enc-nal-length-bs.num-bytes = 4
10-28 02:37:23.768 I/ExtendedACodec( 1300): int32_t isNativeRecorder = 1
10-28 02:37:23.768 I/ExtendedACodec( 1300): int32_t create-input-buffers-suspended = 1
10-28 02:37:23.768 I/ExtendedACodec( 1300): int32_t android._encoding-quality-level = 0
10-28 02:37:23.768 I/ExtendedACodec( 1300): int32_t flags = 3
10-28 02:37:23.768 I/ExtendedACodec( 1300): int32_t encoder = 1
10-28 02:37:23.768 I/ExtendedACodec( 1300): }
10-28 02:37:23.785 W/OMXUtils( 1300): do not know color format 0x7f000789 = 2130708361
10-28 02:37:23.786 E/OMX-VENC( 1316): ERROR: unsupported index 1870659589
10-28 02:37:23.786 E/OMXNodeInstance( 1316): getConfig(0xe4300014:qcom.encoder.avc, ConfigLatency(0x6f800005)) ERROR: UnsupportedIndex(0x8000101a)
01-01 14:11:36.285 E/i2c_geni 980000.i2c( 0): i2c error :-107
01-01 14:11:36.289 D/ ( 0): mv2112_read_status
01-01 14:11:36.290 E/ ( 0): [MAX975X:max96755g_read_byte] *ERROR* Failed to read dev:0x4c addr:0x0013
01-01 14:11:36.293 D/mv2112_update_link( 0): 3.0x901(1G): 0x80
01-01 14:11:36.302 E/i2c_geni 980000.i2c( 0): i2c error :-107
01-01 14:11:36.307 D/mv2112_update_link( 0): 3.0x8109(100M): 0x8
01-01 14:11:36.311 E/ ( 0): [MAX975X:max96755g_write_byte] *ERROR* Failed to write dev:0x4c addr:0x0010 value:0x00
10-28 02:37:23.823 E/OMXNodeInstance( 1316): getConfig(0xe4300014:qcom.encoder.avc, ??(0x7f000062)) ERROR: UnsupportedSetting(0x80001019)
01-01 14:11:36.316 D/mv2112_update_link( 0): link 0x0
10-28 02:37:23.824 I/OMX-VENC: venc_dev( 1316): venc_get_consumer_usage 0x10000000
10-28 02:37:23.824 D/GraphicBufferSource( 1316): setting dataspace: 0x104, acquired=0
10-28 02:37:23.825 I/OMX-VENC: venc_dev( 1316): venc_get_consumer_usage 0x10000000
10-28 02:37:23.825 D/GraphicBufferSource( 1316): requesting color aspects (R:2(Limited), P:1(BT709_5), M:1(BT709_5), T:3(SMPTE170M))
10-28 02:37:23.826 D/MediaCodec( 1300): keep callback message for reclaim
01-01 14:11:36.316 D/mv2112_read_status( 0): autoneg is disabled
01-01 14:11:36.335 E/i2c_geni 980000.i2c( 0): i2c error :-107
01-01 14:11:36.340 E/ ( 0): [MAX975X:max96755g_write_byte] *ERROR* Failed to write dev:0x4c addr:0x0001 value:0x01
10-28 02:37:23.856 D/audio_hw_primary( 800): out_set_parameters: enter: usecase(1: low-latency-playback) kvpairs: suspend_playback=false
10-28 02:37:23.856 D/audio_hw_extn( 800): audio_extn_fm_set_parameters: Enter
10-28 02:37:23.857 W/audio_hw_primary( 800): out_write: underrun(280) frames_by_time(48156) > out->last_fifo_frames_remaining(384)
10-28 02:37:23.866 W/ResourceManagerService( 1300): Ignoring request to add new resource entry with value <= 0
01-01 14:11:36.349 E/i2c_geni 980000.i2c( 0): i2c error :-107
01-01 14:11:36.354 E/ ( 0): [MAX975X:max96755g_write_byte] *ERROR* Failed to write dev:0x4c addr:0x01ce value:0x4f
01-01 14:11:36.364 E/i2c_geni 980000.i2c( 0): i2c error :-107
01-01 14:11:36.369 E/ ( 0): [MAX975X:max96755g_write_byte] *ERROR* Failed to write dev:0x4c addr:0x0010 value:0x20
10-28 02:37:23.889 I/DisplayDeviceRepository( 1152): Display device added: DisplayDeviceInfo{"Recording Display": uniqueId="virtual:com.android.systemui,10087,Recording Display,0", 2380 x 1020, modeId 2, defaultModeId 2, supportedModes [{id=2, width=2380, height=1020, fps=60.0, alternativeRefreshRates=[]}], colorMode 0, supportedColorModes [0], hdrCapabilities null, allmSupported false, gameContentTypeSupported false, density 240, 240.0 x 240.0 dpi, appVsyncOff 0, presDeadline 16666666, touch NONE, rotation 0, type VIRTUAL, deviceProductInfo null, state ON, owner com.android.systemui (uid 10087), frameRateOverride , brightnessMinimum 0.0, brightnessMaximum 0.0, brightnessDefault 0.0, FLAG_PRIVATE, FLAG_PRESENTATION}
10-28 02:37:23.893 I/LogicalDisplayMapper( 1152): Applying layout: [{addr: {port=129, model=0x40446d3026322d}, dispId: 0(ON)}], Previous layout: [{addr: {port=129, model=0x40446d3026322d}, dispId: 0(ON)}]
10-28 02:37:23.893 I/LogicalDisplayMapper( 1152): Adding new display: 2: DisplayInfo{"Recording Display", displayId 2", displayGroupId -1, FLAG_PRIVATE, FLAG_PRESENTATION, real 2380 x 1020, largest app 2380 x 1020, smallest app 2380 x 1020, appVsyncOff 0, presDeadline 16666666, mode 2, defaultMode 2, modes [{id=2, width=2380, height=1020, fps=60.0, alternativeRefreshRates=[]}], hdrCapabilities null, userDisabledHdrTypes [], minimalPostProcessingSupported false, rotation 0, state ON, type VIRTUAL, uniqueId "virtual:com.android.systemui,10087,Recording Display,0", app 2380 x 1020, density 240 (240.0 x 240.0) dpi, layerStack 2, colorMode 0, supportedColorModes [0], deviceProductInfo null, owner com.android.systemui (uid 10087), removeMode 1, refreshRateOverride 0.0, brightnessMinimum 0.0, brightnessMaximum 0.0, brightnessDefault 0.0}
10-28 02:37:23.895 I/LogicalDisplayMapper( 1152): Setting new display group 0 for display 2, from previous group: null
10-28 02:37:23.896 D/audio_hw_primary( 800): out_set_parameters: enter: usecase(1: low-latency-playback) kvpairs: suspend_playback=true
10-28 02:37:23.896 D/audio_hw_extn( 800): audio_extn_fm_set_parameters: Enter
10-28 02:37:23.898 W/DisplayPowerController[2]( 1152): Screen brightness nits configuration is unavailable; falling back
10-28 02:37:23.902 W/DisplayManagerService( 1152): Display DisplayDeviceInfo{"Recording Display": uniqueId="virtual:com.android.systemui,10087,Recording Display,0", 2380 x 1020, modeId 2, defaultModeId 2, supportedModes [{id=2, width=2380, height=1020, fps=60.0, alternativeRefreshRates=[]}], colorMode 0, supportedColorModes [0], hdrCapabilities null, allmSupported false, gameContentTypeSupported false, density 240, 240.0 x 240.0 dpi, appVsyncOff 0, presDeadline 16666666, touch NONE, rotation 0, type VIRTUAL, deviceProductInfo null, state ON, owner com.android.systemui (uid 10087), frameRateOverride , brightnessMinimum 0.0, brightnessMaximum 0.0, brightnessDefault 0.0, FLAG_PRIVATE, FLAG_PRESENTATION} does not support input device matching.
10-28 02:37:23.903 D/MPEG4Writer( 1300): fpathconf _PC_FILESIZEBITS:64
10-28 02:37:23.904 D/MPEG4Writer( 1300): MP4WtrCtrlHlpLooper Started
10-28 02:37:23.904 I/MPEG4Writer( 1300): limits: 5000000000/3600000000 bytes/us, bit rate: 29131200 bps and the estimated moov size 405120 bytes
10-28 02:37:23.908 I/InputDispatcher( 1152): Created monitor PointerEventDispatcher2 for display 2, gesture=false, pid=1152
10-28 02:37:23.911 V/DisplayPowerController[2]( 1152): Brightness [0.0] reason changing to: 'manual', previous reason: '0'.
10-28 02:37:23.912 W/H2BGraphicBufferProducer( 1040): getConsumerUsage is not fully supported
10-28 02:37:23.913 W/PowerManagerService( 1152): Screen on took 72346 ms
10-28 02:37:23.915 I/MediaCodecSource( 1300): MediaCodecSource (video) starting
10-28 02:37:23.915 I/libdisplayconfigqti( 954): Register client name: Recording Display1040 device client: 0xb400007ba9f11670
10-28 02:37:23.915 I/CompositionEngine( 1040): Display::setConfiguration: mDisplayExtnIntf: 0xb4000074fe399dd0
10-28 02:37:23.916 W/MediaCodec( 1300): mapFormat: no mediaType information
10-28 02:37:23.916 I/MediaCodecSource( 1300): MediaCodecSource (video) started
10-28 02:37:23.923 I/sysui_multi_action( 1152): [757,856,758,1,806,com.android.systemui,857,screen_record,858,3]
10-28 02:37:23.925 W/DisplayManagerService( 1152): Display DisplayDeviceInfo{"Recording Display": uniqueId="virtual:com.android.systemui,10087,Recording Display,0", 2380 x 1020, modeId 2, defaultModeId 2, supportedModes [{id=2, width=2380, height=1020, fps=60.0, alternativeRefreshRates=[]}], colorMode 0, supportedColorModes [0], hdrCapabilities null, allmSupported false, gameContentTypeSupported false, density 240, 240.0 x 240.0 dpi, appVsyncOff 0, presDeadline 16666666, touch NONE, rotation 0, type VIRTUAL, deviceProductInfo null, state ON, owner com.android.systemui (uid 10087), frameRateOverride , brightnessMinimum 0.0, brightnessMaximum 0.0, brightnessDefault 0.0, FLAG_PRIVATE, FLAG_PRESENTATION} does not support input device matching.
10-28 02:37:23.926 W/DisplayManagerService( 1152): Display DisplayDeviceInfo{"Recording Display": uniqueId="virtual:com.android.systemui,10087,Recording Display,0", 2380 x 1020, modeId 2, defaultModeId 2, supportedModes [{id=2, width=2380, height=1020, fps=60.0, alternativeRefreshRates=[]}], colorMode 0, supportedColorModes [0], hdrCapabilities null, allmSupported false, gameContentTypeSupported false, density 240, 240.0 x 240.0 dpi, appVsyncOff 0, presDeadline 16666666, touch NONE, rotation 0, type VIRTUAL, deviceProductInfo null, state ON, owner com.android.systemui (uid 10087), frameRateOverride , brightnessMinimum 0.0, brightnessMaximum 0.0, brightnessDefault 0.0, FLAG_PRIVATE, FLAG_PRESENTATION} does not support input device matching.
10-28 02:37:23.938 D/GraphicBufferSource( 1316): got buffer with new dataSpace #104
10-28 02:37:23.938 I/OMX-VENC( 1316): get_config (dataspace changed): ColorSpace: Recommend 601 for RGBA8888
10-28 02:37:23.939 D/OMXNodeInstance( 1316): Codec resolved it to (R:2(??), P:3(??), M:3(??), T:3(??)) err=0(NO_ERROR)
10-28 02:37:23.939 E/OMXNodeInstance( 1316): setConfig(0xe4300014:qcom.encoder.avc, ??(0x7f000062)) ERROR: UnsupportedSetting(0x80001019)
10-28 02:37:23.939 I/notification_enqueue( 1152): [10087,2084,com.android.systemui,4274,NULL,0,Notification(channel=screen_record shortcut=null contentView=null vibrate=null sound=null defaults=0x0 flags=0x42 color=0xffc5221f actions=1 vis=PRIVATE),0]
10-28 02:37:23.940 D/ACodec ( 1300): dataspace changed to 0x10c10000 (R:2(Limited), P:3(BT601_6_625), M:3(BT601_6), T:3(SMPTE170M)) (R:2(Limited), S:2(BT601_625), T:3(SMPTE_170M))
10-28 02:37:23.946 W/C2DColorConvert( 1316): calcYSize: Format not supported , 6
10-28 02:37:23.951 D/QSTileHost( 2084): Recreating tiles
10-28 02:37:23.952 D/QSTileHost( 2084): Creating tile: cast
10-28 02:37:23.962 I/OMX-VENC: venc_dev( 1316): stats: avg. fps 9.28, bitrate 412743
10-28 02:37:23.981 I/MPEG4Writer( 1300): setStartTimestampUs: 35114
10-28 02:37:23.981 I/MPEG4Writer( 1300): Earliest track starting time: 35114
10-28 02:37:23.986 W/ImageReader_JNI( 1152): Unable to acquire a buffer item, very likely client tried to acquire more than maxImages buffers
10-28 02:37:24.008 I/WindowManager( 1152): Override config changes=20005df8 {0.0 ?mcc?mnc ?localeList ?layoutDir sw680dp w1586dp h680dp 240dpi lrg long land ?uimode ?night -touch -keyb/v/h -nav/h winConfig={ mBounds=Rect(0, 0 - 2380, 1020) mAppBounds=Rect(0, 0 - 2380, 1020) mMaxBounds=Rect(0, 0 - 2380, 1020) mWindowingMode=fullscreen mDisplayWindowingMode=fullscreen mActivityType=undefined mAlwaysOnTop=undefined mRotation=ROTATION_0} ?fontWeightAdjustment} for displayId=2
01-01 14:11:36.489 E/i2c_geni 980000.i2c( 0): i2c error :-107
01-01 14:11:36.493 E/ ( 0): [MAX975X:max96755g_read_byte] *ERROR* Failed to read dev:0x4c addr:0x0013
10-28 02:37:24.008 I/sysui_multi_action( 1152): [757,1659,758,4,759,2,1660,2]
10-28 02:37:24.010 W/DisplayManagerService( 1152): Display DisplayDeviceInfo{"Recording Display": uniqueId="virtual:com.android.systemui,10087,Recording Display,0", 2380 x 1020, modeId 2, defaultModeId 2, supportedModes [{id=2, width=2380, height=1020, fps=60.0, alternativeRefreshRates=[]}], colorMode 0, supportedColorModes [0], hdrCapabilities null, allmSupported false, gameContentTypeSupported false, density 240, 240.0 x 240.0 dpi, appVsyncOff 0, presDeadline 16666666, touch NONE, rotation 0, type VIRTUAL, deviceProductInfo null, state ON, owner com.android.systemui (uid 10087), frameRateOverride , brightnessMinimum 0.0, brightnessMaximum 0.0, brightnessDefault 0.0, FLAG_PRIVATE, FLAG_PRESENTATION} does not support input device matching.
10-28 02:37:24.011 I/WindowManager( 1152): Screen frozen for +85ms due to new-config
01-01 14:11:36.503 E/ ( 0): [MAX975X:max96755x_init] *ERROR* read:752 0x13:00
10-28 02:37:24.028 I/LatencyTracker( 1152): ACTION_ROTATE_SCREEN latency=100
10-28 02:37:24.028 W/DisplayController( 2084): Skipping Display Configuration change on non-added display.
10-28 02:37:24.028 I/sysui_latency( 1152): [6,100]
10-28 02:37:24.031 W/Looper ( 1152): Slow dispatch took 130ms android.ui h=android.hardware.display.DisplayManagerGlobal$DisplayListenerDelegate c=null m=1
10-28 02:37:24.031 W/system_server( 1152): Long monitor contention with owner android.ui (1334) at float com.android.server.wm.WindowManagerService.getCurrentAnimatorScale()(WindowManagerService.java:3372) waiters=1 in void com.android.server.wm.InputMonitor$UpdateInputWindows.run() for 125ms
10-28 02:37:24.032 I/dvm_lock_sample( 1152): [system_server,1,android.anim,125,InputMonitor.java,144,void com.android.server.wm.InputMonitor$UpdateInputWindows.run(),WindowManagerService.java,3372,float com.android.server.wm.WindowManagerService.getCurrentAnimatorScale(),25]
01-01 14:11:36.519 E/ ( 0): [MAX975X:max96755x_init] *ERROR* done
10-28 02:37:24.046 W/AppOps ( 1152): Noting op not finished: uid 10087 pkg com.android.systemui code 24 startTime of in progress event=1666894344474
10-28 02:37:24.136 I/mpu_uart( 647): [MSG-P:RECV]:No message received in 1000 ms
10-28 02:37:24.140 I/sysui_multi_action( 1152): [757,1501,758,1,793,210,794,0,795,210,796,4274,806,com.android.systemui,857,screen_record,858,3,947,0,1500,0,1688,1]
10-28 02:37:24.140 I/sysui_multi_action( 1152): [757,804,799,note_interruptive,801,0,802,1]
10-28 02:37:24.143 I/sysui_multi_action( 1152): [757,1501,758,1,793,213,794,0,795,213,796,4274,806,com.android.systemui,857,screen_record,858,3,947,0,1500,0,1688,1]
10-28 02:37:24.143 I/sysui_multi_action( 1152): [757,804,799,note_interruptive,801,0,802,1]
10-28 02:37:24.143 I/sysui_multi_action( 1152): [757,199,758,1,759,3,793,213,794,0,795,213,796,4274,806,com.android.systemui,857,screen_record,858,3,947,0,1500,0,1688,1]
10-28 02:37:24.143 I/notification_alert( 1152): [0|com.android.systemui|4274|null|10087,1,1,0]
10-28 02:37:24.146 W/NotificationHistory( 1152): Attempted to add notif for locked/gone/disabled user 0
10-28 02:37:24.164 D/Avrcp_ext( 2071): AudioManager Player: AudioPlaybackConfiguration piid:295 deviceId:0 type:android.media.SoundPool u/pid:10087/2084 state:idle attr:AudioAttributes: usage=USAGE_ASSISTANCE_SONIFICATION content=CONTENT_TYPE_SONIFICATION flags=0x800 tags= bundle=null sessionId:0
10-28 02:37:24.164 D/Avrcp_ext( 2071): AudioManager Player: AudioPlaybackConfiguration piid:647 deviceId:0 type:android.media.MediaPlayer u/pid:10087/2084 state:idle attr:AudioAttributes: usage=USAGE_NOTIFICATION content=CONTENT_TYPE_SONIFICATION flags=0x800 tags= bundle=null sessionId:0
10-28 02:37:24.164 D/Avrcp_ext( 2071): AudioManager Player: AudioPlaybackConfiguration piid:287 deviceId:0 type:android.media.SoundPool u/pid:1000/1152 state:idle attr:AudioAttributes: usage=USAGE_ASSISTANCE_SONIFICATION content=CONTENT_TYPE_SONIFICATION flags=0x800 tags= bundle=null sessionId:0
10-28 02:37:24.164 D/Avrcp_ext( 2071): AudioManager isPlaying: false, mAudioPlaybackIsActive = false
10-28 02:37:24.164 D/Avrcp_ext( 2071): AudioManager Reset Active Player
10-28 02:37:24.166 W/MediaProvider( 3154): Failed to fetch original file descriptor
10-28 02:37:24.166 W/MediaProvider( 3154): java.io.IOException: stat failed: EACCES (Permission denied)
10-28 02:37:24.166 W/MediaProvider( 3154): at com.android.providers.media.MediaProvider.getFileFromFileDescriptor(MediaProvider.java:5794)
10-28 02:37:24.166 W/MediaProvider( 3154): at com.android.providers.media.MediaProvider.getOriginalMediaFormatFileDescriptor(MediaProvider.java:5711)
10-28 02:37:24.166 W/MediaProvider( 3154): at com.android.providers.media.MediaProvider.openTypedAssetFileCommon(MediaProvider.java:7134)
10-28 02:37:24.166 W/MediaProvider( 3154): at com.android.providers.media.MediaProvider.openTypedAssetFile(MediaProvider.java:7115)
10-28 02:37:24.166 W/MediaProvider( 3154): at android.content.ContentProvider$Transport.openTypedAssetFile(ContentProvider.java:548)
10-28 02:37:24.166 W/MediaProvider( 3154): at android.content.ContentProviderNative.onTransact(ContentProviderNative.java:327)
10-28 02:37:24.166 W/MediaProvider( 3154): at android.os.Binder.execTransactInternal(Binder.java:1184)
10-28 02:37:24.166 W/MediaProvider( 3154): at android.os.Binder.execTransact(Binder.java:1143)
10-28 02:37:24.166 W/MediaProvider( 3154): Caused by: android.system.ErrnoException: stat failed: EACCES (Permission denied)
10-28 02:37:24.166 W/MediaProvider( 3154): at libcore.io.Linux.stat(Native Method)
10-28 02:37:24.166 W/MediaProvider( 3154): at libcore.io.ForwardingOs.stat(ForwardingOs.java:853)
10-28 02:37:24.166 W/MediaProvider( 3154): at libcore.io.BlockGuardOs.stat(BlockGuardOs.java:420)
10-28 02:37:24.166 W/MediaProvider( 3154): at libcore.io.ForwardingOs.stat(ForwardingOs.java:853)
10-28 02:37:24.166 W/MediaProvider( 3154): at android.app.ActivityThread$AndroidOs.stat(ActivityThread.java:7780)
10-28 02:37:24.166 W/MediaProvider( 3154): at android.system.Os.stat(Os.java:919)
10-28 02:37:24.166 W/MediaProvider( 3154): at com.android.providers.media.MediaProvider.getFileFromFileDescriptor(MediaProvider.java:5788)
10-28 02:37:24.166 W/MediaProvider( 3154): ... 7 more
10-28 02:37:24.168 D/NuPlayerDriver( 1300): NuPlayerDriver(0xf1f00010) created, clientPid(2084)
10-28 02:37:24.171 I/commit_sys_config_file( 1152): [settings-2-0,27]
10-28 02:37:24.180 W/NotifCollection( 2084): Ranking update is missing ranking for 0|com.thundersoft.notificationtest1|51|null|10101
10-28 02:37:24.180 W/NotifCollection( 2084): Ranking update is missing ranking for 0|com.thundersoft.notificationtest1|22|null|10101
10-28 02:37:24.180 W/NotifCollection( 2084): Ranking update is missing ranking for 0|com.thundersoft.notificationtest1|14|null|10101
10-28 02:37:24.180 W/NotifCollection( 2084): Ranking update is missing ranking for 0|com.thundersoft.notificationtest1|15|null|10101
10-28 02:37:24.183 I/ExtendedNuUtils( 1300): printFileName fd(10) -> /data/system_de/0/ringtones/notification_sound_cache
10-28 02:37:24.193 D/GenericSource( 1300): FileSource remote
10-28 02:37:24.195 I/commit_sys_config_file( 1152): [notification-policy,1502134]
10-28 02:37:24.200 I/MMParserExtractor( 1294): Created(0xb400006d46772e10)
10-28 02:37:24.200 E/MM_OSAL ( 1294): FileSource::FileSource
10-28 02:37:24.200 E/MM_OSAL ( 1294): FileSource::FileSource m_bEveryThingOK 1
10-28 02:37:24.203 D/InterruptionStateProvider( 2084): No bubble up: not allowed to bubble: 0|com.android.systemui|4274|null|10087
10-28 02:37:24.205 D/InterruptionStateProvider( 2084): No heads up: unimportant notification: 0|com.android.systemui|4274|null|10087
10-28 02:37:24.205 D/MediaBufferGroup( 1294): creating MemoryDealer
10-28 02:37:24.205 D/PeopleSpaceWidgetMgr( 2084): Sbn doesn't contain valid PeopleTileKey: null/0/com.android.systemui
10-28 02:37:24.221 I/MediaFocusControl( 1152): requestAudioFocus() from uid/pid 10087/2084 AA=USAGE_NOTIFICATION/CONTENT_TYPE_SONIFICATION clientId=android.media.AudioManager@b27ac2 callingPack=com.android.systemui req=3 flags=0x0 sdk=31
10-28 02:37:24.222 I/AudioService.FadeOutManager( 1152): unfadeOutUid() uid:10087
10-28 02:37:24.282 V/NotificationMediaManager( 2084): DEBUG_MEDIA: updating album art for notification null metadata=null metaDataChanged=false state=0
10-28 02:37:24.661 D/vendor.qti.vibrator( 979): Vibrator on for timeoutMs: 350
10-28 02:37:24.664 D/vendor.qti.vibrator( 979): Starting on on another thread
10-28 02:37:24.679 I/mpu_uart( 647): [MSG-P:R]:recv sync frame timeout
10-28 02:37:24.723 W/AudioIDCMicroNegotiator( 1152): idcm: idcm control is not enable
10-28 02:37:24.724 D/Avrcp_ext( 2071): AudioManager Player: AudioPlaybackConfiguration piid:295 deviceId:0 type:android.media.SoundPool u/pid:10087/2084 state:idle attr:AudioAttributes: usage=USAGE_ASSISTANCE_SONIFICATION content=CONTENT_TYPE_SONIFICATION flags=0x800 tags= bundle=null sessionId:0
10-28 02:37:24.724 D/Avrcp_ext( 2071): AudioManager Player: AudioPlaybackConfiguration piid:647 deviceId:0 type:android.media.MediaPlayer u/pid:10087/2084 state:started attr:AudioAttributes: usage=USAGE_NOTIFICATION content=CONTENT_TYPE_SONIFICATION flags=0x800 tags= bundle=null sessionId:0
10-28 02:37:24.726 D/MediaRouter( 2084): onRestoreRoute() : route=RouteInfo{ name=骞虫澘鐢佃剳, description=null, status=null, category=RouteCategory{ name=绯荤粺 types=ROUTE_TYPE_LIVE_AUDIO ROUTE_TYPE_LIVE_VIDEO groupable=false }, supportedTypes=ROUTE_TYPE_LIVE_AUDIO ROUTE_TYPE_LIVE_VIDEO , presentationDisplay=Display id 2: DisplayInfo{"Recording Display", displayId 2", displayGroupId 0, FLAG_PRIVATE, FLAG_PRESENTATION, real 2380 x 1020, largest app 2380 x 2380, smallest app 1020 x 1020, appVsyncOff 0, presDeadline 16666666, mode 2, defaultMode 2, modes [{id=2, width=2380, height=1020, fps=60.0, alternativeRefreshRates=[]}], hdrCapabilities null, userDisabledHdrTypes [], minimalPostProcessingSupported false, rotation 0, state ON}, DisplayMetrics{density=1.5, width=2380, height=1020, scaledDensity=1.5, xdpi=240.0, ydpi=240.0}, isValid=true }
10-28 02:37:24.726 V/MediaRouter( 2084): Selecting route: RouteInfo{ name=骞虫澘鐢佃剳, description=null, status=null, category=RouteCategory{ name=绯荤粺 types=ROUTE_TYPE_LIVE_AUDIO ROUTE_TYPE_LIVE_VIDEO groupable=false }, supportedTypes=ROUTE_TYPE_LIVE_AUDIO ROUTE_TYPE_LIVE_VIDEO , presentationDisplay=Display id 2: DisplayInfo{"Recording Display", displayId 2", displayGroupId 0, FLAG_PRIVATE, FLAG_PRESENTATION, real 2380 x 1020, largest app 2380 x 2380, smallest app 1020 x 1020, appVsyncOff 0, presDeadline 16666666, mode 2, defaultMode 2, modes [{id=2, width=2380, height=1020, fps=60.0, alternativeRefreshRates=[]}], hdrCapabilities null, userDisabledHdrTypes [], minimalPostProcessingSupported false, rotation 0, state ON}, DisplayMetrics{density=1.5, width=2380, height=1020, scaledDensity=1.5, xdpi=240.0, ydpi=240.0}, isValid=true }
10-28 02:37:24.727 I/GenericSource( 1300): start
10-28 02:37:24.730 W/Utils ( 1300): track of type 'audio/vorbis' does not publish channel mask, channel count 1
10-28 02:37:24.730 D/Avrcp_ext( 2071): AudioManager Player in started state: com.android.systemui
10-28 02:37:24.730 D/Avrcp_ext( 2071): AudioManager Active Player: com.android.systemui
10-28 02:37:24.730 D/Avrcp_ext( 2071): AudioManager Player: AudioPlaybackConfiguration piid:287 deviceId:0 type:android.media.SoundPool u/pid:1000/1152 state:idle attr:AudioAttributes: usage=USAGE_ASSISTANCE_SONIFICATION content=CONTENT_TYPE_SONIFICATION flags=0x800 tags= bundle=null sessionId:0
10-28 02:37:24.731 D/Avrcp_ext( 2071): AudioManager isPlaying: true, mAudioPlaybackIsActive = false
10-28 02:37:24.736 W/Utils ( 1300): track of type 'audio/vorbis' does not publish channel mask, channel count 1
10-28 02:37:24.737 V/Avrcp_ext( 2071): updateCurrentMediaState: mMediaController: MediaController (com.android.systemui@93b3415) null
10-28 02:37:24.737 W/Avrcp_ext( 2071): isMusicActive: false getBluetoothPlayState: 2 A2dp State: 11 mAudioPlaybackIsActive: true
10-28 02:37:24.738 D/Avrcp_ext( 2071): isMusicActive = false mAudioPlaybackIsActive = true player state = null
10-28 02:37:24.741 I/Avrcp_ext( 2071): Skipping update due to invalid playback state
10-28 02:37:24.741 V/Avrcp_ext( 2071): updatePlaybackState, state: null device: null
10-28 02:37:24.741 V/Avrcp_ext( 2071): Device: no name:
10-28 02:37:24.741 V/Avrcp_ext( 2071): Device: no name:
10-28 02:37:24.741 V/Avrcp_ext( 2071): Device: no name:
10-28 02:37:24.741 V/Avrcp_ext( 2071): Device: no name:
10-28 02:37:24.741 V/Avrcp_ext( 2071): Device: no name:
10-28 02:37:24.741 V/Avrcp_ext( 2071): updatePlayerStateAndPosition, old=PlaybackState {state=2, position=-1, buffered position=0, speed=1.0, updated=68530, actions=0, custom actions=[], active item id=-1, error=null}, state=null
10-28 02:37:24.741 D/audio_hw_primary( 800): adev_get_parameters:is_hw_dec_session_available
10-28 02:37:24.741 I/Avrcp_ext( 2071): updatePlayerStateAndPosition: device: state = null
10-28 02:37:24.741 D/audio_hw_spkr_prot( 800): fbsp_get_parameters: Speaker protection disabled
10-28 02:37:24.741 D/soundtrigger( 800): audio_extn_sound_trigger_get_parameters input string
10-28 02:37:24.741 D/soundtrigger( 800): extract_sm_handle input string param string
10-28 02:37:24.741 D/audio_hw_extn( 800): audio_extn_fm_get_parameters: Enter
10-28 02:37:24.741 D/audio_hw_extn( 800): audio_extn_get_parameters: returns
10-28 02:37:24.742 D/audio_hw_primary( 800): adev_get_parameters: exit: returns -
10-28 02:37:24.742 I/hash_map_utils( 1024): system/bt/osi/src/hash_map_utils.cc:81 hash_map_utils_dump_string_keys_string_values: key: 'is_hw_dec_session_available' value: 'audio/vorbis'
10-28 02:37:24.747 D/CCodec ( 1300): allocate(c2.android.vorbis.decoder)
10-28 02:37:24.752 I/CCodec ( 1300): setting up 'default' as default (vendor) store
10-28 02:37:24.753 V/C2Store ( 1384): in init
10-28 02:37:24.753 V/C2Store ( 1384): loading dll
10-28 02:37:24.759 I/CCodec ( 1300): Created component [c2.android.vorbis.decoder]
10-28 02:37:24.760 D/CCodecConfig( 1300): read media type: audio/vorbis
10-28 02:37:24.772 D/ReflectedParamUpdater( 1300): extent() != 1 for single value type: algo.buffers.max-count.values
10-28 02:37:24.774 D/ReflectedParamUpdater( 1300): extent() != 1 for single value type: output.subscribed-indices.values
10-28 02:37:24.775 D/ReflectedParamUpdater( 1300): extent() != 1 for single value type: input.buffers.allocator-ids.values
10-28 02:37:24.775 D/ReflectedParamUpdater( 1300): extent() != 1 for single value type: output.buffers.allocator-ids.values
10-28 02:37:24.776 D/ReflectedParamUpdater( 1300): extent() != 1 for single value type: algo.buffers.allocator-ids.values
10-28 02:37:24.777 D/ReflectedParamUpdater( 1300): extent() != 1 for single value type: output.buffers.pool-ids.values
10-28 02:37:24.778 D/ReflectedParamUpdater( 1300): extent() != 1 for single value type: algo.buffers.pool-ids.values
10-28 02:37:24.781 I/CCodecConfig( 1300): query failed after returning 7 values (BAD_INDEX)
10-28 02:37:24.782 D/CCodecConfig( 1300): c2 config diff is Dict {
10-28 02:37:24.782 D/CCodecConfig( 1300): c2::u32 coded.bitrate.value = 64000
10-28 02:37:24.782 D/CCodecConfig( 1300): c2::u32 input.buffers.max-size.value = 32768
10-28 02:37:24.782 D/CCodecConfig( 1300): c2::u32 input.delay.value = 0
10-28 02:37:24.782 D/CCodecConfig( 1300): string input.media-type.value = "audio/vorbis"
10-28 02:37:24.782 D/CCodecConfig( 1300): string output.media-type.value = "audio/raw"
10-28 02:37:24.782 D/CCodecConfig( 1300): c2::u32 raw.channel-count.value = 1
10-28 02:37:24.782 D/CCodecConfig( 1300): c2::u32 raw.sample-rate.value = 48000
10-28 02:37:24.782 D/CCodecConfig( 1300): }
10-28 02:37:24.783 D/CCodec ( 1300): [c2.android.vorbis.decoder] buffers are bound to CCodec for this session
10-28 02:37:24.783 D/CCodecConfig( 1300): no c2 equivalents for durationUs
10-28 02:37:24.783 D/CCodecConfig( 1300): no c2 equivalents for csd-1
10-28 02:37:24.783 D/CCodecConfig( 1300): no c2 equivalents for language
10-28 02:37:24.783 D/CCodecConfig( 1300): no c2 equivalents for file-format
10-28 02:37:24.783 D/CCodecConfig( 1300): no c2 equivalents for flags
10-28 02:37:24.784 D/CCodecConfig( 1300): config failed => CORRUPTED
10-28 02:37:24.785 D/CCodecConfig( 1300): c2 config diff is c2::u32 coded.bitrate.value = 70000
10-28 02:37:24.786 W/Codec2Client( 1300): query -- param skipped: index = 1107298332.
10-28 02:37:24.786 D/CCodec ( 1300): setup formats input: AMessage(what = 0x00000000) = {
10-28 02:37:24.786 D/CCodec ( 1300): int32_t bitrate = 70000
10-28 02:37:24.786 D/CCodec ( 1300): int32_t channel-count = 1
10-28 02:37:24.786 D/CCodec ( 1300): int32_t max-input-size = 65307
10-28 02:37:24.786 D/CCodec ( 1300): string mime = "audio/vorbis"
10-28 02:37:24.786 D/CCodec ( 1300): int32_t sample-rate = 48000
10-28 02:37:24.786 D/CCodec ( 1300): }
10-28 02:37:24.786 D/CCodec ( 1300): setup formats output: AMessage(what = 0x00000000) = {
10-28 02:37:24.786 D/CCodec ( 1300): int32_t channel-count = 1
10-28 02:37:24.786 D/CCodec ( 1300): string mime = "audio/raw"
10-28 02:37:24.786 D/CCodec ( 1300): int32_t sample-rate = 48000
10-28 02:37:24.786 D/CCodec ( 1300): int32_t android._config-pcm-encoding = 2
10-28 02:37:24.786 D/CCodec ( 1300): }
10-28 02:37:24.787 I/CCodecConfig( 1300): query failed after returning 7 values (BAD_INDEX)
10-28 02:37:24.788 I/MediaCodec( 1300): MediaCodec will operate in async mode
10-28 02:37:24.788 D/MediaCodec( 1300): keep callback message for reclaim
10-28 02:37:24.790 W/Codec2Client( 1300): query -- param skipped: index = 1342179345.
10-28 02:37:24.790 W/Codec2Client( 1300): query -- param skipped: index = 2415921170.
10-28 02:37:24.794 D/CCodecBufferChannel( 1300): [c2.android.vorbis.decoder#101] Created input block pool with allocatorID 16 => poolID 60 - OK (0)
10-28 02:37:24.794 D/BufferPoolAccessor2.0( 1384): Destruction - bufferpool2 0xb40000794db2af38 cached: 0/0M, 0/0% in use; allocs: 97, 96% recycled; transfers: 96, 96% unfetched
10-28 02:37:24.797 D/BufferPoolAccessor2.0( 1300): Destruction - bufferpool2 0xf16c1a08 cached: 0/0M, 0/0% in use; allocs: 102, 92% recycled; transfers: 198, 96% unfetched
10-28 02:37:24.798 I/CCodecBufferChannel( 1300): [c2.android.vorbis.decoder#101] Created output block pool with allocatorID 16 => poolID 69 - OK
10-28 02:37:24.799 D/CCodecBufferChannel( 1300): [c2.android.vorbis.decoder#101] Configured output block pool ids 69 => OK
10-28 02:37:24.800 D/CCodecBufferChannel( 1300): [c2.android.vorbis.decoder#101] start: updating output delay 0
10-28 02:37:24.803 I/CCodecBufferChannel( 1300): pipelineRoom(3) is <= numClientBuffers(3). Not signalling any more buffers to client
10-28 02:37:24.803 D/SimpleC2Component( 1384): Using output block pool with poolID 69 => got 69 - 0
10-28 02:37:24.807 I/CCodecBufferChannel( 1300): pipelineRoom(2) is <= numClientBuffers(2). Not signalling any more buffers to client
10-28 02:37:24.809 I/CCodecBufferChannel( 1300): pipelineRoom(1) is <= numClientBuffers(1). Not signalling any more buffers to client
10-28 02:37:24.824 I/ExtendedNuUtils( 1300): Both src and dst missing for bit-width
10-28 02:37:24.824 I/ExtendedNuUtils( 1300): Overriding durationUs: with 64 bit src value 1728000
10-28 02:37:24.824 I/ExtendedNuUtils( 1300): Both src and dst missing for channel-mask
01-01 14:11:37.313 D/ ( 0): mv2112_read_status
10-28 02:37:24.830 D/audio_hw_primary( 800): adev_get_parameters:vr_audio_mode_on
01-01 14:11:37.316 D/mv2112_update_link( 0): 3.0x901(1G): 0x80
01-01 14:11:37.321 D/mv2112_update_link( 0): 3.0x8109(100M): 0x8
01-01 14:11:37.326 D/mv2112_update_link( 0): link 0x0
01-01 14:11:37.330 D/mv2112_read_status( 0): autoneg is disabled
10-28 02:37:24.830 I/audio_hw_primary( 800): getting vr mode to 0
10-28 02:37:24.830 D/audio_hw_primary( 800): adev_get_parameters: exit: returns - vr_audio_mode_on=false
10-28 02:37:24.830 I/hash_map_utils( 1024): system/bt/osi/src/hash_map_utils.cc:81 hash_map_utils_dump_string_keys_string_values: key: 'vr_audio_mode_on' value: ''
10-28 02:37:24.833 D/AudioFlinger( 1024): Client defaulted notificationFrames to 12000 for frameCount 24000
10-28 02:37:24.836 D/AF::TrackHandle( 1024): OpPlayAudio: track:100 usage:5 not muted
10-28 02:37:24.843 D/audio_hw_primary( 800): out_set_parameters: enter: usecase(1: low-latency-playback) kvpairs: suspend_playback=false
10-28 02:37:24.843 D/audio_hw_extn( 800): audio_extn_fm_set_parameters: Enter
10-28 02:37:24.844 D/audio_hw_primary( 800): out_standby: enter: stream (0xf18c64c0) usecase(1: low-latency-playback)
01-01 14:11:37.350 I/afe_close( 0): port_id = 0x9000
10-28 02:37:24.867 D/audio_hw_primary( 800): disable_audio_route: reset and update mixer path: low-latency-playback
10-28 02:37:24.868 E/soundtrigger( 800): audio_extn_sound_trigger_update_stream_status: invalid input device 0x0, for event 2
10-28 02:37:24.868 D/soundtrigger( 800): audio_extn_sound_trigger_update_stream_status: uc_info->id 1 of type 0 for Event 2, with Raise=0
10-28 02:37:24.868 D/msm8974_platform( 800): platform_split_snd_device: snd_device(2) num devices(0) new_snd_devices(0)
10-28 02:37:24.868 I/msm8974_platform( 800): platform_get_custom_mtmx_params: no matching param with id 0 ip_ch 2 op_ch 2 uc_id 1 snd_dev 2
10-28 02:37:24.868 D/hardware_info( 800): hw_info_append_hw_type : device_name = speaker
10-28 02:37:24.869 D/audio_hw_primary( 800): disable_snd_device: snd_device(2: speaker)
10-28 02:37:24.869 D/msm8974_platform( 800): platform_split_snd_device: snd_device(2) num devices(0) new_snd_devices(0)
10-28 02:37:24.869 I/soundtrigger( 800): audio_extn_sound_trigger_update_device_status: device 0x2 of type 0 for Event 0, with Raise=0
10-28 02:37:24.869 D/audio_hw_primary( 800): out_standby: exit
10-28 02:37:24.877 I/EffectsFactory( 800): EffectCreate() create_effect
10-28 02:37:24.884 E/volume_listener( 800): check_and_set_gain_dep_cal: Failed to set gain dep cal level
10-28 02:37:24.884 D/audio_hw_primary( 800): start_output_stream: enter: stream(0xf18c64c0)usecase(1: low-latency-playback) devices(0x2) is_haptic_usecase(0)
10-28 02:37:24.885 E/ANDR-PERF-TARGET( 963): Error: Invalid logical cluster id 0
10-28 02:37:24.885 E/ANDR-PERF-REQUEST( 963): invalid request
10-28 02:37:24.885 E/ANDR-PERF-MPCTL( 963): invalid request, no optimizations performed
10-28 02:37:24.885 E/audio_hw_extn( 800): audio_extn_perf_lock_acquire: Failed to acquire perf lock, err: -1
10-28 02:37:24.885 D/audio_hw_primary( 800): select_devices for use case (low-latency-playback)
10-28 02:37:24.885 I/msm8974_platform( 800): platform_check_and_set_codec_backend_cfg:becf: afe: bitwidth 16, samplerate 48000 channels 2, backend_idx 0 usecase = 1 device (speaker)
10-28 02:37:24.885 D/msm8974_platform( 800): platform_split_snd_device: snd_device(2) num devices(1) new_snd_devices(0)
10-28 02:37:24.885 I/msm8974_platform( 800): platform_check_and_set_codec_backend_cfg: new_snd_devices[0] is 2
10-28 02:37:24.886 I/msm8974_platform( 800): platform_check_codec_backend_cfg:becf: afe: bitwidth 16, samplerate 48000 channels 2, backend_idx 0 usecase = 1 device (speaker)
10-28 02:37:24.887 D/audio_hw_extn( 800): audio_extn_enable_hifi_filter: mixer_value set 0
10-28 02:37:24.887 D/msm8974_platform( 800): platform_check_codec_backend_cfg:becf: updated afe: bitwidth 16, samplerate 48000 channels 2,backend_idx 0 usecase = 1 device (speaker)
10-28 02:37:24.887 D/msm8974_platform( 800): platform_check_codec_backend_cfg:becf: afe: playback on codec device not supporting native playback set default Sample Rate(48k)
10-28 02:37:24.887 I/msm8974_platform( 800): platform_check_codec_backend_cfg:becf: afe: Codec selected backend: 0 updated bit width: 16 and sample rate: 48000
10-28 02:37:24.887 D/audio_hw_primary( 800): check_usecases_codec_backend:becf: force routing 0
10-28 02:37:24.887 E/msm8974_platform( 800): platform_check_backends_match: Invalid snd_device =
10-28 02:37:24.887 D/audio_hw_primary( 800): check_usecases_codec_backend:becf: (78) check_usecases curr device: speaker, usecase device: backends match 0
10-28 02:37:24.887 D/audio_hw_primary( 800): check_usecases_codec_backend:becf: check_usecases num.of Usecases to switch 0
10-28 02:37:24.887 D/hardware_info( 800): hw_info_append_hw_type : device_name = speaker
10-28 02:37:24.888 D/msm8974_platform( 800): platform_split_snd_device: snd_device(2) num devices(0) new_snd_devices(0)
10-28 02:37:24.888 D/audio_hw_primary( 800): enable_snd_device: snd_device(2: speaker)
10-28 02:37:24.888 D/msm8974_platform( 800): platform_get_island_cfg_on_device:island cfg status on snd_device = (speaker 0)
10-28 02:37:24.888 I/soundtrigger( 800): audio_extn_sound_trigger_update_device_status: device 0x2 of type 0 for Event 1, with Raise=0
10-28 02:37:24.888 D/audio_route( 800): Apply path: speaker
10-28 02:37:24.888 I/audio_hw_utils( 800): audio_extn_utils_update_stream_output_app_type_cfg Allowing 24 and above bits playback on speaker ONLY at default sampling rate
10-28 02:37:24.888 E/soundtrigger( 800): audio_extn_sound_trigger_update_stream_status: invalid input device 0x0, for event 3
10-28 02:37:24.888 D/soundtrigger( 800): audio_extn_sound_trigger_update_stream_status: uc_info->id 1 of type 0 for Event 3, with Raise=0
10-28 02:37:24.888 D/audio_hw_utils( 800): audio_extn_utils_send_app_type_cfg: usecase->out_snd_device speaker
10-28 02:37:24.888 D/msm8974_platform( 800): platform_split_snd_device: snd_device(2) num devices(0) new_snd_devices(0)
10-28 02:37:24.888 D/audio_hw_utils( 800): audio_extn_btsco_get_sample_rate:Not a BT SCO device, need not update sampling rate
10-28 02:37:24.888 I/audio_hw_utils( 800): send_app_type_cfg_for_device PLAYBACK app_type 69937, acdb_dev_id 15, sample_rate 48000, snd_device_be_idx 179
10-28 02:37:24.889 D/msm8974_platform( 800): platform_split_snd_device: snd_device(2) num devices(1) new_snd_devices(0)
10-28 02:37:24.889 D/audio_hw_utils( 800): audio_extn_btsco_get_sample_rate:Not a BT SCO device, need not update sampling rate
10-28 02:37:24.889 D/ACDB-LOADER( 800): ACDB -> send_audio_cal, acdb_id = 15, path = 0, app id = 0x11131, sample rate = 48000, afe_sample_rate = 48000
10-28 02:37:24.889 D/ACDB-LOADER( 800): ACDB -> send_asm_topology
10-28 02:37:24.889 D/ACDB-LOADER( 800): ACDB -> ACDB_CMD_GET_AUDPROC_STREAM_TOPOLOGY_ID
10-28 02:37:24.889 D/ACDB-LOADER( 800): ACDB -> send_adm_topology
10-28 02:37:24.889 D/ACDB-LOADER( 800): ACDB -> ACDB_CMD_GET_AUDPROC_COMMON_TOPOLOGY_ID
10-28 02:37:24.889 D/ACDB-LOADER( 800): ACDB -> send_audtable
10-28 02:37:24.889 D/ACDB-LOADER( 800): ACDB -> ACDB_CMD_GET_AUDPROC_INSTANCE_COMMON_TABLE_SIZE
10-28 02:37:24.889 D/ACDB-LOADER( 800): ACDB -> ACDB_CMD_GET_AUDPROC_INSTANCE_COMMON_TABLE
10-28 02:37:24.890 D/ACDB-LOADER( 800): ACDB -> AUDIO_SET_AUDPROC_CAL cal_type[11] acdb_id[15] app_type[69937]
10-28 02:37:24.890 D/ACDB-LOADER( 800): ACDB -> send_audvoltable
10-28 02:37:24.890 D/ACDB-LOADER( 800): ACDB -> ACDB_CMD_GET_AUDPROC_INSTANCE_GAIN_DEP_STEP_TABLE_SIZE
10-28 02:37:24.890 D/ACDB-LOADER( 800): ACDB -> ACDB_CMD_GET_AUDPROC_INSTANCE_GAIN_DEP_STEP_TABLE, vol index 0
10-28 02:37:24.890 D/ACDB-LOADER( 800): ACDB -> AUDIO_SET_VOL_CAL cal type = 12
10-28 02:37:24.890 D/ACDB-LOADER( 800): ACDB -> ACDB_CMD_GET_AUDPROC_INSTANCE_STREAM_TABLE_SIZE
10-28 02:37:24.890 D/ACDB-LOADER( 800): ACDB -> send_audstrmtable
10-28 02:37:24.890 D/ACDB-LOADER( 800): ACDB -> ACDB_CMD_GET_AUDPROC_INSTANCE_STREAM_TABLE
10-28 02:37:24.890 D/ACDB-LOADER( 800): ACDB -> audstrm_cal->cal_type.cal_data.cal_size = 20
10-28 02:37:24.890 D/ACDB-LOADER( 800): ACDB -> send_afe_topology
10-28 02:37:24.890 D/ACDB-LOADER( 800): ACDB -> ACDB_CMD_GET_AFE_TOPOLOGY_ID
10-28 02:37:24.890 D/ACDB-LOADER( 800): ACDB -> GET_AFE_TOPOLOGY_ID for adcd_id 15, Topology Id 112fc
10-28 02:37:24.890 D/ACDB-LOADER( 800): ACDB -> send_afe_cal
10-28 02:37:24.890 D/ACDB-LOADER( 800): ACDB -> ACDB_CMD_GET_AFE_INSTANCE_COMMON_TABLE_SIZE
10-28 02:37:24.890 D/android.hardware.audio.service( 800): Failed to fetch the lookup information of the device 0000000F
10-28 02:37:24.890 D/ACDB-LOADER( 800): Error: ACDB_CMD_GET_AFE_INSTANCE_COMMON_TABLE_SIZE Returned = -19
10-28 02:37:24.890 D/ACDB-LOADER( 800): ACDB -> ACDB_CMD_GET_AFE_INSTANCE_COMMON_TABLE
10-28 02:37:24.890 D/android.hardware.audio.service( 800): Failed to fetch the lookup information of the device 0000000F
10-28 02:37:24.890 D/ACDB-LOADER( 800): Error: ACDB AFE returned = -19
10-28 02:37:24.891 D/ACDB-LOADER( 800): ACDB -> AUDIO_SET_AFE_CAL cal_type[16] acdb_id[15]
10-28 02:37:24.891 D/ACDB-LOADER( 800): ACDB -> send_hw_delay : acdb_id = 15 path = 0
10-28 02:37:24.891 D/ACDB-LOADER( 800): ACDB -> ACDB_AVSYNC_INFO: ACDB_CMD_GET_DEVICE_PROPERTY
10-28 02:37:24.891 D/msm8974_platform( 800): platform_split_snd_device: snd_device(2) num devices(0) new_snd_devices(0)
10-28 02:37:24.891 I/msm8974_platform( 800): platform_get_custom_mtmx_params: no matching param with id 0 ip_ch 2 op_ch 2 uc_id 1 snd_dev 2
10-28 02:37:24.891 D/audio_hw_primary( 800): enable_audio_route: apply mixer and update path: low-latency-playback
10-28 02:37:24.891 D/audio_route( 800): Apply path: low-latency-playback
10-28 02:37:24.891 W/AudioIDCMicroNegotiator( 1152): idcm: idcm control is not enable
10-28 02:37:24.892 D/audio_hw_primary( 800): select_devices: done
10-28 02:37:24.893 D/Avrcp_ext( 2071): AudioManager Player: AudioPlaybackConfiguration piid:295 deviceId:0 type:android.media.SoundPool u/pid:10087/2084 state:idle attr:AudioAttributes: usage=USAGE_ASSISTANCE_SONIFICATION content=CONTENT_TYPE_SONIFICATION flags=0x800 tags= bundle=null sessionId:0
10-28 02:37:24.893 D/Avrcp_ext( 2071): AudioManager Player: AudioPlaybackConfiguration piid:647 deviceId:3 type:android.media.MediaPlayer u/pid:10087/2084 state:started attr:AudioAttributes: usage=USAGE_NOTIFICATION content=CONTENT_TYPE_SONIFICATION flags=0x800 tags= bundle=null sessionId:0
10-28 02:37:24.895 D/Avrcp_ext( 2071): AudioManager Player in started state: com.android.systemui
10-28 02:37:24.895 D/Avrcp_ext( 2071): AudioManager Active Player: com.android.systemui
10-28 02:37:24.895 D/Avrcp_ext( 2071): AudioManager Player: AudioPlaybackConfiguration piid:287 deviceId:0 type:android.media.SoundPool u/pid:1000/1152 state:idle attr:AudioAttributes: usage=USAGE_ASSISTANCE_SONIFICATION content=CONTENT_TYPE_SONIFICATION flags=0x800 tags= bundle=null sessionId:0
10-28 02:37:24.895 D/Avrcp_ext( 2071): AudioManager isPlaying: true, mAudioPlaybackIsActive = true
01-01 14:11:37.390 I/afe_find_cal_topo_id_by_port( 0): port id: 0x9000, dev_acdb_id: 0
01-01 14:11:37.397 I/afe_find_cal_topo_id_by_port( 0): top_id:112fc acdb_id:15 afe_port:0x9000
01-01 14:11:37.405 I/afe_get_cal_topology_id( 0): port_id = 0x9000 acdb_id = 15 topology_id = 0x112fc cal_type_index=8 ret=0
01-01 14:11:37.416 I/afe_send_port_topology_id( 0): AFE set topology id 0x112fc enable for port 0x9000 ret 0
01-01 14:11:37.425 I/send_afe_cal_type( 0): cal_index is 0
01-01 14:11:37.430 I/send_afe_cal_type( 0): dev_acdb_id[55] is 0
01-01 14:11:37.435 I/send_afe_cal_type( 0): Sending cal_index cal 0
01-01 14:11:37.440 E/send_afe_cal_type( 0): No cal sent for cal_index 0, port_id = 0x9000! ret -22
01-01 14:11:37.449 I/afe_send_hw_delay( 0): port_id 0x9000 rate 48000 delay_usec 474 status 0
10-28 02:37:24.986 D/msm8974_platform( 800): platform_set_channel_map mixer_ctl_name:Playback Channel Map9
10-28 02:37:24.986 D/msm8974_platform( 800): platform_set_channel_map: set mapping(1 2 0 0 0 0 0 0) for channel:2
10-28 02:37:24.988 E/audio_hw_extn( 800): audio_extn_perf_lock_release: Perf lock release error
10-28 02:37:24.988 D/audio_hw_primary( 800): start_output_stream: exit
10-28 02:37:24.988 D/audio_hw_primary( 800): out_write: retry previous failed cal level set
10-28 02:37:24.988 D/msm8974_platform( 800): platform_split_snd_device: snd_device(2) num devices(1) new_snd_devices(0)
10-28 02:37:24.988 D/ACDB-LOADER( 800): ACDB -> send_audvoltable
10-28 02:37:24.988 D/ACDB-LOADER( 800): ACDB -> ACDB_CMD_GET_AUDPROC_INSTANCE_GAIN_DEP_STEP_TABLE_SIZE
10-28 02:37:24.988 D/ACDB-LOADER( 800): ACDB -> ACDB_CMD_GET_AUDPROC_INSTANCE_GAIN_DEP_STEP_TABLE, vol index 5
10-28 02:37:24.988 D/ACDB-LOADER( 800): ACDB -> AUDIO_SET_VOL_CAL cal type = 40
10-28 02:37:25.007 D/vendor.qti.vibrator( 979): QTI Vibrator off
10-28 02:37:25.010 D/msm8974_platform( 800): platform_split_snd_device: snd_device(2) num devices(1) new_snd_devices(0)
10-28 02:37:25.014 D/vendor.qti.vibrator( 979): Notifying on complete
10-28 02:37:25.026 I/OMX-VENC: venc_dev( 1316): stats: avg. fps 33.83, bitrate 2003394
10-28 02:37:25.136 I/mpu_uart( 647): [MSG-P:RECV]:No message received in 1000 ms
10-28 02:37:25.257 D/vendor.qti.vibrator( 979): Vibrator on for timeoutMs: 350
10-28 02:37:25.259 D/vendor.qti.vibrator( 979): Starting on on another thread
10-28 02:37:25.609 D/vendor.qti.vibrator( 979): Notifying on complete
10-28 02:37:25.611 D/vendor.qti.vibrator( 979): QTI Vibrator off
01-01 14:11:38.337 D/ ( 0): mv2112_read_status
01-01 14:11:38.340 D/mv2112_update_link( 0): 3.0x901(1G): 0x80
01-01 14:11:38.345 D/mv2112_update_link( 0): 3.0x8109(100M): 0x8
01-01 14:11:38.350 D/mv2112_update_link( 0): link 0x0
01-01 14:11:38.354 D/mv2112_read_status( 0): autoneg is disabled
01-01 14:11:38.403 E/ ( 0): [MAX975X:mcu_keep_wakeup_work_func] *ERROR* ERR gpio detected
01-01 14:11:38.465 E/ ( 0): [MAX975X:max96755x_init] *ERROR* begin
01-01 14:11:38.526 E/i2c_geni 980000.i2c( 0): i2c error :-107
01-01 14:11:38.531 E/ ( 0): [MAX975X:max96755g_read_byte] *ERROR* Failed to read dev:0x4c addr:0x0013
01-01 14:11:38.541 E/i2c_geni 980000.i2c( 0): i2c error :-107
01-01 14:11:38.546 E/ ( 0): [MAX975X:max96755g_write_byte] *ERROR* Failed to write dev:0x4c addr:0x0010 value:0x00
01-01 14:11:38.558 E/i2c_geni 980000.i2c( 0): i2c error :-107
01-01 14:11:38.563 E/ ( 0): [MAX975X:max96755g_write_byte] *ERROR* Failed to write dev:0x4c addr:0x0001 value:0x01
01-01 14:11:38.573 E/i2c_geni 980000.i2c( 0): i2c error :-107
01-01 14:11:38.579 E/ ( 0): [MAX975X:max96755g_write_byte] *ERROR* Failed to write dev:0x4c addr:0x01ce value:0x4f
01-01 14:11:38.589 E/i2c_geni 980000.i2c( 0): i2c error :-107
01-01 14:11:38.594 E/ ( 0): [MAX975X:max96755g_write_byte] *ERROR* Failed to write dev:0x4c addr:0x0010 value:0x20
10-28 02:37:26.111 W/audio_hw_primary( 800): out_write: underrun(281) frames_by_time(433) > out->last_fifo_frames_remaining(384)
10-28 02:37:26.136 I/mpu_uart( 647): [MSG-P:RECV]:No message received in 1000 ms
10-28 02:37:26.227 W/audio_hw_primary( 800): out_write: underrun(282) frames_by_time(434) > out->last_fifo_frames_remaining(192)
01-01 14:11:38.706 E/i2c_geni 980000.i2c( 0): i2c error :-107
01-01 14:11:38.711 E/ ( 0): [MAX975X:max96755g_read_byte] *ERROR* Failed to read dev:0x4c addr:0x0013
01-01 14:11:38.719 E/ ( 0): [MAX975X:max96755x_init] *ERROR* read:752 0x13:00
10-28 02:37:26.233 W/audio_hw_primary( 800): out_get_presentation_position: avail:384 > kernel_buffer_size:384 clamping!
10-28 02:37:26.233 W/audio_hw_primary( 800): out_write: underrun(283) frames_by_time(276) > out->last_fifo_frames_remaining(0)
10-28 02:37:26.240 W/audio_hw_primary( 800): out_write: underrun(284) frames_by_time(605) > out->last_fifo_frames_remaining(192)
10-28 02:37:26.241 W/audio_hw_primary( 800): out_write: underrun(285) frames_by_time(301) > out->last_fifo_frames_remaining(192)
01-01 14:11:38.727 E/ ( 0): [MAX975X:max96755x_init] *ERROR* read:755 0x13:02
01-01 14:11:38.734 E/ ( 0): [MAX975X:max96755x_init] *ERROR* done
10-28 02:37:26.246 W/audio_hw_primary( 800): out_write: underrun(286) frames_by_time(570) > out->last_fifo_frames_remaining(384)
10-28 02:37:26.355 D/CCodecBufferChannel( 1300): [c2.android.vorbis.decoder#101] buffers after EOS ignored (0 us)
10-28 02:37:26.356 D/CCodecBufferChannel( 1300): [c2.android.vorbis.decoder#101] buffers after EOS ignored (0 us)
10-28 02:37:26.357 D/AudioTrack( 1300): stop(78): called with 82980 frames delivered
10-28 02:37:26.472 D/BufferPoolAccessor2.0( 1300): bufferpool2 0xf16c3628 : 0(0 size) total buffers - 0(0 size) used buffers - 93/101 (recycle/alloc) - 8/198 (fetch/transfer)
10-28 02:37:26.472 D/BufferPoolAccessor2.0( 1300): evictor expired: 1, evicted: 1
10-28 02:37:26.476 D/BufferPoolAccessor2.0( 1384): bufferpool2 0xb40000794db2d8d8 : 0(0 size) total buffers - 0(0 size) used buffers - 93/97 (recycle/alloc) - 4/96 (fetch/transfer)
10-28 02:37:26.476 D/BufferPoolAccessor2.0( 1384): evictor expired: 1, evicted: 1
10-28 02:37:26.754 D/audio_hw_primary( 800): out_set_parameters: enter: usecase(1: low-latency-playback) kvpairs: suspend_playback=true
10-28 02:37:26.754 D/audio_hw_extn( 800): audio_extn_fm_set_parameters: Enter
10-28 02:37:26.766 D/audio_hw_primary( 800): out_set_parameters: enter: usecase(1: low-latency-playback) kvpairs: suspend_playback=false
10-28 02:37:26.766 D/audio_hw_extn( 800): audio_extn_fm_set_parameters: Enter
10-28 02:37:26.768 D/audio_hw_primary( 800): out_set_parameters: enter: usecase(1: low-latency-playback) kvpairs: suspend_playback=true
10-28 02:37:26.768 D/audio_hw_extn( 800): audio_extn_fm_set_parameters: Enter
10-28 02:37:26.779 D/audio_hw_primary( 800): out_set_parameters: enter: usecase(1: low-latency-playback) kvpairs: suspend_playback=false
