10-28 02:37:39.988 I/dvm_lock_sample( 1152): [system_server,1,android.anim,5,InputMonitor.java,144,void com.android.server.wm.InputMonitor$UpdateInputWindows.run(),ActivityTaskManagerService.java,1071,android.content.res.Configuration com.android.server.wm.ActivityTaskManagerService.getGlobalConfigurationForPid(int),1]
10-28 02:37:39.989 I/wm_on_restart_called( 2641): [231814419,com.android.launcher3.uioverrides.QuickstepLauncher,performRestartActivity]
10-28 02:37:39.990 D/StateManager( 2641): goToState: Background
10-28 02:37:39.993 D/FreeWindowContainer( 2641): reloadTask: null
10-28 02:37:40.025 D/EditModeHelper( 2641): setHotseatVisibility: 0
10-28 02:37:40.038 I/wm_on_start_called( 2641): [231814419,com.android.launcher3.uioverrides.QuickstepLauncher,handleStartActivity]
10-28 02:37:40.040 I/InputDispatcher( 1152): Monitor swipe-up (server) is stealing touch from [f5e5211 com.thundersoft.notificationtest1/com.thundersoft.notificationtest1.MainActivity (server), ]
10-28 02:37:40.040 I/view_enqueue_input_event( 5023): [Motion - Cancel,com.thundersoft.notificationtest1/com.thundersoft.notificationtest1.MainActivity]
10-28 02:37:40.041 I/input_interaction( 1152): Interaction with: edge-swipe (server), swipe-up (server), PointerEventDispatcher0 (server),
10-28 02:37:40.043 D/AutofillManagerService( 1152): Close system dialogs
10-28 02:37:40.046 I/input_focus( 1152): [Focus request recents_animation_input_consumer,reason=UpdateInputWindows]
10-28 02:37:40.051 V/ShadeControllerImpl( 2084): NotificationShadeWindow: com.android.systemui.statusbar.phone.NotificationShadeWindowView{baf0543 I.E...... ......ID 0,0-2380,1020} canPanelBeCollapsed(): false
10-28 02:37:40.065 I/LatencyTracker( 2641): ACTION_TOGGLE_RECENTS latency=139
10-28 02:37:40.065 I/sysui_latency( 2641): [1,139]
10-28 02:37:40.067 I/input_focus( 1152): [Focus leaving f5e5211 com.thundersoft.notificationtest1/com.thundersoft.notificationtest1.MainActivity (server),reason=NOT_FOCUSABLE]
10-28 02:37:40.068 I/input_focus( 1152): [Focus entering recents_animation_input_consumer (server),reason=setFocusedWindow]
10-28 02:37:40.099 I/sysui_multi_action( 1152): [319,25,322,135,325,1567,757,761,758,9,759,5,806,com.android.launcher3,871,com.android.launcher3.uioverrides.QuickstepLauncher,905,0,1320,4,1321,1]
10-28 02:37:40.101 I/EventSequenceValidator( 1152): Transition from ACTIVITY_LAUNCHED to ACTIVITY_FINISHED
10-28 02:37:40.148 I/mpu_uart( 647): [MSG-P:RECV]:No message received in 1000 ms
10-28 02:37:40.151 D/audio_hw_primary( 800): out_set_parameters: enter: usecase(1: low-latency-playback) kvpairs: suspend_playback=false
10-28 02:37:40.151 D/audio_hw_extn( 800): audio_extn_fm_set_parameters: Enter
10-28 02:37:40.153 W/audio_hw_primary( 800): out_write: underrun(291) frames_by_time(48321) > out->last_fifo_frames_remaining(384)
10-28 02:37:40.191 D/audio_hw_primary( 800): out_set_parameters: enter: usecase(1: low-latency-playback) kvpairs: suspend_playback=true
10-28 02:37:40.192 D/audio_hw_extn( 800): audio_extn_fm_set_parameters: Enter
01-01 14:11:52.737 D/ ( 0): mv2112_read_status
01-01 14:11:52.740 D/mv2112_update_link( 0): 3.0x901(1G): 0x80
01-01 14:11:52.745 D/mv2112_update_link( 0): 3.0x8109(100M): 0x8
01-01 14:11:52.750 D/mv2112_update_link( 0): link 0x0
01-01 14:11:52.754 D/mv2112_read_status( 0): autoneg is disabled
10-28 02:37:40.278 D/vendor.qti.vibrator( 979): Vibrator perform effect 0
10-28 02:37:40.304 W/OrientationEventListener( 2641): Cannot detect sensors. Invalid disable
10-28 02:37:40.310 D/vendor.qti.vibrator( 979): Vibrator on for timeoutMs: 30
10-28 02:37:40.312 D/vendor.qti.vibrator( 979): Starting on on another thread
10-28 02:37:40.342 D/vendor.qti.vibrator( 979): Notifying on complete
10-28 02:37:40.342 D/vendor.qti.vibrator( 979): QTI Vibrator off
10-28 02:37:40.390 I/LatencyTracker( 1152): ACTION_START_RECENTS_ANIMATION latency=158
10-28 02:37:40.391 I/sysui_latency( 1152): [8,158]
10-28 02:37:40.469 I/OMX-VENC: venc_dev( 1316): stats: avg. fps 20.70, bitrate 1461143
10-28 02:37:40.708 D/StateManager( 2641): goToState: Overview
10-28 02:37:40.710 D/FreeWindowContainer( 2641): reloadTask: null
10-28 02:37:40.726 D/EditModeHelper( 2641): setHotseatVisibility: 0
10-28 02:37:40.745 I/OMX-VENC: venc_dev( 1316): stats: avg. fps 23.79, bitrate 4388203
10-28 02:37:41.148 I/mpu_uart( 647): [MSG-P:RECV]:No message received in 1000 ms
10-28 02:37:41.193 D/audio_hw_primary( 800): out_set_parameters: enter: usecase(1: low-latency-playback) kvpairs: suspend_playback=false
10-28 02:37:41.193 D/audio_hw_extn( 800): audio_extn_fm_set_parameters: Enter
10-28 02:37:41.193 W/audio_hw_primary( 800): out_write: underrun(292) frames_by_time(48126) > out->last_fifo_frames_remaining(384)
10-28 02:37:41.231 D/audio_hw_primary( 800): out_set_parameters: enter: usecase(1: low-latency-playback) kvpairs: suspend_playback=true
10-28 02:37:41.232 D/audio_hw_extn( 800): audio_extn_fm_set_parameters: Enter
01-01 14:11:53.761 D/ ( 0): mv2112_read_status
01-01 14:11:53.764 D/mv2112_update_link( 0): 3.0x901(1G): 0x80
01-01 14:11:53.769 D/mv2112_update_link( 0): 3.0x8109(100M): 0x8
01-01 14:11:53.774 D/mv2112_update_link( 0): link 0x0
01-01 14:11:53.778 D/mv2112_read_status( 0): autoneg is disabled
10-28 02:37:41.404 I/input_interaction( 1152): Interaction with: a79836 com.android.launcher3/com.android.launcher3.uioverrides.QuickstepLauncher (server), edge-swipe (server), swipe-up (server), PointerEventDispatcher0 (server),
10-28 02:37:41.470 I/OMX-VENC: venc_dev( 1316): stats: avg. fps 36.98, bitrate 1382499
01-01 14:11:53.955 E/ ( 0): [MAX975X:mcu_keep_wakeup_work_func] *ERROR* ERR gpio detected
10-28 02:37:41.496 D/StateManager( 2641): goToState: Normal
10-28 02:37:41.498 D/EditModeHelper( 2641): setHotseatVisibility: 0
01-01 14:11:54.017 E/ ( 0): [MAX975X:max96755x_init] *ERROR* begin
01-01 14:11:54.079 E/i2c_geni 980000.i2c( 0): i2c error :-107
01-01 14:11:54.083 E/ ( 0): [MAX975X:max96755g_read_byte] *ERROR* Failed to read dev:0x4c addr:0x0013
01-01 14:11:54.107 E/i2c_geni 980000.i2c( 0): i2c error :-107
01-01 14:11:54.113 E/ ( 0): [MAX975X:max96755g_write_byte] *ERROR* Failed to write dev:0x4c addr:0x0010 value:0x00
01-01 14:11:54.123 E/i2c_geni 980000.i2c( 0): i2c error :-107
01-01 14:11:54.128 E/ ( 0): [MAX975X:max96755g_write_byte] *ERROR* Failed to write dev:0x4c addr:0x0001 value:0x01
01-01 14:11:54.139 E/i2c_geni 980000.i2c( 0): i2c error :-107
01-01 14:11:54.145 E/ ( 0): [MAX975X:max96755g_write_byte] *ERROR* Failed to write dev:0x4c addr:0x01ce value:0x4f
01-01 14:11:54.155 E/i2c_geni 980000.i2c( 0): i2c error :-107
01-01 14:11:54.160 E/ ( 0): [MAX975X:max96755g_write_byte] *ERROR* Failed to write dev:0x4c addr:0x0010 value:0x20
10-28 02:37:41.758 I/OMX-VENC: venc_dev( 1316): stats: avg. fps 38.48, bitrate 1771292
01-01 14:11:54.273 E/i2c_geni 980000.i2c( 0): i2c error :-107
01-01 14:11:54.278 E/ ( 0): [MAX975X:max96755g_read_byte] *ERROR* Failed to read dev:0x4c addr:0x0013
01-01 14:11:54.286 E/ ( 0): [MAX975X:max96755x_init] *ERROR* read:752 0x13:00
01-01 14:11:54.292 E/ ( 0): [MAX975X:max96755x_init] *ERROR* read:755 0x13:02
01-01 14:11:54.298 E/ ( 0): [MAX975X:max96755x_init] *ERROR* done
10-28 02:37:41.921 W/OrientationEventListener( 2641): Cannot detect sensors. Invalid disable
10-28 02:37:41.926 I/wm_task_moved( 1152): [1,1,6]
10-28 02:37:41.932 I/wm_task_moved( 1152): [44,1,2147483647]
10-28 02:37:41.932 I/wm_task_to_front( 1152): [0,44]
10-28 02:37:41.933 I/wm_focused_root_task( 1152): [0,0,1,53,RecentsAnimation.onAnimationFinished()]
10-28 02:37:41.933 I/wm_set_resumed_activity( 1152): [0,com.android.launcher3/.uioverrides.QuickstepLauncher,RecentsAnimation.onAnimationFinished()]
10-28 02:37:41.933 I/wm_on_top_resumed_lost_called( 5023): [147166970,com.thundersoft.notificationtest1.MainActivity,topStateChangedWhenResumed]
10-28 02:37:41.934 D/ActivityTrigger( 1152): ActivityTrigger activityPauseTrigger
10-28 02:37:41.935 I/wm_pause_activity( 1152): [0,147166970,com.thundersoft.notificationtest1/.MainActivity,userLeaving=true,pauseBackTasks]
10-28 02:37:41.936 I/wm_add_to_stopping( 1152): [0,147166970,com.thundersoft.notificationtest1/.MainActivity,makeInvisible]
10-28 02:37:41.937 I/ActivityTaskManager( 1152): FOREGROUND_APPLICATION_CHANGED to com.android.launcher3.uioverrides.QuickstepLauncher
10-28 02:37:41.938 I/wm_set_resumed_activity( 1152): [0,com.android.launcher3/.uioverrides.QuickstepLauncher,resumeTopActivityInnerLocked]
10-28 02:37:41.939 I/wm_resume_activity( 1152): [0,231814419,44,com.android.launcher3/.uioverrides.QuickstepLauncher]
10-28 02:37:41.946 I/wm_on_resume_called( 2641): [231814419,com.android.launcher3.uioverrides.QuickstepLauncher,RESUME_ACTIVITY]
10-28 02:37:41.953 I/input_focus( 1152): [Focus request a79836 com.android.launcher3/com.android.launcher3.uioverrides.QuickstepLauncher,reason=UpdateInputWindows]
10-28 02:37:41.955 I/wm_on_paused_called( 5023): [147166970,com.thundersoft.notificationtest1.MainActivity,performPause]
10-28 02:37:41.965 I/input_focus( 1152): [Focus leaving recents_animation_input_consumer (server),reason=NOT_VISIBLE]
10-28 02:37:41.971 I/wm_stop_activity( 1152): [0,147166970,com.thundersoft.notificationtest1/.MainActivity]
10-28 02:37:41.971 I/wm_on_top_resumed_gained_called( 2641): [231814419,com.android.launcher3.uioverrides.QuickstepLauncher,topStateChangedWhenResumed]
10-28 02:37:41.979 I/sysui_multi_action( 1152): [757,803,799,window_time_0,802,15]
10-28 02:37:41.988 I/input_focus( 1152): [Focus entering a79836 com.android.launcher3/com.android.launcher3.uioverrides.QuickstepLauncher (server),reason=setFocusedWindow]
10-28 02:37:41.989 I/wm_on_stop_called( 5023): [147166970,com.thundersoft.notificationtest1.MainActivity,STOP_ACTIVITY_ITEM]
10-28 02:37:41.989 I/sysui_multi_action( 1152): [757,803,799,window_time_0,802,0]
10-28 02:37:41.992 I/ActivityManager( 1152): PendingStartActivityUids startActivity to updateOomAdj delay:2020ms, uid:10081
10-28 02:37:42.029 I/am_pss ( 1152): [4994,10068,com.android.calendar,7131136,4931584,0,91512832,0,19,9]
10-28 02:37:42.042 I/am_pss ( 1152): [4973,10092,com.android.music,7808000,5742592,0,90746880,0,19,10]
10-28 02:37:42.050 D/Sogou ( 3273): onUnbindInput finish
10-28 02:37:42.059 D/Sogou ( 3273): onFinishInput:
10-28 02:37:42.128 D/BufferPoolAccessor2.0( 1384): evictor expired: 2, evicted: 0
10-28 02:37:42.148 I/mpu_uart( 647): [MSG-P:RECV]:No message received in 1000 ms
10-28 02:37:42.199 I/system_server( 1152): NativeAlloc concurrent copying GC freed 242783(10030KB) AllocSpace objects, 4(112KB) LOS objects, 49% free, 11MB/23MB, paused 83us,70us total 116.475ms
10-28 02:37:42.233 D/audio_hw_primary( 800): out_set_parameters: enter: usecase(1: low-latency-playback) kvpairs: suspend_playback=false
10-28 02:37:42.234 D/audio_hw_extn( 800): audio_extn_fm_set_parameters: Enter
10-28 02:37:42.235 D/audio_hw_primary( 800): out_standby: enter: stream (0xf18c64c0) usecase(1: low-latency-playback)
01-01 14:11:54.741 I/afe_close( 0): port_id = 0x9000
10-28 02:37:42.260 D/audio_hw_primary( 800): disable_audio_route: reset and update mixer path: low-latency-playback
10-28 02:37:42.262 E/soundtrigger( 800): audio_extn_sound_trigger_update_stream_status: invalid input device 0x0, for event 2
10-28 02:37:42.262 D/soundtrigger( 800): audio_extn_sound_trigger_update_stream_status: uc_info->id 1 of type 0 for Event 2, with Raise=0
10-28 02:37:42.262 D/msm8974_platform( 800): platform_split_snd_device: snd_device(2) num devices(0) new_snd_devices(0)
10-28 02:37:42.262 I/msm8974_platform( 800): platform_get_custom_mtmx_params: no matching param with id 0 ip_ch 2 op_ch 2 uc_id 1 snd_dev 2
10-28 02:37:42.262 D/hardware_info( 800): hw_info_append_hw_type : device_name = speaker
10-28 02:37:42.262 D/audio_hw_primary( 800): disable_snd_device: snd_device(2: speaker)
10-28 02:37:42.262 D/msm8974_platform( 800): platform_split_snd_device: snd_device(2) num devices(0) new_snd_devices(0)
10-28 02:37:42.262 I/soundtrigger( 800): audio_extn_sound_trigger_update_device_status: device 0x2 of type 0 for Event 0, with Raise=0
10-28 02:37:42.262 D/audio_hw_primary( 800): out_standby: exit
01-01 14:11:54.785 D/ ( 0): mv2112_read_status
01-01 14:11:54.788 D/mv2112_update_link( 0): 3.0x901(1G): 0x80
01-01 14:11:54.801 D/mv2112_update_link( 0): 3.0x8109(100M): 0x8
01-01 14:11:54.806 D/mv2112_update_link( 0): link 0x0
01-01 14:11:54.810 D/mv2112_read_status( 0): autoneg is disabled
10-28 02:37:42.522 I/OMX-VENC: venc_dev( 1316): stats: avg. fps 28.50, bitrate 2708439
10-28 02:37:42.695 I/mpu_uart( 647): [MSG-P:R]:recv sync frame timeout
10-28 02:37:43.128 D/BufferPoolAccessor2.0( 1300): evictor expired: 2, evicted: 0
10-28 02:37:43.149 I/mpu_uart( 647): [MSG-P:RECV]:No message received in 1000 ms
10-28 02:37:43.237 I/input_interaction( 1152): Interaction with: fedcccd StatusBar (server), edge-swipe (server), swipe-up (server), PointerEventDispatcher0 (server),
10-28 02:37:43.257 I/sysui_multi_action( 2084): [757,803,799,panel_open,802,1]
10-28 02:37:43.260 I/sysui_multi_action( 2084): [757,1328,758,4,1326,43,1327,1,1329,0]
01-01 14:11:55.841 D/ ( 0): mv2112_read_status
01-01 14:11:55.844 D/mv2112_update_link( 0): 3.0x901(1G): 0x80
01-01 14:11:55.857 D/mv2112_update_link( 0): 3.0x8109(100M): 0x8
01-01 14:11:55.862 D/mv2112_update_link( 0): link 0x0
01-01 14:11:55.866 D/mv2112_read_status( 0): autoneg is disabled
10-28 02:37:43.427 D/StatusBar( 2084): disable disable2
10-28 02:37:43.427 I/sysui_multi_action( 1152): [757,127,758,1]
10-28 02:37:43.428 I/sysui_multi_action( 1152): [757,804,799,note_load,801,4,802,1]
10-28 02:37:43.428 I/notification_panel_revealed( 1152): 4
10-28 02:37:43.444 I/sysui_multi_action( 2084): [757,111,758,2]
10-28 02:37:43.444 I/notification_enqueue( 1152): [10087,2084,com.android.systemui,2048,NULL,0,Notification(channel=updateNotification shortcut=null contentView=null vibrate=null sound=null defaults=0x0 flags=0x0 color=0x00000000 vis=PRIVATE),1]
10-28 02:37:43.445 I/sysui_multi_action( 2084): [757,111,758,2]
10-28 02:37:43.460 W/RingtonePlayer( 2084): STOP command without a player
01-01 14:11:55.949 I/[dp_rx_][0x70cc633b3][02:37:43.456278] wlan( 0): [2095:I:QDF] DHCP-A RX: SA:58:d9:d5:44:ba:d8 DA:ff:ff:ff:ff:ff:ff
10-28 02:37:43.471 D/DhcpClient( 2177): Received packet: 12:28:10:e9:95:ff ACK: your new IP /10.0.0.4, netmask /255.255.255.0, gateways [/10.0.0.1] DNS servers: /10.0.0.1 , lease time 30
10-28 02:37:43.473 I/input_focus( 1152): [Focus request 31b65cc NotificationShade,reason=UpdateInputWindows]
10-28 02:37:43.481 I/sysui_multi_action( 2084): [757,111,758,1]
10-28 02:37:43.482 I/sysui_multi_action( 2084): [757,126,758,1,759,126,927,0,928,1,1593,0]
10-28 02:37:43.482 I/sysui_multi_action( 2084): [757,113,758,1,759,113,927,1,928,1,1593,0]
10-28 02:37:43.482 I/sysui_multi_action( 2084): [757,0,758,1,759,0,927,2,928,0,1593,0]
10-28 02:37:43.483 I/sysui_multi_action( 2084): [757,0,758,1,759,0,927,3,928,1,1593,0]
10-28 02:37:43.484 I/sysui_multi_action( 2084): [757,491,758,1,759,491,927,4,928,0,1311,-1,1593,0]
10-28 02:37:43.484 I/sysui_multi_action( 2084): [757,0,758,1,759,0,927,5,928,0,1593,0]
10-28 02:37:43.484 I/sysui_multi_action( 2084): [757,0,758,1,759,0,927,6,1593,0]
10-28 02:37:43.485 I/sysui_multi_action( 2084): [757,114,758,1,759,114,927,7,928,1,1593,0]
10-28 02:37:43.485 I/sysui_multi_action( 2084): [757,111,758,1]
10-28 02:37:43.485 I/sysui_multi_action( 2084): [757,126,758,1,759,126,927,0,928,1,1593,0]
10-28 02:37:43.486 I/sysui_multi_action( 2084): [757,113,758,1,759,113,927,1,928,1,1593,0]
10-28 02:37:43.486 I/sysui_multi_action( 2084): [757,0,758,1,759,0,927,2,928,0,1593,0]
10-28 02:37:43.486 I/sysui_multi_action( 2084): [757,0,758,1,759,0,927,3,928,1,1593,0]
10-28 02:37:43.502 I/input_focus( 1152): [Focus leaving a79836 com.android.launcher3/com.android.launcher3.uioverrides.QuickstepLauncher (server),reason=Waiting for window because NOT_VISIBLE]
10-28 02:37:43.503 I/OMX-VENC: venc_dev( 1316): stats: avg. fps 9.17, bitrate 1644863
10-28 02:37:43.523 I/OMX-VENC: venc_dev( 1316): stats: avg. fps 7.99, bitrate 217497
10-28 02:37:43.526 I/notification_enqueue( 1152): [10087,2084,com.android.systemui,2048,NULL,0,Notification(channel=updateNotification shortcut=null contentView=null vibrate=null sound=null defaults=0x0 flags=0x0 color=0x00000000 vis=PRIVATE),1]
10-28 02:37:43.527 I/sysui_multi_action( 2084): [757,111,758,2]
10-28 02:37:43.527 I/sysui_multi_action( 2084): [757,111,758,2]
10-28 02:37:43.529 I/input_focus( 1152): [Focus entering 31b65cc NotificationShade (server),reason=Window became focusable. Previous reason: NOT_VISIBLE]
10-28 02:37:43.535 I/sysui_multi_action( 2084): [757,111,758,1]
10-28 02:37:43.536 I/sysui_multi_action( 2084): [757,126,758,1,759,126,927,0,928,1,1593,0]
10-28 02:37:43.536 I/sysui_multi_action( 2084): [757,113,758,1,759,113,927,1,928,1,1593,0]
10-28 02:37:43.536 I/sysui_multi_action( 2084): [757,0,758,1,759,0,927,2,928,0,1593,0]
10-28 02:37:43.537 I/sysui_multi_action( 2084): [757,0,758,1,759,0,927,3,928,1,1593,0]
10-28 02:37:43.538 I/sysui_multi_action( 2084): [757,491,758,1,759,491,927,4,928,0,1311,-1,1593,0]
10-28 02:37:43.538 I/sysui_multi_action( 2084): [757,0,758,1,759,0,927,5,928,0,1593,0]
10-28 02:37:43.538 I/sysui_multi_action( 2084): [757,0,758,1,759,0,927,6,1593,0]
10-28 02:37:43.538 I/sysui_multi_action( 2084): [757,114,758,1,759,114,927,7,928,1,1593,0]
10-28 02:37:43.538 I/sysui_multi_action( 2084): [757,111,758,1]
10-28 02:37:43.539 I/sysui_multi_action( 2084): [757,126,758,1,759,126,927,0,928,1,1593,0]
10-28 02:37:43.539 I/sysui_multi_action( 2084): [757,113,758,1,759,113,927,1,928,1,1593,0]
10-28 02:37:43.539 I/sysui_multi_action( 2084): [757,0,758,1,759,0,927,2,928,0,1593,0]
10-28 02:37:43.539 I/sysui_multi_action( 2084): [757,0,758,1,759,0,927,3,928,1,1593,0]
10-28 02:37:43.580 I/sysui_multi_action( 2084): [757,111,758,2]
10-28 02:37:43.580 I/notification_enqueue( 1152): [10087,2084,com.android.systemui,2048,NULL,0,Notification(channel=updateNotification shortcut=null contentView=null vibrate=null sound=null defaults=0x0 flags=0x0 color=0x00000000 vis=PRIVATE),1]
10-28 02:37:43.580 I/sysui_multi_action( 2084): [757,111,758,2]
10-28 02:37:43.594 I/sysui_multi_action( 2084): [757,111,758,1]
10-28 02:37:43.595 I/sysui_multi_action( 2084): [757,126,758,1,759,126,927,0,928,1,1593,0]
10-28 02:37:43.595 I/sysui_multi_action( 2084): [757,113,758,1,759,113,927,1,928,1,1593,0]
10-28 02:37:43.596 I/sysui_multi_action( 2084): [757,0,758,1,759,0,927,2,928,0,1593,0]
10-28 02:37:43.596 I/sysui_multi_action( 2084): [757,0,758,1,759,0,927,3,928,1,1593,0]
10-28 02:37:43.597 I/sysui_multi_action( 2084): [757,491,758,1,759,491,927,4,928,0,1311,-1,1593,0]
10-28 02:37:43.597 I/sysui_multi_action( 2084): [757,0,758,1,759,0,927,5,928,0,1593,0]
10-28 02:37:43.598 I/sysui_multi_action( 2084): [757,0,758,1,759,0,927,6,1593,0]
10-28 02:37:43.598 I/sysui_multi_action( 2084): [757,114,758,1,759,114,927,7,928,1,1593,0]
10-28 02:37:43.598 I/sysui_multi_action( 2084): [757,111,758,1]
10-28 02:37:43.599 I/sysui_multi_action( 2084): [757,126,758,1,759,126,927,0,928,1,1593,0]
10-28 02:37:43.599 I/sysui_multi_action( 2084): [757,113,758,1,759,113,927,1,928,1,1593,0]
10-28 02:37:43.599 I/sysui_multi_action( 2084): [757,0,758,1,759,0,927,2,928,0,1593,0]
10-28 02:37:43.600 I/sysui_multi_action( 2084): [757,0,758,1,759,0,927,3,928,1,1593,0]
10-28 02:37:43.632 I/notification_enqueue( 1152): [10087,2084,com.android.systemui,2048,NULL,0,Notification(channel=updateNotification shortcut=null contentView=null vibrate=null sound=null defaults=0x0 flags=0x0 color=0x00000000 vis=PRIVATE),1]
10-28 02:37:43.633 I/sysui_multi_action( 2084): [757,111,758,2]
10-28 02:37:43.633 I/sysui_multi_action( 2084): [757,111,758,2]
10-28 02:37:43.640 I/sysui_multi_action( 2084): [757,111,758,1]
10-28 02:37:43.641 I/sysui_multi_action( 2084): [757,126,758,1,759,126,927,0,928,1,1593,0]
10-28 02:37:43.641 I/sysui_multi_action( 2084): [757,113,758,1,759,113,927,1,928,1,1593,0]
10-28 02:37:43.641 I/sysui_multi_action( 2084): [757,0,758,1,759,0,927,2,928,0,1593,0]
10-28 02:37:43.642 I/sysui_multi_action( 2084): [757,0,758,1,759,0,927,3,928,1,1593,0]
10-28 02:37:43.643 I/sysui_multi_action( 2084): [757,491,758,1,759,491,927,4,928,0,1311,-1,1593,0]
10-28 02:37:43.643 I/sysui_multi_action( 2084): [757,0,758,1,759,0,927,5,928,0,1593,0]
10-28 02:37:43.643 I/sysui_multi_action( 2084): [757,0,758,1,759,0,927,6,1593,0]
10-28 02:37:43.644 I/sysui_multi_action( 2084): [757,114,758,1,759,114,927,7,928,1,1593,0]
10-28 02:37:43.644 I/sysui_multi_action( 2084): [757,111,758,1]
10-28 02:37:43.644 I/sysui_multi_action( 2084): [757,126,758,1,759,126,927,0,928,1,1593,0]
10-28 02:37:43.645 I/sysui_multi_action( 2084): [757,113,758,1,759,113,927,1,928,1,1593,0]
10-28 02:37:43.645 I/sysui_multi_action( 2084): [757,0,758,1,759,0,927,2,928,0,1593,0]
10-28 02:37:43.645 I/sysui_multi_action( 2084): [757,0,758,1,759,0,927,3,928,1,1593,0]
10-28 02:37:43.658 I/sysui_multi_action( 1152): [757,1501,758,1,793,80254,794,0,795,221,796,2048,806,com.android.systemui,857,updateNotification,858,3,947,0,1500,0,1688,1]
10-28 02:37:43.659 I/sysui_multi_action( 1152): [757,804,799,note_interruptive,801,0,802,1]
10-28 02:37:43.659 I/sysui_multi_action( 1152): [757,199,758,1,759,2,793,80262,794,0,795,229,796,2048,806,com.android.systemui,857,updateNotification,858,3,947,0,1500,8,1688,1]
10-28 02:37:43.659 I/notification_alert( 1152): [0|com.android.systemui|2048|null|10087,0,1,0]
10-28 02:37:43.662 W/NotificationHistory( 1152): Attempted to add notif for locked/gone/disabled user 0
10-28 02:37:43.667 D/Avrcp_ext( 2071): AudioManager Player: AudioPlaybackConfiguration piid:295 deviceId:0 type:android.media.SoundPool u/pid:10087/2084 state:idle attr:AudioAttributes: usage=USAGE_ASSISTANCE_SONIFICATION content=CONTENT_TYPE_SONIFICATION flags=0x800 tags= bundle=null sessionId:0
10-28 02:37:43.667 D/Avrcp_ext( 2071): AudioManager Player: AudioPlaybackConfiguration piid:663 deviceId:0 type:android.media.MediaPlayer u/pid:10087/2084 state:idle attr:AudioAttributes: usage=USAGE_NOTIFICATION content=CONTENT_TYPE_SONIFICATION flags=0x800 tags= bundle=null sessionId:0
10-28 02:37:43.667 D/Avrcp_ext( 2071): AudioManager Player: AudioPlaybackConfiguration piid:287 deviceId:0 type:android.media.SoundPool u/pid:1000/1152 state:idle attr:AudioAttributes: usage=USAGE_ASSISTANCE_SONIFICATION content=CONTENT_TYPE_SONIFICATION flags=0x800 tags= bundle=null sessionId:0
10-28 02:37:43.668 D/Avrcp_ext( 2071): AudioManager isPlaying: false, mAudioPlaybackIsActive = false
10-28 02:37:43.668 D/Avrcp_ext( 2071): AudioManager Reset Active Player
01-01 14:11:56.162 E/ ( 0): [MAX975X:mcu_keep_wakeup_work_func] *ERROR* ERR gpio detected
10-28 02:37:43.684 W/MediaProvider( 3154): Failed to fetch original file descriptor
10-28 02:37:43.684 W/MediaProvider( 3154): java.io.IOException: stat failed: EACCES (Permission denied)
10-28 02:37:43.684 W/MediaProvider( 3154): at com.android.providers.media.MediaProvider.getFileFromFileDescriptor(MediaProvider.java:5794)
10-28 02:37:43.684 W/MediaProvider( 3154): at com.android.providers.media.MediaProvider.getOriginalMediaFormatFileDescriptor(MediaProvider.java:5711)
10-28 02:37:43.684 W/MediaProvider( 3154): at com.android.providers.media.MediaProvider.openTypedAssetFileCommon(MediaProvider.java:7134)
10-28 02:37:43.684 W/MediaProvider( 3154): at com.android.providers.media.MediaProvider.openTypedAssetFile(MediaProvider.java:7115)
10-28 02:37:43.684 W/MediaProvider( 3154): at android.content.ContentProvider$Transport.openTypedAssetFile(ContentProvider.java:548)
10-28 02:37:43.684 W/MediaProvider( 3154): at android.content.ContentProviderNative.onTransact(ContentProviderNative.java:327)
10-28 02:37:43.684 W/MediaProvider( 3154): at android.os.Binder.execTransactInternal(Binder.java:1184)
10-28 02:37:43.684 W/MediaProvider( 3154): at android.os.Binder.execTransact(Binder.java:1143)
10-28 02:37:43.684 W/MediaProvider( 3154): Caused by: android.system.ErrnoException: stat failed: EACCES (Permission denied)
10-28 02:37:43.684 W/MediaProvider( 3154): at libcore.io.Linux.stat(Native Method)
10-28 02:37:43.684 W/MediaProvider( 3154): at libcore.io.ForwardingOs.stat(ForwardingOs.java:853)
10-28 02:37:43.684 W/MediaProvider( 3154): at libcore.io.BlockGuardOs.stat(BlockGuardOs.java:420)
10-28 02:37:43.684 W/MediaProvider( 3154): at libcore.io.ForwardingOs.stat(ForwardingOs.java:853)
10-28 02:37:43.684 W/MediaProvider( 3154): at android.app.ActivityThread$AndroidOs.stat(ActivityThread.java:7780)
10-28 02:37:43.684 W/MediaProvider( 3154): at android.system.Os.stat(Os.java:919)
10-28 02:37:43.684 W/MediaProvider( 3154): at com.android.providers.media.MediaProvider.getFileFromFileDescriptor(MediaProvider.java:5788)
10-28 02:37:43.684 W/MediaProvider( 3154): ... 7 more
10-28 02:37:43.688 I/sysui_multi_action( 2084): [757,111,758,2]
10-28 02:37:43.688 D/NuPlayerDriver( 1300): NuPlayerDriver(0xf1f021d0) created, clientPid(2084)
10-28 02:37:43.688 I/notification_enqueue( 1152): [10087,2084,com.android.systemui,2048,NULL,0,Notification(channel=updateNotification shortcut=null contentView=null vibrate=null sound=null defaults=0x0 flags=0x0 color=0x00000000 vis=PRIVATE),1]
10-28 02:37:43.689 I/sysui_multi_action( 2084): [757,111,758,2]
10-28 02:37:43.699 I/sysui_multi_action( 2084): [757,111,758,1]
10-28 02:37:43.699 I/sysui_multi_action( 2084): [757,126,758,1,759,126,927,0,928,1,1593,0]
10-28 02:37:43.699 I/sysui_multi_action( 2084): [757,113,758,1,759,113,927,1,928,1,1593,0]
10-28 02:37:43.699 I/sysui_multi_action( 2084): [757,0,758,1,759,0,927,2,928,0,1593,0]
10-28 02:37:43.699 I/sysui_multi_action( 2084): [757,0,758,1,759,0,927,3,928,1,1593,0]
10-28 02:37:43.701 I/sysui_multi_action( 2084): [757,491,758,1,759,491,927,4,928,0,1311,-1,1593,0]
10-28 02:37:43.701 I/sysui_multi_action( 2084): [757,0,758,1,759,0,927,5,928,0,1593,0]
10-28 02:37:43.701 I/sysui_multi_action( 2084): [757,0,758,1,759,0,927,6,1593,0]
10-28 02:37:43.701 I/sysui_multi_action( 2084): [757,114,758,1,759,114,927,7,928,1,1593,0]
10-28 02:37:43.701 I/sysui_multi_action( 2084): [757,111,758,1]
10-28 02:37:43.702 I/sysui_multi_action( 2084): [757,126,758,1,759,126,927,0,928,1,1593,0]
10-28 02:37:43.702 I/sysui_multi_action( 2084): [757,113,758,1,759,113,927,1,928,1,1593,0]
10-28 02:37:43.702 I/sysui_multi_action( 2084): [757,0,758,1,759,0,927,2,928,0,1593,0]
10-28 02:37:43.702 I/sysui_multi_action( 2084): [757,0,758,1,759,0,927,3,928,1,1593,0]
10-28 02:37:43.710 I/ExtendedNuUtils( 1300): printFileName fd(7) -> /data/system_de/0/ringtones/notification_sound_cache
10-28 02:37:43.721 D/GenericSource( 1300): FileSource remote
10-28 02:37:43.726 I/MMParserExtractor( 1294): Created(0xb400006d46774150)
10-28 02:37:43.726 E/MM_OSAL ( 1294): FileSource::FileSource
10-28 02:37:43.726 E/MM_OSAL ( 1294): FileSource::FileSource m_bEveryThingOK 1
10-28 02:37:43.731 D/MediaBufferGroup( 1294): creating MemoryDealer
10-28 02:37:43.732 E/NotificationService( 1152): Muting recently noisy 0|com.android.systemui|2048|null|10087
01-01 14:11:56.225 E/ ( 0): [MAX975X:max96755x_init] *ERROR* begin
10-28 02:37:43.752 I/MediaFocusControl( 1152): requestAudioFocus() from uid/pid 10087/2084 AA=USAGE_NOTIFICATION/CONTENT_TYPE_SONIFICATION clientId=android.media.AudioManager@cc7b226 callingPack=com.android.systemui req=3 flags=0x0 sdk=31
10-28 02:37:43.753 I/AudioService.FadeOutManager( 1152): unfadeOutUid() uid:10087
10-28 02:37:43.772 D/InterruptionStateProvider( 2084): No bubble up: not allowed to bubble: 0|com.android.systemui|2048|null|10087
10-28 02:37:43.773 D/InterruptionStateProvider( 2084): No heads up: unimportant notification: 0|com.android.systemui|2048|null|10087
10-28 02:37:43.784 E/NotificationService( 1152): Muting recently noisy 0|com.android.systemui|2048|null|10087
01-01 14:11:56.285 E/i2c_geni 980000.i2c( 0): i2c error :-107
01-01 14:11:56.290 E/ ( 0): [MAX975X:max96755g_read_byte] *ERROR* Failed to read dev:0x4c addr:0x0013
01-01 14:11:56.299 E/i2c_geni 980000.i2c( 0): i2c error :-107
01-01 14:11:56.304 E/ ( 0): [MAX975X:max96755g_write_byte] *ERROR* Failed to write dev:0x4c addr:0x0010 value:0x00
10-28 02:37:43.812 D/PeopleSpaceWidgetMgr( 2084): Sbn doesn't contain valid PeopleTileKey: null/0/com.android.systemui
10-28 02:37:43.837 E/NotificationService( 1152): Muting recently noisy 0|com.android.systemui|2048|null|10087
01-01 14:11:56.314 E/i2c_geni 980000.i2c( 0): i2c error :-107
01-01 14:11:56.319 E/ ( 0): [MAX975X:max96755g_write_byte] *ERROR* Failed to write dev:0x4c addr:0x0001 value:0x01
10-28 02:37:43.841 D/InterruptionStateProvider( 2084): No bubble up: not allowed to bubble: 0|com.android.systemui|2048|null|10087
01-01 14:11:56.329 E/i2c_geni 980000.i2c( 0): i2c error :-107
10-28 02:37:43.841 D/InterruptionStateProvider( 2084): No alerting: suppressed due to group alert behavior
01-01 14:11:56.334 E/ ( 0): [MAX975X:max96755g_write_byte] *ERROR* Failed to write dev:0x4c addr:0x01ce value:0x4f
10-28 02:37:43.841 D/InterruptionStateProvider( 2084): No bubble up: not allowed to bubble: 0|com.thundersoft.notificationtest1|54|null|10101
10-28 02:37:43.841 D/InterruptionStateProvider( 2084): No bubble up: not allowed to bubble: 0|com.thundersoft.notificationtest1|53|null|10101
10-28 02:37:43.842 D/InterruptionStateProvider( 2084): No bubble up: not allowed to bubble: 0|com.thundersoft.notificationtest1|52|null|10101
10-28 02:37:43.842 D/InterruptionStateProvider( 2084): No bubble up: not allowed to bubble: 0|com.thundersoft.notificationtest1|51|null|10101
10-28 02:37:43.842 D/InterruptionStateProvider( 2084): No bubble up: not allowed to bubble: 0|com.thundersoft.notificationtest1|50|null|10101
10-28 02:37:43.842 D/InterruptionStateProvider( 2084): No bubble up: not allowed to bubble: 0|com.thundersoft.notificationtest1|49|null|10101
10-28 02:37:43.842 D/InterruptionStateProvider( 2084): No bubble up: not allowed to bubble: 0|com.thundersoft.notificationtest1|48|null|10101
10-28 02:37:43.842 D/InterruptionStateProvider( 2084): No bubble up: not allowed to bubble: 0|com.thundersoft.notificationtest1|47|null|10101
10-28 02:37:43.842 D/InterruptionStateProvider( 2084): No bubble up: not allowed to bubble: 0|com.thundersoft.notificationtest1|46|null|10101
10-28 02:37:43.843 D/InterruptionStateProvider( 2084): No bubble up: not allowed to bubble: 0|com.thundersoft.notificationtest1|45|null|10101
10-28 02:37:43.843 D/InterruptionStateProvider( 2084): No bubble up: not allowed to bubble: 0|com.thundersoft.notificationtest1|44|null|10101
10-28 02:37:43.843 D/InterruptionStateProvider( 2084): No bubble up: not allowed to bubble: 0|com.thundersoft.notificationtest1|43|null|10101
10-28 02:37:43.843 D/InterruptionStateProvider( 2084): No bubble up: not allowed to bubble: 0|com.thundersoft.notificationtest1|42|null|10101
10-28 02:37:43.843 D/InterruptionStateProvider( 2084): No bubble up: not allowed to bubble: 0|com.thundersoft.notificationtest1|41|null|10101
10-28 02:37:43.843 D/InterruptionStateProvider( 2084): No bubble up: not allowed to bubble: 0|com.thundersoft.notificationtest1|40|null|10101
10-28 02:37:43.843 D/InterruptionStateProvider( 2084): No bubble up: not allowed to bubble: 0|com.thundersoft.notificationtest1|39|null|10101
10-28 02:37:43.844 D/InterruptionStateProvider( 2084): No bubble up: not allowed to bubble: 0|com.thundersoft.notificationtest1|38|null|10101
10-28 02:37:43.844 D/InterruptionStateProvider( 2084): No bubble up: not allowed to bubble: 0|com.thundersoft.notificationtest1|37|null|10101
10-28 02:37:43.844 D/InterruptionStateProvider( 2084): No bubble up: not allowed to bubble: 0|com.thundersoft.notificationtest1|36|null|10101
10-28 02:37:43.844 D/InterruptionStateProvider( 2084): No bubble up: not allowed to bubble: 0|com.thundersoft.notificationtest1|35|null|10101
10-28 02:37:43.844 D/InterruptionStateProvider( 2084): No bubble up: not allowed to bubble: 0|com.thundersoft.notificationtest1|34|null|10101
10-28 02:37:43.844 D/InterruptionStateProvider( 2084): No bubble up: not allowed to bubble: 0|com.thundersoft.notificationtest1|33|null|10101
10-28 02:37:43.844 D/InterruptionStateProvider( 2084): No bubble up: not allowed to bubble: 0|com.thundersoft.notificationtest1|32|null|10101
10-28 02:37:43.845 D/InterruptionStateProvider( 2084): No bubble up: not allowed to bubble: 0|com.thundersoft.notificationtest1|31|null|10101
10-28 02:37:43.845 D/InterruptionStateProvider( 2084): No bubble up: not allowed to bubble: 0|com.thundersoft.notificationtest1|30|null|10101
10-28 02:37:43.845 D/InterruptionStateProvider( 2084): No bubble up: not allowed to bubble: 0|com.thundersoft.notificationtest1|29|null|10101
10-28 02:37:43.845 D/InterruptionStateProvider( 2084): No bubble up: not allowed to bubble: 0|com.thundersoft.notificationtest1|28|null|10101
10-28 02:37:43.845 D/InterruptionStateProvider( 2084): No bubble up: not allowed to bubble: 0|com.thundersoft.notificationtest1|27|null|10101
10-28 02:37:43.845 D/InterruptionStateProvider( 2084): No bubble up: not allowed to bubble: 0|com.thundersoft.notificationtest1|26|null|10101
10-28 02:37:43.845 D/InterruptionStateProvider( 2084): No bubble up: not allowed to bubble: 0|com.thundersoft.notificationtest1|25|null|10101
10-28 02:37:43.845 D/InterruptionStateProvider( 2084): No bubble up: not allowed to bubble: 0|com.thundersoft.notificationtest1|24|null|10101
10-28 02:37:43.846 D/InterruptionStateProvider( 2084): No bubble up: not allowed to bubble: 0|com.thundersoft.notificationtest1|23|null|10101
10-28 02:37:43.846 D/InterruptionStateProvider( 2084): No bubble up: not allowed to bubble: 0|com.thundersoft.notificationtest1|22|null|10101
10-28 02:37:43.846 D/InterruptionStateProvider( 2084): No bubble up: not allowed to bubble: 0|com.thundersoft.notificationtest1|21|null|10101
10-28 02:37:43.846 D/InterruptionStateProvider( 2084): No bubble up: not allowed to bubble: 0|com.thundersoft.notificationtest1|20|null|10101
10-28 02:37:43.846 D/InterruptionStateProvider( 2084): No bubble up: not allowed to bubble: 0|com.thundersoft.notificationtest1|19|null|10101
10-28 02:37:43.846 D/InterruptionStateProvider( 2084): No bubble up: not allowed to bubble: 0|com.thundersoft.notificationtest1|18|null|10101
10-28 02:37:43.846 D/InterruptionStateProvider( 2084): No bubble up: not allowed to bubble: 0|com.thundersoft.notificationtest1|17|null|10101
10-28 02:37:43.846 D/InterruptionStateProvider( 2084): No bubble up: not allowed to bubble: 0|com.thundersoft.notificationtest1|16|null|10101
10-28 02:37:43.846 D/InterruptionStateProvider( 2084): No bubble up: not allowed to bubble: 0|com.thundersoft.notificationtest1|15|null|10101
10-28 02:37:43.847 D/InterruptionStateProvider( 2084): No bubble up: not allowed to bubble: 0|com.thundersoft.notificationtest1|14|null|10101
10-28 02:37:43.847 D/InterruptionStateProvider( 2084): No bubble up: not allowed to bubble: 0|com.thundersoft.notificationtest1|13|null|10101
10-28 02:37:43.847 D/InterruptionStateProvider( 2084): No bubble up: not allowed to bubble: 0|com.thundersoft.notificationtest1|12|null|10101
10-28 02:37:43.847 D/InterruptionStateProvider( 2084): No bubble up: not allowed to bubble: 0|com.thundersoft.notificationtest1|11|null|10101
10-28 02:37:43.847 D/InterruptionStateProvider( 2084): No bubble up: not allowed to bubble: 0|com.thundersoft.notificationtest1|10|null|10101
10-28 02:37:43.847 D/InterruptionStateProvider( 2084): No bubble up: not allowed to bubble: 0|com.thundersoft.notificationtest1|9|null|10101
10-28 02:37:43.847 D/InterruptionStateProvider( 2084): No bubble up: not allowed to bubble: 0|com.thundersoft.notificationtest1|8|null|10101
10-28 02:37:43.847 D/InterruptionStateProvider( 2084): No bubble up: not allowed to bubble: 0|com.thundersoft.notificationtest1|7|null|10101
10-28 02:37:43.848 D/InterruptionStateProvider( 2084): No bubble up: not allowed to bubble: 0|com.thundersoft.notificationtest1|6|null|10101
10-28 02:37:43.848 D/InterruptionStateProvider( 2084): No bubble up: not allowed to bubble: 0|com.thundersoft.notificationtest1|5|null|10101
10-28 02:37:43.848 D/InterruptionStateProvider( 2084): No bubble up: not allowed to bubble: 0|com.thundersoft.notificationtest1|4|null|10101
10-28 02:37:43.848 D/InterruptionStateProvider( 2084): No bubble up: not allowed to bubble: 0|com.thundersoft.notificationtest1|3|null|10101
10-28 02:37:43.848 D/InterruptionStateProvider( 2084): No bubble up: not allowed to bubble: 0|com.thundersoft.notificationtest1|2|null|10101
10-28 02:37:43.848 D/InterruptionStateProvider( 2084): No bubble up: not allowed to bubble: 0|com.thundersoft.notificationtest1|1|null|10101
10-28 02:37:43.848 D/InterruptionStateProvider( 2084): No bubble up: not allowed to bubble: 0|com.thundersoft.notificationtest1|0|null|10101
10-28 02:37:43.849 D/InterruptionStateProvider( 2084): No bubble up: not allowed to bubble: 0|com.android.systemui|4274|null|10087
10-28 02:37:43.849 D/InterruptionStateProvider( 2084): No bubble up: not allowed to bubble: -1|android|26|null|1000
10-28 02:37:43.849 D/InterruptionStateProvider( 2084): No alerting: filtered notification: 0|com.android.systemui|1|empty_media|10087
10-28 02:37:43.849 D/InterruptionStateProvider( 2084): No bubble up: not allowed to bubble: -1|android|55|null|1000
10-28 02:37:43.849 D/InterruptionStateProvider( 2084): No bubble up: not allowed to bubble: -1|android|32|null|1000
01-01 14:11:56.345 E/i2c_geni 980000.i2c( 0): i2c error :-107
01-01 14:11:56.349 E/ ( 0): [MAX975X:max96755g_write_byte] *ERROR* Failed to write dev:0x4c addr:0x0010 value:0x20
10-28 02:37:43.897 E/NotificationService( 1152): Muting recently noisy 0|com.android.systemui|2048|null|10087
10-28 02:37:43.937 D/InterruptionStateProvider( 2084): No bubble up: not allowed to bubble: 0|com.android.systemui|2048|null|10087
10-28 02:37:43.937 D/InterruptionStateProvider( 2084): No heads up: unimportant notification: 0|com.android.systemui|2048|null|10087
01-01 14:11:56.461 E/i2c_geni 980000.i2c( 0): i2c error :-107
01-01 14:11:56.466 E/ ( 0): [MAX975X:max96755g_read_byte] *ERROR* Failed to read dev:0x4c addr:0x0013
01-01 14:11:56.475 E/ ( 0): [MAX975X:max96755x_init] *ERROR* read:752 0x13:00
10-28 02:37:43.987 D/PeopleSpaceWidgetMgr( 2084): Sbn doesn't contain valid PeopleTileKey: null/0/com.android.systemui
01-01 14:11:56.482 E/ ( 0): [MAX975X:max96755x_init] *ERROR* read:755 0x13:02
01-01 14:11:56.488 E/ ( 0): [MAX975X:max96755x_init] *ERROR* done
10-28 02:37:44.017 D/InterruptionStateProvider( 2084): No bubble up: not allowed to bubble: 0|com.android.systemui|2048|null|10087
10-28 02:37:44.018 D/InterruptionStateProvider( 2084): No heads up: unimportant notification: 0|com.android.systemui|2048|null|10087
10-28 02:37:44.066 D/PeopleSpaceWidgetMgr( 2084): Sbn doesn't contain valid PeopleTileKey: null/0/com.android.systemui
10-28 02:37:44.084 D/InterruptionStateProvider( 2084): No bubble up: not allowed to bubble: 0|com.android.systemui|2048|null|10087
10-28 02:37:44.085 D/InterruptionStateProvider( 2084): No heads up: unimportant notification: 0|com.android.systemui|2048|null|10087
10-28 02:37:44.119 D/PeopleSpaceWidgetMgr( 2084): Sbn doesn't contain valid PeopleTileKey: null/0/com.android.systemui
10-28 02:37:44.128 D/BufferPoolAccessor2.0( 1300): bufferpool2 0xf16c1a08 : 0(0 size) total buffers - 0(0 size) used buffers - 94/102 (recycle/alloc) - 8/198 (fetch/transfer)
10-28 02:37:44.128 D/BufferPoolAccessor2.0( 1300): evictor expired: 1, evicted: 1
10-28 02:37:44.129 D/BufferPoolAccessor2.0( 1384): bufferpool2 0xb40000794db2af38 : 0(0 size) total buffers - 0(0 size) used buffers - 93/97 (recycle/alloc) - 4/96 (fetch/transfer)
10-28 02:37:44.129 D/BufferPoolAccessor2.0( 1384): evictor expired: 1, evicted: 1
10-28 02:37:44.149 I/mpu_uart( 647): [MSG-P:RECV]:No message received in 1000 ms
10-28 02:37:44.164 I/sysui_multi_action( 1152): [757,128,758,1,793,1514383,794,0,795,1514383,796,26,798,1,806,android,857,DEVELOPER_IMPORTANT,858,4,947,0,1395,4,1500,1514168,1688,1]
10-28 02:37:44.164 I/sysui_multi_action( 1152): [757,804,799,note_freshness,801,1514383,802,1]
10-28 02:37:44.164 I/notification_visibility( 1152): [-1|android|26|null|1000,1,1514383,1514383,0,1]
10-28 02:37:44.165 I/sysui_multi_action( 1152): [757,128,758,1,793,1514091,794,0,795,1514091,796,55,798,2,806,android,857,DEVELOPER,858,2,947,0,1395,4,1500,1513887,1688,1]
10-28 02:37:44.165 I/sysui_multi_action( 1152): [757,804,799,note_freshness,801,1514091,802,1]
10-28 02:37:44.165 I/notification_visibility( 1152): [-1|android|55|null|1000,1,1514091,1514091,0,2]
10-28 02:37:44.165 I/sysui_multi_action( 1152): [757,128,758,1,793,20235,794,0,795,20235,796,4274,798,0,806,com.android.systemui,857,screen_record,858,3,947,0,1395,4,1500,20022,1688,1]
10-28 02:37:44.165 I/sysui_multi_action( 1152): [757,804,799,note_freshness,801,20235,802,1]
10-28 02:37:44.166 I/notification_visibility( 1152): [0|com.android.systemui|4274|null|10087,1,20235,20235,0,0]
10-28 02:37:44.166 I/sysui_multi_action( 1152): [757,128,758,1,793,1518596,794,0,795,1518596,796,32,798,3,806,android,857,USB,858,1,947,0,1395,4,1500,1518212,1688,1]
10-28 02:37:44.166 I/sysui_multi_action( 1152): [757,804,799,note_freshness,801,1518596,802,1]
10-28 02:37:44.166 I/notification_visibility( 1152): [-1|android|32|null|1000,1,1518596,1518596,0,3]
10-28 02:37:44.184 I/OpenGLRenderer( 2084): Davey! duration=9223370465594ms; Flags=0, FrameTimelineVsyncId=36265, IntendedVsync=1571259603059, Vsync=1571476269717, InputEventId=0, HandleInputStart=1571491822732, AnimationStart=1571495633826, PerformTraversalsStart=1571497375649, DrawStart=1571506059816, FrameDeadline=1571297603057, FrameInterval=1571491816170, FrameStartTime=16666666, SyncQueued=1571519881066, SyncStart=1571520160545, IssueDrawCommandsStart=1571520891170, SwapBuffers=1571529873514, FrameCompleted=9223372036854775807, DequeueBufferDuration=24896, QueueBufferDuration=1236042, GpuCompleted=9223372036854775807, SwapBuffersCompleted=1571532316014, DisplayPresentTime=1393299964727,
10-28 02:37:44.204 D/InterruptionStateProvider( 2084): No bubble up: not allowed to bubble: 0|com.android.systemui|2048|null|10087
10-28 02:37:44.206 D/InterruptionStateProvider( 2084): No heads up: unimportant notification: 0|com.android.systemui|2048|null|10087
10-28 02:37:44.253 D/PeopleSpaceWidgetMgr( 2084): Sbn doesn't contain valid PeopleTileKey: null/0/com.android.systemui
10-28 02:37:44.254 W/AudioIDCMicroNegotiator( 1152): idcm: idcm control is not enable
10-28 02:37:44.255 D/Avrcp_ext( 2071): AudioManager Player: AudioPlaybackConfiguration piid:295 deviceId:0 type:android.media.SoundPool u/pid:10087/2084 state:idle attr:AudioAttributes: usage=USAGE_ASSISTANCE_SONIFICATION content=CONTENT_TYPE_SONIFICATION flags=0x800 tags= bundle=null sessionId:0
10-28 02:37:44.255 D/Avrcp_ext( 2071): AudioManager Player: AudioPlaybackConfiguration piid:663 deviceId:0 type:android.media.MediaPlayer u/pid:10087/2084 state:started attr:AudioAttributes: usage=USAGE_NOTIFICATION content=CONTENT_TYPE_SONIFICATION flags=0x800 tags= bundle=null sessionId:0
10-28 02:37:44.257 I/GenericSource( 1300): start
10-28 02:37:44.259 W/Utils ( 1300): track of type 'audio/vorbis' does not publish channel mask, channel count 1
10-28 02:37:44.264 W/Utils ( 1300): track of type 'audio/vorbis' does not publish channel mask, channel count 1
10-28 02:37:44.265 D/Avrcp_ext( 2071): AudioManager Player in started state: com.android.systemui
10-28 02:37:44.265 D/Avrcp_ext( 2071): AudioManager Active Player: com.android.systemui
10-28 02:37:44.265 D/Avrcp_ext( 2071): AudioManager Player: AudioPlaybackConfiguration piid:287 deviceId:0 type:android.media.SoundPool u/pid:1000/1152 state:idle attr:AudioAttributes: usage=USAGE_ASSISTANCE_SONIFICATION content=CONTENT_TYPE_SONIFICATION flags=0x800 tags= bundle=null sessionId:0
10-28 02:37:44.265 D/Avrcp_ext( 2071): AudioManager isPlaying: true, mAudioPlaybackIsActive = false
10-28 02:37:44.267 D/audio_hw_primary( 800): adev_get_parameters:is_hw_dec_session_available
10-28 02:37:44.267 D/audio_hw_spkr_prot( 800): fbsp_get_parameters: Speaker protection disabled
10-28 02:37:44.267 V/Avrcp_ext( 2071): updateCurrentMediaState: mMediaController: MediaController (com.android.systemui@93b3415) null
10-28 02:37:44.267 D/soundtrigger( 800): audio_extn_sound_trigger_get_parameters input string
10-28 02:37:44.267 W/Avrcp_ext( 2071): isMusicActive: false getBluetoothPlayState: 2 A2dp State: 11 mAudioPlaybackIsActive: true
10-28 02:37:44.267 D/soundtrigger( 800): extract_sm_handle input string param string
10-28 02:37:44.267 D/audio_hw_extn( 800): audio_extn_fm_get_parameters: Enter
10-28 02:37:44.267 D/audio_hw_extn( 800): audio_extn_get_parameters: returns
10-28 02:37:44.268 D/audio_hw_primary( 800): adev_get_parameters: exit: returns -
10-28 02:37:44.268 I/hash_map_utils( 1024): system/bt/osi/src/hash_map_utils.cc:81 hash_map_utils_dump_string_keys_string_values: key: 'is_hw_dec_session_available' value: 'audio/vorbis'
10-28 02:37:44.268 D/Avrcp_ext( 2071): isMusicActive = false mAudioPlaybackIsActive = true player state = null
10-28 02:37:44.270 I/Avrcp_ext( 2071): Skipping update due to invalid playback state
10-28 02:37:44.270 V/Avrcp_ext( 2071): updatePlaybackState, state: null device: null
10-28 02:37:44.270 V/Avrcp_ext( 2071): Device: no name:
10-28 02:37:44.270 V/Avrcp_ext( 2071): Device: no name:
10-28 02:37:44.270 V/Avrcp_ext( 2071): Device: no name:
10-28 02:37:44.270 V/Avrcp_ext( 2071): Device: no name:
10-28 02:37:44.270 V/Avrcp_ext( 2071): Device: no name:
10-28 02:37:44.270 V/Avrcp_ext( 2071): updatePlayerStateAndPosition, old=PlaybackState {state=2, position=-1, buffered position=0, speed=1.0, updated=68530, actions=0, custom actions=[], active item id=-1, error=null}, state=null
10-28 02:37:44.270 I/Avrcp_ext( 2071): updatePlayerStateAndPosition: device: state = null
10-28 02:37:44.272 D/CCodec ( 1300): allocate(c2.android.vorbis.decoder)
10-28 02:37:44.278 I/CCodec ( 1300): setting up 'default' as default (vendor) store
10-28 02:37:44.279 V/C2Store ( 1384): in init
10-28 02:37:44.279 V/C2Store ( 1384): loading dll
10-28 02:37:44.285 I/CCodec ( 1300): Created component [c2.android.vorbis.decoder]
10-28 02:37:44.286 D/CCodecConfig( 1300): read media type: audio/vorbis
10-28 02:37:44.292 D/MediaRouter( 2084): onRestoreRoute() : route=RouteInfo{ name=骞虫澘鐢佃剳, description=null, status=null, category=RouteCategory{ name=绯荤粺 types=ROUTE_TYPE_LIVE_AUDIO ROUTE_TYPE_LIVE_VIDEO groupable=false }, supportedTypes=ROUTE_TYPE_LIVE_AUDIO ROUTE_TYPE_LIVE_VIDEO , presentationDisplay=Display id 2: DisplayInfo{"Recording Display", displayId 2", displayGroupId 0, FLAG_PRIVATE, FLAG_PRESENTATION, real 2380 x 1020, largest app 2380 x 2380, smallest app 1020 x 1020, appVsyncOff 0, presDeadline 16666666, mode 2, defaultMode 2, modes [{id=2, width=2380, height=1020, fps=60.0, alternativeRefreshRates=[]}], hdrCapabilities null, userDisabledHdrTypes [], minimalPostProcessingSupported false, rotation 0, state ON}, DisplayMetrics{density=1.5, width=2380, height=1020, scaledDensity=1.5, xdpi=240.0, ydpi=240.0}, isValid=true }
10-28 02:37:44.292 V/MediaRouter( 2084): Selecting route: RouteInfo{ name=骞虫澘鐢佃剳, description=null, status=null, category=RouteCategory{ name=绯荤粺 types=ROUTE_TYPE_LIVE_AUDIO ROUTE_TYPE_LIVE_VIDEO groupable=false }, supportedTypes=ROUTE_TYPE_LIVE_AUDIO ROUTE_TYPE_LIVE_VIDEO , presentationDisplay=Display id 2: DisplayInfo{"Recording Display", displayId 2", displayGroupId 0, FLAG_PRIVATE, FLAG_PRESENTATION, real 2380 x 1020, largest app 2380 x 2380, smallest app 1020 x 1020, appVsyncOff 0, presDeadline 16666666, mode 2, defaultMode 2, modes [{id=2, width=2380, height=1020, fps=60.0, alternativeRefreshRates=[]}], hdrCapabilities null, userDisabledHdrTypes [], minimalPostProcessingSupported false, rotation 0, state ON}, DisplayMetrics{density=1.5, width=2380, height=1020, scaledDensity=1.5, xdpi=240.0, ydpi=240.0}, isValid=true }
10-28 02:37:44.295 D/ReflectedParamUpdater( 1300): extent() != 1 for single value type: algo.buffers.max-count.values
10-28 02:37:44.297 D/ReflectedParamUpdater( 1300): extent() != 1 for single value type: output.subscribed-indices.values
10-28 02:37:44.297 D/ReflectedParamUpdater( 1300): extent() != 1 for single value type: input.buffers.allocator-ids.values
10-28 02:37:44.298 D/ReflectedParamUpdater( 1300): extent() != 1 for single value type: output.buffers.allocator-ids.values
10-28 02:37:44.298 D/ReflectedParamUpdater( 1300): extent() != 1 for single value type: algo.buffers.allocator-ids.values
10-28 02:37:44.299 D/ReflectedParamUpdater( 1300): extent() != 1 for single value type: output.buffers.pool-ids.values
10-28 02:37:44.299 D/ReflectedParamUpdater( 1300): extent() != 1 for single value type: algo.buffers.pool-ids.values
10-28 02:37:44.303 I/CCodecConfig( 1300): query failed after returning 7 values (BAD_INDEX)
10-28 02:37:44.304 D/CCodecConfig( 1300): c2 config diff is Dict {
10-28 02:37:44.304 D/CCodecConfig( 1300): c2::u32 coded.bitrate.value = 64000
10-28 02:37:44.304 D/CCodecConfig( 1300): c2::u32 input.buffers.max-size.value = 32768
10-28 02:37:44.304 D/CCodecConfig( 1300): c2::u32 input.delay.value = 0
10-28 02:37:44.304 D/CCodecConfig( 1300): string input.media-type.value = "audio/vorbis"
10-28 02:37:44.304 D/CCodecConfig( 1300): string output.media-type.value = "audio/raw"
10-28 02:37:44.304 D/CCodecConfig( 1300): c2::u32 raw.channel-count.value = 1
10-28 02:37:44.304 D/CCodecConfig( 1300): c2::u32 raw.sample-rate.value = 48000
10-28 02:37:44.304 D/CCodecConfig( 1300): }
10-28 02:37:44.305 D/CCodec ( 1300): [c2.android.vorbis.decoder] buffers are bound to CCodec for this session
10-28 02:37:44.305 D/CCodecConfig( 1300): no c2 equivalents for durationUs
10-28 02:37:44.305 D/CCodecConfig( 1300): no c2 equivalents for csd-1
10-28 02:37:44.305 D/CCodecConfig( 1300): no c2 equivalents for language
