10-28 02:19:03.804 I/sysui_multi_action( 1152): [757,128,758,1,793,78654,794,0,795,78654,796,11,798,44,806,com.thundersoft.notificationtest1,857,111111111111111111111111111-9d908111,858,3,946,ranker_group,947,0,1395,56,1500,78398,1688,1]
10-28 02:19:03.805 I/sysui_multi_action( 1152): [757,804,799,note_freshness,801,78654,802,1]
10-28 02:19:03.805 I/notification_visibility( 1152): [0|com.thundersoft.notificationtest1|11|null|10101,1,78654,78654,0,44]
10-28 02:19:03.805 I/sysui_multi_action( 1152): [757,128,758,1,793,78650,794,0,795,78650,796,12,798,43,806,com.thundersoft.notificationtest1,857,111111111111111111111111111-147fa140,858,3,946,ranker_group,947,0,1395,56,1500,78384,1688,1]
10-28 02:19:03.806 I/sysui_multi_action( 1152): [757,804,799,note_freshness,801,78650,802,1]
10-28 02:19:03.806 I/notification_visibility( 1152): [0|com.thundersoft.notificationtest1|12|null|10101,1,78650,78650,0,43]
10-28 02:19:03.806 I/sysui_multi_action( 1152): [757,128,758,1,793,78642,794,0,795,78642,796,13,798,42,806,com.thundersoft.notificationtest1,857,111111111111111111111111111-7b7486f1,858,3,946,ranker_group,947,0,1395,56,1500,78363,1688,1]
10-28 02:19:03.807 I/sysui_multi_action( 1152): [757,804,799,note_freshness,801,78642,802,1]
10-28 02:19:03.808 I/notification_visibility( 1152): [0|com.thundersoft.notificationtest1|13|null|10101,1,78642,78642,0,42]
10-28 02:19:03.808 I/sysui_multi_action( 1152): [757,128,758,1,793,78639,794,0,795,78639,796,14,798,41,806,com.thundersoft.notificationtest1,857,111111111111111111111111111-f31c5760,858,3,946,ranker_group,947,0,1395,56,1500,78333,1688,1]
10-28 02:19:03.809 I/sysui_multi_action( 1152): [757,804,799,note_freshness,801,78639,802,1]
10-28 02:19:03.809 I/notification_visibility( 1152): [0|com.thundersoft.notificationtest1|14|null|10101,1,78639,78639,0,41]
10-28 02:19:03.809 I/sysui_multi_action( 1152): [757,128,758,1,793,78634,794,0,795,78634,796,15,798,40,806,com.thundersoft.notificationtest1,857,111111111111111111111111111-706e94d1,858,3,946,ranker_group,947,0,1395,56,1500,78327,1688,1]
10-28 02:19:03.809 I/sysui_multi_action( 1152): [757,804,799,note_freshness,801,78634,802,1]
10-28 02:19:03.810 I/notification_visibility( 1152): [0|com.thundersoft.notificationtest1|15|null|10101,1,78634,78634,0,40]
10-28 02:19:03.810 I/sysui_multi_action( 1152): [757,128,758,1,793,78628,794,0,795,78628,796,16,798,39,806,com.thundersoft.notificationtest1,857,111111111111111111111111111-9d640580,858,3,946,ranker_group,947,0,1395,56,1500,78320,1688,1]
10-28 02:19:03.810 I/sysui_multi_action( 1152): [757,804,799,note_freshness,801,78628,802,1]
10-28 02:19:03.810 I/notification_visibility( 1152): [0|com.thundersoft.notificationtest1|16|null|10101,1,78628,78628,0,39]
10-28 02:19:03.811 I/sysui_multi_action( 1152): [757,128,758,1,793,78621,794,0,795,78621,796,17,798,38,806,com.thundersoft.notificationtest1,857,1111111111111111111111111111-f1caab1,858,3,946,ranker_group,947,0,1395,56,1500,78305,1688,1]
10-28 02:19:03.811 I/sysui_multi_action( 1152): [757,804,799,note_freshness,801,78621,802,1]
10-28 02:19:03.811 I/notification_visibility( 1152): [0|com.thundersoft.notificationtest1|17|null|10101,1,78621,78621,0,38]
10-28 02:19:03.811 I/sysui_multi_action( 1152): [757,128,758,1,793,78616,794,0,795,78616,796,18,798,37,806,com.thundersoft.notificationtest1,857,111111111111111111111111111-d478aba0,858,3,946,ranker_group,947,0,1395,56,1500,78285,1688,1]
10-28 02:19:03.812 I/sysui_multi_action( 1152): [757,804,799,note_freshness,801,78616,802,1]
10-28 02:19:03.812 I/notification_visibility( 1152): [0|com.thundersoft.notificationtest1|18|null|10101,1,78616,78616,0,37]
10-28 02:19:03.813 I/sysui_multi_action( 1152): [757,128,758,1,793,78613,794,0,795,78613,796,19,798,36,806,com.thundersoft.notificationtest1,857,111111111111111111111111111-ba9cc891,858,3,946,ranker_group,947,0,1395,56,1500,78281,1688,1]
10-28 02:19:03.814 I/sysui_multi_action( 1152): [757,804,799,note_freshness,801,78613,802,1]
10-28 02:19:03.814 I/notification_visibility( 1152): [0|com.thundersoft.notificationtest1|19|null|10101,1,78613,78613,0,36]
10-28 02:19:03.814 I/sysui_multi_action( 1152): [757,128,758,1,793,78732,794,0,795,78732,796,0,798,55,806,com.thundersoft.notificationtest1,857,111111111111111111111111111-1369b480,858,3,946,ranker_group,947,0,1395,56,1500,78527,1688,1]
10-28 02:19:03.815 I/sysui_multi_action( 1152): [757,804,799,note_freshness,801,78732,802,1]
10-28 02:19:03.815 I/notification_visibility( 1152): [0|com.thundersoft.notificationtest1|0|null|10101,1,78732,78732,0,55]
10-28 02:19:03.815 I/sysui_multi_action( 1152): [757,128,758,1,793,78729,794,0,795,78729,796,1,798,54,806,com.thundersoft.notificationtest1,857,111111111111111111111111111-59ccdbb1,858,3,946,ranker_group,947,0,1395,56,1500,78523,1688,1]
10-28 02:19:03.815 I/sysui_multi_action( 1152): [757,804,799,note_freshness,801,78729,802,1]
10-28 02:19:03.816 I/notification_visibility( 1152): [0|com.thundersoft.notificationtest1|1|null|10101,1,78729,78729,0,54]
10-28 02:19:05.304 I/sysui_multi_action( 1152): [757,128,758,2,793,80213,794,1522,795,80213,796,2,798,53,806,com.thundersoft.notificationtest1,857,111111111111111111111111111-dfce9aa0,858,3,946,ranker_group,947,0,1395,56,1500,80006,1688,1]
10-28 02:19:05.305 I/notification_visibility( 1152): [0|com.thundersoft.notificationtest1|2|null|10101,0,80213,80213,0,53]
10-28 02:19:05.306 I/sysui_multi_action( 1152): [757,128,758,2,793,80210,794,1520,795,80210,796,3,798,52,806,com.thundersoft.notificationtest1,857,111111111111111111111111111-1a04b991,858,3,946,ranker_group,947,0,1395,56,1500,79998,1688,1]
10-28 02:19:05.307 I/notification_visibility( 1152): [0|com.thundersoft.notificationtest1|3|null|10101,0,80210,80210,0,52]
10-28 02:19:05.308 I/sysui_multi_action( 1152): [757,128,758,2,793,80208,794,1518,795,80208,796,4,798,51,806,com.thundersoft.notificationtest1,857,111111111111111111111111111-269278c0,858,3,946,ranker_group,947,0,1395,56,1500,79994,1688,1]
10-28 02:19:05.310 I/notification_visibility( 1152): [0|com.thundersoft.notificationtest1|4|null|10101,0,80208,80208,0,51]
10-28 02:19:05.311 I/sysui_multi_action( 1152): [757,128,758,2,793,80207,794,1519,795,80207,796,5,798,50,806,com.thundersoft.notificationtest1,857,111111111111111111111111111-abbc9f71,858,3,946,ranker_group,947,0,1395,56,1500,79993,1688,1]
10-28 02:19:05.312 I/notification_visibility( 1152): [0|com.thundersoft.notificationtest1|5|null|10101,0,80207,80207,0,50]
10-28 02:19:05.313 I/sysui_multi_action( 1152): [757,128,758,2,793,80205,794,1519,795,80205,796,6,798,49,806,com.thundersoft.notificationtest1,857,111111111111111111111111111-cbd74ee0,858,3,946,ranker_group,947,0,1395,56,1500,79987,1688,1]
10-28 02:19:05.314 I/notification_visibility( 1152): [0|com.thundersoft.notificationtest1|6|null|10101,0,80205,80205,0,49]
10-28 02:19:05.314 I/sysui_multi_action( 1152): [757,128,758,2,793,80200,794,1518,795,80200,796,7,798,48,806,com.thundersoft.notificationtest1,857,111111111111111111111111111-af128d51,858,3,946,ranker_group,947,0,1395,56,1500,79955,1688,1]
10-28 02:19:05.315 I/notification_visibility( 1152): [0|com.thundersoft.notificationtest1|7|null|10101,0,80200,80200,0,48]
10-28 02:19:05.316 I/sysui_multi_action( 1152): [757,128,758,2,793,80196,794,1518,795,80196,796,8,798,47,806,com.thundersoft.notificationtest1,857,111111111111111111111111111-333f1d00,858,3,946,ranker_group,947,0,1395,56,1500,79936,1688,1]
10-28 02:19:05.316 I/notification_visibility( 1152): [0|com.thundersoft.notificationtest1|8|null|10101,0,80196,80196,0,47]
10-28 02:19:05.317 I/sysui_multi_action( 1152): [757,128,758,2,793,80186,794,1519,795,80186,796,9,798,46,806,com.thundersoft.notificationtest1,857,111111111111111111111111111-34a48331,858,3,946,ranker_group,947,0,1395,56,1500,79930,1688,1]
10-28 02:19:05.318 I/notification_visibility( 1152): [0|com.thundersoft.notificationtest1|9|null|10101,0,80186,80186,0,46]
10-28 02:19:05.318 I/sysui_multi_action( 1152): [757,128,758,2,793,80114,794,1519,795,80114,796,20,798,35,806,com.thundersoft.notificationtest1,857,111111111111111111111111111-98fc49c0,858,3,946,ranker_group,947,0,1395,56,1500,79777,1688,1]
10-28 02:19:05.319 I/notification_visibility( 1152): [0|com.thundersoft.notificationtest1|20|null|10101,0,80114,80114,0,35]
10-28 02:19:05.319 I/sysui_multi_action( 1152): [757,128,758,2,793,80110,794,1519,795,80110,796,21,798,34,806,com.thundersoft.notificationtest1,857,111111111111111111111111111-868cee71,858,3,946,ranker_group,947,0,1395,56,1500,79772,1688,1]
10-28 02:19:05.320 I/notification_visibility( 1152): [0|com.thundersoft.notificationtest1|21|null|10101,0,80110,80110,0,34]
10-28 02:19:05.321 I/sysui_multi_action( 1152): [757,128,758,2,793,80106,794,1520,795,80106,796,22,798,33,806,com.thundersoft.notificationtest1,857,111111111111111111111111111-4b10dfe0,858,3,946,ranker_group,947,0,1395,56,1500,79760,1688,1]
10-28 02:19:05.322 I/notification_visibility( 1152): [0|com.thundersoft.notificationtest1|22|null|10101,0,80106,80106,0,33]
10-28 02:19:05.322 I/sysui_multi_action( 1152): [757,128,758,2,793,80184,794,1520,795,80184,796,10,798,45,806,com.thundersoft.notificationtest1,857,111111111111111111111111111-5febe320,858,3,946,ranker_group,947,0,1395,56,1500,79931,1688,1]
10-28 02:19:05.323 I/notification_visibility( 1152): [0|com.thundersoft.notificationtest1|10|null|10101,0,80184,80184,0,45]
10-28 02:19:05.323 I/sysui_multi_action( 1152): [757,128,758,2,793,80103,794,1520,795,80103,796,23,798,32,806,com.thundersoft.notificationtest1,857,111111111111111111111111111-170b1c51,858,3,946,ranker_group,947,0,1395,56,1500,79756,1688,1]
10-28 02:19:05.324 I/notification_visibility( 1152): [0|com.thundersoft.notificationtest1|23|null|10101,0,80103,80103,0,32]
10-28 02:19:05.325 I/sysui_multi_action( 1152): [757,128,758,2,793,80175,794,1521,795,80175,796,11,798,44,806,com.thundersoft.notificationtest1,857,111111111111111111111111111-9d908111,858,3,946,ranker_group,947,0,1395,56,1500,79919,1688,1]
10-28 02:19:05.325 I/notification_visibility( 1152): [0|com.thundersoft.notificationtest1|11|null|10101,0,80175,80175,0,44]
10-28 02:19:05.326 I/sysui_multi_action( 1152): [757,128,758,2,793,80171,794,1521,795,80171,796,12,798,43,806,com.thundersoft.notificationtest1,857,111111111111111111111111111-147fa140,858,3,946,ranker_group,947,0,1395,56,1500,79905,1688,1]
10-28 02:19:05.327 I/notification_visibility( 1152): [0|com.thundersoft.notificationtest1|12|null|10101,0,80171,80171,0,43]
10-28 02:19:05.327 I/sysui_multi_action( 1152): [757,128,758,2,793,80163,794,1521,795,80163,796,13,798,42,806,com.thundersoft.notificationtest1,857,111111111111111111111111111-7b7486f1,858,3,946,ranker_group,947,0,1395,56,1500,79884,1688,1]
10-28 02:19:05.328 I/notification_visibility( 1152): [0|com.thundersoft.notificationtest1|13|null|10101,0,80163,80163,0,42]
10-28 02:19:05.328 I/sysui_multi_action( 1152): [757,128,758,2,793,80159,794,1520,795,80159,796,14,798,41,806,com.thundersoft.notificationtest1,857,111111111111111111111111111-f31c5760,858,3,946,ranker_group,947,0,1395,56,1500,79853,1688,1]
10-28 02:19:05.329 I/notification_visibility( 1152): [0|com.thundersoft.notificationtest1|14|null|10101,0,80159,80159,0,41]
10-28 02:19:05.329 I/sysui_multi_action( 1152): [757,128,758,2,793,80154,794,1520,795,80154,796,15,798,40,806,com.thundersoft.notificationtest1,857,111111111111111111111111111-706e94d1,858,3,946,ranker_group,947,0,1395,56,1500,79847,1688,1]
10-28 02:19:05.330 I/notification_visibility( 1152): [0|com.thundersoft.notificationtest1|15|null|10101,0,80154,80154,0,40]
10-28 02:19:05.330 I/sysui_multi_action( 1152): [757,128,758,2,793,80148,794,1520,795,80148,796,16,798,39,806,com.thundersoft.notificationtest1,857,111111111111111111111111111-9d640580,858,3,946,ranker_group,947,0,1395,56,1500,79840,1688,1]
10-28 02:19:05.330 I/notification_visibility( 1152): [0|com.thundersoft.notificationtest1|16|null|10101,0,80148,80148,0,39]
10-28 02:19:05.331 I/sysui_multi_action( 1152): [757,128,758,2,793,80141,794,1520,795,80141,796,17,798,38,806,com.thundersoft.notificationtest1,857,1111111111111111111111111111-f1caab1,858,3,946,ranker_group,947,0,1395,56,1500,79825,1688,1]
10-28 02:19:05.331 I/notification_visibility( 1152): [0|com.thundersoft.notificationtest1|17|null|10101,0,80141,80141,0,38]
10-28 02:19:05.332 I/sysui_multi_action( 1152): [757,128,758,2,793,80137,794,1521,795,80137,796,18,798,37,806,com.thundersoft.notificationtest1,857,111111111111111111111111111-d478aba0,858,3,946,ranker_group,947,0,1395,56,1500,79806,1688,1]
10-28 02:19:05.332 I/notification_visibility( 1152): [0|com.thundersoft.notificationtest1|18|null|10101,0,80137,80137,0,37]
10-28 02:19:05.333 I/sysui_multi_action( 1152): [757,128,758,2,793,80134,794,1521,795,80134,796,19,798,36,806,com.thundersoft.notificationtest1,857,111111111111111111111111111-ba9cc891,858,3,946,ranker_group,947,0,1395,56,1500,79802,1688,1]
10-28 02:19:05.333 I/notification_visibility( 1152): [0|com.thundersoft.notificationtest1|19|null|10101,0,80134,80134,0,36]
10-28 02:19:05.333 I/sysui_multi_action( 1152): [757,128,758,2,793,80251,794,1519,795,80251,796,0,798,55,806,com.thundersoft.notificationtest1,857,111111111111111111111111111-1369b480,858,3,946,ranker_group,947,0,1395,56,1500,80046,1688,1]
10-28 02:19:05.334 I/notification_visibility( 1152): [0|com.thundersoft.notificationtest1|0|null|10101,0,80251,80251,0,55]
10-28 02:19:05.334 I/sysui_multi_action( 1152): [757,128,758,2,793,80248,794,1519,795,80248,796,1,798,54,806,com.thundersoft.notificationtest1,857,111111111111111111111111111-59ccdbb1,858,3,946,ranker_group,947,0,1395,56,1500,80042,1688,1]
10-28 02:19:05.335 I/notification_visibility( 1152): [0|com.thundersoft.notificationtest1|1|null|10101,0,80248,80248,0,54]
10-28 02:19:08.087 I/sysui_multi_action( 2084): [757,332,758,4,796,27,806,com.thundersoft.notificationtest1,857,111111111111111111111111111-28a99011,946,ranker_group,947,0]
10-28 02:19:09.236 I/sysui_multi_action( 2084): [757,332,758,4,796,28,806,com.thundersoft.notificationtest1,857,111111111111111111111111111-ec887240,946,ranker_group,947,0]
10-28 02:19:09.907 I/service_manager_stats( 1152): [100,142,32701]
10-28 02:19:10.176 I/sysui_multi_action( 2084): [757,803,799,notification_dismissed,802,1]
10-28 02:19:10.211 I/sysui_multi_action( 1152): [757,804,799,note_dismiss_longevity,801,1,802,1]
10-28 02:19:10.212 I/sysui_multi_action( 1152): [757,128,758,5,759,2,793,84967,794,7798,795,84967,796,27,798,28,806,com.thundersoft.notificationtest1,857,111111111111111111111111111-28a99011,858,3,946,ranker_group,947,0,1395,56,1500,84613,1688,1]
10-28 02:19:10.212 I/notification_canceled( 1152): [0|com.thundersoft.notificationtest1|27|null|10101,2,84967,84967,7798,28,56,NULL]
10-28 02:19:10.715 I/sysui_multi_action( 1152): [757,128,758,1,793,85448,794,0,795,85448,796,31,798,24,806,com.thundersoft.notificationtest1,857,111111111111111111111111111-9a6823d1,858,3,946,ranker_group,947,0,1395,55,1500,85080,1688,1]
10-28 02:19:10.715 I/sysui_multi_action( 1152): [757,804,799,note_freshness,801,85448,802,1]
10-28 02:19:10.715 I/notification_visibility( 1152): [0|com.thundersoft.notificationtest1|31|null|10101,1,85448,85448,0,24]
10-28 02:19:11.847 I/sysui_multi_action( 2084): [757,803,799,notification_dismissed,802,1]
10-28 02:19:11.878 I/sysui_multi_action( 1152): [757,804,799,note_dismiss_longevity,801,1,802,1]
10-28 02:19:11.878 I/sysui_multi_action( 1152): [757,128,758,5,759,2,793,86639,794,9465,795,86639,796,26,798,29,806,com.thundersoft.notificationtest1,857,111111111111111111111111111-95f4f420,858,3,946,ranker_group,947,0,1395,55,1500,86286,1688,1]
10-28 02:19:11.879 I/notification_canceled( 1152): [0|com.thundersoft.notificationtest1|26|null|10101,2,86639,86639,9465,29,55,NULL]
10-28 02:19:12.389 I/sysui_multi_action( 1152): [757,128,758,1,793,87116,794,0,795,87116,796,32,798,23,806,com.thundersoft.notificationtest1,857,111111111111111111111111111-b29c5680,858,3,946,ranker_group,947,0,1395,54,1500,86752,1688,1]
10-28 02:19:12.389 I/sysui_multi_action( 1152): [757,804,799,note_freshness,801,87116,802,1]
10-28 02:19:12.389 I/notification_visibility( 1152): [0|com.thundersoft.notificationtest1|32|null|10101,1,87116,87116,0,23]
10-28 02:19:13.147 I/sysui_multi_action( 2084): [757,332,758,4,796,28,806,com.thundersoft.notificationtest1,857,111111111111111111111111111-ec887240,946,ranker_group,947,0]
10-28 02:19:14.165 I/sysui_multi_action( 2084): [757,803,799,notification_dismissed,802,1]
10-28 02:19:14.195 I/sysui_multi_action( 1152): [757,804,799,note_dismiss_longevity,801,1,802,1]
10-28 02:19:14.196 I/sysui_multi_action( 1152): [757,128,758,5,759,2,793,88940,794,11781,795,88940,796,29,798,26,806,com.thundersoft.notificationtest1,857,111111111111111111111111111-a485d5f1,858,3,946,ranker_group,947,0,1395,54,1500,88575,1688,1]
10-28 02:19:14.196 I/notification_canceled( 1152): [0|com.thundersoft.notificationtest1|29|null|10101,2,88940,88940,11781,26,54,NULL]
10-28 02:19:14.470 I/sysui_multi_action( 1152): [757,128,758,1,793,89189,794,0,795,89189,796,33,798,22,806,com.thundersoft.notificationtest1,857,111111111111111111111111111-a0ee79b1,858,3,946,ranker_group,947,0,1395,53,1500,88828,1688,1]
10-28 02:19:14.470 I/sysui_multi_action( 1152): [757,804,799,note_freshness,801,89189,802,1]
10-28 02:19:14.470 I/notification_visibility( 1152): [0|com.thundersoft.notificationtest1|33|null|10101,1,89189,89189,0,22]
10-28 02:19:15.193 I/sysui_multi_action( 2084): [757,803,799,notification_dismissed,802,1]
10-28 02:19:15.224 I/sysui_multi_action( 1152): [757,804,799,note_dismiss_longevity,801,1,802,1]
10-28 02:19:15.225 I/sysui_multi_action( 1152): [757,128,758,5,759,2,793,89975,794,12810,795,89975,796,28,798,27,806,com.thundersoft.notificationtest1,857,111111111111111111111111111-ec887240,858,3,946,ranker_group,947,0,1395,53,1500,89615,1688,1]
10-28 02:19:15.225 I/notification_canceled( 1152): [0|com.thundersoft.notificationtest1|28|null|10101,2,89975,89975,12810,27,53,NULL]
10-28 02:19:15.469 I/sysui_multi_action( 1152): [757,128,758,1,793,90185,794,0,795,90185,796,34,798,21,806,com.thundersoft.notificationtest1,857,111111111111111111111111111-7ce0bca0,858,3,946,ranker_group,947,0,1395,52,1500,89818,1688,1]
10-28 02:19:15.470 I/sysui_multi_action( 1152): [757,804,799,note_freshness,801,90185,802,1]
10-28 02:19:15.470 I/notification_visibility( 1152): [0|com.thundersoft.notificationtest1|34|null|10101,1,90185,90185,0,21]
10-28 02:19:16.496 I/sysui_multi_action( 2084): [757,803,799,notification_dismissed,802,1]
10-28 02:19:16.533 I/sysui_multi_action( 1152): [757,804,799,note_dismiss_longevity,801,1,802,1]
10-28 02:19:16.534 I/sysui_multi_action( 1152): [757,128,758,5,759,2,793,91300,794,14121,795,91300,796,25,798,30,806,com.thundersoft.notificationtest1,857,111111111111111111111111111-80b55231,858,3,946,ranker_group,947,0,1395,52,1500,90948,1688,1]
10-28 02:19:16.535 I/notification_canceled( 1152): [0|com.thundersoft.notificationtest1|25|null|10101,2,91300,91300,14121,30,52,NULL]
10-28 02:19:17.069 I/sysui_multi_action( 1152): [757,128,758,1,793,91780,794,0,795,91780,796,35,798,20,806,com.thundersoft.notificationtest1,857,111111111111111111111111111-1f36d791,858,3,946,ranker_group,947,0,1395,51,1500,91402,1688,1]
10-28 02:19:17.070 I/sysui_multi_action( 1152): [757,804,799,note_freshness,801,91780,802,1]
10-28 02:19:17.070 I/notification_visibility( 1152): [0|com.thundersoft.notificationtest1|35|null|10101,1,91780,91780,0,20]
10-28 02:19:18.165 I/input_interaction( 1152): Interaction with: 31b65cc NotificationShade (server), PointerEventDispatcher0 (server),
10-28 02:19:18.198 I/sysui_multi_action( 1152): [757,128,758,1,793,92978,794,0,795,92978,796,23,798,27,806,com.thundersoft.notificationtest1,857,111111111111111111111111111-170b1c51,858,3,946,ranker_group,947,0,1395,51,1500,92631,1688,1]
10-28 02:19:18.200 I/sysui_multi_action( 1152): [757,804,799,note_freshness,801,92978,802,1]
10-28 02:19:18.201 I/notification_visibility( 1152): [0|com.thundersoft.notificationtest1|23|null|10101,1,92978,92978,0,27]
10-28 02:19:18.202 I/sysui_multi_action( 1152): [757,128,758,2,793,92918,794,2733,795,92918,796,34,798,21,806,com.thundersoft.notificationtest1,857,111111111111111111111111111-7ce0bca0,858,3,946,ranker_group,947,0,1395,51,1500,92551,1688,1]
10-28 02:19:18.203 I/notification_visibility( 1152): [0|com.thundersoft.notificationtest1|34|null|10101,0,92918,92918,0,21]
10-28 02:19:18.204 I/sysui_multi_action( 1152): [757,128,758,2,793,92915,794,1135,795,92915,796,35,798,20,806,com.thundersoft.notificationtest1,857,111111111111111111111111111-1f36d791,858,3,946,ranker_group,947,0,1395,51,1500,92537,1688,1]
10-28 02:19:18.205 I/notification_visibility( 1152): [0|com.thundersoft.notificationtest1|35|null|10101,0,92915,92915,0,20]
10-28 02:19:18.702 I/sysui_multi_action( 1152): [757,128,758,1,793,93498,794,0,795,93498,796,20,798,30,806,com.thundersoft.notificationtest1,857,111111111111111111111111111-98fc49c0,858,3,946,ranker_group,947,0,1395,51,1500,93161,1688,1]
10-28 02:19:18.703 I/sysui_multi_action( 1152): [757,804,799,note_freshness,801,93498,802,1]
10-28 02:19:18.703 I/notification_visibility( 1152): [0|com.thundersoft.notificationtest1|20|null|10101,1,93498,93498,0,30]
10-28 02:19:18.704 I/sysui_multi_action( 1152): [757,128,758,1,793,93495,794,0,795,93495,796,21,798,29,806,com.thundersoft.notificationtest1,857,111111111111111111111111111-868cee71,858,3,946,ranker_group,947,0,1395,51,1500,93157,1688,1]
10-28 02:19:18.704 I/sysui_multi_action( 1152): [757,804,799,note_freshness,801,93495,802,1]
10-28 02:19:18.705 I/notification_visibility( 1152): [0|com.thundersoft.notificationtest1|21|null|10101,1,93495,93495,0,29]
10-28 02:19:18.705 I/sysui_multi_action( 1152): [757,128,758,1,793,93523,794,0,795,93523,796,16,798,34,806,com.thundersoft.notificationtest1,857,111111111111111111111111111-9d640580,858,3,946,ranker_group,947,0,1395,51,1500,93215,1688,1]
10-28 02:19:18.705 I/sysui_multi_action( 1152): [757,804,799,note_freshness,801,93523,802,1]
10-28 02:19:18.706 I/notification_visibility( 1152): [0|com.thundersoft.notificationtest1|16|null|10101,1,93523,93523,0,34]
10-28 02:19:18.706 I/sysui_multi_action( 1152): [757,128,758,1,793,93516,794,0,795,93516,796,17,798,33,806,com.thundersoft.notificationtest1,857,1111111111111111111111111111-f1caab1,858,3,946,ranker_group,947,0,1395,51,1500,93200,1688,1]
10-28 02:19:18.706 I/sysui_multi_action( 1152): [757,804,799,note_freshness,801,93516,802,1]
10-28 02:19:18.707 I/notification_visibility( 1152): [0|com.thundersoft.notificationtest1|17|null|10101,1,93516,93516,0,33]
10-28 02:19:18.707 I/sysui_multi_action( 1152): [757,128,758,1,793,93512,794,0,795,93512,796,18,798,32,806,com.thundersoft.notificationtest1,857,111111111111111111111111111-d478aba0,858,3,946,ranker_group,947,0,1395,51,1500,93181,1688,1]
10-28 02:19:18.707 I/sysui_multi_action( 1152): [757,804,799,note_freshness,801,93512,802,1]
10-28 02:19:18.708 I/notification_visibility( 1152): [0|com.thundersoft.notificationtest1|18|null|10101,1,93512,93512,0,32]
10-28 02:19:18.709 I/sysui_multi_action( 1152): [757,128,758,1,793,93510,794,0,795,93510,796,19,798,31,806,com.thundersoft.notificationtest1,857,111111111111111111111111111-ba9cc891,858,3,946,ranker_group,947,0,1395,51,1500,93178,1688,1]
10-28 02:19:18.710 I/sysui_multi_action( 1152): [757,804,799,note_freshness,801,93510,802,1]
10-28 02:19:18.710 I/notification_visibility( 1152): [0|com.thundersoft.notificationtest1|19|null|10101,1,93510,93510,0,31]
10-28 02:19:18.711 I/sysui_multi_action( 1152): [757,128,758,2,793,93449,794,16300,795,93449,796,30,798,25,806,com.thundersoft.notificationtest1,857,111111111111111111111111111-ec34e860,858,3,946,ranker_group,947,0,1395,51,1500,93079,1688,1]
10-28 02:19:18.711 I/notification_visibility( 1152): [0|com.thundersoft.notificationtest1|30|null|10101,0,93449,93449,0,25]
10-28 02:19:18.711 I/sysui_multi_action( 1152): [757,128,758,2,793,93445,794,7997,795,93445,796,31,798,24,806,com.thundersoft.notificationtest1,857,111111111111111111111111111-9a6823d1,858,3,946,ranker_group,947,0,1395,51,1500,93077,1688,1]
10-28 02:19:18.712 I/notification_visibility( 1152): [0|com.thundersoft.notificationtest1|31|null|10101,0,93445,93445,0,24]
10-28 02:19:18.712 I/sysui_multi_action( 1152): [757,128,758,2,793,93440,794,6324,795,93440,796,32,798,23,806,com.thundersoft.notificationtest1,857,111111111111111111111111111-b29c5680,858,3,946,ranker_group,947,0,1395,51,1500,93076,1688,1]
10-28 02:19:18.712 I/notification_visibility( 1152): [0|com.thundersoft.notificationtest1|32|null|10101,0,93440,93440,0,23]
10-28 02:19:18.713 I/sysui_multi_action( 1152): [757,128,758,2,793,93433,794,4244,795,93433,796,33,798,22,806,com.thundersoft.notificationtest1,857,111111111111111111111111111-a0ee79b1,858,3,946,ranker_group,947,0,1395,51,1500,93072,1688,1]
10-28 02:19:18.713 I/notification_visibility( 1152): [0|com.thundersoft.notificationtest1|33|null|10101,0,93433,93433,0,22]
10-28 02:19:18.714 I/sysui_multi_action( 1152): [757,128,758,2,793,93493,794,515,795,93493,796,23,798,27,806,com.thundersoft.notificationtest1,857,111111111111111111111111111-170b1c51,858,3,946,ranker_group,947,0,1395,51,1500,93146,1688,1]
10-28 02:19:18.714 I/notification_visibility( 1152): [0|com.thundersoft.notificationtest1|23|null|10101,0,93493,93493,0,27]
10-28 02:19:18.714 I/sysui_multi_action( 1152): [757,128,758,2,793,93486,794,16302,795,93486,796,24,798,26,806,com.thundersoft.notificationtest1,857,111111111111111111111111111-ca586e00,858,3,946,ranker_group,947,0,1395,51,1500,93140,1688,1]
10-28 02:19:18.715 I/notification_visibility( 1152): [0|com.thundersoft.notificationtest1|24|null|10101,0,93486,93486,0,26]
10-28 02:19:19.204 I/sysui_multi_action( 1152): [757,128,758,1,793,93942,794,0,795,93942,796,30,798,25,806,com.thundersoft.notificationtest1,857,111111111111111111111111111-ec34e860,858,3,946,ranker_group,947,0,1395,51,1500,93572,1688,1]
10-28 02:19:19.205 I/sysui_multi_action( 1152): [757,804,799,note_freshness,801,93942,802,1]
10-28 02:19:19.205 I/notification_visibility( 1152): [0|com.thundersoft.notificationtest1|30|null|10101,1,93942,93942,0,25]
10-28 02:19:19.206 I/sysui_multi_action( 1152): [757,128,758,1,793,93940,794,0,795,93940,796,31,798,24,806,com.thundersoft.notificationtest1,857,111111111111111111111111111-9a6823d1,858,3,946,ranker_group,947,0,1395,51,1500,93572,1688,1]
10-28 02:19:19.206 I/sysui_multi_action( 1152): [757,804,799,note_freshness,801,93940,802,1]
10-28 02:19:19.207 I/notification_visibility( 1152): [0|com.thundersoft.notificationtest1|31|null|10101,1,93940,93940,0,24]
10-28 02:19:19.207 I/sysui_multi_action( 1152): [757,128,758,1,793,93935,794,0,795,93935,796,32,798,23,806,com.thundersoft.notificationtest1,857,111111111111111111111111111-b29c5680,858,3,946,ranker_group,947,0,1395,51,1500,93571,1688,1]
10-28 02:19:19.207 I/sysui_multi_action( 1152): [757,804,799,note_freshness,801,93935,802,1]
10-28 02:19:19.209 I/notification_visibility( 1152): [0|com.thundersoft.notificationtest1|32|null|10101,1,93935,93935,0,23]
10-28 02:19:19.210 I/sysui_multi_action( 1152): [757,128,758,1,793,93930,794,0,795,93930,796,33,798,22,806,com.thundersoft.notificationtest1,857,111111111111111111111111111-a0ee79b1,858,3,946,ranker_group,947,0,1395,51,1500,93569,1688,1]
10-28 02:19:19.211 I/sysui_multi_action( 1152): [757,804,799,note_freshness,801,93930,802,1]
10-28 02:19:19.211 I/notification_visibility( 1152): [0|com.thundersoft.notificationtest1|33|null|10101,1,93930,93930,0,22]
10-28 02:19:19.212 I/sysui_multi_action( 1152): [757,128,758,1,793,93992,794,0,795,93992,796,23,798,27,806,com.thundersoft.notificationtest1,857,111111111111111111111111111-170b1c51,858,3,946,ranker_group,947,0,1395,51,1500,93645,1688,1]
10-28 02:19:19.213 I/sysui_multi_action( 1152): [757,804,799,note_freshness,801,93992,802,1]
10-28 02:19:19.214 I/notification_visibility( 1152): [0|com.thundersoft.notificationtest1|23|null|10101,1,93992,93992,0,27]
10-28 02:19:19.215 I/sysui_multi_action( 1152): [757,128,758,1,793,93987,794,0,795,93987,796,24,798,26,806,com.thundersoft.notificationtest1,857,111111111111111111111111111-ca586e00,858,3,946,ranker_group,947,0,1395,51,1500,93641,1688,1]
10-28 02:19:19.216 I/sysui_multi_action( 1152): [757,804,799,note_freshness,801,93987,802,1]
10-28 02:19:19.217 I/notification_visibility( 1152): [0|com.thundersoft.notificationtest1|24|null|10101,1,93987,93987,0,26]
10-28 02:19:19.217 I/sysui_multi_action( 1152): [757,128,758,2,793,94013,794,515,795,94013,796,20,798,30,806,com.thundersoft.notificationtest1,857,111111111111111111111111111-98fc49c0,858,3,946,ranker_group,947,0,1395,51,1500,93676,1688,1]
10-28 02:19:19.218 I/notification_visibility( 1152): [0|com.thundersoft.notificationtest1|20|null|10101,0,94013,94013,0,30]
10-28 02:19:19.218 I/sysui_multi_action( 1152): [757,128,758,2,793,94009,794,514,795,94009,796,21,798,29,806,com.thundersoft.notificationtest1,857,111111111111111111111111111-868cee71,858,3,946,ranker_group,947,0,1395,51,1500,93671,1688,1]
10-28 02:19:19.219 I/notification_visibility( 1152): [0|com.thundersoft.notificationtest1|21|null|10101,0,94009,94009,0,29]
10-28 02:19:19.220 I/sysui_multi_action( 1152): [757,128,758,2,793,94037,794,514,795,94037,796,16,798,34,806,com.thundersoft.notificationtest1,857,111111111111111111111111111-9d640580,858,3,946,ranker_group,947,0,1395,51,1500,93729,1688,1]
10-28 02:19:19.220 I/notification_visibility( 1152): [0|com.thundersoft.notificationtest1|16|null|10101,0,94037,94037,0,34]
10-28 02:19:19.221 I/sysui_multi_action( 1152): [757,128,758,2,793,94031,794,515,795,94031,796,17,798,33,806,com.thundersoft.notificationtest1,857,1111111111111111111111111111-f1caab1,858,3,946,ranker_group,947,0,1395,51,1500,93715,1688,1]
10-28 02:19:19.221 I/notification_visibility( 1152): [0|com.thundersoft.notificationtest1|17|null|10101,0,94031,94031,0,33]
10-28 02:19:19.222 I/sysui_multi_action( 1152): [757,128,758,2,793,94027,794,515,795,94027,796,18,798,32,806,com.thundersoft.notificationtest1,857,111111111111111111111111111-d478aba0,858,3,946,ranker_group,947,0,1395,51,1500,93696,1688,1]
10-28 02:19:19.223 I/notification_visibility( 1152): [0|com.thundersoft.notificationtest1|18|null|10101,0,94027,94027,0,32]
10-28 02:19:19.223 I/sysui_multi_action( 1152): [757,128,758,2,793,94024,794,514,795,94024,796,19,798,31,806,com.thundersoft.notificationtest1,857,111111111111111111111111111-ba9cc891,858,3,946,ranker_group,947,0,1395,51,1500,93692,1688,1]
10-28 02:19:19.224 I/notification_visibility( 1152): [0|com.thundersoft.notificationtest1|19|null|10101,0,94024,94024,0,31]
10-28 02:19:19.703 I/sysui_multi_action( 1152): [757,128,758,1,793,94313,794,0,795,94313,796,40,798,15,806,com.thundersoft.notificationtest1,857,111111111111111111111111111-ceafbf00,858,3,946,ranker_group,947,0,1395,51,1500,93711,1688,1]
10-28 02:19:19.703 I/sysui_multi_action( 1152): [757,804,799,note_freshness,801,94313,802,1]
10-28 02:19:19.703 I/notification_visibility( 1152): [0|com.thundersoft.notificationtest1|40|null|10101,1,94313,94313,0,15]
10-28 02:19:19.704 I/sysui_multi_action( 1152): [757,128,758,1,793,94227,794,0,795,94227,796,41,798,14,806,com.thundersoft.notificationtest1,857,1111111111111111111111111111-7482131,858,3,946,ranker_group,947,0,1395,51,1500,93662,1688,1]
10-28 02:19:19.705 I/sysui_multi_action( 1152): [757,804,799,note_freshness,801,94227,802,1]
10-28 02:19:19.705 I/notification_visibility( 1152): [0|com.thundersoft.notificationtest1|41|null|10101,1,94227,94227,0,14]
10-28 02:19:19.705 I/sysui_multi_action( 1152): [757,128,758,1,793,94195,794,0,795,94195,796,42,798,13,806,com.thundersoft.notificationtest1,857,111111111111111111111111111-e1bc0520,858,3,946,ranker_group,947,0,1395,51,1500,93659,1688,1]
10-28 02:19:19.706 I/sysui_multi_action( 1152): [757,804,799,note_freshness,801,94195,802,1]
10-28 02:19:19.706 I/notification_visibility( 1152): [0|com.thundersoft.notificationtest1|42|null|10101,1,94195,94195,0,13]
10-28 02:19:19.707 I/sysui_multi_action( 1152): [757,128,758,1,793,94401,794,0,795,94401,796,37,798,18,806,com.thundersoft.notificationtest1,857,111111111111111111111111111-2cdf3d71,858,3,946,ranker_group,947,0,1395,51,1500,93957,1688,1]
10-28 02:19:19.707 I/sysui_multi_action( 1152): [757,804,799,note_freshness,801,94401,802,1]
10-28 02:19:19.707 I/notification_visibility( 1152): [0|com.thundersoft.notificationtest1|37|null|10101,1,94401,94401,0,18]
10-28 02:19:19.708 I/sysui_multi_action( 1152): [757,128,758,1,793,94354,794,0,795,94354,796,38,798,17,806,com.thundersoft.notificationtest1,857,111111111111111111111111111-6f0870e0,858,3,946,ranker_group,947,0,1395,51,1500,93883,1688,1]
10-28 02:19:19.709 I/sysui_multi_action( 1152): [757,804,799,note_freshness,801,94354,802,1]
10-28 02:19:19.709 I/notification_visibility( 1152): [0|com.thundersoft.notificationtest1|38|null|10101,1,94354,94354,0,17]
10-28 02:19:19.710 I/sysui_multi_action( 1152): [757,128,758,1,793,94345,794,0,795,94345,796,39,798,16,806,com.thundersoft.notificationtest1,857,111111111111111111111111111-7205ab51,858,3,946,ranker_group,947,0,1395,51,1500,93783,1688,1]
10-28 02:19:19.710 I/sysui_multi_action( 1152): [757,804,799,note_freshness,801,94345,802,1]
10-28 02:19:19.710 I/notification_visibility( 1152): [0|com.thundersoft.notificationtest1|39|null|10101,1,94345,94345,0,16]
10-28 02:19:19.711 I/sysui_multi_action( 1152): [757,128,758,2,793,94450,794,508,795,94450,796,30,798,25,806,com.thundersoft.notificationtest1,857,111111111111111111111111111-ec34e860,858,3,946,ranker_group,947,0,1395,51,1500,94080,1688,1]
10-28 02:19:19.711 I/notification_visibility( 1152): [0|com.thundersoft.notificationtest1|30|null|10101,0,94450,94450,0,25]
10-28 02:19:19.712 I/sysui_multi_action( 1152): [757,128,758,2,793,94445,794,505,795,94445,796,31,798,24,806,com.thundersoft.notificationtest1,857,111111111111111111111111111-9a6823d1,858,3,946,ranker_group,947,0,1395,51,1500,94077,1688,1]
10-28 02:19:19.712 I/notification_visibility( 1152): [0|com.thundersoft.notificationtest1|31|null|10101,0,94445,94445,0,24]
10-28 02:19:19.712 I/sysui_multi_action( 1152): [757,128,758,2,793,94440,794,505,795,94440,796,32,798,23,806,com.thundersoft.notificationtest1,857,111111111111111111111111111-b29c5680,858,3,946,ranker_group,947,0,1395,51,1500,94076,1688,1]
10-28 02:19:19.713 I/notification_visibility( 1152): [0|com.thundersoft.notificationtest1|32|null|10101,0,94440,94440,0,23]
10-28 02:19:19.713 I/sysui_multi_action( 1152): [757,128,758,2,793,94433,794,503,795,94433,796,33,798,22,806,com.thundersoft.notificationtest1,857,111111111111111111111111111-a0ee79b1,858,3,946,ranker_group,947,0,1395,51,1500,94072,1688,1]
10-28 02:19:19.714 I/notification_visibility( 1152): [0|com.thundersoft.notificationtest1|33|null|10101,0,94433,94433,0,22]
10-28 02:19:19.714 I/sysui_multi_action( 1152): [757,128,758,2,793,94494,794,502,795,94494,796,23,798,27,806,com.thundersoft.notificationtest1,857,111111111111111111111111111-170b1c51,858,3,946,ranker_group,947,0,1395,51,1500,94147,1688,1]
10-28 02:19:19.715 I/notification_visibility( 1152): [0|com.thundersoft.notificationtest1|23|null|10101,0,94494,94494,0,27]
10-28 02:19:19.715 I/sysui_multi_action( 1152): [757,128,758,2,793,94487,794,500,795,94487,796,24,798,26,806,com.thundersoft.notificationtest1,857,111111111111111111111111111-ca586e00,858,3,946,ranker_group,947,0,1395,51,1500,94141,1688,1]
10-28 02:19:19.715 I/notification_visibility( 1152): [0|com.thundersoft.notificationtest1|24|null|10101,0,94487,94487,0,26]
10-28 02:19:20.203 I/sysui_multi_action( 1152): [757,128,758,1,793,94656,794,0,795,94656,796,44,798,11,806,com.thundersoft.notificationtest1,857,111111111111111111111111111-62cf4340,858,3,946,ranker_group,947,0,1395,51,1500,94117,1688,1]
10-28 02:19:20.203 I/sysui_multi_action( 1152): [757,804,799,note_freshness,801,94656,802,1]
10-28 02:19:20.204 I/notification_visibility( 1152): [0|com.thundersoft.notificationtest1|44|null|10101,1,94656,94656,0,11]
10-28 02:19:20.204 I/sysui_multi_action( 1152): [757,128,758,1,793,94625,794,0,795,94625,796,45,798,10,806,com.thundersoft.notificationtest1,857,111111111111111111111111111-f71924f1,858,3,946,ranker_group,947,0,1395,51,1500,94097,1688,1]
10-28 02:19:20.205 I/sysui_multi_action( 1152): [757,804,799,note_freshness,801,94625,802,1]
10-28 02:19:20.205 I/notification_visibility( 1152): [0|com.thundersoft.notificationtest1|45|null|10101,1,94625,94625,0,10]
10-28 02:19:20.206 I/sysui_multi_action( 1152): [757,128,758,1,793,94585,794,0,795,94585,796,46,798,9,806,com.thundersoft.notificationtest1,857,111111111111111111111111111-ec0b7960,858,3,946,ranker_group,947,0,1395,51,1500,94096,1688,1]
10-28 02:19:20.206 I/sysui_multi_action( 1152): [757,804,799,note_freshness,801,94585,802,1]
10-28 02:19:20.206 I/notification_visibility( 1152): [0|com.thundersoft.notificationtest1|46|null|10101,1,94585,94585,0,9]
10-28 02:19:20.207 I/sysui_multi_action( 1152): [757,128,758,1,793,94580,794,0,795,94580,796,47,798,8,806,com.thundersoft.notificationtest1,857,111111111111111111111111111-9563b2d1,858,3,946,ranker_group,947,0,1395,51,1500,94094,1688,1]
10-28 02:19:20.207 I/sysui_multi_action( 1152): [757,804,799,note_freshness,801,94580,802,1]
10-28 02:19:20.208 I/notification_visibility( 1152): [0|com.thundersoft.notificationtest1|47|null|10101,1,94580,94580,0,8]
10-28 02:19:20.208 I/sysui_multi_action( 1152): [757,128,758,1,793,94579,794,0,795,94579,796,48,798,7,806,com.thundersoft.notificationtest1,857,111111111111111111111111111-1712a780,858,3,946,ranker_group,947,0,1395,51,1500,94091,1688,1]
10-28 02:19:20.209 I/sysui_multi_action( 1152): [757,804,799,note_freshness,801,94579,802,1]
10-28 02:19:20.209 I/notification_visibility( 1152): [0|com.thundersoft.notificationtest1|48|null|10101,1,94579,94579,0,7]
10-28 02:19:20.210 I/sysui_multi_action( 1152): [757,128,758,1,793,94578,794,0,795,94578,796,49,798,6,806,com.thundersoft.notificationtest1,857,111111111111111111111111111-cb4248b1,858,3,946,ranker_group,947,0,1395,51,1500,94054,1688,1]
10-28 02:19:20.210 I/sysui_multi_action( 1152): [757,804,799,note_freshness,801,94578,802,1]
10-28 02:19:20.210 I/notification_visibility( 1152): [0|com.thundersoft.notificationtest1|49|null|10101,1,94578,94578,0,6]
10-28 02:19:20.211 I/sysui_multi_action( 1152): [757,128,758,2,793,94822,794,509,795,94822,796,40,798,15,806,com.thundersoft.notificationtest1,857,111111111111111111111111111-ceafbf00,858,3,946,ranker_group,947,0,1395,51,1500,94220,1688,1]
10-28 02:19:20.211 I/notification_visibility( 1152): [0|com.thundersoft.notificationtest1|40|null|10101,0,94822,94822,0,15]
10-28 02:19:20.212 I/sysui_multi_action( 1152): [757,128,758,2,793,94735,794,508,795,94735,796,41,798,14,806,com.thundersoft.notificationtest1,857,1111111111111111111111111111-7482131,858,3,946,ranker_group,947,0,1395,51,1500,94170,1688,1]
10-28 02:19:20.212 I/notification_visibility( 1152): [0|com.thundersoft.notificationtest1|41|null|10101,0,94735,94735,0,14]
10-28 02:19:20.213 I/sysui_multi_action( 1152): [757,128,758,2,793,94703,794,508,795,94703,796,42,798,13,806,com.thundersoft.notificationtest1,857,111111111111111111111111111-e1bc0520,858,3,946,ranker_group,947,0,1395,51,1500,94167,1688,1]
10-28 02:19:20.213 I/notification_visibility( 1152): [0|com.thundersoft.notificationtest1|42|null|10101,0,94703,94703,0,13]
10-28 02:19:20.213 I/sysui_multi_action( 1152): [757,128,758,2,793,94907,794,506,795,94907,796,37,798,18,806,com.thundersoft.notificationtest1,857,111111111111111111111111111-2cdf3d71,858,3,946,ranker_group,947,0,1395,51,1500,94463,1688,1]
10-28 02:19:20.214 I/notification_visibility( 1152): [0|com.thundersoft.notificationtest1|37|null|10101,0,94907,94907,0,18]
10-28 02:19:20.214 I/sysui_multi_action( 1152): [757,128,758,2,793,94860,794,506,795,94860,796,38,798,17,806,com.thundersoft.notificationtest1,857,111111111111111111111111111-6f0870e0,858,3,946,ranker_group,947,0,1395,51,1500,94389,1688,1]
10-28 02:19:20.215 I/notification_visibility( 1152): [0|com.thundersoft.notificationtest1|38|null|10101,0,94860,94860,0,17]
10-28 02:19:20.215 I/sysui_multi_action( 1152): [757,128,758,2,793,94851,794,506,795,94851,796,39,798,16,806,com.thundersoft.notificationtest1,857,111111111111111111111111111-7205ab51,858,3,946,ranker_group,947,0,1395,51,1500,94289,1688,1]
10-28 02:19:20.215 I/notification_visibility( 1152): [0|com.thundersoft.notificationtest1|39|null|10101,0,94851,94851,0,16]
10-28 02:19:20.704 I/sysui_multi_action( 1152): [757,128,758,1,793,410924,794,0,795,410924,796,26,798,0,806,android,857,DEVELOPER_IMPORTANT,858,4,947,0,1395,51,1500,410709,1688,1]
10-28 02:19:20.705 I/sysui_multi_action( 1152): [757,804,799,note_freshness,801,410924,802,1]
10-28 02:19:20.706 I/notification_visibility( 1152): [-1|android|26|null|1000,1,410924,410924,0,0]
10-28 02:19:20.708 I/sysui_multi_action( 1152): [757,128,758,1,793,95063,794,0,795,95063,796,50,798,5,806,com.thundersoft.notificationtest1,857,111111111111111111111111111-9d06cda0,858,3,946,ranker_group,947,0,1395,51,1500,94546,1688,1]
10-28 02:19:20.708 I/sysui_multi_action( 1152): [757,804,799,note_freshness,801,95063,802,1]
10-28 02:19:20.708 I/notification_visibility( 1152): [0|com.thundersoft.notificationtest1|50|null|10101,1,95063,95063,0,5]
10-28 02:19:20.711 I/sysui_multi_action( 1152): [757,128,758,1,793,95063,794,0,795,95063,796,51,798,4,806,com.thundersoft.notificationtest1,857,1111111111111111111111111111-3d2e691,858,3,946,ranker_group,947,0,1395,51,1500,94547,1688,1]
10-28 02:19:20.712 I/sysui_multi_action( 1152): [757,804,799,note_freshness,801,95063,802,1]
10-28 02:19:20.713 I/notification_visibility( 1152): [0|com.thundersoft.notificationtest1|51|null|10101,1,95063,95063,0,4]
10-28 02:19:20.714 I/sysui_multi_action( 1152): [757,128,758,1,793,95382,794,0,795,95382,796,2147483647,797,ranker_group,798,3,806,com.thundersoft.notificationtest1,857,111111111111111111111111111-1369b480,858,3,946,ranker_group,947,1,1395,51,1500,95382,1688,1]
10-28 02:19:20.715 I/sysui_multi_action( 1152): [757,804,799,note_freshness,801,95382,802,1]
10-28 02:19:20.715 I/notification_visibility( 1152): [0|com.thundersoft.notificationtest1|2147483647|ranker_group|10101|ranker_group,1,95382,95382,0,3]
10-28 02:19:20.717 I/sysui_multi_action( 1152): [757,128,758,1,793,410644,794,0,795,410644,796,55,798,1,806,android,857,DEVELOPER,858,2,947,0,1395,51,1500,410440,1688,1]
10-28 02:19:20.718 I/sysui_multi_action( 1152): [757,804,799,note_freshness,801,410644,802,1]
10-28 02:19:20.718 I/notification_visibility( 1152): [-1|android|55|null|1000,1,410644,410644,0,1]
10-28 02:19:20.719 I/sysui_multi_action( 1152): [757,128,758,1,793,415149,794,0,795,415149,796,32,798,2,806,android,857,USB,858,1,947,0,1395,51,1500,414765,1688,1]
10-28 02:19:20.720 I/sysui_multi_action( 1152): [757,804,799,note_freshness,801,415149,802,1]
10-28 02:19:20.720 I/notification_visibility( 1152): [-1|android|32|null|1000,1,415149,415149,0,2]
10-28 02:19:20.722 I/sysui_multi_action( 1152): [757,128,758,2,793,95175,794,519,795,95175,796,44,798,11,806,com.thundersoft.notificationtest1,857,111111111111111111111111111-62cf4340,858,3,946,ranker_group,947,0,1395,51,1500,94636,1688,1]
10-28 02:19:20.722 I/notification_visibility( 1152): [0|com.thundersoft.notificationtest1|44|null|10101,0,95175,95175,0,11]
10-28 02:19:20.723 I/sysui_multi_action( 1152): [757,128,758,2,793,95144,794,519,795,95144,796,45,798,10,806,com.thundersoft.notificationtest1,857,111111111111111111111111111-f71924f1,858,3,946,ranker_group,947,0,1395,51,1500,94616,1688,1]
10-28 02:19:20.729 I/notification_visibility( 1152): [0|com.thundersoft.notificationtest1|45|null|10101,0,95144,95144,0,10]
10-28 02:19:20.730 I/sysui_multi_action( 1152): [757,128,758,2,793,95109,794,524,795,95109,796,46,798,9,806,com.thundersoft.notificationtest1,857,111111111111111111111111111-ec0b7960,858,3,946,ranker_group,947,0,1395,51,1500,94620,1688,1]
10-28 02:19:20.730 I/notification_visibility( 1152): [0|com.thundersoft.notificationtest1|46|null|10101,0,95109,95109,0,9]
10-28 02:19:20.731 I/sysui_multi_action( 1152): [757,128,758,2,793,95104,794,524,795,95104,796,47,798,8,806,com.thundersoft.notificationtest1,857,111111111111111111111111111-9563b2d1,858,3,946,ranker_group,947,0,1395,51,1500,94618,1688,1]
10-28 02:19:20.731 I/notification_visibility( 1152): [0|com.thundersoft.notificationtest1|47|null|10101,0,95104,95104,0,8]
10-28 02:19:20.732 I/sysui_multi_action( 1152): [757,128,758,2,793,95103,794,524,795,95103,796,48,798,7,806,com.thundersoft.notificationtest1,857,111111111111111111111111111-1712a780,858,3,946,ranker_group,947,0,1395,51,1500,94615,1688,1]
10-28 02:19:20.732 I/notification_visibility( 1152): [0|com.thundersoft.notificationtest1|48|null|10101,0,95103,95103,0,7]
10-28 02:19:20.733 I/sysui_multi_action( 1152): [757,128,758,2,793,95101,794,523,795,95101,796,49,798,6,806,com.thundersoft.notificationtest1,857,111111111111111111111111111-cb4248b1,858,3,946,ranker_group,947,0,1395,51,1500,94577,1688,1]
10-28 02:19:20.733 I/notification_visibility( 1152): [0|com.thundersoft.notificationtest1|49|null|10101,0,95101,95101,0,6]
10-28 02:19:21.265 I/sysui_multi_action( 1152): [757,128,758,1,793,95633,794,0,795,95633,796,49,798,6,806,com.thundersoft.notificationtest1,857,111111111111111111111111111-cb4248b1,858,3,946,ranker_group,947,0,1395,51,1500,95109,1688,1]
10-28 02:19:21.265 I/sysui_multi_action( 1152): [757,804,799,note_freshness,801,95633,802,1]
10-28 02:19:21.266 I/notification_visibility( 1152): [0|com.thundersoft.notificationtest1|49|null|10101,1,95633,95633,0,6]
10-28 02:19:21.267 I/sysui_multi_action( 1152): [757,128,758,2,793,411486,794,562,795,411486,796,26,798,0,806,android,857,DEVELOPER_IMPORTANT,858,4,947,0,1395,51,1500,411271,1688,1]
10-28 02:19:21.267 I/notification_visibility( 1152): [-1|android|26|null|1000,0,411486,411486,0,0]
10-28 02:19:21.767 I/sysui_multi_action( 1152): [757,128,758,1,793,96187,794,0,795,96187,796,45,798,10,806,com.thundersoft.notificationtest1,857,111111111111111111111111111-f71924f1,858,3,946,ranker_group,947,0,1395,51,1500,95659,1688,1]
10-28 02:19:21.768 I/sysui_multi_action( 1152): [757,804,799,note_freshness,801,96187,802,1]
10-28 02:19:21.768 I/notification_visibility( 1152): [0|com.thundersoft.notificationtest1|45|null|10101,1,96187,96187,0,10]
10-28 02:19:21.769 I/sysui_multi_action( 1152): [757,128,758,1,793,96148,794,0,795,96148,796,46,798,9,806,com.thundersoft.notificationtest1,857,111111111111111111111111111-ec0b7960,858,3,946,ranker_group,947,0,1395,51,1500,95659,1688,1]
10-28 02:19:21.770 I/sysui_multi_action( 1152): [757,804,799,note_freshness,801,96148,802,1]
10-28 02:19:21.770 I/notification_visibility( 1152): [0|com.thundersoft.notificationtest1|46|null|10101,1,96148,96148,0,9]
10-28 02:19:21.771 I/sysui_multi_action( 1152): [757,128,758,1,793,96144,794,0,795,96144,796,47,798,8,806,com.thundersoft.notificationtest1,857,111111111111111111111111111-9563b2d1,858,3,946,ranker_group,947,0,1395,51,1500,95658,1688,1]
10-28 02:19:21.771 I/sysui_multi_action( 1152): [757,804,799,note_freshness,801,96144,802,1]
10-28 02:19:21.775 I/notification_visibility( 1152): [0|com.thundersoft.notificationtest1|47|null|10101,1,96144,96144,0,8]
10-28 02:19:21.776 I/sysui_multi_action( 1152): [757,128,758,1,793,96147,794,0,795,96147,796,48,798,7,806,com.thundersoft.notificationtest1,857,111111111111111111111111111-1712a780,858,3,946,ranker_group,947,0,1395,51,1500,95659,1688,1]
10-28 02:19:21.778 I/sysui_multi_action( 1152): [757,804,799,note_freshness,801,96147,802,1]
10-28 02:19:21.779 I/notification_visibility( 1152): [0|com.thundersoft.notificationtest1|48|null|10101,1,96147,96147,0,7]
10-28 02:19:21.780 I/sysui_multi_action( 1152): [757,128,758,2,793,96448,794,1066,795,96448,796,2147483647,797,ranker_group,798,3,806,com.thundersoft.notificationtest1,857,111111111111111111111111111-1369b480,858,3,946,ranker_group,947,1,1395,51,1500,96448,1688,1]
10-28 02:19:21.782 I/notification_visibility( 1152): [0|com.thundersoft.notificationtest1|2147483647|ranker_group|10101|ranker_group,0,96448,96448,0,3]
10-28 02:19:21.783 I/sysui_multi_action( 1152): [757,128,758,2,793,411709,794,1065,795,411709,796,55,798,1,806,android,857,DEVELOPER,858,2,947,0,1395,51,1500,411505,1688,1]
10-28 02:19:21.784 I/notification_visibility( 1152): [-1|android|55|null|1000,0,411709,411709,0,1]
10-28 02:19:21.785 I/sysui_multi_action( 1152): [757,128,758,2,793,416215,794,1066,795,416215,796,32,798,2,806,android,857,USB,858,1,947,0,1395,51,1500,415831,1688,1]
10-28 02:19:21.786 I/notification_visibility( 1152): [-1|android|32|null|1000,0,416215,416215,0,2]
10-28 02:19:22.268 I/sysui_multi_action( 1152): [757,128,758,1,793,96936,794,0,795,96936,796,2147483647,797,ranker_group,798,3,806,com.thundersoft.notificationtest1,857,111111111111111111111111111-1369b480,858,3,946,ranker_group,947,1,1395,51,1500,96936,1688,1]
10-28 02:19:22.270 I/sysui_multi_action( 1152): [757,804,799,note_freshness,801,96936,802,1]
10-28 02:19:22.271 I/notification_visibility( 1152): [0|com.thundersoft.notificationtest1|2147483647|ranker_group|10101|ranker_group,1,96936,96936,0,3]
10-28 02:19:22.272 I/sysui_multi_action( 1152): [757,128,758,2,793,96693,794,506,795,96693,796,45,798,10,806,com.thundersoft.notificationtest1,857,111111111111111111111111111-f71924f1,858,3,946,ranker_group,947,0,1395,51,1500,96165,1688,1]
10-28 02:19:22.273 I/notification_visibility( 1152): [0|com.thundersoft.notificationtest1|45|null|10101,0,96693,96693,0,10]
10-28 02:19:22.274 I/sysui_multi_action( 1152): [757,128,758,2,793,96653,794,505,795,96653,796,46,798,9,806,com.thundersoft.notificationtest1,857,111111111111111111111111111-ec0b7960,858,3,946,ranker_group,947,0,1395,51,1500,96164,1688,1]
10-28 02:19:22.275 I/notification_visibility( 1152): [0|com.thundersoft.notificationtest1|46|null|10101,0,96653,96653,0,9]
