10-28 02:35:52.358 I/sysui_multi_action( 2084): [757,0,758,1,759,0,927,2,928,0,1593,1]
10-28 02:35:52.358 I/sysui_multi_action( 2084): [757,0,758,1,759,0,927,3,928,0,1593,1]
10-28 02:35:52.383 I/notification_enqueue( 1152): [10087,2084,com.android.systemui,2048,NULL,0,Notification(channel=updateNotification shortcut=null contentView=null vibrate=null sound=null defaults=0x0 flags=0x0 color=0x00000000 vis=PRIVATE),1]
10-28 02:35:52.384 I/sysui_multi_action( 2084): [757,111,758,2]
10-28 02:35:52.384 I/sysui_multi_action( 2084): [757,111,758,2]
10-28 02:35:52.386 I/sysui_multi_action( 1152): [757,128,758,2,793,164376,794,518,795,164376,796,2,798,53,806,com.thundersoft.notificationtest1,857,111111111111111111111111111-693c7971,858,3,946,ranker_group,947,0,1395,56,1500,164168,1688,1]
10-28 02:35:52.386 I/notification_visibility( 1152): [0|com.thundersoft.notificationtest1|2|null|10101,0,164376,164376,0,53]
10-28 02:35:52.387 I/sysui_multi_action( 1152): [757,128,758,2,793,164373,794,519,795,164373,796,3,798,52,806,com.thundersoft.notificationtest1,857,111111111111111111111111111-be52b4e0,858,3,946,ranker_group,947,0,1395,56,1500,164165,1688,1]
10-28 02:35:52.387 I/notification_visibility( 1152): [0|com.thundersoft.notificationtest1|3|null|10101,0,164373,164373,0,52]
10-28 02:35:52.400 I/am_wtf ( 1152): [0,1152,system_server,-1,DisplayDeviceConfig,requesting nits when no mapping exists.]
10-28 02:35:52.401 I/sysui_multi_action( 1152): [757,128,758,2,793,164383,794,533,795,164383,796,4,798,51,806,com.thundersoft.notificationtest1,857,1111111111111111111111111111-c03e751,858,3,946,ranker_group,947,0,1395,56,1500,164174,1688,1]
10-28 02:35:52.402 I/notification_visibility( 1152): [0|com.thundersoft.notificationtest1|4|null|10101,0,164383,164383,0,51]
10-28 02:35:52.402 I/sysui_multi_action( 1152): [757,128,758,2,793,164373,794,533,795,164373,796,5,798,50,806,com.thundersoft.notificationtest1,857,111111111111111111111111111-74790300,858,3,946,ranker_group,947,0,1395,56,1500,164155,1688,1]
10-28 02:35:52.402 I/notification_visibility( 1152): [0|com.thundersoft.notificationtest1|5|null|10101,0,164373,164373,0,50]
10-28 02:35:52.402 I/sysui_multi_action( 1152): [757,128,758,2,793,164369,794,533,795,164369,796,6,798,49,806,com.thundersoft.notificationtest1,857,111111111111111111111111111-1aa75d31,858,3,946,ranker_group,947,0,1395,56,1500,164147,1688,1]
10-28 02:35:52.402 I/notification_visibility( 1152): [0|com.thundersoft.notificationtest1|6|null|10101,0,164369,164369,0,49]
10-28 02:35:52.402 I/sysui_multi_action( 1152): [757,128,758,2,793,164364,794,533,795,164364,796,7,798,48,806,com.thundersoft.notificationtest1,857,111111111111111111111111111-3a444920,858,3,946,ranker_group,947,0,1395,56,1500,164142,1688,1]
10-28 02:35:52.402 I/notification_visibility( 1152): [0|com.thundersoft.notificationtest1|7|null|10101,0,164364,164364,0,48]
10-28 02:35:52.402 I/sysui_multi_action( 1152): [757,128,758,2,793,164360,794,532,795,164360,796,8,798,47,806,com.thundersoft.notificationtest1,857,1111111111111111111111111111-e44db11,858,3,946,ranker_group,947,0,1395,56,1500,164137,1688,1]
10-28 02:35:52.402 I/notification_visibility( 1152): [0|com.thundersoft.notificationtest1|8|null|10101,0,164360,164360,0,47]
10-28 02:35:52.402 I/am_wtf ( 1152): [0,1152,system_server,-1,DisplayDeviceConfig,requesting nits when no mapping exists.]
10-28 02:35:52.403 I/sysui_multi_action( 1152): [757,128,758,2,793,164045,794,63922,795,164045,796,50,798,5,806,com.thundersoft.notificationtest1,857,111111111111111111111111111-ab576671,858,3,946,ranker_group,947,0,1395,56,1500,163711,1688,1]
10-28 02:35:52.403 I/notification_visibility( 1152): [0|com.thundersoft.notificationtest1|50|null|10101,0,164045,164045,0,5]
10-28 02:35:52.403 I/sysui_multi_action( 1152): [757,128,758,2,793,164356,794,533,795,164356,796,9,798,46,806,com.thundersoft.notificationtest1,857,111111111111111111111111111-ba568740,858,3,946,ranker_group,947,0,1395,56,1500,164134,1688,1]
10-28 02:35:52.403 I/notification_visibility( 1152): [0|com.thundersoft.notificationtest1|9|null|10101,0,164356,164356,0,46]
10-28 02:35:52.403 I/sysui_multi_action( 1152): [757,128,758,2,793,164029,794,63921,795,164029,796,51,798,4,806,com.thundersoft.notificationtest1,857,111111111111111111111111111-bf9567e0,858,3,946,ranker_group,947,0,1395,56,1500,163685,1688,1]
10-28 02:35:52.403 I/notification_visibility( 1152): [0|com.thundersoft.notificationtest1|51|null|10101,0,164029,164029,0,4]
10-28 02:35:52.403 I/sysui_multi_action( 1152): [757,128,758,2,793,164205,794,533,795,164205,796,40,798,15,806,com.thundersoft.notificationtest1,857,111111111111111111111111111-ce90f911,858,3,946,ranker_group,947,0,1395,56,1500,163882,1688,1]
10-28 02:35:52.403 I/notification_visibility( 1152): [0|com.thundersoft.notificationtest1|40|null|10101,0,164205,164205,0,15]
10-28 02:35:52.403 I/sysui_multi_action( 1152): [757,128,758,2,793,164199,794,532,795,164199,796,41,798,14,806,com.thundersoft.notificationtest1,857,1111111111111111111111111111-38e2940,858,3,946,ranker_group,947,0,1395,56,1500,163869,1688,1]
10-28 02:35:52.403 I/notification_visibility( 1152): [0|com.thundersoft.notificationtest1|41|null|10101,0,164199,164199,0,14]
10-28 02:35:52.404 I/sysui_multi_action( 1152): [757,128,758,2,793,164190,794,533,795,164190,796,42,798,13,806,com.thundersoft.notificationtest1,857,111111111111111111111111111-6e36fef1,858,3,946,ranker_group,947,0,1395,56,1500,163865,1688,1]
10-28 02:35:52.404 I/notification_visibility( 1152): [0|com.thundersoft.notificationtest1|42|null|10101,0,164190,164190,0,13]
10-28 02:35:52.412 I/sysui_multi_action( 1152): [757,128,758,2,793,164271,794,541,795,164271,796,30,798,25,806,com.thundersoft.notificationtest1,857,111111111111111111111111111-428353b1,858,3,946,ranker_group,947,0,1395,56,1500,163964,1688,1]
10-28 02:35:52.412 I/notification_visibility( 1152): [0|com.thundersoft.notificationtest1|30|null|10101,0,164271,164271,0,25]
10-28 02:35:52.412 I/sysui_multi_action( 1152): [757,128,758,2,793,164183,794,540,795,164183,796,43,798,12,806,com.thundersoft.notificationtest1,857,111111111111111111111111111-58a8df60,858,3,946,ranker_group,947,0,1395,56,1500,163869,1688,1]
10-28 02:35:52.412 I/notification_visibility( 1152): [0|com.thundersoft.notificationtest1|43|null|10101,0,164183,164183,0,12]
10-28 02:35:52.413 I/sysui_multi_action( 1152): [757,128,758,2,793,164267,794,540,795,164267,796,31,798,24,806,com.thundersoft.notificationtest1,857,1111111111111111111111111111-de722a0,858,3,946,ranker_group,947,0,1395,56,1500,163941,1688,1]
10-28 02:35:52.413 I/notification_visibility( 1152): [0|com.thundersoft.notificationtest1|31|null|10101,0,164267,164267,0,24]
10-28 02:35:52.413 I/sysui_multi_action( 1152): [757,128,758,2,793,164176,794,541,795,164176,796,44,798,11,806,com.thundersoft.notificationtest1,857,111111111111111111111111111-bc730cd1,858,3,946,ranker_group,947,0,1395,56,1500,163859,1688,1]
10-28 02:35:52.413 I/notification_visibility( 1152): [0|com.thundersoft.notificationtest1|44|null|10101,0,164176,164176,0,11]
10-28 02:35:52.413 I/sysui_multi_action( 1152): [757,128,758,2,793,164256,794,540,795,164256,796,32,798,23,806,com.thundersoft.notificationtest1,857,111111111111111111111111111-aefd3191,858,3,946,ranker_group,947,0,1395,56,1500,163939,1688,1]
10-28 02:35:52.413 I/notification_visibility( 1152): [0|com.thundersoft.notificationtest1|32|null|10101,0,164256,164256,0,23]
10-28 02:35:52.413 I/sysui_multi_action( 1152): [757,128,758,2,793,164314,794,540,795,164314,796,20,798,35,806,com.thundersoft.notificationtest1,857,111111111111111111111111111-2a087651,858,3,946,ranker_group,947,0,1395,56,1500,164046,1688,1]
10-28 02:35:52.413 I/notification_visibility( 1152): [0|com.thundersoft.notificationtest1|20|null|10101,0,164314,164314,0,35]
10-28 02:35:52.413 I/sysui_multi_action( 1152): [757,128,758,2,793,164164,794,540,795,164164,796,45,798,10,806,com.thundersoft.notificationtest1,857,111111111111111111111111111-d1ee8d80,858,3,946,ranker_group,947,0,1395,56,1500,163852,1688,1]
10-28 02:35:52.413 I/notification_visibility( 1152): [0|com.thundersoft.notificationtest1|45|null|10101,0,164164,164164,0,10]
10-28 02:35:52.414 I/sysui_multi_action( 1152): [757,128,758,2,793,164252,794,541,795,164252,796,33,798,22,806,com.thundersoft.notificationtest1,857,111111111111111111111111111-30a900c0,858,3,946,ranker_group,947,0,1395,56,1500,163936,1688,1]
10-28 02:35:52.414 I/notification_visibility( 1152): [0|com.thundersoft.notificationtest1|33|null|10101,0,164252,164252,0,22]
10-28 02:35:52.414 I/sysui_multi_action( 1152): [757,128,758,2,793,164311,794,540,795,164311,796,21,798,34,806,com.thundersoft.notificationtest1,857,111111111111111111111111111-17065400,858,3,946,ranker_group,947,0,1395,56,1500,164042,1688,1]
10-28 02:35:52.414 I/notification_visibility( 1152): [0|com.thundersoft.notificationtest1|21|null|10101,0,164311,164311,0,34]
10-28 02:35:52.414 I/sysui_multi_action( 1152): [757,128,758,2,793,164138,794,539,795,164138,796,46,798,9,806,com.thundersoft.notificationtest1,857,111111111111111111111111111-6be322b1,858,3,946,ranker_group,947,0,1395,56,1500,163826,1688,1]
10-28 02:35:52.414 I/notification_visibility( 1152): [0|com.thundersoft.notificationtest1|46|null|10101,0,164138,164138,0,9]
10-28 02:35:52.414 I/sysui_multi_action( 1152): [757,128,758,2,793,164247,794,539,795,164247,796,34,798,21,806,com.thundersoft.notificationtest1,857,111111111111111111111111111-e4771771,858,3,946,ranker_group,947,0,1395,56,1500,163929,1688,1]
10-28 02:35:52.414 I/notification_visibility( 1152): [0|com.thundersoft.notificationtest1|34|null|10101,0,164247,164247,0,21]
10-28 02:35:52.415 I/sysui_multi_action( 1152): [757,128,758,2,793,164307,794,538,795,164307,796,22,798,33,806,com.thundersoft.notificationtest1,857,111111111111111111111111111-c9c42c31,858,3,946,ranker_group,947,0,1395,56,1500,164037,1688,1]
10-28 02:35:52.415 I/notification_visibility( 1152): [0|com.thundersoft.notificationtest1|22|null|10101,0,164307,164307,0,33]
10-28 02:35:52.415 I/sysui_multi_action( 1152): [757,128,758,2,793,164364,794,539,795,164364,796,10,798,45,806,com.thundersoft.notificationtest1,857,111111111111111111111111111-907a60f1,858,3,946,ranker_group,947,0,1395,56,1500,164141,1688,1]
10-28 02:35:52.415 I/notification_visibility( 1152): [0|com.thundersoft.notificationtest1|10|null|10101,0,164364,164364,0,45]
10-28 02:35:52.415 I/sysui_multi_action( 1152): [757,128,758,2,793,164121,794,63433,795,164121,796,47,798,8,806,com.thundersoft.notificationtest1,857,111111111111111111111111111-108133a0,858,3,946,ranker_group,947,0,1395,56,1500,163804,1688,1]
10-28 02:35:52.415 I/notification_visibility( 1152): [0|com.thundersoft.notificationtest1|47|null|10101,0,164121,164121,0,8]
10-28 02:35:52.415 I/sysui_multi_action( 1152): [757,128,758,2,793,164245,794,539,795,164245,796,35,798,20,806,com.thundersoft.notificationtest1,857,111111111111111111111111111-aa6bd6e0,858,3,946,ranker_group,947,0,1395,56,1500,163918,1688,1]
10-28 02:35:52.415 I/notification_visibility( 1152): [0|com.thundersoft.notificationtest1|35|null|10101,0,164245,164245,0,20]
10-28 02:35:52.415 I/sysui_multi_action( 1152): [757,128,758,2,793,164303,794,539,795,164303,796,23,798,32,806,com.thundersoft.notificationtest1,857,111111111111111111111111111-6ec15a20,858,3,946,ranker_group,947,0,1395,56,1500,164026,1688,1]
10-28 02:35:52.415 I/notification_visibility( 1152): [0|com.thundersoft.notificationtest1|23|null|10101,0,164303,164303,0,32]
10-28 02:35:52.416 I/sysui_multi_action( 1152): [757,128,758,2,793,164362,794,539,795,164362,796,11,798,44,806,com.thundersoft.notificationtest1,857,111111111111111111111111111-7ed1bd60,858,3,946,ranker_group,947,0,1395,56,1500,164137,1688,1]
10-28 02:35:52.416 I/notification_visibility( 1152): [0|com.thundersoft.notificationtest1|11|null|10101,0,164362,164362,0,44]
10-28 02:35:52.416 I/sysui_multi_action( 1152): [757,128,758,2,793,164107,794,63433,795,164107,796,48,798,7,806,com.thundersoft.notificationtest1,857,111111111111111111111111111-ffa54091,858,3,946,ranker_group,947,0,1395,56,1500,163783,1688,1]
10-28 02:35:52.416 I/notification_visibility( 1152): [0|com.thundersoft.notificationtest1|48|null|10101,0,164107,164107,0,7]
10-28 02:35:52.416 I/sysui_multi_action( 1152): [757,128,758,2,793,164242,794,539,795,164242,796,36,798,19,806,com.thundersoft.notificationtest1,857,111111111111111111111111111-a30f0551,858,3,946,ranker_group,947,0,1395,56,1500,163916,1688,1]
10-28 02:35:52.416 I/notification_visibility( 1152): [0|com.thundersoft.notificationtest1|36|null|10101,0,164242,164242,0,19]
10-28 02:35:52.417 I/sysui_multi_action( 1152): [757,128,758,2,793,164300,794,540,795,164300,796,24,798,31,806,com.thundersoft.notificationtest1,857,111111111111111111111111111-6969ea11,858,3,946,ranker_group,947,0,1395,56,1500,164016,1688,1]
10-28 02:35:52.417 I/notification_visibility( 1152): [0|com.thundersoft.notificationtest1|24|null|10101,0,164300,164300,0,31]
10-28 02:35:52.417 I/sysui_multi_action( 1152): [757,128,758,2,793,164358,794,539,795,164358,796,12,798,43,806,com.thundersoft.notificationtest1,857,111111111111111111111111111-5b65eed1,858,3,946,ranker_group,947,0,1395,56,1500,164123,1688,1]
10-28 02:35:52.417 I/notification_visibility( 1152): [0|com.thundersoft.notificationtest1|12|null|10101,0,164358,164358,0,43]
10-28 02:35:52.417 I/sysui_multi_action( 1152): [757,128,758,2,793,164090,794,63933,795,164090,796,49,798,6,806,com.thundersoft.notificationtest1,857,111111111111111111111111111-f502d1c0,858,3,946,ranker_group,947,0,1395,56,1500,163760,1688,1]
10-28 02:35:52.417 I/notification_visibility( 1152): [0|com.thundersoft.notificationtest1|49|null|10101,0,164090,164090,0,6]
10-28 02:35:52.417 I/sysui_multi_action( 1152): [757,128,758,2,793,164233,794,539,795,164233,796,37,798,18,806,com.thundersoft.notificationtest1,857,111111111111111111111111111-bed1a500,858,3,946,ranker_group,947,0,1395,56,1500,163914,1688,1]
10-28 02:35:52.417 I/notification_visibility( 1152): [0|com.thundersoft.notificationtest1|37|null|10101,0,164233,164233,0,18]
10-28 02:35:52.417 I/sysui_multi_action( 1152): [757,128,758,2,793,164295,794,539,795,164295,796,25,798,30,806,com.thundersoft.notificationtest1,857,111111111111111111111111111-c3d35840,858,3,946,ranker_group,947,0,1395,56,1500,164002,1688,1]
10-28 02:35:52.417 I/notification_visibility( 1152): [0|com.thundersoft.notificationtest1|25|null|10101,0,164295,164295,0,30]
10-28 02:35:52.418 I/sysui_multi_action( 1152): [757,128,758,2,793,164355,794,539,795,164355,796,13,798,42,806,com.thundersoft.notificationtest1,857,111111111111111111111111111-1157eb80,858,3,946,ranker_group,947,0,1395,56,1500,164110,1688,1]
10-28 02:35:52.418 I/notification_visibility( 1152): [0|com.thundersoft.notificationtest1|13|null|10101,0,164355,164355,0,42]
10-28 02:35:52.418 I/sysui_multi_action( 1152): [757,128,758,2,793,164229,794,539,795,164229,796,38,798,17,806,com.thundersoft.notificationtest1,857,111111111111111111111111111-1b62fb31,858,3,946,ranker_group,947,0,1395,56,1500,163912,1688,1]
10-28 02:35:52.418 I/notification_visibility( 1152): [0|com.thundersoft.notificationtest1|38|null|10101,0,164229,164229,0,17]
10-28 02:35:52.418 I/sysui_multi_action( 1152): [757,128,758,2,793,164292,794,539,795,164292,796,26,798,29,806,com.thundersoft.notificationtest1,857,111111111111111111111111111-b697aff1,858,3,946,ranker_group,947,0,1395,56,1500,163995,1688,1]
10-28 02:35:52.419 I/notification_visibility( 1152): [0|com.thundersoft.notificationtest1|26|null|10101,0,164292,164292,0,29]
10-28 02:35:52.419 I/sysui_multi_action( 1152): [757,128,758,2,793,164176,794,63935,795,164176,796,2147483647,797,ranker_group,798,3,806,com.thundersoft.notificationtest1,857,1111111111111111111111111111-9b31391,858,3,946,ranker_group,947,1,1395,56,1500,164176,1688,1]
10-28 02:35:52.419 I/notification_visibility( 1152): [0|com.thundersoft.notificationtest1|2147483647|ranker_group|10101|ranker_group,0,164176,164176,0,3]
10-28 02:35:52.420 I/sysui_multi_action( 1152): [757,128,758,2,793,164348,794,540,795,164348,796,14,798,41,806,com.thundersoft.notificationtest1,857,111111111111111111111111111-19a584b1,858,3,946,ranker_group,947,0,1395,56,1500,164105,1688,1]
10-28 02:35:52.420 I/notification_visibility( 1152): [0|com.thundersoft.notificationtest1|14|null|10101,0,164348,164348,0,41]
10-28 02:35:52.420 I/sysui_multi_action( 1152): [757,128,758,2,793,164227,794,540,795,164227,796,39,798,16,806,com.thundersoft.notificationtest1,857,111111111111111111111111111-50fc6b20,858,3,946,ranker_group,947,0,1395,56,1500,163901,1688,1]
10-28 02:35:52.420 I/notification_visibility( 1152): [0|com.thundersoft.notificationtest1|39|null|10101,0,164227,164227,0,16]
10-28 02:35:52.420 I/sysui_multi_action( 1152): [757,128,758,2,793,164290,794,534,795,164290,796,27,798,28,806,com.thundersoft.notificationtest1,857,111111111111111111111111111-1c5e4e60,858,3,946,ranker_group,947,0,1395,56,1500,163990,1688,1]
10-28 02:35:52.420 I/notification_visibility( 1152): [0|com.thundersoft.notificationtest1|27|null|10101,0,164290,164290,0,28]
10-28 02:35:52.421 I/sysui_multi_action( 1152): [757,128,758,2,793,164345,794,535,795,164345,796,15,798,40,806,com.thundersoft.notificationtest1,857,111111111111111111111111111-1b0b11a0,858,3,946,ranker_group,947,0,1395,56,1500,164100,1688,1]
10-28 02:35:52.421 I/notification_visibility( 1152): [0|com.thundersoft.notificationtest1|15|null|10101,0,164345,164345,0,40]
10-28 02:35:52.421 I/sysui_multi_action( 1152): [757,128,758,2,793,164287,794,534,795,164287,796,28,798,27,806,com.thundersoft.notificationtest1,857,111111111111111111111111111-6f6b7dd1,858,3,946,ranker_group,947,0,1395,56,1500,163986,1688,1]
10-28 02:35:52.421 I/notification_visibility( 1152): [0|com.thundersoft.notificationtest1|28|null|10101,0,164287,164287,0,27]
10-28 02:35:52.421 I/sysui_multi_action( 1152): [757,128,758,2,793,164340,794,534,795,164340,796,16,798,39,806,com.thundersoft.notificationtest1,857,111111111111111111111111111-46572291,858,3,946,ranker_group,947,0,1395,56,1500,164084,1688,1]
10-28 02:35:52.421 I/notification_visibility( 1152): [0|com.thundersoft.notificationtest1|16|null|10101,0,164340,164340,0,39]
10-28 02:35:52.421 I/sysui_multi_action( 1152): [757,128,758,2,793,164283,794,534,795,164283,796,29,798,26,806,com.thundersoft.notificationtest1,857,111111111111111111111111111-7e043c80,858,3,946,ranker_group,947,0,1395,56,1500,163981,1688,1]
10-28 02:35:52.421 I/notification_visibility( 1152): [0|com.thundersoft.notificationtest1|29|null|10101,0,164283,164283,0,26]
10-28 02:35:52.421 I/sysui_multi_action( 1152): [757,128,758,2,793,164335,794,533,795,164335,796,17,798,38,806,com.thundersoft.notificationtest1,857,111111111111111111111111111-848d2fc0,858,3,946,ranker_group,947,0,1395,56,1500,164076,1688,1]
10-28 02:35:52.422 I/notification_visibility( 1152): [0|com.thundersoft.notificationtest1|17|null|10101,0,164335,164335,0,38]
10-28 02:35:52.422 I/sysui_multi_action( 1152): [757,128,758,2,793,164332,794,534,795,164332,796,18,798,37,806,com.thundersoft.notificationtest1,857,1111111111111111111111111111-d18c871,858,3,946,ranker_group,947,0,1395,56,1500,164070,1688,1]
10-28 02:35:52.422 I/notification_visibility( 1152): [0|com.thundersoft.notificationtest1|18|null|10101,0,164332,164332,0,37]
10-28 02:35:52.422 I/sysui_multi_action( 1152): [757,128,758,2,793,164329,794,534,795,164329,796,19,798,36,806,com.thundersoft.notificationtest1,857,111111111111111111111111111-960045e0,858,3,946,ranker_group,947,0,1395,56,1500,164065,1688,1]
10-28 02:35:52.422 I/notification_visibility( 1152): [0|com.thundersoft.notificationtest1|19|null|10101,0,164329,164329,0,36]
10-28 02:35:52.422 I/sysui_multi_action( 1152): [757,128,758,2,793,164420,794,533,795,164420,796,0,798,55,806,com.thundersoft.notificationtest1,857,1111111111111111111111111111-9b31391,858,3,946,ranker_group,947,0,1395,56,1500,164217,1688,1]
10-28 02:35:52.422 I/notification_visibility( 1152): [0|com.thundersoft.notificationtest1|0|null|10101,0,164420,164420,0,55]
10-28 02:35:52.422 I/sysui_multi_action( 1152): [757,128,758,2,793,164416,794,533,795,164416,796,1,798,54,806,com.thundersoft.notificationtest1,857,111111111111111111111111111-2caf5ec0,858,3,946,ranker_group,947,0,1395,56,1500,164209,1688,1]
10-28 02:35:52.422 I/notification_visibility( 1152): [0|com.thundersoft.notificationtest1|1|null|10101,0,164416,164416,0,54]
10-28 02:35:52.428 I/sysui_multi_action( 1152): [757,127,758,2]
10-28 02:35:52.428 I/notification_panel_hidden( 1152):
10-28 02:35:52.438 I/am_wtf ( 1152): [0,1152,system_server,-1,DisplayDeviceConfig,requesting nits when no mapping exists.]
10-28 02:35:52.439 I/am_wtf ( 1152): [0,1152,system_server,-1,DisplayDeviceConfig,requesting nits when no mapping exists.]
10-28 02:35:52.469 I/am_wtf ( 1152): [0,1152,system_server,-1,DisplayDeviceConfig,requesting nits when no mapping exists.]
10-28 02:35:52.471 I/am_wtf ( 1152): [0,1152,system_server,-1,DisplayDeviceConfig,requesting nits when no mapping exists.]
10-28 02:35:52.506 I/am_wtf ( 1152): [0,1152,system_server,-1,DisplayDeviceConfig,requesting nits when no mapping exists.]
10-28 02:35:52.509 I/am_wtf ( 1152): [0,1152,system_server,-1,DisplayDeviceConfig,requesting nits when no mapping exists.]
10-28 02:35:52.523 I/sysui_multi_action( 2084): [757,111,758,1]
10-28 02:35:52.524 I/sysui_multi_action( 2084): [757,126,758,1,759,126,927,0,928,1,1593,0]
10-28 02:35:52.524 I/sysui_multi_action( 2084): [757,113,758,1,759,113,927,1,928,1,1593,0]
10-28 02:35:52.524 I/sysui_multi_action( 2084): [757,0,758,1,759,0,927,2,928,0,1593,0]
10-28 02:35:52.524 I/sysui_multi_action( 2084): [757,0,758,1,759,0,927,3,928,0,1593,0]
10-28 02:35:52.524 I/sysui_multi_action( 2084): [757,491,758,1,759,491,927,4,928,0,1311,-1,1593,0]
10-28 02:35:52.525 I/sysui_multi_action( 2084): [757,0,758,1,759,0,927,5,928,0,1593,0]
10-28 02:35:52.525 I/sysui_multi_action( 2084): [757,0,758,1,759,0,927,6,1593,0]
10-28 02:35:52.525 I/sysui_multi_action( 2084): [757,111,758,1]
10-28 02:35:52.525 I/sysui_multi_action( 2084): [757,126,758,1,759,126,927,0,928,1,1593,0]
10-28 02:35:52.525 I/sysui_multi_action( 2084): [757,113,758,1,759,113,927,1,928,1,1593,0]
10-28 02:35:52.526 I/sysui_multi_action( 2084): [757,0,758,1,759,0,927,2,928,0,1593,0]
10-28 02:35:52.526 I/sysui_multi_action( 2084): [757,0,758,1,759,0,927,3,928,0,1593,0]
10-28 02:35:52.554 I/am_wtf ( 1152): [0,1152,system_server,-1,DisplayDeviceConfig,requesting nits when no mapping exists.]
10-28 02:35:52.556 I/am_wtf ( 1152): [0,1152,system_server,-1,DisplayDeviceConfig,requesting nits when no mapping exists.]
10-28 02:35:52.591 I/am_wtf ( 1152): [0,1152,system_server,-1,DisplayDeviceConfig,requesting nits when no mapping exists.]
10-28 02:35:52.593 I/am_wtf ( 1152): [0,1152,system_server,-1,DisplayDeviceConfig,requesting nits when no mapping exists.]
10-28 02:35:52.632 I/am_wtf ( 1152): [0,1152,system_server,-1,DisplayDeviceConfig,requesting nits when no mapping exists.]
10-28 02:35:52.634 I/am_wtf ( 1152): [0,1152,system_server,-1,DisplayDeviceConfig,requesting nits when no mapping exists.]
10-28 02:35:52.673 I/am_wtf ( 1152): [0,1152,system_server,-1,DisplayDeviceConfig,requesting nits when no mapping exists.]
10-28 02:35:52.676 I/am_wtf ( 1152): [0,1152,system_server,-1,DisplayDeviceConfig,requesting nits when no mapping exists.]
10-28 02:35:52.701 I/am_wtf ( 1152): [0,1152,system_server,-1,DisplayDeviceConfig,requesting nits when no mapping exists.]
10-28 02:35:52.707 I/am_wtf ( 1152): [0,1152,system_server,-1,DisplayDeviceConfig,requesting nits when no mapping exists.]
10-28 02:35:52.734 I/am_wtf ( 1152): [0,1152,system_server,-1,DisplayDeviceConfig,requesting nits when no mapping exists.]
10-28 02:35:52.735 I/am_wtf ( 1152): [0,1152,system_server,-1,DisplayDeviceConfig,requesting nits when no mapping exists.]
10-28 02:35:52.773 I/am_wtf ( 1152): [0,1152,system_server,-1,DisplayDeviceConfig,requesting nits when no mapping exists.]
10-28 02:35:52.774 I/am_wtf ( 1152): [0,1152,system_server,-1,DisplayDeviceConfig,requesting nits when no mapping exists.]
10-28 02:35:52.812 I/am_wtf ( 1152): [0,1152,system_server,-1,DisplayDeviceConfig,requesting nits when no mapping exists.]
10-28 02:35:52.814 I/am_wtf ( 1152): [0,1152,system_server,-1,DisplayDeviceConfig,requesting nits when no mapping exists.]
10-28 02:35:52.845 I/am_wtf ( 1152): [0,1152,system_server,-1,DisplayDeviceConfig,requesting nits when no mapping exists.]
10-28 02:35:52.849 I/am_wtf ( 1152): [0,1152,system_server,-1,DisplayDeviceConfig,requesting nits when no mapping exists.]
10-28 02:35:52.880 I/am_wtf ( 1152): [0,1152,system_server,-1,DisplayDeviceConfig,requesting nits when no mapping exists.]
10-28 02:35:52.883 I/am_wtf ( 1152): [0,1152,system_server,-1,DisplayDeviceConfig,requesting nits when no mapping exists.]
10-28 02:35:52.917 I/am_wtf ( 1152): [0,1152,system_server,-1,DisplayDeviceConfig,requesting nits when no mapping exists.]
10-28 02:35:52.920 I/am_wtf ( 1152): [0,1152,system_server,-1,DisplayDeviceConfig,requesting nits when no mapping exists.]
10-28 02:36:11.355 I/input_interaction( 1152): Interaction with: 41e2cc com.android.deskclock/android.service.dreams.DreamActivity (server), edge-swipe (server), swipe-up (server), PointerEventDispatcher0 (server),
10-28 02:36:11.359 I/wm_finish_activity( 1152): [0,145702387,51,com.android.deskclock/android.service.dreams.DreamActivity,finish-activity]
10-28 02:36:11.360 I/wm_task_moved( 1152): [1,1,6]
10-28 02:36:11.361 I/wm_task_moved( 1152): [44,1,2147483647]
10-28 02:36:11.362 I/wm_task_to_front( 1152): [0,44]
10-28 02:36:11.362 I/wm_focused_root_task( 1152): [0,0,1,51,finish-top adjustFocusToNextFocusableTask]
10-28 02:36:11.363 I/wm_set_resumed_activity( 1152): [0,com.android.launcher3/.uioverrides.QuickstepLauncher,finish-top adjustFocusToNextFocusableTask]
10-28 02:36:11.365 I/wm_pause_activity( 1152): [0,145702387,com.android.deskclock/android.service.dreams.DreamActivity,userLeaving=false,finish]
10-28 02:36:11.386 I/wm_on_top_resumed_lost_called( 2812): [145702387,android.service.dreams.DreamActivity,topStateChangedWhenResumed]
10-28 02:36:11.389 I/wm_on_paused_called( 2812): [145702387,android.service.dreams.DreamActivity,performPause]
10-28 02:36:11.390 I/wm_add_to_stopping( 1152): [0,145702387,com.android.deskclock/android.service.dreams.DreamActivity,completeFinishing]
10-28 02:36:11.394 I/wm_set_resumed_activity( 1152): [0,com.android.launcher3/.uioverrides.QuickstepLauncher,resumeTopActivityInnerLocked]
10-28 02:36:11.395 I/wm_resume_activity( 1152): [0,231814419,44,com.android.launcher3/.uioverrides.QuickstepLauncher]
10-28 02:36:11.406 I/input_focus( 1152): [Focus leaving 41e2cc com.android.deskclock/android.service.dreams.DreamActivity (server),reason=NO_WINDOW]
10-28 02:36:11.410 I/view_enqueue_input_event( 2812): [Motion - Cancel,com.android.deskclock/android.service.dreams.DreamActivity]
10-28 02:36:11.418 I/sysui_multi_action( 1152): [757,803,799,window_time_0,802,19]
10-28 02:36:11.418 I/wm_on_restart_called( 2641): [231814419,com.android.launcher3.uioverrides.QuickstepLauncher,performRestartActivity]
10-28 02:36:11.419 I/wm_on_start_called( 2641): [231814419,com.android.launcher3.uioverrides.QuickstepLauncher,handleStartActivity]
10-28 02:36:11.420 I/wm_on_resume_called( 2641): [231814419,com.android.launcher3.uioverrides.QuickstepLauncher,RESUME_ACTIVITY]
10-28 02:36:11.420 I/wm_on_top_resumed_gained_called( 2641): [231814419,com.android.launcher3.uioverrides.QuickstepLauncher,topWhenResuming]
10-28 02:36:11.422 I/sysui_multi_action( 1152): [757,803,799,window_time_0,802,0]
10-28 02:36:11.424 I/am_uid_running( 1152): 10092
10-28 02:36:11.426 I/am_uid_running( 1152): 10068
10-28 02:36:11.445 I/input_focus( 1152): [Focus request a79836 com.android.launcher3/com.android.launcher3.uioverrides.QuickstepLauncher,reason=UpdateInputWindows]
10-28 02:36:11.468 I/am_proc_start( 1152): [0,4973,10092,com.android.music,NULL,]
10-28 02:36:11.486 I/input_focus( 1152): [Focus entering a79836 com.android.launcher3/com.android.launcher3.uioverrides.QuickstepLauncher (server),reason=Window became focusable. Previous reason: NOT_VISIBLE]
10-28 02:36:11.545 I/am_proc_bound( 1152): [0,4973,com.android.music]
10-28 02:36:11.570 I/am_proc_start( 1152): [0,4994,10068,com.android.calendar,NULL,]
10-28 02:36:11.643 I/am_proc_bound( 1152): [0,4994,com.android.calendar]
10-28 02:36:11.731 I/dvm_lock_sample( 1152): [system_server,1,android.display,6,ActivityTaskSupervisor.java,2557,void com.android.server.wm.ActivityTaskSupervisor$ActivityTaskSupervisorHandler.handleMessage(android.os.Message),WindowSurfacePlacer.java,58,void com.android.server.wm.WindowSurfacePlacer$Traverser.run(),1]
10-28 02:36:11.732 I/wm_destroy_activity( 1152): [0,145702387,51,com.android.deskclock/android.service.dreams.DreamActivity,finish-imm:idle]
10-28 02:36:11.777 I/wm_on_stop_called( 2812): [145702387,android.service.dreams.DreamActivity,LIFECYCLER_STOP_ACTIVITY]
10-28 02:36:11.777 I/wm_on_destroy_called( 2812): [145702387,android.service.dreams.DreamActivity,performDestroy]
10-28 02:36:11.786 I/sysui_multi_action( 1152): [757,222,758,2]
10-28 02:36:11.786 I/sysui_multi_action( 1152): [757,804,799,dreaming_minutes,801,0,802,1]
10-28 02:36:11.819 I/wm_task_removed( 1152): [51,removeChild:removeChild last r=ActivityRecord{8af3df3 u0 com.android.deskclock/android.service.dreams.DreamActivity t-1 f}} in t=Task{fbeb72c #51 type=dream A=10072:android:com.android.deskclock/dream U=0 visible=false mode=fullscreen translucent=true sz=0}]
10-28 02:36:11.819 I/wm_task_removed( 1152): [51,removeChild]
10-28 02:36:12.292 I/input_interaction( 1152): Interaction with: a79836 com.android.launcher3/com.android.launcher3.uioverrides.QuickstepLauncher (server), 33945f com.android.systemui.ImageWallpaper (server), edge-swipe (server), swipe-up (server), PointerEventDispatcher0 (server),
10-28 02:36:13.847 I/input_interaction( 1152): Interaction with: edge-swipe (server), swipe-up (server), PointerEventDispatcher0 (server),
10-28 02:36:13.851 I/view_enqueue_input_event( 2641): [Motion - Cancel,com.android.launcher3/com.android.launcher3.uioverrides.QuickstepLauncher]
10-28 02:36:14.017 I/commit_sys_config_file( 1152): [settings-1-0,6]
10-28 02:36:14.575 I/commit_sys_config_file( 1152): [settings-1-0,9]
10-28 02:36:15.172 I/input_interaction( 1152): Interaction with: a79836 com.android.launcher3/com.android.launcher3.uioverrides.QuickstepLauncher (server), 33945f com.android.systemui.ImageWallpaper (server), edge-swipe (server), swipe-up (server), PointerEventDispatcher0 (server),
10-28 02:36:16.108 I/view_enqueue_input_event( 2641): [Motion - Cancel,com.android.launcher3/com.android.launcher3.uioverrides.QuickstepLauncher]
10-28 02:36:16.110 I/input_interaction( 1152): Interaction with: edge-swipe (server), swipe-up (server), PointerEventDispatcher0 (server),
10-28 02:36:16.290 I/commit_sys_config_file( 1152): [settings-1-0,10]
10-28 02:36:16.618 I/commit_sys_config_file( 1152): [settings-1-0,13]
10-28 02:36:17.185 I/input_interaction( 1152): Interaction with: a79836 com.android.launcher3/com.android.launcher3.uioverrides.QuickstepLauncher (server), 33945f com.android.systemui.ImageWallpaper (server), edge-swipe (server), swipe-up (server), PointerEventDispatcher0 (server),
10-28 02:36:17.702 I/wm_finish_activity( 1152): [0,176413639,47,com.thundersoft.notificationtest1/.MainActivity,recent-task-trimmed]
10-28 02:36:17.704 I/wm_destroy_activity( 1152): [0,176413639,47,com.thundersoft.notificationtest1/.MainActivity,finish-imm:finishIfPossible]
10-28 02:36:17.707 I/wm_on_destroy_called( 4183): [176413639,com.thundersoft.notificationtest1.MainActivity,performDestroy]
10-28 02:36:17.711 I/am_kill ( 1152): [0,4183,com.thundersoft.notificationtest1,905,remove task]
10-28 02:36:17.720 I/sysui_multi_action( 1152): [757,803,799,window_time_0,802,7]
10-28 02:36:17.858 I/am_proc_died( 1152): [0,4183,com.thundersoft.notificationtest1,905,19]
10-28 02:36:17.865 I/am_uid_stopped( 1152): 10101
10-28 02:36:17.869 I/wm_task_removed( 1152): [47,removeChild:removeChild last r=ActivityRecord{a83dbc7 u0 com.thundersoft.notificationtest1/.MainActivity t-1 f}} in t=Task{ead2389 #47 type=standard A=10101:com.thundersoft.notificationtest1 U=0 visible=false mode=fullscreen translucent=true sz=0}]
10-28 02:36:17.869 I/wm_task_removed( 1152): [47,removeChild]
10-28 02:36:17.878 I/am_uid_running( 1152): 10101
10-28 02:36:17.950 I/am_proc_start( 1152): [0,5023,10101,com.thundersoft.notificationtest1,NULL,]
10-28 02:36:18.101 I/am_proc_bound( 1152): [0,5023,com.thundersoft.notificationtest1]
10-28 02:36:19.058 I/input_interaction( 1152): Interaction with: fedcccd StatusBar (server), edge-swipe (server), swipe-up (server), PointerEventDispatcher0 (server),
10-28 02:36:19.083 I/sysui_multi_action( 2084): [757,803,799,panel_open,802,1]
10-28 02:36:19.090 I/sysui_multi_action( 2084): [757,1328,758,4,1326,33,1327,2,1329,0]
10-28 02:36:19.183 I/sysui_multi_action( 1152): [757,127,758,1]
10-28 02:36:19.183 I/sysui_multi_action( 1152): [757,804,799,note_load,801,3,802,1]
10-28 02:36:19.185 I/notification_panel_revealed( 1152): 3
10-28 02:36:19.204 I/sysui_multi_action( 2084): [757,111,758,2]
10-28 02:36:19.205 I/notification_enqueue( 1152): [10087,2084,com.android.systemui,2048,NULL,0,Notification(channel=updateNotification shortcut=null contentView=null vibrate=null sound=null defaults=0x0 flags=0x0 color=0x00000000 vis=PRIVATE),1]
10-28 02:36:19.205 I/sysui_multi_action( 2084): [757,111,758,2]
10-28 02:36:19.232 I/input_focus( 1152): [Focus request 31b65cc NotificationShade,reason=UpdateInputWindows]
10-28 02:36:19.236 I/sysui_multi_action( 2084): [757,111,758,1]
10-28 02:36:19.237 I/sysui_multi_action( 2084): [757,126,758,1,759,126,927,0,928,1,1593,0]
10-28 02:36:19.237 I/sysui_multi_action( 2084): [757,113,758,1,759,113,927,1,928,1,1593,0]
10-28 02:36:19.237 I/sysui_multi_action( 2084): [757,0,758,1,759,0,927,2,928,0,1593,0]
10-28 02:36:19.237 I/sysui_multi_action( 2084): [757,0,758,1,759,0,927,3,928,0,1593,0]
10-28 02:36:19.237 I/sysui_multi_action( 2084): [757,491,758,1,759,491,927,4,928,0,1311,-1,1593,0]
10-28 02:36:19.237 I/sysui_multi_action( 2084): [757,0,758,1,759,0,927,5,928,0,1593,0]
10-28 02:36:19.237 I/sysui_multi_action( 2084): [757,0,758,1,759,0,927,6,1593,0]
10-28 02:36:19.238 I/sysui_multi_action( 2084): [757,111,758,1]
10-28 02:36:19.238 I/sysui_multi_action( 2084): [757,126,758,1,759,126,927,0,928,1,1593,0]
10-28 02:36:19.238 I/sysui_multi_action( 2084): [757,113,758,1,759,113,927,1,928,1,1593,0]
10-28 02:36:19.238 I/sysui_multi_action( 2084): [757,0,758,1,759,0,927,2,928,0,1593,0]
10-28 02:36:19.238 I/sysui_multi_action( 2084): [757,0,758,1,759,0,927,3,928,0,1593,0]
10-28 02:36:19.259 I/input_focus( 1152): [Focus leaving a79836 com.android.launcher3/com.android.launcher3.uioverrides.QuickstepLauncher (server),reason=setFocusedWindow]
10-28 02:36:19.259 I/input_focus( 1152): [Focus entering 31b65cc NotificationShade (server),reason=setFocusedWindow]
10-28 02:36:19.261 I/sysui_multi_action( 2084): [757,111,758,2]
10-28 02:36:19.261 I/sysui_multi_action( 2084): [757,111,758,2]
10-28 02:36:19.266 I/sysui_multi_action( 2084): [757,111,758,1]
10-28 02:36:19.267 I/sysui_multi_action( 2084): [757,126,758,1,759,126,927,0,928,1,1593,0]
10-28 02:36:19.267 I/sysui_multi_action( 2084): [757,113,758,1,759,113,927,1,928,1,1593,0]
10-28 02:36:19.267 I/sysui_multi_action( 2084): [757,0,758,1,759,0,927,2,928,0,1593,0]
10-28 02:36:19.267 I/sysui_multi_action( 2084): [757,0,758,1,759,0,927,3,928,0,1593,0]
10-28 02:36:19.268 I/sysui_multi_action( 2084): [757,491,758,1,759,491,927,4,928,0,1311,-1,1593,0]
10-28 02:36:19.268 I/sysui_multi_action( 2084): [757,0,758,1,759,0,927,5,928,0,1593,0]
10-28 02:36:19.268 I/sysui_multi_action( 2084): [757,0,758,1,759,0,927,6,1593,0]
10-28 02:36:19.269 I/sysui_multi_action( 2084): [757,111,758,1]
10-28 02:36:19.269 I/sysui_multi_action( 2084): [757,126,758,1,759,126,927,0,928,1,1593,0]
10-28 02:36:19.269 I/sysui_multi_action( 2084): [757,113,758,1,759,113,927,1,928,1,1593,0]
10-28 02:36:19.269 I/sysui_multi_action( 2084): [757,0,758,1,759,0,927,2,928,0,1593,0]
10-28 02:36:19.269 I/sysui_multi_action( 2084): [757,0,758,1,759,0,927,3,928,0,1593,0]
10-28 02:36:19.270 I/notification_enqueue( 1152): [10087,2084,com.android.systemui,2048,NULL,0,Notification(channel=updateNotification shortcut=null contentView=null vibrate=null sound=null defaults=0x0 flags=0x0 color=0x00000000 vis=PRIVATE),1]
10-28 02:36:19.410 I/sysui_multi_action( 1152): [757,1501,758,1,793,713655,794,0,795,222,796,2048,806,com.android.systemui,857,updateNotification,858,3,947,0,1500,0,1688,1]
10-28 02:36:19.410 I/sysui_multi_action( 1152): [757,804,799,note_interruptive,801,0,802,1]
10-28 02:36:19.411 I/sysui_multi_action( 1152): [757,199,758,1,759,2,793,713656,794,0,795,223,796,2048,806,com.android.systemui,857,updateNotification,858,3,947,0,1500,1,1688,1]
10-28 02:36:19.411 I/notification_alert( 1152): [0|com.android.systemui|2048|null|10087,0,1,0]
10-28 02:36:19.767 I/sysui_multi_action( 1152): [757,128,758,1,793,1429987,794,0,795,1429987,796,26,798,0,806,android,857,DEVELOPER_IMPORTANT,858,4,947,0,1395,3,1500,1429772,1688,1]
10-28 02:36:19.768 I/sysui_multi_action( 1152): [757,804,799,note_freshness,801,1429987,802,1]
10-28 02:36:19.768 I/notification_visibility( 1152): [-1|android|26|null|1000,1,1429987,1429987,0,0]
10-28 02:36:19.769 I/sysui_multi_action( 1152): [757,128,758,1,793,1429695,794,0,795,1429695,796,55,798,1,806,android,857,DEVELOPER,858,2,947,0,1395,3,1500,1429491,1688,1]
10-28 02:36:19.769 I/sysui_multi_action( 1152): [757,804,799,note_freshness,801,1429695,802,1]
10-28 02:36:19.769 I/notification_visibility( 1152): [-1|android|55|null|1000,1,1429695,1429695,0,1]
10-28 02:36:19.770 I/sysui_multi_action( 1152): [757,128,758,1,793,1434199,794,0,795,1434199,796,32,798,2,806,android,857,USB,858,1,947,0,1395,3,1500,1433815,1688,1]
10-28 02:36:19.770 I/sysui_multi_action( 1152): [757,804,799,note_freshness,801,1434199,802,1]
10-28 02:36:19.770 I/notification_visibility( 1152): [-1|android|32|null|1000,1,1434199,1434199,0,2]
10-28 02:36:21.037 I/input_interaction( 1152): Interaction with: 31b65cc NotificationShade (server), edge-swipe (server), swipe-up (server), PointerEventDispatcher0 (server),
10-28 02:36:21.155 I/sysui_multi_action( 2084): [757,148,758,4]
10-28 02:36:21.459 I/notification_cancel_all( 1152): [10087,2084,NULL,0,0,0,3,NULL]
10-28 02:36:21.462 I/sysui_multi_action( 1152): [757,804,799,note_dismiss_longevity,801,3,802,1]
10-28 02:36:21.464 I/sysui_multi_action( 1152): [757,128,758,5,759,3,793,193461,794,29574,795,193461,796,0,806,com.thundersoft.notificationtest1,857,1111111111111111111111111111-9b31391,858,3,946,ranker_group,947,0,1500,193258,1688,1]
10-28 02:36:21.465 I/notification_canceled( 1152): [0|com.thundersoft.notificationtest1|0|null|10101,3,193461,193461,29574,-1,-1,NULL]
10-28 02:36:21.468 I/sysui_multi_action( 1152): [757,804,799,note_dismiss_longevity,801,3,802,1]
10-28 02:36:21.469 I/sysui_multi_action( 1152): [757,128,758,5,759,3,793,193462,794,29579,795,193462,796,1,806,com.thundersoft.notificationtest1,857,111111111111111111111111111-2caf5ec0,858,3,946,ranker_group,947,0,1500,193255,1688,1]
10-28 02:36:21.469 I/notification_canceled( 1152): [0|com.thundersoft.notificationtest1|1|null|10101,3,193462,193462,29579,-1,-1,NULL]
10-28 02:36:21.472 I/sysui_multi_action( 1152): [757,804,799,note_dismiss_longevity,801,3,802,1]
10-28 02:36:21.473 I/sysui_multi_action( 1152): [757,128,758,5,759,3,793,193463,794,29605,795,193463,796,2,806,com.thundersoft.notificationtest1,857,111111111111111111111111111-693c7971,858,3,946,ranker_group,947,0,1500,193255,1688,1]
10-28 02:36:21.474 I/notification_canceled( 1152): [0|com.thundersoft.notificationtest1|2|null|10101,3,193463,193463,29605,-1,-1,NULL]
10-28 02:36:21.477 I/sysui_multi_action( 1152): [757,804,799,note_dismiss_longevity,801,3,802,1]
10-28 02:36:21.478 I/sysui_multi_action( 1152): [757,128,758,5,759,3,793,193464,794,29610,795,193464,796,3,806,com.thundersoft.notificationtest1,857,111111111111111111111111111-be52b4e0,858,3,946,ranker_group,947,0,1500,193256,1688,1]
10-28 02:36:21.479 I/notification_canceled( 1152): [0|com.thundersoft.notificationtest1|3|null|10101,3,193464,193464,29610,-1,-1,NULL]
10-28 02:36:21.482 I/sysui_multi_action( 1152): [757,804,799,note_dismiss_longevity,801,3,802,1]
10-28 02:36:21.483 I/sysui_multi_action( 1152): [757,128,758,5,759,3,793,193465,794,29615,795,193465,796,4,806,com.thundersoft.notificationtest1,857,1111111111111111111111111111-c03e751,858,3,946,ranker_group,947,0,1500,193256,1688,1]
10-28 02:36:21.484 I/notification_canceled( 1152): [0|com.thundersoft.notificationtest1|4|null|10101,3,193465,193465,29615,-1,-1,NULL]
10-28 02:36:21.487 I/sysui_multi_action( 1152): [757,804,799,note_dismiss_longevity,801,3,802,1]
10-28 02:36:21.488 I/sysui_multi_action( 1152): [757,128,758,5,759,3,793,193459,794,29619,795,193459,796,5,806,com.thundersoft.notificationtest1,857,111111111111111111111111111-74790300,858,3,946,ranker_group,947,0,1500,193241,1688,1]
10-28 02:36:21.489 I/notification_canceled( 1152): [0|com.thundersoft.notificationtest1|5|null|10101,3,193459,193459,29619,-1,-1,NULL]
10-28 02:36:21.490 I/sysui_multi_action( 1152): [757,804,799,note_dismiss_longevity,801,3,802,1]
10-28 02:36:21.491 I/sysui_multi_action( 1152): [757,128,758,5,759,3,793,193458,794,29622,795,193458,796,6,806,com.thundersoft.notificationtest1,857,111111111111111111111111111-1aa75d31,858,3,946,ranker_group,947,0,1500,193236,1688,1]
10-28 02:36:21.491 I/notification_canceled( 1152): [0|com.thundersoft.notificationtest1|6|null|10101,3,193458,193458,29622,-1,-1,NULL]
10-28 02:36:21.493 I/sysui_multi_action( 1152): [757,804,799,note_dismiss_longevity,801,3,802,1]
10-28 02:36:21.493 I/sysui_multi_action( 1152): [757,128,758,5,759,3,793,193455,794,29624,795,193455,796,7,806,com.thundersoft.notificationtest1,857,111111111111111111111111111-3a444920,858,3,946,ranker_group,947,0,1500,193233,1688,1]
10-28 02:36:21.494 I/notification_canceled( 1152): [0|com.thundersoft.notificationtest1|7|null|10101,3,193455,193455,29624,-1,-1,NULL]
10-28 02:36:21.495 I/sysui_multi_action( 1152): [757,804,799,note_dismiss_longevity,801,3,802,1]
10-28 02:36:21.496 I/sysui_multi_action( 1152): [757,128,758,5,759,3,793,193454,794,29626,795,193454,796,8,806,com.thundersoft.notificationtest1,857,1111111111111111111111111111-e44db11,858,3,946,ranker_group,947,0,1500,193231,1688,1]
10-28 02:36:21.496 I/notification_canceled( 1152): [0|com.thundersoft.notificationtest1|8|null|10101,3,193454,193454,29626,-1,-1,NULL]
10-28 02:36:21.498 I/sysui_multi_action( 1152): [757,804,799,note_dismiss_longevity,801,3,802,1]
10-28 02:36:21.498 I/sysui_multi_action( 1152): [757,128,758,5,759,3,793,193451,794,29628,795,193451,796,9,806,com.thundersoft.notificationtest1,857,111111111111111111111111111-ba568740,858,3,946,ranker_group,947,0,1500,193229,1688,1]
10-28 02:36:21.499 I/notification_canceled( 1152): [0|com.thundersoft.notificationtest1|9|null|10101,3,193451,193451,29628,-1,-1,NULL]
10-28 02:36:21.500 I/sysui_multi_action( 1152): [757,804,799,note_dismiss_longevity,801,3,802,1]
10-28 02:36:21.500 I/sysui_multi_action( 1152): [757,128,758,5,759,3,793,193449,794,29624,795,193449,796,10,806,com.thundersoft.notificationtest1,857,111111111111111111111111111-907a60f1,858,3,946,ranker_group,947,0,1500,193226,1688,1]
10-28 02:36:21.501 I/notification_canceled( 1152): [0|com.thundersoft.notificationtest1|10|null|10101,3,193449,193449,29624,-1,-1,NULL]
10-28 02:36:21.502 I/sysui_multi_action( 1152): [757,804,799,note_dismiss_longevity,801,3,802,1]
10-28 02:36:21.503 I/sysui_multi_action( 1152): [757,128,758,5,759,3,793,193449,794,29626,795,193449,796,11,806,com.thundersoft.notificationtest1,857,111111111111111111111111111-7ed1bd60,858,3,946,ranker_group,947,0,1500,193224,1688,1]
10-28 02:36:21.503 I/notification_canceled( 1152): [0|com.thundersoft.notificationtest1|11|null|10101,3,193449,193449,29626,-1,-1,NULL]
10-28 02:36:21.504 I/sysui_multi_action( 1152): [757,804,799,note_dismiss_longevity,801,3,802,1]
10-28 02:36:21.504 I/sysui_multi_action( 1152): [757,128,758,5,759,3,793,193445,794,29626,795,193445,796,12,806,com.thundersoft.notificationtest1,857,111111111111111111111111111-5b65eed1,858,3,946,ranker_group,947,0,1500,193210,1688,1]
10-28 02:36:21.505 I/notification_canceled( 1152): [0|com.thundersoft.notificationtest1|12|null|10101,3,193445,193445,29626,-1,-1,NULL]
10-28 02:36:21.505 I/sysui_multi_action( 1152): [757,804,799,note_dismiss_longevity,801,3,802,1]
10-28 02:36:21.506 I/sysui_multi_action( 1152): [757,128,758,5,759,3,793,193443,794,29627,795,193443,796,13,806,com.thundersoft.notificationtest1,857,111111111111111111111111111-1157eb80,858,3,946,ranker_group,947,0,1500,193198,1688,1]
10-28 02:36:21.506 I/notification_canceled( 1152): [0|com.thundersoft.notificationtest1|13|null|10101,3,193443,193443,29627,-1,-1,NULL]
10-28 02:36:21.507 I/sysui_multi_action( 1152): [757,804,799,note_dismiss_longevity,801,3,802,1]
10-28 02:36:21.508 I/sysui_multi_action( 1152): [757,128,758,5,759,3,793,193435,794,29627,795,193435,796,14,806,com.thundersoft.notificationtest1,857,111111111111111111111111111-19a584b1,858,3,946,ranker_group,947,0,1500,193192,1688,1]
10-28 02:36:21.508 I/notification_canceled( 1152): [0|com.thundersoft.notificationtest1|14|null|10101,3,193435,193435,29627,-1,-1,NULL]
10-28 02:36:21.509 I/sysui_multi_action( 1152): [757,804,799,note_dismiss_longevity,801,3,802,1]
10-28 02:36:21.509 I/sysui_multi_action( 1152): [757,128,758,5,759,3,793,193433,794,29623,795,193433,796,15,806,com.thundersoft.notificationtest1,857,111111111111111111111111111-1b0b11a0,858,3,946,ranker_group,947,0,1500,193188,1688,1]
10-28 02:36:21.509 I/notification_canceled( 1152): [0|com.thundersoft.notificationtest1|15|null|10101,3,193433,193433,29623,-1,-1,NULL]
10-28 02:36:21.510 I/sysui_multi_action( 1152): [757,804,799,note_dismiss_longevity,801,3,802,1]
10-28 02:36:21.511 I/sysui_multi_action( 1152): [757,128,758,5,759,3,793,193430,794,29624,795,193430,796,16,806,com.thundersoft.notificationtest1,857,111111111111111111111111111-46572291,858,3,946,ranker_group,947,0,1500,193174,1688,1]
10-28 02:36:21.511 I/notification_canceled( 1152): [0|com.thundersoft.notificationtest1|16|null|10101,3,193430,193430,29624,-1,-1,NULL]
10-28 02:36:21.512 I/sysui_multi_action( 1152): [757,804,799,note_dismiss_longevity,801,3,802,1]
10-28 02:36:21.512 I/sysui_multi_action( 1152): [757,128,758,5,759,3,793,193426,794,29624,795,193426,796,17,806,com.thundersoft.notificationtest1,857,111111111111111111111111111-848d2fc0,858,3,946,ranker_group,947,0,1500,193167,1688,1]
10-28 02:36:21.512 I/notification_canceled( 1152): [0|com.thundersoft.notificationtest1|17|null|10101,3,193426,193426,29624,-1,-1,NULL]
10-28 02:36:21.513 I/sysui_multi_action( 1152): [757,804,799,note_dismiss_longevity,801,3,802,1]
10-28 02:36:21.514 I/sysui_multi_action( 1152): [757,128,758,5,759,3,793,193424,794,29626,795,193424,796,18,806,com.thundersoft.notificationtest1,857,1111111111111111111111111111-d18c871,858,3,946,ranker_group,947,0,1500,193162,1688,1]
10-28 02:36:21.514 I/notification_canceled( 1152): [0|com.thundersoft.notificationtest1|18|null|10101,3,193424,193424,29626,-1,-1,NULL]
10-28 02:36:21.515 I/sysui_multi_action( 1152): [757,804,799,note_dismiss_longevity,801,3,802,1]
10-28 02:36:21.515 I/sysui_multi_action( 1152): [757,128,758,5,759,3,793,193422,794,29627,795,193422,796,19,806,com.thundersoft.notificationtest1,857,111111111111111111111111111-960045e0,858,3,946,ranker_group,947,0,1500,193158,1688,1]
10-28 02:36:21.515 I/notification_canceled( 1152): [0|com.thundersoft.notificationtest1|19|null|10101,3,193422,193422,29627,-1,-1,NULL]
10-28 02:36:21.516 I/sysui_multi_action( 1152): [757,804,799,note_dismiss_longevity,801,3,802,1]
10-28 02:36:21.517 I/sysui_multi_action( 1152): [757,128,758,5,759,3,793,193418,794,29644,795,193418,796,20,806,com.thundersoft.notificationtest1,857,111111111111111111111111111-2a087651,858,3,946,ranker_group,947,0,1500,193150,1688,1]
10-28 02:36:21.517 I/notification_canceled( 1152): [0|com.thundersoft.notificationtest1|20|null|10101,3,193418,193418,29644,-1,-1,NULL]
10-28 02:36:21.518 I/sysui_multi_action( 1152): [757,804,799,note_dismiss_longevity,801,3,802,1]
10-28 02:36:21.518 I/sysui_multi_action( 1152): [757,128,758,5,759,3,793,193415,794,29644,795,193415,796,21,806,com.thundersoft.notificationtest1,857,111111111111111111111111111-17065400,858,3,946,ranker_group,947,0,1500,193146,1688,1]
10-28 02:36:21.518 I/notification_canceled( 1152): [0|com.thundersoft.notificationtest1|21|null|10101,3,193415,193415,29644,-1,-1,NULL]
10-28 02:36:21.519 I/sysui_multi_action( 1152): [757,804,799,note_dismiss_longevity,801,3,802,1]
10-28 02:36:21.519 I/sysui_multi_action( 1152): [757,128,758,5,759,3,793,193412,794,29643,795,193412,796,22,806,com.thundersoft.notificationtest1,857,111111111111111111111111111-c9c42c31,858,3,946,ranker_group,947,0,1500,193142,1688,1]
10-28 02:36:21.520 I/notification_canceled( 1152): [0|com.thundersoft.notificationtest1|22|null|10101,3,193412,193412,29643,-1,-1,NULL]
10-28 02:36:21.521 I/sysui_multi_action( 1152): [757,804,799,note_dismiss_longevity,801,3,802,1]
10-28 02:36:21.522 I/sysui_multi_action( 1152): [757,128,758,5,759,3,793,193410,794,29646,795,193410,796,23,806,com.thundersoft.notificationtest1,857,111111111111111111111111111-6ec15a20,858,3,946,ranker_group,947,0,1500,193133,1688,1]
10-28 02:36:21.522 I/notification_canceled( 1152): [0|com.thundersoft.notificationtest1|23|null|10101,3,193410,193410,29646,-1,-1,NULL]
10-28 02:36:21.523 I/sysui_multi_action( 1152): [757,804,799,note_dismiss_longevity,801,3,802,1]
