10-28 02:33:08.521 I/sysui_multi_action( 1152): [757,804,799,note_interruptive,801,0,802,1]
10-28 02:33:08.532 I/notification_adjusted( 1152): [0|com.thundersoft.notificationtest1|23|null|10101,key_group_key,ranker_group]
10-28 02:33:08.534 I/notification_autogrouped( 1152): 0|com.thundersoft.notificationtest1|24|null|10101
10-28 02:33:08.534 I/sysui_multi_action( 1152): [757,1501,758,1,793,330,794,0,795,330,796,41,806,com.thundersoft.notificationtest1,857,1111111111111111111111111111-38e2940,858,3,947,0,1500,0,1688,1]
10-28 02:33:08.535 I/sysui_multi_action( 1152): [757,804,799,note_interruptive,801,0,802,1]
10-28 02:33:08.535 I/sysui_multi_action( 1152): [757,856,758,1,806,com.thundersoft.notificationtest1,857,11111111111111111111111111111111111111111111111111111111111111111111111111111111111111111111111111111111111111111111111111111111111111111111111111111111111111111111111111111111111111111111111111111111111111111111111111111111111111111111111111111111111111111111111111111111111111111111111111111111111111111111111111111111111111111111111111111111111111111111111111,858,3]
10-28 02:33:08.537 I/notification_autogrouped( 1152): 0|com.thundersoft.notificationtest1|24|null|10101
10-28 02:33:08.537 I/notification_autogrouped( 1152): 0|com.thundersoft.notificationtest1|25|null|10101
10-28 02:33:08.538 I/notification_autogrouped( 1152): 0|com.thundersoft.notificationtest1|24|null|10101
10-28 02:33:08.538 I/notification_autogrouped( 1152): 0|com.thundersoft.notificationtest1|25|null|10101
10-28 02:33:08.538 I/notification_autogrouped( 1152): 0|com.thundersoft.notificationtest1|26|null|10101
10-28 02:33:08.538 I/notification_autogrouped( 1152): 0|com.thundersoft.notificationtest1|24|null|10101
10-28 02:33:08.538 I/notification_autogrouped( 1152): 0|com.thundersoft.notificationtest1|25|null|10101
10-28 02:33:08.538 I/notification_autogrouped( 1152): 0|com.thundersoft.notificationtest1|26|null|10101
10-28 02:33:08.538 I/notification_autogrouped( 1152): 0|com.thundersoft.notificationtest1|27|null|10101
10-28 02:33:08.539 I/notification_autogrouped( 1152): 0|com.thundersoft.notificationtest1|24|null|10101
10-28 02:33:08.539 I/notification_autogrouped( 1152): 0|com.thundersoft.notificationtest1|25|null|10101
10-28 02:33:08.539 I/notification_autogrouped( 1152): 0|com.thundersoft.notificationtest1|26|null|10101
10-28 02:33:08.539 I/notification_autogrouped( 1152): 0|com.thundersoft.notificationtest1|27|null|10101
10-28 02:33:08.539 I/notification_autogrouped( 1152): 0|com.thundersoft.notificationtest1|28|null|10101
10-28 02:33:08.539 I/sysui_multi_action( 1152): [757,1501,758,1,793,325,794,0,795,325,796,42,806,com.thundersoft.notificationtest1,857,111111111111111111111111111-6e36fef1,858,3,947,0,1500,0,1688,1]
10-28 02:33:08.539 I/sysui_multi_action( 1152): [757,804,799,note_interruptive,801,0,802,1]
10-28 02:33:08.541 I/commit_sys_config_file( 1152): [notification-policy,1246479]
10-28 02:33:08.542 I/notification_autogrouped( 1152): 0|com.thundersoft.notificationtest1|24|null|10101
10-28 02:33:08.542 I/notification_autogrouped( 1152): 0|com.thundersoft.notificationtest1|25|null|10101
10-28 02:33:08.542 I/notification_autogrouped( 1152): 0|com.thundersoft.notificationtest1|26|null|10101
10-28 02:33:08.542 I/notification_autogrouped( 1152): 0|com.thundersoft.notificationtest1|27|null|10101
10-28 02:33:08.542 I/notification_autogrouped( 1152): 0|com.thundersoft.notificationtest1|28|null|10101
10-28 02:33:08.542 I/notification_autogrouped( 1152): 0|com.thundersoft.notificationtest1|29|null|10101
10-28 02:33:08.543 I/notification_autogrouped( 1152): 0|com.thundersoft.notificationtest1|24|null|10101
10-28 02:33:08.543 I/sysui_multi_action( 1152): [757,856,758,1,806,com.thundersoft.notificationtest1,857,111111111111111111111111111111111111111111111111111111111111111111111111111111111111111111111111111111111111111111111111111111111111111111111111111111111111111111111111111111111111111111111111111111111111111111111111111111111111111111111111111111111111111111111111111111111111111111111111111111111111111111111111111111111111111111111111111111111111111111111111111,858,3]
10-28 02:33:08.543 I/notification_autogrouped( 1152): 0|com.thundersoft.notificationtest1|25|null|10101
10-28 02:33:08.543 I/notification_autogrouped( 1152): 0|com.thundersoft.notificationtest1|26|null|10101
10-28 02:33:08.543 I/notification_autogrouped( 1152): 0|com.thundersoft.notificationtest1|27|null|10101
10-28 02:33:08.543 I/notification_autogrouped( 1152): 0|com.thundersoft.notificationtest1|28|null|10101
10-28 02:33:08.543 I/notification_autogrouped( 1152): 0|com.thundersoft.notificationtest1|29|null|10101
10-28 02:33:08.543 I/notification_autogrouped( 1152): 0|com.thundersoft.notificationtest1|30|null|10101
10-28 02:33:08.543 I/sysui_multi_action( 1152): [757,1501,758,1,793,314,794,0,795,314,796,43,806,com.thundersoft.notificationtest1,857,111111111111111111111111111-58a8df60,858,3,947,0,1500,0,1688,1]
10-28 02:33:08.543 I/sysui_multi_action( 1152): [757,804,799,note_interruptive,801,0,802,1]
10-28 02:33:08.549 I/notification_adjusted( 1152): [0|com.thundersoft.notificationtest1|30|null|10101,key_group_key,ranker_group]
10-28 02:33:08.549 I/notification_adjusted( 1152): [0|com.thundersoft.notificationtest1|29|null|10101,key_group_key,ranker_group]
10-28 02:33:08.549 I/notification_adjusted( 1152): [0|com.thundersoft.notificationtest1|29|null|10101,key_group_key,ranker_group]
10-28 02:33:08.550 I/notification_adjusted( 1152): [0|com.thundersoft.notificationtest1|28|null|10101,key_group_key,ranker_group]
10-28 02:33:08.550 I/notification_adjusted( 1152): [0|com.thundersoft.notificationtest1|28|null|10101,key_group_key,ranker_group]
10-28 02:33:08.550 I/notification_adjusted( 1152): [0|com.thundersoft.notificationtest1|28|null|10101,key_group_key,ranker_group]
10-28 02:33:08.550 I/notification_adjusted( 1152): [0|com.thundersoft.notificationtest1|27|null|10101,key_group_key,ranker_group]
10-28 02:33:08.550 I/notification_adjusted( 1152): [0|com.thundersoft.notificationtest1|27|null|10101,key_group_key,ranker_group]
10-28 02:33:08.550 I/notification_adjusted( 1152): [0|com.thundersoft.notificationtest1|27|null|10101,key_group_key,ranker_group]
10-28 02:33:08.550 I/notification_adjusted( 1152): [0|com.thundersoft.notificationtest1|27|null|10101,key_group_key,ranker_group]
10-28 02:33:08.550 I/notification_adjusted( 1152): [0|com.thundersoft.notificationtest1|26|null|10101,key_group_key,ranker_group]
10-28 02:33:08.550 I/notification_adjusted( 1152): [0|com.thundersoft.notificationtest1|26|null|10101,key_group_key,ranker_group]
10-28 02:33:08.550 I/notification_adjusted( 1152): [0|com.thundersoft.notificationtest1|26|null|10101,key_group_key,ranker_group]
10-28 02:33:08.550 I/notification_adjusted( 1152): [0|com.thundersoft.notificationtest1|26|null|10101,key_group_key,ranker_group]
10-28 02:33:08.550 I/notification_adjusted( 1152): [0|com.thundersoft.notificationtest1|26|null|10101,key_group_key,ranker_group]
10-28 02:33:08.550 I/notification_adjusted( 1152): [0|com.thundersoft.notificationtest1|25|null|10101,key_group_key,ranker_group]
10-28 02:33:08.551 I/notification_adjusted( 1152): [0|com.thundersoft.notificationtest1|25|null|10101,key_group_key,ranker_group]
10-28 02:33:08.551 I/notification_adjusted( 1152): [0|com.thundersoft.notificationtest1|25|null|10101,key_group_key,ranker_group]
10-28 02:33:08.551 I/notification_adjusted( 1152): [0|com.thundersoft.notificationtest1|25|null|10101,key_group_key,ranker_group]
10-28 02:33:08.551 I/notification_adjusted( 1152): [0|com.thundersoft.notificationtest1|25|null|10101,key_group_key,ranker_group]
10-28 02:33:08.551 I/notification_adjusted( 1152): [0|com.thundersoft.notificationtest1|25|null|10101,key_group_key,ranker_group]
10-28 02:33:08.551 I/notification_adjusted( 1152): [0|com.thundersoft.notificationtest1|24|null|10101,key_group_key,ranker_group]
10-28 02:33:08.551 I/notification_adjusted( 1152): [0|com.thundersoft.notificationtest1|24|null|10101,key_group_key,ranker_group]
10-28 02:33:08.551 I/notification_adjusted( 1152): [0|com.thundersoft.notificationtest1|24|null|10101,key_group_key,ranker_group]
10-28 02:33:08.551 I/notification_adjusted( 1152): [0|com.thundersoft.notificationtest1|24|null|10101,key_group_key,ranker_group]
10-28 02:33:08.551 I/notification_adjusted( 1152): [0|com.thundersoft.notificationtest1|24|null|10101,key_group_key,ranker_group]
10-28 02:33:08.551 I/notification_adjusted( 1152): [0|com.thundersoft.notificationtest1|24|null|10101,key_group_key,ranker_group]
10-28 02:33:08.551 I/notification_adjusted( 1152): [0|com.thundersoft.notificationtest1|24|null|10101,key_group_key,ranker_group]
10-28 02:33:08.554 I/sysui_multi_action( 1152): [757,1501,758,1,793,317,794,0,795,317,796,44,806,com.thundersoft.notificationtest1,857,111111111111111111111111111-bc730cd1,858,3,947,0,1500,0,1688,1]
10-28 02:33:08.554 I/sysui_multi_action( 1152): [757,804,799,note_interruptive,801,0,802,1]
10-28 02:33:08.558 I/notification_autogrouped( 1152): 0|com.thundersoft.notificationtest1|31|null|10101
10-28 02:33:08.558 I/sysui_multi_action( 1152): [757,856,758,1,806,com.thundersoft.notificationtest1,857,1111111111111111111111111111111111111111111111111111111111111111111111111111111111111111111111111111111111111111111111111111111111111111111111111111111111111111111111111111111111111111111111111111111111111111111111111111111111111111111111111111111111111111111111111111111111111111111111111111111111111111111111111111111111111111111111111111111111111111111111111111,858,3]
10-28 02:33:08.559 I/notification_autogrouped( 1152): 0|com.thundersoft.notificationtest1|31|null|10101
10-28 02:33:08.559 I/notification_autogrouped( 1152): 0|com.thundersoft.notificationtest1|32|null|10101
10-28 02:33:08.559 I/notification_autogrouped( 1152): 0|com.thundersoft.notificationtest1|31|null|10101
10-28 02:33:08.559 I/notification_autogrouped( 1152): 0|com.thundersoft.notificationtest1|32|null|10101
10-28 02:33:08.559 I/notification_autogrouped( 1152): 0|com.thundersoft.notificationtest1|33|null|10101
10-28 02:33:08.560 I/notification_autogrouped( 1152): 0|com.thundersoft.notificationtest1|31|null|10101
10-28 02:33:08.560 I/notification_autogrouped( 1152): 0|com.thundersoft.notificationtest1|32|null|10101
10-28 02:33:08.560 I/sysui_multi_action( 1152): [757,856,758,1,806,com.thundersoft.notificationtest1,857,11111111111111111111111111111111111111111111111111111111111111111111111111111111111111111111111111111111111111111111111111111111111111111111111111111111111111111111111111111111111111111111111111111111111111111111111111111111111111111111111111111111111111111111111111111111111111111111111111111111111111111111111111111111111111111111111111111111111111111111111111111,858,3]
10-28 02:33:08.560 I/notification_autogrouped( 1152): 0|com.thundersoft.notificationtest1|33|null|10101
10-28 02:33:08.560 I/notification_autogrouped( 1152): 0|com.thundersoft.notificationtest1|34|null|10101
10-28 02:33:08.561 I/notification_autogrouped( 1152): 0|com.thundersoft.notificationtest1|31|null|10101
10-28 02:33:08.561 I/notification_autogrouped( 1152): 0|com.thundersoft.notificationtest1|32|null|10101
10-28 02:33:08.561 I/notification_autogrouped( 1152): 0|com.thundersoft.notificationtest1|33|null|10101
10-28 02:33:08.561 I/notification_autogrouped( 1152): 0|com.thundersoft.notificationtest1|34|null|10101
10-28 02:33:08.561 I/notification_autogrouped( 1152): 0|com.thundersoft.notificationtest1|35|null|10101
10-28 02:33:08.561 I/sysui_multi_action( 1152): [757,1501,758,1,793,312,794,0,795,312,796,45,806,com.thundersoft.notificationtest1,857,111111111111111111111111111-d1ee8d80,858,3,947,0,1500,0,1688,1]
10-28 02:33:08.561 I/sysui_multi_action( 1152): [757,804,799,note_interruptive,801,0,802,1]
10-28 02:33:08.564 I/sysui_multi_action( 1152): [757,856,758,1,806,com.thundersoft.notificationtest1,857,111111111111111111111111111111111111111111111111111111111111111111111111111111111111111111111111111111111111111111111111111111111111111111111111111111111111111111111111111111111111111111111111111111111111111111111111111111111111111111111111111111111111111111111111111111111111111111111111111111111111111111111111111111111111111111111111111111111111111111111111111111,858,3]
10-28 02:33:08.565 I/notification_adjusted( 1152): [0|com.thundersoft.notificationtest1|35|null|10101,key_group_key,ranker_group]
10-28 02:33:08.565 I/notification_adjusted( 1152): [0|com.thundersoft.notificationtest1|34|null|10101,key_group_key,ranker_group]
10-28 02:33:08.565 I/notification_adjusted( 1152): [0|com.thundersoft.notificationtest1|34|null|10101,key_group_key,ranker_group]
10-28 02:33:08.565 I/notification_adjusted( 1152): [0|com.thundersoft.notificationtest1|33|null|10101,key_group_key,ranker_group]
10-28 02:33:08.565 I/notification_adjusted( 1152): [0|com.thundersoft.notificationtest1|33|null|10101,key_group_key,ranker_group]
10-28 02:33:08.565 I/notification_adjusted( 1152): [0|com.thundersoft.notificationtest1|33|null|10101,key_group_key,ranker_group]
10-28 02:33:08.566 I/notification_adjusted( 1152): [0|com.thundersoft.notificationtest1|32|null|10101,key_group_key,ranker_group]
10-28 02:33:08.566 I/notification_adjusted( 1152): [0|com.thundersoft.notificationtest1|32|null|10101,key_group_key,ranker_group]
10-28 02:33:08.566 I/notification_adjusted( 1152): [0|com.thundersoft.notificationtest1|32|null|10101,key_group_key,ranker_group]
10-28 02:33:08.566 I/notification_adjusted( 1152): [0|com.thundersoft.notificationtest1|32|null|10101,key_group_key,ranker_group]
10-28 02:33:08.566 I/notification_adjusted( 1152): [0|com.thundersoft.notificationtest1|31|null|10101,key_group_key,ranker_group]
10-28 02:33:08.566 I/notification_adjusted( 1152): [0|com.thundersoft.notificationtest1|31|null|10101,key_group_key,ranker_group]
10-28 02:33:08.566 I/notification_adjusted( 1152): [0|com.thundersoft.notificationtest1|31|null|10101,key_group_key,ranker_group]
10-28 02:33:08.566 I/notification_adjusted( 1152): [0|com.thundersoft.notificationtest1|31|null|10101,key_group_key,ranker_group]
10-28 02:33:08.566 I/notification_adjusted( 1152): [0|com.thundersoft.notificationtest1|31|null|10101,key_group_key,ranker_group]
10-28 02:33:08.570 I/notification_autogrouped( 1152): 0|com.thundersoft.notificationtest1|36|null|10101
10-28 02:33:08.572 I/notification_autogrouped( 1152): 0|com.thundersoft.notificationtest1|36|null|10101
10-28 02:33:08.572 I/notification_autogrouped( 1152): 0|com.thundersoft.notificationtest1|37|null|10101
10-28 02:33:08.573 I/sysui_multi_action( 1152): [757,856,758,1,806,com.thundersoft.notificationtest1,857,1111111111111111111111111111111111111111111111111111111111111111111111111111111111111111111111111111111111111111111111111111111111111111111111111111111111111111111111111111111111111111111111111111111111111111111111111111111111111111111111111111111111111111111111111111111111111111111111111111111111111111111111111111111111111111111111111111111111111111111111111111111,858,3]
10-28 02:33:08.575 I/notification_autogrouped( 1152): 0|com.thundersoft.notificationtest1|36|null|10101
10-28 02:33:08.575 I/notification_autogrouped( 1152): 0|com.thundersoft.notificationtest1|37|null|10101
10-28 02:33:08.575 I/notification_autogrouped( 1152): 0|com.thundersoft.notificationtest1|38|null|10101
10-28 02:33:08.575 I/sysui_multi_action( 1152): [757,856,758,1,806,com.thundersoft.notificationtest1,857,11111111111111111111111111111111111111111111111111111111111111111111111111111111111111111111111111111111111111111111111111111111111111111111111111111111111111111111111111111111111111111111111111111111111111111111111111111111111111111111111111111111111111111111111111111111111111111111111111111111111111111111111111111111111111111111111111111111111111111111111111111111,858,3]
10-28 02:33:08.577 I/notification_adjusted( 1152): [0|com.thundersoft.notificationtest1|38|null|10101,key_group_key,ranker_group]
10-28 02:33:08.577 I/notification_adjusted( 1152): [0|com.thundersoft.notificationtest1|37|null|10101,key_group_key,ranker_group]
10-28 02:33:08.577 I/notification_adjusted( 1152): [0|com.thundersoft.notificationtest1|37|null|10101,key_group_key,ranker_group]
10-28 02:33:08.577 I/notification_adjusted( 1152): [0|com.thundersoft.notificationtest1|36|null|10101,key_group_key,ranker_group]
10-28 02:33:08.578 I/notification_adjusted( 1152): [0|com.thundersoft.notificationtest1|36|null|10101,key_group_key,ranker_group]
10-28 02:33:08.578 I/notification_adjusted( 1152): [0|com.thundersoft.notificationtest1|36|null|10101,key_group_key,ranker_group]
10-28 02:33:08.583 I/notification_autogrouped( 1152): 0|com.thundersoft.notificationtest1|39|null|10101
10-28 02:33:08.584 I/notification_adjusted( 1152): [0|com.thundersoft.notificationtest1|39|null|10101,key_group_key,ranker_group]
10-28 02:33:08.588 I/notification_autogrouped( 1152): 0|com.thundersoft.notificationtest1|40|null|10101
10-28 02:33:08.588 I/sysui_multi_action( 1152): [757,1501,758,1,793,312,794,0,795,312,796,46,806,com.thundersoft.notificationtest1,857,111111111111111111111111111-6be322b1,858,3,947,0,1500,0,1688,1]
10-28 02:33:08.588 I/sysui_multi_action( 1152): [757,804,799,note_interruptive,801,0,802,1]
10-28 02:33:08.589 I/sysui_multi_action( 1152): [757,856,758,1,806,com.thundersoft.notificationtest1,857,111111111111111111111111111111111111111111111111111111111111111111111111111111111111111111111111111111111111111111111111111111111111111111111111111111111111111111111111111111111111111111111111111111111111111111111111111111111111111111111111111111111111111111111111111111111111111111111111111111111111111111111111111111111111111111111111111111111111111111111111111111111,858,3]
10-28 02:33:08.592 I/notification_autogrouped( 1152): 0|com.thundersoft.notificationtest1|40|null|10101
10-28 02:33:08.592 I/notification_autogrouped( 1152): 0|com.thundersoft.notificationtest1|41|null|10101
10-28 02:33:08.593 I/notification_autogrouped( 1152): 0|com.thundersoft.notificationtest1|40|null|10101
10-28 02:33:08.593 I/notification_autogrouped( 1152): 0|com.thundersoft.notificationtest1|41|null|10101
10-28 02:33:08.593 I/notification_autogrouped( 1152): 0|com.thundersoft.notificationtest1|42|null|10101
10-28 02:33:08.594 I/notification_autogrouped( 1152): 0|com.thundersoft.notificationtest1|40|null|10101
10-28 02:33:08.594 I/notification_autogrouped( 1152): 0|com.thundersoft.notificationtest1|41|null|10101
10-28 02:33:08.594 I/notification_autogrouped( 1152): 0|com.thundersoft.notificationtest1|42|null|10101
10-28 02:33:08.594 I/notification_autogrouped( 1152): 0|com.thundersoft.notificationtest1|43|null|10101
10-28 02:33:08.595 I/notification_autogrouped( 1152): 0|com.thundersoft.notificationtest1|40|null|10101
10-28 02:33:08.595 I/notification_autogrouped( 1152): 0|com.thundersoft.notificationtest1|41|null|10101
10-28 02:33:08.595 I/notification_autogrouped( 1152): 0|com.thundersoft.notificationtest1|42|null|10101
10-28 02:33:08.595 I/notification_autogrouped( 1152): 0|com.thundersoft.notificationtest1|43|null|10101
10-28 02:33:08.595 I/notification_autogrouped( 1152): 0|com.thundersoft.notificationtest1|44|null|10101
10-28 02:33:08.597 I/sysui_multi_action( 1152): [757,856,758,1,806,com.thundersoft.notificationtest1,857,1111111111111111111111111111111111111111111111111111111111111111111111111111111111111111111111111111111111111111111111111111111111111111111111111111111111111111111111111111111111111111111111111111111111111111111111111111111111111111111111111111111111111111111111111111111111111111111111111111111111111111111111111111111111111111111111111111111111111111111111111111111111,858,3]
10-28 02:33:08.598 I/notification_adjusted( 1152): [0|com.thundersoft.notificationtest1|44|null|10101,key_group_key,ranker_group]
10-28 02:33:08.598 I/notification_adjusted( 1152): [0|com.thundersoft.notificationtest1|43|null|10101,key_group_key,ranker_group]
10-28 02:33:08.599 I/notification_adjusted( 1152): [0|com.thundersoft.notificationtest1|43|null|10101,key_group_key,ranker_group]
10-28 02:33:08.599 I/notification_adjusted( 1152): [0|com.thundersoft.notificationtest1|42|null|10101,key_group_key,ranker_group]
10-28 02:33:08.599 I/notification_adjusted( 1152): [0|com.thundersoft.notificationtest1|42|null|10101,key_group_key,ranker_group]
10-28 02:33:08.599 I/notification_adjusted( 1152): [0|com.thundersoft.notificationtest1|42|null|10101,key_group_key,ranker_group]
10-28 02:33:08.599 I/notification_adjusted( 1152): [0|com.thundersoft.notificationtest1|41|null|10101,key_group_key,ranker_group]
10-28 02:33:08.599 I/notification_adjusted( 1152): [0|com.thundersoft.notificationtest1|41|null|10101,key_group_key,ranker_group]
10-28 02:33:08.599 I/notification_adjusted( 1152): [0|com.thundersoft.notificationtest1|41|null|10101,key_group_key,ranker_group]
10-28 02:33:08.599 I/notification_adjusted( 1152): [0|com.thundersoft.notificationtest1|41|null|10101,key_group_key,ranker_group]
10-28 02:33:08.599 I/notification_adjusted( 1152): [0|com.thundersoft.notificationtest1|40|null|10101,key_group_key,ranker_group]
10-28 02:33:08.599 I/notification_adjusted( 1152): [0|com.thundersoft.notificationtest1|40|null|10101,key_group_key,ranker_group]
10-28 02:33:08.599 I/notification_adjusted( 1152): [0|com.thundersoft.notificationtest1|40|null|10101,key_group_key,ranker_group]
10-28 02:33:08.599 I/notification_adjusted( 1152): [0|com.thundersoft.notificationtest1|40|null|10101,key_group_key,ranker_group]
10-28 02:33:08.599 I/notification_adjusted( 1152): [0|com.thundersoft.notificationtest1|40|null|10101,key_group_key,ranker_group]
10-28 02:33:08.611 I/notification_autogrouped( 1152): 0|com.thundersoft.notificationtest1|45|null|10101
10-28 02:33:08.611 I/sysui_multi_action( 1152): [757,1501,758,1,793,317,794,0,795,317,796,47,806,com.thundersoft.notificationtest1,857,111111111111111111111111111-108133a0,858,3,947,0,1500,0,1688,1]
10-28 02:33:08.611 I/sysui_multi_action( 1152): [757,804,799,note_interruptive,801,0,802,1]
10-28 02:33:08.613 I/sysui_multi_action( 1152): [757,856,758,1,806,com.thundersoft.notificationtest1,857,11111111111111111111111111111111111111111111111111111111111111111111111111111111111111111111111111111111111111111111111111111111111111111111111111111111111111111111111111111111111111111111111111111111111111111111111111111111111111111111111111111111111111111111111111111111111111111111111111111111111111111111111111111111111111111111111111111111111111111111111111111111111,858,3]
10-28 02:33:08.616 I/notification_adjusted( 1152): [0|com.thundersoft.notificationtest1|45|null|10101,key_group_key,ranker_group]
10-28 02:33:08.625 I/notification_autogrouped( 1152): 0|com.thundersoft.notificationtest1|46|null|10101
10-28 02:33:08.625 I/notification_adjusted( 1152): [0|com.thundersoft.notificationtest1|46|null|10101,key_group_key,ranker_group]
10-28 02:33:08.633 I/sysui_multi_action( 1152): [757,1501,758,1,793,324,794,0,795,324,796,48,806,com.thundersoft.notificationtest1,857,111111111111111111111111111-ffa54091,858,3,947,0,1500,0,1688,1]
10-28 02:33:08.634 I/sysui_multi_action( 1152): [757,804,799,note_interruptive,801,0,802,1]
10-28 02:33:08.638 I/sysui_multi_action( 1152): [757,856,758,1,806,com.thundersoft.notificationtest1,857,111111111111111111111111111111111111111111111111111111111111111111111111111111111111111111111111111111111111111111111111111111111111111111111111111111111111111111111111111111111111111111111111111111111111111111111111111111111111111111111111111111111111111111111111111111111111111111111111111111111111111111111111111111111111111111111111111111111111111111111111111111111111,858,3]
10-28 02:33:08.640 I/notification_autogrouped( 1152): 0|com.thundersoft.notificationtest1|47|null|10101
10-28 02:33:08.640 I/notification_adjusted( 1152): [0|com.thundersoft.notificationtest1|47|null|10101,key_group_key,ranker_group]
10-28 02:33:08.650 I/notification_autogrouped( 1152): 0|com.thundersoft.notificationtest1|48|null|10101
10-28 02:33:08.651 I/notification_adjusted( 1152): [0|com.thundersoft.notificationtest1|48|null|10101,key_group_key,ranker_group]
10-28 02:33:08.652 I/sysui_multi_action( 1152): [757,856,758,1,806,com.thundersoft.notificationtest1,857,1111111111111111111111111111111111111111111111111111111111111111111111111111111111111111111111111111111111111111111111111111111111111111111111111111111111111111111111111111111111111111111111111111111111111111111111111111111111111111111111111111111111111111111111111111111111111111111111111111111111111111111111111111111111111111111111111111111111111111111111111111111111111,858,3]
10-28 02:33:08.657 I/sysui_multi_action( 1152): [757,1501,758,1,793,330,794,0,795,330,796,49,806,com.thundersoft.notificationtest1,857,111111111111111111111111111-f502d1c0,858,3,947,0,1500,0,1688,1]
10-28 02:33:08.657 I/sysui_multi_action( 1152): [757,804,799,note_interruptive,801,0,802,1]
10-28 02:33:08.661 I/sysui_multi_action( 1152): [757,856,758,1,806,com.thundersoft.notificationtest1,857,11111111111111111111111111111111111111111111111111111111111111111111111111111111111111111111111111111111111111111111111111111111111111111111111111111111111111111111111111111111111111111111111111111111111111111111111111111111111111111111111111111111111111111111111111111111111111111111111111111111111111111111111111111111111111111111111111111111111111111111111111111111111111,858,3]
10-28 02:33:08.666 I/notification_autogrouped( 1152): 0|com.thundersoft.notificationtest1|49|null|10101
10-28 02:33:08.667 I/sysui_multi_action( 1152): [757,856,758,1,806,com.thundersoft.notificationtest1,857,111111111111111111111111111111111111111111111111111111111111111111111111111111111111111111111111111111111111111111111111111111111111111111111111111111111111111111111111111111111111111111111111111111111111111111111111111111111111111111111111111111111111111111111111111111111111111111111111111111111111111111111111111111111111111111111111111111111111111111111111111111111111111,858,3]
10-28 02:33:08.674 I/sysui_multi_action( 1152): [757,856,758,1,806,com.thundersoft.notificationtest1,857,1111111111111111111111111111111111111111111111111111111111111111111111111111111111111111111111111111111111111111111111111111111111111111111111111111111111111111111111111111111111111111111111111111111111111111111111111111111111111111111111111111111111111111111111111111111111111111111111111111111111111111111111111111111111111111111111111111111111111111111111111111111111111111,858,3]
10-28 02:33:08.677 I/sysui_multi_action( 1152): [757,856,758,1,806,com.thundersoft.notificationtest1,857,11111111111111111111111111111111111111111111111111111111111111111111111111111111111111111111111111111111111111111111111111111111111111111111111111111111111111111111111111111111111111111111111111111111111111111111111111111111111111111111111111111111111111111111111111111111111111111111111111111111111111111111111111111111111111111111111111111111111111111111111111111111111111111,858,3]
10-28 02:33:08.679 I/notification_adjusted( 1152): [0|com.thundersoft.notificationtest1|49|null|10101,key_group_key,ranker_group]
10-28 02:33:08.692 I/sysui_multi_action( 1152): [757,1501,758,1,793,334,794,0,795,334,796,50,806,com.thundersoft.notificationtest1,857,111111111111111111111111111-ab576671,858,3,947,0,1500,0,1688,1]
10-28 02:33:08.692 I/sysui_multi_action( 1152): [757,804,799,note_interruptive,801,0,802,1]
10-28 02:33:08.696 I/notification_autogrouped( 1152): 0|com.thundersoft.notificationtest1|50|null|10101
10-28 02:33:08.696 I/sysui_multi_action( 1152): [757,856,758,1,806,com.thundersoft.notificationtest1,857,111111111111111111111111111111111111111111111111111111111111111111111111111111111111111111111111111111111111111111111111111111111111111111111111111111111111111111111111111111111111111111111111111111111111111111111111111111111111111111111111111111111111111111111111111111111111111111111111111111111111111111111111111111111111111111111111111111111111111111111111111111111111111111,858,3]
10-28 02:33:08.700 I/sysui_multi_action( 1152): [757,856,758,1,806,com.thundersoft.notificationtest1,857,1111111111111111111111111111111111111111111111111111111111111111111111111111111111111111111111111111111111111111111111111111111111111111111111111111111111111111111111111111111111111111111111111111111111111111111111111111111111111111111111111111111111111111111111111111111111111111111111111111111111111111111111111111111111111111111111111111111111111111111111111111111111111111111,858,3]
10-28 02:33:08.702 I/sysui_multi_action( 1152): [757,856,758,1,806,com.thundersoft.notificationtest1,857,11111111111111111111111111111111111111111111111111111111111111111111111111111111111111111111111111111111111111111111111111111111111111111111111111111111111111111111111111111111111111111111111111111111111111111111111111111111111111111111111111111111111111111111111111111111111111111111111111111111111111111111111111111111111111111111111111111111111111111111111111111111111111111111,858,3]
10-28 02:33:08.704 I/sysui_multi_action( 1152): [757,856,758,1,806,com.thundersoft.notificationtest1,857,111111111111111111111111111111111111111111111111111111111111111111111111111111111111111111111111111111111111111111111111111111111111111111111111111111111111111111111111111111111111111111111111111111111111111111111111111111111111111111111111111111111111111111111111111111111111111111111111111111111111111111111111111111111111111111111111111111111111111111111111111111111111111111111,858,3]
10-28 02:33:08.705 I/notification_adjusted( 1152): [0|com.thundersoft.notificationtest1|50|null|10101,key_group_key,ranker_group]
10-28 02:33:08.718 I/sysui_multi_action( 1152): [757,1501,758,1,793,344,794,0,795,344,796,51,806,com.thundersoft.notificationtest1,857,111111111111111111111111111-bf9567e0,858,3,947,0,1500,0,1688,1]
10-28 02:33:08.719 I/sysui_multi_action( 1152): [757,804,799,note_interruptive,801,0,802,1]
10-28 02:33:08.722 I/sysui_multi_action( 1152): [757,856,758,1,806,com.thundersoft.notificationtest1,857,1111111111111111111111111111111111111111111111111111111111111111111111111111111111111111111111111111111111111111111111111111111111111111111111111111111111111111111111111111111111111111111111111111111111111111111111111111111111111111111111111111111111111111111111111111111111111111111111111111111111111111111111111111111111111111111111111111111111111111111111111111111111111111111111,858,3]
10-28 02:33:08.725 I/sysui_multi_action( 1152): [757,856,758,1,806,com.thundersoft.notificationtest1,857,11111111111111111111111111111111111111111111111111111111111111111111111111111111111111111111111111111111111111111111111111111111111111111111111111111111111111111111111111111111111111111111111111111111111111111111111111111111111111111111111111111111111111111111111111111111111111111111111111111111111111111111111111111111111111111111111111111111111111111111111111111111111111111111111,858,3]
10-28 02:33:08.726 I/notification_autogrouped( 1152): 0|com.thundersoft.notificationtest1|51|null|10101
10-28 02:33:08.727 I/sysui_multi_action( 1152): [757,856,758,1,806,com.thundersoft.notificationtest1,857,111111111111111111111111111111111111111111111111111111111111111111111111111111111111111111111111111111111111111111111111111111111111111111111111111111111111111111111111111111111111111111111111111111111111111111111111111111111111111111111111111111111111111111111111111111111111111111111111111111111111111111111111111111111111111111111111111111111111111111111111111111111111111111111111,858,3]
10-28 02:33:08.729 I/notification_adjusted( 1152): [0|com.thundersoft.notificationtest1|51|null|10101,key_group_key,ranker_group]
10-28 02:33:08.738 I/sysui_multi_action( 1152): [757,856,758,1,806,com.thundersoft.notificationtest1,857,1111111111111111111111111111111111111111111111111111111111111111111111111111111111111111111111111111111111111111111111111111111111111111111111111111111111111111111111111111111111111111111111111111111111111111111111111111111111111111111111111111111111111111111111111111111111111111111111111111111111111111111111111111111111111111111111111111111111111111111111111111111111111111111111111,858,3]
10-28 02:33:08.741 I/sysui_multi_action( 1152): [757,856,758,1,806,com.thundersoft.notificationtest1,857,11111111111111111111111111111111111111111111111111111111111111111111111111111111111111111111111111111111111111111111111111111111111111111111111111111111111111111111111111111111111111111111111111111111111111111111111111111111111111111111111111111111111111111111111111111111111111111111111111111111111111111111111111111111111111111111111111111111111111111111111111111111111111111111111111,858,3]
10-28 02:33:08.743 I/sysui_multi_action( 1152): [757,856,758,1,806,com.thundersoft.notificationtest1,857,111111111111111111111111111111111111111111111111111111111111111111111111111111111111111111111111111111111111111111111111111111111111111111111111111111111111111111111111111111111111111111111111111111111111111111111111111111111111111111111111111111111111111111111111111111111111111111111111111111111111111111111111111111111111111111111111111111111111111111111111111111111111111111111111111,858,3]
10-28 02:33:08.745 I/sysui_multi_action( 1152): [757,856,758,1,806,com.thundersoft.notificationtest1,857,1111111111111111111111111111111111111111111111111111111111111111111111111111111111111111111111111111111111111111111111111111111111111111111111111111111111111111111111111111111111111111111111111111111111111111111111111111111111111111111111111111111111111111111111111111111111111111111111111111111111111111111111111111111111111111111111111111111111111111111111111111111111111111111111111111,858,3]
10-28 02:33:08.747 I/sysui_multi_action( 1152): [757,856,758,1,806,com.thundersoft.notificationtest1,857,11111111111111111111111111111111111111111111111111111111111111111111111111111111111111111111111111111111111111111111111111111111111111111111111111111111111111111111111111111111111111111111111111111111111111111111111111111111111111111111111111111111111111111111111111111111111111111111111111111111111111111111111111111111111111111111111111111111111111111111111111111111111111111111111111111,858,3]
10-28 02:33:08.749 I/sysui_multi_action( 1152): [757,856,758,1,806,com.thundersoft.notificationtest1,857,111111111111111111111111111111111111111111111111111111111111111111111111111111111111111111111111111111111111111111111111111111111111111111111111111111111111111111111111111111111111111111111111111111111111111111111111111111111111111111111111111111111111111111111111111111111111111111111111111111111111111111111111111111111111111111111111111111111111111111111111111111111111111111111111111111,858,3]
10-28 02:33:08.751 I/sysui_multi_action( 1152): [757,856,758,1,806,com.thundersoft.notificationtest1,857,1111111111111111111111111111111111111111111111111111111111111111111111111111111111111111111111111111111111111111111111111111111111111111111111111111111111111111111111111111111111111111111111111111111111111111111111111111111111111111111111111111111111111111111111111111111111111111111111111111111111111111111111111111111111111111111111111111111111111111111111111111111111111111111111111111111,858,3]
10-28 02:33:08.753 I/sysui_multi_action( 1152): [757,856,758,1,806,com.thundersoft.notificationtest1,857,11111111111111111111111111111111111111111111111111111111111111111111111111111111111111111111111111111111111111111111111111111111111111111111111111111111111111111111111111111111111111111111111111111111111111111111111111111111111111111111111111111111111111111111111111111111111111111111111111111111111111111111111111111111111111111111111111111111111111111111111111111111111111111111111111111111,858,3]
10-28 02:33:08.755 I/sysui_multi_action( 1152): [757,856,758,1,806,com.thundersoft.notificationtest1,857,111111111111111111111111111111111111111111111111111111111111111111111111111111111111111111111111111111111111111111111111111111111111111111111111111111111111111111111111111111111111111111111111111111111111111111111111111111111111111111111111111111111111111111111111111111111111111111111111111111111111111111111111111111111111111111111111111111111111111111111111111111111111111111111111111111111,858,3]
10-28 02:33:08.757 I/sysui_multi_action( 1152): [757,856,758,1,806,com.thundersoft.notificationtest1,857,1111111111111111111111111111111111111111111111111111111111111111111111111111111111111111111111111111111111111111111111111111111111111111111111111111111111111111111111111111111111111111111111111111111111111111111111111111111111111111111111111111111111111111111111111111111111111111111111111111111111111111111111111111111111111111111111111111111111111111111111111111111111111111111111111111111111,858,3]
10-28 02:33:08.761 I/sysui_multi_action( 1152): [757,856,758,1,806,com.thundersoft.notificationtest1,857,11111111111111111111111111111111111111111111111111111111111111111111111111111111111111111111111111111111111111111111111111111111111111111111111111111111111111111111111111111111111111111111111111111111111111111111111111111111111111111111111111111111111111111111111111111111111111111111111111111111111111111111111111111111111111111111111111111111111111111111111111111111111111111111111111111111111,858,3]
10-28 02:33:08.764 I/sysui_multi_action( 1152): [757,856,758,1,806,com.thundersoft.notificationtest1,857,111111111111111111111111111111111111111111111111111111111111111111111111111111111111111111111111111111111111111111111111111111111111111111111111111111111111111111111111111111111111111111111111111111111111111111111111111111111111111111111111111111111111111111111111111111111111111111111111111111111111111111111111111111111111111111111111111111111111111111111111111111111111111111111111111111111111,858,3]
10-28 02:33:08.767 I/sysui_multi_action( 1152): [757,856,758,1,806,com.thundersoft.notificationtest1,857,1111111111111111111111111111111111111111111111111111111111111111111111111111111111111111111111111111111111111111111111111111111111111111111111111111111111111111111111111111111111111111111111111111111111111111111111111111111111111111111111111111111111111111111111111111111111111111111111111111111111111111111111111111111111111111111111111111111111111111111111111111111111111111111111111111111111111,858,3]
10-28 02:33:08.802 I/commit_sys_config_file( 1152): [notification-policy,1246741]
10-28 02:33:12.697 I/wm_task_moved( 1152): [1,0,0]
10-28 02:33:12.698 I/wm_task_moved( 1152): [1,0,5]
10-28 02:33:12.726 I/wm_on_restart_called( 2641): [231814419,com.android.launcher3.uioverrides.QuickstepLauncher,performRestartActivity]
10-28 02:33:12.772 I/wm_on_start_called( 2641): [231814419,com.android.launcher3.uioverrides.QuickstepLauncher,handleStartActivity]
10-28 02:33:12.775 I/view_enqueue_input_event( 4183): [Motion - Cancel,com.thundersoft.notificationtest1/com.thundersoft.notificationtest1.MainActivity]
10-28 02:33:12.776 I/input_interaction( 1152): Interaction with: edge-swipe (server), swipe-up (server), PointerEventDispatcher0 (server),
10-28 02:33:12.793 I/input_focus( 1152): [Focus request recents_animation_input_consumer,reason=UpdateInputWindows]
10-28 02:33:12.801 I/sysui_latency( 2641): [1,127]
10-28 02:33:12.824 I/input_focus( 1152): [Focus leaving a5068a2 com.thundersoft.notificationtest1/com.thundersoft.notificationtest1.MainActivity (server),reason=NOT_FOCUSABLE]
10-28 02:33:12.825 I/input_focus( 1152): [Focus entering recents_animation_input_consumer (server),reason=setFocusedWindow]
10-28 02:33:12.837 I/sysui_multi_action( 1152): [319,17,322,121,325,1300,757,761,758,9,759,5,806,com.android.launcher3,871,com.android.launcher3.uioverrides.QuickstepLauncher,905,0,1320,4,1321,1]
10-28 02:33:13.120 I/sysui_latency( 1152): [8,143]
10-28 02:33:14.191 I/input_interaction( 1152): Interaction with: a79836 com.android.launcher3/com.android.launcher3.uioverrides.QuickstepLauncher (server), edge-swipe (server), swipe-up (server), PointerEventDispatcher0 (server),
10-28 02:33:14.687 I/wm_task_moved( 1152): [1,1,6]
10-28 02:33:14.694 I/wm_task_moved( 1152): [44,1,2147483647]
10-28 02:33:14.694 I/wm_on_top_resumed_lost_called( 4183): [176413639,com.thundersoft.notificationtest1.MainActivity,topStateChangedWhenResumed]
10-28 02:33:14.695 I/wm_task_to_front( 1152): [0,44]
10-28 02:33:14.695 I/wm_focused_root_task( 1152): [0,0,1,47,RecentsAnimation.onAnimationFinished()]
10-28 02:33:14.695 I/wm_set_resumed_activity( 1152): [0,com.android.launcher3/.uioverrides.QuickstepLauncher,RecentsAnimation.onAnimationFinished()]
10-28 02:33:14.697 I/wm_pause_activity( 1152): [0,176413639,com.thundersoft.notificationtest1/.MainActivity,userLeaving=true,pauseBackTasks]
10-28 02:33:14.700 I/wm_add_to_stopping( 1152): [0,176413639,com.thundersoft.notificationtest1/.MainActivity,makeInvisible]
10-28 02:33:14.701 I/wm_set_resumed_activity( 1152): [0,com.android.launcher3/.uioverrides.QuickstepLauncher,resumeTopActivityInnerLocked]
10-28 02:33:14.702 I/wm_resume_activity( 1152): [0,231814419,44,com.android.launcher3/.uioverrides.QuickstepLauncher]
10-28 02:33:14.717 I/input_focus( 1152): [Focus request a79836 com.android.launcher3/com.android.launcher3.uioverrides.QuickstepLauncher,reason=UpdateInputWindows]
10-28 02:33:14.719 I/wm_on_resume_called( 2641): [231814419,com.android.launcher3.uioverrides.QuickstepLauncher,RESUME_ACTIVITY]
10-28 02:33:14.723 I/wm_stop_activity( 1152): [0,176413639,com.thundersoft.notificationtest1/.MainActivity]
10-28 02:33:14.723 I/wm_on_paused_called( 4183): [176413639,com.thundersoft.notificationtest1.MainActivity,performPause]
10-28 02:33:14.724 I/sysui_multi_action( 1152): [757,803,799,window_time_0,802,9]
10-28 02:33:14.727 I/wm_on_stop_called( 4183): [176413639,com.thundersoft.notificationtest1.MainActivity,STOP_ACTIVITY_ITEM]
10-28 02:33:14.731 I/input_focus( 1152): [Focus leaving recents_animation_input_consumer (server),reason=NOT_VISIBLE]
10-28 02:33:14.741 I/wm_on_top_resumed_gained_called( 2641): [231814419,com.android.launcher3.uioverrides.QuickstepLauncher,topStateChangedWhenResumed]
10-28 02:33:14.743 I/sysui_multi_action( 1152): [757,803,799,window_time_0,802,0]
10-28 02:33:14.748 I/dvm_lock_sample( 1152): [system_server,0,android.bg,47,ActivityTaskManagerService.java,1847,android.app.ActivityTaskManager$RootTaskInfo com.android.server.wm.ActivityTaskManagerService.getFocusedRootTaskInfo(),,0,null,9]
10-28 02:33:14.751 I/input_focus( 1152): [Focus entering a79836 com.android.launcher3/com.android.launcher3.uioverrides.QuickstepLauncher (server),reason=setFocusedWindow]
10-28 02:33:15.509 I/input_interaction( 1152): Interaction with: fedcccd StatusBar (server), edge-swipe (server), swipe-up (server), PointerEventDispatcher0 (server),
10-28 02:33:15.534 I/sysui_multi_action( 2084): [757,803,799,panel_open,802,1]
10-28 02:33:15.537 I/sysui_multi_action( 2084): [757,1328,758,4,1326,31,1327,0,1329,0]
10-28 02:33:15.687 I/sysui_multi_action( 1152): [757,127,758,1]
10-28 02:33:15.688 I/sysui_multi_action( 1152): [757,804,799,note_load,801,3,802,1]
10-28 02:33:15.688 I/notification_panel_revealed( 1152): 3
10-28 02:33:15.703 I/notification_enqueue( 1152): [10087,2084,com.android.systemui,2048,NULL,0,Notification(channel=updateNotification shortcut=null contentView=null vibrate=null sound=null defaults=0x0 flags=0x0 color=0x00000000 vis=PRIVATE),1]
10-28 02:33:15.704 I/sysui_multi_action( 2084): [757,111,758,2]
10-28 02:33:15.705 I/sysui_multi_action( 2084): [757,111,758,2]
10-28 02:33:15.743 I/input_focus( 1152): [Focus request 31b65cc NotificationShade,reason=UpdateInputWindows]
10-28 02:33:15.760 I/sysui_multi_action( 2084): [757,111,758,1]
10-28 02:33:15.762 I/sysui_multi_action( 2084): [757,126,758,1,759,126,927,0,928,1,1593,0]
10-28 02:33:15.762 I/sysui_multi_action( 2084): [757,113,758,1,759,113,927,1,928,1,1593,0]
10-28 02:33:15.763 I/sysui_multi_action( 2084): [757,0,758,1,759,0,927,2,928,0,1593,0]
10-28 02:33:15.763 I/sysui_multi_action( 2084): [757,0,758,1,759,0,927,3,928,0,1593,0]
10-28 02:33:15.766 I/input_focus( 1152): [Focus leaving a79836 com.android.launcher3/com.android.launcher3.uioverrides.QuickstepLauncher (server),reason=Waiting for window because NOT_VISIBLE]
10-28 02:33:15.767 I/sysui_multi_action( 2084): [757,491,758,1,759,491,927,4,928,0,1311,-1,1593,0]
10-28 02:33:15.767 I/sysui_multi_action( 2084): [757,0,758,1,759,0,927,5,928,0,1593,0]
10-28 02:33:15.768 I/sysui_multi_action( 2084): [757,0,758,1,759,0,927,6,1593,0]
10-28 02:33:15.768 I/sysui_multi_action( 2084): [757,111,758,1]
10-28 02:33:15.769 I/sysui_multi_action( 2084): [757,126,758,1,759,126,927,0,928,1,1593,0]
10-28 02:33:15.769 I/sysui_multi_action( 2084): [757,113,758,1,759,113,927,1,928,1,1593,0]
10-28 02:33:15.770 I/sysui_multi_action( 2084): [757,0,758,1,759,0,927,2,928,0,1593,0]
10-28 02:33:15.770 I/sysui_multi_action( 2084): [757,0,758,1,759,0,927,3,928,0,1593,0]
10-28 02:33:15.800 I/input_focus( 1152): [Focus entering 31b65cc NotificationShade (server),reason=Window became focusable. Previous reason: NOT_VISIBLE]
10-28 02:33:15.804 I/notification_enqueue( 1152): [10087,2084,com.android.systemui,2048,NULL,0,Notification(channel=updateNotification shortcut=null contentView=null vibrate=null sound=null defaults=0x0 flags=0x0 color=0x00000000 vis=PRIVATE),1]
10-28 02:33:15.805 I/sysui_multi_action( 2084): [757,111,758,2]
10-28 02:33:15.805 I/sysui_multi_action( 2084): [757,111,758,2]
10-28 02:33:15.819 I/sysui_multi_action( 2084): [757,111,758,1]
10-28 02:33:15.820 I/sysui_multi_action( 2084): [757,126,758,1,759,126,927,0,928,1,1593,0]
10-28 02:33:15.821 I/sysui_multi_action( 2084): [757,113,758,1,759,113,927,1,928,1,1593,0]
10-28 02:33:15.821 I/sysui_multi_action( 2084): [757,0,758,1,759,0,927,2,928,0,1593,0]
10-28 02:33:15.822 I/sysui_multi_action( 2084): [757,0,758,1,759,0,927,3,928,0,1593,0]
10-28 02:33:15.822 I/sysui_multi_action( 2084): [757,491,758,1,759,491,927,4,928,0,1311,-1,1593,0]
10-28 02:33:15.823 I/sysui_multi_action( 2084): [757,0,758,1,759,0,927,5,928,0,1593,0]
10-28 02:33:15.823 I/sysui_multi_action( 2084): [757,0,758,1,759,0,927,6,1593,0]
10-28 02:33:15.823 I/sysui_multi_action( 2084): [757,111,758,1]
10-28 02:33:15.824 I/sysui_multi_action( 2084): [757,126,758,1,759,126,927,0,928,1,1593,0]
10-28 02:33:15.824 I/sysui_multi_action( 2084): [757,113,758,1,759,113,927,1,928,1,1593,0]
10-28 02:33:15.825 I/sysui_multi_action( 2084): [757,0,758,1,759,0,927,2,928,0,1593,0]
10-28 02:33:15.825 I/sysui_multi_action( 2084): [757,0,758,1,759,0,927,3,928,0,1593,0]
10-28 02:33:15.909 I/sysui_multi_action( 1152): [757,1501,758,1,793,530154,794,0,795,218,796,2048,806,com.android.systemui,857,updateNotification,858,3,947,0,1500,0,1688,1]
10-28 02:33:15.910 I/sysui_multi_action( 1152): [757,804,799,note_interruptive,801,0,802,1]
10-28 02:33:15.911 I/sysui_multi_action( 1152): [757,199,758,1,759,2,793,530156,794,0,795,220,796,2048,806,com.android.systemui,857,updateNotification,858,3,947,0,1500,2,1688,1]
10-28 02:33:15.911 I/notification_alert( 1152): [0|com.android.systemui|2048|null|10087,0,1,0]
10-28 02:33:16.313 I/sysui_multi_action( 1152): [757,128,758,1,793,1246533,794,0,795,1246533,796,26,798,0,806,android,857,DEVELOPER_IMPORTANT,858,4,947,0,1395,3,1500,1246318,1688,1]
10-28 02:33:16.313 I/sysui_multi_action( 1152): [757,804,799,note_freshness,801,1246533,802,1]
10-28 02:33:16.313 I/notification_visibility( 1152): [-1|android|26|null|1000,1,1246533,1246533,0,0]
10-28 02:33:16.314 I/sysui_multi_action( 1152): [757,128,758,1,793,1246241,794,0,795,1246241,796,55,798,1,806,android,857,DEVELOPER,858,2,947,0,1395,3,1500,1246037,1688,1]
10-28 02:33:16.315 I/sysui_multi_action( 1152): [757,804,799,note_freshness,801,1246241,802,1]
10-28 02:33:16.315 I/notification_visibility( 1152): [-1|android|55|null|1000,1,1246241,1246241,0,1]
10-28 02:33:16.316 I/sysui_multi_action( 1152): [757,128,758,1,793,1250746,794,0,795,1250746,796,32,798,2,806,android,857,USB,858,1,947,0,1395,3,1500,1250362,1688,1]
10-28 02:33:16.326 I/sysui_multi_action( 1152): [757,804,799,note_freshness,801,1250746,802,1]
10-28 02:33:16.326 I/notification_visibility( 1152): [-1|android|32|null|1000,1,1250746,1250746,0,2]
10-28 02:33:18.453 I/input_interaction( 1152): Interaction with: 31b65cc NotificationShade (server), edge-swipe (server), swipe-up (server), PointerEventDispatcher0 (server),
10-28 02:33:18.580 I/notification_enqueue( 1152): [10087,2084,com.android.systemui,2048,NULL,0,Notification(channel=updateNotification shortcut=null contentView=null vibrate=null sound=null defaults=0x0 flags=0x0 color=0x00000000 vis=PRIVATE),1]
10-28 02:33:18.790 I/sysui_multi_action( 1152): [757,1501,758,1,793,533035,794,0,795,213,796,2048,806,com.android.systemui,857,updateNotification,858,3,947,0,1500,0,1688,1]
10-28 02:33:18.791 I/sysui_multi_action( 1152): [757,804,799,note_interruptive,801,0,802,1]
10-28 02:33:18.791 I/sysui_multi_action( 1152): [757,199,758,1,759,2,793,533036,794,0,795,214,796,2048,806,com.android.systemui,857,updateNotification,858,3,947,0,1500,1,1688,1]
10-28 02:33:18.792 I/notification_alert( 1152): [0|com.android.systemui|2048|null|10087,0,1,0]
10-28 02:33:19.958 I/sysui_multi_action( 1152): [757,128,758,1,793,11600,794,0,795,11600,796,50,798,5,806,com.thundersoft.notificationtest1,857,111111111111111111111111111-ab576671,858,3,946,ranker_group,947,0,1395,56,1500,11266,1688,1]
10-28 02:33:19.958 I/sysui_multi_action( 1152): [757,804,799,note_freshness,801,11600,802,1]
10-28 02:33:19.958 I/notification_visibility( 1152): [0|com.thundersoft.notificationtest1|50|null|10101,1,11600,11600,0,5]
10-28 02:33:19.959 I/sysui_multi_action( 1152): [757,128,758,1,793,11585,794,0,795,11585,796,51,798,4,806,com.thundersoft.notificationtest1,857,111111111111111111111111111-bf9567e0,858,3,946,ranker_group,947,0,1395,56,1500,11241,1688,1]
10-28 02:33:19.959 I/sysui_multi_action( 1152): [757,804,799,note_freshness,801,11585,802,1]
10-28 02:33:19.959 I/notification_visibility( 1152): [0|com.thundersoft.notificationtest1|51|null|10101,1,11585,11585,0,4]
