10-28 02:37:37.817 D/InterruptionStateProvider( 2084): No bubble up: not allowed to bubble: 0|com.thundersoft.notificationtest1|19|null|10101
10-28 02:37:37.817 D/InterruptionStateProvider( 2084): No bubble up: not allowed to bubble: 0|com.thundersoft.notificationtest1|18|null|10101
10-28 02:37:37.817 D/InterruptionStateProvider( 2084): No bubble up: not allowed to bubble: 0|com.thundersoft.notificationtest1|17|null|10101
10-28 02:37:37.818 D/InterruptionStateProvider( 2084): No bubble up: not allowed to bubble: 0|com.thundersoft.notificationtest1|16|null|10101
10-28 02:37:37.818 D/InterruptionStateProvider( 2084): No bubble up: not allowed to bubble: 0|com.thundersoft.notificationtest1|15|null|10101
10-28 02:37:37.818 D/InterruptionStateProvider( 2084): No bubble up: not allowed to bubble: 0|com.thundersoft.notificationtest1|14|null|10101
10-28 02:37:37.818 D/InterruptionStateProvider( 2084): No bubble up: not allowed to bubble: 0|com.thundersoft.notificationtest1|13|null|10101
10-28 02:37:37.818 D/InterruptionStateProvider( 2084): No bubble up: not allowed to bubble: 0|com.thundersoft.notificationtest1|12|null|10101
10-28 02:37:37.818 D/InterruptionStateProvider( 2084): No bubble up: not allowed to bubble: 0|com.thundersoft.notificationtest1|11|null|10101
10-28 02:37:37.818 D/InterruptionStateProvider( 2084): No bubble up: not allowed to bubble: 0|com.thundersoft.notificationtest1|10|null|10101
10-28 02:37:37.818 D/InterruptionStateProvider( 2084): No bubble up: not allowed to bubble: 0|com.thundersoft.notificationtest1|9|null|10101
10-28 02:37:37.818 D/InterruptionStateProvider( 2084): No bubble up: not allowed to bubble: 0|com.thundersoft.notificationtest1|8|null|10101
10-28 02:37:37.819 D/InterruptionStateProvider( 2084): No bubble up: not allowed to bubble: 0|com.thundersoft.notificationtest1|7|null|10101
10-28 02:37:37.819 D/InterruptionStateProvider( 2084): No bubble up: not allowed to bubble: 0|com.thundersoft.notificationtest1|6|null|10101
10-28 02:37:37.819 D/InterruptionStateProvider( 2084): No bubble up: not allowed to bubble: 0|com.thundersoft.notificationtest1|5|null|10101
10-28 02:37:37.819 D/InterruptionStateProvider( 2084): No bubble up: not allowed to bubble: 0|com.thundersoft.notificationtest1|4|null|10101
10-28 02:37:37.819 D/InterruptionStateProvider( 2084): No bubble up: not allowed to bubble: 0|com.thundersoft.notificationtest1|3|null|10101
10-28 02:37:37.819 D/InterruptionStateProvider( 2084): No bubble up: not allowed to bubble: 0|com.thundersoft.notificationtest1|2|null|10101
10-28 02:37:37.819 D/InterruptionStateProvider( 2084): No bubble up: not allowed to bubble: 0|com.thundersoft.notificationtest1|1|null|10101
10-28 02:37:37.819 D/InterruptionStateProvider( 2084): No bubble up: not allowed to bubble: 0|com.thundersoft.notificationtest1|0|null|10101
10-28 02:37:37.819 D/InterruptionStateProvider( 2084): No bubble up: not allowed to bubble: 0|com.android.systemui|4274|null|10087
10-28 02:37:37.819 D/InterruptionStateProvider( 2084): No bubble up: not allowed to bubble: -1|android|26|null|1000
10-28 02:37:37.820 D/InterruptionStateProvider( 2084): No alerting: filtered notification: 0|com.android.systemui|1|empty_media|10087
10-28 02:37:37.820 D/InterruptionStateProvider( 2084): No bubble up: not allowed to bubble: 0|com.android.systemui|2048|null|10087
10-28 02:37:37.820 D/InterruptionStateProvider( 2084): No bubble up: not allowed to bubble: -1|android|55|null|1000
10-28 02:37:37.820 D/InterruptionStateProvider( 2084): No bubble up: not allowed to bubble: -1|android|32|null|1000
10-28 02:37:37.826 D/InterruptionStateProvider( 2084): No bubble up: not allowed to bubble: 0|com.thundersoft.notificationtest1|51|null|10101
10-28 02:37:37.827 D/InterruptionStateProvider( 2084): No heads up: unimportant notification: 0|com.thundersoft.notificationtest1|51|null|10101
10-28 02:37:37.847 D/PeopleSpaceWidgetMgr( 2084): Sbn doesn't contain valid PeopleTileKey: null/0/com.thundersoft.notificationtest1
10-28 02:37:37.857 D/InterruptionStateProvider( 2084): No bubble up: not allowed to bubble: 0|com.thundersoft.notificationtest1|52|null|10101
10-28 02:37:37.858 D/InterruptionStateProvider( 2084): No heads up: unimportant notification: 0|com.thundersoft.notificationtest1|52|null|10101
10-28 02:37:37.858 D/PeopleSpaceWidgetMgr( 2084): Sbn doesn't contain valid PeopleTileKey: null/0/com.thundersoft.notificationtest1
10-28 02:37:37.867 D/InterruptionStateProvider( 2084): No bubble up: not allowed to bubble: 0|com.thundersoft.notificationtest1|53|null|10101
10-28 02:37:37.868 D/InterruptionStateProvider( 2084): No heads up: unimportant notification: 0|com.thundersoft.notificationtest1|53|null|10101
10-28 02:37:37.868 D/PeopleSpaceWidgetMgr( 2084): Sbn doesn't contain valid PeopleTileKey: null/0/com.thundersoft.notificationtest1
10-28 02:37:37.879 D/InterruptionStateProvider( 2084): No bubble up: not allowed to bubble: 0|com.thundersoft.notificationtest1|54|null|10101
10-28 02:37:37.879 D/InterruptionStateProvider( 2084): No heads up: unimportant notification: 0|com.thundersoft.notificationtest1|54|null|10101
10-28 02:37:37.879 D/PeopleSpaceWidgetMgr( 2084): Sbn doesn't contain valid PeopleTileKey: null/0/com.thundersoft.notificationtest1
10-28 02:37:37.888 D/InterruptionStateProvider( 2084): No alerting: suppressed due to group alert behavior
10-28 02:37:37.888 D/InterruptionStateProvider( 2084): No bubble up: not allowed to bubble: 0|com.thundersoft.notificationtest1|54|null|10101
10-28 02:37:37.888 D/InterruptionStateProvider( 2084): No bubble up: not allowed to bubble: 0|com.thundersoft.notificationtest1|53|null|10101
10-28 02:37:37.888 D/InterruptionStateProvider( 2084): No bubble up: not allowed to bubble: 0|com.thundersoft.notificationtest1|52|null|10101
10-28 02:37:37.889 D/InterruptionStateProvider( 2084): No bubble up: not allowed to bubble: 0|com.thundersoft.notificationtest1|51|null|10101
10-28 02:37:37.889 D/InterruptionStateProvider( 2084): No bubble up: not allowed to bubble: 0|com.thundersoft.notificationtest1|50|null|10101
10-28 02:37:37.889 D/InterruptionStateProvider( 2084): No bubble up: not allowed to bubble: 0|com.thundersoft.notificationtest1|49|null|10101
10-28 02:37:37.889 D/InterruptionStateProvider( 2084): No bubble up: not allowed to bubble: 0|com.thundersoft.notificationtest1|48|null|10101
10-28 02:37:37.889 D/InterruptionStateProvider( 2084): No bubble up: not allowed to bubble: 0|com.thundersoft.notificationtest1|47|null|10101
10-28 02:37:37.889 D/InterruptionStateProvider( 2084): No bubble up: not allowed to bubble: 0|com.thundersoft.notificationtest1|46|null|10101
10-28 02:37:37.889 D/InterruptionStateProvider( 2084): No bubble up: not allowed to bubble: 0|com.thundersoft.notificationtest1|45|null|10101
10-28 02:37:37.889 D/InterruptionStateProvider( 2084): No bubble up: not allowed to bubble: 0|com.thundersoft.notificationtest1|44|null|10101
10-28 02:37:37.889 D/InterruptionStateProvider( 2084): No bubble up: not allowed to bubble: 0|com.thundersoft.notificationtest1|43|null|10101
10-28 02:37:37.889 D/InterruptionStateProvider( 2084): No bubble up: not allowed to bubble: 0|com.thundersoft.notificationtest1|42|null|10101
10-28 02:37:37.890 D/InterruptionStateProvider( 2084): No bubble up: not allowed to bubble: 0|com.thundersoft.notificationtest1|41|null|10101
10-28 02:37:37.890 D/InterruptionStateProvider( 2084): No bubble up: not allowed to bubble: 0|com.thundersoft.notificationtest1|40|null|10101
10-28 02:37:37.890 D/InterruptionStateProvider( 2084): No bubble up: not allowed to bubble: 0|com.thundersoft.notificationtest1|39|null|10101
10-28 02:37:37.890 D/InterruptionStateProvider( 2084): No bubble up: not allowed to bubble: 0|com.thundersoft.notificationtest1|38|null|10101
10-28 02:37:37.890 D/InterruptionStateProvider( 2084): No bubble up: not allowed to bubble: 0|com.thundersoft.notificationtest1|37|null|10101
10-28 02:37:37.890 D/InterruptionStateProvider( 2084): No bubble up: not allowed to bubble: 0|com.thundersoft.notificationtest1|36|null|10101
10-28 02:37:37.890 D/InterruptionStateProvider( 2084): No bubble up: not allowed to bubble: 0|com.thundersoft.notificationtest1|35|null|10101
10-28 02:37:37.890 D/InterruptionStateProvider( 2084): No bubble up: not allowed to bubble: 0|com.thundersoft.notificationtest1|34|null|10101
10-28 02:37:37.890 D/InterruptionStateProvider( 2084): No bubble up: not allowed to bubble: 0|com.thundersoft.notificationtest1|33|null|10101
10-28 02:37:37.891 D/InterruptionStateProvider( 2084): No bubble up: not allowed to bubble: 0|com.thundersoft.notificationtest1|32|null|10101
10-28 02:37:37.891 D/InterruptionStateProvider( 2084): No bubble up: not allowed to bubble: 0|com.thundersoft.notificationtest1|31|null|10101
10-28 02:37:37.891 D/InterruptionStateProvider( 2084): No bubble up: not allowed to bubble: 0|com.thundersoft.notificationtest1|30|null|10101
10-28 02:37:37.891 D/InterruptionStateProvider( 2084): No bubble up: not allowed to bubble: 0|com.thundersoft.notificationtest1|29|null|10101
10-28 02:37:37.891 D/InterruptionStateProvider( 2084): No bubble up: not allowed to bubble: 0|com.thundersoft.notificationtest1|28|null|10101
10-28 02:37:37.891 D/InterruptionStateProvider( 2084): No bubble up: not allowed to bubble: 0|com.thundersoft.notificationtest1|27|null|10101
10-28 02:37:37.891 D/InterruptionStateProvider( 2084): No bubble up: not allowed to bubble: 0|com.thundersoft.notificationtest1|26|null|10101
10-28 02:37:37.891 D/InterruptionStateProvider( 2084): No bubble up: not allowed to bubble: 0|com.thundersoft.notificationtest1|25|null|10101
10-28 02:37:37.891 D/InterruptionStateProvider( 2084): No bubble up: not allowed to bubble: 0|com.thundersoft.notificationtest1|24|null|10101
10-28 02:37:37.891 D/InterruptionStateProvider( 2084): No bubble up: not allowed to bubble: 0|com.thundersoft.notificationtest1|23|null|10101
10-28 02:37:37.892 D/InterruptionStateProvider( 2084): No bubble up: not allowed to bubble: 0|com.thundersoft.notificationtest1|22|null|10101
10-28 02:37:37.892 D/InterruptionStateProvider( 2084): No bubble up: not allowed to bubble: 0|com.thundersoft.notificationtest1|21|null|10101
10-28 02:37:37.892 D/InterruptionStateProvider( 2084): No bubble up: not allowed to bubble: 0|com.thundersoft.notificationtest1|20|null|10101
10-28 02:37:37.892 D/InterruptionStateProvider( 2084): No bubble up: not allowed to bubble: 0|com.thundersoft.notificationtest1|19|null|10101
10-28 02:37:37.892 D/InterruptionStateProvider( 2084): No bubble up: not allowed to bubble: 0|com.thundersoft.notificationtest1|18|null|10101
10-28 02:37:37.892 D/InterruptionStateProvider( 2084): No bubble up: not allowed to bubble: 0|com.thundersoft.notificationtest1|17|null|10101
10-28 02:37:37.892 D/InterruptionStateProvider( 2084): No bubble up: not allowed to bubble: 0|com.thundersoft.notificationtest1|16|null|10101
10-28 02:37:37.892 D/InterruptionStateProvider( 2084): No bubble up: not allowed to bubble: 0|com.thundersoft.notificationtest1|15|null|10101
10-28 02:37:37.892 D/InterruptionStateProvider( 2084): No bubble up: not allowed to bubble: 0|com.thundersoft.notificationtest1|14|null|10101
10-28 02:37:37.893 D/InterruptionStateProvider( 2084): No bubble up: not allowed to bubble: 0|com.thundersoft.notificationtest1|13|null|10101
10-28 02:37:37.893 D/InterruptionStateProvider( 2084): No bubble up: not allowed to bubble: 0|com.thundersoft.notificationtest1|12|null|10101
10-28 02:37:37.893 D/InterruptionStateProvider( 2084): No bubble up: not allowed to bubble: 0|com.thundersoft.notificationtest1|11|null|10101
10-28 02:37:37.893 D/InterruptionStateProvider( 2084): No bubble up: not allowed to bubble: 0|com.thundersoft.notificationtest1|10|null|10101
10-28 02:37:37.893 D/InterruptionStateProvider( 2084): No bubble up: not allowed to bubble: 0|com.thundersoft.notificationtest1|9|null|10101
10-28 02:37:37.893 D/InterruptionStateProvider( 2084): No bubble up: not allowed to bubble: 0|com.thundersoft.notificationtest1|8|null|10101
10-28 02:37:37.893 D/InterruptionStateProvider( 2084): No bubble up: not allowed to bubble: 0|com.thundersoft.notificationtest1|7|null|10101
10-28 02:37:37.893 D/InterruptionStateProvider( 2084): No bubble up: not allowed to bubble: 0|com.thundersoft.notificationtest1|6|null|10101
10-28 02:37:37.893 D/InterruptionStateProvider( 2084): No bubble up: not allowed to bubble: 0|com.thundersoft.notificationtest1|5|null|10101
10-28 02:37:37.893 D/InterruptionStateProvider( 2084): No bubble up: not allowed to bubble: 0|com.thundersoft.notificationtest1|4|null|10101
10-28 02:37:37.894 D/InterruptionStateProvider( 2084): No bubble up: not allowed to bubble: 0|com.thundersoft.notificationtest1|3|null|10101
10-28 02:37:37.894 D/InterruptionStateProvider( 2084): No bubble up: not allowed to bubble: 0|com.thundersoft.notificationtest1|2|null|10101
10-28 02:37:37.894 D/InterruptionStateProvider( 2084): No bubble up: not allowed to bubble: 0|com.thundersoft.notificationtest1|1|null|10101
10-28 02:37:37.894 D/InterruptionStateProvider( 2084): No bubble up: not allowed to bubble: 0|com.thundersoft.notificationtest1|0|null|10101
10-28 02:37:37.894 D/InterruptionStateProvider( 2084): No bubble up: not allowed to bubble: 0|com.android.systemui|4274|null|10087
10-28 02:37:37.894 D/InterruptionStateProvider( 2084): No bubble up: not allowed to bubble: -1|android|26|null|1000
10-28 02:37:37.894 D/InterruptionStateProvider( 2084): No alerting: filtered notification: 0|com.android.systemui|1|empty_media|10087
10-28 02:37:37.894 D/InterruptionStateProvider( 2084): No bubble up: not allowed to bubble: 0|com.android.systemui|2048|null|10087
10-28 02:37:37.894 D/InterruptionStateProvider( 2084): No bubble up: not allowed to bubble: -1|android|55|null|1000
10-28 02:37:37.894 D/InterruptionStateProvider( 2084): No bubble up: not allowed to bubble: -1|android|32|null|1000
10-28 02:37:37.904 D/InterruptionStateProvider( 2084): No alerting: suppressed due to group alert behavior
10-28 02:37:37.904 D/InterruptionStateProvider( 2084): No bubble up: not allowed to bubble: 0|com.thundersoft.notificationtest1|54|null|10101
10-28 02:37:37.904 D/InterruptionStateProvider( 2084): No bubble up: not allowed to bubble: 0|com.thundersoft.notificationtest1|53|null|10101
10-28 02:37:37.904 D/InterruptionStateProvider( 2084): No bubble up: not allowed to bubble: 0|com.thundersoft.notificationtest1|52|null|10101
10-28 02:37:37.904 D/InterruptionStateProvider( 2084): No bubble up: not allowed to bubble: 0|com.thundersoft.notificationtest1|51|null|10101
10-28 02:37:37.904 D/InterruptionStateProvider( 2084): No bubble up: not allowed to bubble: 0|com.thundersoft.notificationtest1|50|null|10101
10-28 02:37:37.904 D/InterruptionStateProvider( 2084): No bubble up: not allowed to bubble: 0|com.thundersoft.notificationtest1|49|null|10101
10-28 02:37:37.905 D/InterruptionStateProvider( 2084): No bubble up: not allowed to bubble: 0|com.thundersoft.notificationtest1|48|null|10101
10-28 02:37:37.905 D/InterruptionStateProvider( 2084): No bubble up: not allowed to bubble: 0|com.thundersoft.notificationtest1|47|null|10101
10-28 02:37:37.905 D/InterruptionStateProvider( 2084): No bubble up: not allowed to bubble: 0|com.thundersoft.notificationtest1|46|null|10101
10-28 02:37:37.905 D/InterruptionStateProvider( 2084): No bubble up: not allowed to bubble: 0|com.thundersoft.notificationtest1|45|null|10101
10-28 02:37:37.905 D/InterruptionStateProvider( 2084): No bubble up: not allowed to bubble: 0|com.thundersoft.notificationtest1|44|null|10101
10-28 02:37:37.905 D/InterruptionStateProvider( 2084): No bubble up: not allowed to bubble: 0|com.thundersoft.notificationtest1|43|null|10101
10-28 02:37:37.905 D/InterruptionStateProvider( 2084): No bubble up: not allowed to bubble: 0|com.thundersoft.notificationtest1|42|null|10101
10-28 02:37:37.905 D/InterruptionStateProvider( 2084): No bubble up: not allowed to bubble: 0|com.thundersoft.notificationtest1|41|null|10101
10-28 02:37:37.906 D/InterruptionStateProvider( 2084): No bubble up: not allowed to bubble: 0|com.thundersoft.notificationtest1|40|null|10101
10-28 02:37:37.906 D/InterruptionStateProvider( 2084): No bubble up: not allowed to bubble: 0|com.thundersoft.notificationtest1|39|null|10101
10-28 02:37:37.906 D/InterruptionStateProvider( 2084): No bubble up: not allowed to bubble: 0|com.thundersoft.notificationtest1|38|null|10101
10-28 02:37:37.906 D/InterruptionStateProvider( 2084): No bubble up: not allowed to bubble: 0|com.thundersoft.notificationtest1|37|null|10101
10-28 02:37:37.906 D/InterruptionStateProvider( 2084): No bubble up: not allowed to bubble: 0|com.thundersoft.notificationtest1|36|null|10101
10-28 02:37:37.906 D/InterruptionStateProvider( 2084): No bubble up: not allowed to bubble: 0|com.thundersoft.notificationtest1|35|null|10101
10-28 02:37:37.906 D/InterruptionStateProvider( 2084): No bubble up: not allowed to bubble: 0|com.thundersoft.notificationtest1|34|null|10101
10-28 02:37:37.906 D/InterruptionStateProvider( 2084): No bubble up: not allowed to bubble: 0|com.thundersoft.notificationtest1|33|null|10101
10-28 02:37:37.906 D/InterruptionStateProvider( 2084): No bubble up: not allowed to bubble: 0|com.thundersoft.notificationtest1|32|null|10101
10-28 02:37:37.906 D/InterruptionStateProvider( 2084): No bubble up: not allowed to bubble: 0|com.thundersoft.notificationtest1|31|null|10101
10-28 02:37:37.906 D/InterruptionStateProvider( 2084): No bubble up: not allowed to bubble: 0|com.thundersoft.notificationtest1|30|null|10101
10-28 02:37:37.907 D/InterruptionStateProvider( 2084): No bubble up: not allowed to bubble: 0|com.thundersoft.notificationtest1|29|null|10101
10-28 02:37:37.907 D/InterruptionStateProvider( 2084): No bubble up: not allowed to bubble: 0|com.thundersoft.notificationtest1|28|null|10101
10-28 02:37:37.907 D/InterruptionStateProvider( 2084): No bubble up: not allowed to bubble: 0|com.thundersoft.notificationtest1|27|null|10101
10-28 02:37:37.907 D/InterruptionStateProvider( 2084): No bubble up: not allowed to bubble: 0|com.thundersoft.notificationtest1|26|null|10101
10-28 02:37:37.907 D/InterruptionStateProvider( 2084): No bubble up: not allowed to bubble: 0|com.thundersoft.notificationtest1|25|null|10101
10-28 02:37:37.907 D/InterruptionStateProvider( 2084): No bubble up: not allowed to bubble: 0|com.thundersoft.notificationtest1|24|null|10101
10-28 02:37:37.907 D/InterruptionStateProvider( 2084): No bubble up: not allowed to bubble: 0|com.thundersoft.notificationtest1|23|null|10101
10-28 02:37:37.907 D/InterruptionStateProvider( 2084): No bubble up: not allowed to bubble: 0|com.thundersoft.notificationtest1|22|null|10101
10-28 02:37:37.908 D/InterruptionStateProvider( 2084): No bubble up: not allowed to bubble: 0|com.thundersoft.notificationtest1|21|null|10101
10-28 02:37:37.908 D/InterruptionStateProvider( 2084): No bubble up: not allowed to bubble: 0|com.thundersoft.notificationtest1|20|null|10101
10-28 02:37:37.908 D/InterruptionStateProvider( 2084): No bubble up: not allowed to bubble: 0|com.thundersoft.notificationtest1|19|null|10101
10-28 02:37:37.908 D/InterruptionStateProvider( 2084): No bubble up: not allowed to bubble: 0|com.thundersoft.notificationtest1|18|null|10101
10-28 02:37:37.908 D/InterruptionStateProvider( 2084): No bubble up: not allowed to bubble: 0|com.thundersoft.notificationtest1|17|null|10101
10-28 02:37:37.908 D/InterruptionStateProvider( 2084): No bubble up: not allowed to bubble: 0|com.thundersoft.notificationtest1|16|null|10101
10-28 02:37:37.908 D/InterruptionStateProvider( 2084): No bubble up: not allowed to bubble: 0|com.thundersoft.notificationtest1|15|null|10101
10-28 02:37:37.908 D/InterruptionStateProvider( 2084): No bubble up: not allowed to bubble: 0|com.thundersoft.notificationtest1|14|null|10101
10-28 02:37:37.908 D/InterruptionStateProvider( 2084): No bubble up: not allowed to bubble: 0|com.thundersoft.notificationtest1|13|null|10101
10-28 02:37:37.908 D/InterruptionStateProvider( 2084): No bubble up: not allowed to bubble: 0|com.thundersoft.notificationtest1|12|null|10101
10-28 02:37:37.909 D/InterruptionStateProvider( 2084): No bubble up: not allowed to bubble: 0|com.thundersoft.notificationtest1|11|null|10101
10-28 02:37:37.909 D/InterruptionStateProvider( 2084): No bubble up: not allowed to bubble: 0|com.thundersoft.notificationtest1|10|null|10101
10-28 02:37:37.909 D/InterruptionStateProvider( 2084): No bubble up: not allowed to bubble: 0|com.thundersoft.notificationtest1|9|null|10101
10-28 02:37:37.909 D/InterruptionStateProvider( 2084): No bubble up: not allowed to bubble: 0|com.thundersoft.notificationtest1|8|null|10101
10-28 02:37:37.909 D/InterruptionStateProvider( 2084): No bubble up: not allowed to bubble: 0|com.thundersoft.notificationtest1|7|null|10101
10-28 02:37:37.909 D/InterruptionStateProvider( 2084): No bubble up: not allowed to bubble: 0|com.thundersoft.notificationtest1|6|null|10101
10-28 02:37:37.909 D/InterruptionStateProvider( 2084): No bubble up: not allowed to bubble: 0|com.thundersoft.notificationtest1|5|null|10101
10-28 02:37:37.909 D/InterruptionStateProvider( 2084): No bubble up: not allowed to bubble: 0|com.thundersoft.notificationtest1|4|null|10101
10-28 02:37:37.909 D/InterruptionStateProvider( 2084): No bubble up: not allowed to bubble: 0|com.thundersoft.notificationtest1|3|null|10101
10-28 02:37:37.910 D/InterruptionStateProvider( 2084): No bubble up: not allowed to bubble: 0|com.thundersoft.notificationtest1|2|null|10101
10-28 02:37:37.910 D/InterruptionStateProvider( 2084): No bubble up: not allowed to bubble: 0|com.thundersoft.notificationtest1|1|null|10101
10-28 02:37:37.910 D/InterruptionStateProvider( 2084): No bubble up: not allowed to bubble: 0|com.thundersoft.notificationtest1|0|null|10101
10-28 02:37:37.910 D/InterruptionStateProvider( 2084): No bubble up: not allowed to bubble: 0|com.android.systemui|4274|null|10087
10-28 02:37:37.910 D/InterruptionStateProvider( 2084): No bubble up: not allowed to bubble: -1|android|26|null|1000
10-28 02:37:37.910 D/InterruptionStateProvider( 2084): No alerting: filtered notification: 0|com.android.systemui|1|empty_media|10087
10-28 02:37:37.910 D/InterruptionStateProvider( 2084): No bubble up: not allowed to bubble: 0|com.android.systemui|2048|null|10087
10-28 02:37:37.910 D/InterruptionStateProvider( 2084): No bubble up: not allowed to bubble: -1|android|55|null|1000
10-28 02:37:37.910 D/InterruptionStateProvider( 2084): No bubble up: not allowed to bubble: -1|android|32|null|1000
10-28 02:37:37.921 D/InterruptionStateProvider( 2084): No alerting: suppressed due to group alert behavior
10-28 02:37:37.921 D/InterruptionStateProvider( 2084): No bubble up: not allowed to bubble: 0|com.thundersoft.notificationtest1|54|null|10101
10-28 02:37:37.921 D/InterruptionStateProvider( 2084): No bubble up: not allowed to bubble: 0|com.thundersoft.notificationtest1|53|null|10101
10-28 02:37:37.921 D/InterruptionStateProvider( 2084): No bubble up: not allowed to bubble: 0|com.thundersoft.notificationtest1|52|null|10101
10-28 02:37:37.921 D/InterruptionStateProvider( 2084): No bubble up: not allowed to bubble: 0|com.thundersoft.notificationtest1|51|null|10101
10-28 02:37:37.921 D/InterruptionStateProvider( 2084): No bubble up: not allowed to bubble: 0|com.thundersoft.notificationtest1|50|null|10101
10-28 02:37:37.921 D/InterruptionStateProvider( 2084): No bubble up: not allowed to bubble: 0|com.thundersoft.notificationtest1|49|null|10101
10-28 02:37:37.921 D/InterruptionStateProvider( 2084): No bubble up: not allowed to bubble: 0|com.thundersoft.notificationtest1|48|null|10101
10-28 02:37:37.922 D/InterruptionStateProvider( 2084): No bubble up: not allowed to bubble: 0|com.thundersoft.notificationtest1|47|null|10101
10-28 02:37:37.922 D/InterruptionStateProvider( 2084): No bubble up: not allowed to bubble: 0|com.thundersoft.notificationtest1|46|null|10101
10-28 02:37:37.922 D/InterruptionStateProvider( 2084): No bubble up: not allowed to bubble: 0|com.thundersoft.notificationtest1|45|null|10101
10-28 02:37:37.922 D/InterruptionStateProvider( 2084): No bubble up: not allowed to bubble: 0|com.thundersoft.notificationtest1|44|null|10101
10-28 02:37:37.922 D/InterruptionStateProvider( 2084): No bubble up: not allowed to bubble: 0|com.thundersoft.notificationtest1|43|null|10101
10-28 02:37:37.922 D/InterruptionStateProvider( 2084): No bubble up: not allowed to bubble: 0|com.thundersoft.notificationtest1|42|null|10101
10-28 02:37:37.922 D/InterruptionStateProvider( 2084): No bubble up: not allowed to bubble: 0|com.thundersoft.notificationtest1|41|null|10101
10-28 02:37:37.922 D/InterruptionStateProvider( 2084): No bubble up: not allowed to bubble: 0|com.thundersoft.notificationtest1|40|null|10101
10-28 02:37:37.922 D/InterruptionStateProvider( 2084): No bubble up: not allowed to bubble: 0|com.thundersoft.notificationtest1|39|null|10101
10-28 02:37:37.923 D/InterruptionStateProvider( 2084): No bubble up: not allowed to bubble: 0|com.thundersoft.notificationtest1|38|null|10101
10-28 02:37:37.923 D/InterruptionStateProvider( 2084): No bubble up: not allowed to bubble: 0|com.thundersoft.notificationtest1|37|null|10101
10-28 02:37:37.923 D/InterruptionStateProvider( 2084): No bubble up: not allowed to bubble: 0|com.thundersoft.notificationtest1|36|null|10101
10-28 02:37:37.923 D/InterruptionStateProvider( 2084): No bubble up: not allowed to bubble: 0|com.thundersoft.notificationtest1|35|null|10101
10-28 02:37:37.923 D/InterruptionStateProvider( 2084): No bubble up: not allowed to bubble: 0|com.thundersoft.notificationtest1|34|null|10101
10-28 02:37:37.923 D/InterruptionStateProvider( 2084): No bubble up: not allowed to bubble: 0|com.thundersoft.notificationtest1|33|null|10101
10-28 02:37:37.923 D/InterruptionStateProvider( 2084): No bubble up: not allowed to bubble: 0|com.thundersoft.notificationtest1|32|null|10101
10-28 02:37:37.923 D/InterruptionStateProvider( 2084): No bubble up: not allowed to bubble: 0|com.thundersoft.notificationtest1|31|null|10101
10-28 02:37:37.923 D/InterruptionStateProvider( 2084): No bubble up: not allowed to bubble: 0|com.thundersoft.notificationtest1|30|null|10101
10-28 02:37:37.924 D/InterruptionStateProvider( 2084): No bubble up: not allowed to bubble: 0|com.thundersoft.notificationtest1|29|null|10101
10-28 02:37:37.924 D/InterruptionStateProvider( 2084): No bubble up: not allowed to bubble: 0|com.thundersoft.notificationtest1|28|null|10101
10-28 02:37:37.924 D/InterruptionStateProvider( 2084): No bubble up: not allowed to bubble: 0|com.thundersoft.notificationtest1|27|null|10101
10-28 02:37:37.924 D/InterruptionStateProvider( 2084): No bubble up: not allowed to bubble: 0|com.thundersoft.notificationtest1|26|null|10101
10-28 02:37:37.924 D/InterruptionStateProvider( 2084): No bubble up: not allowed to bubble: 0|com.thundersoft.notificationtest1|25|null|10101
10-28 02:37:37.924 D/InterruptionStateProvider( 2084): No bubble up: not allowed to bubble: 0|com.thundersoft.notificationtest1|24|null|10101
10-28 02:37:37.924 D/InterruptionStateProvider( 2084): No bubble up: not allowed to bubble: 0|com.thundersoft.notificationtest1|23|null|10101
10-28 02:37:37.924 D/InterruptionStateProvider( 2084): No bubble up: not allowed to bubble: 0|com.thundersoft.notificationtest1|22|null|10101
10-28 02:37:37.924 D/InterruptionStateProvider( 2084): No bubble up: not allowed to bubble: 0|com.thundersoft.notificationtest1|21|null|10101
10-28 02:37:37.925 D/InterruptionStateProvider( 2084): No bubble up: not allowed to bubble: 0|com.thundersoft.notificationtest1|20|null|10101
10-28 02:37:37.925 D/InterruptionStateProvider( 2084): No bubble up: not allowed to bubble: 0|com.thundersoft.notificationtest1|19|null|10101
10-28 02:37:37.925 D/InterruptionStateProvider( 2084): No bubble up: not allowed to bubble: 0|com.thundersoft.notificationtest1|18|null|10101
10-28 02:37:37.925 D/InterruptionStateProvider( 2084): No bubble up: not allowed to bubble: 0|com.thundersoft.notificationtest1|17|null|10101
10-28 02:37:37.925 D/InterruptionStateProvider( 2084): No bubble up: not allowed to bubble: 0|com.thundersoft.notificationtest1|16|null|10101
10-28 02:37:37.925 D/InterruptionStateProvider( 2084): No bubble up: not allowed to bubble: 0|com.thundersoft.notificationtest1|15|null|10101
10-28 02:37:37.925 D/InterruptionStateProvider( 2084): No bubble up: not allowed to bubble: 0|com.thundersoft.notificationtest1|14|null|10101
10-28 02:37:37.925 D/InterruptionStateProvider( 2084): No bubble up: not allowed to bubble: 0|com.thundersoft.notificationtest1|13|null|10101
10-28 02:37:37.925 D/InterruptionStateProvider( 2084): No bubble up: not allowed to bubble: 0|com.thundersoft.notificationtest1|12|null|10101
10-28 02:37:37.925 D/InterruptionStateProvider( 2084): No bubble up: not allowed to bubble: 0|com.thundersoft.notificationtest1|11|null|10101
10-28 02:37:37.925 D/InterruptionStateProvider( 2084): No bubble up: not allowed to bubble: 0|com.thundersoft.notificationtest1|10|null|10101
10-28 02:37:37.926 D/InterruptionStateProvider( 2084): No bubble up: not allowed to bubble: 0|com.thundersoft.notificationtest1|9|null|10101
10-28 02:37:37.926 D/InterruptionStateProvider( 2084): No bubble up: not allowed to bubble: 0|com.thundersoft.notificationtest1|8|null|10101
10-28 02:37:37.926 D/InterruptionStateProvider( 2084): No bubble up: not allowed to bubble: 0|com.thundersoft.notificationtest1|7|null|10101
10-28 02:37:37.926 D/InterruptionStateProvider( 2084): No bubble up: not allowed to bubble: 0|com.thundersoft.notificationtest1|6|null|10101
10-28 02:37:37.926 D/InterruptionStateProvider( 2084): No bubble up: not allowed to bubble: 0|com.thundersoft.notificationtest1|5|null|10101
10-28 02:37:37.926 D/InterruptionStateProvider( 2084): No bubble up: not allowed to bubble: 0|com.thundersoft.notificationtest1|4|null|10101
10-28 02:37:37.926 D/InterruptionStateProvider( 2084): No bubble up: not allowed to bubble: 0|com.thundersoft.notificationtest1|3|null|10101
10-28 02:37:37.926 D/InterruptionStateProvider( 2084): No bubble up: not allowed to bubble: 0|com.thundersoft.notificationtest1|2|null|10101
10-28 02:37:37.926 D/InterruptionStateProvider( 2084): No bubble up: not allowed to bubble: 0|com.thundersoft.notificationtest1|1|null|10101
10-28 02:37:37.926 D/InterruptionStateProvider( 2084): No bubble up: not allowed to bubble: 0|com.thundersoft.notificationtest1|0|null|10101
10-28 02:37:37.927 D/InterruptionStateProvider( 2084): No bubble up: not allowed to bubble: 0|com.android.systemui|4274|null|10087
10-28 02:37:37.927 D/InterruptionStateProvider( 2084): No bubble up: not allowed to bubble: -1|android|26|null|1000
10-28 02:37:37.927 D/InterruptionStateProvider( 2084): No alerting: filtered notification: 0|com.android.systemui|1|empty_media|10087
10-28 02:37:37.927 D/InterruptionStateProvider( 2084): No bubble up: not allowed to bubble: 0|com.android.systemui|2048|null|10087
10-28 02:37:37.927 D/InterruptionStateProvider( 2084): No bubble up: not allowed to bubble: -1|android|55|null|1000
10-28 02:37:37.927 D/InterruptionStateProvider( 2084): No bubble up: not allowed to bubble: -1|android|32|null|1000
10-28 02:37:37.952 V/NotificationMediaManager( 2084): DEBUG_MEDIA: updating album art for notification null metadata=null metaDataChanged=false state=0
10-28 02:37:38.018 V/NotificationMediaManager( 2084): DEBUG_MEDIA: updating album art for notification null metadata=null metaDataChanged=false state=0
10-28 02:37:38.056 V/NotificationMediaManager( 2084): DEBUG_MEDIA: updating album art for notification null metadata=null metaDataChanged=false state=0
10-28 02:37:38.103 I/ndroid.systemu( 2084): NativeAlloc concurrent copying GC freed 471197(18MB) AllocSpace objects, 0(0B) LOS objects, 49% free, 21MB/43MB, paused 62us,42us total 165.532ms
10-28 02:37:38.104 V/NotificationMediaManager( 2084): DEBUG_MEDIA: updating album art for notification null metadata=null metaDataChanged=false state=0
10-28 02:37:38.147 I/mpu_uart( 647): [MSG-P:RECV]:No message received in 1000 ms
01-01 14:11:50.657 D/ ( 0): mv2112_read_status
01-01 14:11:50.660 D/mv2112_update_link( 0): 3.0x901(1G): 0x80
01-01 14:11:50.666 D/mv2112_update_link( 0): 3.0x8109(100M): 0x8
01-01 14:11:50.671 D/mv2112_update_link( 0): link 0x0
01-01 14:11:50.675 D/mv2112_read_status( 0): autoneg is disabled
10-28 02:37:38.199 V/NotificationMediaManager( 2084): DEBUG_MEDIA: updating album art for notification null metadata=null metaDataChanged=false state=0
10-28 02:37:38.236 V/NotificationMediaManager( 2084): DEBUG_MEDIA: updating album art for notification null metadata=null metaDataChanged=false state=0
10-28 02:37:38.261 V/NotificationMediaManager( 2084): DEBUG_MEDIA: updating album art for notification null metadata=null metaDataChanged=false state=0
10-28 02:37:38.272 V/NotificationMediaManager( 2084): DEBUG_MEDIA: updating album art for notification null metadata=null metaDataChanged=false state=0
10-28 02:37:38.334 V/NotificationMediaManager( 2084): DEBUG_MEDIA: updating album art for notification null metadata=null metaDataChanged=false state=0
10-28 02:37:38.369 V/NotificationMediaManager( 2084): DEBUG_MEDIA: updating album art for notification null metadata=null metaDataChanged=false state=0
10-28 02:37:38.387 I/OMX-VENC: venc_dev( 1316): stats: avg. fps 12.99, bitrate 90035
10-28 02:37:38.400 V/NotificationMediaManager( 2084): DEBUG_MEDIA: updating album art for notification null metadata=null metaDataChanged=false state=0
10-28 02:37:38.426 V/NotificationMediaManager( 2084): DEBUG_MEDIA: updating album art for notification null metadata=null metaDataChanged=false state=0
10-28 02:37:38.450 V/NotificationMediaManager( 2084): DEBUG_MEDIA: updating album art for notification null metadata=null metaDataChanged=false state=0
10-28 02:37:38.482 V/NotificationMediaManager( 2084): DEBUG_MEDIA: updating album art for notification null metadata=null metaDataChanged=false state=0
10-28 02:37:38.506 V/NotificationMediaManager( 2084): DEBUG_MEDIA: updating album art for notification null metadata=null metaDataChanged=false state=0
10-28 02:37:38.529 V/NotificationMediaManager( 2084): DEBUG_MEDIA: updating album art for notification null metadata=null metaDataChanged=false state=0
10-28 02:37:38.557 V/NotificationMediaManager( 2084): DEBUG_MEDIA: updating album art for notification null metadata=null metaDataChanged=false state=0
10-28 02:37:38.583 V/NotificationMediaManager( 2084): DEBUG_MEDIA: updating album art for notification null metadata=null metaDataChanged=false state=0
10-28 02:37:38.616 V/NotificationMediaManager( 2084): DEBUG_MEDIA: updating album art for notification null metadata=null metaDataChanged=false state=0
10-28 02:37:38.652 D/CCodecBufferChannel( 1300): [c2.android.vorbis.decoder#482] buffers after EOS ignored (0 us)
10-28 02:37:38.657 I/OMX-VENC: venc_dev( 1316): stats: avg. fps 8.01, bitrate 24834
10-28 02:37:38.659 D/AudioTrack( 1300): stop(79): called with 82980 frames delivered
10-28 02:37:38.668 V/NotificationMediaManager( 2084): DEBUG_MEDIA: updating album art for notification null metadata=null metaDataChanged=false state=0
10-28 02:37:38.672 V/NotificationMediaManager( 2084): DEBUG_MEDIA: updating album art for notification null metadata=null metaDataChanged=false state=0
10-28 02:37:38.713 V/NotificationMediaManager( 2084): DEBUG_MEDIA: updating album art for notification null metadata=null metaDataChanged=false state=0
10-28 02:37:38.766 V/NotificationMediaManager( 2084): DEBUG_MEDIA: updating album art for notification null metadata=null metaDataChanged=false state=0
10-28 02:37:38.814 V/NotificationMediaManager( 2084): DEBUG_MEDIA: updating album art for notification null metadata=null metaDataChanged=false state=0
10-28 02:37:38.868 V/NotificationMediaManager( 2084): DEBUG_MEDIA: updating album art for notification null metadata=null metaDataChanged=false state=0
10-28 02:37:38.908 V/NotificationMediaManager( 2084): DEBUG_MEDIA: updating album art for notification null metadata=null metaDataChanged=false state=0
10-28 02:37:38.939 V/NotificationMediaManager( 2084): DEBUG_MEDIA: updating album art for notification null metadata=null metaDataChanged=false state=0
10-28 02:37:38.965 V/NotificationMediaManager( 2084): DEBUG_MEDIA: updating album art for notification null metadata=null metaDataChanged=false state=0
10-28 02:37:38.991 V/NotificationMediaManager( 2084): DEBUG_MEDIA: updating album art for notification null metadata=null metaDataChanged=false state=0
10-28 02:37:39.021 V/NotificationMediaManager( 2084): DEBUG_MEDIA: updating album art for notification null metadata=null metaDataChanged=false state=0
10-28 02:37:39.049 V/NotificationMediaManager( 2084): DEBUG_MEDIA: updating album art for notification null metadata=null metaDataChanged=false state=0
10-28 02:37:39.070 D/audio_hw_primary( 800): out_set_parameters: enter: usecase(1: low-latency-playback) kvpairs: suspend_playback=true
10-28 02:37:39.070 D/audio_hw_extn( 800): audio_extn_fm_set_parameters: Enter
10-28 02:37:39.074 V/NotificationMediaManager( 2084): DEBUG_MEDIA: updating album art for notification null metadata=null metaDataChanged=false state=0
10-28 02:37:39.081 D/audio_hw_primary( 800): out_set_parameters: enter: usecase(1: low-latency-playback) kvpairs: suspend_playback=false
10-28 02:37:39.081 D/audio_hw_extn( 800): audio_extn_fm_set_parameters: Enter
10-28 02:37:39.084 D/audio_hw_primary( 800): out_set_parameters: enter: usecase(1: low-latency-playback) kvpairs: suspend_playback=true
10-28 02:37:39.085 D/audio_hw_extn( 800): audio_extn_fm_set_parameters: Enter
10-28 02:37:39.096 D/audio_hw_primary( 800): out_set_parameters: enter: usecase(1: low-latency-playback) kvpairs: suspend_playback=false
10-28 02:37:39.096 D/audio_hw_extn( 800): audio_extn_fm_set_parameters: Enter
10-28 02:37:39.099 D/audio_hw_primary( 800): out_set_parameters: enter: usecase(1: low-latency-playback) kvpairs: suspend_playback=true
10-28 02:37:39.099 D/audio_hw_extn( 800): audio_extn_fm_set_parameters: Enter
10-28 02:37:39.101 W/AudioIDCMicroNegotiator( 1152): idcm: idcm control is not enable
10-28 02:37:39.102 D/Avrcp_ext( 2071): AudioManager Player: AudioPlaybackConfiguration piid:295 deviceId:0 type:android.media.SoundPool u/pid:10087/2084 state:idle attr:AudioAttributes: usage=USAGE_ASSISTANCE_SONIFICATION content=CONTENT_TYPE_SONIFICATION flags=0x800 tags= bundle=null sessionId:0
10-28 02:37:39.102 V/NotificationMediaManager( 2084): DEBUG_MEDIA: updating album art for notification null metadata=null metaDataChanged=false state=0
10-28 02:37:39.102 I/MediaFocusControl( 1152): abandonAudioFocus() from uid/pid 10087/2084 clientId=android.media.AudioManager@cde55dd
10-28 02:37:39.102 D/Avrcp_ext( 2071): AudioManager Player: AudioPlaybackConfiguration piid:287 deviceId:0 type:android.media.SoundPool u/pid:1000/1152 state:idle attr:AudioAttributes: usage=USAGE_ASSISTANCE_SONIFICATION content=CONTENT_TYPE_SONIFICATION flags=0x800 tags= bundle=null sessionId:0
10-28 02:37:39.103 D/Avrcp_ext( 2071): AudioManager Player: AudioPlaybackConfiguration piid:655 deviceId:3 type:android.media.MediaPlayer u/pid:10087/2084 state:stopped attr:AudioAttributes: usage=USAGE_NOTIFICATION content=CONTENT_TYPE_SONIFICATION flags=0x800 tags= bundle=null sessionId:0
10-28 02:37:39.103 D/Avrcp_ext( 2071): AudioManager isPlaying: false, mAudioPlaybackIsActive = true
10-28 02:37:39.103 D/Avrcp_ext( 2071): AudioManager Reset Active Player
10-28 02:37:39.104 V/MediaPlayer( 2084): resetDrmState: mDrmInfo=null mDrmProvisioningThread=null mPrepareDrmInProgress=false mActiveDrmScheme=false
10-28 02:37:39.105 V/MediaPlayer( 2084): cleanDrmObj: mDrmObj=null mDrmSessionId=null
10-28 02:37:39.105 D/NuPlayerDriver( 1300): reset(0xf1f01c30) at state 6
10-28 02:37:39.105 V/Avrcp_ext( 2071): updateCurrentMediaState: mMediaController: MediaController (com.android.systemui@93b3415) null
10-28 02:37:39.105 W/Avrcp_ext( 2071): isMusicActive: false getBluetoothPlayState: 2 A2dp State: 11 mAudioPlaybackIsActive: false
10-28 02:37:39.107 D/Avrcp_ext( 2071): isMusicActive = false mAudioPlaybackIsActive = false player state = null
10-28 02:37:39.109 I/Avrcp_ext( 2071): Skipping update due to invalid playback state
10-28 02:37:39.110 D/audio_hw_primary( 800): out_set_parameters: enter: usecase(1: low-latency-playback) kvpairs: suspend_playback=false
10-28 02:37:39.110 D/audio_hw_extn( 800): audio_extn_fm_set_parameters: Enter
10-28 02:37:39.110 V/Avrcp_ext( 2071): updatePlaybackState, state: null device: null
10-28 02:37:39.110 V/Avrcp_ext( 2071): Device: no name:
10-28 02:37:39.110 V/Avrcp_ext( 2071): Device: no name:
10-28 02:37:39.110 V/Avrcp_ext( 2071): Device: no name:
10-28 02:37:39.110 V/Avrcp_ext( 2071): Device: no name:
10-28 02:37:39.110 V/Avrcp_ext( 2071): Device: no name:
10-28 02:37:39.110 V/Avrcp_ext( 2071): updatePlayerStateAndPosition, old=PlaybackState {state=2, position=-1, buffered position=0, speed=1.0, updated=68530, actions=0, custom actions=[], active item id=-1, error=null}, state=null
10-28 02:37:39.110 I/Avrcp_ext( 2071): updatePlayerStateAndPosition: device: state = null
10-28 02:37:39.111 D/Avrcp_ext( 2071): AudioManager Player: AudioPlaybackConfiguration piid:295 deviceId:0 type:android.media.SoundPool u/pid:10087/2084 state:idle attr:AudioAttributes: usage=USAGE_ASSISTANCE_SONIFICATION content=CONTENT_TYPE_SONIFICATION flags=0x800 tags= bundle=null sessionId:0
10-28 02:37:39.111 D/Avrcp_ext( 2071): AudioManager Player: AudioPlaybackConfiguration piid:287 deviceId:0 type:android.media.SoundPool u/pid:1000/1152 state:idle attr:AudioAttributes: usage=USAGE_ASSISTANCE_SONIFICATION content=CONTENT_TYPE_SONIFICATION flags=0x800 tags= bundle=null sessionId:0
10-28 02:37:39.111 D/Avrcp_ext( 2071): AudioManager isPlaying: false, mAudioPlaybackIsActive = false
10-28 02:37:39.111 D/Avrcp_ext( 2071): AudioManager Reset Active Player
10-28 02:37:39.113 I/hw-BpHwBinder( 1384): onLastStrongRef automatically unlinking death recipients
10-28 02:37:39.114 V/C2Store ( 1384): in ~ComponentModule
10-28 02:37:39.114 V/C2Store ( 1384): unloading dll
10-28 02:37:39.115 I/hw-BpHwBinder( 1300): onLastStrongRef automatically unlinking death recipients
10-28 02:37:39.119 D/NuPlayerDriver( 1300): notifyResetComplete(0xf1f01c30)
10-28 02:37:39.121 W/AMessage( 1300): failed to post message as target looper for handler 0 is gone.
10-28 02:37:39.122 I/ndroid.systemu( 2084): NativeAlloc concurrent copying GC freed 221859(10MB) AllocSpace objects, 0(0B) LOS objects, 45% free, 29MB/53MB, paused 67us,33us total 163.056ms
10-28 02:37:39.147 I/mpu_uart( 647): [MSG-P:RECV]:No message received in 1000 ms
10-28 02:37:39.148 V/NotificationMediaManager( 2084): DEBUG_MEDIA: updating album art for notification null metadata=null metaDataChanged=false state=0
10-28 02:37:39.150 D/audio_hw_primary( 800): out_set_parameters: enter: usecase(1: low-latency-playback) kvpairs: suspend_playback=true
10-28 02:37:39.150 D/audio_hw_extn( 800): audio_extn_fm_set_parameters: Enter
10-28 02:37:39.151 D/msm8974_platform( 800): platform_split_snd_device: snd_device(2) num devices(1) new_snd_devices(0)
10-28 02:37:39.151 D/ACDB-LOADER( 800): ACDB -> send_audvoltable
10-28 02:37:39.151 D/ACDB-LOADER( 800): ACDB -> ACDB_CMD_GET_AUDPROC_INSTANCE_GAIN_DEP_STEP_TABLE_SIZE
10-28 02:37:39.151 D/ACDB-LOADER( 800): ACDB -> ACDB_CMD_GET_AUDPROC_INSTANCE_GAIN_DEP_STEP_TABLE, vol index 0
10-28 02:37:39.152 D/ACDB-LOADER( 800): ACDB -> AUDIO_SET_VOL_CAL cal type = 40
10-28 02:37:39.154 D/msm8974_platform( 800): platform_split_snd_device: snd_device(2) num devices(1) new_snd_devices(0)
10-28 02:37:39.189 V/NotificationMediaManager( 2084): DEBUG_MEDIA: updating album art for notification null metadata=null metaDataChanged=false state=0
01-01 14:11:51.681 D/ ( 0): mv2112_read_status
01-01 14:11:51.684 D/mv2112_update_link( 0): 3.0x901(1G): 0x80
01-01 14:11:51.692 D/mv2112_update_link( 0): 3.0x8109(100M): 0x8
01-01 14:11:51.697 D/mv2112_update_link( 0): link 0x0
10-28 02:37:39.212 V/NotificationMediaManager( 2084): DEBUG_MEDIA: updating album art for notification null metadata=null metaDataChanged=false state=0
01-01 14:11:51.705 D/mv2112_read_status( 0): autoneg is disabled
10-28 02:37:39.235 V/NotificationMediaManager( 2084): DEBUG_MEDIA: updating album art for notification null metadata=null metaDataChanged=false state=0
10-28 02:37:39.256 V/NotificationMediaManager( 2084): DEBUG_MEDIA: updating album art for notification null metadata=null metaDataChanged=false state=0
01-01 14:11:51.747 E/ ( 0): [MAX975X:mcu_keep_wakeup_work_func] *ERROR* ERR gpio detected
10-28 02:37:39.278 V/NotificationMediaManager( 2084): DEBUG_MEDIA: updating album art for notification null metadata=null metaDataChanged=false state=0
10-28 02:37:39.299 V/NotificationMediaManager( 2084): DEBUG_MEDIA: updating album art for notification null metadata=null metaDataChanged=false state=0
10-28 02:37:39.321 V/NotificationMediaManager( 2084): DEBUG_MEDIA: updating album art for notification null metadata=null metaDataChanged=false state=0
01-01 14:11:51.809 E/ ( 0): [MAX975X:max96755x_init] *ERROR* begin
10-28 02:37:39.362 V/NotificationMediaManager( 2084): DEBUG_MEDIA: updating album art for notification null metadata=null metaDataChanged=false state=0
10-28 02:37:39.385 V/NotificationMediaManager( 2084): DEBUG_MEDIA: updating album art for notification null metadata=null metaDataChanged=false state=0
01-01 14:11:51.869 E/i2c_geni 980000.i2c( 0): i2c error :-107
01-01 14:11:51.874 E/ ( 0): [MAX975X:max96755g_read_byte] *ERROR* Failed to read dev:0x4c addr:0x0013
01-01 14:11:51.884 E/i2c_geni 980000.i2c( 0): i2c error :-107
01-01 14:11:51.889 E/ ( 0): [MAX975X:max96755g_write_byte] *ERROR* Failed to write dev:0x4c addr:0x0010 value:0x00
10-28 02:37:39.409 V/NotificationMediaManager( 2084): DEBUG_MEDIA: updating album art for notification null metadata=null metaDataChanged=false state=0
10-28 02:37:39.417 W/ethod.sogou.ca( 3273): Reducing the number of considered missed Gc histogram windows from 128 to 100
01-01 14:11:51.901 E/i2c_geni 980000.i2c( 0): i2c error :-107
01-01 14:11:51.906 E/ ( 0): [MAX975X:max96755g_write_byte] *ERROR* Failed to write dev:0x4c addr:0x0001 value:0x01
10-28 02:37:39.433 V/NotificationMediaManager( 2084): DEBUG_MEDIA: updating album art for notification null metadata=null metaDataChanged=false state=0
01-01 14:11:51.917 E/i2c_geni 980000.i2c( 0): i2c error :-107
01-01 14:11:51.922 E/ ( 0): [MAX975X:max96755g_write_byte] *ERROR* Failed to write dev:0x4c addr:0x01ce value:0x4f
01-01 14:11:51.932 E/i2c_geni 980000.i2c( 0): i2c error :-107
01-01 14:11:51.937 E/ ( 0): [MAX975X:max96755g_write_byte] *ERROR* Failed to write dev:0x4c addr:0x0010 value:0x20
10-28 02:37:39.455 I/OMX-VENC: venc_dev( 1316): stats: avg. fps 14.05, bitrate 96662
10-28 02:37:39.458 V/NotificationMediaManager( 2084): DEBUG_MEDIA: updating album art for notification null metadata=null metaDataChanged=false state=0
10-28 02:37:39.482 V/NotificationMediaManager( 2084): DEBUG_MEDIA: updating album art for notification null metadata=null metaDataChanged=false state=0
01-01 14:11:52.050 E/i2c_geni 980000.i2c( 0): i2c error :-107
01-01 14:11:52.056 E/ ( 0): [MAX975X:max96755g_read_byte] *ERROR* Failed to read dev:0x4c addr:0x0013
01-01 14:11:52.065 E/ ( 0): [MAX975X:max96755x_init] *ERROR* read:752 0x13:00
01-01 14:11:52.072 E/ ( 0): [MAX975X:max96755x_init] *ERROR* read:755 0x13:02
01-01 14:11:52.081 E/ ( 0): [MAX975X:max96755x_init] *ERROR* done
10-28 02:37:39.646 D/DhcpClient( 2177): Unicasting DHCPREQUEST ciaddr=10.0.0.6 request=0.0.0.0 serverid=null to /10.0.0.1:67
01-01 14:11:52.143 I/[soft_i][0x7086b61a8][02:37:39.651023] wlan( 0): [0:I:QDF] DHCP-R TX: SA:be:22:32:ce:8b:53 DA:58:d9:d5:44:ba:d8 msdu_id:4 status: succ
01-01 14:11:52.157 I/[dp_rx_][0x7086f5ac6][02:37:39.664588] wlan( 0): [2095:I:QDF] DHCP-A RX: SA:58:d9:d5:44:ba:d8 DA:ff:ff:ff:ff:ff:ff
10-28 02:37:39.679 D/DhcpClient( 2177): Received packet: be:22:32:ce:8b:53 ACK: your new IP /10.0.0.6, netmask /255.255.255.0, gateways [/10.0.0.1] DNS servers: /10.0.0.1 , lease time 30
10-28 02:37:39.682 D/DhcpClient( 2177): Renewed lease: android.net.networkstack.DhcpResults@a24ebe7 DHCP server /10.0.0.1 Vendor info null lease 30 seconds Servername
10-28 02:37:39.691 I/mpu_uart( 647): [MSG-P:R]:recv sync frame timeout
10-28 02:37:39.693 D/DhcpClient( 2177): Scheduling renewal in 29s
10-28 02:37:39.693 D/DhcpClient( 2177): Scheduling rebind in 52s
10-28 02:37:39.694 D/DhcpClient( 2177): Scheduling expiry in 59s
10-28 02:37:39.706 D/BluetoothAdapterService( 2071): android.net.wifi.STATE_CHANGE
10-28 02:37:39.707 D/SettingMicroservices( 2275): WifiReceiver:
10-28 02:37:39.708 D/SettingMicroservices( 2275): WifiReceiver NetworkInfo.State.CONNECTED
10-28 02:37:39.708 D/SettingMicroservices( 2275): doNetworkSync: mIDCMNetworkState: -1 mIsFSEMNetworkWiFi: true
10-28 02:37:39.708 D/SettingMicroservices( 2275): Change Network Preference to TYPE_ETHERNET.
10-28 02:37:39.709 D/Sogou: ( 3273): NotifyNetworkStatus nStatus = 6
10-28 02:37:39.713 W/BluetoothAdapterService( 2071): fetchWifiState - isWifiConnected =true
10-28 02:37:39.713 D/BluetoothVendorService( 2071): setWifiState to: true
10-28 02:37:39.713 I/BluetoothVendorJni( 2071): setWifiStateNative
10-28 02:37:39.713 I/bt_btif_vendor( 2071): setWifiState :1
10-28 02:37:39.736 I/OMX-VENC: venc_dev( 1316): stats: avg. fps 5.56, bitrate 20304
10-28 02:37:39.954 I/wm_task_moved( 1152): [1,0,0]
10-28 02:37:39.955 I/wm_task_moved( 1152): [1,0,5]
10-28 02:37:39.955 I/EventSequenceValidator( 1152): Transition from ACTIVITY_FINISHED to INTENT_STARTED
10-28 02:37:39.986 I/EventSequenceValidator( 1152): Transition from INTENT_STARTED to ACTIVITY_LAUNCHED
