10-28 02:33:19.959 I/sysui_multi_action( 1152): [757,128,758,1,793,11632,794,0,795,11632,796,49,798,6,806,com.thundersoft.notificationtest1,857,111111111111111111111111111-f502d1c0,858,3,946,ranker_group,947,0,1395,56,1500,11302,1688,1]
10-28 02:33:19.959 I/sysui_multi_action( 1152): [757,804,799,note_freshness,801,11632,802,1]
10-28 02:33:19.959 I/notification_visibility( 1152): [0|com.thundersoft.notificationtest1|49|null|10101,1,11632,11632,0,6]
10-28 02:33:19.959 I/sysui_multi_action( 1152): [757,128,758,1,793,11716,794,0,795,11716,796,2147483647,797,ranker_group,798,3,806,com.thundersoft.notificationtest1,857,1111111111111111111111111111-9b31391,858,3,946,ranker_group,947,1,1395,56,1500,11716,1688,1]
10-28 02:33:19.959 I/sysui_multi_action( 1152): [757,804,799,note_freshness,801,11716,802,1]
10-28 02:33:19.959 I/notification_visibility( 1152): [0|com.thundersoft.notificationtest1|2147483647|ranker_group|10101|ranker_group,1,11716,11716,0,3]
10-28 02:33:20.897 I/input_interaction( 1152): Interaction with: 31b65cc NotificationShade (server), PointerEventDispatcher0 (server),
10-28 02:33:22.734 I/input_interaction( 1152): Interaction with: 31b65cc NotificationShade (server), edge-swipe (server), swipe-up (server), PointerEventDispatcher0 (server),
10-28 02:33:22.882 I/sysui_multi_action( 2084): [757,408,758,4,759,1]
10-28 02:33:23.313 I/sysui_multi_action( 1152): [757,128,758,1,793,15076,794,0,795,15076,796,44,798,11,806,com.thundersoft.notificationtest1,857,111111111111111111111111111-bc730cd1,858,3,946,ranker_group,947,0,1395,56,1500,14759,1688,1]
10-28 02:33:23.313 I/sysui_multi_action( 1152): [757,804,799,note_freshness,801,15076,802,1]
10-28 02:33:23.313 I/notification_visibility( 1152): [0|com.thundersoft.notificationtest1|44|null|10101,1,15076,15076,0,11]
10-28 02:33:23.314 I/sysui_multi_action( 1152): [757,128,758,1,793,15065,794,0,795,15065,796,45,798,10,806,com.thundersoft.notificationtest1,857,111111111111111111111111111-d1ee8d80,858,3,946,ranker_group,947,0,1395,56,1500,14753,1688,1]
10-28 02:33:23.314 I/sysui_multi_action( 1152): [757,804,799,note_freshness,801,15065,802,1]
10-28 02:33:23.314 I/notification_visibility( 1152): [0|com.thundersoft.notificationtest1|45|null|10101,1,15065,15065,0,10]
10-28 02:33:23.314 I/sysui_multi_action( 1152): [757,128,758,1,793,15038,794,0,795,15038,796,46,798,9,806,com.thundersoft.notificationtest1,857,111111111111111111111111111-6be322b1,858,3,946,ranker_group,947,0,1395,56,1500,14726,1688,1]
10-28 02:33:23.314 I/sysui_multi_action( 1152): [757,804,799,note_freshness,801,15038,802,1]
10-28 02:33:23.314 I/notification_visibility( 1152): [0|com.thundersoft.notificationtest1|46|null|10101,1,15038,15038,0,9]
10-28 02:33:23.315 I/sysui_multi_action( 1152): [757,128,758,1,793,15021,794,0,795,15021,796,47,798,8,806,com.thundersoft.notificationtest1,857,111111111111111111111111111-108133a0,858,3,946,ranker_group,947,0,1395,56,1500,14704,1688,1]
10-28 02:33:23.315 I/sysui_multi_action( 1152): [757,804,799,note_freshness,801,15021,802,1]
10-28 02:33:23.315 I/notification_visibility( 1152): [0|com.thundersoft.notificationtest1|47|null|10101,1,15021,15021,0,8]
10-28 02:33:23.315 I/sysui_multi_action( 1152): [757,128,758,1,793,15006,794,0,795,15006,796,48,798,7,806,com.thundersoft.notificationtest1,857,111111111111111111111111111-ffa54091,858,3,946,ranker_group,947,0,1395,56,1500,14682,1688,1]
10-28 02:33:23.316 I/sysui_multi_action( 1152): [757,804,799,note_freshness,801,15006,802,1]
10-28 02:33:23.316 I/notification_visibility( 1152): [0|com.thundersoft.notificationtest1|48|null|10101,1,15006,15006,0,7]
10-28 02:33:23.319 I/sysui_multi_action( 1152): [757,128,758,3,793,15076,794,3360,795,15076,796,2147483647,797,ranker_group,806,com.thundersoft.notificationtest1,857,1111111111111111111111111111-9b31391,858,3,946,ranker_group,947,1,1500,15076,1688,1]
10-28 02:33:24.361 I/sysui_multi_action( 1152): [757,128,758,2,793,1254580,794,8047,795,1254580,796,26,798,0,806,android,857,DEVELOPER_IMPORTANT,858,4,947,0,1395,56,1500,1254365,1688,1]
10-28 02:33:24.361 I/notification_visibility( 1152): [-1|android|26|null|1000,0,1254580,1254580,0,0]
10-28 02:33:24.361 I/sysui_multi_action( 1152): [757,128,758,2,793,1254288,794,8047,795,1254288,796,55,798,1,806,android,857,DEVELOPER,858,2,947,0,1395,56,1500,1254084,1688,1]
10-28 02:33:24.362 I/notification_visibility( 1152): [-1|android|55|null|1000,0,1254288,1254288,0,1]
10-28 02:33:24.362 I/sysui_multi_action( 1152): [757,128,758,2,793,1258792,794,8046,795,1258792,796,32,798,2,806,android,857,USB,858,1,947,0,1395,56,1500,1258408,1688,1]
10-28 02:33:24.363 I/notification_visibility( 1152): [-1|android|32|null|1000,0,1258792,1258792,0,2]
10-28 02:33:26.447 I/sysui_multi_action( 1152): [757,128,758,1,793,1260877,794,0,795,1260877,796,32,798,2,806,android,857,USB,858,1,947,0,1395,56,1500,1260493,1688,1]
10-28 02:33:26.447 I/sysui_multi_action( 1152): [757,804,799,note_freshness,801,1260877,802,1]
10-28 02:33:26.447 I/notification_visibility( 1152): [-1|android|32|null|1000,1,1260877,1260877,0,2]
10-28 02:33:27.999 I/sysui_multi_action( 2084): [757,111,758,2]
10-28 02:33:27.999 I/sysui_multi_action( 2084): [757,111,758,2]
10-28 02:33:28.007 I/notification_enqueue( 1152): [10087,2084,com.android.systemui,2048,NULL,0,Notification(channel=updateNotification shortcut=null contentView=null vibrate=null sound=null defaults=0x0 flags=0x0 color=0x00000000 vis=PRIVATE),1]
10-28 02:33:28.010 I/sysui_multi_action( 2084): [757,111,758,1]
10-28 02:33:28.010 I/sysui_multi_action( 2084): [757,126,758,1,759,126,927,0,928,1,1593,1]
10-28 02:33:28.011 I/sysui_multi_action( 2084): [757,113,758,1,759,113,927,1,928,1,1593,1]
10-28 02:33:28.011 I/sysui_multi_action( 2084): [757,0,758,1,759,0,927,2,928,0,1593,1]
10-28 02:33:28.011 I/sysui_multi_action( 2084): [757,0,758,1,759,0,927,3,928,0,1593,1]
10-28 02:33:28.012 I/sysui_multi_action( 2084): [757,491,758,1,759,491,927,4,928,0,1311,-1,1593,0]
10-28 02:33:28.013 I/sysui_multi_action( 2084): [757,0,758,1,759,0,927,5,928,0,1593,0]
10-28 02:33:28.013 I/sysui_multi_action( 2084): [757,0,758,1,759,0,927,6,1593,0]
10-28 02:33:28.013 I/sysui_multi_action( 2084): [757,111,758,1]
10-28 02:33:28.014 I/sysui_multi_action( 2084): [757,126,758,1,759,126,927,0,928,1,1593,1]
10-28 02:33:28.014 I/sysui_multi_action( 2084): [757,113,758,1,759,113,927,1,928,1,1593,1]
10-28 02:33:28.014 I/sysui_multi_action( 2084): [757,0,758,1,759,0,927,2,928,0,1593,1]
10-28 02:33:28.014 I/sysui_multi_action( 2084): [757,0,758,1,759,0,927,3,928,0,1593,1]
10-28 02:33:28.043 I/notification_enqueue( 1152): [10087,2084,com.android.systemui,2048,NULL,0,Notification(channel=updateNotification shortcut=null contentView=null vibrate=null sound=null defaults=0x0 flags=0x0 color=0x00000000 vis=PRIVATE),1]
10-28 02:33:28.043 I/sysui_multi_action( 2084): [757,111,758,2]
10-28 02:33:28.044 I/sysui_multi_action( 2084): [757,111,758,2]
10-28 02:33:28.052 I/sysui_multi_action( 2084): [757,111,758,1]
10-28 02:33:28.052 I/sysui_multi_action( 2084): [757,126,758,1,759,126,927,0,928,1,1593,0]
10-28 02:33:28.052 I/sysui_multi_action( 2084): [757,113,758,1,759,113,927,1,928,1,1593,0]
10-28 02:33:28.053 I/sysui_multi_action( 2084): [757,0,758,1,759,0,927,2,928,0,1593,0]
10-28 02:33:28.053 I/sysui_multi_action( 2084): [757,0,758,1,759,0,927,3,928,0,1593,0]
10-28 02:33:28.054 I/sysui_multi_action( 2084): [757,491,758,1,759,491,927,4,928,0,1311,-1,1593,0]
10-28 02:33:28.054 I/sysui_multi_action( 2084): [757,0,758,1,759,0,927,5,928,0,1593,0]
10-28 02:33:28.055 I/sysui_multi_action( 2084): [757,0,758,1,759,0,927,6,1593,0]
10-28 02:33:28.055 I/sysui_multi_action( 2084): [757,111,758,1]
10-28 02:33:28.056 I/sysui_multi_action( 2084): [757,126,758,1,759,126,927,0,928,1,1593,1]
10-28 02:33:28.056 I/sysui_multi_action( 2084): [757,113,758,1,759,113,927,1,928,1,1593,1]
10-28 02:33:28.056 I/sysui_multi_action( 2084): [757,0,758,1,759,0,927,2,928,0,1593,1]
10-28 02:33:28.056 I/sysui_multi_action( 2084): [757,0,758,1,759,0,927,3,928,0,1593,1]
10-28 02:33:28.084 I/notification_enqueue( 1152): [10087,2084,com.android.systemui,2048,NULL,0,Notification(channel=updateNotification shortcut=null contentView=null vibrate=null sound=null defaults=0x0 flags=0x0 color=0x00000000 vis=PRIVATE),1]
10-28 02:33:28.085 I/sysui_multi_action( 2084): [757,111,758,2]
10-28 02:33:28.086 I/sysui_multi_action( 2084): [757,111,758,2]
10-28 02:33:28.098 I/sysui_multi_action( 2084): [757,111,758,1]
10-28 02:33:28.099 I/sysui_multi_action( 2084): [757,126,758,1,759,126,927,0,928,1,1593,1]
10-28 02:33:28.099 I/sysui_multi_action( 2084): [757,113,758,1,759,113,927,1,928,1,1593,1]
10-28 02:33:28.100 I/sysui_multi_action( 2084): [757,0,758,1,759,0,927,2,928,0,1593,1]
10-28 02:33:28.100 I/sysui_multi_action( 2084): [757,0,758,1,759,0,927,3,928,0,1593,1]
10-28 02:33:28.101 I/sysui_multi_action( 2084): [757,491,758,1,759,491,927,4,928,0,1311,-1,1593,0]
10-28 02:33:28.101 I/sysui_multi_action( 2084): [757,0,758,1,759,0,927,5,928,0,1593,0]
10-28 02:33:28.102 I/sysui_multi_action( 2084): [757,0,758,1,759,0,927,6,1593,0]
10-28 02:33:28.102 I/sysui_multi_action( 2084): [757,111,758,1]
10-28 02:33:28.103 I/sysui_multi_action( 2084): [757,126,758,1,759,126,927,0,928,1,1593,1]
10-28 02:33:28.103 I/sysui_multi_action( 2084): [757,113,758,1,759,113,927,1,928,1,1593,1]
10-28 02:33:28.103 I/sysui_multi_action( 2084): [757,0,758,1,759,0,927,2,928,0,1593,1]
10-28 02:33:28.104 I/sysui_multi_action( 2084): [757,0,758,1,759,0,927,3,928,0,1593,1]
10-28 02:33:28.128 I/notification_enqueue( 1152): [10087,2084,com.android.systemui,2048,NULL,0,Notification(channel=updateNotification shortcut=null contentView=null vibrate=null sound=null defaults=0x0 flags=0x0 color=0x00000000 vis=PRIVATE),1]
10-28 02:33:28.129 I/sysui_multi_action( 2084): [757,111,758,2]
10-28 02:33:28.129 I/sysui_multi_action( 2084): [757,111,758,2]
10-28 02:33:28.136 I/sysui_multi_action( 2084): [757,111,758,1]
10-28 02:33:28.137 I/sysui_multi_action( 2084): [757,126,758,1,759,126,927,0,928,1,1593,1]
10-28 02:33:28.137 I/sysui_multi_action( 2084): [757,113,758,1,759,113,927,1,928,1,1593,1]
10-28 02:33:28.137 I/sysui_multi_action( 2084): [757,0,758,1,759,0,927,2,928,0,1593,1]
10-28 02:33:28.137 I/sysui_multi_action( 2084): [757,0,758,1,759,0,927,3,928,0,1593,1]
10-28 02:33:28.138 I/sysui_multi_action( 2084): [757,491,758,1,759,491,927,4,928,0,1311,-1,1593,0]
10-28 02:33:28.139 I/sysui_multi_action( 2084): [757,0,758,1,759,0,927,5,928,0,1593,0]
10-28 02:33:28.139 I/sysui_multi_action( 2084): [757,0,758,1,759,0,927,6,1593,0]
10-28 02:33:28.139 I/sysui_multi_action( 2084): [757,111,758,1]
10-28 02:33:28.140 I/sysui_multi_action( 2084): [757,126,758,1,759,126,927,0,928,1,1593,1]
10-28 02:33:28.140 I/sysui_multi_action( 2084): [757,113,758,1,759,113,927,1,928,1,1593,1]
10-28 02:33:28.140 I/sysui_multi_action( 2084): [757,0,758,1,759,0,927,2,928,0,1593,1]
10-28 02:33:28.140 I/sysui_multi_action( 2084): [757,0,758,1,759,0,927,3,928,0,1593,1]
10-28 02:33:28.166 I/notification_enqueue( 1152): [10087,2084,com.android.systemui,2048,NULL,0,Notification(channel=updateNotification shortcut=null contentView=null vibrate=null sound=null defaults=0x0 flags=0x0 color=0x00000000 vis=PRIVATE),1]
10-28 02:33:28.166 I/sysui_multi_action( 2084): [757,111,758,2]
10-28 02:33:28.166 I/sysui_multi_action( 2084): [757,111,758,2]
10-28 02:33:28.174 I/sysui_multi_action( 2084): [757,111,758,1]
10-28 02:33:28.174 I/sysui_multi_action( 2084): [757,126,758,1,759,126,927,0,928,1,1593,0]
10-28 02:33:28.174 I/sysui_multi_action( 2084): [757,113,758,1,759,113,927,1,928,1,1593,0]
10-28 02:33:28.175 I/sysui_multi_action( 2084): [757,0,758,1,759,0,927,2,928,0,1593,0]
10-28 02:33:28.175 I/sysui_multi_action( 2084): [757,0,758,1,759,0,927,3,928,0,1593,0]
10-28 02:33:28.176 I/sysui_multi_action( 2084): [757,491,758,1,759,491,927,4,928,0,1311,-1,1593,0]
10-28 02:33:28.176 I/sysui_multi_action( 2084): [757,0,758,1,759,0,927,5,928,0,1593,0]
10-28 02:33:28.177 I/sysui_multi_action( 2084): [757,0,758,1,759,0,927,6,1593,0]
10-28 02:33:28.177 I/sysui_multi_action( 2084): [757,111,758,1]
10-28 02:33:28.178 I/sysui_multi_action( 2084): [757,126,758,1,759,126,927,0,928,1,1593,1]
10-28 02:33:28.178 I/sysui_multi_action( 2084): [757,113,758,1,759,113,927,1,928,1,1593,1]
10-28 02:33:28.178 I/sysui_multi_action( 2084): [757,0,758,1,759,0,927,2,928,0,1593,1]
10-28 02:33:28.178 I/sysui_multi_action( 2084): [757,0,758,1,759,0,927,3,928,0,1593,1]
10-28 02:33:28.203 I/notification_enqueue( 1152): [10087,2084,com.android.systemui,2048,NULL,0,Notification(channel=updateNotification shortcut=null contentView=null vibrate=null sound=null defaults=0x0 flags=0x0 color=0x00000000 vis=PRIVATE),1]
10-28 02:33:28.204 I/sysui_multi_action( 2084): [757,111,758,2]
10-28 02:33:28.204 I/sysui_multi_action( 2084): [757,111,758,2]
10-28 02:33:28.212 I/sysui_multi_action( 2084): [757,111,758,1]
10-28 02:33:28.212 I/sysui_multi_action( 2084): [757,126,758,1,759,126,927,0,928,1,1593,1]
10-28 02:33:28.212 I/sysui_multi_action( 2084): [757,113,758,1,759,113,927,1,928,1,1593,1]
10-28 02:33:28.213 I/sysui_multi_action( 2084): [757,0,758,1,759,0,927,2,928,0,1593,1]
10-28 02:33:28.213 I/sysui_multi_action( 2084): [757,0,758,1,759,0,927,3,928,0,1593,1]
10-28 02:33:28.214 I/sysui_multi_action( 2084): [757,491,758,1,759,491,927,4,928,0,1311,-1,1593,0]
10-28 02:33:28.214 I/sysui_multi_action( 2084): [757,0,758,1,759,0,927,5,928,0,1593,0]
10-28 02:33:28.215 I/sysui_multi_action( 2084): [757,0,758,1,759,0,927,6,1593,0]
10-28 02:33:28.215 I/sysui_multi_action( 2084): [757,111,758,1]
10-28 02:33:28.216 I/sysui_multi_action( 2084): [757,126,758,1,759,126,927,0,928,1,1593,1]
10-28 02:33:28.216 I/sysui_multi_action( 2084): [757,113,758,1,759,113,927,1,928,1,1593,1]
10-28 02:33:28.217 I/sysui_multi_action( 2084): [757,0,758,1,759,0,927,2,928,0,1593,1]
10-28 02:33:28.217 I/sysui_multi_action( 2084): [757,0,758,1,759,0,927,3,928,0,1593,1]
10-28 02:33:28.218 I/sysui_multi_action( 1152): [757,1501,758,1,793,542463,794,0,795,226,796,2048,806,com.android.systemui,857,updateNotification,858,3,947,0,1500,0,1688,1]
10-28 02:33:28.218 I/sysui_multi_action( 1152): [757,804,799,note_interruptive,801,0,802,1]
10-28 02:33:28.218 I/sysui_multi_action( 1152): [757,199,758,1,759,2,793,542463,794,0,795,226,796,2048,806,com.android.systemui,857,updateNotification,858,3,947,0,1500,0,1688,1]
10-28 02:33:28.218 I/notification_alert( 1152): [0|com.android.systemui|2048|null|10087,0,1,0]
10-28 02:33:28.250 I/sysui_multi_action( 2084): [757,111,758,2]
10-28 02:33:28.251 I/sysui_multi_action( 2084): [757,111,758,2]
10-28 02:33:28.261 I/notification_enqueue( 1152): [10087,2084,com.android.systemui,2048,NULL,0,Notification(channel=updateNotification shortcut=null contentView=null vibrate=null sound=null defaults=0x0 flags=0x0 color=0x00000000 vis=PRIVATE),1]
10-28 02:33:28.267 I/sysui_multi_action( 2084): [757,111,758,1]
10-28 02:33:28.267 I/sysui_multi_action( 2084): [757,126,758,1,759,126,927,0,928,1,1593,1]
10-28 02:33:28.268 I/sysui_multi_action( 2084): [757,113,758,1,759,113,927,1,928,1,1593,1]
10-28 02:33:28.268 I/sysui_multi_action( 2084): [757,0,758,1,759,0,927,2,928,0,1593,1]
10-28 02:33:28.268 I/sysui_multi_action( 2084): [757,0,758,1,759,0,927,3,928,0,1593,1]
10-28 02:33:28.269 I/sysui_multi_action( 2084): [757,491,758,1,759,491,927,4,928,0,1311,-1,1593,0]
10-28 02:33:28.269 I/sysui_multi_action( 2084): [757,0,758,1,759,0,927,5,928,0,1593,0]
10-28 02:33:28.269 I/sysui_multi_action( 2084): [757,0,758,1,759,0,927,6,1593,0]
10-28 02:33:28.269 I/sysui_multi_action( 2084): [757,111,758,1]
10-28 02:33:28.270 I/sysui_multi_action( 2084): [757,126,758,1,759,126,927,0,928,1,1593,1]
10-28 02:33:28.270 I/sysui_multi_action( 2084): [757,113,758,1,759,113,927,1,928,1,1593,1]
10-28 02:33:28.270 I/sysui_multi_action( 2084): [757,0,758,1,759,0,927,2,928,0,1593,1]
10-28 02:33:28.270 I/sysui_multi_action( 2084): [757,0,758,1,759,0,927,3,928,0,1593,1]
10-28 02:33:28.311 I/sysui_multi_action( 2084): [757,111,758,2]
10-28 02:33:28.312 I/sysui_multi_action( 2084): [757,111,758,2]
10-28 02:33:28.313 I/notification_enqueue( 1152): [10087,2084,com.android.systemui,2048,NULL,0,Notification(channel=updateNotification shortcut=null contentView=null vibrate=null sound=null defaults=0x0 flags=0x0 color=0x00000000 vis=PRIVATE),1]
10-28 02:33:28.358 I/input_focus( 1152): [Focus request a79836 com.android.launcher3/com.android.launcher3.uioverrides.QuickstepLauncher,reason=UpdateInputWindows]
10-28 02:33:28.364 I/sysui_multi_action( 2084): [757,111,758,1]
10-28 02:33:28.365 I/sysui_multi_action( 2084): [757,126,758,1,759,126,927,0,928,1,1593,1]
10-28 02:33:28.366 I/sysui_multi_action( 2084): [757,113,758,1,759,113,927,1,928,1,1593,1]
10-28 02:33:28.366 I/sysui_multi_action( 2084): [757,0,758,1,759,0,927,2,928,0,1593,1]
10-28 02:33:28.366 I/sysui_multi_action( 2084): [757,0,758,1,759,0,927,3,928,0,1593,1]
10-28 02:33:28.367 I/sysui_multi_action( 2084): [757,491,758,1,759,491,927,4,928,0,1311,-1,1593,0]
10-28 02:33:28.368 I/sysui_multi_action( 2084): [757,0,758,1,759,0,927,5,928,0,1593,0]
10-28 02:33:28.368 I/sysui_multi_action( 2084): [757,0,758,1,759,0,927,6,1593,0]
10-28 02:33:28.368 I/sysui_multi_action( 2084): [757,111,758,1]
10-28 02:33:28.369 I/sysui_multi_action( 2084): [757,126,758,1,759,126,927,0,928,1,1593,1]
10-28 02:33:28.369 I/sysui_multi_action( 2084): [757,113,758,1,759,113,927,1,928,1,1593,1]
10-28 02:33:28.369 I/sysui_multi_action( 2084): [757,0,758,1,759,0,927,2,928,0,1593,1]
10-28 02:33:28.370 I/sysui_multi_action( 2084): [757,0,758,1,759,0,927,3,928,0,1593,1]
10-28 02:33:28.380 I/input_focus( 1152): [Focus leaving 31b65cc NotificationShade (server),reason=NOT_FOCUSABLE]
10-28 02:33:28.381 I/input_focus( 1152): [Focus entering a79836 com.android.launcher3/com.android.launcher3.uioverrides.QuickstepLauncher (server),reason=setFocusedWindow]
10-28 02:33:28.382 I/sysui_multi_action( 1152): [757,128,758,2,793,20023,794,8423,795,20023,796,50,798,5,806,com.thundersoft.notificationtest1,857,111111111111111111111111111-ab576671,858,3,946,ranker_group,947,0,1395,56,1500,19689,1688,1]
10-28 02:33:28.382 I/notification_visibility( 1152): [0|com.thundersoft.notificationtest1|50|null|10101,0,20023,20023,0,5]
10-28 02:33:28.382 I/sysui_multi_action( 1152): [757,128,758,2,793,20008,794,8423,795,20008,796,51,798,4,806,com.thundersoft.notificationtest1,857,111111111111111111111111111-bf9567e0,858,3,946,ranker_group,947,0,1395,56,1500,19664,1688,1]
10-28 02:33:28.382 I/notification_visibility( 1152): [0|com.thundersoft.notificationtest1|51|null|10101,0,20008,20008,0,4]
10-28 02:33:28.383 I/sysui_multi_action( 1152): [757,128,758,2,793,20146,794,5070,795,20146,796,44,798,11,806,com.thundersoft.notificationtest1,857,111111111111111111111111111-bc730cd1,858,3,946,ranker_group,947,0,1395,56,1500,19829,1688,1]
10-28 02:33:28.383 I/notification_visibility( 1152): [0|com.thundersoft.notificationtest1|44|null|10101,0,20146,20146,0,11]
10-28 02:33:28.383 I/sysui_multi_action( 1152): [757,128,758,2,793,20134,794,5069,795,20134,796,45,798,10,806,com.thundersoft.notificationtest1,857,111111111111111111111111111-d1ee8d80,858,3,946,ranker_group,947,0,1395,56,1500,19822,1688,1]
10-28 02:33:28.383 I/notification_visibility( 1152): [0|com.thundersoft.notificationtest1|45|null|10101,0,20134,20134,0,10]
10-28 02:33:28.384 I/sysui_multi_action( 1152): [757,128,758,2,793,20107,794,5069,795,20107,796,46,798,9,806,com.thundersoft.notificationtest1,857,111111111111111111111111111-6be322b1,858,3,946,ranker_group,947,0,1395,56,1500,19795,1688,1]
10-28 02:33:28.384 I/notification_visibility( 1152): [0|com.thundersoft.notificationtest1|46|null|10101,0,20107,20107,0,9]
10-28 02:33:28.385 I/sysui_multi_action( 1152): [757,128,758,2,793,20091,794,5070,795,20091,796,47,798,8,806,com.thundersoft.notificationtest1,857,111111111111111111111111111-108133a0,858,3,946,ranker_group,947,0,1395,56,1500,19774,1688,1]
10-28 02:33:28.385 I/notification_visibility( 1152): [0|com.thundersoft.notificationtest1|47|null|10101,0,20091,20091,0,8]
10-28 02:33:28.385 I/sysui_multi_action( 1152): [757,128,758,2,793,20076,794,5070,795,20076,796,48,798,7,806,com.thundersoft.notificationtest1,857,111111111111111111111111111-ffa54091,858,3,946,ranker_group,947,0,1395,56,1500,19752,1688,1]
10-28 02:33:28.385 I/notification_visibility( 1152): [0|com.thundersoft.notificationtest1|48|null|10101,0,20076,20076,0,7]
10-28 02:33:28.386 I/sysui_multi_action( 1152): [757,128,758,2,793,20058,794,8426,795,20058,796,49,798,6,806,com.thundersoft.notificationtest1,857,111111111111111111111111111-f502d1c0,858,3,946,ranker_group,947,0,1395,56,1500,19728,1688,1]
10-28 02:33:28.386 I/notification_visibility( 1152): [0|com.thundersoft.notificationtest1|49|null|10101,0,20058,20058,0,6]
10-28 02:33:28.386 I/sysui_multi_action( 1152): [757,128,758,2,793,20143,794,8427,795,20143,796,2147483647,797,ranker_group,798,3,806,com.thundersoft.notificationtest1,857,1111111111111111111111111111-9b31391,858,3,946,ranker_group,947,1,1395,56,1500,20143,1688,1]
10-28 02:33:28.386 I/notification_visibility( 1152): [0|com.thundersoft.notificationtest1|2147483647|ranker_group|10101|ranker_group,0,20143,20143,0,3]
10-28 02:33:28.386 I/sysui_multi_action( 1152): [757,128,758,2,793,1262816,794,1939,795,1262816,796,32,798,2,806,android,857,USB,858,1,947,0,1395,56,1500,1262432,1688,1]
10-28 02:33:28.387 I/notification_visibility( 1152): [-1|android|32|null|1000,0,1262816,1262816,0,2]
10-28 02:33:28.547 I/sysui_multi_action( 2084): [757,111,758,2]
10-28 02:33:28.547 I/sysui_multi_action( 2084): [757,111,758,2]
10-28 02:33:28.549 I/notification_enqueue( 1152): [10087,2084,com.android.systemui,2048,NULL,0,Notification(channel=updateNotification shortcut=null contentView=null vibrate=null sound=null defaults=0x0 flags=0x0 color=0x00000000 vis=PRIVATE),1]
10-28 02:33:28.550 I/sysui_multi_action( 1152): [757,127,758,2]
10-28 02:33:28.551 I/notification_panel_hidden( 1152):
10-28 02:33:28.623 I/sysui_multi_action( 2084): [757,111,758,1]
10-28 02:33:28.624 I/sysui_multi_action( 2084): [757,126,758,1,759,126,927,0,928,1,1593,0]
10-28 02:33:28.624 I/sysui_multi_action( 2084): [757,113,758,1,759,113,927,1,928,1,1593,0]
10-28 02:33:28.624 I/sysui_multi_action( 2084): [757,0,758,1,759,0,927,2,928,0,1593,0]
10-28 02:33:28.624 I/sysui_multi_action( 2084): [757,0,758,1,759,0,927,3,928,0,1593,0]
10-28 02:33:28.625 I/sysui_multi_action( 2084): [757,491,758,1,759,491,927,4,928,0,1311,-1,1593,0]
10-28 02:33:28.625 I/sysui_multi_action( 2084): [757,0,758,1,759,0,927,5,928,0,1593,0]
10-28 02:33:28.625 I/sysui_multi_action( 2084): [757,0,758,1,759,0,927,6,1593,0]
10-28 02:33:28.626 I/sysui_multi_action( 2084): [757,111,758,1]
10-28 02:33:28.626 I/sysui_multi_action( 2084): [757,126,758,1,759,126,927,0,928,1,1593,0]
10-28 02:33:28.626 I/sysui_multi_action( 2084): [757,113,758,1,759,113,927,1,928,1,1593,0]
10-28 02:33:28.626 I/sysui_multi_action( 2084): [757,0,758,1,759,0,927,2,928,0,1593,0]
10-28 02:33:28.626 I/sysui_multi_action( 2084): [757,0,758,1,759,0,927,3,928,0,1593,0]
10-28 02:33:28.858 I/input_interaction( 1152): Interaction with: fedcccd StatusBar (server), edge-swipe (server), swipe-up (server), PointerEventDispatcher0 (server),
10-28 02:33:28.878 I/sysui_multi_action( 2084): [757,803,799,panel_open,802,1]
10-28 02:33:28.879 I/sysui_multi_action( 2084): [757,1328,758,4,1326,39,1327,0,1329,0]
10-28 02:33:28.969 I/sysui_multi_action( 2084): [757,111,758,2]
10-28 02:33:28.969 I/sysui_multi_action( 2084): [757,111,758,2]
10-28 02:33:28.971 I/sysui_multi_action( 1152): [757,127,758,1]
10-28 02:33:28.971 I/sysui_multi_action( 1152): [757,804,799,note_load,801,3,802,1]
10-28 02:33:28.971 I/notification_panel_revealed( 1152): 3
10-28 02:33:28.977 I/notification_enqueue( 1152): [10087,2084,com.android.systemui,2048,NULL,0,Notification(channel=updateNotification shortcut=null contentView=null vibrate=null sound=null defaults=0x0 flags=0x0 color=0x00000000 vis=PRIVATE),1]
10-28 02:33:28.998 I/input_focus( 1152): [Focus request 31b65cc NotificationShade,reason=UpdateInputWindows]
10-28 02:33:29.002 I/sysui_multi_action( 2084): [757,111,758,1]
10-28 02:33:29.002 I/sysui_multi_action( 2084): [757,126,758,1,759,126,927,0,928,1,1593,0]
10-28 02:33:29.003 I/sysui_multi_action( 2084): [757,113,758,1,759,113,927,1,928,1,1593,0]
10-28 02:33:29.003 I/sysui_multi_action( 2084): [757,0,758,1,759,0,927,2,928,0,1593,0]
10-28 02:33:29.003 I/sysui_multi_action( 2084): [757,0,758,1,759,0,927,3,928,0,1593,0]
10-28 02:33:29.004 I/sysui_multi_action( 2084): [757,491,758,1,759,491,927,4,928,0,1311,-1,1593,0]
10-28 02:33:29.004 I/sysui_multi_action( 2084): [757,0,758,1,759,0,927,5,928,0,1593,0]
10-28 02:33:29.004 I/sysui_multi_action( 2084): [757,0,758,1,759,0,927,6,1593,0]
10-28 02:33:29.004 I/sysui_multi_action( 2084): [757,111,758,1]
10-28 02:33:29.005 I/sysui_multi_action( 2084): [757,126,758,1,759,126,927,0,928,1,1593,0]
10-28 02:33:29.005 I/sysui_multi_action( 2084): [757,113,758,1,759,113,927,1,928,1,1593,0]
10-28 02:33:29.005 I/sysui_multi_action( 2084): [757,0,758,1,759,0,927,2,928,0,1593,0]
10-28 02:33:29.005 I/sysui_multi_action( 2084): [757,0,758,1,759,0,927,3,928,0,1593,0]
10-28 02:33:29.005 I/input_focus( 1152): [Focus leaving a79836 com.android.launcher3/com.android.launcher3.uioverrides.QuickstepLauncher (server),reason=Waiting for window because NOT_VISIBLE]
10-28 02:33:29.052 I/notification_enqueue( 1152): [10087,2084,com.android.systemui,2048,NULL,0,Notification(channel=updateNotification shortcut=null contentView=null vibrate=null sound=null defaults=0x0 flags=0x0 color=0x00000000 vis=PRIVATE),1]
10-28 02:33:29.052 I/sysui_multi_action( 2084): [757,111,758,2]
10-28 02:33:29.052 I/sysui_multi_action( 2084): [757,111,758,2]
10-28 02:33:29.054 I/input_focus( 1152): [Focus entering 31b65cc NotificationShade (server),reason=Window became focusable. Previous reason: NOT_VISIBLE]
10-28 02:33:29.060 I/sysui_multi_action( 2084): [757,111,758,1]
10-28 02:33:29.060 I/sysui_multi_action( 2084): [757,126,758,1,759,126,927,0,928,1,1593,0]
10-28 02:33:29.060 I/sysui_multi_action( 2084): [757,113,758,1,759,113,927,1,928,1,1593,0]
10-28 02:33:29.061 I/sysui_multi_action( 2084): [757,0,758,1,759,0,927,2,928,0,1593,0]
10-28 02:33:29.061 I/sysui_multi_action( 2084): [757,0,758,1,759,0,927,3,928,0,1593,0]
10-28 02:33:29.061 I/sysui_multi_action( 2084): [757,491,758,1,759,491,927,4,928,0,1311,-1,1593,0]
10-28 02:33:29.061 I/sysui_multi_action( 2084): [757,0,758,1,759,0,927,5,928,0,1593,0]
10-28 02:33:29.061 I/sysui_multi_action( 2084): [757,0,758,1,759,0,927,6,1593,0]
10-28 02:33:29.062 I/sysui_multi_action( 2084): [757,111,758,1]
10-28 02:33:29.062 I/sysui_multi_action( 2084): [757,126,758,1,759,126,927,0,928,1,1593,0]
10-28 02:33:29.062 I/sysui_multi_action( 2084): [757,113,758,1,759,113,927,1,928,1,1593,0]
10-28 02:33:29.062 I/sysui_multi_action( 2084): [757,0,758,1,759,0,927,2,928,0,1593,0]
10-28 02:33:29.062 I/sysui_multi_action( 2084): [757,0,758,1,759,0,927,3,928,0,1593,0]
10-28 02:33:29.265 I/sysui_multi_action( 1152): [757,1501,758,1,793,543510,794,0,795,226,796,2048,806,com.android.systemui,857,updateNotification,858,3,947,0,1500,0,1688,1]
10-28 02:33:29.266 I/sysui_multi_action( 1152): [757,804,799,note_interruptive,801,0,802,1]
10-28 02:33:29.266 I/sysui_multi_action( 1152): [757,199,758,1,759,2,793,543511,794,0,795,227,796,2048,806,com.android.systemui,857,updateNotification,858,3,947,0,1500,1,1688,1]
10-28 02:33:29.267 I/notification_alert( 1152): [0|com.android.systemui|2048|null|10087,0,1,0]
10-28 02:33:29.569 I/sysui_multi_action( 1152): [757,128,758,1,793,1259789,794,0,795,1259789,796,26,798,0,806,android,857,DEVELOPER_IMPORTANT,858,4,947,0,1395,3,1500,1259574,1688,1]
10-28 02:33:29.569 I/sysui_multi_action( 1152): [757,804,799,note_freshness,801,1259789,802,1]
10-28 02:33:29.569 I/notification_visibility( 1152): [-1|android|26|null|1000,1,1259789,1259789,0,0]
10-28 02:33:29.570 I/sysui_multi_action( 1152): [757,128,758,1,793,1259497,794,0,795,1259497,796,55,798,1,806,android,857,DEVELOPER,858,2,947,0,1395,3,1500,1259293,1688,1]
10-28 02:33:29.570 I/sysui_multi_action( 1152): [757,804,799,note_freshness,801,1259497,802,1]
10-28 02:33:29.570 I/notification_visibility( 1152): [-1|android|55|null|1000,1,1259497,1259497,0,1]
10-28 02:33:29.570 I/sysui_multi_action( 1152): [757,128,758,1,793,1264000,794,0,795,1264000,796,32,798,2,806,android,857,USB,858,1,947,0,1395,3,1500,1263616,1688,1]
10-28 02:33:29.570 I/sysui_multi_action( 1152): [757,804,799,note_freshness,801,1264000,802,1]
10-28 02:33:29.570 I/notification_visibility( 1152): [-1|android|32|null|1000,1,1264000,1264000,0,2]
10-28 02:33:30.398 I/input_interaction( 1152): Interaction with: 31b65cc NotificationShade (server), edge-swipe (server), swipe-up (server), PointerEventDispatcher0 (server),
10-28 02:33:30.521 I/notification_enqueue( 1152): [10087,2084,com.android.systemui,2048,NULL,0,Notification(channel=updateNotification shortcut=null contentView=null vibrate=null sound=null defaults=0x0 flags=0x0 color=0x00000000 vis=PRIVATE),1]
10-28 02:33:30.729 I/sysui_multi_action( 1152): [757,1501,758,1,793,544974,794,0,795,215,796,2048,806,com.android.systemui,857,updateNotification,858,3,947,0,1500,0,1688,1]
10-28 02:33:30.730 I/sysui_multi_action( 1152): [757,804,799,note_interruptive,801,0,802,1]
10-28 02:33:30.731 I/sysui_multi_action( 1152): [757,199,758,1,759,2,793,544976,794,0,795,217,796,2048,806,com.android.systemui,857,updateNotification,858,3,947,0,1500,2,1688,1]
10-28 02:33:30.731 I/notification_alert( 1152): [0|com.android.systemui|2048|null|10087,0,1,0]
10-28 02:33:32.594 I/sysui_multi_action( 1152): [757,128,758,1,793,24351,794,0,795,24351,796,2147483647,797,ranker_group,798,3,806,com.thundersoft.notificationtest1,857,1111111111111111111111111111-9b31391,858,3,946,ranker_group,947,1,1395,56,1500,24351,1688,1]
10-28 02:33:32.594 I/sysui_multi_action( 1152): [757,804,799,note_freshness,801,24351,802,1]
10-28 02:33:32.594 I/notification_visibility( 1152): [0|com.thundersoft.notificationtest1|2147483647|ranker_group|10101|ranker_group,1,24351,24351,0,3]
10-28 02:33:33.114 I/sysui_multi_action( 1152): [757,128,758,1,793,24755,794,0,795,24755,796,50,798,5,806,com.thundersoft.notificationtest1,857,111111111111111111111111111-ab576671,858,3,946,ranker_group,947,0,1395,56,1500,24421,1688,1]
10-28 02:33:33.114 I/sysui_multi_action( 1152): [757,804,799,note_freshness,801,24755,802,1]
10-28 02:33:33.114 I/notification_visibility( 1152): [0|com.thundersoft.notificationtest1|50|null|10101,1,24755,24755,0,5]
10-28 02:33:33.115 I/sysui_multi_action( 1152): [757,128,758,1,793,24741,794,0,795,24741,796,51,798,4,806,com.thundersoft.notificationtest1,857,111111111111111111111111111-bf9567e0,858,3,946,ranker_group,947,0,1395,56,1500,24397,1688,1]
10-28 02:33:33.115 I/sysui_multi_action( 1152): [757,804,799,note_freshness,801,24741,802,1]
10-28 02:33:33.116 I/notification_visibility( 1152): [0|com.thundersoft.notificationtest1|51|null|10101,1,24741,24741,0,4]
10-28 02:33:33.116 I/sysui_multi_action( 1152): [757,128,758,2,793,1263336,794,3547,795,1263336,796,26,798,0,806,android,857,DEVELOPER_IMPORTANT,858,4,947,0,1395,56,1500,1263121,1688,1]
10-28 02:33:33.116 I/notification_visibility( 1152): [-1|android|26|null|1000,0,1263336,1263336,0,0]
10-28 02:33:33.614 I/sysui_multi_action( 1152): [757,128,758,1,793,25287,794,0,795,25287,796,49,798,6,806,com.thundersoft.notificationtest1,857,111111111111111111111111111-f502d1c0,858,3,946,ranker_group,947,0,1395,56,1500,24957,1688,1]
10-28 02:33:33.614 I/sysui_multi_action( 1152): [757,804,799,note_freshness,801,25287,802,1]
10-28 02:33:33.614 I/notification_visibility( 1152): [0|com.thundersoft.notificationtest1|49|null|10101,1,25287,25287,0,6]
10-28 02:33:35.707 I/sysui_multi_action( 2084): [757,409,758,4,759,0]
10-28 02:33:36.307 I/service_manager_stats( 1152): [100,179,488934]
10-28 02:33:54.025 I/sysui_multi_action( 1152): [757,128,758,1,793,46015,794,0,795,46015,796,2,798,53,806,com.thundersoft.notificationtest1,857,111111111111111111111111111-693c7971,858,3,946,ranker_group,947,0,1395,56,1500,45807,1688,1]
10-28 02:33:54.026 I/sysui_multi_action( 1152): [757,804,799,note_freshness,801,46015,802,1]
10-28 02:33:54.026 I/notification_visibility( 1152): [0|com.thundersoft.notificationtest1|2|null|10101,1,46015,46015,0,53]
10-28 02:33:54.026 I/sysui_multi_action( 1152): [757,128,758,1,793,46012,794,0,795,46012,796,3,798,52,806,com.thundersoft.notificationtest1,857,111111111111111111111111111-be52b4e0,858,3,946,ranker_group,947,0,1395,56,1500,45804,1688,1]
10-28 02:33:54.027 I/sysui_multi_action( 1152): [757,804,799,note_freshness,801,46012,802,1]
10-28 02:33:54.027 I/notification_visibility( 1152): [0|com.thundersoft.notificationtest1|3|null|10101,1,46012,46012,0,52]
10-28 02:33:54.027 I/sysui_multi_action( 1152): [757,128,758,1,793,46009,794,0,795,46009,796,4,798,51,806,com.thundersoft.notificationtest1,857,1111111111111111111111111111-c03e751,858,3,946,ranker_group,947,0,1395,56,1500,45800,1688,1]
10-28 02:33:54.028 I/sysui_multi_action( 1152): [757,804,799,note_freshness,801,46009,802,1]
10-28 02:33:54.028 I/notification_visibility( 1152): [0|com.thundersoft.notificationtest1|4|null|10101,1,46009,46009,0,51]
10-28 02:33:54.028 I/sysui_multi_action( 1152): [757,128,758,1,793,45999,794,0,795,45999,796,5,798,50,806,com.thundersoft.notificationtest1,857,111111111111111111111111111-74790300,858,3,946,ranker_group,947,0,1395,56,1500,45781,1688,1]
10-28 02:33:54.029 I/sysui_multi_action( 1152): [757,804,799,note_freshness,801,45999,802,1]
10-28 02:33:54.029 I/notification_visibility( 1152): [0|com.thundersoft.notificationtest1|5|null|10101,1,45999,45999,0,50]
10-28 02:33:54.031 I/sysui_multi_action( 1152): [757,128,758,1,793,45996,794,0,795,45996,796,6,798,49,806,com.thundersoft.notificationtest1,857,111111111111111111111111111-1aa75d31,858,3,946,ranker_group,947,0,1395,56,1500,45774,1688,1]
10-28 02:33:54.031 I/sysui_multi_action( 1152): [757,804,799,note_freshness,801,45996,802,1]
10-28 02:33:54.031 I/notification_visibility( 1152): [0|com.thundersoft.notificationtest1|6|null|10101,1,45996,45996,0,49]
10-28 02:33:54.032 I/sysui_multi_action( 1152): [757,128,758,1,793,45994,794,0,795,45994,796,7,798,48,806,com.thundersoft.notificationtest1,857,111111111111111111111111111-3a444920,858,3,946,ranker_group,947,0,1395,56,1500,45772,1688,1]
10-28 02:33:54.033 I/sysui_multi_action( 1152): [757,804,799,note_freshness,801,45994,802,1]
10-28 02:33:54.033 I/notification_visibility( 1152): [0|com.thundersoft.notificationtest1|7|null|10101,1,45994,45994,0,48]
10-28 02:33:54.033 I/sysui_multi_action( 1152): [757,128,758,1,793,45991,794,0,795,45991,796,8,798,47,806,com.thundersoft.notificationtest1,857,1111111111111111111111111111-e44db11,858,3,946,ranker_group,947,0,1395,56,1500,45768,1688,1]
10-28 02:33:54.034 I/sysui_multi_action( 1152): [757,804,799,note_freshness,801,45991,802,1]
10-28 02:33:54.034 I/notification_visibility( 1152): [0|com.thundersoft.notificationtest1|8|null|10101,1,45991,45991,0,47]
10-28 02:33:54.035 I/sysui_multi_action( 1152): [757,128,758,1,793,45987,794,0,795,45987,796,9,798,46,806,com.thundersoft.notificationtest1,857,111111111111111111111111111-ba568740,858,3,946,ranker_group,947,0,1395,56,1500,45765,1688,1]
10-28 02:33:54.035 I/sysui_multi_action( 1152): [757,804,799,note_freshness,801,45987,802,1]
10-28 02:33:54.035 I/notification_visibility( 1152): [0|com.thundersoft.notificationtest1|9|null|10101,1,45987,45987,0,46]
10-28 02:33:54.036 I/sysui_multi_action( 1152): [757,128,758,1,793,45838,794,0,795,45838,796,40,798,15,806,com.thundersoft.notificationtest1,857,111111111111111111111111111-ce90f911,858,3,946,ranker_group,947,0,1395,56,1500,45515,1688,1]
10-28 02:33:54.038 I/sysui_multi_action( 1152): [757,804,799,note_freshness,801,45838,802,1]
10-28 02:33:54.039 I/notification_visibility( 1152): [0|com.thundersoft.notificationtest1|40|null|10101,1,45838,45838,0,15]
10-28 02:33:54.040 I/sysui_multi_action( 1152): [757,128,758,1,793,45836,794,0,795,45836,796,41,798,14,806,com.thundersoft.notificationtest1,857,1111111111111111111111111111-38e2940,858,3,946,ranker_group,947,0,1395,56,1500,45506,1688,1]
10-28 02:33:54.040 I/sysui_multi_action( 1152): [757,804,799,note_freshness,801,45836,802,1]
10-28 02:33:54.041 I/notification_visibility( 1152): [0|com.thundersoft.notificationtest1|41|null|10101,1,45836,45836,0,14]
10-28 02:33:54.041 I/sysui_multi_action( 1152): [757,128,758,1,793,45827,794,0,795,45827,796,42,798,13,806,com.thundersoft.notificationtest1,857,111111111111111111111111111-6e36fef1,858,3,946,ranker_group,947,0,1395,56,1500,45502,1688,1]
10-28 02:33:54.042 I/sysui_multi_action( 1152): [757,804,799,note_freshness,801,45827,802,1]
10-28 02:33:54.042 I/notification_visibility( 1152): [0|com.thundersoft.notificationtest1|42|null|10101,1,45827,45827,0,13]
10-28 02:33:54.042 I/sysui_multi_action( 1152): [757,128,758,1,793,45901,794,0,795,45901,796,30,798,25,806,com.thundersoft.notificationtest1,857,111111111111111111111111111-428353b1,858,3,946,ranker_group,947,0,1395,56,1500,45594,1688,1]
10-28 02:33:54.043 I/sysui_multi_action( 1152): [757,804,799,note_freshness,801,45901,802,1]
10-28 02:33:54.043 I/notification_visibility( 1152): [0|com.thundersoft.notificationtest1|30|null|10101,1,45901,45901,0,25]
10-28 02:33:54.044 I/sysui_multi_action( 1152): [757,128,758,1,793,45814,794,0,795,45814,796,43,798,12,806,com.thundersoft.notificationtest1,857,111111111111111111111111111-58a8df60,858,3,946,ranker_group,947,0,1395,56,1500,45500,1688,1]
10-28 02:33:54.044 I/sysui_multi_action( 1152): [757,804,799,note_freshness,801,45814,802,1]
10-28 02:33:54.044 I/notification_visibility( 1152): [0|com.thundersoft.notificationtest1|43|null|10101,1,45814,45814,0,12]
10-28 02:33:54.045 I/sysui_multi_action( 1152): [757,128,758,1,793,45899,794,0,795,45899,796,31,798,24,806,com.thundersoft.notificationtest1,857,1111111111111111111111111111-de722a0,858,3,946,ranker_group,947,0,1395,56,1500,45573,1688,1]
10-28 02:33:54.045 I/sysui_multi_action( 1152): [757,804,799,note_freshness,801,45899,802,1]
10-28 02:33:54.045 I/notification_visibility( 1152): [0|com.thundersoft.notificationtest1|31|null|10101,1,45899,45899,0,24]
10-28 02:33:54.045 I/sysui_multi_action( 1152): [757,128,758,1,793,45808,794,0,795,45808,796,44,798,11,806,com.thundersoft.notificationtest1,857,111111111111111111111111111-bc730cd1,858,3,946,ranker_group,947,0,1395,56,1500,45491,1688,1]
10-28 02:33:54.046 I/sysui_multi_action( 1152): [757,804,799,note_freshness,801,45808,802,1]
10-28 02:33:54.046 I/notification_visibility( 1152): [0|com.thundersoft.notificationtest1|44|null|10101,1,45808,45808,0,11]
10-28 02:33:54.047 I/sysui_multi_action( 1152): [757,128,758,1,793,45890,794,0,795,45890,796,32,798,23,806,com.thundersoft.notificationtest1,857,111111111111111111111111111-aefd3191,858,3,946,ranker_group,947,0,1395,56,1500,45573,1688,1]
10-28 02:33:54.048 I/sysui_multi_action( 1152): [757,804,799,note_freshness,801,45890,802,1]
10-28 02:33:54.048 I/notification_visibility( 1152): [0|com.thundersoft.notificationtest1|32|null|10101,1,45890,45890,0,23]
10-28 02:33:54.049 I/sysui_multi_action( 1152): [757,128,758,1,793,45950,794,0,795,45950,796,20,798,35,806,com.thundersoft.notificationtest1,857,111111111111111111111111111-2a087651,858,3,946,ranker_group,947,0,1395,56,1500,45682,1688,1]
10-28 02:33:54.050 I/sysui_multi_action( 1152): [757,804,799,note_freshness,801,45950,802,1]
10-28 02:33:54.050 I/notification_visibility( 1152): [0|com.thundersoft.notificationtest1|20|null|10101,1,45950,45950,0,35]
10-28 02:33:54.050 I/sysui_multi_action( 1152): [757,128,758,1,793,45801,794,0,795,45801,796,45,798,10,806,com.thundersoft.notificationtest1,857,111111111111111111111111111-d1ee8d80,858,3,946,ranker_group,947,0,1395,56,1500,45489,1688,1]
10-28 02:33:54.051 I/sysui_multi_action( 1152): [757,804,799,note_freshness,801,45801,802,1]
10-28 02:33:54.051 I/notification_visibility( 1152): [0|com.thundersoft.notificationtest1|45|null|10101,1,45801,45801,0,10]
10-28 02:33:54.051 I/sysui_multi_action( 1152): [757,128,758,1,793,45889,794,0,795,45889,796,33,798,22,806,com.thundersoft.notificationtest1,857,111111111111111111111111111-30a900c0,858,3,946,ranker_group,947,0,1395,56,1500,45573,1688,1]
10-28 02:33:54.052 I/sysui_multi_action( 1152): [757,804,799,note_freshness,801,45889,802,1]
10-28 02:33:54.052 I/notification_visibility( 1152): [0|com.thundersoft.notificationtest1|33|null|10101,1,45889,45889,0,22]
10-28 02:33:54.052 I/sysui_multi_action( 1152): [757,128,758,1,793,45949,794,0,795,45949,796,21,798,34,806,com.thundersoft.notificationtest1,857,111111111111111111111111111-17065400,858,3,946,ranker_group,947,0,1395,56,1500,45680,1688,1]
10-28 02:33:54.053 I/sysui_multi_action( 1152): [757,804,799,note_freshness,801,45949,802,1]
10-28 02:33:54.053 I/notification_visibility( 1152): [0|com.thundersoft.notificationtest1|21|null|10101,1,45949,45949,0,34]
10-28 02:33:54.053 I/sysui_multi_action( 1152): [757,128,758,1,793,45777,794,0,795,45777,796,46,798,9,806,com.thundersoft.notificationtest1,857,111111111111111111111111111-6be322b1,858,3,946,ranker_group,947,0,1395,56,1500,45465,1688,1]
10-28 02:33:54.054 I/sysui_multi_action( 1152): [757,804,799,note_freshness,801,45777,802,1]
10-28 02:33:54.054 I/notification_visibility( 1152): [0|com.thundersoft.notificationtest1|46|null|10101,1,45777,45777,0,9]
10-28 02:33:54.054 I/sysui_multi_action( 1152): [757,128,758,1,793,45887,794,0,795,45887,796,34,798,21,806,com.thundersoft.notificationtest1,857,111111111111111111111111111-e4771771,858,3,946,ranker_group,947,0,1395,56,1500,45569,1688,1]
10-28 02:33:54.055 I/sysui_multi_action( 1152): [757,804,799,note_freshness,801,45887,802,1]
10-28 02:33:54.055 I/notification_visibility( 1152): [0|com.thundersoft.notificationtest1|34|null|10101,1,45887,45887,0,21]
10-28 02:33:54.056 I/sysui_multi_action( 1152): [757,128,758,1,793,45949,794,0,795,45949,796,22,798,33,806,com.thundersoft.notificationtest1,857,111111111111111111111111111-c9c42c31,858,3,946,ranker_group,947,0,1395,56,1500,45679,1688,1]
10-28 02:33:54.056 I/sysui_multi_action( 1152): [757,804,799,note_freshness,801,45949,802,1]
10-28 02:33:54.056 I/notification_visibility( 1152): [0|com.thundersoft.notificationtest1|22|null|10101,1,45949,45949,0,33]
10-28 02:33:54.057 I/sysui_multi_action( 1152): [757,128,758,1,793,46006,794,0,795,46006,796,10,798,45,806,com.thundersoft.notificationtest1,857,111111111111111111111111111-907a60f1,858,3,946,ranker_group,947,0,1395,56,1500,45783,1688,1]
10-28 02:33:54.057 I/sysui_multi_action( 1152): [757,804,799,note_freshness,801,46006,802,1]
10-28 02:33:54.058 I/notification_visibility( 1152): [0|com.thundersoft.notificationtest1|10|null|10101,1,46006,46006,0,45]
10-28 02:33:54.058 I/sysui_multi_action( 1152): [757,128,758,1,793,45764,794,0,795,45764,796,47,798,8,806,com.thundersoft.notificationtest1,857,111111111111111111111111111-108133a0,858,3,946,ranker_group,947,0,1395,56,1500,45447,1688,1]
10-28 02:33:54.058 I/sysui_multi_action( 1152): [757,804,799,note_freshness,801,45764,802,1]
10-28 02:33:54.059 I/notification_visibility( 1152): [0|com.thundersoft.notificationtest1|47|null|10101,1,45764,45764,0,8]
10-28 02:33:54.059 I/sysui_multi_action( 1152): [757,128,758,1,793,45889,794,0,795,45889,796,35,798,20,806,com.thundersoft.notificationtest1,857,111111111111111111111111111-aa6bd6e0,858,3,946,ranker_group,947,0,1395,56,1500,45562,1688,1]
10-28 02:33:54.060 I/sysui_multi_action( 1152): [757,804,799,note_freshness,801,45889,802,1]
10-28 02:33:54.060 I/notification_visibility( 1152): [0|com.thundersoft.notificationtest1|35|null|10101,1,45889,45889,0,20]
10-28 02:33:54.061 I/sysui_multi_action( 1152): [757,128,758,1,793,45948,794,0,795,45948,796,23,798,32,806,com.thundersoft.notificationtest1,857,111111111111111111111111111-6ec15a20,858,3,946,ranker_group,947,0,1395,56,1500,45671,1688,1]
10-28 02:33:54.061 I/sysui_multi_action( 1152): [757,804,799,note_freshness,801,45948,802,1]
10-28 02:33:54.061 I/notification_visibility( 1152): [0|com.thundersoft.notificationtest1|23|null|10101,1,45948,45948,0,32]
10-28 02:33:54.062 I/sysui_multi_action( 1152): [757,128,758,1,793,46007,794,0,795,46007,796,11,798,44,806,com.thundersoft.notificationtest1,857,111111111111111111111111111-7ed1bd60,858,3,946,ranker_group,947,0,1395,56,1500,45782,1688,1]
10-28 02:33:54.062 I/sysui_multi_action( 1152): [757,804,799,note_freshness,801,46007,802,1]
10-28 02:33:54.062 I/notification_visibility( 1152): [0|com.thundersoft.notificationtest1|11|null|10101,1,46007,46007,0,44]
10-28 02:33:54.063 I/sysui_multi_action( 1152): [757,128,758,1,793,45753,794,0,795,45753,796,48,798,7,806,com.thundersoft.notificationtest1,857,111111111111111111111111111-ffa54091,858,3,946,ranker_group,947,0,1395,56,1500,45429,1688,1]
10-28 02:33:54.063 I/sysui_multi_action( 1152): [757,804,799,note_freshness,801,45753,802,1]
10-28 02:33:54.063 I/notification_visibility( 1152): [0|com.thundersoft.notificationtest1|48|null|10101,1,45753,45753,0,7]
10-28 02:33:54.064 I/sysui_multi_action( 1152): [757,128,758,1,793,45890,794,0,795,45890,796,36,798,19,806,com.thundersoft.notificationtest1,857,111111111111111111111111111-a30f0551,858,3,946,ranker_group,947,0,1395,56,1500,45564,1688,1]
10-28 02:33:54.064 I/sysui_multi_action( 1152): [757,804,799,note_freshness,801,45890,802,1]
10-28 02:33:54.064 I/notification_visibility( 1152): [0|com.thundersoft.notificationtest1|36|null|10101,1,45890,45890,0,19]
10-28 02:33:54.065 I/sysui_multi_action( 1152): [757,128,758,1,793,45948,794,0,795,45948,796,24,798,31,806,com.thundersoft.notificationtest1,857,111111111111111111111111111-6969ea11,858,3,946,ranker_group,947,0,1395,56,1500,45664,1688,1]
10-28 02:33:54.065 I/sysui_multi_action( 1152): [757,804,799,note_freshness,801,45948,802,1]
10-28 02:33:54.066 I/notification_visibility( 1152): [0|com.thundersoft.notificationtest1|24|null|10101,1,45948,45948,0,31]
10-28 02:33:54.066 I/sysui_multi_action( 1152): [757,128,758,1,793,46007,794,0,795,46007,796,12,798,43,806,com.thundersoft.notificationtest1,857,111111111111111111111111111-5b65eed1,858,3,946,ranker_group,947,0,1395,56,1500,45772,1688,1]
10-28 02:33:54.066 I/sysui_multi_action( 1152): [757,804,799,note_freshness,801,46007,802,1]
10-28 02:33:54.067 I/notification_visibility( 1152): [0|com.thundersoft.notificationtest1|12|null|10101,1,46007,46007,0,43]
10-28 02:33:54.067 I/sysui_multi_action( 1152): [757,128,758,1,793,45883,794,0,795,45883,796,37,798,18,806,com.thundersoft.notificationtest1,857,111111111111111111111111111-bed1a500,858,3,946,ranker_group,947,0,1395,56,1500,45564,1688,1]
10-28 02:33:54.067 I/sysui_multi_action( 1152): [757,804,799,note_freshness,801,45883,802,1]
10-28 02:33:54.068 I/notification_visibility( 1152): [0|com.thundersoft.notificationtest1|37|null|10101,1,45883,45883,0,18]
10-28 02:33:54.068 I/sysui_multi_action( 1152): [757,128,758,1,793,45946,794,0,795,45946,796,25,798,30,806,com.thundersoft.notificationtest1,857,111111111111111111111111111-c3d35840,858,3,946,ranker_group,947,0,1395,56,1500,45653,1688,1]
10-28 02:33:54.068 I/sysui_multi_action( 1152): [757,804,799,note_freshness,801,45946,802,1]
10-28 02:33:54.069 I/notification_visibility( 1152): [0|com.thundersoft.notificationtest1|25|null|10101,1,45946,45946,0,30]
10-28 02:33:54.069 I/sysui_multi_action( 1152): [757,128,758,1,793,46006,794,0,795,46006,796,13,798,42,806,com.thundersoft.notificationtest1,857,111111111111111111111111111-1157eb80,858,3,946,ranker_group,947,0,1395,56,1500,45761,1688,1]
10-28 02:33:54.069 I/sysui_multi_action( 1152): [757,804,799,note_freshness,801,46006,802,1]
10-28 02:33:54.069 I/notification_visibility( 1152): [0|com.thundersoft.notificationtest1|13|null|10101,1,46006,46006,0,42]
10-28 02:33:54.070 I/sysui_multi_action( 1152): [757,128,758,1,793,45881,794,0,795,45881,796,38,798,17,806,com.thundersoft.notificationtest1,857,111111111111111111111111111-1b62fb31,858,3,946,ranker_group,947,0,1395,56,1500,45564,1688,1]
10-28 02:33:54.070 I/sysui_multi_action( 1152): [757,804,799,note_freshness,801,45881,802,1]
10-28 02:33:54.070 I/notification_visibility( 1152): [0|com.thundersoft.notificationtest1|38|null|10101,1,45881,45881,0,17]
10-28 02:33:54.071 I/sysui_multi_action( 1152): [757,128,758,1,793,45945,794,0,795,45945,796,26,798,29,806,com.thundersoft.notificationtest1,857,111111111111111111111111111-b697aff1,858,3,946,ranker_group,947,0,1395,56,1500,45648,1688,1]
10-28 02:33:54.071 I/sysui_multi_action( 1152): [757,804,799,note_freshness,801,45945,802,1]
10-28 02:33:54.071 I/notification_visibility( 1152): [0|com.thundersoft.notificationtest1|26|null|10101,1,45945,45945,0,29]
10-28 02:33:54.072 I/sysui_multi_action( 1152): [757,128,758,1,793,46000,794,0,795,46000,796,14,798,41,806,com.thundersoft.notificationtest1,857,111111111111111111111111111-19a584b1,858,3,946,ranker_group,947,0,1395,56,1500,45757,1688,1]
10-28 02:33:54.072 I/sysui_multi_action( 1152): [757,804,799,note_freshness,801,46000,802,1]
10-28 02:33:54.073 I/notification_visibility( 1152): [0|com.thundersoft.notificationtest1|14|null|10101,1,46000,46000,0,41]
10-28 02:33:54.073 I/sysui_multi_action( 1152): [757,128,758,1,793,45880,794,0,795,45880,796,39,798,16,806,com.thundersoft.notificationtest1,857,111111111111111111111111111-50fc6b20,858,3,946,ranker_group,947,0,1395,56,1500,45554,1688,1]
10-28 02:33:54.074 I/sysui_multi_action( 1152): [757,804,799,note_freshness,801,45880,802,1]
10-28 02:33:54.074 I/notification_visibility( 1152): [0|com.thundersoft.notificationtest1|39|null|10101,1,45880,45880,0,16]
10-28 02:33:54.075 I/sysui_multi_action( 1152): [757,128,758,1,793,45945,794,0,795,45945,796,27,798,28,806,com.thundersoft.notificationtest1,857,111111111111111111111111111-1c5e4e60,858,3,946,ranker_group,947,0,1395,56,1500,45645,1688,1]
10-28 02:33:54.075 I/sysui_multi_action( 1152): [757,804,799,note_freshness,801,45945,802,1]
