10-28 02:18:03.863 I/sysui_multi_action( 1152): [757,804,799,note_freshness,801,18103,802,1]
10-28 02:18:03.864 I/notification_visibility( 1152): [0|com.thundersoft.notificationtest1|63|null|10101,1,18103,18103,0,10]
10-28 02:18:03.864 I/sysui_multi_action( 1152): [757,128,758,1,793,18082,794,0,795,18082,796,64,798,9,806,com.thundersoft.notificationtest1,857,111111111111111111111111111-8ec6f880,858,3,946,ranker_group,947,0,1395,74,1500,17489,1688,1]
10-28 02:18:03.865 I/sysui_multi_action( 1152): [757,804,799,note_freshness,801,18082,802,1]
10-28 02:18:03.865 I/notification_visibility( 1152): [0|com.thundersoft.notificationtest1|64|null|10101,1,18082,18082,0,9]
10-28 02:18:03.865 I/sysui_multi_action( 1152): [757,128,758,1,793,18056,794,0,795,18056,796,65,798,8,806,com.thundersoft.notificationtest1,857,111111111111111111111111111-4a1817b1,858,3,946,ranker_group,947,0,1395,74,1500,17478,1688,1]
10-28 02:18:03.866 I/sysui_multi_action( 1152): [757,804,799,note_freshness,801,18056,802,1]
10-28 02:18:03.866 I/notification_visibility( 1152): [0|com.thundersoft.notificationtest1|65|null|10101,1,18056,18056,0,8]
10-28 02:18:03.866 I/sysui_multi_action( 1152): [757,128,758,1,793,18036,794,0,795,18036,796,66,798,7,806,com.thundersoft.notificationtest1,857,111111111111111111111111111-f8eadea0,858,3,946,ranker_group,947,0,1395,74,1500,17472,1688,1]
10-28 02:18:03.866 I/sysui_multi_action( 1152): [757,804,799,note_freshness,801,18036,802,1]
10-28 02:18:03.867 I/notification_visibility( 1152): [0|com.thundersoft.notificationtest1|66|null|10101,1,18036,18036,0,7]
10-28 02:18:03.868 I/sysui_multi_action( 1152): [757,128,758,3,793,18536,794,3379,795,18536,796,2147483647,797,ranker_group,806,com.thundersoft.notificationtest1,857,111111111111111111111111111-1369b480,858,3,946,ranker_group,947,1,1500,18536,1688,1]
10-28 02:18:06.556 I/sysui_multi_action( 1152): [757,128,758,2,793,340986,794,11021,795,340986,796,32,798,2,806,android,857,USB,858,1,947,0,1395,74,1500,340602,1688,1]
10-28 02:18:06.557 I/notification_visibility( 1152): [-1|android|32|null|1000,0,340986,340986,0,2]
10-28 02:18:09.072 I/sysui_multi_action( 1152): [757,128,758,1,793,338999,794,0,795,338999,796,55,798,1,806,android,857,DEVELOPER,858,2,947,0,1395,74,1500,338795,1688,1]
10-28 02:18:09.073 I/sysui_multi_action( 1152): [757,804,799,note_freshness,801,338999,802,1]
10-28 02:18:09.073 I/notification_visibility( 1152): [-1|android|55|null|1000,1,338999,338999,0,1]
10-28 02:18:09.074 I/sysui_multi_action( 1152): [757,128,758,1,793,343503,794,0,795,343503,796,32,798,2,806,android,857,USB,858,1,947,0,1395,74,1500,343119,1688,1]
10-28 02:18:09.074 I/sysui_multi_action( 1152): [757,804,799,note_freshness,801,343503,802,1]
10-28 02:18:09.074 I/notification_visibility( 1152): [-1|android|32|null|1000,1,343503,343503,0,2]
10-28 02:18:09.571 I/sysui_multi_action( 1152): [757,128,758,2,793,339498,794,499,795,339498,796,55,798,1,806,android,857,DEVELOPER,858,2,947,0,1395,74,1500,339294,1688,1]
10-28 02:18:09.572 I/notification_visibility( 1152): [-1|android|55|null|1000,0,339498,339498,0,1]
10-28 02:18:09.572 I/sysui_multi_action( 1152): [757,128,758,2,793,344002,794,499,795,344002,796,32,798,2,806,android,857,USB,858,1,947,0,1395,74,1500,343618,1688,1]
10-28 02:18:09.572 I/notification_visibility( 1152): [-1|android|32|null|1000,0,344002,344002,0,2]
10-28 02:18:10.158 I/service_manager_stats( 1152): [100,151,38869]
10-28 02:18:12.679 I/sysui_multi_action( 1152): [757,128,758,1,793,342605,794,0,795,342605,796,55,798,1,806,android,857,DEVELOPER,858,2,947,0,1395,74,1500,342401,1688,1]
10-28 02:18:12.679 I/sysui_multi_action( 1152): [757,804,799,note_freshness,801,342605,802,1]
10-28 02:18:12.680 I/notification_visibility( 1152): [-1|android|55|null|1000,1,342605,342605,0,1]
10-28 02:18:12.682 I/sysui_multi_action( 1152): [757,128,758,1,793,347112,794,0,795,347112,796,32,798,2,806,android,857,USB,858,1,947,0,1395,74,1500,346728,1688,1]
10-28 02:18:12.682 I/sysui_multi_action( 1152): [757,804,799,note_freshness,801,347112,802,1]
10-28 02:18:12.683 I/notification_visibility( 1152): [-1|android|32|null|1000,1,347112,347112,0,2]
10-28 02:18:13.180 I/sysui_multi_action( 1152): [757,128,758,1,793,343399,794,0,795,343399,796,26,798,0,806,android,857,DEVELOPER_IMPORTANT,858,4,947,0,1395,74,1500,343184,1688,1]
10-28 02:18:13.180 I/sysui_multi_action( 1152): [757,804,799,note_freshness,801,343399,802,1]
10-28 02:18:13.181 I/notification_visibility( 1152): [-1|android|26|null|1000,1,343399,343399,0,0]
10-28 02:18:13.697 I/sysui_multi_action( 1152): [757,128,758,2,793,343917,794,518,795,343917,796,26,798,0,806,android,857,DEVELOPER_IMPORTANT,858,4,947,0,1395,74,1500,343702,1688,1]
10-28 02:18:13.705 I/notification_visibility( 1152): [-1|android|26|null|1000,0,343917,343917,0,0]
10-28 02:18:13.705 I/sysui_multi_action( 1152): [757,128,758,2,793,343632,794,1027,795,343632,796,55,798,1,806,android,857,DEVELOPER,858,2,947,0,1395,74,1500,343428,1688,1]
10-28 02:18:13.705 I/notification_visibility( 1152): [-1|android|55|null|1000,0,343632,343632,0,1]
10-28 02:18:13.706 I/sysui_multi_action( 1152): [757,128,758,2,793,348136,794,1024,795,348136,796,32,798,2,806,android,857,USB,858,1,947,0,1395,74,1500,347752,1688,1]
10-28 02:18:13.706 I/notification_visibility( 1152): [-1|android|32|null|1000,0,348136,348136,0,2]
10-28 02:18:16.105 I/sysui_multi_action( 2084): [757,803,799,notification_dismissed,802,1]
10-28 02:18:16.141 I/sysui_multi_action( 1152): [757,804,799,note_dismiss_longevity,801,0,802,1]
10-28 02:18:16.141 I/sysui_multi_action( 1152): [757,128,758,5,759,2,793,30304,794,15653,795,30304,796,69,798,4,806,com.thundersoft.notificationtest1,857,111111111111111111111111111-cc09db71,858,3,946,ranker_group,947,0,1395,74,1500,29701,1688,1]
10-28 02:18:16.141 I/notification_canceled( 1152): [0|com.thundersoft.notificationtest1|69|null|10101,2,30304,30304,15653,4,74,NULL]
10-28 02:18:16.646 I/sysui_multi_action( 1152): [757,128,758,1,793,30906,794,0,795,30906,796,61,798,11,806,com.thundersoft.notificationtest1,857,111111111111111111111111111-2f2e73f1,858,3,946,ranker_group,947,0,1395,73,1500,30315,1688,1]
10-28 02:18:16.646 I/sysui_multi_action( 1152): [757,804,799,note_freshness,801,30906,802,1]
10-28 02:18:16.647 I/notification_visibility( 1152): [0|com.thundersoft.notificationtest1|61|null|10101,1,30906,30906,0,11]
10-28 02:18:16.647 I/sysui_multi_action( 1152): [757,128,758,1,793,346574,794,0,795,346574,796,55,798,1,806,android,857,DEVELOPER,858,2,947,0,1395,73,1500,346370,1688,1]
10-28 02:18:16.647 I/sysui_multi_action( 1152): [757,804,799,note_freshness,801,346574,802,1]
10-28 02:18:16.647 I/notification_visibility( 1152): [-1|android|55|null|1000,1,346574,346574,0,1]
10-28 02:18:16.648 I/sysui_multi_action( 1152): [757,128,758,1,793,351077,794,0,795,351077,796,32,798,2,806,android,857,USB,858,1,947,0,1395,73,1500,350693,1688,1]
10-28 02:18:16.648 I/sysui_multi_action( 1152): [757,804,799,note_freshness,801,351077,802,1]
10-28 02:18:16.648 I/notification_visibility( 1152): [-1|android|32|null|1000,1,351077,351077,0,2]
10-28 02:18:17.527 I/sysui_multi_action( 2084): [757,803,799,notification_dismissed,802,1]
10-28 02:18:17.562 I/sysui_multi_action( 1152): [757,804,799,note_dismiss_longevity,801,0,802,1]
10-28 02:18:17.562 I/sysui_multi_action( 1152): [757,128,758,5,759,2,793,31727,794,17075,795,31727,796,68,798,5,806,com.thundersoft.notificationtest1,857,111111111111111111111111111-69adbcc0,858,3,946,ranker_group,947,0,1395,73,1500,31128,1688,1]
10-28 02:18:17.562 I/notification_canceled( 1152): [0|com.thundersoft.notificationtest1|68|null|10101,2,31727,31727,17075,5,73,NULL]
10-28 02:18:18.084 I/sysui_multi_action( 1152): [757,128,758,1,793,348304,794,0,795,348304,796,26,798,0,806,android,857,DEVELOPER_IMPORTANT,858,4,947,0,1395,72,1500,348089,1688,1]
10-28 02:18:18.085 I/sysui_multi_action( 1152): [757,804,799,note_freshness,801,348304,802,1]
10-28 02:18:18.086 I/notification_visibility( 1152): [-1|android|26|null|1000,1,348304,348304,0,0]
10-28 02:18:18.089 I/sysui_multi_action( 1152): [757,128,758,1,793,32381,794,0,795,32381,796,60,798,11,806,com.thundersoft.notificationtest1,857,111111111111111111111111111-3b541440,858,3,946,ranker_group,947,0,1395,72,1500,31806,1688,1]
10-28 02:18:18.089 I/sysui_multi_action( 1152): [757,804,799,note_freshness,801,32381,802,1]
10-28 02:18:18.090 I/notification_visibility( 1152): [0|com.thundersoft.notificationtest1|60|null|10101,1,32381,32381,0,11]
10-28 02:18:18.935 I/sysui_multi_action( 2084): [757,803,799,notification_dismissed,802,1]
10-28 02:18:18.979 I/sysui_multi_action( 1152): [757,804,799,note_dismiss_longevity,801,0,802,1]
10-28 02:18:18.980 I/sysui_multi_action( 1152): [757,128,758,5,759,2,793,33147,794,18492,795,33147,796,67,798,6,806,com.thundersoft.notificationtest1,857,111111111111111111111111111-2470f591,858,3,946,ranker_group,947,0,1395,72,1500,32577,1688,1]
10-28 02:18:18.980 I/notification_canceled( 1152): [0|com.thundersoft.notificationtest1|67|null|10101,2,33147,33147,18492,6,72,NULL]
10-28 02:18:19.508 I/sysui_multi_action( 1152): [757,128,758,1,793,33803,794,0,795,33803,796,59,798,11,806,com.thundersoft.notificationtest1,857,111111111111111111111111111-e0e1ae11,858,3,946,ranker_group,947,0,1395,71,1500,33231,1688,1]
10-28 02:18:19.509 I/sysui_multi_action( 1152): [757,804,799,note_freshness,801,33803,802,1]
10-28 02:18:19.509 I/notification_visibility( 1152): [0|com.thundersoft.notificationtest1|59|null|10101,1,33803,33803,0,11]
10-28 02:18:20.495 I/sysui_multi_action( 2084): [757,803,799,notification_dismissed,802,1]
10-28 02:18:20.529 I/sysui_multi_action( 1152): [757,804,799,note_dismiss_longevity,801,0,802,1]
10-28 02:18:20.530 I/sysui_multi_action( 1152): [757,128,758,5,759,2,793,34700,794,16664,795,34700,796,66,798,7,806,com.thundersoft.notificationtest1,857,111111111111111111111111111-f8eadea0,858,3,946,ranker_group,947,0,1395,71,1500,34136,1688,1]
10-28 02:18:20.530 I/notification_canceled( 1152): [0|com.thundersoft.notificationtest1|66|null|10101,2,34700,34700,16664,7,71,NULL]
10-28 02:18:21.065 I/sysui_multi_action( 1152): [757,128,758,1,793,35371,794,0,795,35371,796,58,798,11,806,com.thundersoft.notificationtest1,857,1111111111111111111111111111-7411620,858,3,946,ranker_group,947,0,1395,70,1500,34796,1688,1]
10-28 02:18:21.065 I/sysui_multi_action( 1152): [757,804,799,note_freshness,801,35371,802,1]
10-28 02:18:21.066 I/notification_visibility( 1152): [0|com.thundersoft.notificationtest1|58|null|10101,1,35371,35371,0,11]
10-28 02:18:22.067 I/sysui_multi_action( 1152): [757,128,758,2,793,352286,794,3982,795,352286,796,26,798,0,806,android,857,DEVELOPER_IMPORTANT,858,4,947,0,1395,70,1500,352071,1688,1]
10-28 02:18:22.067 I/notification_visibility( 1152): [-1|android|26|null|1000,0,352286,352286,0,0]
10-28 02:18:22.069 I/sysui_multi_action( 1152): [757,128,758,2,793,351996,794,5422,795,351996,796,55,798,1,806,android,857,DEVELOPER,858,2,947,0,1395,70,1500,351792,1688,1]
10-28 02:18:22.069 I/notification_visibility( 1152): [-1|android|55|null|1000,0,351996,351996,0,1]
10-28 02:18:22.070 I/sysui_multi_action( 1152): [757,128,758,2,793,356500,794,5423,795,356500,796,32,798,2,806,android,857,USB,858,1,947,0,1395,70,1500,356116,1688,1]
10-28 02:18:22.071 I/notification_visibility( 1152): [-1|android|32|null|1000,0,356500,356500,0,2]
10-28 02:18:22.957 I/sysui_multi_action( 2084): [757,803,799,notification_dismissed,802,1]
10-28 02:18:22.990 I/sysui_multi_action( 1152): [757,804,799,note_dismiss_longevity,801,0,802,1]
10-28 02:18:22.991 I/sysui_multi_action( 1152): [757,128,758,5,759,2,793,37182,794,19126,795,37182,796,65,798,8,806,com.thundersoft.notificationtest1,857,111111111111111111111111111-4a1817b1,858,3,946,ranker_group,947,0,1395,70,1500,36604,1688,1]
10-28 02:18:22.991 I/notification_canceled( 1152): [0|com.thundersoft.notificationtest1|65|null|10101,2,37182,37182,19126,8,70,NULL]
10-28 02:18:23.511 I/sysui_multi_action( 1152): [757,128,758,1,793,37818,794,0,795,37818,796,57,798,11,806,com.thundersoft.notificationtest1,857,111111111111111111111111111-845cf031,858,3,946,ranker_group,947,0,1395,69,1500,37253,1688,1]
10-28 02:18:23.511 I/sysui_multi_action( 1152): [757,804,799,note_freshness,801,37818,802,1]
10-28 02:18:23.511 I/notification_visibility( 1152): [0|com.thundersoft.notificationtest1|57|null|10101,1,37818,37818,0,11]
10-28 02:18:23.512 I/sysui_multi_action( 1152): [757,128,758,1,793,357942,794,0,795,357942,796,32,798,2,806,android,857,USB,858,1,947,0,1395,69,1500,357558,1688,1]
10-28 02:18:23.512 I/sysui_multi_action( 1152): [757,804,799,note_freshness,801,357942,802,1]
10-28 02:18:23.512 I/notification_visibility( 1152): [-1|android|32|null|1000,1,357942,357942,0,2]
10-28 02:18:24.136 I/sysui_multi_action( 2084): [757,803,799,notification_dismissed,802,1]
10-28 02:18:24.167 I/sysui_multi_action( 1152): [757,804,799,note_dismiss_longevity,801,0,802,1]
10-28 02:18:24.167 I/sysui_multi_action( 1152): [757,128,758,5,759,2,793,38385,794,20303,795,38385,796,64,798,9,806,com.thundersoft.notificationtest1,857,111111111111111111111111111-8ec6f880,858,3,946,ranker_group,947,0,1395,69,1500,37792,1688,1]
10-28 02:18:24.168 I/notification_canceled( 1152): [0|com.thundersoft.notificationtest1|64|null|10101,2,38385,38385,20303,9,69,NULL]
10-28 02:18:24.694 I/sysui_multi_action( 1152): [757,128,758,1,793,39003,794,0,795,39003,796,56,798,11,806,com.thundersoft.notificationtest1,857,1111111111111111111111111111-4451000,858,3,946,ranker_group,947,0,1395,68,1500,38443,1688,1]
10-28 02:18:24.694 I/sysui_multi_action( 1152): [757,804,799,note_freshness,801,39003,802,1]
10-28 02:18:24.695 I/notification_visibility( 1152): [0|com.thundersoft.notificationtest1|56|null|10101,1,39003,39003,0,11]
10-28 02:18:24.695 I/sysui_multi_action( 1152): [757,128,758,1,793,354622,794,0,795,354622,796,55,798,1,806,android,857,DEVELOPER,858,2,947,0,1395,68,1500,354418,1688,1]
10-28 02:18:24.696 I/sysui_multi_action( 1152): [757,804,799,note_freshness,801,354622,802,1]
10-28 02:18:24.697 I/notification_visibility( 1152): [-1|android|55|null|1000,1,354622,354622,0,1]
10-28 02:18:25.237 I/sysui_multi_action( 2084): [757,803,799,notification_dismissed,802,1]
10-28 02:18:25.271 I/sysui_multi_action( 1152): [757,804,799,note_dismiss_longevity,801,0,802,1]
10-28 02:18:25.271 I/sysui_multi_action( 1152): [757,128,758,5,759,2,793,39511,794,21408,795,39511,796,63,798,10,806,com.thundersoft.notificationtest1,857,111111111111111111111111111-1d6141d1,858,3,946,ranker_group,947,0,1395,68,1500,38903,1688,1]
10-28 02:18:25.272 I/notification_canceled( 1152): [0|com.thundersoft.notificationtest1|63|null|10101,2,39511,39511,21408,10,68,NULL]
10-28 02:18:25.768 I/sysui_multi_action( 1152): [757,128,758,1,793,355987,794,0,795,355987,796,26,798,0,806,android,857,DEVELOPER_IMPORTANT,858,4,947,0,1395,67,1500,355772,1688,1]
10-28 02:18:25.768 I/sysui_multi_action( 1152): [757,804,799,note_freshness,801,355987,802,1]
10-28 02:18:25.768 I/notification_visibility( 1152): [-1|android|26|null|1000,1,355987,355987,0,0]
10-28 02:18:25.769 I/sysui_multi_action( 1152): [757,128,758,1,793,40079,794,0,795,40079,796,55,798,11,806,com.thundersoft.notificationtest1,857,111111111111111111111111111-7c023a51,858,3,946,ranker_group,947,0,1395,67,1500,39524,1688,1]
10-28 02:18:25.770 I/sysui_multi_action( 1152): [757,804,799,note_freshness,801,40079,802,1]
10-28 02:18:25.770 I/notification_visibility( 1152): [0|com.thundersoft.notificationtest1|55|null|10101,1,40079,40079,0,11]
10-28 02:18:26.322 I/sysui_multi_action( 2084): [757,803,799,notification_dismissed,802,1]
10-28 02:18:26.354 I/sysui_multi_action( 1152): [757,804,799,note_dismiss_longevity,801,0,802,1]
10-28 02:18:26.355 I/sysui_multi_action( 1152): [757,128,758,5,759,2,793,40600,794,22493,795,40600,796,62,798,11,806,com.thundersoft.notificationtest1,857,111111111111111111111111111-b6a00a60,858,3,946,ranker_group,947,0,1395,67,1500,39996,1688,1]
10-28 02:18:26.355 I/notification_canceled( 1152): [0|com.thundersoft.notificationtest1|62|null|10101,2,40600,40600,22493,11,67,NULL]
10-28 02:18:26.880 I/sysui_multi_action( 1152): [757,128,758,1,793,41192,794,0,795,41192,796,54,798,11,806,com.thundersoft.notificationtest1,857,111111111111111111111111111-fbbe01e0,858,3,946,ranker_group,947,0,1395,66,1500,40663,1688,1]
10-28 02:18:26.880 I/sysui_multi_action( 1152): [757,804,799,note_freshness,801,41192,802,1]
10-28 02:18:26.881 I/notification_visibility( 1152): [0|com.thundersoft.notificationtest1|54|null|10101,1,41192,41192,0,11]
10-28 02:18:27.467 I/sysui_multi_action( 2084): [757,803,799,notification_dismissed,802,1]
10-28 02:18:27.500 I/sysui_multi_action( 1152): [757,804,799,note_dismiss_longevity,801,0,802,1]
10-28 02:18:27.501 I/sysui_multi_action( 1152): [757,128,758,5,759,2,793,41761,794,10855,795,41761,796,61,798,12,806,com.thundersoft.notificationtest1,857,111111111111111111111111111-2f2e73f1,858,3,946,ranker_group,947,0,1395,66,1500,41170,1688,1]
10-28 02:18:27.501 I/notification_canceled( 1152): [0|com.thundersoft.notificationtest1|61|null|10101,2,41761,41761,10855,12,66,NULL]
10-28 02:18:28.003 I/sysui_multi_action( 1152): [757,128,758,1,793,42335,794,0,795,42335,796,53,798,11,806,com.thundersoft.notificationtest1,857,111111111111111111111111111-5ab38c71,858,3,946,ranker_group,947,0,1395,65,1500,41791,1688,1]
10-28 02:18:28.003 I/sysui_multi_action( 1152): [757,804,799,note_freshness,801,42335,802,1]
10-28 02:18:28.004 I/notification_visibility( 1152): [0|com.thundersoft.notificationtest1|53|null|10101,1,42335,42335,0,11]
10-28 02:18:28.515 I/sysui_multi_action( 1152): [757,128,758,2,793,358735,794,2748,795,358735,796,26,798,0,806,android,857,DEVELOPER_IMPORTANT,858,4,947,0,1395,65,1500,358520,1688,1]
10-28 02:18:28.516 I/notification_visibility( 1152): [-1|android|26|null|1000,0,358735,358735,0,0]
10-28 02:18:28.516 I/sysui_multi_action( 1152): [757,128,758,2,793,358443,794,3821,795,358443,796,55,798,1,806,android,857,DEVELOPER,858,2,947,0,1395,65,1500,358239,1688,1]
10-28 02:18:28.517 I/notification_visibility( 1152): [-1|android|55|null|1000,0,358443,358443,0,1]
10-28 02:18:29.471 I/sysui_multi_action( 2084): [757,803,799,notification_dismissed,802,1]
10-28 02:18:29.506 I/sysui_multi_action( 1152): [757,804,799,note_dismiss_longevity,801,0,802,1]
10-28 02:18:29.506 I/sysui_multi_action( 1152): [757,128,758,5,759,2,793,43801,794,11420,795,43801,796,60,798,13,806,com.thundersoft.notificationtest1,857,111111111111111111111111111-3b541440,858,3,946,ranker_group,947,0,1395,65,1500,43226,1688,1]
10-28 02:18:29.506 I/notification_canceled( 1152): [0|com.thundersoft.notificationtest1|60|null|10101,2,43801,43801,11420,13,65,NULL]
10-28 02:18:29.560 I/sysui_multi_action( 1152): [757,128,758,1,793,359487,794,0,795,359487,796,55,798,1,806,android,857,DEVELOPER,858,2,947,0,1395,64,1500,359283,1688,1]
10-28 02:18:29.560 I/sysui_multi_action( 1152): [757,804,799,note_freshness,801,359487,802,1]
10-28 02:18:29.560 I/notification_visibility( 1152): [-1|android|55|null|1000,1,359487,359487,0,1]
10-28 02:18:30.061 I/sysui_multi_action( 1152): [757,128,758,1,793,44410,794,0,795,44410,796,52,798,11,806,com.thundersoft.notificationtest1,857,111111111111111111111111111-7689ebc0,858,3,946,ranker_group,947,0,1395,64,1500,43880,1688,1]
10-28 02:18:30.061 I/sysui_multi_action( 1152): [757,804,799,note_freshness,801,44410,802,1]
10-28 02:18:30.061 I/notification_visibility( 1152): [0|com.thundersoft.notificationtest1|52|null|10101,1,44410,44410,0,11]
10-28 02:18:30.586 I/sysui_multi_action( 2084): [757,803,799,notification_dismissed,802,1]
10-28 02:18:30.618 I/sysui_multi_action( 1152): [757,804,799,note_dismiss_longevity,801,0,802,1]
10-28 02:18:30.619 I/sysui_multi_action( 1152): [757,128,758,5,759,2,793,44914,794,11111,795,44914,796,59,798,14,806,com.thundersoft.notificationtest1,857,111111111111111111111111111-e0e1ae11,858,3,946,ranker_group,947,0,1395,64,1500,44342,1688,1]
10-28 02:18:30.619 I/notification_canceled( 1152): [0|com.thundersoft.notificationtest1|59|null|10101,2,44914,44914,11111,14,64,NULL]
10-28 02:18:31.148 I/sysui_multi_action( 1152): [757,128,758,1,793,361368,794,0,795,361368,796,26,798,0,806,android,857,DEVELOPER_IMPORTANT,858,4,947,0,1395,63,1500,361153,1688,1]
10-28 02:18:31.149 I/sysui_multi_action( 1152): [757,804,799,note_freshness,801,361368,802,1]
10-28 02:18:31.149 I/notification_visibility( 1152): [-1|android|26|null|1000,1,361368,361368,0,0]
10-28 02:18:31.150 I/sysui_multi_action( 1152): [757,128,758,1,793,45502,794,0,795,45502,796,51,798,11,806,com.thundersoft.notificationtest1,857,1111111111111111111111111111-3d2e691,858,3,946,ranker_group,947,0,1395,63,1500,44986,1688,1]
10-28 02:18:31.150 I/sysui_multi_action( 1152): [757,804,799,note_freshness,801,45502,802,1]
10-28 02:18:31.151 I/notification_visibility( 1152): [0|com.thundersoft.notificationtest1|51|null|10101,1,45502,45502,0,11]
10-28 02:18:31.646 I/sysui_multi_action( 2084): [757,803,799,notification_dismissed,802,1]
10-28 02:18:31.678 I/sysui_multi_action( 1152): [757,804,799,note_dismiss_longevity,801,0,802,1]
10-28 02:18:31.678 I/sysui_multi_action( 1152): [757,128,758,5,759,2,793,45984,794,10613,795,45984,796,58,798,15,806,com.thundersoft.notificationtest1,857,1111111111111111111111111111-7411620,858,3,946,ranker_group,947,0,1395,63,1500,45409,1688,1]
10-28 02:18:31.679 I/notification_canceled( 1152): [0|com.thundersoft.notificationtest1|58|null|10101,2,45984,45984,10613,15,63,NULL]
10-28 02:18:32.257 I/sysui_multi_action( 1152): [757,128,758,1,793,46612,794,0,795,46612,796,50,798,11,806,com.thundersoft.notificationtest1,857,111111111111111111111111111-9d06cda0,858,3,946,ranker_group,947,0,1395,62,1500,46095,1688,1]
10-28 02:18:32.258 I/sysui_multi_action( 1152): [757,804,799,note_freshness,801,46612,802,1]
10-28 02:18:32.258 I/notification_visibility( 1152): [0|com.thundersoft.notificationtest1|50|null|10101,1,46612,46612,0,11]
10-28 02:18:32.860 I/sysui_multi_action( 2084): [757,803,799,notification_dismissed,802,1]
10-28 02:18:32.894 I/sysui_multi_action( 1152): [757,804,799,note_dismiss_longevity,801,0,802,1]
10-28 02:18:32.894 I/sysui_multi_action( 1152): [757,128,758,5,759,2,793,47201,794,9383,795,47201,796,57,798,16,806,com.thundersoft.notificationtest1,857,111111111111111111111111111-845cf031,858,3,946,ranker_group,947,0,1395,62,1500,46636,1688,1]
10-28 02:18:32.894 I/notification_canceled( 1152): [0|com.thundersoft.notificationtest1|57|null|10101,2,47201,47201,9383,16,62,NULL]
10-28 02:18:33.424 I/sysui_multi_action( 1152): [757,128,758,1,793,47792,794,0,795,47792,796,49,798,11,806,com.thundersoft.notificationtest1,857,111111111111111111111111111-cb4248b1,858,3,946,ranker_group,947,0,1395,61,1500,47268,1688,1]
10-28 02:18:33.424 I/sysui_multi_action( 1152): [757,804,799,note_freshness,801,47792,802,1]
10-28 02:18:33.424 I/notification_visibility( 1152): [0|com.thundersoft.notificationtest1|49|null|10101,1,47792,47792,0,11]
10-28 02:18:33.934 I/sysui_multi_action( 1152): [757,128,758,2,793,364154,794,2786,795,364154,796,26,798,0,806,android,857,DEVELOPER_IMPORTANT,858,4,947,0,1395,61,1500,363939,1688,1]
10-28 02:18:33.934 I/notification_visibility( 1152): [-1|android|26|null|1000,0,364154,364154,0,0]
10-28 02:18:33.935 I/sysui_multi_action( 1152): [757,128,758,2,793,363862,794,4375,795,363862,796,55,798,1,806,android,857,DEVELOPER,858,2,947,0,1395,61,1500,363658,1688,1]
10-28 02:18:33.935 I/notification_visibility( 1152): [-1|android|55|null|1000,0,363862,363862,0,1]
10-28 02:18:33.936 I/sysui_multi_action( 1152): [757,128,758,2,793,368366,794,10424,795,368366,796,32,798,2,806,android,857,USB,858,1,947,0,1395,61,1500,367982,1688,1]
10-28 02:18:33.936 I/notification_visibility( 1152): [-1|android|32|null|1000,0,368366,368366,0,2]
10-28 02:18:34.916 I/sysui_multi_action( 2084): [757,803,799,notification_dismissed,802,1]
10-28 02:18:34.948 I/sysui_multi_action( 1152): [757,804,799,note_dismiss_longevity,801,0,802,1]
10-28 02:18:34.948 I/sysui_multi_action( 1152): [757,128,758,5,759,2,793,49257,794,10254,795,49257,796,56,798,17,806,com.thundersoft.notificationtest1,857,1111111111111111111111111111-4451000,858,3,946,ranker_group,947,0,1395,61,1500,48697,1688,1]
10-28 02:18:34.949 I/notification_canceled( 1152): [0|com.thundersoft.notificationtest1|56|null|10101,2,49257,49257,10254,17,61,NULL]
10-28 02:18:35.006 I/sysui_multi_action( 1152): [757,128,758,1,793,364933,794,0,795,364933,796,55,798,1,806,android,857,DEVELOPER,858,2,947,0,1395,60,1500,364729,1688,1]
10-28 02:18:35.006 I/sysui_multi_action( 1152): [757,804,799,note_freshness,801,364933,802,1]
10-28 02:18:35.006 I/notification_visibility( 1152): [-1|android|55|null|1000,1,364933,364933,0,1]
10-28 02:18:35.007 I/sysui_multi_action( 1152): [757,128,758,1,793,369437,794,0,795,369437,796,32,798,2,806,android,857,USB,858,1,947,0,1395,60,1500,369053,1688,1]
10-28 02:18:35.007 I/sysui_multi_action( 1152): [757,804,799,note_freshness,801,369437,802,1]
10-28 02:18:35.007 I/notification_visibility( 1152): [-1|android|32|null|1000,1,369437,369437,0,2]
10-28 02:18:35.528 I/sysui_multi_action( 1152): [757,128,758,1,793,49899,794,0,795,49899,796,48,798,11,806,com.thundersoft.notificationtest1,857,111111111111111111111111111-1712a780,858,3,946,ranker_group,947,0,1395,60,1500,49411,1688,1]
10-28 02:18:35.529 I/sysui_multi_action( 1152): [757,804,799,note_freshness,801,49899,802,1]
10-28 02:18:35.529 I/notification_visibility( 1152): [0|com.thundersoft.notificationtest1|48|null|10101,1,49899,49899,0,11]
10-28 02:18:36.062 I/sysui_multi_action( 2084): [757,803,799,notification_dismissed,802,1]
10-28 02:18:36.094 I/sysui_multi_action( 1152): [757,804,799,note_dismiss_longevity,801,0,802,1]
10-28 02:18:36.094 I/sysui_multi_action( 1152): [757,128,758,5,759,2,793,50404,794,10325,795,50404,796,55,798,18,806,com.thundersoft.notificationtest1,857,111111111111111111111111111-7c023a51,858,3,946,ranker_group,947,0,1395,60,1500,49849,1688,1]
10-28 02:18:36.095 I/notification_canceled( 1152): [0|com.thundersoft.notificationtest1|55|null|10101,2,50404,50404,10325,18,60,NULL]
10-28 02:18:36.597 I/sysui_multi_action( 1152): [757,128,758,1,793,366817,794,0,795,366817,796,26,798,0,806,android,857,DEVELOPER_IMPORTANT,858,4,947,0,1395,59,1500,366602,1688,1]
10-28 02:18:36.597 I/sysui_multi_action( 1152): [757,804,799,note_freshness,801,366817,802,1]
10-28 02:18:36.598 I/notification_visibility( 1152): [-1|android|26|null|1000,1,366817,366817,0,0]
10-28 02:18:36.598 I/sysui_multi_action( 1152): [757,128,758,1,793,50971,794,0,795,50971,796,47,798,11,806,com.thundersoft.notificationtest1,857,111111111111111111111111111-9563b2d1,858,3,946,ranker_group,947,0,1395,59,1500,50485,1688,1]
10-28 02:18:36.599 I/sysui_multi_action( 1152): [757,804,799,note_freshness,801,50971,802,1]
10-28 02:18:36.599 I/notification_visibility( 1152): [0|com.thundersoft.notificationtest1|47|null|10101,1,50971,50971,0,11]
10-28 02:18:36.961 I/service_manager_slow( 1152): [10,phone]
10-28 02:18:37.205 I/sysui_multi_action( 2084): [757,803,799,notification_dismissed,802,1]
10-28 02:18:37.205 I/service_manager_stats( 1152): [100,140,27047]
10-28 02:18:37.235 I/sysui_multi_action( 1152): [757,804,799,note_dismiss_longevity,801,0,802,1]
10-28 02:18:37.236 I/sysui_multi_action( 1152): [757,128,758,5,759,2,793,51548,794,10356,795,51548,796,54,798,19,806,com.thundersoft.notificationtest1,857,111111111111111111111111111-fbbe01e0,858,3,946,ranker_group,947,0,1395,59,1500,51019,1688,1]
10-28 02:18:37.237 I/notification_canceled( 1152): [0|com.thundersoft.notificationtest1|54|null|10101,2,51548,51548,10356,19,59,NULL]
10-28 02:18:37.736 I/sysui_multi_action( 1152): [757,128,758,1,793,52115,794,0,795,52115,796,46,798,11,806,com.thundersoft.notificationtest1,857,111111111111111111111111111-ec0b7960,858,3,946,ranker_group,947,0,1395,58,1500,51626,1688,1]
10-28 02:18:37.737 I/sysui_multi_action( 1152): [757,804,799,note_freshness,801,52115,802,1]
10-28 02:18:37.737 I/notification_visibility( 1152): [0|com.thundersoft.notificationtest1|46|null|10101,1,52115,52115,0,11]
10-28 02:18:38.378 I/sysui_multi_action( 2084): [757,803,799,notification_dismissed,802,1]
10-28 02:18:38.407 I/sysui_multi_action( 1152): [757,804,799,note_dismiss_longevity,801,0,802,1]
10-28 02:18:38.408 I/sysui_multi_action( 1152): [757,128,758,5,759,2,793,52740,794,10405,795,52740,796,53,798,20,806,com.thundersoft.notificationtest1,857,111111111111111111111111111-5ab38c71,858,3,946,ranker_group,947,0,1395,58,1500,52196,1688,1]
10-28 02:18:38.409 I/notification_canceled( 1152): [0|com.thundersoft.notificationtest1|53|null|10101,2,52740,52740,10405,20,58,NULL]
10-28 02:18:38.919 I/sysui_multi_action( 1152): [757,128,758,1,793,53340,794,0,795,53340,796,45,798,11,806,com.thundersoft.notificationtest1,857,111111111111111111111111111-f71924f1,858,3,946,ranker_group,947,0,1395,57,1500,52812,1688,1]
10-28 02:18:38.919 I/sysui_multi_action( 1152): [757,804,799,note_freshness,801,53340,802,1]
10-28 02:18:38.920 I/notification_visibility( 1152): [0|com.thundersoft.notificationtest1|45|null|10101,1,53340,53340,0,11]
10-28 02:18:39.547 I/sysui_multi_action( 2084): [757,803,799,notification_dismissed,802,1]
10-28 02:18:39.578 I/sysui_multi_action( 1152): [757,804,799,note_dismiss_longevity,801,0,802,1]
10-28 02:18:39.579 I/sysui_multi_action( 1152): [757,128,758,5,759,2,793,53929,794,9519,795,53929,796,52,798,21,806,com.thundersoft.notificationtest1,857,111111111111111111111111111-7689ebc0,858,3,946,ranker_group,947,0,1395,57,1500,53399,1688,1]
10-28 02:18:39.579 I/notification_canceled( 1152): [0|com.thundersoft.notificationtest1|52|null|10101,2,53929,53929,9519,21,57,NULL]
10-28 02:18:40.020 I/sysui_multi_action( 1152): [757,128,758,1,793,54472,794,0,795,54472,796,44,798,11,806,com.thundersoft.notificationtest1,857,111111111111111111111111111-62cf4340,858,3,946,ranker_group,947,0,1395,56,1500,53933,1688,1]
10-28 02:18:40.020 I/sysui_multi_action( 1152): [757,804,799,note_freshness,801,54472,802,1]
10-28 02:18:40.020 I/notification_visibility( 1152): [0|com.thundersoft.notificationtest1|44|null|10101,1,54472,54472,0,11]
10-28 02:18:40.534 I/sysui_multi_action( 1152): [757,128,758,2,793,54987,794,515,795,54987,796,44,798,11,806,com.thundersoft.notificationtest1,857,111111111111111111111111111-62cf4340,858,3,946,ranker_group,947,0,1395,56,1500,54448,1688,1]
10-28 02:18:40.535 I/notification_visibility( 1152): [0|com.thundersoft.notificationtest1|44|null|10101,0,54987,54987,0,11]
10-28 02:18:40.535 I/sysui_multi_action( 1152): [757,128,758,2,793,54956,794,1616,795,54956,796,45,798,10,806,com.thundersoft.notificationtest1,857,111111111111111111111111111-f71924f1,858,3,946,ranker_group,947,0,1395,56,1500,54428,1688,1]
10-28 02:18:40.535 I/notification_visibility( 1152): [0|com.thundersoft.notificationtest1|45|null|10101,0,54956,54956,0,10]
10-28 02:18:40.598 I/notification_enqueue( 1152): [10087,2084,com.android.systemui,2048,NULL,0,Notification(channel=updateNotification shortcut=null contentView=null vibrate=null sound=null defaults=0x0 flags=0x0 color=0x00000000 vis=PRIVATE),1]
10-28 02:18:40.598 I/sysui_multi_action( 2084): [757,111,758,2]
10-28 02:18:40.599 I/sysui_multi_action( 2084): [757,111,758,2]
10-28 02:18:40.614 I/sysui_multi_action( 2084): [757,111,758,1]
10-28 02:18:40.614 I/sysui_multi_action( 2084): [757,126,758,1,759,126,927,0,928,1,1593,1]
10-28 02:18:40.615 I/sysui_multi_action( 2084): [757,113,758,1,759,113,927,1,928,1,1593,1]
10-28 02:18:40.615 I/sysui_multi_action( 2084): [757,0,758,1,759,0,927,2,928,0,1593,1]
10-28 02:18:40.615 I/sysui_multi_action( 2084): [757,0,758,1,759,0,927,3,928,0,1593,1]
10-28 02:18:40.617 I/sysui_multi_action( 2084): [757,491,758,1,759,491,927,4,928,0,1311,-1,1593,0]
10-28 02:18:40.617 I/sysui_multi_action( 2084): [757,0,758,1,759,0,927,5,928,0,1593,0]
10-28 02:18:40.617 I/sysui_multi_action( 2084): [757,0,758,1,759,0,927,6,1593,0]
10-28 02:18:40.618 I/sysui_multi_action( 2084): [757,111,758,1]
10-28 02:18:40.618 I/sysui_multi_action( 2084): [757,126,758,1,759,126,927,0,928,1,1593,1]
10-28 02:18:40.619 I/sysui_multi_action( 2084): [757,113,758,1,759,113,927,1,928,1,1593,1]
10-28 02:18:40.619 I/sysui_multi_action( 2084): [757,0,758,1,759,0,927,2,928,0,1593,1]
10-28 02:18:40.619 I/sysui_multi_action( 2084): [757,0,758,1,759,0,927,3,928,0,1593,1]
10-28 02:18:40.689 I/notification_enqueue( 1152): [10087,2084,com.android.systemui,2048,NULL,0,Notification(channel=updateNotification shortcut=null contentView=null vibrate=null sound=null defaults=0x0 flags=0x0 color=0x00000000 vis=PRIVATE),1]
10-28 02:18:40.690 I/sysui_multi_action( 2084): [757,111,758,2]
10-28 02:18:40.691 I/sysui_multi_action( 2084): [757,111,758,2]
10-28 02:18:40.705 I/sysui_multi_action( 2084): [757,111,758,1]
10-28 02:18:40.705 I/sysui_multi_action( 2084): [757,126,758,1,759,126,927,0,928,1,1593,1]
10-28 02:18:40.706 I/sysui_multi_action( 2084): [757,113,758,1,759,113,927,1,928,1,1593,1]
10-28 02:18:40.706 I/sysui_multi_action( 2084): [757,0,758,1,759,0,927,2,928,0,1593,1]
10-28 02:18:40.706 I/sysui_multi_action( 2084): [757,0,758,1,759,0,927,3,928,0,1593,1]
10-28 02:18:40.707 I/sysui_multi_action( 2084): [757,491,758,1,759,491,927,4,928,0,1311,-1,1593,0]
10-28 02:18:40.708 I/sysui_multi_action( 2084): [757,0,758,1,759,0,927,5,928,0,1593,0]
10-28 02:18:40.708 I/sysui_multi_action( 2084): [757,0,758,1,759,0,927,6,1593,0]
10-28 02:18:40.708 I/sysui_multi_action( 2084): [757,111,758,1]
10-28 02:18:40.709 I/sysui_multi_action( 2084): [757,126,758,1,759,126,927,0,928,1,1593,1]
10-28 02:18:40.709 I/sysui_multi_action( 2084): [757,113,758,1,759,113,927,1,928,1,1593,1]
10-28 02:18:40.709 I/sysui_multi_action( 2084): [757,0,758,1,759,0,927,2,928,0,1593,1]
10-28 02:18:40.710 I/sysui_multi_action( 2084): [757,0,758,1,759,0,927,3,928,0,1593,1]
10-28 02:18:40.761 I/notification_enqueue( 1152): [10087,2084,com.android.systemui,2048,NULL,0,Notification(channel=updateNotification shortcut=null contentView=null vibrate=null sound=null defaults=0x0 flags=0x0 color=0x00000000 vis=PRIVATE),1]
10-28 02:18:40.762 I/sysui_multi_action( 2084): [757,111,758,2]
10-28 02:18:40.762 I/sysui_multi_action( 2084): [757,111,758,2]
10-28 02:18:40.775 I/sysui_multi_action( 2084): [757,111,758,1]
10-28 02:18:40.775 I/sysui_multi_action( 2084): [757,126,758,1,759,126,927,0,928,1,1593,0]
10-28 02:18:40.776 I/sysui_multi_action( 2084): [757,113,758,1,759,113,927,1,928,1,1593,0]
10-28 02:18:40.776 I/sysui_multi_action( 2084): [757,0,758,1,759,0,927,2,928,0,1593,0]
10-28 02:18:40.776 I/sysui_multi_action( 2084): [757,0,758,1,759,0,927,3,928,0,1593,0]
10-28 02:18:40.779 I/sysui_multi_action( 2084): [757,491,758,1,759,491,927,4,928,0,1311,-1,1593,0]
10-28 02:18:40.780 I/sysui_multi_action( 2084): [757,0,758,1,759,0,927,5,928,0,1593,0]
10-28 02:18:40.780 I/sysui_multi_action( 2084): [757,0,758,1,759,0,927,6,1593,1]
10-28 02:18:40.780 I/sysui_multi_action( 2084): [757,111,758,1]
10-28 02:18:40.781 I/sysui_multi_action( 2084): [757,126,758,1,759,126,927,0,928,1,1593,0]
10-28 02:18:40.781 I/sysui_multi_action( 2084): [757,113,758,1,759,113,927,1,928,1,1593,0]
10-28 02:18:40.782 I/sysui_multi_action( 2084): [757,0,758,1,759,0,927,2,928,0,1593,0]
10-28 02:18:40.782 I/sysui_multi_action( 2084): [757,0,758,1,759,0,927,3,928,0,1593,0]
10-28 02:18:40.802 I/sysui_multi_action( 1152): [757,1501,758,1,793,362707,794,0,795,210,796,2048,806,com.android.systemui,857,updateNotification,858,3,947,0,1500,0,1688,1]
10-28 02:18:40.803 I/sysui_multi_action( 1152): [757,804,799,note_interruptive,801,0,802,1]
10-28 02:18:40.803 I/sysui_multi_action( 1152): [757,199,758,1,759,2,793,362708,794,0,795,211,796,2048,806,com.android.systemui,857,updateNotification,858,3,947,0,1500,1,1688,1]
10-28 02:18:40.804 I/notification_alert( 1152): [0|com.android.systemui|2048|null|10087,0,1,0]
10-28 02:18:40.843 I/notification_enqueue( 1152): [10087,2084,com.android.systemui,2048,NULL,0,Notification(channel=updateNotification shortcut=null contentView=null vibrate=null sound=null defaults=0x0 flags=0x0 color=0x00000000 vis=PRIVATE),1]
10-28 02:18:40.843 I/sysui_multi_action( 2084): [757,111,758,2]
10-28 02:18:40.844 I/sysui_multi_action( 2084): [757,111,758,2]
10-28 02:18:40.886 I/sysui_multi_action( 2084): [757,111,758,1]
10-28 02:18:40.887 I/sysui_multi_action( 2084): [757,126,758,1,759,126,927,0,928,1,1593,1]
10-28 02:18:40.887 I/sysui_multi_action( 2084): [757,113,758,1,759,113,927,1,928,1,1593,1]
10-28 02:18:40.888 I/sysui_multi_action( 2084): [757,0,758,1,759,0,927,2,928,0,1593,1]
10-28 02:18:40.888 I/sysui_multi_action( 2084): [757,0,758,1,759,0,927,3,928,0,1593,1]
10-28 02:18:40.889 I/sysui_multi_action( 2084): [757,491,758,1,759,491,927,4,928,0,1311,-1,1593,0]
10-28 02:18:40.890 I/sysui_multi_action( 2084): [757,0,758,1,759,0,927,5,928,0,1593,0]
10-28 02:18:40.890 I/sysui_multi_action( 2084): [757,0,758,1,759,0,927,6,1593,0]
10-28 02:18:40.890 I/sysui_multi_action( 2084): [757,111,758,1]
10-28 02:18:40.891 I/sysui_multi_action( 2084): [757,126,758,1,759,126,927,0,928,1,1593,1]
10-28 02:18:40.891 I/sysui_multi_action( 2084): [757,113,758,1,759,113,927,1,928,1,1593,1]
10-28 02:18:40.892 I/sysui_multi_action( 2084): [757,0,758,1,759,0,927,2,928,0,1593,1]
10-28 02:18:40.892 I/sysui_multi_action( 2084): [757,0,758,1,759,0,927,3,928,0,1593,1]
10-28 02:18:41.004 I/notification_enqueue( 1152): [10087,2084,com.android.systemui,2048,NULL,0,Notification(channel=updateNotification shortcut=null contentView=null vibrate=null sound=null defaults=0x0 flags=0x0 color=0x00000000 vis=PRIVATE),1]
10-28 02:18:41.004 I/sysui_multi_action( 2084): [757,111,758,2]
10-28 02:18:41.005 I/sysui_multi_action( 2084): [757,111,758,2]
10-28 02:18:41.023 I/sysui_multi_action( 2084): [757,111,758,1]
10-28 02:18:41.023 I/sysui_multi_action( 2084): [757,126,758,1,759,126,927,0,928,1,1593,1]
10-28 02:18:41.024 I/sysui_multi_action( 2084): [757,113,758,1,759,113,927,1,928,1,1593,1]
10-28 02:18:41.024 I/sysui_multi_action( 2084): [757,0,758,1,759,0,927,2,928,0,1593,1]
10-28 02:18:41.025 I/sysui_multi_action( 2084): [757,0,758,1,759,0,927,3,928,0,1593,1]
10-28 02:18:41.026 I/sysui_multi_action( 2084): [757,491,758,1,759,491,927,4,928,0,1311,-1,1593,0]
10-28 02:18:41.026 I/sysui_multi_action( 2084): [757,0,758,1,759,0,927,5,928,0,1593,0]
10-28 02:18:41.026 I/sysui_multi_action( 2084): [757,0,758,1,759,0,927,6,1593,0]
10-28 02:18:41.027 I/sysui_multi_action( 2084): [757,111,758,1]
10-28 02:18:41.028 I/sysui_multi_action( 2084): [757,126,758,1,759,126,927,0,928,1,1593,1]
10-28 02:18:41.028 I/sysui_multi_action( 2084): [757,113,758,1,759,113,927,1,928,1,1593,1]
10-28 02:18:41.028 I/sysui_multi_action( 2084): [757,0,758,1,759,0,927,2,928,0,1593,1]
10-28 02:18:41.029 I/sysui_multi_action( 2084): [757,0,758,1,759,0,927,3,928,0,1593,1]
10-28 02:18:41.084 I/notification_enqueue( 1152): [10087,2084,com.android.systemui,2048,NULL,0,Notification(channel=updateNotification shortcut=null contentView=null vibrate=null sound=null defaults=0x0 flags=0x0 color=0x00000000 vis=PRIVATE),1]
10-28 02:18:41.084 I/sysui_multi_action( 2084): [757,111,758,2]
10-28 02:18:41.085 I/sysui_multi_action( 2084): [757,111,758,2]
10-28 02:18:41.096 I/sysui_multi_action( 2084): [757,111,758,1]
10-28 02:18:41.097 I/sysui_multi_action( 2084): [757,126,758,1,759,126,927,0,928,1,1593,0]
10-28 02:18:41.097 I/sysui_multi_action( 2084): [757,113,758,1,759,113,927,1,928,1,1593,0]
10-28 02:18:41.098 I/sysui_multi_action( 2084): [757,0,758,1,759,0,927,2,928,0,1593,0]
10-28 02:18:41.098 I/sysui_multi_action( 2084): [757,0,758,1,759,0,927,3,928,0,1593,0]
10-28 02:18:41.099 I/sysui_multi_action( 2084): [757,491,758,1,759,491,927,4,928,0,1311,-1,1593,0]
10-28 02:18:41.099 I/sysui_multi_action( 2084): [757,0,758,1,759,0,927,5,928,0,1593,0]
10-28 02:18:41.100 I/sysui_multi_action( 2084): [757,0,758,1,759,0,927,6,1593,0]
10-28 02:18:41.100 I/sysui_multi_action( 2084): [757,111,758,1]
10-28 02:18:41.101 I/sysui_multi_action( 2084): [757,126,758,1,759,126,927,0,928,1,1593,1]
10-28 02:18:41.101 I/sysui_multi_action( 2084): [757,113,758,1,759,113,927,1,928,1,1593,1]
10-28 02:18:41.102 I/sysui_multi_action( 2084): [757,0,758,1,759,0,927,2,928,0,1593,1]
10-28 02:18:41.102 I/sysui_multi_action( 2084): [757,0,758,1,759,0,927,3,928,0,1593,1]
10-28 02:18:41.135 I/sysui_multi_action( 1152): [757,128,758,2,793,371355,794,4538,795,371355,796,26,798,0,806,android,857,DEVELOPER_IMPORTANT,858,4,947,0,1395,56,1500,371140,1688,1]
10-28 02:18:41.135 I/notification_visibility( 1152): [-1|android|26|null|1000,0,371355,371355,0,0]
10-28 02:18:41.136 I/sysui_multi_action( 1152): [757,128,758,2,793,55490,794,8878,795,55490,796,50,798,5,806,com.thundersoft.notificationtest1,857,111111111111111111111111111-9d06cda0,858,3,946,ranker_group,947,0,1395,56,1500,54973,1688,1]
10-28 02:18:41.136 I/notification_visibility( 1152): [0|com.thundersoft.notificationtest1|50|null|10101,0,55490,55490,0,5]
10-28 02:18:41.136 I/sysui_multi_action( 1152): [757,128,758,2,793,55488,794,9986,795,55488,796,51,798,4,806,com.thundersoft.notificationtest1,857,1111111111111111111111111111-3d2e691,858,3,946,ranker_group,947,0,1395,56,1500,54972,1688,1]
10-28 02:18:41.136 I/notification_visibility( 1152): [0|com.thundersoft.notificationtest1|51|null|10101,0,55488,55488,0,4]
10-28 02:18:41.137 I/sysui_multi_action( 1152): [757,128,758,2,793,55516,794,3401,795,55516,796,46,798,9,806,com.thundersoft.notificationtest1,857,111111111111111111111111111-ec0b7960,858,3,946,ranker_group,947,0,1395,56,1500,55027,1688,1]
10-28 02:18:41.137 I/notification_visibility( 1152): [0|com.thundersoft.notificationtest1|46|null|10101,0,55516,55516,0,9]
10-28 02:18:41.138 I/sysui_multi_action( 1152): [757,128,758,2,793,55510,794,4539,795,55510,796,47,798,8,806,com.thundersoft.notificationtest1,857,111111111111111111111111111-9563b2d1,858,3,946,ranker_group,947,0,1395,56,1500,55024,1688,1]
10-28 02:18:41.138 I/notification_visibility( 1152): [0|com.thundersoft.notificationtest1|47|null|10101,0,55510,55510,0,8]
10-28 02:18:41.138 I/sysui_multi_action( 1152): [757,128,758,2,793,55509,794,5610,795,55509,796,48,798,7,806,com.thundersoft.notificationtest1,857,111111111111111111111111111-1712a780,858,3,946,ranker_group,947,0,1395,56,1500,55021,1688,1]
10-28 02:18:41.138 I/notification_visibility( 1152): [0|com.thundersoft.notificationtest1|48|null|10101,0,55509,55509,0,7]
10-28 02:18:41.138 I/sysui_multi_action( 1152): [757,128,758,2,793,55507,794,7715,795,55507,796,49,798,6,806,com.thundersoft.notificationtest1,857,111111111111111111111111111-cb4248b1,858,3,946,ranker_group,947,0,1395,56,1500,54983,1688,1]
10-28 02:18:41.139 I/notification_visibility( 1152): [0|com.thundersoft.notificationtest1|49|null|10101,0,55507,55507,0,6]
10-28 02:18:41.139 I/sysui_multi_action( 1152): [757,128,758,2,793,55807,794,40650,795,55807,796,2147483647,797,ranker_group,798,3,806,com.thundersoft.notificationtest1,857,111111111111111111111111111-1369b480,858,3,946,ranker_group,947,1,1395,56,1500,55807,1688,1]
10-28 02:18:41.139 I/notification_visibility( 1152): [0|com.thundersoft.notificationtest1|2147483647|ranker_group|10101|ranker_group,0,55807,55807,0,3]
10-28 02:18:41.139 I/sysui_multi_action( 1152): [757,128,758,2,793,371066,794,6133,795,371066,796,55,798,1,806,android,857,DEVELOPER,858,2,947,0,1395,56,1500,370862,1688,1]
10-28 02:18:41.139 I/notification_visibility( 1152): [-1|android|55|null|1000,0,371066,371066,0,1]
10-28 02:18:41.140 I/sysui_multi_action( 1152): [757,128,758,2,793,375570,794,6133,795,375570,796,32,798,2,806,android,857,USB,858,1,947,0,1395,56,1500,375186,1688,1]
10-28 02:18:41.142 I/notification_visibility( 1152): [-1|android|32|null|1000,0,375570,375570,0,2]
10-28 02:18:41.259 I/notification_enqueue( 1152): [10087,2084,com.android.systemui,2048,NULL,0,Notification(channel=updateNotification shortcut=null contentView=null vibrate=null sound=null defaults=0x0 flags=0x0 color=0x00000000 vis=PRIVATE),1]
10-28 02:18:41.259 I/sysui_multi_action( 2084): [757,111,758,2]
10-28 02:18:41.259 I/sysui_multi_action( 2084): [757,111,758,2]
10-28 02:18:41.301 I/input_focus( 1152): [Focus request a79836 com.android.launcher3/com.android.launcher3.uioverrides.QuickstepLauncher,reason=UpdateInputWindows]
10-28 02:18:41.304 I/sysui_multi_action( 2084): [757,111,758,1]
10-28 02:18:41.304 I/sysui_multi_action( 2084): [757,126,758,1,759,126,927,0,928,1,1593,1]
10-28 02:18:41.304 I/sysui_multi_action( 2084): [757,113,758,1,759,113,927,1,928,1,1593,1]
10-28 02:18:41.304 I/sysui_multi_action( 2084): [757,0,758,1,759,0,927,2,928,0,1593,1]
10-28 02:18:41.304 I/sysui_multi_action( 2084): [757,0,758,1,759,0,927,3,928,0,1593,1]
10-28 02:18:41.305 I/sysui_multi_action( 2084): [757,491,758,1,759,491,927,4,928,0,1311,-1,1593,0]
10-28 02:18:41.305 I/sysui_multi_action( 2084): [757,0,758,1,759,0,927,5,928,0,1593,0]
10-28 02:18:41.305 I/sysui_multi_action( 2084): [757,0,758,1,759,0,927,6,1593,0]
10-28 02:18:41.305 I/sysui_multi_action( 2084): [757,111,758,1]
10-28 02:18:41.306 I/sysui_multi_action( 2084): [757,126,758,1,759,126,927,0,928,1,1593,1]
10-28 02:18:41.306 I/sysui_multi_action( 2084): [757,113,758,1,759,113,927,1,928,1,1593,1]
10-28 02:18:41.306 I/sysui_multi_action( 2084): [757,0,758,1,759,0,927,2,928,0,1593,1]
10-28 02:18:41.306 I/sysui_multi_action( 2084): [757,0,758,1,759,0,927,3,928,0,1593,1]
10-28 02:18:41.334 I/input_focus( 1152): [Focus leaving 31b65cc NotificationShade (server),reason=NOT_FOCUSABLE]
10-28 02:18:41.334 I/input_focus( 1152): [Focus entering a79836 com.android.launcher3/com.android.launcher3.uioverrides.QuickstepLauncher (server),reason=setFocusedWindow]
10-28 02:18:41.372 I/sysui_multi_action( 2084): [757,111,758,2]
10-28 02:18:41.372 I/sysui_multi_action( 2084): [757,111,758,2]
10-28 02:18:41.372 I/notification_enqueue( 1152): [10087,2084,com.android.systemui,2048,NULL,0,Notification(channel=updateNotification shortcut=null contentView=null vibrate=null sound=null defaults=0x0 flags=0x0 color=0x00000000 vis=PRIVATE),1]
10-28 02:18:41.376 I/sysui_multi_action( 1152): [757,127,758,2]
10-28 02:18:41.376 I/notification_panel_hidden( 1152):
10-28 02:18:41.438 I/sysui_multi_action( 2084): [757,111,758,1]
10-28 02:18:41.439 I/sysui_multi_action( 2084): [757,126,758,1,759,126,927,0,928,1,1593,0]
10-28 02:18:41.439 I/sysui_multi_action( 2084): [757,113,758,1,759,113,927,1,928,1,1593,0]
10-28 02:18:41.439 I/sysui_multi_action( 2084): [757,0,758,1,759,0,927,2,928,0,1593,0]
10-28 02:18:41.439 I/sysui_multi_action( 2084): [757,0,758,1,759,0,927,3,928,0,1593,0]
10-28 02:18:41.439 I/sysui_multi_action( 2084): [757,491,758,1,759,491,927,4,928,0,1311,-1,1593,0]
10-28 02:18:41.440 I/sysui_multi_action( 2084): [757,0,758,1,759,0,927,5,928,0,1593,0]
10-28 02:18:41.440 I/sysui_multi_action( 2084): [757,0,758,1,759,0,927,6,1593,0]
10-28 02:18:41.440 I/sysui_multi_action( 2084): [757,111,758,1]
10-28 02:18:41.440 I/sysui_multi_action( 2084): [757,126,758,1,759,126,927,0,928,1,1593,0]
10-28 02:18:41.440 I/sysui_multi_action( 2084): [757,113,758,1,759,113,927,1,928,1,1593,0]
10-28 02:18:41.440 I/sysui_multi_action( 2084): [757,0,758,1,759,0,927,2,928,0,1593,0]
10-28 02:18:41.441 I/sysui_multi_action( 2084): [757,0,758,1,759,0,927,3,928,0,1593,0]
10-28 02:18:42.493 I/input_interaction( 1152): Interaction with: fedcccd StatusBar (server), edge-swipe (server), swipe-up (server), PointerEventDispatcher0 (server),
10-28 02:18:42.512 I/sysui_multi_action( 2084): [757,803,799,panel_open,802,1]
10-28 02:18:42.516 I/sysui_multi_action( 2084): [757,1328,758,4,1326,30,1327,2,1329,0]
10-28 02:18:42.654 I/sysui_multi_action( 1152): [757,127,758,1]
10-28 02:18:42.654 I/sysui_multi_action( 1152): [757,804,799,note_load,801,3,802,1]
10-28 02:18:42.655 I/notification_panel_revealed( 1152): 3
10-28 02:18:42.681 I/notification_enqueue( 1152): [10087,2084,com.android.systemui,2048,NULL,0,Notification(channel=updateNotification shortcut=null contentView=null vibrate=null sound=null defaults=0x0 flags=0x0 color=0x00000000 vis=PRIVATE),1]
10-28 02:18:42.682 I/sysui_multi_action( 2084): [757,111,758,2]
10-28 02:18:42.683 I/sysui_multi_action( 2084): [757,111,758,2]
10-28 02:18:42.721 I/input_focus( 1152): [Focus request 31b65cc NotificationShade,reason=UpdateInputWindows]
10-28 02:18:42.728 I/sysui_multi_action( 2084): [757,111,758,1]
10-28 02:18:42.729 I/sysui_multi_action( 2084): [757,126,758,1,759,126,927,0,928,1,1593,0]
10-28 02:18:42.729 I/sysui_multi_action( 2084): [757,113,758,1,759,113,927,1,928,1,1593,0]
10-28 02:18:42.730 I/sysui_multi_action( 2084): [757,0,758,1,759,0,927,2,928,0,1593,0]
10-28 02:18:42.730 I/sysui_multi_action( 2084): [757,0,758,1,759,0,927,3,928,0,1593,0]
10-28 02:18:42.732 I/sysui_multi_action( 2084): [757,491,758,1,759,491,927,4,928,0,1311,-1,1593,0]
10-28 02:18:42.732 I/sysui_multi_action( 2084): [757,0,758,1,759,0,927,5,928,0,1593,0]
10-28 02:18:42.732 I/sysui_multi_action( 2084): [757,0,758,1,759,0,927,6,1593,0]
10-28 02:18:42.733 I/sysui_multi_action( 2084): [757,111,758,1]
10-28 02:18:42.733 I/sysui_multi_action( 2084): [757,126,758,1,759,126,927,0,928,1,1593,0]
10-28 02:18:42.734 I/sysui_multi_action( 2084): [757,113,758,1,759,113,927,1,928,1,1593,0]
10-28 02:18:42.734 I/sysui_multi_action( 2084): [757,0,758,1,759,0,927,2,928,0,1593,0]
10-28 02:18:42.734 I/sysui_multi_action( 2084): [757,0,758,1,759,0,927,3,928,0,1593,0]
10-28 02:18:42.739 I/input_focus( 1152): [Focus leaving a79836 com.android.launcher3/com.android.launcher3.uioverrides.QuickstepLauncher (server),reason=Waiting for window because NOT_VISIBLE]
10-28 02:18:42.785 I/input_focus( 1152): [Focus entering 31b65cc NotificationShade (server),reason=Window became focusable. Previous reason: NOT_VISIBLE]
10-28 02:18:42.790 I/notification_enqueue( 1152): [10087,2084,com.android.systemui,2048,NULL,0,Notification(channel=updateNotification shortcut=null contentView=null vibrate=null sound=null defaults=0x0 flags=0x0 color=0x00000000 vis=PRIVATE),1]
10-28 02:18:42.791 I/sysui_multi_action( 2084): [757,111,758,2]
