10-28 02:37:26.779 D/audio_hw_extn( 800): audio_extn_fm_set_parameters: Enter
10-28 02:37:26.788 D/audio_hw_primary( 800): out_set_parameters: enter: usecase(1: low-latency-playback) kvpairs: suspend_playback=true
10-28 02:37:26.788 D/audio_hw_extn( 800): audio_extn_fm_set_parameters: Enter
10-28 02:37:26.790 W/AudioIDCMicroNegotiator( 1152): idcm: idcm control is not enable
10-28 02:37:26.791 I/MediaFocusControl( 1152): abandonAudioFocus() from uid/pid 10087/2084 clientId=android.media.AudioManager@b27ac2
10-28 02:37:26.791 D/Avrcp_ext( 2071): AudioManager Player: AudioPlaybackConfiguration piid:295 deviceId:0 type:android.media.SoundPool u/pid:10087/2084 state:idle attr:AudioAttributes: usage=USAGE_ASSISTANCE_SONIFICATION content=CONTENT_TYPE_SONIFICATION flags=0x800 tags= bundle=null sessionId:0
10-28 02:37:26.791 D/Avrcp_ext( 2071): AudioManager Player: AudioPlaybackConfiguration piid:647 deviceId:3 type:android.media.MediaPlayer u/pid:10087/2084 state:stopped attr:AudioAttributes: usage=USAGE_NOTIFICATION content=CONTENT_TYPE_SONIFICATION flags=0x800 tags= bundle=null sessionId:0
10-28 02:37:26.791 D/Avrcp_ext( 2071): AudioManager Player: AudioPlaybackConfiguration piid:287 deviceId:0 type:android.media.SoundPool u/pid:1000/1152 state:idle attr:AudioAttributes: usage=USAGE_ASSISTANCE_SONIFICATION content=CONTENT_TYPE_SONIFICATION flags=0x800 tags= bundle=null sessionId:0
10-28 02:37:26.791 D/Avrcp_ext( 2071): AudioManager isPlaying: false, mAudioPlaybackIsActive = true
10-28 02:37:26.791 D/Avrcp_ext( 2071): AudioManager Reset Active Player
10-28 02:37:26.793 V/MediaPlayer( 2084): resetDrmState: mDrmInfo=null mDrmProvisioningThread=null mPrepareDrmInProgress=false mActiveDrmScheme=false
10-28 02:37:26.793 V/MediaPlayer( 2084): cleanDrmObj: mDrmObj=null mDrmSessionId=null
10-28 02:37:26.793 D/NuPlayerDriver( 1300): reset(0xf1f00010) at state 6
10-28 02:37:26.793 V/Avrcp_ext( 2071): updateCurrentMediaState: mMediaController: MediaController (com.android.systemui@93b3415) null
10-28 02:37:26.794 W/Avrcp_ext( 2071): isMusicActive: false getBluetoothPlayState: 2 A2dp State: 11 mAudioPlaybackIsActive: false
10-28 02:37:26.794 D/Avrcp_ext( 2071): isMusicActive = false mAudioPlaybackIsActive = false player state = null
10-28 02:37:26.795 D/audio_hw_primary( 800): out_set_parameters: enter: usecase(1: low-latency-playback) kvpairs: suspend_playback=false
10-28 02:37:26.795 D/audio_hw_extn( 800): audio_extn_fm_set_parameters: Enter
10-28 02:37:26.796 I/Avrcp_ext( 2071): Skipping update due to invalid playback state
10-28 02:37:26.797 V/Avrcp_ext( 2071): updatePlaybackState, state: null device: null
10-28 02:37:26.797 V/Avrcp_ext( 2071): Device: no name:
10-28 02:37:26.797 V/Avrcp_ext( 2071): Device: no name:
10-28 02:37:26.797 V/Avrcp_ext( 2071): Device: no name:
10-28 02:37:26.797 V/Avrcp_ext( 2071): Device: no name:
10-28 02:37:26.797 V/Avrcp_ext( 2071): Device: no name:
10-28 02:37:26.797 V/Avrcp_ext( 2071): updatePlayerStateAndPosition, old=PlaybackState {state=2, position=-1, buffered position=0, speed=1.0, updated=68530, actions=0, custom actions=[], active item id=-1, error=null}, state=null
10-28 02:37:26.797 I/Avrcp_ext( 2071): updatePlayerStateAndPosition: device: state = null
10-28 02:37:26.797 D/Avrcp_ext( 2071): AudioManager Player: AudioPlaybackConfiguration piid:295 deviceId:0 type:android.media.SoundPool u/pid:10087/2084 state:idle attr:AudioAttributes: usage=USAGE_ASSISTANCE_SONIFICATION content=CONTENT_TYPE_SONIFICATION flags=0x800 tags= bundle=null sessionId:0
10-28 02:37:26.797 D/Avrcp_ext( 2071): AudioManager Player: AudioPlaybackConfiguration piid:287 deviceId:0 type:android.media.SoundPool u/pid:1000/1152 state:idle attr:AudioAttributes: usage=USAGE_ASSISTANCE_SONIFICATION content=CONTENT_TYPE_SONIFICATION flags=0x800 tags= bundle=null sessionId:0
10-28 02:37:26.797 D/Avrcp_ext( 2071): AudioManager isPlaying: false, mAudioPlaybackIsActive = false
10-28 02:37:26.797 D/Avrcp_ext( 2071): AudioManager Reset Active Player
10-28 02:37:26.802 I/hw-BpHwBinder( 1300): onLastStrongRef automatically unlinking death recipients
10-28 02:37:26.802 I/hw-BpHwBinder( 1384): onLastStrongRef automatically unlinking death recipients
10-28 02:37:26.807 D/NuPlayerDriver( 1300): notifyResetComplete(0xf1f00010)
10-28 02:37:26.808 W/AMessage( 1300): failed to post message as target looper for handler 0 is gone.
10-28 02:37:26.809 V/C2Store ( 1384): in ~ComponentModule
10-28 02:37:26.809 V/C2Store ( 1384): unloading dll
10-28 02:37:26.842 D/audio_hw_primary( 800): out_set_parameters: enter: usecase(1: low-latency-playback) kvpairs: suspend_playback=true
10-28 02:37:26.842 D/audio_hw_extn( 800): audio_extn_fm_set_parameters: Enter
10-28 02:37:26.843 D/msm8974_platform( 800): platform_split_snd_device: snd_device(2) num devices(1) new_snd_devices(0)
10-28 02:37:26.843 D/ACDB-LOADER( 800): ACDB -> send_audvoltable
10-28 02:37:26.843 D/ACDB-LOADER( 800): ACDB -> ACDB_CMD_GET_AUDPROC_INSTANCE_GAIN_DEP_STEP_TABLE_SIZE
10-28 02:37:26.843 D/ACDB-LOADER( 800): ACDB -> ACDB_CMD_GET_AUDPROC_INSTANCE_GAIN_DEP_STEP_TABLE, vol index 0
10-28 02:37:26.843 D/ACDB-LOADER( 800): ACDB -> AUDIO_SET_VOL_CAL cal type = 40
10-28 02:37:26.844 D/msm8974_platform( 800): platform_split_snd_device: snd_device(2) num devices(1) new_snd_devices(0)
01-01 14:11:39.361 D/ ( 0): mv2112_read_status
01-01 14:11:39.364 D/mv2112_update_link( 0): 3.0x901(1G): 0x80
01-01 14:11:39.369 D/mv2112_update_link( 0): 3.0x8109(100M): 0x8
01-01 14:11:39.374 D/mv2112_update_link( 0): link 0x0
01-01 14:11:39.378 D/mv2112_read_status( 0): autoneg is disabled
10-28 02:37:26.912 I/input_interaction( 1152): Interaction with: a79836 com.android.launcher3/com.android.launcher3.uioverrides.QuickstepLauncher (server), 33945f com.android.systemui.ImageWallpaper (server), edge-swipe (server), swipe-up (server), PointerEventDispatcher0 (server),
10-28 02:37:27.023 I/ActivityTaskManager( 1152): START u0 {act=android.intent.action.MAIN cat=[android.intent.category.LAUNCHER] flg=0x10200000 cmp=com.thundersoft.notificationtest1/.MainActivity bnds=[1192,132][1452,392]} from uid 10081
10-28 02:37:27.024 I/EventSequenceValidator( 1152): Transition from ACTIVITY_FINISHED to INTENT_STARTED
10-28 02:37:27.030 E/ANDR-PERF-JNI( 1152): com_qualcomm_qtiperformance_native_perf_io_prefetch_start
10-28 02:37:27.032 I/wm_task_created( 1152): [53,-1]
10-28 02:37:27.033 W/ActivityTaskManager( 1152): Can't find TaskDisplayArea to determine support for multi window. Task id=53 attached=false
10-28 02:37:27.040 D/CompatibilityChangeReporter( 1152): Compat change id reported: 174042980; UID 10101; state: DISABLED
10-28 02:37:27.040 E/ANDR-IOP( 960): io prefetch is disabled
10-28 02:37:27.041 D/CompatibilityChangeReporter( 1152): Compat change id reported: 184838306; UID 10101; state: DISABLED
10-28 02:37:27.042 D/CompatibilityChangeReporter( 1152): Compat change id reported: 185004937; UID 10101; state: DISABLED
10-28 02:37:27.043 D/CompatibilityChangeReporter( 1152): Compat change id reported: 181136395; UID 10101; state: DISABLED
10-28 02:37:27.044 D/CompatibilityChangeReporter( 1152): Compat change id reported: 174042936; UID 10101; state: DISABLED
10-28 02:37:27.045 I/wm_task_moved( 1152): [53,1,6]
10-28 02:37:27.045 I/wm_task_to_front( 1152): [0,53]
10-28 02:37:27.046 I/wm_create_task( 1152): [0,53]
10-28 02:37:27.046 I/wm_create_activity( 1152): [0,147166970,53,com.thundersoft.notificationtest1/.MainActivity,android.intent.action.MAIN,NULL,NULL,270532608]
10-28 02:37:27.046 I/wm_task_moved( 1152): [53,1,6]
10-28 02:37:27.048 D/CompatibilityChangeReporter( 1152): Compat change id reported: 168419799; UID 10101; state: DISABLED
10-28 02:37:27.048 D/CompatibilityInfo( 1152): mCompatibilityFlags - 4
10-28 02:37:27.048 D/CompatibilityInfo( 1152): applicationDensity - 240
10-28 02:37:27.048 D/CompatibilityInfo( 1152): applicationScale - 1.0
10-28 02:37:27.048 V/SplashScreenExceptionList( 1152): SplashScreen checking exception for package com.thundersoft.notificationtest1 (target sdk:30) -> false
10-28 02:37:27.049 D/ActivityTrigger( 1152): ActivityTrigger activityPauseTrigger
10-28 02:37:27.050 I/wm_pause_activity( 1152): [0,231814419,com.android.launcher3/.uioverrides.QuickstepLauncher,userLeaving=true,pauseBackTasks]
10-28 02:37:27.051 D/PhoneStartingWindowTypeAlgorithm( 2084): preferredStartingWindowType newTask:true taskSwitch:true processRunning:true allowTaskSnapshot:true activityCreated:false useEmptySplashScreen:false legacySplashScreen:false topIsHome:false
10-28 02:37:27.051 D/StartingSurfaceDrawer( 2084): addSplashScreen com.thundersoft.notificationtest1 theme=7f0c0005 task=53 suggestType=1
10-28 02:37:27.056 D/StartingSurfaceDrawer( 2084): window attributes color: 0 icon null duration 0 brandImage null
10-28 02:37:27.058 I/OpenGLRenderer( 2641): Davey! duration=9223370482471ms; Flags=0, FrameTimelineVsyncId=35087, IntendedVsync=1554383204298, Vsync=1554383204298, InputEventId=-406466388, HandleInputStart=1554384404458, AnimationStart=1554384406958, PerformTraversalsStart=1554384744562, DrawStart=1554384934770, FrameDeadline=1554404537630, FrameInterval=1554384398728, FrameStartTime=16666666, SyncQueued=1554385646906, SyncStart=1554385871749, IssueDrawCommandsStart=1554386368728, SwapBuffers=1554391165031, FrameCompleted=9223372036854775807, DequeueBufferDuration=54896, QueueBufferDuration=1713750, GpuCompleted=9223372036854775807, SwapBuffersCompleted=1554396486958, DisplayPresentTime=1481395021517,
10-28 02:37:27.059 I/OMX-VENC: venc_dev( 1316): stats: avg. fps 11.66, bitrate 761253
10-28 02:37:27.059 I/wm_on_top_resumed_lost_called( 2641): [231814419,com.android.launcher3.uioverrides.QuickstepLauncher,topStateChangedWhenResumed]
10-28 02:37:27.064 D/StartingSurfaceDrawer( 2084): FgMainColor=ffffffff BgMainColor=ff008070 IsBgComplex=true FromCache=true ThemeColor=fffafafa
10-28 02:37:27.064 D/StartingSurfaceDrawer( 2084): makeSplashScreenContentView: draw whole icon
10-28 02:37:27.065 D/SplashScreenView( 2084): Build android.window.SplashScreenView{d2420e2 V.E...... ......ID 0,0-0,0}
10-28 02:37:27.065 D/SplashScreenView( 2084): Icon: view: android.widget.ImageView{b330c73 V.ED..... ......I. 0,0-0,0 #10204a9 android:id/splashscreen_icon_view} drawable: com.android.wm.shell.startingsurface.SplashscreenIconDrawableFactory$ImmobileIconDrawable@6798730 size: 240
10-28 02:37:27.065 D/SplashScreenView( 2084): Branding: view: android.view.View{80f5fa9 G.ED..... ......I. 0,0-0,0 #10204a8 android:id/splashscreen_branding_view} drawable: null size w: 0 h: 0
10-28 02:37:27.066 D/StartingSurfaceDrawer( 2084): fillViewWithIcon surfaceWindowView android.window.SplashScreenView{d2420e2 V.E...... ......ID 0,0-0,0}
10-28 02:37:27.068 I/OMX-VENC: venc_dev( 1316): stats: avg. fps 4.41, bitrate 78168
10-28 02:37:27.070 I/wm_on_paused_called( 2641): [231814419,com.android.launcher3.uioverrides.QuickstepLauncher,performPause]
10-28 02:37:27.074 I/ActivityTaskManager( 1152): FOREGROUND_APPLICATION_CHANGED to com.thundersoft.notificationtest1.MainActivity
10-28 02:37:27.075 I/ActivityTaskManager( 1152): The Process com.thundersoft.notificationtest1 Already Exists in BG. So sending its PID: 5023
10-28 02:37:27.076 I/wm_add_to_stopping( 1152): [0,231814419,com.android.launcher3/.uioverrides.QuickstepLauncher,makeInvisible]
10-28 02:37:27.078 I/wm_restart_activity( 1152): [0,147166970,53,com.thundersoft.notificationtest1/.MainActivity]
10-28 02:37:27.078 D/CompatibilityInfo( 1152): mCompatibilityFlags - 4
10-28 02:37:27.078 D/CompatibilityInfo( 1152): applicationDensity - 240
10-28 02:37:27.078 D/CompatibilityInfo( 1152): applicationScale - 1.0
10-28 02:37:27.080 I/wm_set_resumed_activity( 1152): [0,com.thundersoft.notificationtest1/.MainActivity,minimalResumeActivityLocked]
10-28 02:37:27.087 I/am_uid_active( 1152): 10101
10-28 02:37:27.106 I/input_focus( 1152): [Focus leaving a79836 com.android.launcher3/com.android.launcher3.uioverrides.QuickstepLauncher (server),reason=NO_WINDOW]
10-28 02:37:27.115 I/EventSequenceValidator( 1152): Transition from INTENT_STARTED to ACTIVITY_LAUNCHED
10-28 02:37:27.120 I/sysui_multi_action( 1152): [757,803,799,window_time_0,802,6]
10-28 02:37:27.132 W/HWComposer( 1040): Ignoring duplicate VSYNC event from HWC for display 4630946370410392961 (t=1554504035000)
10-28 02:37:27.137 I/mpu_uart( 647): [MSG-P:RECV]:No message received in 1000 ms
10-28 02:37:27.149 W/HWComposer( 1040): Ignoring duplicate VSYNC event from HWC for display 4630946370410392961 (t=1554520813000)
10-28 02:37:27.166 W/HWComposer( 1040): Ignoring duplicate VSYNC event from HWC for display 4630946370410392961 (t=1554537511000)
10-28 02:37:27.183 W/HWComposer( 1040): Ignoring duplicate VSYNC event from HWC for display 4630946370410392961 (t=1554554187000)
10-28 02:37:27.199 W/HWComposer( 1040): Ignoring duplicate VSYNC event from HWC for display 4630946370410392961 (t=1554570945000)
10-28 02:37:27.216 W/HWComposer( 1040): Ignoring duplicate VSYNC event from HWC for display 4630946370410392961 (t=1554587559000)
10-28 02:37:27.233 W/HWComposer( 1040): Ignoring duplicate VSYNC event from HWC for display 4630946370410392961 (t=1554604335000)
10-28 02:37:27.233 W/HWComposer( 1040): Ignoring duplicate VSYNC event from HWC for display 4630946370410392961 (t=1554604335000)
10-28 02:37:27.249 W/HWComposer( 1040): Ignoring duplicate VSYNC event from HWC for display 4630946370410392961 (t=1554621043000)
10-28 02:37:27.266 W/HWComposer( 1040): Ignoring duplicate VSYNC event from HWC for display 4630946370410392961 (t=1554637687000)
10-28 02:37:27.283 W/HWComposer( 1040): Ignoring duplicate VSYNC event from HWC for display 4630946370410392961 (t=1554654458000)
10-28 02:37:27.299 W/HWComposer( 1040): Ignoring duplicate VSYNC event from HWC for display 4630946370410392961 (t=1554671171000)
10-28 02:37:27.309 W/tificationtest( 5023): Accessing hidden method Landroid/view/View;->computeFitSystemWindows(Landroid/graphics/Rect;Landroid/graphics/Rect;)Z (unsupported, reflection, allowed)
10-28 02:37:27.310 W/tificationtest( 5023): Accessing hidden method Landroid/view/ViewGroup;->makeOptionalFitsSystemWindows()V (unsupported, reflection, allowed)
10-28 02:37:27.316 W/HWComposer( 1040): Ignoring duplicate VSYNC event from HWC for display 4630946370410392961 (t=1554687817000)
10-28 02:37:27.333 W/HWComposer( 1040): Ignoring duplicate VSYNC event from HWC for display 4630946370410392961 (t=1554704591000)
10-28 02:37:27.349 W/HWComposer( 1040): Ignoring duplicate VSYNC event from HWC for display 4630946370410392961 (t=1554721224000)
10-28 02:37:27.350 W/HWComposer( 1040): Ignoring duplicate VSYNC event from HWC for display 4630946370410392961 (t=1554721224000)
10-28 02:37:27.366 W/HWComposer( 1040): Ignoring duplicate VSYNC event from HWC for display 4630946370410392961 (t=1554737992000)
10-28 02:37:27.383 W/HWComposer( 1040): Ignoring duplicate VSYNC event from HWC for display 4630946370410392961 (t=1554754639000)
10-28 02:37:27.393 I/wm_on_create_called( 5023): [147166970,com.thundersoft.notificationtest1.MainActivity,performCreate]
10-28 02:37:27.397 I/wm_on_start_called( 5023): [147166970,com.thundersoft.notificationtest1.MainActivity,handleStartActivity]
10-28 02:37:27.400 W/HWComposer( 1040): Ignoring duplicate VSYNC event from HWC for display 4630946370410392961 (t=1554771412000)
10-28 02:37:27.400 I/wm_on_resume_called( 5023): [147166970,com.thundersoft.notificationtest1.MainActivity,RESUME_ACTIVITY]
10-28 02:37:27.416 W/HWComposer( 1040): Ignoring duplicate VSYNC event from HWC for display 4630946370410392961 (t=1554788078000)
10-28 02:37:27.429 I/wm_on_top_resumed_gained_called( 5023): [147166970,com.thundersoft.notificationtest1.MainActivity,topStateChangedWhenResumed]
10-28 02:37:27.479 I/input_focus( 1152): [Focus request f5e5211 com.thundersoft.notificationtest1/com.thundersoft.notificationtest1.MainActivity,reason=UpdateInputWindows]
10-28 02:37:27.505 I/AdrenoGLES-0( 5023): QUALCOMM build : 47421dbee6, I139f36ad46
10-28 02:37:27.505 I/AdrenoGLES-0( 5023): Build Date : 02/18/22
10-28 02:37:27.505 I/AdrenoGLES-0( 5023): OpenGL ES Shader Compiler Version: EV031.32.02.17
10-28 02:37:27.505 I/AdrenoGLES-0( 5023): Local Branch :
10-28 02:37:27.505 I/AdrenoGLES-0( 5023): Remote Branch :
10-28 02:37:27.505 I/AdrenoGLES-0( 5023): Remote Branch :
10-28 02:37:27.505 I/AdrenoGLES-0( 5023): Reconstruct Branch :
10-28 02:37:27.505 I/AdrenoGLES-0( 5023): Build Config : S P 10.0.7 AArch64
10-28 02:37:27.505 I/AdrenoGLES-0( 5023): Driver Path : /vendor/lib64/egl/libGLESv2_adreno.so
10-28 02:37:27.510 I/hwservicemanager( 502): getTransport: Cannot find entry android.hardware.graphics.mapper@4.0::IMapper/default in either framework or device VINTF manifest.
10-28 02:37:27.522 I/AdrenoGLES-0( 5023): PFP: 0x016dd093, ME: 0x00000000
10-28 02:37:27.576 I/SDM ( 954): HWCDisplay::GetColorModeCount: Supported color mode count = 1
10-28 02:37:27.577 I/SDM ( 954): HWCDisplay::GetColorModes: Color mode = 0 is supported
10-28 02:37:27.577 E/HWComposer( 1040): getSupportedContentTypes: getSupportedContentTypes failed for display 4630946370410392961: Unsupported (8)
01-01 14:11:40.072 I/binder ( 0): 5023:5146 ioctl 40046210 6ef8eed1f4 returned -22
10-28 02:37:27.586 D/hw-ProcessState( 5023): Binder ioctl to enable oneway spam detection failed: Invalid argument
10-28 02:37:27.589 I/hwservicemanager( 502): getTransport: Cannot find entry android.hardware.graphics.mapper@4.0::IMapper/default in either framework or device VINTF manifest.
10-28 02:37:27.590 I/Gralloc4( 5023): mapper 4.x is not supported
10-28 02:37:27.597 I/hwservicemanager( 502): getTransport: Cannot find entry android.hardware.graphics.allocator@4.0::IAllocator/default in either framework or device VINTF manifest.
10-28 02:37:27.597 W/Gralloc4( 5023): allocator 4.x is not supported
10-28 02:37:27.640 D/StartingSurfaceDrawer( 2084): Task start finish, remove starting surface for task 53
10-28 02:37:27.640 V/StartingSurfaceDrawer( 2084): Removing splash screen window for task: 53
10-28 02:37:27.644 I/sysui_multi_action( 1152): [319,134,321,122,322,614,325,1554,757,761,758,8,759,1,806,com.thundersoft.notificationtest1,871,com.thundersoft.notificationtest1.MainActivity,904,com.android.launcher3,905,0,1320,3,1321,21]
10-28 02:37:27.645 I/EventSequenceValidator( 1152): Transition from ACTIVITY_LAUNCHED to ACTIVITY_FINISHED
10-28 02:37:27.664 I/input_focus( 1152): [Focus entering f5e5211 com.thundersoft.notificationtest1/com.thundersoft.notificationtest1.MainActivity (server),reason=Window became focusable. Previous reason: NOT_VISIBLE]
10-28 02:37:27.668 I/wm_activity_launch_time( 1152): [0,147166970,com.thundersoft.notificationtest1/.MainActivity,614]
10-28 02:37:27.670 D/Sogou ( 3273): onUnbindInput finish
10-28 02:37:27.670 I/ActivityTaskManager( 1152): Displayed com.thundersoft.notificationtest1/.MainActivity: +614ms
10-28 02:37:27.682 I/mpu_uart( 647): [MSG-P:R]:recv sync frame timeout
10-28 02:37:27.688 W/ActivityTaskManager( 1152): Request to remove task ignored for non-existent task 52
10-28 02:37:27.691 D/Sogou ( 3273): onFinishInput:
10-28 02:37:27.750 I/wm_stop_activity( 1152): [0,231814419,com.android.launcher3/.uioverrides.QuickstepLauncher]
10-28 02:37:27.804 D/StateManager( 2641): goToState: Normal
10-28 02:37:27.805 I/wm_on_stop_called( 2641): [231814419,com.android.launcher3.uioverrides.QuickstepLauncher,STOP_ACTIVITY_ITEM]
10-28 02:37:27.843 D/audio_hw_primary( 800): out_set_parameters: enter: usecase(1: low-latency-playback) kvpairs: suspend_playback=false
10-28 02:37:27.843 D/audio_hw_extn( 800): audio_extn_fm_set_parameters: Enter
10-28 02:37:27.847 W/audio_hw_primary( 800): out_write: underrun(287) frames_by_time(48469) > out->last_fifo_frames_remaining(384)
10-28 02:37:27.854 W/FrameTracker( 2641): Missed SF frame:66
10-28 02:37:27.854 W/FrameTracker( 2641): Missed SF frame:66
10-28 02:37:27.854 W/FrameTracker( 2641): Missed SF frame:66
10-28 02:37:27.854 W/FrameTracker( 2641): Missed SF frame:66
10-28 02:37:27.854 W/FrameTracker( 2641): Missed SF frame:66
10-28 02:37:27.854 W/FrameTracker( 2641): Missed SF frame:66
10-28 02:37:27.854 W/FrameTracker( 2641): Missed SF frame:66
10-28 02:37:27.854 W/FrameTracker( 2641): Missed App frame:72
10-28 02:37:27.854 W/FrameTracker( 2641): Missed SF frame:66
10-28 02:37:27.854 W/FrameTracker( 2641): Missed SF frame:66
10-28 02:37:27.854 W/FrameTracker( 2641): Missed SF frame:66
10-28 02:37:27.854 W/FrameTracker( 2641): Missed SF frame:66
10-28 02:37:27.855 W/FrameTracker( 2641): Missed SF frame:66
10-28 02:37:27.855 W/FrameTracker( 2641): Missing HWUI jank callback for vsyncId: 35182
10-28 02:37:27.855 W/FrameTracker( 2641): Missing HWUI jank callback for vsyncId: 35185
10-28 02:37:27.855 V/PerfettoTrigger( 2641): Triggering /system/bin/trigger_perfetto com.android.telemetry.interaction-jank-monitor-8
10-28 02:37:27.886 D/audio_hw_primary( 800): out_set_parameters: enter: usecase(1: low-latency-playback) kvpairs: suspend_playback=true
10-28 02:37:27.887 D/audio_hw_extn( 800): audio_extn_fm_set_parameters: Enter
01-01 14:11:40.385 D/ ( 0): mv2112_read_status
01-01 14:11:40.388 D/mv2112_update_link( 0): 3.0x901(1G): 0x80
01-01 14:11:40.393 D/mv2112_update_link( 0): 3.0x8109(100M): 0x8
01-01 14:11:40.399 D/mv2112_update_link( 0): link 0x0
01-01 14:11:40.403 D/mv2112_read_status( 0): autoneg is disabled
10-28 02:37:28.059 W/InputManager-JNI( 1152): Input channel object '7ed6708 Splash Screen com.thundersoft.notificationtest1 (client)' was disposed without first being removed with the input manager!
10-28 02:37:28.071 I/OMX-VENC: venc_dev( 1316): stats: avg. fps 34.59, bitrate 2354139
10-28 02:37:28.077 I/OMX-VENC: venc_dev( 1316): stats: avg. fps 33.82, bitrate 1066948
01-01 14:11:40.609 E/ ( 0): [MAX975X:mcu_keep_wakeup_work_func] *ERROR* ERR gpio detected
10-28 02:37:28.137 I/mpu_uart( 647): [MSG-P:RECV]:No message received in 1000 ms
01-01 14:11:40.674 E/ ( 0): [MAX975X:max96755x_init] *ERROR* begin
10-28 02:37:28.224 I/system_server( 1152): Explicit concurrent copying GC freed 156254(6647KB) AllocSpace objects, 4(136KB) LOS objects, 49% free, 11MB/23MB, paused 146us,132us total 196.417ms
01-01 14:11:40.733 E/i2c_geni 980000.i2c( 0): i2c error :-107
01-01 14:11:40.742 E/ ( 0): [MAX975X:max96755g_read_byte] *ERROR* Failed to read dev:0x4c addr:0x0013
01-01 14:11:40.754 E/i2c_geni 980000.i2c( 0): i2c error :-107
10-28 02:37:28.259 I/DropBoxManagerService( 1152): add tag=system_server_strictmode isTagEnabled=true flags=0x2
01-01 14:11:40.759 E/ ( 0): [MAX975X:max96755g_write_byte] *ERROR* Failed to write dev:0x4c addr:0x0010 value:0x00
01-01 14:11:40.769 E/i2c_geni 980000.i2c( 0): i2c error :-107
01-01 14:11:40.773 E/ ( 0): [MAX975X:max96755g_write_byte] *ERROR* Failed to write dev:0x4c addr:0x0001 value:0x01
01-01 14:11:40.783 E/i2c_geni 980000.i2c( 0): i2c error :-107
01-01 14:11:40.788 E/ ( 0): [MAX975X:max96755g_write_byte] *ERROR* Failed to write dev:0x4c addr:0x01ce value:0x4f
01-01 14:11:40.799 E/i2c_geni 980000.i2c( 0): i2c error :-107
01-01 14:11:40.804 E/ ( 0): [MAX975X:max96755g_write_byte] *ERROR* Failed to write dev:0x4c addr:0x0010 value:0x20
01-01 14:11:40.917 E/i2c_geni 980000.i2c( 0): i2c error :-107
01-01 14:11:40.923 E/ ( 0): [MAX975X:max96755g_read_byte] *ERROR* Failed to read dev:0x4c addr:0x0013
01-01 14:11:40.931 E/ ( 0): [MAX975X:max96755x_init] *ERROR* read:752 0x13:00
01-01 14:11:40.938 E/ ( 0): [MAX975X:max96755x_init] *ERROR* read:755 0x13:02
01-01 14:11:40.944 E/ ( 0): [MAX975X:max96755x_init] *ERROR* done
10-28 02:37:28.888 D/audio_hw_primary( 800): out_set_parameters: enter: usecase(1: low-latency-playback) kvpairs: suspend_playback=false
10-28 02:37:28.888 D/audio_hw_extn( 800): audio_extn_fm_set_parameters: Enter
10-28 02:37:28.889 W/audio_hw_primary( 800): out_write: underrun(288) frames_by_time(48145) > out->last_fifo_frames_remaining(384)
01-01 14:11:41.409 D/ ( 0): mv2112_read_status
01-01 14:11:41.412 D/mv2112_update_link( 0): 3.0x901(1G): 0x80
01-01 14:11:41.417 D/mv2112_update_link( 0): 3.0x8109(100M): 0x8
01-01 14:11:41.422 D/mv2112_update_link( 0): link 0x0
10-28 02:37:28.931 D/audio_hw_primary( 800): out_set_parameters: enter: usecase(1: low-latency-playback) kvpairs: suspend_playback=true
10-28 02:37:28.931 D/audio_hw_extn( 800): audio_extn_fm_set_parameters: Enter
01-01 14:11:41.427 D/mv2112_read_status( 0): autoneg is disabled
10-28 02:37:28.990 I/input_interaction( 1152): Interaction with: f5e5211 com.thundersoft.notificationtest1/com.thundersoft.notificationtest1.MainActivity (server), edge-swipe (server), swipe-up (server), PointerEventDispatcher0 (server),
10-28 02:37:29.078 I/OMX-VENC: venc_dev( 1316): stats: avg. fps 53.60, bitrate 726791
10-28 02:37:29.087 I/OMX-VENC: venc_dev( 1316): stats: avg. fps 51.30, bitrate 646358
10-28 02:37:29.107 D/CompatibilityChangeReporter( 5023): Compat change id reported: 163400105; UID 10101; state: DISABLED
10-28 02:37:29.109 D/InputMethodManager( 5023): showSoftInput() view=androidx.appcompat.widget.AppCompatEditText{f32d7ed VFED..CL. .F.P..ID 1175,376-1206,441 #7f070058 app:id/notification_num aid=1073741824} flags=0 reason=SHOW_SOFT_INPUT
10-28 02:37:29.115 D/Sogou ( 3273): onFinishInput:
10-28 02:37:29.139 I/mpu_uart( 647): [MSG-P:RECV]:No message received in 1000 ms
10-28 02:37:29.154 W/InputManager-JNI( 1152): Input channel object 'b7b14ae PopupWindow:8877a (client)' was disposed without first being removed with the input manager!
10-28 02:37:29.167 D/Sogou ( 3273): onStartInputView: version = V1.0.0.255 attribute.inputType = 3, restarting = false, packageName = com.thundersoft.notificationtest1
10-28 02:37:29.168 D/UIInterface( 3273): getLocalEnglish lang= zh-CN Locale.ENGLISH.toString() =en
10-28 02:37:29.168 D/Sogou: ( 3273): SetLocalEnglishMode, isEnglish = 0
10-28 02:37:29.168 D/Sogou: ( 3273): SetCurKeyboardMode, imeMode = 196, CurKeyboardMode = 1, LastKeyboardMode = 1, ImeOption = 6, curFrame = keyboard_Py26, m_bPassword = 0
10-28 02:37:29.168 D/Sogou: ( 3273): SetCurKeyboardMode, ================== before UpdateImeOption
10-28 02:37:29.168 D/Sogou: ( 3273): perfStart:UpdateImeOption
10-28 02:37:29.168 D/Sogou: ( 3273): UpdateImeOption, ImeOption = 6, GetName = weilai, m_isUseActionLabel =0
10-28 02:37:29.169 D/Sogou: ( 3273): perfEnd:UpdateImeOption
10-28 02:37:29.169 D/Sogou: ( 3273): SetCurKeyboardMode, ================== before FindKeyboardLayout
10-28 02:37:29.169 D/Sogou: ( 3273): SetCurKeyboardMode, nSrcMode = 196, CurKeyboardMode = 1, m_eMode = 1
10-28 02:37:29.169 D/Sogou: ( 3273): SetCurKeyboardMode: shell Active ok, mode = 1
10-28 02:37:29.169 D/SogouShellLog( 3273): 02 : [SOGOUSHELL] CSogouShellPy::Clear
10-28 02:37:29.169 D/Sogou: ( 3273): t_wndKeyFrame ShowToolsBar銆?p_bShow = 1)
10-28 02:37:29.170 D/Sogou: ( 3273): SetCurKeyboardMode, ================== before EnableKeyboardSwitch
10-28 02:37:29.170 D/Sogou: ( 3273): SetCurKeyboardMode, ================== before UpdateFrame 2
10-28 02:37:29.170 D/Sogou: ( 3273): Update Frame Start
10-28 02:37:29.170 D/Sogou: ( 3273): perfStart:UpdateImeOption
10-28 02:37:29.170 D/Sogou: ( 3273): UpdateImeOption, ImeOption = 6, GetName = weilai, m_isUseActionLabel =0
10-28 02:37:29.170 D/Sogou: ( 3273): perfEnd:UpdateImeOption
10-28 02:37:29.170 D/SogouShellLog( 3273): 02 : [SOGOUSHELL] CSogouShellPy::SetParam,id:4,data:0
10-28 02:37:29.170 D/SogouShellLog( 3273): 02 : [SOGOUSHELL] Save User Dict
10-28 02:37:29.287 D/Sogou: ( 3273): UpdateFrame: shell Active failed, mode = -1
10-28 02:37:29.287 D/Sogou: ( 3273): Update Frame End
10-28 02:37:29.287 D/Sogou: ( 3273): SetCurKeyboardMode, leave
10-28 02:37:29.287 D/Sogou: ( 3273): UpdateImeActionLabel, ImeActionLabel = 0, GetName = weilai
10-28 02:37:29.287 D/SOGOUIME( 3273): inputType = 196; imeOption = 6; bPassword = false
10-28 02:37:29.288 D/Sogou: ( 3273): Config file /data/user/0/com.sohu.inputmethod.sogou.car/files/UI/settings.conf has not been opened, we can read.
10-28 02:37:29.288 D/Sogou: ( 3273): Config file /data/user/0/com.sohu.inputmethod.sogou.car/files/UI/settings.conf has not been opened, we can read.
10-28 02:37:29.311 D/Sogou: ( 3273): perfStart:OnPaint
10-28 02:37:29.311 D/Sogou: ( 3273): perfStart:fillrect
10-28 02:37:29.311 D/Sogou: ( 3273): perfEnd:fillrect
10-28 02:37:29.311 D/Sogou: ( 3273): t_wndBase::OnPaint -------------------------------------start
10-28 02:37:29.311 D/Sogou: ( 3273): t_wndBase::OnPaint -------------------------------------1
10-28 02:37:29.311 D/Sogou: ( 3273): t_wndBase::OnPaint -------------------------------------ok
10-28 02:37:29.311 D/Sogou: ( 3273): t_wndKeyFrame ---------------------------!!!!!!!!!!!!!!!! OnPaint---start
10-28 02:37:29.311 D/Sogou: ( 3273): t_wndBase::OnPaint -------------------------------------ok
10-28 02:37:29.312 D/Sogou: ( 3273): t_wndKeyFrame ---------------------------!!!!!!!!!!!!!!!! OnPaint---start
10-28 02:37:29.312 D/Sogou: ( 3273): t_wndBase::OnPaint -------------------------------------ok
10-28 02:37:29.312 D/Sogou: ( 3273): t_wndKeyFrame ---------------------------!!!!!!!!!!!!!!!! OnPaint---start
10-28 02:37:29.312 D/Sogou: ( 3273): t_wndBase::OnPaint -------------------------------------ok
10-28 02:37:29.312 D/Sogou: ( 3273): t_wndKeyFrame ---------------------------!!!!!!!!!!!!!!!! OnPaint---start
10-28 02:37:29.312 D/Sogou: ( 3273): t_wndBase::OnPaint -------------------------------------ok
10-28 02:37:29.312 D/Sogou: ( 3273): t_wndKeyFrame ---------------------------!!!!!!!!!!!!!!!! OnPaint---start
10-28 02:37:29.312 D/Sogou: ( 3273): t_wndBase::OnPaint -------------------------------------ok
10-28 02:37:29.312 D/Sogou: ( 3273): t_wndKeyFrame ---------------------------!!!!!!!!!!!!!!!! OnPaint---start
10-28 02:37:29.312 D/Sogou: ( 3273): t_wndBase::OnPaint -------------------------------------ok
10-28 02:37:29.312 D/Sogou: ( 3273): t_wndKeyFrame ---------------------------!!!!!!!!!!!!!!!! OnPaint---start
10-28 02:37:29.312 D/Sogou: ( 3273): t_wndBase::OnPaint -------------------------------------ok
10-28 02:37:29.312 D/Sogou: ( 3273): t_wndKeyFrame ---------------------------!!!!!!!!!!!!!!!! OnPaint---start
10-28 02:37:29.312 D/Sogou: ( 3273): t_wndKeyFrame ---------------------------!!!!!!!!!!!!!!!! OnPaint---1
10-28 02:37:29.312 D/Sogou: ( 3273): t_wndBase::OnPaint -------------------------------------start
10-28 02:37:29.312 D/Sogou: ( 3273): t_wndBase::OnPaint -------------------------------------1
10-28 02:37:29.312 D/Sogou: ( 3273): t_wndBase::OnPaint -------------------------------------ok
10-28 02:37:29.312 D/Sogou: ( 3273): t_wndKeyFrame ---------------------------!!!!!!!!!!!!!!!! OnPaint---start
10-28 02:37:29.312 D/Sogou: ( 3273): t_wndKeyFrame ---------------------------!!!!!!!!!!!!!!!! OnPaint---1
10-28 02:37:29.312 D/Sogou: ( 3273): t_wndBase::OnPaint -------------------------------------start
10-28 02:37:29.312 D/Sogou: ( 3273): t_wndBase::OnPaint -------------------------------------1
10-28 02:37:29.312 D/Sogou: ( 3273): t_wndBase::OnPaint -------------------------------------ok
10-28 02:37:29.312 D/Sogou: ( 3273): ============== t_hdcAndroid::DrawImage !!!!!!!!!!!!!!!!!!!!!!!------start
10-28 02:37:29.312 D/Sogou: ( 3273): ============== t_hdcAndroid::DrawImage !!!!!!!!!!!!!!!!!!!!!!!------end
10-28 02:37:29.312 D/Sogou: ( 3273): t_wndBase::OnPaint -------------------------------------ok
10-28 02:37:29.312 D/Sogou: ( 3273): ============== t_hdcAndroid::DrawImage !!!!!!!!!!!!!!!!!!!!!!!------start
10-28 02:37:29.313 D/Sogou: ( 3273): ============== t_hdcAndroid::DrawImage !!!!!!!!!!!!!!!!!!!!!!!------end
10-28 02:37:29.313 D/Sogou: ( 3273): t_wndBase::OnPaint -------------------------------------ok
10-28 02:37:29.313 D/Sogou: ( 3273): ============== t_hdcAndroid::DrawImage !!!!!!!!!!!!!!!!!!!!!!!------start
10-28 02:37:29.313 D/Sogou: ( 3273): ============== t_hdcAndroid::DrawImage !!!!!!!!!!!!!!!!!!!!!!!------end
10-28 02:37:29.313 D/Sogou: ( 3273): t_wndBase::OnPaint -------------------------------------ok
10-28 02:37:29.313 D/Sogou: ( 3273): ============== t_hdcAndroid::DrawImage !!!!!!!!!!!!!!!!!!!!!!!------start
10-28 02:37:29.313 D/Sogou: ( 3273): ============== t_hdcAndroid::DrawImage !!!!!!!!!!!!!!!!!!!!!!!------end
10-28 02:37:29.313 D/Sogou: ( 3273): t_wndBase::OnPaint -------------------------------------ok
10-28 02:37:29.313 D/Sogou: ( 3273): ============== t_hdcAndroid::DrawImage !!!!!!!!!!!!!!!!!!!!!!!------start
10-28 02:37:29.313 D/Sogou: ( 3273): ============== t_hdcAndroid::DrawImage !!!!!!!!!!!!!!!!!!!!!!!------end
10-28 02:37:29.313 D/Sogou: ( 3273): t_wndBase::OnPaint -------------------------------------ok
10-28 02:37:29.313 D/Sogou: ( 3273): ============== t_hdcAndroid::DrawImage !!!!!!!!!!!!!!!!!!!!!!!------start
10-28 02:37:29.314 D/Sogou: ( 3273): ============== t_hdcAndroid::DrawImage !!!!!!!!!!!!!!!!!!!!!!!------end
10-28 02:37:29.314 D/Sogou: ( 3273): t_wndBase::OnPaint -------------------------------------ok
10-28 02:37:29.314 D/Sogou: ( 3273): ============== t_hdcAndroid::DrawImage !!!!!!!!!!!!!!!!!!!!!!!------start
10-28 02:37:29.314 D/Sogou: ( 3273): ============== t_hdcAndroid::DrawImage !!!!!!!!!!!!!!!!!!!!!!!------end
10-28 02:37:29.314 D/Sogou: ( 3273): t_wndBase::OnPaint -------------------------------------ok
10-28 02:37:29.314 D/Sogou: ( 3273): ============== t_hdcAndroid::DrawImage !!!!!!!!!!!!!!!!!!!!!!!------start
10-28 02:37:29.314 D/Sogou: ( 3273): ============== t_hdcAndroid::DrawImage !!!!!!!!!!!!!!!!!!!!!!!------end
10-28 02:37:29.314 D/Sogou: ( 3273): t_wndBase::OnPaint -------------------------------------ok
10-28 02:37:29.315 D/Sogou: ( 3273): ============== t_hdcAndroid::DrawImage !!!!!!!!!!!!!!!!!!!!!!!------start
10-28 02:37:29.315 D/Sogou: ( 3273): ============== t_hdcAndroid::DrawImage !!!!!!!!!!!!!!!!!!!!!!!------end
10-28 02:37:29.315 D/Sogou: ( 3273): t_wndBase::OnPaint -------------------------------------ok
10-28 02:37:29.315 D/Sogou: ( 3273): ============== t_hdcAndroid::DrawImage !!!!!!!!!!!!!!!!!!!!!!!------start
10-28 02:37:29.315 D/Sogou: ( 3273): ============== t_hdcAndroid::DrawImage !!!!!!!!!!!!!!!!!!!!!!!------end
10-28 02:37:29.315 D/Sogou: ( 3273): t_wndBase::OnPaint -------------------------------------ok
10-28 02:37:29.315 D/Sogou: ( 3273): ============== t_hdcAndroid::DrawImage !!!!!!!!!!!!!!!!!!!!!!!------start
10-28 02:37:29.315 D/Sogou: ( 3273): ============== t_hdcAndroid::DrawImage !!!!!!!!!!!!!!!!!!!!!!!------end
10-28 02:37:29.315 D/Sogou: ( 3273): t_wndBase::OnPaint -------------------------------------ok
10-28 02:37:29.315 D/Sogou: ( 3273): ============== t_hdcAndroid::DrawImage !!!!!!!!!!!!!!!!!!!!!!!------start
10-28 02:37:29.316 D/Sogou: ( 3273): ============== t_hdcAndroid::DrawImage !!!!!!!!!!!!!!!!!!!!!!!------end
10-28 02:37:29.316 D/Sogou: ( 3273): t_wndBase::OnPaint -------------------------------------ok
10-28 02:37:29.316 D/Sogou: ( 3273): ============== t_hdcAndroid::DrawImage !!!!!!!!!!!!!!!!!!!!!!!------start
10-28 02:37:29.316 D/Sogou: ( 3273): ============== t_hdcAndroid::DrawImage !!!!!!!!!!!!!!!!!!!!!!!------end
10-28 02:37:29.316 D/Sogou: ( 3273): t_wndBase::OnPaint -------------------------------------ok
10-28 02:37:29.316 D/Sogou: ( 3273): ============== t_hdcAndroid::DrawImage !!!!!!!!!!!!!!!!!!!!!!!------start
10-28 02:37:29.316 D/Sogou: ( 3273): ============== t_hdcAndroid::DrawImage !!!!!!!!!!!!!!!!!!!!!!!------end
10-28 02:37:29.316 D/Sogou: ( 3273): ============== t_hdcAndroid::DrawImage !!!!!!!!!!!!!!!!!!!!!!!------start
10-28 02:37:29.316 D/Sogou: ( 3273): ============== t_hdcAndroid::DrawImage !!!!!!!!!!!!!!!!!!!!!!!------end
10-28 02:37:29.316 D/Sogou: ( 3273): t_wndBase::OnPaint -------------------------------------ok
10-28 02:37:29.316 D/Sogou: ( 3273): ============== t_hdcAndroid::DrawImage !!!!!!!!!!!!!!!!!!!!!!!------start
10-28 02:37:29.317 D/Sogou: ( 3273): ============== t_hdcAndroid::DrawImage !!!!!!!!!!!!!!!!!!!!!!!------end
10-28 02:37:29.317 D/Sogou: ( 3273): t_wndBase::OnPaint -------------------------------------ok
10-28 02:37:29.317 D/Sogou: ( 3273): ============== t_hdcAndroid::DrawImage !!!!!!!!!!!!!!!!!!!!!!!------start
10-28 02:37:29.317 D/Sogou: ( 3273): ============== t_hdcAndroid::DrawImage !!!!!!!!!!!!!!!!!!!!!!!------end
10-28 02:37:29.317 D/Sogou: ( 3273): t_wndBase::OnPaint -------------------------------------ok
10-28 02:37:29.317 D/Sogou: ( 3273): ============== t_hdcAndroid::DrawImage !!!!!!!!!!!!!!!!!!!!!!!------start
10-28 02:37:29.317 D/Sogou: ( 3273): ============== t_hdcAndroid::DrawImage !!!!!!!!!!!!!!!!!!!!!!!------end
10-28 02:37:29.317 D/Sogou: ( 3273): t_wndBase::OnPaint -------------------------------------ok
10-28 02:37:29.318 D/Sogou: ( 3273): t_wndKeyFrame ---------------------------!!!!!!!!!!!!!!!! OnPaint---start
10-28 02:37:29.318 D/Sogou: ( 3273): t_wndBase::OnPaint -------------------------------------ok
10-28 02:37:29.318 D/Sogou: ( 3273): t_wndKeyFrame ---------------------------!!!!!!!!!!!!!!!! OnPaint---start
10-28 02:37:29.318 D/Sogou: ( 3273): t_wndBase::OnPaint -------------------------------------ok
10-28 02:37:29.318 D/Sogou: ( 3273): t_wndBase::OnPaint -------------------------------------ok
10-28 02:37:29.318 D/Sogou: ( 3273): t_wndKeyFrame ---------------------------!!!!!!!!!!!!!!!! OnPaint---start
10-28 02:37:29.318 D/Sogou: ( 3273): t_wndBase::OnPaint -------------------------------------ok
10-28 02:37:29.318 D/Sogou: ( 3273): perfEnd:OnPaint
10-28 02:37:29.335 D/InsetsController( 5023): show(ime(), fromIme=true)
10-28 02:37:29.534 W/NotifCollection( 2084): Ranking update is missing ranking for 0|com.thundersoft.notificationtest1|51|null|10101
10-28 02:37:29.534 W/NotifCollection( 2084): Ranking update is missing ranking for 0|com.thundersoft.notificationtest1|22|null|10101
10-28 02:37:29.534 W/NotifCollection( 2084): Ranking update is missing ranking for 0|com.thundersoft.notificationtest1|14|null|10101
10-28 02:37:29.534 W/NotifCollection( 2084): Ranking update is missing ranking for 0|com.thundersoft.notificationtest1|15|null|10101
10-28 02:37:29.550 D/InterruptionStateProvider( 2084): No bubble up: not allowed to bubble: 0|com.android.systemui|4274|null|10087
10-28 02:37:29.550 D/InterruptionStateProvider( 2084): No bubble up: not allowed to bubble: -1|android|26|null|1000
10-28 02:37:29.551 D/InterruptionStateProvider( 2084): No alerting: filtered notification: 0|com.android.systemui|1|empty_media|10087
10-28 02:37:29.551 D/InterruptionStateProvider( 2084): No bubble up: not allowed to bubble: 0|com.android.systemui|2048|null|10087
10-28 02:37:29.551 D/InterruptionStateProvider( 2084): No bubble up: not allowed to bubble: -1|android|55|null|1000
10-28 02:37:29.551 D/InterruptionStateProvider( 2084): No bubble up: not allowed to bubble: -1|android|32|null|1000
10-28 02:37:29.806 D/Sogou: ( 3273): perfStart:OnPaint
10-28 02:37:29.806 D/Sogou: ( 3273): perfStart:fillrect
10-28 02:37:29.806 D/Sogou: ( 3273): perfEnd:fillrect
10-28 02:37:29.806 D/Sogou: ( 3273): t_wndBase::OnPaint -------------------------------------start
10-28 02:37:29.806 D/Sogou: ( 3273): t_wndBase::OnPaint -------------------------------------1
10-28 02:37:29.806 D/Sogou: ( 3273): t_wndBase::OnPaint -------------------------------------ok
10-28 02:37:29.806 D/Sogou: ( 3273): t_wndKeyFrame ---------------------------!!!!!!!!!!!!!!!! OnPaint---start
10-28 02:37:29.806 D/Sogou: ( 3273): t_wndBase::OnPaint -------------------------------------ok
10-28 02:37:29.806 D/Sogou: ( 3273): t_wndKeyFrame ---------------------------!!!!!!!!!!!!!!!! OnPaint---start
10-28 02:37:29.806 D/Sogou: ( 3273): t_wndBase::OnPaint -------------------------------------ok
10-28 02:37:29.806 D/Sogou: ( 3273): t_wndKeyFrame ---------------------------!!!!!!!!!!!!!!!! OnPaint---start
10-28 02:37:29.806 D/Sogou: ( 3273): t_wndBase::OnPaint -------------------------------------ok
10-28 02:37:29.806 D/Sogou: ( 3273): t_wndKeyFrame ---------------------------!!!!!!!!!!!!!!!! OnPaint---start
10-28 02:37:29.807 D/Sogou: ( 3273): t_wndBase::OnPaint -------------------------------------ok
10-28 02:37:29.807 D/Sogou: ( 3273): t_wndKeyFrame ---------------------------!!!!!!!!!!!!!!!! OnPaint---start
10-28 02:37:29.807 D/Sogou: ( 3273): t_wndBase::OnPaint -------------------------------------ok
10-28 02:37:29.807 D/Sogou: ( 3273): t_wndKeyFrame ---------------------------!!!!!!!!!!!!!!!! OnPaint---start
10-28 02:37:29.807 D/Sogou: ( 3273): t_wndBase::OnPaint -------------------------------------ok
10-28 02:37:29.807 D/Sogou: ( 3273): t_wndKeyFrame ---------------------------!!!!!!!!!!!!!!!! OnPaint---start
10-28 02:37:29.807 D/Sogou: ( 3273): t_wndBase::OnPaint -------------------------------------ok
10-28 02:37:29.807 D/Sogou: ( 3273): t_wndKeyFrame ---------------------------!!!!!!!!!!!!!!!! OnPaint---start
10-28 02:37:29.807 D/Sogou: ( 3273): t_wndKeyFrame ---------------------------!!!!!!!!!!!!!!!! OnPaint---1
10-28 02:37:29.807 D/Sogou: ( 3273): t_wndBase::OnPaint -------------------------------------start
10-28 02:37:29.807 D/Sogou: ( 3273): t_wndBase::OnPaint -------------------------------------1
10-28 02:37:29.807 D/Sogou: ( 3273): t_wndBase::OnPaint -------------------------------------ok
10-28 02:37:29.807 D/Sogou: ( 3273): t_wndKeyFrame ---------------------------!!!!!!!!!!!!!!!! OnPaint---start
10-28 02:37:29.807 D/Sogou: ( 3273): t_wndKeyFrame ---------------------------!!!!!!!!!!!!!!!! OnPaint---1
10-28 02:37:29.807 D/Sogou: ( 3273): t_wndBase::OnPaint -------------------------------------start
10-28 02:37:29.807 D/Sogou: ( 3273): t_wndBase::OnPaint -------------------------------------1
10-28 02:37:29.807 D/Sogou: ( 3273): t_wndBase::OnPaint -------------------------------------ok
10-28 02:37:29.807 D/Sogou: ( 3273): ============== t_hdcAndroid::DrawImage !!!!!!!!!!!!!!!!!!!!!!!------start
10-28 02:37:29.807 D/Sogou: ( 3273): ============== t_hdcAndroid::DrawImage !!!!!!!!!!!!!!!!!!!!!!!------end
10-28 02:37:29.807 D/Sogou: ( 3273): t_wndBase::OnPaint -------------------------------------ok
10-28 02:37:29.807 D/Sogou: ( 3273): ============== t_hdcAndroid::DrawImage !!!!!!!!!!!!!!!!!!!!!!!------start
10-28 02:37:29.807 D/Sogou: ( 3273): ============== t_hdcAndroid::DrawImage !!!!!!!!!!!!!!!!!!!!!!!------end
10-28 02:37:29.807 D/Sogou: ( 3273): t_wndBase::OnPaint -------------------------------------ok
10-28 02:37:29.808 D/Sogou: ( 3273): ============== t_hdcAndroid::DrawImage !!!!!!!!!!!!!!!!!!!!!!!------start
10-28 02:37:29.808 D/Sogou: ( 3273): ============== t_hdcAndroid::DrawImage !!!!!!!!!!!!!!!!!!!!!!!------end
10-28 02:37:29.808 D/Sogou: ( 3273): t_wndBase::OnPaint -------------------------------------ok
10-28 02:37:29.808 D/Sogou: ( 3273): ============== t_hdcAndroid::DrawImage !!!!!!!!!!!!!!!!!!!!!!!------start
10-28 02:37:29.808 D/Sogou: ( 3273): ============== t_hdcAndroid::DrawImage !!!!!!!!!!!!!!!!!!!!!!!------end
10-28 02:37:29.808 D/Sogou: ( 3273): t_wndBase::OnPaint -------------------------------------ok
10-28 02:37:29.808 D/Sogou: ( 3273): ============== t_hdcAndroid::DrawImage !!!!!!!!!!!!!!!!!!!!!!!------start
10-28 02:37:29.808 D/Sogou: ( 3273): ============== t_hdcAndroid::DrawImage !!!!!!!!!!!!!!!!!!!!!!!------end
10-28 02:37:29.809 D/Sogou: ( 3273): t_wndBase::OnPaint -------------------------------------ok
10-28 02:37:29.809 D/Sogou: ( 3273): ============== t_hdcAndroid::DrawImage !!!!!!!!!!!!!!!!!!!!!!!------start
10-28 02:37:29.809 D/Sogou: ( 3273): ============== t_hdcAndroid::DrawImage !!!!!!!!!!!!!!!!!!!!!!!------end
10-28 02:37:29.809 D/Sogou: ( 3273): t_wndBase::OnPaint -------------------------------------ok
10-28 02:37:29.809 D/Sogou: ( 3273): ============== t_hdcAndroid::DrawImage !!!!!!!!!!!!!!!!!!!!!!!------start
10-28 02:37:29.809 D/Sogou: ( 3273): ============== t_hdcAndroid::DrawImage !!!!!!!!!!!!!!!!!!!!!!!------end
10-28 02:37:29.809 D/Sogou: ( 3273): t_wndBase::OnPaint -------------------------------------ok
10-28 02:37:29.809 D/Sogou: ( 3273): ============== t_hdcAndroid::DrawImage !!!!!!!!!!!!!!!!!!!!!!!------start
10-28 02:37:29.809 D/Sogou: ( 3273): ============== t_hdcAndroid::DrawImage !!!!!!!!!!!!!!!!!!!!!!!------end
10-28 02:37:29.810 D/Sogou: ( 3273): t_wndBase::OnPaint -------------------------------------ok
10-28 02:37:29.810 D/Sogou: ( 3273): ============== t_hdcAndroid::DrawImage !!!!!!!!!!!!!!!!!!!!!!!------start
10-28 02:37:29.810 D/Sogou: ( 3273): ============== t_hdcAndroid::DrawImage !!!!!!!!!!!!!!!!!!!!!!!------end
10-28 02:37:29.810 D/Sogou: ( 3273): t_wndBase::OnPaint -------------------------------------ok
10-28 02:37:29.810 D/Sogou: ( 3273): ============== t_hdcAndroid::DrawImage !!!!!!!!!!!!!!!!!!!!!!!------start
10-28 02:37:29.810 D/Sogou: ( 3273): ============== t_hdcAndroid::DrawImage !!!!!!!!!!!!!!!!!!!!!!!------end
10-28 02:37:29.810 D/Sogou: ( 3273): t_wndBase::OnPaint -------------------------------------ok
10-28 02:37:29.810 D/Sogou: ( 3273): ============== t_hdcAndroid::DrawImage !!!!!!!!!!!!!!!!!!!!!!!------start
10-28 02:37:29.810 D/Sogou: ( 3273): ============== t_hdcAndroid::DrawImage !!!!!!!!!!!!!!!!!!!!!!!------end
10-28 02:37:29.811 D/Sogou: ( 3273): t_wndBase::OnPaint -------------------------------------ok
10-28 02:37:29.811 D/Sogou: ( 3273): ============== t_hdcAndroid::DrawImage !!!!!!!!!!!!!!!!!!!!!!!------start
10-28 02:37:29.811 D/Sogou: ( 3273): ============== t_hdcAndroid::DrawImage !!!!!!!!!!!!!!!!!!!!!!!------end
10-28 02:37:29.811 D/Sogou: ( 3273): t_wndBase::OnPaint -------------------------------------ok
10-28 02:37:29.811 D/Sogou: ( 3273): ============== t_hdcAndroid::DrawImage !!!!!!!!!!!!!!!!!!!!!!!------start
10-28 02:37:29.811 D/Sogou: ( 3273): ============== t_hdcAndroid::DrawImage !!!!!!!!!!!!!!!!!!!!!!!------end
10-28 02:37:29.811 D/Sogou: ( 3273): t_wndBase::OnPaint -------------------------------------ok
10-28 02:37:29.811 D/Sogou: ( 3273): ============== t_hdcAndroid::DrawImage !!!!!!!!!!!!!!!!!!!!!!!------start
10-28 02:37:29.811 D/Sogou: ( 3273): ============== t_hdcAndroid::DrawImage !!!!!!!!!!!!!!!!!!!!!!!------end
10-28 02:37:29.812 D/Sogou: ( 3273): ============== t_hdcAndroid::DrawImage !!!!!!!!!!!!!!!!!!!!!!!------start
10-28 02:37:29.812 D/Sogou: ( 3273): ============== t_hdcAndroid::DrawImage !!!!!!!!!!!!!!!!!!!!!!!------end
10-28 02:37:29.812 D/Sogou: ( 3273): t_wndBase::OnPaint -------------------------------------ok
10-28 02:37:29.812 D/Sogou: ( 3273): ============== t_hdcAndroid::DrawImage !!!!!!!!!!!!!!!!!!!!!!!------start
10-28 02:37:29.812 D/Sogou: ( 3273): ============== t_hdcAndroid::DrawImage !!!!!!!!!!!!!!!!!!!!!!!------end
10-28 02:37:29.812 D/Sogou: ( 3273): t_wndBase::OnPaint -------------------------------------ok
10-28 02:37:29.812 D/Sogou: ( 3273): ============== t_hdcAndroid::DrawImage !!!!!!!!!!!!!!!!!!!!!!!------start
10-28 02:37:29.812 D/Sogou: ( 3273): ============== t_hdcAndroid::DrawImage !!!!!!!!!!!!!!!!!!!!!!!------end
10-28 02:37:29.812 D/Sogou: ( 3273): t_wndBase::OnPaint -------------------------------------ok
10-28 02:37:29.812 D/Sogou: ( 3273): ============== t_hdcAndroid::DrawImage !!!!!!!!!!!!!!!!!!!!!!!------start
10-28 02:37:29.813 D/Sogou: ( 3273): ============== t_hdcAndroid::DrawImage !!!!!!!!!!!!!!!!!!!!!!!------end
10-28 02:37:29.813 D/Sogou: ( 3273): t_wndBase::OnPaint -------------------------------------ok
10-28 02:37:29.813 D/Sogou: ( 3273): t_wndKeyFrame ---------------------------!!!!!!!!!!!!!!!! OnPaint---start
10-28 02:37:29.813 D/Sogou: ( 3273): t_wndBase::OnPaint -------------------------------------ok
10-28 02:37:29.813 D/Sogou: ( 3273): t_wndKeyFrame ---------------------------!!!!!!!!!!!!!!!! OnPaint---start
10-28 02:37:29.813 D/Sogou: ( 3273): t_wndBase::OnPaint -------------------------------------ok
10-28 02:37:29.813 D/Sogou: ( 3273): t_wndBase::OnPaint -------------------------------------ok
10-28 02:37:29.813 D/Sogou: ( 3273): t_wndKeyFrame ---------------------------!!!!!!!!!!!!!!!! OnPaint---start
10-28 02:37:29.813 D/Sogou: ( 3273): t_wndBase::OnPaint -------------------------------------ok
10-28 02:37:29.813 D/Sogou: ( 3273): perfEnd:OnPaint
10-28 02:37:29.932 D/audio_hw_primary( 800): out_set_parameters: enter: usecase(1: low-latency-playback) kvpairs: suspend_playback=false
10-28 02:37:29.932 D/audio_hw_extn( 800): audio_extn_fm_set_parameters: Enter
10-28 02:37:29.933 D/audio_hw_primary( 800): out_standby: enter: stream (0xf18c64c0) usecase(1: low-latency-playback)
01-01 14:11:42.433 D/ ( 0): mv2112_read_status
01-01 14:11:42.436 D/mv2112_update_link( 0): 3.0x901(1G): 0x80
01-01 14:11:42.438 I/afe_close( 0): port_id = 0x9000
01-01 14:11:42.441 D/mv2112_update_link( 0): 3.0x8109(100M): 0x8
01-01 14:11:42.450 D/mv2112_update_link( 0): link 0x0
01-01 14:11:42.454 D/mv2112_read_status( 0): autoneg is disabled
10-28 02:37:29.959 D/audio_hw_primary( 800): disable_audio_route: reset and update mixer path: low-latency-playback
10-28 02:37:29.960 E/soundtrigger( 800): audio_extn_sound_trigger_update_stream_status: invalid input device 0x0, for event 2
10-28 02:37:29.960 D/soundtrigger( 800): audio_extn_sound_trigger_update_stream_status: uc_info->id 1 of type 0 for Event 2, with Raise=0
10-28 02:37:29.960 D/msm8974_platform( 800): platform_split_snd_device: snd_device(2) num devices(0) new_snd_devices(0)
10-28 02:37:29.961 I/msm8974_platform( 800): platform_get_custom_mtmx_params: no matching param with id 0 ip_ch 2 op_ch 2 uc_id 1 snd_dev 2
10-28 02:37:29.961 D/hardware_info( 800): hw_info_append_hw_type : device_name = speaker
10-28 02:37:29.961 D/audio_hw_primary( 800): disable_snd_device: snd_device(2: speaker)
10-28 02:37:29.961 D/msm8974_platform( 800): platform_split_snd_device: snd_device(2) num devices(0) new_snd_devices(0)
10-28 02:37:29.961 I/soundtrigger( 800): audio_extn_sound_trigger_update_device_status: device 0x2 of type 0 for Event 0, with Raise=0
10-28 02:37:29.961 D/audio_hw_primary( 800): out_standby: exit
10-28 02:37:30.066 E/TaskPersister( 1152): File error accessing recents directory (directory doesn't exist?).
