10-28 02:13:32.370 I/wm_on_resume_called( 2812): [172657388,android.service.dreams.DreamActivity,RESUME_ACTIVITY]
10-28 02:13:32.373 I/am_pss ( 1152): [3660,10061,com.android.onetimeinitializer,5221376,3579904,0,89993216,0,19,12]
10-28 02:13:32.388 I/am_pss ( 1152): [3630,10092,com.android.music,7430144,5332992,0,93184000,0,19,12]
10-28 02:13:32.404 I/am_pss ( 1152): [3607,10028,com.android.managedprovisioning,8992768,7335936,0,94306304,0,19,11]
10-28 02:13:32.415 I/wm_on_top_resumed_gained_called( 2812): [172657388,android.service.dreams.DreamActivity,topStateChangedWhenResumed]
10-28 02:13:32.420 I/am_pss ( 1152): [3555,1000,com.android.dynsystem:dynsystem,5693440,3895296,0,90984448,0,19,11]
10-28 02:13:32.435 I/am_pss ( 1152): [3531,1000,com.android.dynsystem,5449728,3784704,0,90210304,0,19,12]
10-28 02:13:32.452 I/am_pss ( 1152): [3506,10068,com.android.calendar,6011904,4120576,0,91422720,0,19,12]
10-28 02:13:32.468 I/am_pss ( 1152): [3174,10021,android.process.acore,12758016,9093120,0,116256768,0,19,13]
10-28 02:13:32.485 I/am_pss ( 1152): [3466,1000,com.qti.diagservices,6179840,4096000,0,94949376,0,10,13]
10-28 02:13:32.500 I/input_focus( 1152): [Focus request 4089d97 com.android.deskclock/android.service.dreams.DreamActivity,reason=UpdateInputWindows]
10-28 02:13:32.501 I/am_pss ( 1152): [3417,1000,com.qualcomm.qti.qmmi,6935552,5304320,0,92094464,0,19,12]
10-28 02:13:32.517 I/am_pss ( 1152): [3370,1000,com.android.localtransport,5429248,3788800,0,91090944,0,19,12]
10-28 02:13:32.535 I/am_pss ( 1152): [3347,10031,com.android.traceur,10307584,8622080,0,96436224,0,19,12]
10-28 02:13:32.537 I/sysui_multi_action( 2084): [757,111,758,2]
10-28 02:13:32.538 I/sysui_multi_action( 2084): [757,111,758,2]
10-28 02:13:32.541 I/notification_enqueue( 1152): [10087,2084,com.android.systemui,2048,NULL,0,Notification(channel=updateNotification shortcut=null contentView=null vibrate=null sound=null defaults=0x0 flags=0x0 color=0x00000000 vis=PRIVATE),1]
10-28 02:13:32.552 I/am_pss ( 1152): [3114,1000,com.android.keychain,8087552,6422528,0,93614080,0,19,11]
10-28 02:13:32.559 I/sysui_multi_action( 2084): [757,196,758,2,759,0]
10-28 02:13:32.559 I/sysui_status_bar_state( 2084): [0,0,1,0,0,1]
10-28 02:13:32.585 I/sysui_multi_action( 2084): [757,111,758,1]
10-28 02:13:32.585 I/sysui_multi_action( 2084): [757,126,758,1,759,126,927,0,928,1,1593,0]
10-28 02:13:32.585 I/sysui_multi_action( 2084): [757,113,758,1,759,113,927,1,928,1,1593,0]
10-28 02:13:32.586 I/sysui_multi_action( 2084): [757,0,758,1,759,0,927,2,928,0,1593,0]
10-28 02:13:32.586 I/sysui_multi_action( 2084): [757,0,758,1,759,0,927,3,928,0,1593,0]
10-28 02:13:32.587 I/sysui_multi_action( 2084): [757,491,758,1,759,491,927,4,928,0,1311,-1,1593,0]
10-28 02:13:32.587 I/sysui_multi_action( 2084): [757,0,758,1,759,0,927,5,928,0,1593,0]
10-28 02:13:32.587 I/sysui_multi_action( 2084): [757,0,758,1,759,0,927,6,1593,0]
10-28 02:13:32.587 I/sysui_multi_action( 2084): [757,111,758,1]
10-28 02:13:32.587 I/sysui_multi_action( 2084): [757,126,758,1,759,126,927,0,928,1,1593,0]
10-28 02:13:32.587 I/sysui_multi_action( 2084): [757,113,758,1,759,113,927,1,928,1,1593,0]
10-28 02:13:32.588 I/sysui_multi_action( 2084): [757,0,758,1,759,0,927,2,928,0,1593,0]
10-28 02:13:32.588 I/sysui_multi_action( 2084): [757,0,758,1,759,0,927,3,928,0,1593,0]
10-28 02:13:32.666 I/sysui_multi_action( 1152): [319,402,322,395,325,119,757,761,758,8,759,2,806,com.android.deskclock,871,android.service.dreams.DreamActivity,904,com.android.deskclock,905,0,1320,4,1321,1]
10-28 02:13:32.667 I/wm_activity_launch_time( 1152): [0,172657388,com.android.deskclock/android.service.dreams.DreamActivity,395]
10-28 02:13:32.683 I/sysui_multi_action( 1152): [757,1696,758,6,759,3]
10-28 02:13:32.688 I/input_focus( 1152): [Focus entering 4089d97 com.android.deskclock/android.service.dreams.DreamActivity (server),reason=Window became focusable. Previous reason: NOT_VISIBLE]
10-28 02:13:32.690 I/am_wtf ( 1152): [0,1152,system_server,-1,DisplayDeviceConfig,requesting nits when no mapping exists.]
10-28 02:13:32.699 I/am_wtf ( 1152): [0,1152,system_server,-1,DisplayDeviceConfig,requesting nits when no mapping exists.]
10-28 02:13:32.741 I/am_wtf ( 1152): [0,1152,system_server,-1,DisplayDeviceConfig,requesting nits when no mapping exists.]
10-28 02:13:32.746 I/sysui_multi_action( 1152): [757,1501,758,1,793,54650,794,0,795,225,796,2048,806,com.android.systemui,857,updateNotification,858,3,947,0,1500,0,1688,1]
10-28 02:13:32.746 I/sysui_multi_action( 1152): [757,804,799,note_interruptive,801,0,802,1]
10-28 02:13:32.747 I/sysui_multi_action( 1152): [757,199,758,1,759,2,793,54652,794,0,795,227,796,2048,806,com.android.systemui,857,updateNotification,858,3,947,0,1500,2,1688,1]
10-28 02:13:32.748 I/notification_alert( 1152): [0|com.android.systemui|2048|null|10087,0,1,0]
10-28 02:13:32.786 I/am_wtf ( 1152): [0,1152,system_server,-1,DisplayDeviceConfig,requesting nits when no mapping exists.]
10-28 02:13:32.805 I/service_manager_slow( 1152): [18,dropbox]
10-28 02:13:32.806 I/am_wtf ( 1152): [0,1152,system_server,-1,DisplayDeviceConfig,requesting nits when no mapping exists.]
10-28 02:13:32.811 I/am_wtf ( 1152): [0,1152,system_server,-1,DisplayDeviceConfig,requesting nits when no mapping exists.]
10-28 02:13:32.819 I/am_wtf ( 1152): [0,1152,system_server,-1,DisplayDeviceConfig,requesting nits when no mapping exists.]
10-28 02:13:32.821 I/am_wtf ( 1152): [0,1152,system_server,-1,DisplayDeviceConfig,requesting nits when no mapping exists.]
10-28 02:13:32.870 I/am_wtf ( 1152): [0,1152,system_server,-1,DisplayDeviceConfig,requesting nits when no mapping exists.]
10-28 02:13:32.874 I/am_wtf ( 1152): [0,1152,system_server,-1,DisplayDeviceConfig,requesting nits when no mapping exists.]
10-28 02:13:32.916 I/am_wtf ( 1152): [0,1152,system_server,-1,DisplayDeviceConfig,requesting nits when no mapping exists.]
10-28 02:13:32.919 I/am_wtf ( 1152): [0,1152,system_server,-1,DisplayDeviceConfig,requesting nits when no mapping exists.]
10-28 02:13:32.948 I/am_wtf ( 1152): [0,1152,system_server,-1,DisplayDeviceConfig,requesting nits when no mapping exists.]
10-28 02:13:32.950 I/am_wtf ( 1152): [0,1152,system_server,-1,DisplayDeviceConfig,requesting nits when no mapping exists.]
10-28 02:13:32.966 I/wm_stop_activity( 1152): [0,231814419,com.android.launcher3/.uioverrides.QuickstepLauncher]
10-28 02:13:32.983 I/am_wtf ( 1152): [0,1152,system_server,-1,DisplayDeviceConfig,requesting nits when no mapping exists.]
10-28 02:13:32.988 I/am_wtf ( 1152): [0,1152,system_server,-1,DisplayDeviceConfig,requesting nits when no mapping exists.]
10-28 02:13:33.026 I/am_wtf ( 1152): [0,1152,system_server,-1,DisplayDeviceConfig,requesting nits when no mapping exists.]
10-28 02:13:33.063 I/am_wtf ( 1152): [0,1152,system_server,-1,DisplayDeviceConfig,requesting nits when no mapping exists.]
10-28 02:13:33.066 I/am_wtf ( 1152): [0,1152,system_server,-1,DisplayDeviceConfig,requesting nits when no mapping exists.]
10-28 02:13:33.067 I/wm_on_stop_called( 2641): [231814419,com.android.launcher3.uioverrides.QuickstepLauncher,STOP_ACTIVITY_ITEM]
10-28 02:13:33.073 I/am_wtf ( 1152): [0,1152,system_server,-1,DisplayDeviceConfig,requesting nits when no mapping exists.]
10-28 02:13:33.105 I/am_wtf ( 1152): [0,1152,system_server,-1,DisplayDeviceConfig,requesting nits when no mapping exists.]
10-28 02:13:33.109 I/am_wtf ( 1152): [0,1152,system_server,-1,DisplayDeviceConfig,requesting nits when no mapping exists.]
10-28 02:13:33.154 I/am_wtf ( 1152): [0,1152,system_server,-1,DisplayDeviceConfig,requesting nits when no mapping exists.]
10-28 02:13:33.156 I/am_wtf ( 1152): [0,1152,system_server,-1,DisplayDeviceConfig,requesting nits when no mapping exists.]
10-28 02:13:33.195 I/am_wtf ( 1152): [0,1152,system_server,-1,DisplayDeviceConfig,requesting nits when no mapping exists.]
10-28 02:13:33.210 I/am_wtf ( 1152): [0,1152,system_server,-1,DisplayDeviceConfig,requesting nits when no mapping exists.]
10-28 02:13:33.227 I/am_wtf ( 1152): [0,1152,system_server,-1,DisplayDeviceConfig,requesting nits when no mapping exists.]
10-28 02:13:33.228 I/am_wtf ( 1152): [0,1152,system_server,-1,DisplayDeviceConfig,requesting nits when no mapping exists.]
10-28 02:13:33.291 I/am_wtf ( 1152): [0,1152,system_server,-1,DisplayDeviceConfig,requesting nits when no mapping exists.]
10-28 02:13:33.292 I/am_wtf ( 1152): [0,1152,system_server,-1,DisplayDeviceConfig,requesting nits when no mapping exists.]
10-28 02:13:33.347 I/am_wtf ( 1152): [0,1152,system_server,-1,DisplayDeviceConfig,requesting nits when no mapping exists.]
10-28 02:13:33.385 I/am_wtf ( 1152): [0,1152,system_server,-1,DisplayDeviceConfig,requesting nits when no mapping exists.]
10-28 02:13:33.388 I/am_wtf ( 1152): [0,1152,system_server,-1,DisplayDeviceConfig,requesting nits when no mapping exists.]
10-28 02:13:33.389 I/am_wtf ( 1152): [0,1152,system_server,-1,DisplayDeviceConfig,requesting nits when no mapping exists.]
10-28 02:13:33.431 I/am_wtf ( 1152): [0,1152,system_server,-1,DisplayDeviceConfig,requesting nits when no mapping exists.]
10-28 02:13:33.433 I/am_wtf ( 1152): [0,1152,system_server,-1,DisplayDeviceConfig,requesting nits when no mapping exists.]
10-28 02:13:33.460 I/am_wtf ( 1152): [0,1152,system_server,-1,DisplayDeviceConfig,requesting nits when no mapping exists.]
10-28 02:13:33.462 I/am_wtf ( 1152): [0,1152,system_server,-1,DisplayDeviceConfig,requesting nits when no mapping exists.]
10-28 02:13:33.495 I/am_wtf ( 1152): [0,1152,system_server,-1,DisplayDeviceConfig,requesting nits when no mapping exists.]
10-28 02:13:33.497 I/am_wtf ( 1152): [0,1152,system_server,-1,DisplayDeviceConfig,requesting nits when no mapping exists.]
10-28 02:13:33.527 I/am_wtf ( 1152): [0,1152,system_server,-1,DisplayDeviceConfig,requesting nits when no mapping exists.]
10-28 02:13:33.530 I/am_wtf ( 1152): [0,1152,system_server,-1,DisplayDeviceConfig,requesting nits when no mapping exists.]
10-28 02:13:33.584 I/am_wtf ( 1152): [0,1152,system_server,-1,DisplayDeviceConfig,requesting nits when no mapping exists.]
10-28 02:13:33.587 I/am_wtf ( 1152): [0,1152,system_server,-1,DisplayDeviceConfig,requesting nits when no mapping exists.]
10-28 02:13:33.631 I/am_wtf ( 1152): [0,1152,system_server,-1,DisplayDeviceConfig,requesting nits when no mapping exists.]
10-28 02:13:33.641 I/am_wtf ( 1152): [0,1152,system_server,-1,DisplayDeviceConfig,requesting nits when no mapping exists.]
10-28 02:13:33.667 I/am_wtf ( 1152): [0,1152,system_server,-1,DisplayDeviceConfig,requesting nits when no mapping exists.]
10-28 02:13:33.670 I/am_wtf ( 1152): [0,1152,system_server,-1,DisplayDeviceConfig,requesting nits when no mapping exists.]
10-28 02:13:43.032 I/am_uid_idle( 1152): 10021
10-28 02:13:55.038 I/am_uid_idle( 1152): 10031
10-28 02:13:57.008 I/am_uid_idle( 1152): 10068
10-28 02:13:58.436 I/am_uid_idle( 1152): 10028
10-28 02:13:58.847 I/am_uid_idle( 1152): 10092
10-28 02:13:59.297 I/am_uid_idle( 1152): 10061
10-28 02:13:59.641 I/am_uid_idle( 1152): 10027
10-28 02:14:00.685 I/am_uid_idle( 1152): 10032
10-28 02:14:01.121 I/am_uid_idle( 1152): 10020
10-28 02:14:01.231 I/am_uid_idle( 1152): 2000
10-28 02:14:07.011 I/am_uid_idle( 1152): 10088
10-28 02:14:07.018 I/am_uid_idle( 1152): 10060
10-28 02:14:07.351 I/am_uid_idle( 1152): 10091
10-28 02:14:08.255 I/am_pss ( 1152): [2812,10072,com.android.deskclock,53053440,46034944,0,170094592,0,2,25]
10-28 02:14:08.277 I/am_pss ( 1152): [2641,10081,com.android.launcher3,68079616,51499008,0,205451264,0,6,17]
10-28 02:14:20.859 I/input_interaction( 1152): Interaction with: 4089d97 com.android.deskclock/android.service.dreams.DreamActivity (server), edge-swipe (server), swipe-up (server), PointerEventDispatcher0 (server),
10-28 02:14:20.867 I/wm_finish_activity( 1152): [0,172657388,45,com.android.deskclock/android.service.dreams.DreamActivity,finish-activity]
10-28 02:14:20.868 I/wm_task_moved( 1152): [1,1,5]
10-28 02:14:20.870 I/wm_task_moved( 1152): [44,1,2147483647]
10-28 02:14:20.870 I/wm_task_to_front( 1152): [0,44]
10-28 02:14:20.870 I/wm_focused_root_task( 1152): [0,0,1,45,finish-top adjustFocusToNextFocusableTask]
10-28 02:14:20.871 I/wm_set_resumed_activity( 1152): [0,com.android.launcher3/.uioverrides.QuickstepLauncher,finish-top adjustFocusToNextFocusableTask]
10-28 02:14:20.873 I/wm_pause_activity( 1152): [0,172657388,com.android.deskclock/android.service.dreams.DreamActivity,userLeaving=false,finish]
10-28 02:14:20.896 I/sysui_multi_action( 1152): [757,803,799,window_time_0,802,49]
10-28 02:14:20.898 I/wm_on_top_resumed_lost_called( 2812): [172657388,android.service.dreams.DreamActivity,topStateChangedWhenResumed]
10-28 02:14:20.899 I/wm_on_paused_called( 2812): [172657388,android.service.dreams.DreamActivity,performPause]
10-28 02:14:20.902 I/wm_add_to_stopping( 1152): [0,172657388,com.android.deskclock/android.service.dreams.DreamActivity,completeFinishing]
10-28 02:14:20.906 I/wm_set_resumed_activity( 1152): [0,com.android.launcher3/.uioverrides.QuickstepLauncher,resumeTopActivityInnerLocked]
10-28 02:14:20.912 I/wm_resume_activity( 1152): [0,231814419,44,com.android.launcher3/.uioverrides.QuickstepLauncher]
10-28 02:14:20.914 I/input_focus( 1152): [Focus leaving 4089d97 com.android.deskclock/android.service.dreams.DreamActivity (server),reason=NO_WINDOW]
10-28 02:14:20.921 I/view_enqueue_input_event( 2812): [Motion - Cancel,com.android.deskclock/android.service.dreams.DreamActivity]
10-28 02:14:20.929 I/sysui_multi_action( 1152): [757,803,799,window_time_0,802,0]
10-28 02:14:20.930 I/wm_on_restart_called( 2641): [231814419,com.android.launcher3.uioverrides.QuickstepLauncher,performRestartActivity]
10-28 02:14:20.931 I/wm_on_start_called( 2641): [231814419,com.android.launcher3.uioverrides.QuickstepLauncher,handleStartActivity]
10-28 02:14:20.931 I/wm_on_resume_called( 2641): [231814419,com.android.launcher3.uioverrides.QuickstepLauncher,RESUME_ACTIVITY]
10-28 02:14:20.931 I/wm_on_top_resumed_gained_called( 2641): [231814419,com.android.launcher3.uioverrides.QuickstepLauncher,topWhenResuming]
10-28 02:14:20.947 I/input_focus( 1152): [Focus request a79836 com.android.launcher3/com.android.launcher3.uioverrides.QuickstepLauncher,reason=UpdateInputWindows]
10-28 02:14:20.978 I/am_pss ( 1152): [3985,10057,com.qualcomm.qti.qms.service.trustzoneaccess,5547008,3796992,0,91398144,0,19,12]
10-28 02:14:20.991 I/input_focus( 1152): [Focus entering a79836 com.android.launcher3/com.android.launcher3.uioverrides.QuickstepLauncher (server),reason=Window became focusable. Previous reason: NOT_VISIBLE]
10-28 02:14:20.993 I/am_pss ( 1152): [3725,10032,com.android.providers.calendar,7224320,5226496,0,98168832,0,19,12]
10-28 02:14:21.012 I/am_pss ( 1152): [3836,10019,com.android.externalstorage,5537792,3854336,0,92233728,0,19,13]
10-28 02:14:21.231 I/wm_destroy_activity( 1152): [0,172657388,45,com.android.deskclock/android.service.dreams.DreamActivity,finish-imm:idle]
10-28 02:14:21.256 I/wm_on_stop_called( 2812): [172657388,android.service.dreams.DreamActivity,LIFECYCLER_STOP_ACTIVITY]
10-28 02:14:21.257 I/wm_on_destroy_called( 2812): [172657388,android.service.dreams.DreamActivity,performDestroy]
10-28 02:14:21.269 I/sysui_multi_action( 1152): [757,222,758,2]
10-28 02:14:21.269 I/sysui_multi_action( 1152): [757,804,799,dreaming_minutes,801,0,802,1]
10-28 02:14:21.306 I/wm_task_removed( 1152): [45,removeChild:removeChild last r=ActivityRecord{a4a8aec u0 com.android.deskclock/android.service.dreams.DreamActivity t-1 f}} in t=Task{346cad9 #45 type=dream A=10072:android:com.android.deskclock/dream U=0 visible=false mode=fullscreen translucent=true sz=0}]
10-28 02:14:21.306 I/wm_task_removed( 1152): [45,removeChild]
10-28 02:14:21.967 I/input_interaction( 1152): Interaction with: a79836 com.android.launcher3/com.android.launcher3.uioverrides.QuickstepLauncher (server), 33945f com.android.systemui.ImageWallpaper (server), edge-swipe (server), swipe-up (server), PointerEventDispatcher0 (server),
10-28 02:14:21.985 I/service_manager_slow( 1152): [10,phone]
10-28 02:14:28.271 I/ntp_failure( 1152): [time.android.com,java.net.UnknownHostException: Unable to resolve host "time.android.com": No address associated with hostname]
10-28 02:14:33.219 I/am_uid_idle( 1152): 10098
10-28 02:15:14.989 I/sysui_multi_action( 1152): [757,1696,758,6,759,2]
10-28 02:15:15.000 I/am_wtf ( 1152): [0,1152,system_server,-1,DisplayDeviceConfig,requesting nits when no mapping exists.]
10-28 02:15:15.007 I/am_wtf ( 1152): [0,1152,system_server,-1,DisplayDeviceConfig,requesting nits when no mapping exists.]
10-28 02:15:15.035 I/am_wtf ( 1152): [0,1152,system_server,-1,DisplayDeviceConfig,requesting nits when no mapping exists.]
10-28 02:15:15.039 I/am_wtf ( 1152): [0,1152,system_server,-1,DisplayDeviceConfig,requesting nits when no mapping exists.]
10-28 02:15:15.094 I/am_wtf ( 1152): [0,1152,system_server,-1,DisplayDeviceConfig,requesting nits when no mapping exists.]
10-28 02:15:15.099 I/am_wtf ( 1152): [0,1152,system_server,-1,DisplayDeviceConfig,requesting nits when no mapping exists.]
10-28 02:15:15.122 I/am_wtf ( 1152): [0,1152,system_server,-1,DisplayDeviceConfig,requesting nits when no mapping exists.]
10-28 02:15:15.124 I/am_wtf ( 1152): [0,1152,system_server,-1,DisplayDeviceConfig,requesting nits when no mapping exists.]
10-28 02:15:15.151 I/am_wtf ( 1152): [0,1152,system_server,-1,DisplayDeviceConfig,requesting nits when no mapping exists.]
10-28 02:15:15.153 I/am_wtf ( 1152): [0,1152,system_server,-1,DisplayDeviceConfig,requesting nits when no mapping exists.]
10-28 02:15:15.180 I/am_wtf ( 1152): [0,1152,system_server,-1,DisplayDeviceConfig,requesting nits when no mapping exists.]
10-28 02:15:15.184 I/am_wtf ( 1152): [0,1152,system_server,-1,DisplayDeviceConfig,requesting nits when no mapping exists.]
10-28 02:15:15.210 I/am_wtf ( 1152): [0,1152,system_server,-1,DisplayDeviceConfig,requesting nits when no mapping exists.]
10-28 02:15:15.211 I/am_wtf ( 1152): [0,1152,system_server,-1,DisplayDeviceConfig,requesting nits when no mapping exists.]
10-28 02:15:15.233 I/am_wtf ( 1152): [0,1152,system_server,-1,DisplayDeviceConfig,requesting nits when no mapping exists.]
10-28 02:15:15.235 I/am_wtf ( 1152): [0,1152,system_server,-1,DisplayDeviceConfig,requesting nits when no mapping exists.]
10-28 02:15:15.282 I/am_wtf ( 1152): [0,1152,system_server,-1,DisplayDeviceConfig,requesting nits when no mapping exists.]
10-28 02:15:15.285 I/am_wtf ( 1152): [0,1152,system_server,-1,DisplayDeviceConfig,requesting nits when no mapping exists.]
10-28 02:15:15.310 I/am_wtf ( 1152): [0,1152,system_server,-1,DisplayDeviceConfig,requesting nits when no mapping exists.]
10-28 02:15:15.312 I/am_wtf ( 1152): [0,1152,system_server,-1,DisplayDeviceConfig,requesting nits when no mapping exists.]
10-28 02:15:15.339 I/am_wtf ( 1152): [0,1152,system_server,-1,DisplayDeviceConfig,requesting nits when no mapping exists.]
10-28 02:15:15.340 I/am_wtf ( 1152): [0,1152,system_server,-1,DisplayDeviceConfig,requesting nits when no mapping exists.]
10-28 02:15:15.367 I/am_wtf ( 1152): [0,1152,system_server,-1,DisplayDeviceConfig,requesting nits when no mapping exists.]
10-28 02:15:15.369 I/am_wtf ( 1152): [0,1152,system_server,-1,DisplayDeviceConfig,requesting nits when no mapping exists.]
10-28 02:15:15.396 I/am_wtf ( 1152): [0,1152,system_server,-1,DisplayDeviceConfig,requesting nits when no mapping exists.]
10-28 02:15:15.398 I/am_wtf ( 1152): [0,1152,system_server,-1,DisplayDeviceConfig,requesting nits when no mapping exists.]
10-28 02:15:15.425 I/am_wtf ( 1152): [0,1152,system_server,-1,DisplayDeviceConfig,requesting nits when no mapping exists.]
10-28 02:15:15.426 I/am_wtf ( 1152): [0,1152,system_server,-1,DisplayDeviceConfig,requesting nits when no mapping exists.]
10-28 02:15:15.454 I/am_wtf ( 1152): [0,1152,system_server,-1,DisplayDeviceConfig,requesting nits when no mapping exists.]
10-28 02:15:15.457 I/am_wtf ( 1152): [0,1152,system_server,-1,DisplayDeviceConfig,requesting nits when no mapping exists.]
10-28 02:15:15.487 I/am_wtf ( 1152): [0,1152,system_server,-1,DisplayDeviceConfig,requesting nits when no mapping exists.]
10-28 02:15:15.489 I/am_wtf ( 1152): [0,1152,system_server,-1,DisplayDeviceConfig,requesting nits when no mapping exists.]
10-28 02:15:15.517 I/am_wtf ( 1152): [0,1152,system_server,-1,DisplayDeviceConfig,requesting nits when no mapping exists.]
10-28 02:15:15.519 I/am_wtf ( 1152): [0,1152,system_server,-1,DisplayDeviceConfig,requesting nits when no mapping exists.]
10-28 02:15:15.521 I/service_manager_stats( 1152): [100,258,131617]
10-28 02:15:15.545 I/am_wtf ( 1152): [0,1152,system_server,-1,DisplayDeviceConfig,requesting nits when no mapping exists.]
10-28 02:15:15.546 I/am_wtf ( 1152): [0,1152,system_server,-1,DisplayDeviceConfig,requesting nits when no mapping exists.]
10-28 02:15:15.574 I/am_wtf ( 1152): [0,1152,system_server,-1,DisplayDeviceConfig,requesting nits when no mapping exists.]
10-28 02:15:15.576 I/am_wtf ( 1152): [0,1152,system_server,-1,DisplayDeviceConfig,requesting nits when no mapping exists.]
10-28 02:15:15.603 I/am_wtf ( 1152): [0,1152,system_server,-1,DisplayDeviceConfig,requesting nits when no mapping exists.]
10-28 02:15:15.605 I/am_wtf ( 1152): [0,1152,system_server,-1,DisplayDeviceConfig,requesting nits when no mapping exists.]
10-28 02:15:15.633 I/am_wtf ( 1152): [0,1152,system_server,-1,DisplayDeviceConfig,requesting nits when no mapping exists.]
10-28 02:15:15.634 I/am_wtf ( 1152): [0,1152,system_server,-1,DisplayDeviceConfig,requesting nits when no mapping exists.]
10-28 02:15:15.660 I/am_wtf ( 1152): [0,1152,system_server,-1,DisplayDeviceConfig,requesting nits when no mapping exists.]
10-28 02:15:15.662 I/am_wtf ( 1152): [0,1152,system_server,-1,DisplayDeviceConfig,requesting nits when no mapping exists.]
10-28 02:15:15.689 I/am_wtf ( 1152): [0,1152,system_server,-1,DisplayDeviceConfig,requesting nits when no mapping exists.]
10-28 02:15:15.690 I/am_wtf ( 1152): [0,1152,system_server,-1,DisplayDeviceConfig,requesting nits when no mapping exists.]
10-28 02:15:15.717 I/am_wtf ( 1152): [0,1152,system_server,-1,DisplayDeviceConfig,requesting nits when no mapping exists.]
10-28 02:15:15.718 I/am_wtf ( 1152): [0,1152,system_server,-1,DisplayDeviceConfig,requesting nits when no mapping exists.]
10-28 02:15:15.745 I/am_wtf ( 1152): [0,1152,system_server,-1,DisplayDeviceConfig,requesting nits when no mapping exists.]
10-28 02:15:15.746 I/am_wtf ( 1152): [0,1152,system_server,-1,DisplayDeviceConfig,requesting nits when no mapping exists.]
10-28 02:15:15.773 I/am_wtf ( 1152): [0,1152,system_server,-1,DisplayDeviceConfig,requesting nits when no mapping exists.]
10-28 02:15:15.800 I/service_manager_slow( 1152): [27,dropbox]
10-28 02:15:15.801 I/am_wtf ( 1152): [0,1152,system_server,-1,DisplayDeviceConfig,requesting nits when no mapping exists.]
10-28 02:15:15.802 I/am_wtf ( 1152): [0,1152,system_server,-1,DisplayDeviceConfig,requesting nits when no mapping exists.]
10-28 02:15:15.804 I/am_wtf ( 1152): [0,1152,system_server,-1,DisplayDeviceConfig,requesting nits when no mapping exists.]
10-28 02:15:15.830 I/am_wtf ( 1152): [0,1152,system_server,-1,DisplayDeviceConfig,requesting nits when no mapping exists.]
10-28 02:15:15.832 I/am_wtf ( 1152): [0,1152,system_server,-1,DisplayDeviceConfig,requesting nits when no mapping exists.]
10-28 02:15:15.861 I/am_wtf ( 1152): [0,1152,system_server,-1,DisplayDeviceConfig,requesting nits when no mapping exists.]
10-28 02:15:15.862 I/am_wtf ( 1152): [0,1152,system_server,-1,DisplayDeviceConfig,requesting nits when no mapping exists.]
10-28 02:15:15.890 I/am_wtf ( 1152): [0,1152,system_server,-1,DisplayDeviceConfig,requesting nits when no mapping exists.]
10-28 02:15:15.891 I/am_wtf ( 1152): [0,1152,system_server,-1,DisplayDeviceConfig,requesting nits when no mapping exists.]
10-28 02:15:15.917 I/am_wtf ( 1152): [0,1152,system_server,-1,DisplayDeviceConfig,requesting nits when no mapping exists.]
10-28 02:15:15.919 I/am_wtf ( 1152): [0,1152,system_server,-1,DisplayDeviceConfig,requesting nits when no mapping exists.]
10-28 02:15:15.946 I/am_wtf ( 1152): [0,1152,system_server,-1,DisplayDeviceConfig,requesting nits when no mapping exists.]
10-28 02:15:15.948 I/am_wtf ( 1152): [0,1152,system_server,-1,DisplayDeviceConfig,requesting nits when no mapping exists.]
10-28 02:15:15.974 I/am_wtf ( 1152): [0,1152,system_server,-1,DisplayDeviceConfig,requesting nits when no mapping exists.]
10-28 02:15:15.975 I/am_wtf ( 1152): [0,1152,system_server,-1,DisplayDeviceConfig,requesting nits when no mapping exists.]
10-28 02:15:21.279 I/am_uid_idle( 1152): 10072
10-28 02:15:21.991 I/sysui_multi_action( 1152): [757,222,758,1]
10-28 02:15:21.994 I/am_uid_active( 1152): 10072
10-28 02:15:22.013 I/wm_task_created( 1152): [46,-1]
10-28 02:15:22.022 I/wm_task_moved( 1152): [46,1,6]
10-28 02:15:22.022 I/wm_task_to_front( 1152): [0,46]
10-28 02:15:22.023 I/wm_create_task( 1152): [0,46]
10-28 02:15:22.023 I/wm_create_activity( 1152): [0,226637248,46,com.android.deskclock/android.service.dreams.DreamActivity,NULL,NULL,NULL,276824064]
10-28 02:15:22.023 I/wm_task_moved( 1152): [46,1,6]
10-28 02:15:22.023 I/wm_on_top_resumed_lost_called( 2641): [231814419,com.android.launcher3.uioverrides.QuickstepLauncher,topStateChangedWhenResumed]
10-28 02:15:22.027 I/wm_pause_activity( 1152): [0,231814419,com.android.launcher3/.uioverrides.QuickstepLauncher,userLeaving=true,pauseBackTasks]
10-28 02:15:22.037 I/wm_on_paused_called( 2641): [231814419,com.android.launcher3.uioverrides.QuickstepLauncher,performPause]
10-28 02:15:22.045 I/wm_add_to_stopping( 1152): [0,231814419,com.android.launcher3/.uioverrides.QuickstepLauncher,makeInvisible]
10-28 02:15:22.046 I/wm_restart_activity( 1152): [0,226637248,46,com.android.deskclock/android.service.dreams.DreamActivity]
10-28 02:15:22.049 I/wm_set_resumed_activity( 1152): [0,com.android.deskclock/android.service.dreams.DreamActivity,minimalResumeActivityLocked]
10-28 02:15:22.068 I/wm_on_create_called( 2812): [226637248,android.service.dreams.DreamActivity,performCreate]
10-28 02:15:22.069 I/wm_on_start_called( 2812): [226637248,android.service.dreams.DreamActivity,handleStartActivity]
10-28 02:15:22.070 I/wm_on_resume_called( 2812): [226637248,android.service.dreams.DreamActivity,RESUME_ACTIVITY]
10-28 02:15:22.086 I/sysui_multi_action( 1152): [757,803,799,window_time_0,802,61]
10-28 02:15:22.088 I/wm_on_top_resumed_gained_called( 2812): [226637248,android.service.dreams.DreamActivity,topStateChangedWhenResumed]
10-28 02:15:22.098 I/input_focus( 1152): [Focus leaving a79836 com.android.launcher3/com.android.launcher3.uioverrides.QuickstepLauncher (server),reason=NO_WINDOW]
10-28 02:15:22.148 I/input_focus( 1152): [Focus request 619a23e com.android.deskclock/android.service.dreams.DreamActivity,reason=UpdateInputWindows]
10-28 02:15:22.155 I/notification_enqueue( 1152): [10087,2084,com.android.systemui,2048,NULL,0,Notification(channel=updateNotification shortcut=null contentView=null vibrate=null sound=null defaults=0x0 flags=0x0 color=0x00000000 vis=PRIVATE),1]
10-28 02:15:22.173 I/sysui_multi_action( 2084): [757,111,758,2]
10-28 02:15:22.176 I/sysui_multi_action( 2084): [757,111,758,2]
10-28 02:15:22.230 I/sysui_multi_action( 1152): [319,203,322,199,325,229,757,761,758,8,759,2,806,com.android.deskclock,871,android.service.dreams.DreamActivity,904,com.android.deskclock,905,0,1320,4,1321,1]
10-28 02:15:22.232 I/sysui_multi_action( 1152): [757,1696,758,6,759,3]
10-28 02:15:22.241 I/sysui_multi_action( 2084): [757,111,758,1]
10-28 02:15:22.241 I/sysui_multi_action( 2084): [757,126,758,1,759,126,927,0,928,1,1593,0]
10-28 02:15:22.241 I/sysui_multi_action( 2084): [757,113,758,1,759,113,927,1,928,1,1593,0]
10-28 02:15:22.242 I/sysui_multi_action( 2084): [757,0,758,1,759,0,927,2,928,0,1593,0]
10-28 02:15:22.242 I/sysui_multi_action( 2084): [757,0,758,1,759,0,927,3,928,0,1593,0]
10-28 02:15:22.243 I/sysui_multi_action( 2084): [757,491,758,1,759,491,927,4,928,0,1311,-1,1593,0]
10-28 02:15:22.246 I/sysui_multi_action( 2084): [757,0,758,1,759,0,927,5,928,0,1593,0]
10-28 02:15:22.246 I/sysui_multi_action( 2084): [757,0,758,1,759,0,927,6,1593,0]
10-28 02:15:22.246 I/sysui_multi_action( 2084): [757,111,758,1]
10-28 02:15:22.246 I/sysui_multi_action( 2084): [757,126,758,1,759,126,927,0,928,1,1593,0]
10-28 02:15:22.246 I/sysui_multi_action( 2084): [757,113,758,1,759,113,927,1,928,1,1593,0]
10-28 02:15:22.246 I/sysui_multi_action( 2084): [757,0,758,1,759,0,927,2,928,0,1593,0]
10-28 02:15:22.247 I/sysui_multi_action( 2084): [757,0,758,1,759,0,927,3,928,0,1593,0]
10-28 02:15:22.255 I/am_wtf ( 1152): [0,1152,system_server,-1,DisplayDeviceConfig,requesting nits when no mapping exists.]
10-28 02:15:22.256 I/am_wtf ( 1152): [0,1152,system_server,-1,DisplayDeviceConfig,requesting nits when no mapping exists.]
10-28 02:15:22.260 I/wm_activity_launch_time( 1152): [0,226637248,com.android.deskclock/android.service.dreams.DreamActivity,199]
10-28 02:15:22.308 I/am_wtf ( 1152): [0,1152,system_server,-1,DisplayDeviceConfig,requesting nits when no mapping exists.]
10-28 02:15:22.310 I/input_focus( 1152): [Focus entering 619a23e com.android.deskclock/android.service.dreams.DreamActivity (server),reason=Window became focusable. Previous reason: NOT_VISIBLE]
10-28 02:15:22.311 I/am_wtf ( 1152): [0,1152,system_server,-1,DisplayDeviceConfig,requesting nits when no mapping exists.]
10-28 02:15:22.361 I/sysui_multi_action( 1152): [757,1501,758,1,793,164266,794,0,795,208,796,2048,806,com.android.systemui,857,updateNotification,858,3,947,0,1500,0,1688,1]
10-28 02:15:22.362 I/sysui_multi_action( 1152): [757,804,799,note_interruptive,801,0,802,1]
10-28 02:15:22.362 I/sysui_multi_action( 1152): [757,199,758,1,759,2,793,164267,794,0,795,209,796,2048,806,com.android.systemui,857,updateNotification,858,3,947,0,1500,1,1688,1]
10-28 02:15:22.363 I/notification_alert( 1152): [0|com.android.systemui|2048|null|10087,0,1,0]
10-28 02:15:22.373 I/am_wtf ( 1152): [0,1152,system_server,-1,DisplayDeviceConfig,requesting nits when no mapping exists.]
10-28 02:15:22.375 I/am_wtf ( 1152): [0,1152,system_server,-1,DisplayDeviceConfig,requesting nits when no mapping exists.]
10-28 02:15:22.423 I/am_wtf ( 1152): [0,1152,system_server,-1,DisplayDeviceConfig,requesting nits when no mapping exists.]
10-28 02:15:22.428 I/am_wtf ( 1152): [0,1152,system_server,-1,DisplayDeviceConfig,requesting nits when no mapping exists.]
10-28 02:15:22.477 I/am_wtf ( 1152): [0,1152,system_server,-1,DisplayDeviceConfig,requesting nits when no mapping exists.]
10-28 02:15:22.480 I/am_wtf ( 1152): [0,1152,system_server,-1,DisplayDeviceConfig,requesting nits when no mapping exists.]
10-28 02:15:22.507 I/am_wtf ( 1152): [0,1152,system_server,-1,DisplayDeviceConfig,requesting nits when no mapping exists.]
10-28 02:15:22.509 I/am_wtf ( 1152): [0,1152,system_server,-1,DisplayDeviceConfig,requesting nits when no mapping exists.]
10-28 02:15:22.524 I/wm_stop_activity( 1152): [0,231814419,com.android.launcher3/.uioverrides.QuickstepLauncher]
10-28 02:15:22.552 I/wm_on_stop_called( 2641): [231814419,com.android.launcher3.uioverrides.QuickstepLauncher,STOP_ACTIVITY_ITEM]
10-28 02:15:22.558 I/am_wtf ( 1152): [0,1152,system_server,-1,DisplayDeviceConfig,requesting nits when no mapping exists.]
10-28 02:15:22.561 I/am_wtf ( 1152): [0,1152,system_server,-1,DisplayDeviceConfig,requesting nits when no mapping exists.]
10-28 02:15:22.609 I/am_wtf ( 1152): [0,1152,system_server,-1,DisplayDeviceConfig,requesting nits when no mapping exists.]
10-28 02:15:22.611 I/am_wtf ( 1152): [0,1152,system_server,-1,DisplayDeviceConfig,requesting nits when no mapping exists.]
10-28 02:15:22.663 I/am_wtf ( 1152): [0,1152,system_server,-1,DisplayDeviceConfig,requesting nits when no mapping exists.]
10-28 02:15:22.665 I/am_wtf ( 1152): [0,1152,system_server,-1,DisplayDeviceConfig,requesting nits when no mapping exists.]
10-28 02:15:22.709 I/am_wtf ( 1152): [0,1152,system_server,-1,DisplayDeviceConfig,requesting nits when no mapping exists.]
10-28 02:15:22.711 I/am_wtf ( 1152): [0,1152,system_server,-1,DisplayDeviceConfig,requesting nits when no mapping exists.]
10-28 02:15:22.740 I/am_wtf ( 1152): [0,1152,system_server,-1,DisplayDeviceConfig,requesting nits when no mapping exists.]
10-28 02:15:22.742 I/am_wtf ( 1152): [0,1152,system_server,-1,DisplayDeviceConfig,requesting nits when no mapping exists.]
10-28 02:15:22.783 I/am_wtf ( 1152): [0,1152,system_server,-1,DisplayDeviceConfig,requesting nits when no mapping exists.]
10-28 02:15:22.786 I/am_wtf ( 1152): [0,1152,system_server,-1,DisplayDeviceConfig,requesting nits when no mapping exists.]
10-28 02:15:22.835 I/am_wtf ( 1152): [0,1152,system_server,-1,DisplayDeviceConfig,requesting nits when no mapping exists.]
10-28 02:15:22.838 I/am_wtf ( 1152): [0,1152,system_server,-1,DisplayDeviceConfig,requesting nits when no mapping exists.]
10-28 02:15:22.882 I/am_wtf ( 1152): [0,1152,system_server,-1,DisplayDeviceConfig,requesting nits when no mapping exists.]
10-28 02:15:22.898 I/service_manager_slow( 1152): [15,dropbox]
10-28 02:15:22.899 I/am_wtf ( 1152): [0,1152,system_server,-1,DisplayDeviceConfig,requesting nits when no mapping exists.]
10-28 02:15:22.917 I/am_wtf ( 1152): [0,1152,system_server,-1,DisplayDeviceConfig,requesting nits when no mapping exists.]
10-28 02:15:22.920 I/am_wtf ( 1152): [0,1152,system_server,-1,DisplayDeviceConfig,requesting nits when no mapping exists.]
10-28 02:15:22.956 I/am_wtf ( 1152): [0,1152,system_server,-1,DisplayDeviceConfig,requesting nits when no mapping exists.]
10-28 02:15:22.958 I/am_wtf ( 1152): [0,1152,system_server,-1,DisplayDeviceConfig,requesting nits when no mapping exists.]
10-28 02:15:23.003 I/am_wtf ( 1152): [0,1152,system_server,-1,DisplayDeviceConfig,requesting nits when no mapping exists.]
10-28 02:15:23.006 I/am_wtf ( 1152): [0,1152,system_server,-1,DisplayDeviceConfig,requesting nits when no mapping exists.]
10-28 02:15:23.043 I/am_wtf ( 1152): [0,1152,system_server,-1,DisplayDeviceConfig,requesting nits when no mapping exists.]
10-28 02:15:23.061 I/service_manager_slow( 1152): [17,dropbox]
10-28 02:15:23.061 I/am_wtf ( 1152): [0,1152,system_server,-1,DisplayDeviceConfig,requesting nits when no mapping exists.]
10-28 02:15:23.074 I/am_wtf ( 1152): [0,1152,system_server,-1,DisplayDeviceConfig,requesting nits when no mapping exists.]
10-28 02:15:23.082 I/am_wtf ( 1152): [0,1152,system_server,-1,DisplayDeviceConfig,requesting nits when no mapping exists.]
10-28 02:15:23.118 I/am_wtf ( 1152): [0,1152,system_server,-1,DisplayDeviceConfig,requesting nits when no mapping exists.]
10-28 02:15:23.121 I/am_wtf ( 1152): [0,1152,system_server,-1,DisplayDeviceConfig,requesting nits when no mapping exists.]
10-28 02:15:23.159 I/am_wtf ( 1152): [0,1152,system_server,-1,DisplayDeviceConfig,requesting nits when no mapping exists.]
10-28 02:15:23.161 I/am_wtf ( 1152): [0,1152,system_server,-1,DisplayDeviceConfig,requesting nits when no mapping exists.]
10-28 02:15:23.200 I/am_wtf ( 1152): [0,1152,system_server,-1,DisplayDeviceConfig,requesting nits when no mapping exists.]
10-28 02:15:23.208 I/am_wtf ( 1152): [0,1152,system_server,-1,DisplayDeviceConfig,requesting nits when no mapping exists.]
10-28 02:15:39.489 I/commit_sys_config_file( 1152): [package-session,196644]
10-28 02:15:39.524 I/commit_sys_config_file( 1152): [package-session,196679]
10-28 02:15:39.554 I/commit_sys_config_file( 1152): [package-session,196709]
10-28 02:15:39.804 I/commit_sys_config_file( 1152): [package-user-0,11]
10-28 02:15:39.804 I/commit_sys_config_file( 1152): [package,145]
10-28 02:15:39.867 I/unknown_sources_enabled( 1152): 1
10-28 02:15:39.869 I/am_uid_active( 1152): 10098
10-28 02:15:39.917 I/commit_sys_config_file( 1152): [package-session,197072]
10-28 02:15:39.927 I/commit_sys_config_file( 1152): [overlays,200265]
10-28 02:15:39.969 I/notification_cancel_all( 1152): [1000,1152,com.thundersoft.notificationtest1,0,0,0,5,NULL]
10-28 02:15:39.990 I/am_uid_running( 1152): 10066
10-28 02:15:40.057 I/am_proc_start( 1152): [0,4146,10066,com.android.gallery3d,broadcast,{com.android.gallery3d/com.android.gallery3d.app.PackagesMonitor}]
10-28 02:15:40.146 I/am_proc_bound( 1152): [0,4146,com.android.gallery3d]
10-28 02:15:53.050 I/input_interaction( 1152): Interaction with: 619a23e com.android.deskclock/android.service.dreams.DreamActivity (server), edge-swipe (server), swipe-up (server), PointerEventDispatcher0 (server),
10-28 02:15:53.059 I/wm_finish_activity( 1152): [0,226637248,46,com.android.deskclock/android.service.dreams.DreamActivity,finish-activity]
10-28 02:15:53.060 I/wm_task_moved( 1152): [1,1,5]
10-28 02:15:53.061 I/wm_task_moved( 1152): [44,1,2147483647]
10-28 02:15:53.061 I/wm_task_to_front( 1152): [0,44]
10-28 02:15:53.061 I/wm_focused_root_task( 1152): [0,0,1,46,finish-top adjustFocusToNextFocusableTask]
10-28 02:15:53.062 I/wm_set_resumed_activity( 1152): [0,com.android.launcher3/.uioverrides.QuickstepLauncher,finish-top adjustFocusToNextFocusableTask]
10-28 02:15:53.064 I/wm_pause_activity( 1152): [0,226637248,com.android.deskclock/android.service.dreams.DreamActivity,userLeaving=false,finish]
10-28 02:15:53.078 I/sysui_multi_action( 1152): [757,803,799,window_time_0,802,31]
10-28 02:15:53.081 I/wm_on_top_resumed_lost_called( 2812): [226637248,android.service.dreams.DreamActivity,topStateChangedWhenResumed]
10-28 02:15:53.084 I/wm_on_paused_called( 2812): [226637248,android.service.dreams.DreamActivity,performPause]
10-28 02:15:53.086 I/wm_add_to_stopping( 1152): [0,226637248,com.android.deskclock/android.service.dreams.DreamActivity,completeFinishing]
10-28 02:15:53.091 I/wm_set_resumed_activity( 1152): [0,com.android.launcher3/.uioverrides.QuickstepLauncher,resumeTopActivityInnerLocked]
10-28 02:15:53.098 I/wm_resume_activity( 1152): [0,231814419,44,com.android.launcher3/.uioverrides.QuickstepLauncher]
10-28 02:15:53.113 I/view_enqueue_input_event( 2812): [Motion - Cancel,com.android.deskclock/android.service.dreams.DreamActivity]
10-28 02:15:53.113 I/input_focus( 1152): [Focus leaving 619a23e com.android.deskclock/android.service.dreams.DreamActivity (server),reason=NO_WINDOW]
10-28 02:15:53.115 I/sysui_multi_action( 1152): [757,803,799,window_time_0,802,0]
10-28 02:15:53.122 I/wm_on_restart_called( 2641): [231814419,com.android.launcher3.uioverrides.QuickstepLauncher,performRestartActivity]
10-28 02:15:53.123 I/wm_on_start_called( 2641): [231814419,com.android.launcher3.uioverrides.QuickstepLauncher,handleStartActivity]
10-28 02:15:53.124 I/wm_on_resume_called( 2641): [231814419,com.android.launcher3.uioverrides.QuickstepLauncher,RESUME_ACTIVITY]
10-28 02:15:53.124 I/wm_on_top_resumed_gained_called( 2641): [231814419,com.android.launcher3.uioverrides.QuickstepLauncher,topWhenResuming]
10-28 02:15:53.149 I/input_focus( 1152): [Focus request a79836 com.android.launcher3/com.android.launcher3.uioverrides.QuickstepLauncher,reason=UpdateInputWindows]
10-28 02:15:53.170 I/service_manager_stats( 1152): [100,223,37650]
10-28 02:15:53.216 I/input_focus( 1152): [Focus entering a79836 com.android.launcher3/com.android.launcher3.uioverrides.QuickstepLauncher (server),reason=Window became focusable. Previous reason: NOT_VISIBLE]
10-28 02:15:53.453 I/wm_destroy_activity( 1152): [0,226637248,46,com.android.deskclock/android.service.dreams.DreamActivity,finish-imm:idle]
10-28 02:15:53.475 I/wm_on_stop_called( 2812): [226637248,android.service.dreams.DreamActivity,LIFECYCLER_STOP_ACTIVITY]
10-28 02:15:53.479 I/wm_on_destroy_called( 2812): [226637248,android.service.dreams.DreamActivity,performDestroy]
10-28 02:15:53.493 I/sysui_multi_action( 1152): [757,222,758,2]
10-28 02:15:53.493 I/sysui_multi_action( 1152): [757,804,799,dreaming_minutes,801,0,802,1]
10-28 02:15:53.523 I/wm_task_removed( 1152): [46,removeChild:removeChild last r=ActivityRecord{d8235c0 u0 com.android.deskclock/android.service.dreams.DreamActivity t-1 f}} in t=Task{e262625 #46 type=dream A=10072:android:com.android.deskclock/dream U=0 visible=false mode=fullscreen translucent=true sz=0}]
10-28 02:15:53.524 I/wm_task_removed( 1152): [46,removeChild]
10-28 02:15:54.086 I/input_interaction( 1152): Interaction with: a79836 com.android.launcher3/com.android.launcher3.uioverrides.QuickstepLauncher (server), 33945f com.android.systemui.ImageWallpaper (server), edge-swipe (server), swipe-up (server), PointerEventDispatcher0 (server),
10-28 02:15:56.003 I/wm_task_created( 1152): [47,-1]
10-28 02:15:56.023 I/wm_task_moved( 1152): [47,1,6]
10-28 02:15:56.023 I/wm_task_to_front( 1152): [0,47]
10-28 02:15:56.024 I/wm_create_task( 1152): [0,47]
10-28 02:15:56.024 I/wm_create_activity( 1152): [0,176413639,47,com.thundersoft.notificationtest1/.MainActivity,android.intent.action.MAIN,NULL,NULL,270532608]
10-28 02:15:56.024 I/wm_task_moved( 1152): [47,1,6]
10-28 02:15:56.028 I/wm_pause_activity( 1152): [0,231814419,com.android.launcher3/.uioverrides.QuickstepLauncher,userLeaving=true,pauseBackTasks]
10-28 02:15:56.038 I/wm_on_top_resumed_lost_called( 2641): [231814419,com.android.launcher3.uioverrides.QuickstepLauncher,topStateChangedWhenResumed]
10-28 02:15:56.040 I/wm_on_paused_called( 2641): [231814419,com.android.launcher3.uioverrides.QuickstepLauncher,performPause]
10-28 02:15:56.050 I/wm_add_to_stopping( 1152): [0,231814419,com.android.launcher3/.uioverrides.QuickstepLauncher,makeInvisible]
10-28 02:15:56.071 I/am_uid_running( 1152): 10101
10-28 02:15:56.079 I/sysui_multi_action( 1152): [757,803,799,window_time_0,802,3]
10-28 02:15:56.083 I/input_focus( 1152): [Focus leaving a79836 com.android.launcher3/com.android.launcher3.uioverrides.QuickstepLauncher (server),reason=NO_WINDOW]
10-28 02:15:56.148 I/am_proc_start( 1152): [0,4183,10101,com.thundersoft.notificationtest1,pre-top-activity,{com.thundersoft.notificationtest1/com.thundersoft.notificationtest1.MainActivity}]
10-28 02:15:56.503 I/am_proc_bound( 1152): [0,4183,com.thundersoft.notificationtest1]
10-28 02:15:56.512 I/wm_restart_activity( 1152): [0,176413639,47,com.thundersoft.notificationtest1/.MainActivity]
10-28 02:15:56.515 I/wm_set_resumed_activity( 1152): [0,com.thundersoft.notificationtest1/.MainActivity,minimalResumeActivityLocked]
10-28 02:15:56.521 I/am_uid_active( 1152): 10101
10-28 02:15:56.929 I/wm_on_create_called( 4183): [176413639,com.thundersoft.notificationtest1.MainActivity,performCreate]
10-28 02:15:56.934 I/wm_on_start_called( 4183): [176413639,com.thundersoft.notificationtest1.MainActivity,handleStartActivity]
10-28 02:15:56.937 I/wm_on_resume_called( 4183): [176413639,com.thundersoft.notificationtest1.MainActivity,RESUME_ACTIVITY]
10-28 02:15:56.975 I/wm_on_top_resumed_gained_called( 4183): [176413639,com.thundersoft.notificationtest1.MainActivity,topStateChangedWhenResumed]
10-28 02:15:57.024 I/input_focus( 1152): [Focus request a5068a2 com.thundersoft.notificationtest1/com.thundersoft.notificationtest1.MainActivity,reason=UpdateInputWindows]
10-28 02:15:57.382 I/sysui_multi_action( 1152): [319,155,321,148,322,1392,325,263,757,761,758,7,759,1,806,com.thundersoft.notificationtest1,871,com.thundersoft.notificationtest1.MainActivity,904,com.android.launcher3,905,0,945,522,1320,12,1321,1]
10-28 02:15:57.384 I/wm_activity_launch_time( 1152): [0,176413639,com.thundersoft.notificationtest1/.MainActivity,1392]
10-28 02:15:57.391 I/input_focus( 1152): [Focus entering a5068a2 com.thundersoft.notificationtest1/com.thundersoft.notificationtest1.MainActivity (server),reason=Window became focusable. Previous reason: NOT_VISIBLE]
10-28 02:15:57.392 I/wm_stop_activity( 1152): [0,231814419,com.android.launcher3/.uioverrides.QuickstepLauncher]
10-28 02:15:57.402 I/wm_on_stop_called( 2641): [231814419,com.android.launcher3.uioverrides.QuickstepLauncher,STOP_ACTIVITY_ITEM]
10-28 02:15:58.751 I/input_interaction( 1152): Interaction with: a5068a2 com.thundersoft.notificationtest1/com.thundersoft.notificationtest1.MainActivity (server), edge-swipe (server), swipe-up (server), PointerEventDispatcher0 (server),
10-28 02:16:01.626 I/service_manager_slow( 1152): [11,platform_compat]
10-28 02:16:01.810 I/input_interaction( 1152): Interaction with: a5068a2 com.thundersoft.notificationtest1/com.thundersoft.notificationtest1.MainActivity (server), PointerEventDispatcher0 (server),
10-28 02:16:06.107 I/commit_sys_config_file( 1152): [package-user-0,18]
10-28 02:16:06.108 I/input_interaction( 1152): Interaction with: 1fbb4c4 InputMethod (server), edge-swipe (server), swipe-up (server), PointerEventDispatcher0 (server),
10-28 02:16:10.329 I/input_interaction( 1152): Interaction with: a5068a2 com.thundersoft.notificationtest1/com.thundersoft.notificationtest1.MainActivity (server), edge-swipe (server), swipe-up (server), PointerEventDispatcher0 (server),
10-28 02:16:10.430 I/sysui_multi_action( 1152): [757,856,758,1,806,com.thundersoft.notificationtest1,857,11,858,3]
10-28 02:16:10.441 I/notification_enqueue( 1152): [10101,4183,com.thundersoft.notificationtest1,0,NULL,0,Notification(channel=11 shortcut=null contentView=null vibrate=null sound=null defaults=0x0 flags=0x0 color=0x00000000 vis=PRIVATE),0]
10-28 02:16:10.442 I/sysui_multi_action( 1152): [757,856,758,1,806,com.thundersoft.notificationtest1,857,111,858,3]
10-28 02:16:10.446 I/notification_enqueue( 1152): [10101,4183,com.thundersoft.notificationtest1,1,NULL,0,Notification(channel=111 shortcut=null contentView=null vibrate=null sound=null defaults=0x0 flags=0x0 color=0x00000000 vis=PRIVATE),0]
10-28 02:16:10.446 I/sysui_multi_action( 1152): [757,856,758,1,806,com.thundersoft.notificationtest1,857,1111,858,3]
10-28 02:16:10.458 I/notification_enqueue( 1152): [10101,4183,com.thundersoft.notificationtest1,2,NULL,0,Notification(channel=1111 shortcut=null contentView=null vibrate=null sound=null defaults=0x0 flags=0x0 color=0x00000000 vis=PRIVATE),0]
10-28 02:16:10.458 I/sysui_multi_action( 1152): [757,856,758,1,806,com.thundersoft.notificationtest1,857,11111,858,3]
10-28 02:16:10.464 I/notification_enqueue( 1152): [10101,4183,com.thundersoft.notificationtest1,3,NULL,0,Notification(channel=11111 shortcut=null contentView=null vibrate=null sound=null defaults=0x0 flags=0x0 color=0x00000000 vis=PRIVATE),0]
10-28 02:16:10.464 I/sysui_multi_action( 1152): [757,856,758,1,806,com.thundersoft.notificationtest1,857,111111,858,3]
10-28 02:16:10.469 I/notification_enqueue( 1152): [10101,4183,com.thundersoft.notificationtest1,4,NULL,0,Notification(channel=111111 shortcut=null contentView=null vibrate=null sound=null defaults=0x0 flags=0x0 color=0x00000000 vis=PRIVATE),0]
10-28 02:16:10.470 I/sysui_multi_action( 1152): [757,856,758,1,806,com.thundersoft.notificationtest1,857,1111111,858,3]
10-28 02:16:10.475 I/sysui_multi_action( 1152): [757,856,758,1,806,com.thundersoft.notificationtest1,857,11111111,858,3]
10-28 02:16:10.476 I/notification_enqueue( 1152): [10101,4183,com.thundersoft.notificationtest1,5,NULL,0,Notification(channel=1111111 shortcut=null contentView=null vibrate=null sound=null defaults=0x0 flags=0x0 color=0x00000000 vis=PRIVATE),0]
10-28 02:16:10.482 I/sysui_multi_action( 1152): [757,856,758,1,806,com.thundersoft.notificationtest1,857,111111111,858,3]
10-28 02:16:10.489 I/notification_enqueue( 1152): [10101,4183,com.thundersoft.notificationtest1,6,NULL,0,Notification(channel=11111111 shortcut=null contentView=null vibrate=null sound=null defaults=0x0 flags=0x0 color=0x00000000 vis=PRIVATE),0]
10-28 02:16:10.489 I/sysui_multi_action( 1152): [757,856,758,1,806,com.thundersoft.notificationtest1,857,1111111111,858,3]
10-28 02:16:10.489 I/notification_enqueue( 1152): [10101,4183,com.thundersoft.notificationtest1,7,NULL,0,Notification(channel=111111111 shortcut=null contentView=null vibrate=null sound=null defaults=0x0 flags=0x0 color=0x00000000 vis=PRIVATE),0]
10-28 02:16:10.494 I/notification_enqueue( 1152): [10101,4183,com.thundersoft.notificationtest1,8,NULL,0,Notification(channel=1111111111 shortcut=null contentView=null vibrate=null sound=null defaults=0x0 flags=0x0 color=0x00000000 vis=PRIVATE),0]
10-28 02:16:10.494 I/sysui_multi_action( 1152): [757,856,758,1,806,com.thundersoft.notificationtest1,857,11111111111,858,3]
10-28 02:16:10.499 I/notification_enqueue( 1152): [10101,4183,com.thundersoft.notificationtest1,9,NULL,0,Notification(channel=11111111111 shortcut=null contentView=null vibrate=null sound=null defaults=0x0 flags=0x0 color=0x00000000 vis=PRIVATE),0]
10-28 02:16:10.499 I/sysui_multi_action( 1152): [757,856,758,1,806,com.thundersoft.notificationtest1,857,111111111111,858,3]
10-28 02:16:10.504 I/notification_enqueue( 1152): [10101,4183,com.thundersoft.notificationtest1,10,NULL,0,Notification(channel=111111111111 shortcut=null contentView=null vibrate=null sound=null defaults=0x0 flags=0x0 color=0x00000000 vis=PRIVATE),0]
10-28 02:16:10.504 I/sysui_multi_action( 1152): [757,856,758,1,806,com.thundersoft.notificationtest1,857,1111111111111,858,3]
10-28 02:16:10.508 I/notification_enqueue( 1152): [10101,4183,com.thundersoft.notificationtest1,11,NULL,0,Notification(channel=1111111111111 shortcut=null contentView=null vibrate=null sound=null defaults=0x0 flags=0x0 color=0x00000000 vis=PRIVATE),0]
10-28 02:16:10.509 I/sysui_multi_action( 1152): [757,856,758,1,806,com.thundersoft.notificationtest1,857,11111111111111,858,3]
10-28 02:16:10.515 I/notification_enqueue( 1152): [10101,4183,com.thundersoft.notificationtest1,12,NULL,0,Notification(channel=11111111111111 shortcut=null contentView=null vibrate=null sound=null defaults=0x0 flags=0x0 color=0x00000000 vis=PRIVATE),0]
10-28 02:16:10.516 I/sysui_multi_action( 1152): [757,856,758,1,806,com.thundersoft.notificationtest1,857,111111111111111,858,3]
10-28 02:16:10.521 I/notification_enqueue( 1152): [10101,4183,com.thundersoft.notificationtest1,13,NULL,0,Notification(channel=111111111111111 shortcut=null contentView=null vibrate=null sound=null defaults=0x0 flags=0x0 color=0x00000000 vis=PRIVATE),0]
