10-28 02:20:44.538 I/am_wtf ( 1152): [0,1152,system_server,-1,DisplayDeviceConfig,requesting nits when no mapping exists.]
10-28 02:20:44.539 I/am_wtf ( 1152): [0,1152,system_server,-1,DisplayDeviceConfig,requesting nits when no mapping exists.]
10-28 02:20:44.564 I/am_wtf ( 1152): [0,1152,system_server,-1,DisplayDeviceConfig,requesting nits when no mapping exists.]
10-28 02:20:44.566 I/am_wtf ( 1152): [0,1152,system_server,-1,DisplayDeviceConfig,requesting nits when no mapping exists.]
10-28 02:20:44.590 I/am_wtf ( 1152): [0,1152,system_server,-1,DisplayDeviceConfig,requesting nits when no mapping exists.]
10-28 02:20:44.591 I/am_wtf ( 1152): [0,1152,system_server,-1,DisplayDeviceConfig,requesting nits when no mapping exists.]
10-28 02:20:44.617 I/am_wtf ( 1152): [0,1152,system_server,-1,DisplayDeviceConfig,requesting nits when no mapping exists.]
10-28 02:20:44.618 I/am_wtf ( 1152): [0,1152,system_server,-1,DisplayDeviceConfig,requesting nits when no mapping exists.]
10-28 02:20:44.643 I/am_wtf ( 1152): [0,1152,system_server,-1,DisplayDeviceConfig,requesting nits when no mapping exists.]
10-28 02:20:44.644 I/am_wtf ( 1152): [0,1152,system_server,-1,DisplayDeviceConfig,requesting nits when no mapping exists.]
10-28 02:20:44.671 I/am_wtf ( 1152): [0,1152,system_server,-1,DisplayDeviceConfig,requesting nits when no mapping exists.]
10-28 02:20:44.672 I/am_wtf ( 1152): [0,1152,system_server,-1,DisplayDeviceConfig,requesting nits when no mapping exists.]
10-28 02:20:44.701 I/am_wtf ( 1152): [0,1152,system_server,-1,DisplayDeviceConfig,requesting nits when no mapping exists.]
10-28 02:20:44.702 I/am_wtf ( 1152): [0,1152,system_server,-1,DisplayDeviceConfig,requesting nits when no mapping exists.]
10-28 02:20:44.727 I/am_wtf ( 1152): [0,1152,system_server,-1,DisplayDeviceConfig,requesting nits when no mapping exists.]
10-28 02:20:44.728 I/am_wtf ( 1152): [0,1152,system_server,-1,DisplayDeviceConfig,requesting nits when no mapping exists.]
10-28 02:20:44.758 I/am_wtf ( 1152): [0,1152,system_server,-1,DisplayDeviceConfig,requesting nits when no mapping exists.]
10-28 02:20:44.759 I/am_wtf ( 1152): [0,1152,system_server,-1,DisplayDeviceConfig,requesting nits when no mapping exists.]
10-28 02:20:44.803 I/am_wtf ( 1152): [0,1152,system_server,-1,DisplayDeviceConfig,requesting nits when no mapping exists.]
10-28 02:20:44.804 I/am_wtf ( 1152): [0,1152,system_server,-1,DisplayDeviceConfig,requesting nits when no mapping exists.]
10-28 02:20:44.834 I/am_wtf ( 1152): [0,1152,system_server,-1,DisplayDeviceConfig,requesting nits when no mapping exists.]
10-28 02:20:44.872 I/service_manager_slow( 1152): [37,dropbox]
10-28 02:20:44.872 I/am_wtf ( 1152): [0,1152,system_server,-1,DisplayDeviceConfig,requesting nits when no mapping exists.]
10-28 02:20:44.873 I/am_wtf ( 1152): [0,1152,system_server,-1,DisplayDeviceConfig,requesting nits when no mapping exists.]
10-28 02:20:44.874 I/am_wtf ( 1152): [0,1152,system_server,-1,DisplayDeviceConfig,requesting nits when no mapping exists.]
10-28 02:20:44.909 I/am_wtf ( 1152): [0,1152,system_server,-1,DisplayDeviceConfig,requesting nits when no mapping exists.]
10-28 02:20:44.910 I/am_wtf ( 1152): [0,1152,system_server,-1,DisplayDeviceConfig,requesting nits when no mapping exists.]
10-28 02:20:44.947 I/am_wtf ( 1152): [0,1152,system_server,-1,DisplayDeviceConfig,requesting nits when no mapping exists.]
10-28 02:20:44.948 I/am_wtf ( 1152): [0,1152,system_server,-1,DisplayDeviceConfig,requesting nits when no mapping exists.]
10-28 02:20:44.993 I/am_wtf ( 1152): [0,1152,system_server,-1,DisplayDeviceConfig,requesting nits when no mapping exists.]
10-28 02:20:44.994 I/am_wtf ( 1152): [0,1152,system_server,-1,DisplayDeviceConfig,requesting nits when no mapping exists.]
10-28 02:20:45.025 I/am_wtf ( 1152): [0,1152,system_server,-1,DisplayDeviceConfig,requesting nits when no mapping exists.]
10-28 02:20:45.026 I/am_wtf ( 1152): [0,1152,system_server,-1,DisplayDeviceConfig,requesting nits when no mapping exists.]
10-28 02:20:45.053 I/am_wtf ( 1152): [0,1152,system_server,-1,DisplayDeviceConfig,requesting nits when no mapping exists.]
10-28 02:20:45.054 I/am_wtf ( 1152): [0,1152,system_server,-1,DisplayDeviceConfig,requesting nits when no mapping exists.]
10-28 02:20:45.080 I/am_wtf ( 1152): [0,1152,system_server,-1,DisplayDeviceConfig,requesting nits when no mapping exists.]
10-28 02:20:45.082 I/am_wtf ( 1152): [0,1152,system_server,-1,DisplayDeviceConfig,requesting nits when no mapping exists.]
10-28 02:20:45.113 I/am_wtf ( 1152): [0,1152,system_server,-1,DisplayDeviceConfig,requesting nits when no mapping exists.]
10-28 02:20:45.119 I/am_wtf ( 1152): [0,1152,system_server,-1,DisplayDeviceConfig,requesting nits when no mapping exists.]
10-28 02:20:45.142 I/am_wtf ( 1152): [0,1152,system_server,-1,DisplayDeviceConfig,requesting nits when no mapping exists.]
10-28 02:20:45.147 I/am_wtf ( 1152): [0,1152,system_server,-1,DisplayDeviceConfig,requesting nits when no mapping exists.]
10-28 02:20:45.185 I/am_wtf ( 1152): [0,1152,system_server,-1,DisplayDeviceConfig,requesting nits when no mapping exists.]
10-28 02:20:45.186 I/am_wtf ( 1152): [0,1152,system_server,-1,DisplayDeviceConfig,requesting nits when no mapping exists.]
10-28 02:20:45.212 I/am_wtf ( 1152): [0,1152,system_server,-1,DisplayDeviceConfig,requesting nits when no mapping exists.]
10-28 02:20:45.213 I/service_manager_stats( 1152): [100,163,61143]
10-28 02:20:45.213 I/am_wtf ( 1152): [0,1152,system_server,-1,DisplayDeviceConfig,requesting nits when no mapping exists.]
10-28 02:20:45.239 I/am_wtf ( 1152): [0,1152,system_server,-1,DisplayDeviceConfig,requesting nits when no mapping exists.]
10-28 02:20:45.240 I/am_wtf ( 1152): [0,1152,system_server,-1,DisplayDeviceConfig,requesting nits when no mapping exists.]
10-28 02:20:45.266 I/am_wtf ( 1152): [0,1152,system_server,-1,DisplayDeviceConfig,requesting nits when no mapping exists.]
10-28 02:20:45.267 I/am_wtf ( 1152): [0,1152,system_server,-1,DisplayDeviceConfig,requesting nits when no mapping exists.]
10-28 02:20:51.315 I/sysui_multi_action( 1152): [757,222,758,1]
10-28 02:20:51.319 I/am_uid_active( 1152): 10072
10-28 02:20:51.347 I/wm_task_created( 1152): [49,-1]
10-28 02:20:51.351 I/wm_task_moved( 1152): [49,1,7]
10-28 02:20:51.351 I/wm_task_to_front( 1152): [0,49]
10-28 02:20:51.351 I/wm_create_task( 1152): [0,49]
10-28 02:20:51.352 I/wm_create_activity( 1152): [0,175571500,49,com.android.deskclock/android.service.dreams.DreamActivity,NULL,NULL,NULL,276824064]
10-28 02:20:51.352 I/wm_task_moved( 1152): [49,1,7]
10-28 02:20:51.352 I/wm_on_top_resumed_lost_called( 2641): [231814419,com.android.launcher3.uioverrides.QuickstepLauncher,topStateChangedWhenResumed]
10-28 02:20:51.354 I/wm_pause_activity( 1152): [0,231814419,com.android.launcher3/.uioverrides.QuickstepLauncher,userLeaving=true,pauseBackTasks]
10-28 02:20:51.363 I/am_pss ( 1152): [2641,10081,com.android.launcher3,107897856,91873280,0,247369728,0,2,13]
10-28 02:20:51.379 I/am_pss ( 1152): [4183,10101,com.thundersoft.notificationtest1,32852992,23920640,0,152338432,0,15,13]
10-28 02:20:51.391 I/input_focus( 1152): [Focus request a79836 com.android.launcher3/com.android.launcher3.uioverrides.QuickstepLauncher,reason=UpdateInputWindows]
10-28 02:20:51.392 I/wm_on_paused_called( 2641): [231814419,com.android.launcher3.uioverrides.QuickstepLauncher,performPause]
10-28 02:20:51.393 I/am_pss ( 1152): [3466,1000,com.qti.diagservices,6038528,4096000,0,94949376,0,10,10]
10-28 02:20:51.396 I/wm_add_to_stopping( 1152): [0,231814419,com.android.launcher3/.uioverrides.QuickstepLauncher,makeInvisible]
10-28 02:20:51.397 I/wm_restart_activity( 1152): [0,175571500,49,com.android.deskclock/android.service.dreams.DreamActivity]
10-28 02:20:51.400 I/wm_set_resumed_activity( 1152): [0,com.android.deskclock/android.service.dreams.DreamActivity,minimalResumeActivityLocked]
10-28 02:20:51.412 I/input_focus( 1152): [Focus leaving 31b65cc NotificationShade (server),reason=NOT_FOCUSABLE]
10-28 02:20:51.413 I/input_focus( 1152): [Focus entering a79836 com.android.launcher3/com.android.launcher3.uioverrides.QuickstepLauncher (server),reason=setFocusedWindow]
10-28 02:20:51.424 I/sysui_multi_action( 1152): [757,803,799,window_time_0,802,178]
10-28 02:20:51.426 I/wm_on_create_called( 2812): [175571500,android.service.dreams.DreamActivity,performCreate]
10-28 02:20:51.427 I/wm_on_start_called( 2812): [175571500,android.service.dreams.DreamActivity,handleStartActivity]
10-28 02:20:51.434 I/dvm_lock_sample( 1152): [system_server,1,Binder:1152_8,5,ActivityClientController.java,1138,void com.android.server.wm.ActivityClientController.overridePendingTransition(android.os.IBinder, java.lang.String, int, int),TaskChangeNotificationController.java,330,void com.android.server.wm.TaskChangeNotificationController.forAllRemoteListeners(com.android.server.wm.TaskChangeNotificationController$TaskStackConsumer, android.os.Message),1]
10-28 02:20:51.435 I/wm_on_resume_called( 2812): [175571500,android.service.dreams.DreamActivity,RESUME_ACTIVITY]
10-28 02:20:51.436 I/input_focus( 1152): [Focus leaving a79836 com.android.launcher3/com.android.launcher3.uioverrides.QuickstepLauncher (server),reason=NO_WINDOW]
10-28 02:20:51.455 I/wm_on_top_resumed_gained_called( 2812): [175571500,android.service.dreams.DreamActivity,topStateChangedWhenResumed]
10-28 02:20:51.500 I/input_focus( 1152): [Focus request 5556ac4 com.android.deskclock/android.service.dreams.DreamActivity,reason=UpdateInputWindows]
10-28 02:20:51.550 I/sysui_multi_action( 2084): [757,111,758,2]
10-28 02:20:51.550 I/notification_enqueue( 1152): [10087,2084,com.android.systemui,2048,NULL,0,Notification(channel=updateNotification shortcut=null contentView=null vibrate=null sound=null defaults=0x0 flags=0x0 color=0x00000000 vis=PRIVATE),1]
10-28 02:20:51.551 I/sysui_multi_action( 2084): [757,111,758,2]
10-28 02:20:51.571 I/sysui_multi_action( 1152): [757,1696,758,6,759,3]
10-28 02:20:51.572 I/sysui_multi_action( 1152): [319,216,322,214,325,558,757,761,758,8,759,2,806,com.android.deskclock,871,android.service.dreams.DreamActivity,904,com.android.deskclock,905,0,1320,4,1321,1]
10-28 02:20:51.575 I/wm_activity_launch_time( 1152): [0,175571500,com.android.deskclock/android.service.dreams.DreamActivity,214]
10-28 02:20:51.577 I/dvm_lock_sample( 1152): [system_server,0,Binder:1152_2,40,ActivityClientController.java,144,void com.android.server.wm.ActivityClientController.activityIdle(android.os.IBinder, android.content.res.Configuration, boolean),ActivityTaskManagerService.java,5276,void com.android.server.wm.ActivityTaskManagerService$LocalService.notifyKeyguardFlagsChanged(java.lang.Runnable, int),8]
10-28 02:20:51.584 I/am_wtf ( 1152): [0,1152,system_server,-1,DisplayDeviceConfig,requesting nits when no mapping exists.]
10-28 02:20:51.587 I/am_wtf ( 1152): [0,1152,system_server,-1,DisplayDeviceConfig,requesting nits when no mapping exists.]
10-28 02:20:51.617 I/am_wtf ( 1152): [0,1152,system_server,-1,DisplayDeviceConfig,requesting nits when no mapping exists.]
10-28 02:20:51.618 I/am_wtf ( 1152): [0,1152,system_server,-1,DisplayDeviceConfig,requesting nits when no mapping exists.]
10-28 02:20:51.640 I/sysui_multi_action( 2084): [757,111,758,1]
10-28 02:20:51.640 I/sysui_multi_action( 2084): [757,126,758,1,759,126,927,0,928,1,1593,0]
10-28 02:20:51.641 I/sysui_multi_action( 2084): [757,113,758,1,759,113,927,1,928,1,1593,0]
10-28 02:20:51.641 I/sysui_multi_action( 2084): [757,0,758,1,759,0,927,2,928,0,1593,0]
10-28 02:20:51.641 I/sysui_multi_action( 2084): [757,0,758,1,759,0,927,3,928,0,1593,0]
10-28 02:20:51.643 I/sysui_multi_action( 2084): [757,491,758,1,759,491,927,4,928,0,1311,-1,1593,0]
10-28 02:20:51.646 I/sysui_multi_action( 2084): [757,0,758,1,759,0,927,5,928,0,1593,0]
10-28 02:20:51.647 I/sysui_multi_action( 2084): [757,0,758,1,759,0,927,6,1593,0]
10-28 02:20:51.647 I/sysui_multi_action( 2084): [757,111,758,1]
10-28 02:20:51.647 I/sysui_multi_action( 2084): [757,126,758,1,759,126,927,0,928,1,1593,1]
10-28 02:20:51.647 I/sysui_multi_action( 2084): [757,113,758,1,759,113,927,1,928,1,1593,1]
10-28 02:20:51.647 I/sysui_multi_action( 2084): [757,0,758,1,759,0,927,2,928,0,1593,1]
10-28 02:20:51.647 I/sysui_multi_action( 2084): [757,0,758,1,759,0,927,3,928,0,1593,1]
10-28 02:20:51.696 I/am_wtf ( 1152): [0,1152,system_server,-1,DisplayDeviceConfig,requesting nits when no mapping exists.]
10-28 02:20:51.698 I/am_wtf ( 1152): [0,1152,system_server,-1,DisplayDeviceConfig,requesting nits when no mapping exists.]
10-28 02:20:51.699 I/input_focus( 1152): [Focus entering 5556ac4 com.android.deskclock/android.service.dreams.DreamActivity (server),reason=Window became focusable. Previous reason: NOT_VISIBLE]
10-28 02:20:51.702 I/sysui_multi_action( 2084): [757,111,758,2]
10-28 02:20:51.702 I/sysui_multi_action( 2084): [757,111,758,2]
10-28 02:20:51.704 I/notification_enqueue( 1152): [10087,2084,com.android.systemui,2048,NULL,0,Notification(channel=updateNotification shortcut=null contentView=null vibrate=null sound=null defaults=0x0 flags=0x0 color=0x00000000 vis=PRIVATE),1]
10-28 02:20:51.709 I/sysui_multi_action( 2084): [757,111,758,1]
10-28 02:20:51.709 I/sysui_multi_action( 2084): [757,126,758,1,759,126,927,0,928,1,1593,0]
10-28 02:20:51.709 I/sysui_multi_action( 2084): [757,113,758,1,759,113,927,1,928,1,1593,0]
10-28 02:20:51.709 I/sysui_multi_action( 2084): [757,0,758,1,759,0,927,2,928,0,1593,0]
10-28 02:20:51.710 I/sysui_multi_action( 2084): [757,0,758,1,759,0,927,3,928,0,1593,0]
10-28 02:20:51.710 I/sysui_multi_action( 2084): [757,491,758,1,759,491,927,4,928,0,1311,-1,1593,0]
10-28 02:20:51.710 I/sysui_multi_action( 2084): [757,0,758,1,759,0,927,5,928,0,1593,0]
10-28 02:20:51.710 I/sysui_multi_action( 2084): [757,0,758,1,759,0,927,6,1593,0]
10-28 02:20:51.710 I/sysui_multi_action( 2084): [757,111,758,1]
10-28 02:20:51.711 I/sysui_multi_action( 2084): [757,126,758,1,759,126,927,0,928,1,1593,0]
10-28 02:20:51.711 I/sysui_multi_action( 2084): [757,113,758,1,759,113,927,1,928,1,1593,0]
10-28 02:20:51.711 I/sysui_multi_action( 2084): [757,0,758,1,759,0,927,2,928,0,1593,0]
10-28 02:20:51.711 I/sysui_multi_action( 2084): [757,0,758,1,759,0,927,3,928,0,1593,0]
10-28 02:20:51.730 I/sysui_multi_action( 1152): [757,128,758,2,793,186468,794,66977,795,186468,796,30,798,25,806,com.thundersoft.notificationtest1,857,111111111111111111111111111-ec34e860,858,3,946,ranker_group,947,0,1395,47,1500,186098,1688,1]
10-28 02:20:51.730 I/notification_visibility( 1152): [0|com.thundersoft.notificationtest1|30|null|10101,0,186468,186468,0,25]
10-28 02:20:51.730 I/sysui_multi_action( 1152): [757,128,758,2,793,186464,794,66977,795,186464,796,31,798,24,806,com.thundersoft.notificationtest1,857,111111111111111111111111111-9a6823d1,858,3,946,ranker_group,947,0,1395,47,1500,186096,1688,1]
10-28 02:20:51.730 I/notification_visibility( 1152): [0|com.thundersoft.notificationtest1|31|null|10101,0,186464,186464,0,24]
10-28 02:20:51.730 I/sysui_multi_action( 1152): [757,128,758,2,793,186458,794,66976,795,186458,796,32,798,23,806,com.thundersoft.notificationtest1,857,111111111111111111111111111-b29c5680,858,3,946,ranker_group,947,0,1395,47,1500,186094,1688,1]
10-28 02:20:51.731 I/notification_visibility( 1152): [0|com.thundersoft.notificationtest1|32|null|10101,0,186458,186458,0,23]
10-28 02:20:51.731 I/sysui_multi_action( 1152): [757,128,758,2,793,186511,794,68544,795,186511,796,23,798,27,806,com.thundersoft.notificationtest1,857,111111111111111111111111111-170b1c51,858,3,946,ranker_group,947,0,1395,47,1500,186164,1688,1]
10-28 02:20:51.731 I/notification_visibility( 1152): [0|com.thundersoft.notificationtest1|23|null|10101,0,186511,186511,0,27]
10-28 02:20:51.731 I/sysui_multi_action( 1152): [757,128,758,2,793,186503,794,66976,795,186503,796,24,798,26,806,com.thundersoft.notificationtest1,857,111111111111111111111111111-ca586e00,858,3,946,ranker_group,947,0,1395,47,1500,186157,1688,1]
10-28 02:20:51.731 I/notification_visibility( 1152): [0|com.thundersoft.notificationtest1|24|null|10101,0,186503,186503,0,26]
10-28 02:20:51.735 I/sysui_multi_action( 2084): [757,111,758,2]
10-28 02:20:51.735 I/sysui_multi_action( 2084): [757,111,758,2]
10-28 02:20:51.742 I/sysui_multi_action( 2084): [757,111,758,1]
10-28 02:20:51.743 I/sysui_multi_action( 2084): [757,126,758,1,759,126,927,0,928,1,1593,1]
10-28 02:20:51.743 I/sysui_multi_action( 2084): [757,113,758,1,759,113,927,1,928,1,1593,1]
10-28 02:20:51.743 I/sysui_multi_action( 2084): [757,0,758,1,759,0,927,2,928,0,1593,1]
10-28 02:20:51.743 I/sysui_multi_action( 2084): [757,0,758,1,759,0,927,3,928,0,1593,1]
10-28 02:20:51.744 I/sysui_multi_action( 2084): [757,491,758,1,759,491,927,4,928,0,1311,-1,1593,1]
10-28 02:20:51.744 I/sysui_multi_action( 2084): [757,0,758,1,759,0,927,5,928,0,1593,1]
10-28 02:20:51.744 I/sysui_multi_action( 2084): [757,0,758,1,759,0,927,6,1593,1]
10-28 02:20:51.744 I/sysui_multi_action( 2084): [757,111,758,1]
10-28 02:20:51.744 I/sysui_multi_action( 2084): [757,126,758,1,759,126,927,0,928,1,1593,1]
10-28 02:20:51.744 I/sysui_multi_action( 2084): [757,113,758,1,759,113,927,1,928,1,1593,1]
10-28 02:20:51.744 I/sysui_multi_action( 2084): [757,0,758,1,759,0,927,2,928,0,1593,1]
10-28 02:20:51.745 I/sysui_multi_action( 2084): [757,0,758,1,759,0,927,3,928,0,1593,1]
10-28 02:20:51.748 I/am_wtf ( 1152): [0,1152,system_server,-1,DisplayDeviceConfig,requesting nits when no mapping exists.]
10-28 02:20:51.753 I/am_wtf ( 1152): [0,1152,system_server,-1,DisplayDeviceConfig,requesting nits when no mapping exists.]
10-28 02:20:51.753 I/notification_enqueue( 1152): [10087,2084,com.android.systemui,2048,NULL,0,Notification(channel=updateNotification shortcut=null contentView=null vibrate=null sound=null defaults=0x0 flags=0x0 color=0x00000000 vis=PRIVATE),1]
10-28 02:20:51.762 I/sysui_multi_action( 1152): [757,1501,758,1,793,493667,794,0,795,215,796,2048,806,com.android.systemui,857,updateNotification,858,3,947,0,1500,0,1688,1]
10-28 02:20:51.762 I/sysui_multi_action( 1152): [757,804,799,note_interruptive,801,0,802,1]
10-28 02:20:51.763 I/sysui_multi_action( 1152): [757,199,758,1,759,2,793,493668,794,0,795,216,796,2048,806,com.android.systemui,857,updateNotification,858,3,947,0,1500,1,1688,1]
10-28 02:20:51.763 I/notification_alert( 1152): [0|com.android.systemui|2048|null|10087,0,1,0]
10-28 02:20:51.769 I/sysui_multi_action( 2084): [757,111,758,2]
10-28 02:20:51.769 I/sysui_multi_action( 2084): [757,111,758,2]
10-28 02:20:51.783 I/sysui_multi_action( 2084): [757,111,758,1]
10-28 02:20:51.783 I/sysui_multi_action( 2084): [757,126,758,1,759,126,927,0,928,1,1593,1]
10-28 02:20:51.783 I/sysui_multi_action( 2084): [757,113,758,1,759,113,927,1,928,1,1593,1]
10-28 02:20:51.783 I/sysui_multi_action( 2084): [757,0,758,1,759,0,927,2,928,0,1593,1]
10-28 02:20:51.783 I/sysui_multi_action( 2084): [757,0,758,1,759,0,927,3,928,0,1593,1]
10-28 02:20:51.784 I/sysui_multi_action( 2084): [757,491,758,1,759,491,927,4,928,0,1311,-1,1593,1]
10-28 02:20:51.785 I/sysui_multi_action( 2084): [757,0,758,1,759,0,927,5,928,0,1593,1]
10-28 02:20:51.785 I/sysui_multi_action( 2084): [757,0,758,1,759,0,927,6,1593,1]
10-28 02:20:51.785 I/sysui_multi_action( 2084): [757,111,758,1]
10-28 02:20:51.786 I/sysui_multi_action( 2084): [757,126,758,1,759,126,927,0,928,1,1593,1]
10-28 02:20:51.786 I/sysui_multi_action( 2084): [757,113,758,1,759,113,927,1,928,1,1593,1]
10-28 02:20:51.786 I/sysui_multi_action( 2084): [757,0,758,1,759,0,927,2,928,0,1593,1]
10-28 02:20:51.786 I/sysui_multi_action( 2084): [757,0,758,1,759,0,927,3,928,0,1593,1]
10-28 02:20:51.788 I/notification_enqueue( 1152): [10087,2084,com.android.systemui,2048,NULL,0,Notification(channel=updateNotification shortcut=null contentView=null vibrate=null sound=null defaults=0x0 flags=0x0 color=0x00000000 vis=PRIVATE),1]
10-28 02:20:51.794 I/am_wtf ( 1152): [0,1152,system_server,-1,DisplayDeviceConfig,requesting nits when no mapping exists.]
10-28 02:20:51.795 I/am_wtf ( 1152): [0,1152,system_server,-1,DisplayDeviceConfig,requesting nits when no mapping exists.]
10-28 02:20:51.818 I/sysui_multi_action( 2084): [757,111,758,2]
10-28 02:20:51.818 I/notification_enqueue( 1152): [10087,2084,com.android.systemui,2048,NULL,0,Notification(channel=updateNotification shortcut=null contentView=null vibrate=null sound=null defaults=0x0 flags=0x0 color=0x00000000 vis=PRIVATE),1]
10-28 02:20:51.819 I/sysui_multi_action( 2084): [757,111,758,2]
10-28 02:20:51.824 I/sysui_multi_action( 2084): [757,111,758,1]
10-28 02:20:51.824 I/sysui_multi_action( 2084): [757,126,758,1,759,126,927,0,928,1,1593,1]
10-28 02:20:51.824 I/sysui_multi_action( 2084): [757,113,758,1,759,113,927,1,928,1,1593,1]
10-28 02:20:51.824 I/sysui_multi_action( 2084): [757,0,758,1,759,0,927,2,928,0,1593,1]
10-28 02:20:51.824 I/sysui_multi_action( 2084): [757,0,758,1,759,0,927,3,928,0,1593,1]
10-28 02:20:51.825 I/sysui_multi_action( 2084): [757,491,758,1,759,491,927,4,928,0,1311,-1,1593,1]
10-28 02:20:51.825 I/sysui_multi_action( 2084): [757,0,758,1,759,0,927,5,928,0,1593,1]
10-28 02:20:51.825 I/sysui_multi_action( 2084): [757,0,758,1,759,0,927,6,1593,1]
10-28 02:20:51.825 I/sysui_multi_action( 2084): [757,111,758,1]
10-28 02:20:51.825 I/sysui_multi_action( 2084): [757,126,758,1,759,126,927,0,928,1,1593,1]
10-28 02:20:51.825 I/sysui_multi_action( 2084): [757,113,758,1,759,113,927,1,928,1,1593,1]
10-28 02:20:51.826 I/sysui_multi_action( 2084): [757,0,758,1,759,0,927,2,928,0,1593,1]
10-28 02:20:51.826 I/sysui_multi_action( 2084): [757,0,758,1,759,0,927,3,928,0,1593,1]
10-28 02:20:51.857 I/wm_stop_activity( 1152): [0,231814419,com.android.launcher3/.uioverrides.QuickstepLauncher]
10-28 02:20:51.865 I/am_wtf ( 1152): [0,1152,system_server,-1,DisplayDeviceConfig,requesting nits when no mapping exists.]
10-28 02:20:51.866 I/am_wtf ( 1152): [0,1152,system_server,-1,DisplayDeviceConfig,requesting nits when no mapping exists.]
10-28 02:20:51.881 I/wm_on_stop_called( 2641): [231814419,com.android.launcher3.uioverrides.QuickstepLauncher,STOP_ACTIVITY_ITEM]
10-28 02:20:51.885 I/notification_enqueue( 1152): [10087,2084,com.android.systemui,2048,NULL,0,Notification(channel=updateNotification shortcut=null contentView=null vibrate=null sound=null defaults=0x0 flags=0x0 color=0x00000000 vis=PRIVATE),1]
10-28 02:20:51.885 I/sysui_multi_action( 2084): [757,111,758,2]
10-28 02:20:51.886 I/sysui_multi_action( 2084): [757,111,758,2]
10-28 02:20:51.898 I/service_manager_slow( 1152): [32,dropbox]
10-28 02:20:51.899 I/am_wtf ( 1152): [0,1152,system_server,-1,DisplayDeviceConfig,requesting nits when no mapping exists.]
10-28 02:20:51.900 I/am_wtf ( 1152): [0,1152,system_server,-1,DisplayDeviceConfig,requesting nits when no mapping exists.]
10-28 02:20:51.938 I/sysui_multi_action( 2084): [757,111,758,1]
10-28 02:20:51.939 I/sysui_multi_action( 2084): [757,126,758,1,759,126,927,0,928,1,1593,1]
10-28 02:20:51.939 I/sysui_multi_action( 2084): [757,113,758,1,759,113,927,1,928,1,1593,1]
10-28 02:20:51.939 I/sysui_multi_action( 2084): [757,0,758,1,759,0,927,2,928,0,1593,1]
10-28 02:20:51.939 I/sysui_multi_action( 2084): [757,0,758,1,759,0,927,3,928,0,1593,1]
10-28 02:20:51.940 I/sysui_multi_action( 2084): [757,491,758,1,759,491,927,4,928,0,1311,-1,1593,0]
10-28 02:20:51.940 I/sysui_multi_action( 2084): [757,0,758,1,759,0,927,5,928,0,1593,0]
10-28 02:20:51.940 I/sysui_multi_action( 2084): [757,0,758,1,759,0,927,6,1593,0]
10-28 02:20:51.940 I/sysui_multi_action( 2084): [757,111,758,1]
10-28 02:20:51.940 I/sysui_multi_action( 2084): [757,126,758,1,759,126,927,0,928,1,1593,1]
10-28 02:20:51.940 I/sysui_multi_action( 2084): [757,113,758,1,759,113,927,1,928,1,1593,1]
10-28 02:20:51.940 I/sysui_multi_action( 2084): [757,0,758,1,759,0,927,2,928,0,1593,1]
10-28 02:20:51.940 I/sysui_multi_action( 2084): [757,0,758,1,759,0,927,3,928,0,1593,1]
10-28 02:20:51.953 I/am_wtf ( 1152): [0,1152,system_server,-1,DisplayDeviceConfig,requesting nits when no mapping exists.]
10-28 02:20:51.955 I/am_wtf ( 1152): [0,1152,system_server,-1,DisplayDeviceConfig,requesting nits when no mapping exists.]
10-28 02:20:51.969 I/sysui_multi_action( 2084): [757,111,758,2]
10-28 02:20:51.969 I/sysui_multi_action( 2084): [757,111,758,2]
10-28 02:20:51.970 I/notification_enqueue( 1152): [10087,2084,com.android.systemui,2048,NULL,0,Notification(channel=updateNotification shortcut=null contentView=null vibrate=null sound=null defaults=0x0 flags=0x0 color=0x00000000 vis=PRIVATE),1]
10-28 02:20:51.979 I/sysui_multi_action( 1152): [757,127,758,2]
10-28 02:20:51.979 I/notification_panel_hidden( 1152):
10-28 02:20:52.003 I/am_wtf ( 1152): [0,1152,system_server,-1,DisplayDeviceConfig,requesting nits when no mapping exists.]
10-28 02:20:52.004 I/am_wtf ( 1152): [0,1152,system_server,-1,DisplayDeviceConfig,requesting nits when no mapping exists.]
10-28 02:20:52.053 I/am_wtf ( 1152): [0,1152,system_server,-1,DisplayDeviceConfig,requesting nits when no mapping exists.]
10-28 02:20:52.054 I/am_wtf ( 1152): [0,1152,system_server,-1,DisplayDeviceConfig,requesting nits when no mapping exists.]
10-28 02:20:52.059 I/sysui_multi_action( 2084): [757,111,758,1]
10-28 02:20:52.059 I/sysui_multi_action( 2084): [757,126,758,1,759,126,927,0,928,1,1593,0]
10-28 02:20:52.060 I/sysui_multi_action( 2084): [757,113,758,1,759,113,927,1,928,1,1593,0]
10-28 02:20:52.060 I/sysui_multi_action( 2084): [757,0,758,1,759,0,927,2,928,0,1593,0]
10-28 02:20:52.061 I/sysui_multi_action( 2084): [757,0,758,1,759,0,927,3,928,0,1593,0]
10-28 02:20:52.061 I/sysui_multi_action( 2084): [757,491,758,1,759,491,927,4,928,0,1311,-1,1593,0]
10-28 02:20:52.061 I/sysui_multi_action( 2084): [757,0,758,1,759,0,927,5,928,0,1593,0]
10-28 02:20:52.061 I/sysui_multi_action( 2084): [757,0,758,1,759,0,927,6,1593,0]
10-28 02:20:52.061 I/sysui_multi_action( 2084): [757,111,758,1]
10-28 02:20:52.062 I/sysui_multi_action( 2084): [757,126,758,1,759,126,927,0,928,1,1593,0]
10-28 02:20:52.062 I/sysui_multi_action( 2084): [757,113,758,1,759,113,927,1,928,1,1593,0]
10-28 02:20:52.062 I/sysui_multi_action( 2084): [757,0,758,1,759,0,927,2,928,0,1593,0]
10-28 02:20:52.062 I/sysui_multi_action( 2084): [757,0,758,1,759,0,927,3,928,0,1593,0]
10-28 02:20:52.087 I/am_wtf ( 1152): [0,1152,system_server,-1,DisplayDeviceConfig,requesting nits when no mapping exists.]
10-28 02:20:52.095 I/am_wtf ( 1152): [0,1152,system_server,-1,DisplayDeviceConfig,requesting nits when no mapping exists.]
10-28 02:20:52.124 I/am_wtf ( 1152): [0,1152,system_server,-1,DisplayDeviceConfig,requesting nits when no mapping exists.]
10-28 02:20:52.128 I/am_wtf ( 1152): [0,1152,system_server,-1,DisplayDeviceConfig,requesting nits when no mapping exists.]
10-28 02:20:52.156 I/am_wtf ( 1152): [0,1152,system_server,-1,DisplayDeviceConfig,requesting nits when no mapping exists.]
10-28 02:20:52.158 I/am_wtf ( 1152): [0,1152,system_server,-1,DisplayDeviceConfig,requesting nits when no mapping exists.]
10-28 02:20:52.183 I/am_wtf ( 1152): [0,1152,system_server,-1,DisplayDeviceConfig,requesting nits when no mapping exists.]
10-28 02:20:52.185 I/am_wtf ( 1152): [0,1152,system_server,-1,DisplayDeviceConfig,requesting nits when no mapping exists.]
10-28 02:20:52.226 I/am_wtf ( 1152): [0,1152,system_server,-1,DisplayDeviceConfig,requesting nits when no mapping exists.]
10-28 02:20:52.230 I/am_wtf ( 1152): [0,1152,system_server,-1,DisplayDeviceConfig,requesting nits when no mapping exists.]
10-28 02:20:52.269 I/am_wtf ( 1152): [0,1152,system_server,-1,DisplayDeviceConfig,requesting nits when no mapping exists.]
10-28 02:20:52.271 I/am_wtf ( 1152): [0,1152,system_server,-1,DisplayDeviceConfig,requesting nits when no mapping exists.]
10-28 02:20:52.311 I/am_wtf ( 1152): [0,1152,system_server,-1,DisplayDeviceConfig,requesting nits when no mapping exists.]
10-28 02:20:52.313 I/am_wtf ( 1152): [0,1152,system_server,-1,DisplayDeviceConfig,requesting nits when no mapping exists.]
10-28 02:20:52.354 I/am_wtf ( 1152): [0,1152,system_server,-1,DisplayDeviceConfig,requesting nits when no mapping exists.]
10-28 02:20:52.355 I/am_wtf ( 1152): [0,1152,system_server,-1,DisplayDeviceConfig,requesting nits when no mapping exists.]
10-28 02:20:52.392 I/am_wtf ( 1152): [0,1152,system_server,-1,DisplayDeviceConfig,requesting nits when no mapping exists.]
10-28 02:20:52.395 I/am_wtf ( 1152): [0,1152,system_server,-1,DisplayDeviceConfig,requesting nits when no mapping exists.]
10-28 02:20:52.430 I/am_wtf ( 1152): [0,1152,system_server,-1,DisplayDeviceConfig,requesting nits when no mapping exists.]
10-28 02:20:52.441 I/am_wtf ( 1152): [0,1152,system_server,-1,DisplayDeviceConfig,requesting nits when no mapping exists.]
10-28 02:20:52.470 I/am_wtf ( 1152): [0,1152,system_server,-1,DisplayDeviceConfig,requesting nits when no mapping exists.]
10-28 02:20:52.484 I/am_wtf ( 1152): [0,1152,system_server,-1,DisplayDeviceConfig,requesting nits when no mapping exists.]
10-28 02:20:52.499 I/am_wtf ( 1152): [0,1152,system_server,-1,DisplayDeviceConfig,requesting nits when no mapping exists.]
10-28 02:20:52.500 I/am_wtf ( 1152): [0,1152,system_server,-1,DisplayDeviceConfig,requesting nits when no mapping exists.]
10-28 02:20:52.522 I/am_wtf ( 1152): [0,1152,system_server,-1,DisplayDeviceConfig,requesting nits when no mapping exists.]
10-28 02:20:52.524 I/am_wtf ( 1152): [0,1152,system_server,-1,DisplayDeviceConfig,requesting nits when no mapping exists.]
10-28 02:20:52.550 I/am_wtf ( 1152): [0,1152,system_server,-1,DisplayDeviceConfig,requesting nits when no mapping exists.]
10-28 02:20:52.551 I/am_wtf ( 1152): [0,1152,system_server,-1,DisplayDeviceConfig,requesting nits when no mapping exists.]
10-28 02:22:34.034 I/am_freeze( 1152): [3114,com.android.keychain]
10-28 02:22:34.043 I/am_kill ( 1152): [0,3114,com.android.keychain,975,Unable to freeze binder interface]
10-28 02:22:34.140 I/am_proc_died( 1152): [0,3114,com.android.keychain,975,19]
10-28 02:22:34.163 I/am_pss ( 1152): [2812,10072,com.android.deskclock,52886528,46772224,0,170856448,0,2,13]
10-28 02:22:34.179 I/am_pss ( 1152): [4183,10101,com.thundersoft.notificationtest1,32889856,23920640,0,152338432,0,15,12]
10-28 02:22:35.784 I/am_freeze( 1152): [3370,com.android.localtransport]
10-28 02:22:35.792 I/am_kill ( 1152): [0,3370,com.android.localtransport,975,Unable to freeze binder interface]
10-28 02:22:35.877 I/am_freeze( 1152): [3347,com.android.traceur]
10-28 02:22:35.885 I/am_kill ( 1152): [0,3347,com.android.traceur,975,Unable to freeze binder interface]
10-28 02:22:35.890 I/am_proc_died( 1152): [0,3370,com.android.localtransport,975,19]
10-28 02:22:35.990 I/am_proc_died( 1152): [0,3347,com.android.traceur,975,19]
10-28 02:22:35.991 I/am_uid_stopped( 1152): 10031
10-28 02:22:36.399 I/am_freeze( 1152): [3417,com.qualcomm.qti.qmmi]
10-28 02:22:36.408 I/am_kill ( 1152): [0,3417,com.qualcomm.qti.qmmi,965,Unable to freeze binder interface]
10-28 02:22:36.495 I/am_proc_died( 1152): [0,3417,com.qualcomm.qti.qmmi,965,19]
10-28 02:22:37.376 I/am_freeze( 1152): [3506,com.android.calendar]
10-28 02:22:37.384 I/am_kill ( 1152): [0,3506,com.android.calendar,995,Unable to freeze binder interface]
10-28 02:22:37.476 I/am_proc_died( 1152): [0,3506,com.android.calendar,995,19]
10-28 02:22:37.477 I/am_uid_stopped( 1152): 10068
10-28 02:22:37.492 I/am_pss ( 1152): [3464,10064,com.qualcomm.qti.devicestatisticsservice,5259264,3608576,0,88952832,0,0,10]
10-28 02:22:37.786 I/am_freeze( 1152): [3531,com.android.dynsystem]
10-28 02:22:37.794 I/am_kill ( 1152): [0,3531,com.android.dynsystem,985,Unable to freeze binder interface]
10-28 02:22:37.904 I/am_proc_died( 1152): [0,3531,com.android.dynsystem,985,19]
10-28 02:22:38.180 I/am_freeze( 1152): [3555,com.android.dynsystem:dynsystem]
10-28 02:22:38.188 I/am_kill ( 1152): [0,3555,com.android.dynsystem:dynsystem,985,Unable to freeze binder interface]
10-28 02:22:38.277 I/am_proc_died( 1152): [0,3555,com.android.dynsystem:dynsystem,985,19]
10-28 02:22:39.351 I/am_freeze( 1152): [3630,com.android.music]
10-28 02:22:39.369 I/am_kill ( 1152): [0,3630,com.android.music,975,Unable to freeze binder interface]
10-28 02:22:39.464 I/am_proc_died( 1152): [0,3630,com.android.music,975,19]
10-28 02:22:39.465 I/am_uid_stopped( 1152): 10092
10-28 02:22:39.657 I/am_freeze( 1152): [3660,com.android.onetimeinitializer]
10-28 02:22:39.665 I/am_kill ( 1152): [0,3660,com.android.onetimeinitializer,965,Unable to freeze binder interface]
10-28 02:22:39.760 I/am_proc_died( 1152): [0,3660,com.android.onetimeinitializer,965,19]
10-28 02:22:39.762 I/am_uid_stopped( 1152): 10061
10-28 02:22:41.979 I/am_freeze( 1152): [3768,com.android.phone]
10-28 02:22:41.987 I/am_kill ( 1152): [0,3768,com.android.phone,955,Unable to freeze binder interface]
10-28 02:22:42.087 I/am_proc_died( 1152): [0,3768,com.android.phone,955,19]
10-28 02:22:47.329 I/am_freeze( 1152): [3810,com.qualcomm.qti.qms.service.connectionsecurity]
10-28 02:22:47.339 I/am_kill ( 1152): [0,3810,com.qualcomm.qti.qms.service.connectionsecurity,945,Unable to freeze binder interface]
10-28 02:22:47.396 I/am_freeze( 1152): [3240,com.qualcomm.qtil.aptxui]
10-28 02:22:47.405 I/am_kill ( 1152): [0,3240,com.qualcomm.qtil.aptxui,945,Unable to freeze binder interface]
10-28 02:22:47.435 I/am_proc_died( 1152): [0,3810,com.qualcomm.qti.qms.service.connectionsecurity,945,19]
10-28 02:22:47.436 I/am_uid_stopped( 1152): 10060
10-28 02:22:47.512 I/am_proc_died( 1152): [0,3240,com.qualcomm.qtil.aptxui,945,19]
10-28 02:22:47.513 I/am_uid_stopped( 1152): 10091
10-28 02:22:47.819 I/am_freeze( 1152): [3836,com.android.externalstorage]
10-28 02:22:47.827 I/am_kill ( 1152): [0,3836,com.android.externalstorage,935,Unable to freeze binder interface]
10-28 02:22:47.918 I/am_proc_died( 1152): [0,3836,com.android.externalstorage,935,19]
10-28 02:22:47.919 I/am_uid_stopped( 1152): 10019
10-28 02:22:47.953 I/am_freeze( 1152): [3725,com.android.providers.calendar]
10-28 02:22:47.962 I/am_kill ( 1152): [0,3725,com.android.providers.calendar,935,Unable to freeze binder interface]
10-28 02:22:48.070 I/am_proc_died( 1152): [0,3725,com.android.providers.calendar,935,19]
10-28 02:22:48.071 I/am_uid_stopped( 1152): 10032
10-28 02:22:53.300 I/service_manager_slow( 1152): [13,package]
10-28 02:22:55.046 I/am_freeze( 1152): [2691,com.qualcomm.qti.qccauthmgr]
10-28 02:22:55.054 I/am_kill ( 1152): [0,2691,com.qualcomm.qti.qccauthmgr,965,Unable to freeze binder interface]
10-28 02:22:55.145 I/am_proc_died( 1152): [0,2691,com.qualcomm.qti.qccauthmgr,965,19]
10-28 02:22:55.146 I/am_uid_stopped( 1152): 10088
10-28 02:22:55.168 I/am_pss ( 1152): [2611,10100,android.ext.services,35640320,30908416,0,134320128,0,5,11]
10-28 02:23:04.503 I/am_freeze( 1152): [3985,com.qualcomm.qti.qms.service.trustzoneaccess]
10-28 02:23:04.512 I/am_kill ( 1152): [0,3985,com.qualcomm.qti.qms.service.trustzoneaccess,945,Unable to freeze binder interface]
10-28 02:23:04.604 I/am_proc_died( 1152): [0,3985,com.qualcomm.qti.qms.service.trustzoneaccess,945,19]
10-28 02:23:04.605 I/am_uid_stopped( 1152): 10057
10-28 02:23:04.661 I/am_freeze( 1152): [3195,android.process.media]
10-28 02:23:04.678 I/am_freeze( 1152): [3174,android.process.acore]
10-28 02:23:04.686 I/am_kill ( 1152): [0,3195,android.process.media,945,Unable to freeze binder interface]
10-28 02:23:04.688 I/am_kill ( 1152): [0,3174,android.process.acore,975,Unable to freeze binder interface]
10-28 02:23:04.787 I/am_proc_died( 1152): [0,3174,android.process.acore,975,19]
10-28 02:23:04.788 I/am_uid_stopped( 1152): 10021
10-28 02:23:04.792 I/am_proc_died( 1152): [0,3195,android.process.media,945,19]
10-28 02:23:04.794 I/am_uid_stopped( 1152): 10020
10-28 02:24:18.496 I/input_interaction( 1152): Interaction with: 5556ac4 com.android.deskclock/android.service.dreams.DreamActivity (server), edge-swipe (server), swipe-up (server), PointerEventDispatcher0 (server),
10-28 02:24:18.500 I/wm_finish_activity( 1152): [0,175571500,49,com.android.deskclock/android.service.dreams.DreamActivity,finish-activity]
10-28 02:24:18.501 I/wm_task_moved( 1152): [1,1,6]
10-28 02:24:18.502 I/wm_task_moved( 1152): [44,1,2147483647]
10-28 02:24:18.502 I/wm_task_to_front( 1152): [0,44]
10-28 02:24:18.502 I/wm_focused_root_task( 1152): [0,0,1,49,finish-top adjustFocusToNextFocusableTask]
10-28 02:24:18.502 I/wm_set_resumed_activity( 1152): [0,com.android.launcher3/.uioverrides.QuickstepLauncher,finish-top adjustFocusToNextFocusableTask]
10-28 02:24:18.504 I/wm_pause_activity( 1152): [0,175571500,com.android.deskclock/android.service.dreams.DreamActivity,userLeaving=false,finish]
10-28 02:24:18.518 I/wm_on_top_resumed_lost_called( 2812): [175571500,android.service.dreams.DreamActivity,topStateChangedWhenResumed]
10-28 02:24:18.522 I/wm_on_paused_called( 2812): [175571500,android.service.dreams.DreamActivity,performPause]
10-28 02:24:18.524 I/wm_add_to_stopping( 1152): [0,175571500,com.android.deskclock/android.service.dreams.DreamActivity,completeFinishing]
10-28 02:24:18.530 I/wm_set_resumed_activity( 1152): [0,com.android.launcher3/.uioverrides.QuickstepLauncher,resumeTopActivityInnerLocked]
10-28 02:24:18.532 I/wm_resume_activity( 1152): [0,231814419,44,com.android.launcher3/.uioverrides.QuickstepLauncher]
10-28 02:24:18.545 I/wm_on_restart_called( 2641): [231814419,com.android.launcher3.uioverrides.QuickstepLauncher,performRestartActivity]
10-28 02:24:18.546 I/wm_on_start_called( 2641): [231814419,com.android.launcher3.uioverrides.QuickstepLauncher,handleStartActivity]
10-28 02:24:18.547 I/wm_on_resume_called( 2641): [231814419,com.android.launcher3.uioverrides.QuickstepLauncher,RESUME_ACTIVITY]
10-28 02:24:18.547 I/wm_on_top_resumed_gained_called( 2641): [231814419,com.android.launcher3.uioverrides.QuickstepLauncher,topWhenResuming]
10-28 02:24:18.547 I/sysui_multi_action( 1152): [757,803,799,window_time_0,802,207]
10-28 02:24:18.552 I/input_focus( 1152): [Focus leaving 5556ac4 com.android.deskclock/android.service.dreams.DreamActivity (server),reason=NO_WINDOW]
10-28 02:24:18.563 I/sysui_multi_action( 1152): [757,803,799,window_time_0,802,0]
10-28 02:24:18.565 I/input_focus( 1152): [Focus request a79836 com.android.launcher3/com.android.launcher3.uioverrides.QuickstepLauncher,reason=UpdateInputWindows]
10-28 02:24:18.574 I/am_uid_running( 1152): 10092
10-28 02:24:18.580 I/am_uid_running( 1152): 10068
10-28 02:24:18.584 I/am_pss ( 1152): [3273,10033,com.sohu.inputmethod.sogou.car,63676416,37048320,0,138203136,0,7,11]
10-28 02:24:18.590 I/input_focus( 1152): [Focus entering a79836 com.android.launcher3/com.android.launcher3.uioverrides.QuickstepLauncher (server),reason=setFocusedWindow]
10-28 02:24:18.596 I/am_pss ( 1152): [3154,10099,com.android.providers.media.module,18295808,14020608,0,122863616,0,0,11]
10-28 02:24:18.609 I/am_pss ( 1152): [3230,10076,com.qualcomm.location.XT,6958080,4665344,0,93474816,0,6,10]
10-28 02:24:18.619 I/am_proc_start( 1152): [0,4654,10092,com.android.music,NULL,]
10-28 02:24:18.621 I/am_pss ( 1152): [2886,10079,com.qualcomm.location,10893312,7671808,0,104906752,0,0,10]
10-28 02:24:18.637 I/am_pss ( 1152): [2071,1002,com.android.bluetooth,36566016,27332608,0,152776704,0,0,13]
10-28 02:24:18.651 I/am_pss ( 1152): [2327,1001,.dataservices,8702976,6393856,0,95096832,0,0,9]
10-28 02:24:18.666 I/am_pss ( 1152): [2177,1073,com.android.networkstack.process,25376768,22016000,0,121688064,0,0,11]
10-28 02:24:18.679 I/am_proc_start( 1152): [0,4672,10068,com.android.calendar,NULL,]
10-28 02:24:18.702 I/am_pss ( 1152): [2084,10087,com.android.systemui,291485696,266272768,0,462475264,0,0,28]
10-28 02:24:18.712 I/am_proc_bound( 1152): [0,4654,com.android.music]
10-28 02:24:18.744 I/am_pss ( 1152): [1152,1000,system,236486656,137699328,0,569159680,0,0,27]
10-28 02:24:18.757 I/am_proc_bound( 1152): [0,4672,com.android.calendar]
10-28 02:24:18.757 I/am_pss ( 1152): [3683,10027,com.android.packageinstaller,7707648,5619712,0,91541504,0,19,10]
10-28 02:24:18.781 I/am_pss ( 1152): [3750,2000,com.android.shell,6280192,4222976,0,90001408,0,19,10]
10-28 02:24:18.804 I/am_pss ( 1152): [3607,10028,com.android.managedprovisioning,9480192,7335936,0,94306304,0,19,10]
10-28 02:24:18.817 I/am_pss ( 1152): [3072,10093,com.qualcomm.qti.workloadclassifier,11490304,8785920,0,102031360,0,0,10]
10-28 02:24:18.830 I/am_pss ( 1152): [3042,10094,com.qualcomm.qti.qccnetstat,6472704,4325376,0,91176960,0,0,10]
10-28 02:24:18.831 I/wm_destroy_activity( 1152): [0,175571500,49,com.android.deskclock/android.service.dreams.DreamActivity,finish-imm:idle]
10-28 02:24:18.844 I/am_pss ( 1152): [3012,10083,com.qualcomm.qti.services.systemhelper:systemhelper_service,6768640,4550656,0,93679616,0,0,10]
10-28 02:24:18.857 I/am_pss ( 1152): [2966,10056,.pasr,5714944,3657728,0,89153536,0,0,10]
10-28 02:24:18.859 I/wm_on_stop_called( 2812): [175571500,android.service.dreams.DreamActivity,LIFECYCLER_STOP_ACTIVITY]
10-28 02:24:18.860 I/wm_on_destroy_called( 2812): [175571500,android.service.dreams.DreamActivity,performDestroy]
10-28 02:24:18.869 I/sysui_multi_action( 1152): [757,222,758,2]
10-28 02:24:18.870 I/sysui_multi_action( 1152): [757,804,799,dreaming_minutes,801,3,802,1]
10-28 02:24:18.876 I/am_pss ( 1152): [2935,10059,ts.car.uart,6505472,4452352,0,90247168,0,0,10]
10-28 02:24:18.888 I/wm_task_removed( 1152): [49,removeChild:removeChild last r=ActivityRecord{a77022c u0 com.android.deskclock/android.service.dreams.DreamActivity t-1 f}} in t=Task{1cbbec7 #49 type=dream A=10072:android:com.android.deskclock/dream U=0 visible=false mode=fullscreen translucent=true sz=0}]
10-28 02:24:18.888 I/wm_task_removed( 1152): [49,removeChild]
10-28 02:24:18.890 I/am_pss ( 1152): [2563,1000,com.qualcomm.qti.qdma,10112000,6811648,0,105783296,0,0,11]
10-28 02:24:18.902 I/am_pss ( 1152): [2523,1000,com.thundercomm.tcservice,8114176,5992448,0,93597696,0,0,10]
10-28 02:24:18.916 I/am_pss ( 1152): [2505,1000,com.thundercomm.remotecontrolservice,9593856,6930432,0,100687872,0,0,11]
10-28 02:24:18.929 I/am_pss ( 1152): [2488,1068,com.android.se,6480896,4218880,0,93503488,0,0,11]
10-28 02:24:18.941 I/am_pss ( 1152): [2477,10090,com.qti.qualcomm.mstatssystemservice,5828608,3772416,0,89501696,0,0,10]
10-28 02:24:18.954 I/am_pss ( 1152): [2442,1000,vendor.qti.qesdk.sysservice,5924864,3792896,0,91136000,0,0,10]
10-28 02:24:18.966 I/am_pss ( 1152): [2412,1000,com.tc.logclient,7455744,5287936,0,93818880,0,0,9]
10-28 02:24:18.978 I/am_pss ( 1152): [2360,10052,.qtidataservices,6269952,4177920,0,91123712,0,0,10]
10-28 02:24:18.990 I/am_pss ( 1152): [2366,1000,com.thundercomm.tchttpserver,8292352,6057984,0,94384128,0,0,10]
10-28 02:24:19.002 I/am_pss ( 1152): [2283,1000,com.thundercomm.tcsetupWizard,7228416,5173248,0,91107328,0,0,9]
10-28 02:24:19.015 I/am_pss ( 1152): [2275,1000,com.thundercomm.microsettings,35660800,32051200,0,128274432,0,0,10]
10-28 02:24:19.027 I/am_pss ( 1152): [2184,1000,com.thundercomm.microservice,9157632,7008256,0,94863360,0,0,9]
10-28 02:24:19.471 I/input_interaction( 1152): Interaction with: a79836 com.android.launcher3/com.android.launcher3.uioverrides.QuickstepLauncher (server), 33945f com.android.systemui.ImageWallpaper (server), edge-swipe (server), swipe-up (server), PointerEventDispatcher0 (server),
10-28 02:24:20.152 I/input_interaction( 1152): Interaction with: fedcccd StatusBar (server), edge-swipe (server), swipe-up (server), PointerEventDispatcher0 (server),
10-28 02:24:20.168 I/sysui_multi_action( 2084): [757,803,799,panel_open,802,1]
10-28 02:24:20.170 I/sysui_multi_action( 2084): [757,1328,758,4,1326,47,1327,1,1329,0]
10-28 02:24:20.277 I/sysui_multi_action( 1152): [757,127,758,1]
10-28 02:24:20.278 I/sysui_multi_action( 1152): [757,804,799,note_load,801,3,802,1]
10-28 02:24:20.278 I/notification_panel_revealed( 1152): 3
10-28 02:24:20.290 I/notification_enqueue( 1152): [10087,2084,com.android.systemui,2048,NULL,0,Notification(channel=updateNotification shortcut=null contentView=null vibrate=null sound=null defaults=0x0 flags=0x0 color=0x00000000 vis=PRIVATE),1]
10-28 02:24:20.290 I/sysui_multi_action( 2084): [757,111,758,2]
10-28 02:24:20.291 I/sysui_multi_action( 2084): [757,111,758,2]
10-28 02:24:20.338 I/input_focus( 1152): [Focus request 31b65cc NotificationShade,reason=UpdateInputWindows]
10-28 02:24:20.345 I/sysui_multi_action( 2084): [757,111,758,1]
10-28 02:24:20.346 I/sysui_multi_action( 2084): [757,126,758,1,759,126,927,0,928,1,1593,0]
10-28 02:24:20.346 I/sysui_multi_action( 2084): [757,113,758,1,759,113,927,1,928,1,1593,0]
10-28 02:24:20.346 I/sysui_multi_action( 2084): [757,0,758,1,759,0,927,2,928,0,1593,0]
10-28 02:24:20.347 I/sysui_multi_action( 2084): [757,0,758,1,759,0,927,3,928,0,1593,0]
10-28 02:24:20.348 I/sysui_multi_action( 2084): [757,491,758,1,759,491,927,4,928,0,1311,-1,1593,0]
10-28 02:24:20.348 I/sysui_multi_action( 2084): [757,0,758,1,759,0,927,5,928,0,1593,0]
10-28 02:24:20.349 I/sysui_multi_action( 2084): [757,0,758,1,759,0,927,6,1593,0]
10-28 02:24:20.349 I/sysui_multi_action( 2084): [757,111,758,1]
10-28 02:24:20.349 I/sysui_multi_action( 2084): [757,126,758,1,759,126,927,0,928,1,1593,0]
10-28 02:24:20.350 I/sysui_multi_action( 2084): [757,113,758,1,759,113,927,1,928,1,1593,0]
10-28 02:24:20.350 I/sysui_multi_action( 2084): [757,0,758,1,759,0,927,2,928,0,1593,0]
10-28 02:24:20.350 I/sysui_multi_action( 2084): [757,0,758,1,759,0,927,3,928,0,1593,0]
10-28 02:24:20.353 I/input_focus( 1152): [Focus leaving a79836 com.android.launcher3/com.android.launcher3.uioverrides.QuickstepLauncher (server),reason=Waiting for window because NOT_VISIBLE]
10-28 02:24:20.381 I/input_focus( 1152): [Focus entering 31b65cc NotificationShade (server),reason=Window became focusable. Previous reason: NOT_VISIBLE]
10-28 02:24:20.386 I/notification_enqueue( 1152): [10087,2084,com.android.systemui,2048,NULL,0,Notification(channel=updateNotification shortcut=null contentView=null vibrate=null sound=null defaults=0x0 flags=0x0 color=0x00000000 vis=PRIVATE),1]
10-28 02:24:20.386 I/sysui_multi_action( 2084): [757,111,758,2]
10-28 02:24:20.387 I/sysui_multi_action( 2084): [757,111,758,2]
10-28 02:24:20.397 I/sysui_multi_action( 2084): [757,111,758,1]
10-28 02:24:20.397 I/sysui_multi_action( 2084): [757,126,758,1,759,126,927,0,928,1,1593,0]
10-28 02:24:20.398 I/sysui_multi_action( 2084): [757,113,758,1,759,113,927,1,928,1,1593,0]
10-28 02:24:20.398 I/sysui_multi_action( 2084): [757,0,758,1,759,0,927,2,928,0,1593,0]
10-28 02:24:20.398 I/sysui_multi_action( 2084): [757,0,758,1,759,0,927,3,928,0,1593,0]
10-28 02:24:20.400 I/sysui_multi_action( 2084): [757,491,758,1,759,491,927,4,928,0,1311,-1,1593,0]
10-28 02:24:20.400 I/sysui_multi_action( 2084): [757,0,758,1,759,0,927,5,928,0,1593,0]
10-28 02:24:20.401 I/sysui_multi_action( 2084): [757,0,758,1,759,0,927,6,1593,0]
10-28 02:24:20.401 I/sysui_multi_action( 2084): [757,111,758,1]
10-28 02:24:20.401 I/sysui_multi_action( 2084): [757,126,758,1,759,126,927,0,928,1,1593,0]
10-28 02:24:20.401 I/sysui_multi_action( 2084): [757,113,758,1,759,113,927,1,928,1,1593,0]
10-28 02:24:20.401 I/sysui_multi_action( 2084): [757,0,758,1,759,0,927,2,928,0,1593,0]
10-28 02:24:20.402 I/sysui_multi_action( 2084): [757,0,758,1,759,0,927,3,928,0,1593,0]
10-28 02:24:20.496 I/sysui_multi_action( 1152): [757,1501,758,1,793,702400,794,0,795,215,796,2048,806,com.android.systemui,857,updateNotification,858,3,947,0,1500,0,1688,1]
10-28 02:24:20.496 I/sysui_multi_action( 1152): [757,804,799,note_interruptive,801,0,802,1]
10-28 02:24:20.497 I/sysui_multi_action( 1152): [757,199,758,1,759,2,793,702402,794,0,795,217,796,2048,806,com.android.systemui,857,updateNotification,858,3,947,0,1500,2,1688,1]
10-28 02:24:20.497 I/notification_alert( 1152): [0|com.android.systemui|2048|null|10087,0,1,0]
10-28 02:24:20.913 I/sysui_multi_action( 1152): [757,128,758,1,793,711133,794,0,795,711133,796,26,798,0,806,android,857,DEVELOPER_IMPORTANT,858,4,947,0,1395,3,1500,710918,1688,1]
10-28 02:24:20.913 I/sysui_multi_action( 1152): [757,804,799,note_freshness,801,711133,802,1]
10-28 02:24:20.913 I/notification_visibility( 1152): [-1|android|26|null|1000,1,711133,711133,0,0]
10-28 02:24:20.914 I/sysui_multi_action( 1152): [757,128,758,1,793,710841,794,0,795,710841,796,55,798,1,806,android,857,DEVELOPER,858,2,947,0,1395,3,1500,710637,1688,1]
10-28 02:24:20.914 I/sysui_multi_action( 1152): [757,804,799,note_freshness,801,710841,802,1]
10-28 02:24:20.915 I/notification_visibility( 1152): [-1|android|55|null|1000,1,710841,710841,0,1]
10-28 02:24:20.915 I/sysui_multi_action( 1152): [757,128,758,1,793,715345,794,0,795,715345,796,32,798,2,806,android,857,USB,858,1,947,0,1395,3,1500,714961,1688,1]
10-28 02:24:20.915 I/sysui_multi_action( 1152): [757,804,799,note_freshness,801,715345,802,1]
10-28 02:24:20.916 I/notification_visibility( 1152): [-1|android|32|null|1000,1,715345,715345,0,2]
10-28 02:24:21.787 I/input_interaction( 1152): Interaction with: 31b65cc NotificationShade (server), edge-swipe (server), swipe-up (server), PointerEventDispatcher0 (server),
10-28 02:24:21.904 I/notification_enqueue( 1152): [10087,2084,com.android.systemui,2048,NULL,0,Notification(channel=updateNotification shortcut=null contentView=null vibrate=null sound=null defaults=0x0 flags=0x0 color=0x00000000 vis=PRIVATE),1]
10-28 02:24:22.111 I/sysui_multi_action( 1152): [757,1501,758,1,793,704016,794,0,795,214,796,2048,806,com.android.systemui,857,updateNotification,858,3,947,0,1500,0,1688,1]
10-28 02:24:22.113 I/sysui_multi_action( 1152): [757,804,799,note_interruptive,801,0,802,1]
10-28 02:24:22.114 I/sysui_multi_action( 1152): [757,199,758,1,759,2,793,704019,794,0,795,217,796,2048,806,com.android.systemui,857,updateNotification,858,3,947,0,1500,3,1688,1]
10-28 02:24:22.117 I/notification_alert( 1152): [0|com.android.systemui|2048|null|10087,0,1,0]
10-28 02:24:23.178 I/sysui_multi_action( 1152): [757,128,758,1,793,397846,794,0,795,397846,796,2147483647,797,ranker_group,798,3,806,com.thundersoft.notificationtest1,857,111111111111111111111111111-1369b480,858,3,946,ranker_group,947,1,1395,47,1500,397846,1688,1]
