10-28 02:19:23.158 I/input_interaction( 1152): Interaction with: 31b65cc NotificationShade (server), edge-swipe (server), swipe-up (server), PointerEventDispatcher0 (server),
10-28 02:19:24.504 I/sysui_multi_action( 1152): [757,128,758,1,793,99413,794,0,795,99413,796,2,798,48,806,com.thundersoft.notificationtest1,857,111111111111111111111111111-dfce9aa0,858,3,946,ranker_group,947,0,1395,51,1500,99206,1688,1]
10-28 02:19:24.504 I/sysui_multi_action( 1152): [757,804,799,note_freshness,801,99413,802,1]
10-28 02:19:24.505 I/notification_visibility( 1152): [0|com.thundersoft.notificationtest1|2|null|10101,1,99413,99413,0,48]
10-28 02:19:24.506 I/sysui_multi_action( 1152): [757,128,758,1,793,99411,794,0,795,99411,796,3,798,47,806,com.thundersoft.notificationtest1,857,111111111111111111111111111-1a04b991,858,3,946,ranker_group,947,0,1395,51,1500,99199,1688,1]
10-28 02:19:24.506 I/sysui_multi_action( 1152): [757,804,799,note_freshness,801,99411,802,1]
10-28 02:19:24.506 I/notification_visibility( 1152): [0|com.thundersoft.notificationtest1|3|null|10101,1,99411,99411,0,47]
10-28 02:19:24.507 I/sysui_multi_action( 1152): [757,128,758,1,793,99407,794,0,795,99407,796,4,798,46,806,com.thundersoft.notificationtest1,857,111111111111111111111111111-269278c0,858,3,946,ranker_group,947,0,1395,51,1500,99193,1688,1]
10-28 02:19:24.507 I/sysui_multi_action( 1152): [757,804,799,note_freshness,801,99407,802,1]
10-28 02:19:24.507 I/notification_visibility( 1152): [0|com.thundersoft.notificationtest1|4|null|10101,1,99407,99407,0,46]
10-28 02:19:24.507 I/sysui_multi_action( 1152): [757,128,758,1,793,99403,794,0,795,99403,796,5,798,45,806,com.thundersoft.notificationtest1,857,111111111111111111111111111-abbc9f71,858,3,946,ranker_group,947,0,1395,51,1500,99189,1688,1]
10-28 02:19:24.508 I/sysui_multi_action( 1152): [757,804,799,note_freshness,801,99403,802,1]
10-28 02:19:24.508 I/notification_visibility( 1152): [0|com.thundersoft.notificationtest1|5|null|10101,1,99403,99403,0,45]
10-28 02:19:24.508 I/sysui_multi_action( 1152): [757,128,758,1,793,99400,794,0,795,99400,796,6,798,44,806,com.thundersoft.notificationtest1,857,111111111111111111111111111-cbd74ee0,858,3,946,ranker_group,947,0,1395,51,1500,99182,1688,1]
10-28 02:19:24.508 I/sysui_multi_action( 1152): [757,804,799,note_freshness,801,99400,802,1]
10-28 02:19:24.509 I/notification_visibility( 1152): [0|com.thundersoft.notificationtest1|6|null|10101,1,99400,99400,0,44]
10-28 02:19:24.509 I/sysui_multi_action( 1152): [757,128,758,1,793,99395,794,0,795,99395,796,7,798,43,806,com.thundersoft.notificationtest1,857,111111111111111111111111111-af128d51,858,3,946,ranker_group,947,0,1395,51,1500,99150,1688,1]
10-28 02:19:24.509 I/sysui_multi_action( 1152): [757,804,799,note_freshness,801,99395,802,1]
10-28 02:19:24.509 I/notification_visibility( 1152): [0|com.thundersoft.notificationtest1|7|null|10101,1,99395,99395,0,43]
10-28 02:19:24.509 I/sysui_multi_action( 1152): [757,128,758,1,793,99390,794,0,795,99390,796,8,798,42,806,com.thundersoft.notificationtest1,857,111111111111111111111111111-333f1d00,858,3,946,ranker_group,947,0,1395,51,1500,99130,1688,1]
10-28 02:19:24.510 I/sysui_multi_action( 1152): [757,804,799,note_freshness,801,99390,802,1]
10-28 02:19:24.510 I/notification_visibility( 1152): [0|com.thundersoft.notificationtest1|8|null|10101,1,99390,99390,0,42]
10-28 02:19:24.533 I/sysui_multi_action( 1152): [757,128,758,1,793,99402,794,0,795,99402,796,9,798,41,806,com.thundersoft.notificationtest1,857,111111111111111111111111111-34a48331,858,3,946,ranker_group,947,0,1395,51,1500,99146,1688,1]
10-28 02:19:24.533 I/sysui_multi_action( 1152): [757,804,799,note_freshness,801,99402,802,1]
10-28 02:19:24.533 I/notification_visibility( 1152): [0|com.thundersoft.notificationtest1|9|null|10101,1,99402,99402,0,41]
10-28 02:19:24.534 I/sysui_multi_action( 1152): [757,128,758,1,793,99145,794,0,795,99145,796,40,798,15,806,com.thundersoft.notificationtest1,857,111111111111111111111111111-ceafbf00,858,3,946,ranker_group,947,0,1395,51,1500,98543,1688,1]
10-28 02:19:24.534 I/sysui_multi_action( 1152): [757,804,799,note_freshness,801,99145,802,1]
10-28 02:19:24.535 I/notification_visibility( 1152): [0|com.thundersoft.notificationtest1|40|null|10101,1,99145,99145,0,15]
10-28 02:19:24.535 I/sysui_multi_action( 1152): [757,128,758,1,793,99058,794,0,795,99058,796,41,798,14,806,com.thundersoft.notificationtest1,857,1111111111111111111111111111-7482131,858,3,946,ranker_group,947,0,1395,51,1500,98493,1688,1]
10-28 02:19:24.537 I/sysui_multi_action( 1152): [757,804,799,note_freshness,801,99058,802,1]
10-28 02:19:24.537 I/notification_visibility( 1152): [0|com.thundersoft.notificationtest1|41|null|10101,1,99058,99058,0,14]
10-28 02:19:24.538 I/sysui_multi_action( 1152): [757,128,758,1,793,99028,794,0,795,99028,796,42,798,13,806,com.thundersoft.notificationtest1,857,111111111111111111111111111-e1bc0520,858,3,946,ranker_group,947,0,1395,51,1500,98492,1688,1]
10-28 02:19:24.538 I/sysui_multi_action( 1152): [757,804,799,note_freshness,801,99028,802,1]
10-28 02:19:24.538 I/notification_visibility( 1152): [0|com.thundersoft.notificationtest1|42|null|10101,1,99028,99028,0,13]
10-28 02:19:24.539 I/sysui_multi_action( 1152): [757,128,758,1,793,99278,794,0,795,99278,796,30,798,25,806,com.thundersoft.notificationtest1,857,111111111111111111111111111-ec34e860,858,3,946,ranker_group,947,0,1395,51,1500,98908,1688,1]
10-28 02:19:24.540 I/sysui_multi_action( 1152): [757,804,799,note_freshness,801,99278,802,1]
10-28 02:19:24.540 I/notification_visibility( 1152): [0|com.thundersoft.notificationtest1|30|null|10101,1,99278,99278,0,25]
10-28 02:19:24.541 I/sysui_multi_action( 1152): [757,128,758,1,793,99007,794,0,795,99007,796,43,798,12,806,com.thundersoft.notificationtest1,857,111111111111111111111111111-55c49f11,858,3,946,ranker_group,947,0,1395,51,1500,98489,1688,1]
10-28 02:19:24.541 I/sysui_multi_action( 1152): [757,804,799,note_freshness,801,99007,802,1]
10-28 02:19:24.541 I/notification_visibility( 1152): [0|com.thundersoft.notificationtest1|43|null|10101,1,99007,99007,0,12]
10-28 02:19:24.542 I/sysui_multi_action( 1152): [757,128,758,1,793,99276,794,0,795,99276,796,31,798,24,806,com.thundersoft.notificationtest1,857,111111111111111111111111111-9a6823d1,858,3,946,ranker_group,947,0,1395,51,1500,98908,1688,1]
10-28 02:19:24.542 I/sysui_multi_action( 1152): [757,804,799,note_freshness,801,99276,802,1]
10-28 02:19:24.543 I/notification_visibility( 1152): [0|com.thundersoft.notificationtest1|31|null|10101,1,99276,99276,0,24]
10-28 02:19:24.543 I/sysui_multi_action( 1152): [757,128,758,1,793,98996,794,0,795,98996,796,44,798,11,806,com.thundersoft.notificationtest1,857,111111111111111111111111111-62cf4340,858,3,946,ranker_group,947,0,1395,51,1500,98457,1688,1]
10-28 02:19:24.543 I/sysui_multi_action( 1152): [757,804,799,note_freshness,801,98996,802,1]
10-28 02:19:24.544 I/notification_visibility( 1152): [0|com.thundersoft.notificationtest1|44|null|10101,1,98996,98996,0,11]
10-28 02:19:24.544 I/sysui_multi_action( 1152): [757,128,758,1,793,99272,794,0,795,99272,796,32,798,23,806,com.thundersoft.notificationtest1,857,111111111111111111111111111-b29c5680,858,3,946,ranker_group,947,0,1395,51,1500,98908,1688,1]
10-28 02:19:24.545 I/sysui_multi_action( 1152): [757,804,799,note_freshness,801,99272,802,1]
10-28 02:19:24.545 I/notification_visibility( 1152): [0|com.thundersoft.notificationtest1|32|null|10101,1,99272,99272,0,23]
10-28 02:19:24.545 I/sysui_multi_action( 1152): [757,128,758,1,793,99341,794,0,795,99341,796,20,798,30,806,com.thundersoft.notificationtest1,857,111111111111111111111111111-98fc49c0,858,3,946,ranker_group,947,0,1395,51,1500,99004,1688,1]
10-28 02:19:24.546 I/sysui_multi_action( 1152): [757,804,799,note_freshness,801,99341,802,1]
10-28 02:19:24.546 I/notification_visibility( 1152): [0|com.thundersoft.notificationtest1|20|null|10101,1,99341,99341,0,30]
10-28 02:19:24.546 I/sysui_multi_action( 1152): [757,128,758,1,793,98967,794,0,795,98967,796,45,798,10,806,com.thundersoft.notificationtest1,857,111111111111111111111111111-f71924f1,858,3,946,ranker_group,947,0,1395,51,1500,98439,1688,1]
10-28 02:19:24.547 I/sysui_multi_action( 1152): [757,804,799,note_freshness,801,98967,802,1]
10-28 02:19:24.547 I/notification_visibility( 1152): [0|com.thundersoft.notificationtest1|45|null|10101,1,98967,98967,0,10]
10-28 02:19:24.548 I/sysui_multi_action( 1152): [757,128,758,1,793,99268,794,0,795,99268,796,33,798,22,806,com.thundersoft.notificationtest1,857,111111111111111111111111111-a0ee79b1,858,3,946,ranker_group,947,0,1395,51,1500,98907,1688,1]
10-28 02:19:24.548 I/sysui_multi_action( 1152): [757,804,799,note_freshness,801,99268,802,1]
10-28 02:19:24.549 I/notification_visibility( 1152): [0|com.thundersoft.notificationtest1|33|null|10101,1,99268,99268,0,22]
10-28 02:19:24.549 I/sysui_multi_action( 1152): [757,128,758,1,793,99340,794,0,795,99340,796,21,798,29,806,com.thundersoft.notificationtest1,857,111111111111111111111111111-868cee71,858,3,946,ranker_group,947,0,1395,51,1500,99002,1688,1]
10-28 02:19:24.550 I/sysui_multi_action( 1152): [757,804,799,note_freshness,801,99340,802,1]
10-28 02:19:24.550 I/notification_visibility( 1152): [0|com.thundersoft.notificationtest1|21|null|10101,1,99340,99340,0,29]
10-28 02:19:24.551 I/sysui_multi_action( 1152): [757,128,758,1,793,98930,794,0,795,98930,796,46,798,9,806,com.thundersoft.notificationtest1,857,111111111111111111111111111-ec0b7960,858,3,946,ranker_group,947,0,1395,51,1500,98441,1688,1]
10-28 02:19:24.551 I/sysui_multi_action( 1152): [757,804,799,note_freshness,801,98930,802,1]
10-28 02:19:24.551 I/notification_visibility( 1152): [0|com.thundersoft.notificationtest1|46|null|10101,1,98930,98930,0,9]
10-28 02:19:24.551 I/sysui_multi_action( 1152): [757,128,758,1,793,99267,794,0,795,99267,796,34,798,21,806,com.thundersoft.notificationtest1,857,111111111111111111111111111-7ce0bca0,858,3,946,ranker_group,947,0,1395,51,1500,98900,1688,1]
10-28 02:19:24.551 I/sysui_multi_action( 1152): [757,804,799,note_freshness,801,99267,802,1]
10-28 02:19:24.551 I/notification_visibility( 1152): [0|com.thundersoft.notificationtest1|34|null|10101,1,99267,99267,0,21]
10-28 02:19:24.552 I/sysui_multi_action( 1152): [757,128,758,1,793,99337,794,0,795,99337,796,22,798,28,806,com.thundersoft.notificationtest1,857,111111111111111111111111111-4b10dfe0,858,3,946,ranker_group,947,0,1395,51,1500,98991,1688,1]
10-28 02:19:24.552 I/sysui_multi_action( 1152): [757,804,799,note_freshness,801,99337,802,1]
10-28 02:19:24.552 I/notification_visibility( 1152): [0|com.thundersoft.notificationtest1|22|null|10101,1,99337,99337,0,28]
10-28 02:19:24.552 I/sysui_multi_action( 1152): [757,128,758,1,793,99414,794,0,795,99414,796,10,798,40,806,com.thundersoft.notificationtest1,857,111111111111111111111111111-5febe320,858,3,946,ranker_group,947,0,1395,51,1500,99161,1688,1]
10-28 02:19:24.553 I/sysui_multi_action( 1152): [757,804,799,note_freshness,801,99414,802,1]
10-28 02:19:24.553 I/notification_visibility( 1152): [0|com.thundersoft.notificationtest1|10|null|10101,1,99414,99414,0,40]
10-28 02:19:24.553 I/sysui_multi_action( 1152): [757,128,758,1,793,99264,794,0,795,99264,796,35,798,20,806,com.thundersoft.notificationtest1,857,111111111111111111111111111-1f36d791,858,3,946,ranker_group,947,0,1395,51,1500,98886,1688,1]
10-28 02:19:24.553 I/sysui_multi_action( 1152): [757,804,799,note_freshness,801,99264,802,1]
10-28 02:19:24.553 I/notification_visibility( 1152): [0|com.thundersoft.notificationtest1|35|null|10101,1,99264,99264,0,20]
10-28 02:19:24.553 I/sysui_multi_action( 1152): [757,128,758,1,793,99333,794,0,795,99333,796,23,798,27,806,com.thundersoft.notificationtest1,857,111111111111111111111111111-170b1c51,858,3,946,ranker_group,947,0,1395,51,1500,98986,1688,1]
10-28 02:19:24.553 I/sysui_multi_action( 1152): [757,804,799,note_freshness,801,99333,802,1]
10-28 02:19:24.553 I/notification_visibility( 1152): [0|com.thundersoft.notificationtest1|23|null|10101,1,99333,99333,0,27]
10-28 02:19:24.554 I/sysui_multi_action( 1152): [757,128,758,1,793,99404,794,0,795,99404,796,11,798,39,806,com.thundersoft.notificationtest1,857,111111111111111111111111111-9d908111,858,3,946,ranker_group,947,0,1395,51,1500,99148,1688,1]
10-28 02:19:24.554 I/sysui_multi_action( 1152): [757,804,799,note_freshness,801,99404,802,1]
10-28 02:19:24.554 I/notification_visibility( 1152): [0|com.thundersoft.notificationtest1|11|null|10101,1,99404,99404,0,39]
10-28 02:19:24.554 I/sysui_multi_action( 1152): [757,128,758,1,793,99253,794,0,795,99253,796,36,798,19,806,com.thundersoft.notificationtest1,857,111111111111111111111111111-c7a41ac0,858,3,946,ranker_group,947,0,1395,51,1500,98882,1688,1]
10-28 02:19:24.554 I/sysui_multi_action( 1152): [757,804,799,note_freshness,801,99253,802,1]
10-28 02:19:24.554 I/notification_visibility( 1152): [0|com.thundersoft.notificationtest1|36|null|10101,1,99253,99253,0,19]
10-28 02:19:24.554 I/sysui_multi_action( 1152): [757,128,758,1,793,99326,794,0,795,99326,796,24,798,26,806,com.thundersoft.notificationtest1,857,111111111111111111111111111-ca586e00,858,3,946,ranker_group,947,0,1395,51,1500,98980,1688,1]
10-28 02:19:24.555 I/sysui_multi_action( 1152): [757,804,799,note_freshness,801,99326,802,1]
10-28 02:19:24.555 I/notification_visibility( 1152): [0|com.thundersoft.notificationtest1|24|null|10101,1,99326,99326,0,26]
10-28 02:19:24.555 I/sysui_multi_action( 1152): [757,128,758,1,793,99400,794,0,795,99400,796,12,798,38,806,com.thundersoft.notificationtest1,857,111111111111111111111111111-147fa140,858,3,946,ranker_group,947,0,1395,51,1500,99134,1688,1]
10-28 02:19:24.555 I/sysui_multi_action( 1152): [757,804,799,note_freshness,801,99400,802,1]
10-28 02:19:24.555 I/notification_visibility( 1152): [0|com.thundersoft.notificationtest1|12|null|10101,1,99400,99400,0,38]
10-28 02:19:24.555 I/sysui_multi_action( 1152): [757,128,758,1,793,99249,794,0,795,99249,796,37,798,18,806,com.thundersoft.notificationtest1,857,111111111111111111111111111-2cdf3d71,858,3,946,ranker_group,947,0,1395,51,1500,98805,1688,1]
10-28 02:19:24.555 I/sysui_multi_action( 1152): [757,804,799,note_freshness,801,99249,802,1]
10-28 02:19:24.555 I/notification_visibility( 1152): [0|com.thundersoft.notificationtest1|37|null|10101,1,99249,99249,0,18]
10-28 02:19:24.556 I/sysui_multi_action( 1152): [757,128,758,1,793,99392,794,0,795,99392,796,13,798,37,806,com.thundersoft.notificationtest1,857,111111111111111111111111111-7b7486f1,858,3,946,ranker_group,947,0,1395,51,1500,99113,1688,1]
10-28 02:19:24.556 I/sysui_multi_action( 1152): [757,804,799,note_freshness,801,99392,802,1]
10-28 02:19:24.556 I/notification_visibility( 1152): [0|com.thundersoft.notificationtest1|13|null|10101,1,99392,99392,0,37]
10-28 02:19:24.556 I/sysui_multi_action( 1152): [757,128,758,1,793,99202,794,0,795,99202,796,38,798,17,806,com.thundersoft.notificationtest1,857,111111111111111111111111111-6f0870e0,858,3,946,ranker_group,947,0,1395,51,1500,98731,1688,1]
10-28 02:19:24.556 I/sysui_multi_action( 1152): [757,804,799,note_freshness,801,99202,802,1]
10-28 02:19:24.556 I/notification_visibility( 1152): [0|com.thundersoft.notificationtest1|38|null|10101,1,99202,99202,0,17]
10-28 02:19:24.556 I/sysui_multi_action( 1152): [757,128,758,1,793,99387,794,0,795,99387,796,14,798,36,806,com.thundersoft.notificationtest1,857,111111111111111111111111111-f31c5760,858,3,946,ranker_group,947,0,1395,51,1500,99081,1688,1]
10-28 02:19:24.556 I/sysui_multi_action( 1152): [757,804,799,note_freshness,801,99387,802,1]
10-28 02:19:24.557 I/notification_visibility( 1152): [0|com.thundersoft.notificationtest1|14|null|10101,1,99387,99387,0,36]
10-28 02:19:24.557 I/sysui_multi_action( 1152): [757,128,758,1,793,99193,794,0,795,99193,796,39,798,16,806,com.thundersoft.notificationtest1,857,111111111111111111111111111-7205ab51,858,3,946,ranker_group,947,0,1395,51,1500,98631,1688,1]
10-28 02:19:24.557 I/sysui_multi_action( 1152): [757,804,799,note_freshness,801,99193,802,1]
10-28 02:19:24.557 I/notification_visibility( 1152): [0|com.thundersoft.notificationtest1|39|null|10101,1,99193,99193,0,16]
10-28 02:19:24.557 I/sysui_multi_action( 1152): [757,128,758,1,793,99382,794,0,795,99382,796,15,798,35,806,com.thundersoft.notificationtest1,857,111111111111111111111111111-706e94d1,858,3,946,ranker_group,947,0,1395,51,1500,99075,1688,1]
10-28 02:19:24.557 I/sysui_multi_action( 1152): [757,804,799,note_freshness,801,99382,802,1]
10-28 02:19:24.557 I/notification_visibility( 1152): [0|com.thundersoft.notificationtest1|15|null|10101,1,99382,99382,0,35]
10-28 02:19:24.557 I/sysui_multi_action( 1152): [757,128,758,1,793,99375,794,0,795,99375,796,16,798,34,806,com.thundersoft.notificationtest1,857,111111111111111111111111111-9d640580,858,3,946,ranker_group,947,0,1395,51,1500,99067,1688,1]
10-28 02:19:24.558 I/sysui_multi_action( 1152): [757,804,799,note_freshness,801,99375,802,1]
10-28 02:19:24.558 I/notification_visibility( 1152): [0|com.thundersoft.notificationtest1|16|null|10101,1,99375,99375,0,34]
10-28 02:19:24.558 I/sysui_multi_action( 1152): [757,128,758,1,793,99368,794,0,795,99368,796,17,798,33,806,com.thundersoft.notificationtest1,857,1111111111111111111111111111-f1caab1,858,3,946,ranker_group,947,0,1395,51,1500,99052,1688,1]
10-28 02:19:24.558 I/sysui_multi_action( 1152): [757,804,799,note_freshness,801,99368,802,1]
10-28 02:19:24.558 I/notification_visibility( 1152): [0|com.thundersoft.notificationtest1|17|null|10101,1,99368,99368,0,33]
10-28 02:19:24.558 I/sysui_multi_action( 1152): [757,128,758,1,793,99363,794,0,795,99363,796,18,798,32,806,com.thundersoft.notificationtest1,857,111111111111111111111111111-d478aba0,858,3,946,ranker_group,947,0,1395,51,1500,99032,1688,1]
10-28 02:19:24.558 I/sysui_multi_action( 1152): [757,804,799,note_freshness,801,99363,802,1]
10-28 02:19:24.558 I/notification_visibility( 1152): [0|com.thundersoft.notificationtest1|18|null|10101,1,99363,99363,0,32]
10-28 02:19:24.558 I/sysui_multi_action( 1152): [757,128,758,1,793,99359,794,0,795,99359,796,19,798,31,806,com.thundersoft.notificationtest1,857,111111111111111111111111111-ba9cc891,858,3,946,ranker_group,947,0,1395,51,1500,99027,1688,1]
10-28 02:19:24.559 I/sysui_multi_action( 1152): [757,804,799,note_freshness,801,99359,802,1]
10-28 02:19:24.559 I/notification_visibility( 1152): [0|com.thundersoft.notificationtest1|19|null|10101,1,99359,99359,0,31]
10-28 02:19:24.559 I/sysui_multi_action( 1152): [757,128,758,1,793,99477,794,0,795,99477,796,0,798,50,806,com.thundersoft.notificationtest1,857,111111111111111111111111111-1369b480,858,3,946,ranker_group,947,0,1395,51,1500,99272,1688,1]
10-28 02:19:24.559 I/sysui_multi_action( 1152): [757,804,799,note_freshness,801,99477,802,1]
10-28 02:19:24.559 I/notification_visibility( 1152): [0|com.thundersoft.notificationtest1|0|null|10101,1,99477,99477,0,50]
10-28 02:19:24.559 I/sysui_multi_action( 1152): [757,128,758,1,793,99473,794,0,795,99473,796,1,798,49,806,com.thundersoft.notificationtest1,857,111111111111111111111111111-59ccdbb1,858,3,946,ranker_group,947,0,1395,51,1500,99267,1688,1]
10-28 02:19:24.559 I/sysui_multi_action( 1152): [757,804,799,note_freshness,801,99473,802,1]
10-28 02:19:24.559 I/notification_visibility( 1152): [0|com.thundersoft.notificationtest1|1|null|10101,1,99473,99473,0,49]
10-28 02:19:24.598 I/notification_enqueue( 1152): [10087,2084,com.android.systemui,2048,NULL,0,Notification(channel=updateNotification shortcut=null contentView=null vibrate=null sound=null defaults=0x0 flags=0x0 color=0x00000000 vis=PRIVATE),1]
10-28 02:19:24.598 I/sysui_multi_action( 2084): [757,111,758,2]
10-28 02:19:24.598 I/sysui_multi_action( 2084): [757,111,758,2]
10-28 02:19:24.622 I/sysui_multi_action( 2084): [757,111,758,1]
10-28 02:19:24.622 I/sysui_multi_action( 2084): [757,126,758,1,759,126,927,0,928,1,1593,1]
10-28 02:19:24.623 I/sysui_multi_action( 2084): [757,113,758,1,759,113,927,1,928,1,1593,1]
10-28 02:19:24.623 I/sysui_multi_action( 2084): [757,0,758,1,759,0,927,2,928,0,1593,1]
10-28 02:19:24.623 I/sysui_multi_action( 2084): [757,0,758,1,759,0,927,3,928,0,1593,1]
10-28 02:19:24.624 I/sysui_multi_action( 2084): [757,491,758,1,759,491,927,4,928,0,1311,-1,1593,0]
10-28 02:19:24.624 I/sysui_multi_action( 2084): [757,0,758,1,759,0,927,5,928,0,1593,0]
10-28 02:19:24.624 I/sysui_multi_action( 2084): [757,0,758,1,759,0,927,6,1593,0]
10-28 02:19:24.624 I/sysui_multi_action( 2084): [757,111,758,1]
10-28 02:19:24.624 I/sysui_multi_action( 2084): [757,126,758,1,759,126,927,0,928,1,1593,1]
10-28 02:19:24.625 I/sysui_multi_action( 2084): [757,113,758,1,759,113,927,1,928,1,1593,1]
10-28 02:19:24.625 I/sysui_multi_action( 2084): [757,0,758,1,759,0,927,2,928,0,1593,1]
10-28 02:19:24.625 I/sysui_multi_action( 2084): [757,0,758,1,759,0,927,3,928,0,1593,1]
10-28 02:19:24.661 I/notification_enqueue( 1152): [10087,2084,com.android.systemui,2048,NULL,0,Notification(channel=updateNotification shortcut=null contentView=null vibrate=null sound=null defaults=0x0 flags=0x0 color=0x00000000 vis=PRIVATE),1]
10-28 02:19:24.662 I/sysui_multi_action( 2084): [757,111,758,2]
10-28 02:19:24.662 I/sysui_multi_action( 2084): [757,111,758,2]
10-28 02:19:24.671 I/sysui_multi_action( 2084): [757,111,758,1]
10-28 02:19:24.671 I/sysui_multi_action( 2084): [757,126,758,1,759,126,927,0,928,1,1593,1]
10-28 02:19:24.671 I/sysui_multi_action( 2084): [757,113,758,1,759,113,927,1,928,1,1593,1]
10-28 02:19:24.672 I/sysui_multi_action( 2084): [757,0,758,1,759,0,927,2,928,0,1593,1]
10-28 02:19:24.672 I/sysui_multi_action( 2084): [757,0,758,1,759,0,927,3,928,0,1593,1]
10-28 02:19:24.673 I/sysui_multi_action( 2084): [757,491,758,1,759,491,927,4,928,0,1311,-1,1593,1]
10-28 02:19:24.673 I/sysui_multi_action( 2084): [757,0,758,1,759,0,927,5,928,0,1593,1]
10-28 02:19:24.673 I/sysui_multi_action( 2084): [757,0,758,1,759,0,927,6,1593,1]
10-28 02:19:24.673 I/sysui_multi_action( 2084): [757,111,758,1]
10-28 02:19:24.673 I/sysui_multi_action( 2084): [757,126,758,1,759,126,927,0,928,1,1593,1]
10-28 02:19:24.674 I/sysui_multi_action( 2084): [757,113,758,1,759,113,927,1,928,1,1593,1]
10-28 02:19:24.674 I/sysui_multi_action( 2084): [757,0,758,1,759,0,927,2,928,0,1593,1]
10-28 02:19:24.674 I/sysui_multi_action( 2084): [757,0,758,1,759,0,927,3,928,0,1593,1]
10-28 02:19:24.723 I/notification_enqueue( 1152): [10087,2084,com.android.systemui,2048,NULL,0,Notification(channel=updateNotification shortcut=null contentView=null vibrate=null sound=null defaults=0x0 flags=0x0 color=0x00000000 vis=PRIVATE),1]
10-28 02:19:24.724 I/sysui_multi_action( 2084): [757,111,758,2]
10-28 02:19:24.724 I/sysui_multi_action( 2084): [757,111,758,2]
10-28 02:19:24.731 I/sysui_multi_action( 2084): [757,111,758,1]
10-28 02:19:24.732 I/sysui_multi_action( 2084): [757,126,758,1,759,126,927,0,928,1,1593,1]
10-28 02:19:24.732 I/sysui_multi_action( 2084): [757,113,758,1,759,113,927,1,928,1,1593,1]
10-28 02:19:24.732 I/sysui_multi_action( 2084): [757,0,758,1,759,0,927,2,928,0,1593,1]
10-28 02:19:24.732 I/sysui_multi_action( 2084): [757,0,758,1,759,0,927,3,928,0,1593,1]
10-28 02:19:24.733 I/sysui_multi_action( 2084): [757,491,758,1,759,491,927,4,928,0,1311,-1,1593,0]
10-28 02:19:24.733 I/sysui_multi_action( 2084): [757,0,758,1,759,0,927,5,928,0,1593,0]
10-28 02:19:24.734 I/sysui_multi_action( 2084): [757,0,758,1,759,0,927,6,1593,0]
10-28 02:19:24.735 I/sysui_multi_action( 2084): [757,111,758,1]
10-28 02:19:24.735 I/sysui_multi_action( 2084): [757,126,758,1,759,126,927,0,928,1,1593,1]
10-28 02:19:24.735 I/sysui_multi_action( 2084): [757,113,758,1,759,113,927,1,928,1,1593,1]
10-28 02:19:24.735 I/sysui_multi_action( 2084): [757,0,758,1,759,0,927,2,928,0,1593,1]
10-28 02:19:24.736 I/sysui_multi_action( 2084): [757,0,758,1,759,0,927,3,928,0,1593,1]
10-28 02:19:24.766 I/notification_enqueue( 1152): [10087,2084,com.android.systemui,2048,NULL,0,Notification(channel=updateNotification shortcut=null contentView=null vibrate=null sound=null defaults=0x0 flags=0x0 color=0x00000000 vis=PRIVATE),1]
10-28 02:19:24.767 I/sysui_multi_action( 2084): [757,111,758,2]
10-28 02:19:24.767 I/sysui_multi_action( 2084): [757,111,758,2]
10-28 02:19:24.775 I/sysui_multi_action( 2084): [757,111,758,1]
10-28 02:19:24.775 I/sysui_multi_action( 2084): [757,126,758,1,759,126,927,0,928,1,1593,1]
10-28 02:19:24.776 I/sysui_multi_action( 2084): [757,113,758,1,759,113,927,1,928,1,1593,1]
10-28 02:19:24.776 I/sysui_multi_action( 2084): [757,0,758,1,759,0,927,2,928,0,1593,1]
10-28 02:19:24.776 I/sysui_multi_action( 2084): [757,0,758,1,759,0,927,3,928,0,1593,1]
10-28 02:19:24.777 I/sysui_multi_action( 2084): [757,491,758,1,759,491,927,4,928,0,1311,-1,1593,0]
10-28 02:19:24.777 I/sysui_multi_action( 2084): [757,0,758,1,759,0,927,5,928,0,1593,0]
10-28 02:19:24.777 I/sysui_multi_action( 2084): [757,0,758,1,759,0,927,6,1593,0]
10-28 02:19:24.777 I/sysui_multi_action( 2084): [757,111,758,1]
10-28 02:19:24.778 I/sysui_multi_action( 2084): [757,126,758,1,759,126,927,0,928,1,1593,1]
10-28 02:19:24.778 I/sysui_multi_action( 2084): [757,113,758,1,759,113,927,1,928,1,1593,1]
10-28 02:19:24.778 I/sysui_multi_action( 2084): [757,0,758,1,759,0,927,2,928,0,1593,1]
10-28 02:19:24.778 I/sysui_multi_action( 2084): [757,0,758,1,759,0,927,3,928,0,1593,1]
10-28 02:19:24.804 I/sysui_multi_action( 1152): [757,1501,758,1,793,406709,794,0,795,207,796,2048,806,com.android.systemui,857,updateNotification,858,3,947,0,1500,0,1688,1]
10-28 02:19:24.804 I/sysui_multi_action( 1152): [757,804,799,note_interruptive,801,0,802,1]
10-28 02:19:24.805 I/sysui_multi_action( 1152): [757,199,758,1,759,2,793,406710,794,0,795,208,796,2048,806,com.android.systemui,857,updateNotification,858,3,947,0,1500,1,1688,1]
10-28 02:19:24.805 I/notification_alert( 1152): [0|com.android.systemui|2048|null|10087,0,1,0]
10-28 02:19:24.831 I/notification_enqueue( 1152): [10087,2084,com.android.systemui,2048,NULL,0,Notification(channel=updateNotification shortcut=null contentView=null vibrate=null sound=null defaults=0x0 flags=0x0 color=0x00000000 vis=PRIVATE),1]
10-28 02:19:24.831 I/sysui_multi_action( 2084): [757,111,758,2]
10-28 02:19:24.832 I/sysui_multi_action( 2084): [757,111,758,2]
10-28 02:19:24.839 I/sysui_multi_action( 2084): [757,111,758,1]
10-28 02:19:24.839 I/sysui_multi_action( 2084): [757,126,758,1,759,126,927,0,928,1,1593,0]
10-28 02:19:24.839 I/sysui_multi_action( 2084): [757,113,758,1,759,113,927,1,928,1,1593,0]
10-28 02:19:24.839 I/sysui_multi_action( 2084): [757,0,758,1,759,0,927,2,928,0,1593,0]
10-28 02:19:24.839 I/sysui_multi_action( 2084): [757,0,758,1,759,0,927,3,928,0,1593,0]
10-28 02:19:24.840 I/sysui_multi_action( 2084): [757,491,758,1,759,491,927,4,928,0,1311,-1,1593,0]
10-28 02:19:24.840 I/sysui_multi_action( 2084): [757,0,758,1,759,0,927,5,928,0,1593,0]
10-28 02:19:24.840 I/sysui_multi_action( 2084): [757,0,758,1,759,0,927,6,1593,0]
10-28 02:19:24.841 I/sysui_multi_action( 2084): [757,111,758,1]
10-28 02:19:24.841 I/sysui_multi_action( 2084): [757,126,758,1,759,126,927,0,928,1,1593,1]
10-28 02:19:24.841 I/sysui_multi_action( 2084): [757,113,758,1,759,113,927,1,928,1,1593,1]
10-28 02:19:24.841 I/sysui_multi_action( 2084): [757,0,758,1,759,0,927,2,928,0,1593,1]
10-28 02:19:24.841 I/sysui_multi_action( 2084): [757,0,758,1,759,0,927,3,928,0,1593,1]
10-28 02:19:24.874 I/sysui_multi_action( 2084): [757,111,758,2]
10-28 02:19:24.874 I/sysui_multi_action( 2084): [757,111,758,2]
10-28 02:19:24.876 I/notification_enqueue( 1152): [10087,2084,com.android.systemui,2048,NULL,0,Notification(channel=updateNotification shortcut=null contentView=null vibrate=null sound=null defaults=0x0 flags=0x0 color=0x00000000 vis=PRIVATE),1]
10-28 02:19:24.882 I/sysui_multi_action( 2084): [757,111,758,1]
10-28 02:19:24.882 I/sysui_multi_action( 2084): [757,126,758,1,759,126,927,0,928,1,1593,0]
10-28 02:19:24.882 I/sysui_multi_action( 2084): [757,113,758,1,759,113,927,1,928,1,1593,0]
10-28 02:19:24.882 I/sysui_multi_action( 2084): [757,0,758,1,759,0,927,2,928,0,1593,0]
10-28 02:19:24.882 I/sysui_multi_action( 2084): [757,0,758,1,759,0,927,3,928,0,1593,0]
10-28 02:19:24.883 I/sysui_multi_action( 2084): [757,491,758,1,759,491,927,4,928,0,1311,-1,1593,0]
10-28 02:19:24.883 I/sysui_multi_action( 2084): [757,0,758,1,759,0,927,5,928,0,1593,0]
10-28 02:19:24.883 I/sysui_multi_action( 2084): [757,0,758,1,759,0,927,6,1593,0]
10-28 02:19:24.883 I/sysui_multi_action( 2084): [757,111,758,1]
10-28 02:19:24.884 I/sysui_multi_action( 2084): [757,126,758,1,759,126,927,0,928,1,1593,1]
10-28 02:19:24.884 I/sysui_multi_action( 2084): [757,113,758,1,759,113,927,1,928,1,1593,1]
10-28 02:19:24.884 I/sysui_multi_action( 2084): [757,0,758,1,759,0,927,2,928,0,1593,1]
10-28 02:19:24.884 I/sysui_multi_action( 2084): [757,0,758,1,759,0,927,3,928,0,1593,1]
10-28 02:19:24.958 I/notification_enqueue( 1152): [10087,2084,com.android.systemui,2048,NULL,0,Notification(channel=updateNotification shortcut=null contentView=null vibrate=null sound=null defaults=0x0 flags=0x0 color=0x00000000 vis=PRIVATE),1]
10-28 02:19:24.958 I/sysui_multi_action( 2084): [757,111,758,2]
10-28 02:19:24.958 I/sysui_multi_action( 2084): [757,111,758,2]
10-28 02:19:25.051 I/input_focus( 1152): [Focus request a79836 com.android.launcher3/com.android.launcher3.uioverrides.QuickstepLauncher,reason=UpdateInputWindows]
10-28 02:19:25.055 I/sysui_multi_action( 2084): [757,111,758,1]
10-28 02:19:25.056 I/sysui_multi_action( 2084): [757,126,758,1,759,126,927,0,928,1,1593,1]
10-28 02:19:25.056 I/sysui_multi_action( 2084): [757,113,758,1,759,113,927,1,928,1,1593,1]
10-28 02:19:25.056 I/sysui_multi_action( 2084): [757,0,758,1,759,0,927,2,928,0,1593,1]
10-28 02:19:25.057 I/sysui_multi_action( 2084): [757,0,758,1,759,0,927,3,928,0,1593,1]
10-28 02:19:25.058 I/sysui_multi_action( 2084): [757,491,758,1,759,491,927,4,928,0,1311,-1,1593,0]
10-28 02:19:25.058 I/sysui_multi_action( 2084): [757,0,758,1,759,0,927,5,928,0,1593,0]
10-28 02:19:25.058 I/sysui_multi_action( 2084): [757,0,758,1,759,0,927,6,1593,0]
10-28 02:19:25.058 I/sysui_multi_action( 2084): [757,111,758,1]
10-28 02:19:25.059 I/sysui_multi_action( 2084): [757,126,758,1,759,126,927,0,928,1,1593,1]
10-28 02:19:25.059 I/sysui_multi_action( 2084): [757,113,758,1,759,113,927,1,928,1,1593,1]
10-28 02:19:25.059 I/sysui_multi_action( 2084): [757,0,758,1,759,0,927,2,928,0,1593,1]
10-28 02:19:25.059 I/sysui_multi_action( 2084): [757,0,758,1,759,0,927,3,928,0,1593,1]
10-28 02:19:25.087 I/input_focus( 1152): [Focus leaving 31b65cc NotificationShade (server),reason=NOT_FOCUSABLE]
10-28 02:19:25.088 I/input_focus( 1152): [Focus entering a79836 com.android.launcher3/com.android.launcher3.uioverrides.QuickstepLauncher (server),reason=setFocusedWindow]
10-28 02:19:25.168 I/sysui_multi_action( 1152): [757,128,758,2,793,100076,794,663,795,100076,796,2,798,48,806,com.thundersoft.notificationtest1,857,111111111111111111111111111-dfce9aa0,858,3,946,ranker_group,947,0,1395,51,1500,99869,1688,1]
10-28 02:19:25.168 I/notification_visibility( 1152): [0|com.thundersoft.notificationtest1|2|null|10101,0,100076,100076,0,48]
10-28 02:19:25.169 I/sysui_multi_action( 1152): [757,128,758,2,793,100074,794,663,795,100074,796,3,798,47,806,com.thundersoft.notificationtest1,857,111111111111111111111111111-1a04b991,858,3,946,ranker_group,947,0,1395,51,1500,99862,1688,1]
10-28 02:19:25.169 I/notification_visibility( 1152): [0|com.thundersoft.notificationtest1|3|null|10101,0,100074,100074,0,47]
10-28 02:19:25.169 I/sysui_multi_action( 1152): [757,128,758,2,793,100069,794,662,795,100069,796,4,798,46,806,com.thundersoft.notificationtest1,857,111111111111111111111111111-269278c0,858,3,946,ranker_group,947,0,1395,51,1500,99855,1688,1]
10-28 02:19:25.169 I/notification_visibility( 1152): [0|com.thundersoft.notificationtest1|4|null|10101,0,100069,100069,0,46]
10-28 02:19:25.169 I/sysui_multi_action( 1152): [757,128,758,2,793,100065,794,662,795,100065,796,5,798,45,806,com.thundersoft.notificationtest1,857,111111111111111111111111111-abbc9f71,858,3,946,ranker_group,947,0,1395,51,1500,99851,1688,1]
10-28 02:19:25.170 I/notification_visibility( 1152): [0|com.thundersoft.notificationtest1|5|null|10101,0,100065,100065,0,45]
10-28 02:19:25.170 I/sysui_multi_action( 1152): [757,128,758,2,793,100062,794,662,795,100062,796,6,798,44,806,com.thundersoft.notificationtest1,857,111111111111111111111111111-cbd74ee0,858,3,946,ranker_group,947,0,1395,51,1500,99844,1688,1]
10-28 02:19:25.170 I/notification_visibility( 1152): [0|com.thundersoft.notificationtest1|6|null|10101,0,100062,100062,0,44]
10-28 02:19:25.171 I/sysui_multi_action( 1152): [757,128,758,2,793,100057,794,662,795,100057,796,7,798,43,806,com.thundersoft.notificationtest1,857,111111111111111111111111111-af128d51,858,3,946,ranker_group,947,0,1395,51,1500,99812,1688,1]
10-28 02:19:25.171 I/notification_visibility( 1152): [0|com.thundersoft.notificationtest1|7|null|10101,0,100057,100057,0,43]
10-28 02:19:25.172 I/sysui_multi_action( 1152): [757,128,758,2,793,100053,794,663,795,100053,796,8,798,42,806,com.thundersoft.notificationtest1,857,111111111111111111111111111-333f1d00,858,3,946,ranker_group,947,0,1395,51,1500,99793,1688,1]
10-28 02:19:25.172 I/notification_visibility( 1152): [0|com.thundersoft.notificationtest1|8|null|10101,0,100053,100053,0,42]
10-28 02:19:25.173 I/sysui_multi_action( 1152): [757,128,758,2,793,99528,794,4465,795,99528,796,50,798,5,806,com.thundersoft.notificationtest1,857,111111111111111111111111111-9d06cda0,858,3,946,ranker_group,947,0,1395,51,1500,99011,1688,1]
10-28 02:19:25.173 I/notification_visibility( 1152): [0|com.thundersoft.notificationtest1|50|null|10101,0,99528,99528,0,5]
10-28 02:19:25.173 I/sysui_multi_action( 1152): [757,128,758,2,793,100042,794,640,795,100042,796,9,798,41,806,com.thundersoft.notificationtest1,857,111111111111111111111111111-34a48331,858,3,946,ranker_group,947,0,1395,51,1500,99786,1688,1]
10-28 02:19:25.174 I/notification_visibility( 1152): [0|com.thundersoft.notificationtest1|9|null|10101,0,100042,100042,0,41]
10-28 02:19:25.175 I/sysui_multi_action( 1152): [757,128,758,2,793,99527,794,4464,795,99527,796,51,798,4,806,com.thundersoft.notificationtest1,857,1111111111111111111111111111-3d2e691,858,3,946,ranker_group,947,0,1395,51,1500,99011,1688,1]
10-28 02:19:25.175 I/notification_visibility( 1152): [0|com.thundersoft.notificationtest1|51|null|10101,0,99527,99527,0,4]
10-28 02:19:25.176 I/sysui_multi_action( 1152): [757,128,758,2,793,99786,794,641,795,99786,796,40,798,15,806,com.thundersoft.notificationtest1,857,111111111111111111111111111-ceafbf00,858,3,946,ranker_group,947,0,1395,51,1500,99184,1688,1]
10-28 02:19:25.176 I/notification_visibility( 1152): [0|com.thundersoft.notificationtest1|40|null|10101,0,99786,99786,0,15]
10-28 02:19:25.176 I/sysui_multi_action( 1152): [757,128,758,2,793,99699,794,641,795,99699,796,41,798,14,806,com.thundersoft.notificationtest1,857,1111111111111111111111111111-7482131,858,3,946,ranker_group,947,0,1395,51,1500,99134,1688,1]
10-28 02:19:25.176 I/notification_visibility( 1152): [0|com.thundersoft.notificationtest1|41|null|10101,0,99699,99699,0,14]
10-28 02:19:25.177 I/sysui_multi_action( 1152): [757,128,758,2,793,99667,794,639,795,99667,796,42,798,13,806,com.thundersoft.notificationtest1,857,111111111111111111111111111-e1bc0520,858,3,946,ranker_group,947,0,1395,51,1500,99131,1688,1]
10-28 02:19:25.177 I/notification_visibility( 1152): [0|com.thundersoft.notificationtest1|42|null|10101,0,99667,99667,0,13]
10-28 02:19:25.178 I/sysui_multi_action( 1152): [757,128,758,2,793,99917,794,639,795,99917,796,30,798,25,806,com.thundersoft.notificationtest1,857,111111111111111111111111111-ec34e860,858,3,946,ranker_group,947,0,1395,51,1500,99547,1688,1]
10-28 02:19:25.178 I/notification_visibility( 1152): [0|com.thundersoft.notificationtest1|30|null|10101,0,99917,99917,0,25]
10-28 02:19:25.178 I/sysui_multi_action( 1152): [757,128,758,2,793,99644,794,637,795,99644,796,43,798,12,806,com.thundersoft.notificationtest1,857,111111111111111111111111111-55c49f11,858,3,946,ranker_group,947,0,1395,51,1500,99126,1688,1]
10-28 02:19:25.179 I/notification_visibility( 1152): [0|com.thundersoft.notificationtest1|43|null|10101,0,99644,99644,0,12]
10-28 02:19:25.179 I/sysui_multi_action( 1152): [757,128,758,2,793,99913,794,637,795,99913,796,31,798,24,806,com.thundersoft.notificationtest1,857,111111111111111111111111111-9a6823d1,858,3,946,ranker_group,947,0,1395,51,1500,99545,1688,1]
10-28 02:19:25.179 I/notification_visibility( 1152): [0|com.thundersoft.notificationtest1|31|null|10101,0,99913,99913,0,24]
10-28 02:19:25.180 I/sysui_multi_action( 1152): [757,128,758,2,793,99633,794,637,795,99633,796,44,798,11,806,com.thundersoft.notificationtest1,857,111111111111111111111111111-62cf4340,858,3,946,ranker_group,947,0,1395,51,1500,99094,1688,1]
10-28 02:19:25.180 I/notification_visibility( 1152): [0|com.thundersoft.notificationtest1|44|null|10101,0,99633,99633,0,11]
10-28 02:19:25.181 I/sysui_multi_action( 1152): [757,128,758,2,793,99909,794,637,795,99909,796,32,798,23,806,com.thundersoft.notificationtest1,857,111111111111111111111111111-b29c5680,858,3,946,ranker_group,947,0,1395,51,1500,99545,1688,1]
10-28 02:19:25.183 I/notification_visibility( 1152): [0|com.thundersoft.notificationtest1|32|null|10101,0,99909,99909,0,23]
10-28 02:19:25.184 I/sysui_multi_action( 1152): [757,128,758,2,793,99979,794,638,795,99979,796,20,798,30,806,com.thundersoft.notificationtest1,857,111111111111111111111111111-98fc49c0,858,3,946,ranker_group,947,0,1395,51,1500,99642,1688,1]
10-28 02:19:25.185 I/notification_visibility( 1152): [0|com.thundersoft.notificationtest1|20|null|10101,0,99979,99979,0,30]
10-28 02:19:25.186 I/sysui_multi_action( 1152): [757,128,758,2,793,99607,794,640,795,99607,796,45,798,10,806,com.thundersoft.notificationtest1,857,111111111111111111111111111-f71924f1,858,3,946,ranker_group,947,0,1395,51,1500,99079,1688,1]
10-28 02:19:25.195 I/notification_visibility( 1152): [0|com.thundersoft.notificationtest1|45|null|10101,0,99607,99607,0,10]
10-28 02:19:25.195 I/sysui_multi_action( 1152): [757,128,758,2,793,99915,794,647,795,99915,796,33,798,22,806,com.thundersoft.notificationtest1,857,111111111111111111111111111-a0ee79b1,858,3,946,ranker_group,947,0,1395,51,1500,99554,1688,1]
10-28 02:19:25.195 I/notification_visibility( 1152): [0|com.thundersoft.notificationtest1|33|null|10101,0,99915,99915,0,22]
10-28 02:19:25.196 I/sysui_multi_action( 1152): [757,128,758,2,793,99987,794,647,795,99987,796,21,798,29,806,com.thundersoft.notificationtest1,857,111111111111111111111111111-868cee71,858,3,946,ranker_group,947,0,1395,51,1500,99649,1688,1]
10-28 02:19:25.196 I/notification_visibility( 1152): [0|com.thundersoft.notificationtest1|21|null|10101,0,99987,99987,0,29]
10-28 02:19:25.197 I/sysui_multi_action( 1152): [757,128,758,2,793,99576,794,646,795,99576,796,46,798,9,806,com.thundersoft.notificationtest1,857,111111111111111111111111111-ec0b7960,858,3,946,ranker_group,947,0,1395,51,1500,99087,1688,1]
10-28 02:19:25.197 I/notification_visibility( 1152): [0|com.thundersoft.notificationtest1|46|null|10101,0,99576,99576,0,9]
10-28 02:19:25.197 I/sysui_multi_action( 1152): [757,128,758,2,793,99913,794,646,795,99913,796,34,798,21,806,com.thundersoft.notificationtest1,857,111111111111111111111111111-7ce0bca0,858,3,946,ranker_group,947,0,1395,51,1500,99546,1688,1]
10-28 02:19:25.198 I/notification_visibility( 1152): [0|com.thundersoft.notificationtest1|34|null|10101,0,99913,99913,0,21]
10-28 02:19:25.198 I/sysui_multi_action( 1152): [757,128,758,2,793,99983,794,646,795,99983,796,22,798,28,806,com.thundersoft.notificationtest1,857,111111111111111111111111111-4b10dfe0,858,3,946,ranker_group,947,0,1395,51,1500,99637,1688,1]
10-28 02:19:25.198 I/notification_visibility( 1152): [0|com.thundersoft.notificationtest1|22|null|10101,0,99983,99983,0,28]
10-28 02:19:25.199 I/sysui_multi_action( 1152): [757,128,758,2,793,100061,794,647,795,100061,796,10,798,40,806,com.thundersoft.notificationtest1,857,111111111111111111111111111-5febe320,858,3,946,ranker_group,947,0,1395,51,1500,99808,1688,1]
10-28 02:19:25.199 I/notification_visibility( 1152): [0|com.thundersoft.notificationtest1|10|null|10101,0,100061,100061,0,40]
10-28 02:19:25.200 I/sysui_multi_action( 1152): [757,128,758,2,793,99573,794,3429,795,99573,796,47,798,8,806,com.thundersoft.notificationtest1,857,111111111111111111111111111-9563b2d1,858,3,946,ranker_group,947,0,1395,51,1500,99087,1688,1]
10-28 02:19:25.200 I/notification_visibility( 1152): [0|com.thundersoft.notificationtest1|47|null|10101,0,99573,99573,0,8]
10-28 02:19:25.200 I/sysui_multi_action( 1152): [757,128,758,2,793,99911,794,647,795,99911,796,35,798,20,806,com.thundersoft.notificationtest1,857,111111111111111111111111111-1f36d791,858,3,946,ranker_group,947,0,1395,51,1500,99533,1688,1]
10-28 02:19:25.201 I/notification_visibility( 1152): [0|com.thundersoft.notificationtest1|35|null|10101,0,99911,99911,0,20]
10-28 02:19:25.201 I/sysui_multi_action( 1152): [757,128,758,2,793,99981,794,648,795,99981,796,23,798,27,806,com.thundersoft.notificationtest1,857,111111111111111111111111111-170b1c51,858,3,946,ranker_group,947,0,1395,51,1500,99634,1688,1]
10-28 02:19:25.202 I/notification_visibility( 1152): [0|com.thundersoft.notificationtest1|23|null|10101,0,99981,99981,0,27]
10-28 02:19:25.202 I/sysui_multi_action( 1152): [757,128,758,2,793,100052,794,648,795,100052,796,11,798,39,806,com.thundersoft.notificationtest1,857,111111111111111111111111111-9d908111,858,3,946,ranker_group,947,0,1395,51,1500,99796,1688,1]
10-28 02:19:25.203 I/notification_visibility( 1152): [0|com.thundersoft.notificationtest1|11|null|10101,0,100052,100052,0,39]
10-28 02:19:25.203 I/sysui_multi_action( 1152): [757,128,758,2,793,99574,794,3427,795,99574,796,48,798,7,806,com.thundersoft.notificationtest1,857,111111111111111111111111111-1712a780,858,3,946,ranker_group,947,0,1395,51,1500,99086,1688,1]
10-28 02:19:25.203 I/notification_visibility( 1152): [0|com.thundersoft.notificationtest1|48|null|10101,0,99574,99574,0,7]
10-28 02:19:25.204 I/sysui_multi_action( 1152): [757,128,758,2,793,99903,794,650,795,99903,796,36,798,19,806,com.thundersoft.notificationtest1,857,111111111111111111111111111-c7a41ac0,858,3,946,ranker_group,947,0,1395,51,1500,99532,1688,1]
10-28 02:19:25.204 I/notification_visibility( 1152): [0|com.thundersoft.notificationtest1|36|null|10101,0,99903,99903,0,19]
10-28 02:19:25.205 I/sysui_multi_action( 1152): [757,128,758,2,793,99977,794,651,795,99977,796,24,798,26,806,com.thundersoft.notificationtest1,857,111111111111111111111111111-ca586e00,858,3,946,ranker_group,947,0,1395,51,1500,99631,1688,1]
10-28 02:19:25.205 I/notification_visibility( 1152): [0|com.thundersoft.notificationtest1|24|null|10101,0,99977,99977,0,26]
10-28 02:19:25.205 I/sysui_multi_action( 1152): [757,128,758,2,793,100050,794,650,795,100050,796,12,798,38,806,com.thundersoft.notificationtest1,857,111111111111111111111111111-147fa140,858,3,946,ranker_group,947,0,1395,51,1500,99784,1688,1]
10-28 02:19:25.205 I/notification_visibility( 1152): [0|com.thundersoft.notificationtest1|12|null|10101,0,100050,100050,0,38]
10-28 02:19:25.206 I/sysui_multi_action( 1152): [757,128,758,2,793,99575,794,3942,795,99575,796,49,798,6,806,com.thundersoft.notificationtest1,857,111111111111111111111111111-cb4248b1,858,3,946,ranker_group,947,0,1395,51,1500,99051,1688,1]
10-28 02:19:25.206 I/notification_visibility( 1152): [0|com.thundersoft.notificationtest1|49|null|10101,0,99575,99575,0,6]
10-28 02:19:25.207 I/sysui_multi_action( 1152): [757,128,758,2,793,99900,794,651,795,99900,796,37,798,18,806,com.thundersoft.notificationtest1,857,111111111111111111111111111-2cdf3d71,858,3,946,ranker_group,947,0,1395,51,1500,99456,1688,1]
10-28 02:19:25.207 I/notification_visibility( 1152): [0|com.thundersoft.notificationtest1|37|null|10101,0,99900,99900,0,18]
10-28 02:19:25.207 I/sysui_multi_action( 1152): [757,128,758,2,793,100043,794,651,795,100043,796,13,798,37,806,com.thundersoft.notificationtest1,857,111111111111111111111111111-7b7486f1,858,3,946,ranker_group,947,0,1395,51,1500,99764,1688,1]
10-28 02:19:25.207 I/notification_visibility( 1152): [0|com.thundersoft.notificationtest1|13|null|10101,0,100043,100043,0,37]
10-28 02:19:25.208 I/sysui_multi_action( 1152): [757,128,758,2,793,99854,794,652,795,99854,796,38,798,17,806,com.thundersoft.notificationtest1,857,111111111111111111111111111-6f0870e0,858,3,946,ranker_group,947,0,1395,51,1500,99383,1688,1]
10-28 02:19:25.208 I/notification_visibility( 1152): [0|com.thundersoft.notificationtest1|38|null|10101,0,99854,99854,0,17]
10-28 02:19:25.209 I/sysui_multi_action( 1152): [757,128,758,2,793,99877,794,2941,795,99877,796,2147483647,797,ranker_group,798,3,806,com.thundersoft.notificationtest1,857,111111111111111111111111111-1369b480,858,3,946,ranker_group,947,1,1395,51,1500,99877,1688,1]
10-28 02:19:25.209 I/notification_visibility( 1152): [0|com.thundersoft.notificationtest1|2147483647|ranker_group|10101|ranker_group,0,99877,99877,0,3]
10-28 02:19:25.209 I/sysui_multi_action( 1152): [757,128,758,2,793,100040,794,653,795,100040,796,14,798,36,806,com.thundersoft.notificationtest1,857,111111111111111111111111111-f31c5760,858,3,946,ranker_group,947,0,1395,51,1500,99734,1688,1]
10-28 02:19:25.210 I/notification_visibility( 1152): [0|com.thundersoft.notificationtest1|14|null|10101,0,100040,100040,0,36]
10-28 02:19:25.210 I/sysui_multi_action( 1152): [757,128,758,2,793,99846,794,653,795,99846,796,39,798,16,806,com.thundersoft.notificationtest1,857,111111111111111111111111111-7205ab51,858,3,946,ranker_group,947,0,1395,51,1500,99284,1688,1]
10-28 02:19:25.211 I/notification_visibility( 1152): [0|com.thundersoft.notificationtest1|39|null|10101,0,99846,99846,0,16]
10-28 02:19:25.211 I/sysui_multi_action( 1152): [757,128,758,2,793,100036,794,654,795,100036,796,15,798,35,806,com.thundersoft.notificationtest1,857,111111111111111111111111111-706e94d1,858,3,946,ranker_group,947,0,1395,51,1500,99729,1688,1]
10-28 02:19:25.211 I/notification_visibility( 1152): [0|com.thundersoft.notificationtest1|15|null|10101,0,100036,100036,0,35]
10-28 02:19:25.212 I/sysui_multi_action( 1152): [757,128,758,2,793,100030,794,655,795,100030,796,16,798,34,806,com.thundersoft.notificationtest1,857,111111111111111111111111111-9d640580,858,3,946,ranker_group,947,0,1395,51,1500,99722,1688,1]
10-28 02:19:25.212 I/notification_visibility( 1152): [0|com.thundersoft.notificationtest1|16|null|10101,0,100030,100030,0,34]
10-28 02:19:25.213 I/sysui_multi_action( 1152): [757,128,758,2,793,100023,794,655,795,100023,796,17,798,33,806,com.thundersoft.notificationtest1,857,1111111111111111111111111111-f1caab1,858,3,946,ranker_group,947,0,1395,51,1500,99707,1688,1]
10-28 02:19:25.213 I/notification_visibility( 1152): [0|com.thundersoft.notificationtest1|17|null|10101,0,100023,100023,0,33]
10-28 02:19:25.214 I/sysui_multi_action( 1152): [757,128,758,2,793,100018,794,655,795,100018,796,18,798,32,806,com.thundersoft.notificationtest1,857,111111111111111111111111111-d478aba0,858,3,946,ranker_group,947,0,1395,51,1500,99687,1688,1]
10-28 02:19:25.214 I/notification_visibility( 1152): [0|com.thundersoft.notificationtest1|18|null|10101,0,100018,100018,0,32]
10-28 02:19:25.214 I/sysui_multi_action( 1152): [757,128,758,2,793,100015,794,656,795,100015,796,19,798,31,806,com.thundersoft.notificationtest1,857,111111111111111111111111111-ba9cc891,858,3,946,ranker_group,947,0,1395,51,1500,99683,1688,1]
10-28 02:19:25.215 I/notification_visibility( 1152): [0|com.thundersoft.notificationtest1|19|null|10101,0,100015,100015,0,31]
10-28 02:19:25.215 I/sysui_multi_action( 1152): [757,128,758,2,793,100133,794,656,795,100133,796,0,798,50,806,com.thundersoft.notificationtest1,857,111111111111111111111111111-1369b480,858,3,946,ranker_group,947,0,1395,51,1500,99928,1688,1]
10-28 02:19:25.215 I/notification_visibility( 1152): [0|com.thundersoft.notificationtest1|0|null|10101,0,100133,100133,0,50]
10-28 02:19:25.216 I/sysui_multi_action( 1152): [757,128,758,2,793,100129,794,656,795,100129,796,1,798,49,806,com.thundersoft.notificationtest1,857,111111111111111111111111111-59ccdbb1,858,3,946,ranker_group,947,0,1395,51,1500,99923,1688,1]
10-28 02:19:25.216 I/notification_visibility( 1152): [0|com.thundersoft.notificationtest1|1|null|10101,0,100129,100129,0,49]
10-28 02:19:25.225 I/notification_enqueue( 1152): [10087,2084,com.android.systemui,2048,NULL,0,Notification(channel=updateNotification shortcut=null contentView=null vibrate=null sound=null defaults=0x0 flags=0x0 color=0x00000000 vis=PRIVATE),1]
10-28 02:19:25.226 I/sysui_multi_action( 2084): [757,111,758,2]
10-28 02:19:25.226 I/sysui_multi_action( 2084): [757,111,758,2]
10-28 02:19:25.237 I/sysui_multi_action( 1152): [757,127,758,2]
10-28 02:19:25.238 I/notification_panel_hidden( 1152):
10-28 02:19:25.364 I/sysui_multi_action( 2084): [757,111,758,1]
10-28 02:19:25.365 I/sysui_multi_action( 2084): [757,126,758,1,759,126,927,0,928,1,1593,0]
10-28 02:19:25.366 I/sysui_multi_action( 2084): [757,113,758,1,759,113,927,1,928,1,1593,0]
10-28 02:19:25.366 I/sysui_multi_action( 2084): [757,0,758,1,759,0,927,2,928,0,1593,0]
10-28 02:19:25.367 I/sysui_multi_action( 2084): [757,0,758,1,759,0,927,3,928,0,1593,0]
10-28 02:19:25.369 I/sysui_multi_action( 2084): [757,491,758,1,759,491,927,4,928,0,1311,-1,1593,0]
10-28 02:19:25.369 I/sysui_multi_action( 2084): [757,0,758,1,759,0,927,5,928,0,1593,0]
10-28 02:19:25.369 I/sysui_multi_action( 2084): [757,0,758,1,759,0,927,6,1593,0]
10-28 02:19:25.370 I/sysui_multi_action( 2084): [757,111,758,1]
10-28 02:19:25.370 I/sysui_multi_action( 2084): [757,126,758,1,759,126,927,0,928,1,1593,0]
10-28 02:19:25.371 I/sysui_multi_action( 2084): [757,113,758,1,759,113,927,1,928,1,1593,0]
10-28 02:19:25.371 I/sysui_multi_action( 2084): [757,0,758,1,759,0,927,2,928,0,1593,0]
10-28 02:19:25.371 I/sysui_multi_action( 2084): [757,0,758,1,759,0,927,3,928,0,1593,0]
10-28 02:19:25.813 I/input_interaction( 1152): Interaction with: fedcccd StatusBar (server), edge-swipe (server), swipe-up (server), PointerEventDispatcher0 (server),
