10-28 02:37:36.317 I/notification_enqueue( 1152): [10101,5023,com.thundersoft.notificationtest1,20,NULL,0,Notification(channel=1111111111111111111111 shortcut=null contentView=null vibrate=null sound=null defaults=0x0 flags=0x0 color=0x00000000 vis=PRIVATE),0]
10-28 02:37:36.320 D/skia ( 5023): --- Failed to create image decoder with message 'unimplemented'
10-28 02:37:36.324 I/notification_enqueue( 1152): [10101,5023,com.thundersoft.notificationtest1,21,NULL,0,Notification(channel=11111111111111111111111 shortcut=null contentView=null vibrate=null sound=null defaults=0x0 flags=0x0 color=0x00000000 vis=PRIVATE),0]
10-28 02:37:36.327 D/skia ( 5023): --- Failed to create image decoder with message 'unimplemented'
10-28 02:37:36.330 I/OMX-VENC: venc_dev( 1316): stats: avg. fps 25.75, bitrate 114712
10-28 02:37:36.330 I/notification_enqueue( 1152): [10101,5023,com.thundersoft.notificationtest1,22,NULL,0,Notification(channel=111111111111111111111111 shortcut=null contentView=null vibrate=null sound=null defaults=0x0 flags=0x0 color=0x00000000 vis=PRIVATE),0]
10-28 02:37:36.332 D/skia ( 5023): --- Failed to create image decoder with message 'unimplemented'
10-28 02:37:36.335 I/notification_enqueue( 1152): [10101,5023,com.thundersoft.notificationtest1,23,NULL,0,Notification(channel=1111111111111111111111111 shortcut=null contentView=null vibrate=null sound=null defaults=0x0 flags=0x0 color=0x00000000 vis=PRIVATE),0]
10-28 02:37:36.337 D/skia ( 5023): --- Failed to create image decoder with message 'unimplemented'
10-28 02:37:36.340 I/notification_enqueue( 1152): [10101,5023,com.thundersoft.notificationtest1,24,NULL,0,Notification(channel=11111111111111111111111111 shortcut=null contentView=null vibrate=null sound=null defaults=0x0 flags=0x0 color=0x00000000 vis=PRIVATE),0]
10-28 02:37:36.341 D/skia ( 5023): --- Failed to create image decoder with message 'unimplemented'
10-28 02:37:36.344 I/notification_enqueue( 1152): [10101,5023,com.thundersoft.notificationtest1,25,NULL,0,Notification(channel=111111111111111111111111111 shortcut=null contentView=null vibrate=null sound=null defaults=0x0 flags=0x0 color=0x00000000 vis=PRIVATE),0]
10-28 02:37:36.345 D/skia ( 5023): --- Failed to create image decoder with message 'unimplemented'
10-28 02:37:36.354 I/OMX-VENC: venc_dev( 1316): stats: avg. fps 27.67, bitrate 211500
10-28 02:37:36.356 I/notification_enqueue( 1152): [10101,5023,com.thundersoft.notificationtest1,26,NULL,0,Notification(channel=1111111111111111111111111111 shortcut=null contentView=null vibrate=null sound=null defaults=0x0 flags=0x0 color=0x00000000 vis=PRIVATE),0]
10-28 02:37:36.357 D/skia ( 5023): --- Failed to create image decoder with message 'unimplemented'
10-28 02:37:36.361 D/skia ( 5023): --- Failed to create image decoder with message 'unimplemented'
10-28 02:37:36.362 I/notification_enqueue( 1152): [10101,5023,com.thundersoft.notificationtest1,27,NULL,0,Notification(channel=11111111111111111111111111111 shortcut=null contentView=null vibrate=null sound=null defaults=0x0 flags=0x0 color=0x00000000 vis=PRIVATE),0]
10-28 02:37:36.365 I/notification_enqueue( 1152): [10101,5023,com.thundersoft.notificationtest1,28,NULL,0,Notification(channel=111111111111111111111111111111 shortcut=null contentView=null vibrate=null sound=null defaults=0x0 flags=0x0 color=0x00000000 vis=PRIVATE),0]
10-28 02:37:36.367 D/skia ( 5023): --- Failed to create image decoder with message 'unimplemented'
10-28 02:37:36.370 I/notification_enqueue( 1152): [10101,5023,com.thundersoft.notificationtest1,29,NULL,0,Notification(channel=1111111111111111111111111111111 shortcut=null contentView=null vibrate=null sound=null defaults=0x0 flags=0x0 color=0x00000000 vis=PRIVATE),0]
10-28 02:37:36.371 D/skia ( 5023): --- Failed to create image decoder with message 'unimplemented'
10-28 02:37:36.374 I/notification_enqueue( 1152): [10101,5023,com.thundersoft.notificationtest1,30,NULL,0,Notification(channel=11111111111111111111111111111111 shortcut=null contentView=null vibrate=null sound=null defaults=0x0 flags=0x0 color=0x00000000 vis=PRIVATE),0]
10-28 02:37:36.375 D/skia ( 5023): --- Failed to create image decoder with message 'unimplemented'
10-28 02:37:36.378 I/notification_enqueue( 1152): [10101,5023,com.thundersoft.notificationtest1,31,NULL,0,Notification(channel=111111111111111111111111111111111 shortcut=null contentView=null vibrate=null sound=null defaults=0x0 flags=0x0 color=0x00000000 vis=PRIVATE),0]
10-28 02:37:36.379 D/skia ( 5023): --- Failed to create image decoder with message 'unimplemented'
10-28 02:37:36.382 I/notification_enqueue( 1152): [10101,5023,com.thundersoft.notificationtest1,32,NULL,0,Notification(channel=1111111111111111111111111111111111 shortcut=null contentView=null vibrate=null sound=null defaults=0x0 flags=0x0 color=0x00000000 vis=PRIVATE),0]
10-28 02:37:36.384 D/skia ( 5023): --- Failed to create image decoder with message 'unimplemented'
10-28 02:37:36.387 I/notification_enqueue( 1152): [10101,5023,com.thundersoft.notificationtest1,33,NULL,0,Notification(channel=11111111111111111111111111111111111 shortcut=null contentView=null vibrate=null sound=null defaults=0x0 flags=0x0 color=0x00000000 vis=PRIVATE),0]
10-28 02:37:36.388 D/skia ( 5023): --- Failed to create image decoder with message 'unimplemented'
10-28 02:37:36.392 I/notification_enqueue( 1152): [10101,5023,com.thundersoft.notificationtest1,34,NULL,0,Notification(channel=111111111111111111111111111111111111 shortcut=null contentView=null vibrate=null sound=null defaults=0x0 flags=0x0 color=0x00000000 vis=PRIVATE),0]
10-28 02:37:36.393 D/skia ( 5023): --- Failed to create image decoder with message 'unimplemented'
10-28 02:37:36.397 I/notification_enqueue( 1152): [10101,5023,com.thundersoft.notificationtest1,35,NULL,0,Notification(channel=1111111111111111111111111111111111111 shortcut=null contentView=null vibrate=null sound=null defaults=0x0 flags=0x0 color=0x00000000 vis=PRIVATE),0]
10-28 02:37:36.399 D/skia ( 5023): --- Failed to create image decoder with message 'unimplemented'
10-28 02:37:36.401 I/sysui_multi_action( 1152): [757,1501,758,1,793,203,794,0,795,203,796,0,806,com.thundersoft.notificationtest1,857,11,858,3,947,0,1500,0,1688,1]
10-28 02:37:36.402 I/sysui_multi_action( 1152): [757,804,799,note_interruptive,801,0,802,1]
10-28 02:37:36.403 I/sysui_multi_action( 1152): [757,1501,758,1,793,205,794,0,795,205,796,0,806,com.thundersoft.notificationtest1,857,11,858,3,947,0,1500,0,1688,1]
10-28 02:37:36.403 I/sysui_multi_action( 1152): [757,804,799,note_interruptive,801,0,802,1]
10-28 02:37:36.403 I/sysui_multi_action( 1152): [757,199,758,1,759,2,793,205,794,0,795,205,796,0,806,com.thundersoft.notificationtest1,857,11,858,3,947,0,1500,0,1688,1]
10-28 02:37:36.404 I/notification_alert( 1152): [0|com.thundersoft.notificationtest1|0|null|10101,0,1,0]
10-28 02:37:36.407 W/NotificationHistory( 1152): Attempted to add notif for locked/gone/disabled user 0
10-28 02:37:36.408 I/notification_enqueue( 1152): [10101,5023,com.thundersoft.notificationtest1,36,NULL,0,Notification(channel=11111111111111111111111111111111111111 shortcut=null contentView=null vibrate=null sound=null defaults=0x0 flags=0x0 color=0x00000000 vis=PRIVATE),0]
10-28 02:37:36.409 I/sysui_multi_action( 1152): [757,1501,758,1,793,203,794,0,795,203,796,1,806,com.thundersoft.notificationtest1,857,111,858,3,947,0,1500,0,1688,1]
10-28 02:37:36.409 I/sysui_multi_action( 1152): [757,804,799,note_interruptive,801,0,802,1]
10-28 02:37:36.409 W/NotifCollection( 2084): Ranking update is missing ranking for 0|com.thundersoft.notificationtest1|51|null|10101
10-28 02:37:36.410 W/NotifCollection( 2084): Ranking update is missing ranking for 0|com.thundersoft.notificationtest1|22|null|10101
10-28 02:37:36.410 W/NotifCollection( 2084): Ranking update is missing ranking for 0|com.thundersoft.notificationtest1|14|null|10101
10-28 02:37:36.410 E/NotificationService( 1152): Muting recently noisy 0|com.thundersoft.notificationtest1|1|null|10101
10-28 02:37:36.410 W/NotifCollection( 2084): Ranking update is missing ranking for 0|com.thundersoft.notificationtest1|15|null|10101
10-28 02:37:36.412 W/NotificationHistory( 1152): Attempted to add notif for locked/gone/disabled user 0
10-28 02:37:36.416 D/skia ( 5023): --- Failed to create image decoder with message 'unimplemented'
10-28 02:37:36.417 I/sysui_multi_action( 1152): [757,1501,758,1,793,205,794,0,795,205,796,2,806,com.thundersoft.notificationtest1,857,1111,858,3,947,0,1500,0,1688,1]
10-28 02:37:36.417 I/sysui_multi_action( 1152): [757,804,799,note_interruptive,801,0,802,1]
10-28 02:37:36.418 E/NotificationService( 1152): Muting recently noisy 0|com.thundersoft.notificationtest1|2|null|10101
10-28 02:37:36.421 W/NotificationHistory( 1152): Attempted to add notif for locked/gone/disabled user 0
10-28 02:37:36.423 I/notification_enqueue( 1152): [10101,5023,com.thundersoft.notificationtest1,37,NULL,0,Notification(channel=111111111111111111111111111111111111111 shortcut=null contentView=null vibrate=null sound=null defaults=0x0 flags=0x0 color=0x00000000 vis=PRIVATE),0]
10-28 02:37:36.425 D/skia ( 5023): --- Failed to create image decoder with message 'unimplemented'
10-28 02:37:36.427 D/Avrcp_ext( 2071): AudioManager Player: AudioPlaybackConfiguration piid:295 deviceId:0 type:android.media.SoundPool u/pid:10087/2084 state:idle attr:AudioAttributes: usage=USAGE_ASSISTANCE_SONIFICATION content=CONTENT_TYPE_SONIFICATION flags=0x800 tags= bundle=null sessionId:0
10-28 02:37:36.428 D/Avrcp_ext( 2071): AudioManager Player: AudioPlaybackConfiguration piid:287 deviceId:0 type:android.media.SoundPool u/pid:1000/1152 state:idle attr:AudioAttributes: usage=USAGE_ASSISTANCE_SONIFICATION content=CONTENT_TYPE_SONIFICATION flags=0x800 tags= bundle=null sessionId:0
10-28 02:37:36.428 D/Avrcp_ext( 2071): AudioManager Player: AudioPlaybackConfiguration piid:655 deviceId:0 type:android.media.MediaPlayer u/pid:10087/2084 state:idle attr:AudioAttributes: usage=USAGE_NOTIFICATION content=CONTENT_TYPE_SONIFICATION flags=0x800 tags= bundle=null sessionId:0
10-28 02:37:36.428 D/Avrcp_ext( 2071): AudioManager isPlaying: false, mAudioPlaybackIsActive = false
10-28 02:37:36.428 D/Avrcp_ext( 2071): AudioManager Reset Active Player
10-28 02:37:36.429 I/sysui_multi_action( 1152): [757,1501,758,1,793,211,794,0,795,211,796,3,806,com.thundersoft.notificationtest1,857,11111,858,3,947,0,1500,0,1688,1]
10-28 02:37:36.429 I/sysui_multi_action( 1152): [757,804,799,note_interruptive,801,0,802,1]
10-28 02:37:36.430 E/NotificationService( 1152): Muting recently noisy 0|com.thundersoft.notificationtest1|3|null|10101
10-28 02:37:36.432 W/NotificationHistory( 1152): Attempted to add notif for locked/gone/disabled user 0
10-28 02:37:36.432 I/notification_enqueue( 1152): [10101,5023,com.thundersoft.notificationtest1,38,NULL,0,Notification(channel=1111111111111111111111111111111111111111 shortcut=null contentView=null vibrate=null sound=null defaults=0x0 flags=0x0 color=0x00000000 vis=PRIVATE),0]
10-28 02:37:36.434 D/skia ( 5023): --- Failed to create image decoder with message 'unimplemented'
10-28 02:37:36.435 W/MediaProvider( 3154): Failed to fetch original file descriptor
10-28 02:37:36.435 W/MediaProvider( 3154): java.io.IOException: stat failed: EACCES (Permission denied)
10-28 02:37:36.435 W/MediaProvider( 3154): at com.android.providers.media.MediaProvider.getFileFromFileDescriptor(MediaProvider.java:5794)
10-28 02:37:36.435 W/MediaProvider( 3154): at com.android.providers.media.MediaProvider.getOriginalMediaFormatFileDescriptor(MediaProvider.java:5711)
10-28 02:37:36.435 W/MediaProvider( 3154): at com.android.providers.media.MediaProvider.openTypedAssetFileCommon(MediaProvider.java:7134)
10-28 02:37:36.435 W/MediaProvider( 3154): at com.android.providers.media.MediaProvider.openTypedAssetFile(MediaProvider.java:7115)
10-28 02:37:36.435 W/MediaProvider( 3154): at android.content.ContentProvider$Transport.openTypedAssetFile(ContentProvider.java:548)
10-28 02:37:36.435 W/MediaProvider( 3154): at android.content.ContentProviderNative.onTransact(ContentProviderNative.java:327)
10-28 02:37:36.435 W/MediaProvider( 3154): at android.os.Binder.execTransactInternal(Binder.java:1184)
10-28 02:37:36.435 W/MediaProvider( 3154): at android.os.Binder.execTransact(Binder.java:1143)
10-28 02:37:36.435 W/MediaProvider( 3154): Caused by: android.system.ErrnoException: stat failed: EACCES (Permission denied)
10-28 02:37:36.435 W/MediaProvider( 3154): at libcore.io.Linux.stat(Native Method)
10-28 02:37:36.435 W/MediaProvider( 3154): at libcore.io.ForwardingOs.stat(ForwardingOs.java:853)
10-28 02:37:36.435 W/MediaProvider( 3154): at libcore.io.BlockGuardOs.stat(BlockGuardOs.java:420)
10-28 02:37:36.435 W/MediaProvider( 3154): at libcore.io.ForwardingOs.stat(ForwardingOs.java:853)
10-28 02:37:36.435 W/MediaProvider( 3154): at android.app.ActivityThread$AndroidOs.stat(ActivityThread.java:7780)
10-28 02:37:36.435 W/MediaProvider( 3154): at android.system.Os.stat(Os.java:919)
10-28 02:37:36.435 W/MediaProvider( 3154): at com.android.providers.media.MediaProvider.getFileFromFileDescriptor(MediaProvider.java:5788)
10-28 02:37:36.435 W/MediaProvider( 3154): ... 7 more
10-28 02:37:36.435 D/InterruptionStateProvider( 2084): No bubble up: not allowed to bubble: 0|com.thundersoft.notificationtest1|0|null|10101
10-28 02:37:36.437 D/InterruptionStateProvider( 2084): No heads up: unimportant notification: 0|com.thundersoft.notificationtest1|0|null|10101
10-28 02:37:36.438 W/NotifCollection( 2084): Ranking update is missing ranking for 0|com.thundersoft.notificationtest1|51|null|10101
10-28 02:37:36.438 W/NotifCollection( 2084): Ranking update is missing ranking for 0|com.thundersoft.notificationtest1|22|null|10101
10-28 02:37:36.438 W/NotifCollection( 2084): Ranking update is missing ranking for 0|com.thundersoft.notificationtest1|14|null|10101
10-28 02:37:36.438 W/NotifCollection( 2084): Ranking update is missing ranking for 0|com.thundersoft.notificationtest1|15|null|10101
10-28 02:37:36.439 D/NuPlayerDriver( 1300): NuPlayerDriver(0xf1f01c30) created, clientPid(2084)
10-28 02:37:36.439 D/skia ( 5023): --- Failed to create image decoder with message 'unimplemented'
10-28 02:37:36.441 I/notification_autogrouped( 1152): 0|com.thundersoft.notificationtest1|0|null|10101
10-28 02:37:36.441 I/notification_autogrouped( 1152): 0|com.thundersoft.notificationtest1|1|null|10101
10-28 02:37:36.441 I/notification_autogrouped( 1152): 0|com.thundersoft.notificationtest1|2|null|10101
10-28 02:37:36.441 I/notification_autogrouped( 1152): 0|com.thundersoft.notificationtest1|3|null|10101
10-28 02:37:36.441 D/skia ( 5023): --- Failed to create image decoder with message 'unimplemented'
10-28 02:37:36.441 I/sysui_multi_action( 1152): [757,1501,758,1,793,210,794,0,795,210,796,4,806,com.thundersoft.notificationtest1,857,111111,858,3,947,0,1500,0,1688,1]
10-28 02:37:36.442 I/sysui_multi_action( 1152): [757,804,799,note_interruptive,801,0,802,1]
10-28 02:37:36.443 E/NotificationService( 1152): Muting recently noisy 0|com.thundersoft.notificationtest1|4|null|10101
10-28 02:37:36.444 D/PeopleSpaceWidgetMgr( 2084): Sbn doesn't contain valid PeopleTileKey: null/0/com.thundersoft.notificationtest1
10-28 02:37:36.449 W/NotificationHistory( 1152): Attempted to add notif for locked/gone/disabled user 0
10-28 02:37:36.450 I/notification_enqueue( 1152): [10101,5023,com.thundersoft.notificationtest1,39,NULL,0,Notification(channel=11111111111111111111111111111111111111111 shortcut=null contentView=null vibrate=null sound=null defaults=0x0 flags=0x0 color=0x00000000 vis=PRIVATE),0]
10-28 02:37:36.451 I/sysui_multi_action( 1152): [757,1501,758,1,793,215,794,0,795,215,796,5,806,com.thundersoft.notificationtest1,857,1111111,858,3,947,0,1500,0,1688,1]
10-28 02:37:36.451 I/sysui_multi_action( 1152): [757,804,799,note_interruptive,801,0,802,1]
10-28 02:37:36.452 E/NotificationService( 1152): Muting recently noisy 0|com.thundersoft.notificationtest1|5|null|10101
10-28 02:37:36.453 D/InterruptionStateProvider( 2084): No bubble up: not allowed to bubble: 0|com.thundersoft.notificationtest1|1|null|10101
10-28 02:37:36.454 W/NotificationHistory( 1152): Attempted to add notif for locked/gone/disabled user 0
10-28 02:37:36.454 D/InterruptionStateProvider( 2084): No heads up: unimportant notification: 0|com.thundersoft.notificationtest1|1|null|10101
10-28 02:37:36.454 I/notification_enqueue( 1152): [10101,5023,com.thundersoft.notificationtest1,2147483647,ranker_group,0,Notification(channel=11 shortcut=null contentView=null vibrate=null sound=null defaults=0x0 flags=0x700 color=0x00000000 groupKey=ranker_group vis=PRIVATE),0]
10-28 02:37:36.455 W/NotifCollection( 2084): Ranking update is missing ranking for 0|com.thundersoft.notificationtest1|51|null|10101
10-28 02:37:36.455 W/NotifCollection( 2084): Ranking update is missing ranking for 0|com.thundersoft.notificationtest1|22|null|10101
10-28 02:37:36.455 W/NotifCollection( 2084): Ranking update is missing ranking for 0|com.thundersoft.notificationtest1|14|null|10101
10-28 02:37:36.455 W/NotifCollection( 2084): Ranking update is missing ranking for 0|com.thundersoft.notificationtest1|15|null|10101
10-28 02:37:36.456 I/notification_enqueue( 1152): [10101,5023,com.thundersoft.notificationtest1,40,NULL,0,Notification(channel=111111111111111111111111111111111111111111 shortcut=null contentView=null vibrate=null sound=null defaults=0x0 flags=0x0 color=0x00000000 vis=PRIVATE),0]
10-28 02:37:36.458 D/skia ( 5023): --- Failed to create image decoder with message 'unimplemented'
10-28 02:37:36.459 I/sysui_multi_action( 1152): [757,1501,758,1,793,218,794,0,795,218,796,6,806,com.thundersoft.notificationtest1,857,11111111,858,3,947,0,1500,0,1688,1]
10-28 02:37:36.460 I/sysui_multi_action( 1152): [757,804,799,note_interruptive,801,0,802,1]
10-28 02:37:36.460 D/PeopleSpaceWidgetMgr( 2084): Sbn doesn't contain valid PeopleTileKey: null/0/com.thundersoft.notificationtest1
10-28 02:37:36.460 E/NotificationService( 1152): Muting recently noisy 0|com.thundersoft.notificationtest1|6|null|10101
10-28 02:37:36.462 W/NotificationHistory( 1152): Attempted to add notif for locked/gone/disabled user 0
10-28 02:37:36.464 I/notification_adjusted( 1152): [0|com.thundersoft.notificationtest1|3|null|10101,key_group_key,ranker_group]
10-28 02:37:36.464 I/notification_adjusted( 1152): [0|com.thundersoft.notificationtest1|2|null|10101,key_group_key,ranker_group]
10-28 02:37:36.465 I/notification_adjusted( 1152): [0|com.thundersoft.notificationtest1|1|null|10101,key_group_key,ranker_group]
10-28 02:37:36.465 I/notification_adjusted( 1152): [0|com.thundersoft.notificationtest1|0|null|10101,key_group_key,ranker_group]
10-28 02:37:36.467 D/skia ( 5023): --- Failed to create image decoder with message 'unimplemented'
10-28 02:37:36.472 D/InterruptionStateProvider( 2084): No bubble up: not allowed to bubble: 0|com.thundersoft.notificationtest1|2|null|10101
10-28 02:37:36.472 D/InterruptionStateProvider( 2084): No heads up: unimportant notification: 0|com.thundersoft.notificationtest1|2|null|10101
10-28 02:37:36.473 W/NotifCollection( 2084): Ranking update is missing ranking for 0|com.thundersoft.notificationtest1|51|null|10101
10-28 02:37:36.473 D/PeopleSpaceWidgetMgr( 2084): Sbn doesn't contain valid PeopleTileKey: null/0/com.thundersoft.notificationtest1
10-28 02:37:36.473 W/NotifCollection( 2084): Ranking update is missing ranking for 0|com.thundersoft.notificationtest1|22|null|10101
10-28 02:37:36.473 W/NotifCollection( 2084): Ranking update is missing ranking for 0|com.thundersoft.notificationtest1|14|null|10101
10-28 02:37:36.474 W/NotifCollection( 2084): Ranking update is missing ranking for 0|com.thundersoft.notificationtest1|15|null|10101
10-28 02:37:36.474 I/ExtendedNuUtils( 1300): printFileName fd(9) -> /data/system_de/0/ringtones/notification_sound_cache
10-28 02:37:36.477 I/notification_autogrouped( 1152): 0|com.thundersoft.notificationtest1|4|null|10101
10-28 02:37:36.481 I/sysui_multi_action( 1152): [757,1501,758,1,793,230,794,0,795,230,796,7,806,com.thundersoft.notificationtest1,857,111111111,858,3,947,0,1500,0,1688,1]
10-28 02:37:36.481 I/sysui_multi_action( 1152): [757,804,799,note_interruptive,801,0,802,1]
10-28 02:37:36.482 E/NotificationService( 1152): Muting recently noisy 0|com.thundersoft.notificationtest1|7|null|10101
10-28 02:37:36.484 W/NotificationHistory( 1152): Attempted to add notif for locked/gone/disabled user 0
10-28 02:37:36.486 I/notification_autogrouped( 1152): 0|com.thundersoft.notificationtest1|4|null|10101
10-28 02:37:36.486 I/notification_autogrouped( 1152): 0|com.thundersoft.notificationtest1|5|null|10101
10-28 02:37:36.486 I/sysui_multi_action( 1152): [757,1501,758,1,793,234,794,0,795,234,796,8,806,com.thundersoft.notificationtest1,857,1111111111,858,3,947,0,1500,0,1688,1]
10-28 02:37:36.487 I/sysui_multi_action( 1152): [757,804,799,note_interruptive,801,0,802,1]
10-28 02:37:36.487 D/skia ( 5023): --- Failed to create image decoder with message 'unimplemented'
10-28 02:37:36.488 D/InterruptionStateProvider( 2084): No bubble up: not allowed to bubble: 0|com.thundersoft.notificationtest1|3|null|10101
10-28 02:37:36.488 E/NotificationService( 1152): Muting recently noisy 0|com.thundersoft.notificationtest1|8|null|10101
10-28 02:37:36.488 D/InterruptionStateProvider( 2084): No heads up: unimportant notification: 0|com.thundersoft.notificationtest1|3|null|10101
10-28 02:37:36.489 D/PeopleSpaceWidgetMgr( 2084): Sbn doesn't contain valid PeopleTileKey: null/0/com.thundersoft.notificationtest1
10-28 02:37:36.493 W/NotificationHistory( 1152): Attempted to add notif for locked/gone/disabled user 0
10-28 02:37:36.495 I/notification_enqueue( 1152): [10101,5023,com.thundersoft.notificationtest1,41,NULL,0,Notification(channel=1111111111111111111111111111111111111111111 shortcut=null contentView=null vibrate=null sound=null defaults=0x0 flags=0x0 color=0x00000000 vis=PRIVATE),0]
10-28 02:37:36.495 W/NotifCollection( 2084): Ranking update is missing ranking for 0|com.thundersoft.notificationtest1|51|null|10101
10-28 02:37:36.496 W/NotifCollection( 2084): Ranking update is missing ranking for 0|com.thundersoft.notificationtest1|22|null|10101
10-28 02:37:36.496 W/NotifCollection( 2084): Ranking update is missing ranking for 0|com.thundersoft.notificationtest1|14|null|10101
10-28 02:37:36.496 W/NotifCollection( 2084): Ranking update is missing ranking for 0|com.thundersoft.notificationtest1|15|null|10101
10-28 02:37:36.497 D/GenericSource( 1300): FileSource remote
10-28 02:37:36.499 I/notification_adjusted( 1152): [0|com.thundersoft.notificationtest1|5|null|10101,key_group_key,ranker_group]
10-28 02:37:36.499 I/notification_adjusted( 1152): [0|com.thundersoft.notificationtest1|4|null|10101,key_group_key,ranker_group]
10-28 02:37:36.499 I/notification_adjusted( 1152): [0|com.thundersoft.notificationtest1|4|null|10101,key_group_key,ranker_group]
10-28 02:37:36.501 D/skia ( 5023): --- Failed to create image decoder with message 'unimplemented'
10-28 02:37:36.505 D/skia ( 5023): --- Failed to create image decoder with message 'unimplemented'
10-28 02:37:36.506 I/MMParserExtractor( 1294): Created(0xb400006d46772e10)
10-28 02:37:36.506 E/MM_OSAL ( 1294): FileSource::FileSource
10-28 02:37:36.506 E/MM_OSAL ( 1294): FileSource::FileSource m_bEveryThingOK 1
10-28 02:37:36.509 D/skia ( 5023): --- Failed to create image decoder with message 'unimplemented'
10-28 02:37:36.513 D/MediaBufferGroup( 1294): creating MemoryDealer
10-28 02:37:36.517 I/sysui_multi_action( 1152): [757,1501,758,1,793,259,794,0,795,259,796,9,806,com.thundersoft.notificationtest1,857,11111111111,858,3,947,0,1500,0,1688,1]
10-28 02:37:36.518 I/sysui_multi_action( 1152): [757,804,799,note_interruptive,801,0,802,1]
10-28 02:37:36.518 E/NotificationService( 1152): Muting recently noisy 0|com.thundersoft.notificationtest1|9|null|10101
10-28 02:37:36.520 W/NotificationHistory( 1152): Attempted to add notif for locked/gone/disabled user 0
10-28 02:37:36.524 D/skia ( 5023): --- Failed to create image decoder with message 'unimplemented'
10-28 02:37:36.522 I/notification_autogrouped( 1152): 0|com.thundersoft.notificationtest1|6|null|10101
10-28 02:37:36.526 I/sysui_multi_action( 1152): [757,1501,758,1,793,264,794,0,795,264,796,10,806,com.thundersoft.notificationtest1,857,111111111111,858,3,947,0,1500,0,1688,1]
10-28 02:37:36.526 I/sysui_multi_action( 1152): [757,804,799,note_interruptive,801,0,802,1]
10-28 02:37:36.527 E/NotificationService( 1152): Muting recently noisy 0|com.thundersoft.notificationtest1|10|null|10101
10-28 02:37:36.528 I/MediaFocusControl( 1152): requestAudioFocus() from uid/pid 10087/2084 AA=USAGE_NOTIFICATION/CONTENT_TYPE_SONIFICATION clientId=android.media.AudioManager@cde55dd callingPack=com.android.systemui req=3 flags=0x0 sdk=31
10-28 02:37:36.529 I/AudioService.FadeOutManager( 1152): unfadeOutUid() uid:10087
10-28 02:37:36.534 W/NotificationHistory( 1152): Attempted to add notif for locked/gone/disabled user 0
10-28 02:37:36.535 I/notification_enqueue( 1152): [10101,5023,com.thundersoft.notificationtest1,42,NULL,0,Notification(channel=11111111111111111111111111111111111111111111 shortcut=null contentView=null vibrate=null sound=null defaults=0x0 flags=0x0 color=0x00000000 vis=PRIVATE),0]
10-28 02:37:36.536 I/sysui_multi_action( 1152): [757,1501,758,1,793,270,794,0,795,270,796,11,806,com.thundersoft.notificationtest1,857,1111111111111,858,3,947,0,1500,0,1688,1]
10-28 02:37:36.536 I/sysui_multi_action( 1152): [757,804,799,note_interruptive,801,0,802,1]
10-28 02:37:36.537 E/NotificationService( 1152): Muting recently noisy 0|com.thundersoft.notificationtest1|11|null|10101
10-28 02:37:36.538 D/skia ( 5023): --- Failed to create image decoder with message 'unimplemented'
10-28 02:37:36.539 W/NotificationHistory( 1152): Attempted to add notif for locked/gone/disabled user 0
10-28 02:37:36.539 I/sysui_multi_action( 1152): [757,1501,758,1,793,268,794,0,795,268,796,12,806,com.thundersoft.notificationtest1,857,11111111111111,858,3,947,0,1500,0,1688,1]
10-28 02:37:36.539 I/sysui_multi_action( 1152): [757,804,799,note_interruptive,801,0,802,1]
10-28 02:37:36.541 D/InterruptionStateProvider( 2084): No bubble up: not allowed to bubble: 0|com.thundersoft.notificationtest1|4|null|10101
10-28 02:37:36.542 E/NotificationService( 1152): Muting recently noisy 0|com.thundersoft.notificationtest1|12|null|10101
10-28 02:37:36.544 D/InterruptionStateProvider( 2084): No heads up: unimportant notification: 0|com.thundersoft.notificationtest1|4|null|10101
10-28 02:37:36.545 W/NotificationHistory( 1152): Attempted to add notif for locked/gone/disabled user 0
10-28 02:37:36.546 W/NotifCollection( 2084): Ranking update is missing ranking for 0|com.thundersoft.notificationtest1|51|null|10101
10-28 02:37:36.546 W/NotifCollection( 2084): Ranking update is missing ranking for 0|com.thundersoft.notificationtest1|22|null|10101
10-28 02:37:36.546 W/NotifCollection( 2084): Ranking update is missing ranking for 0|com.thundersoft.notificationtest1|14|null|10101
10-28 02:37:36.546 W/NotifCollection( 2084): Ranking update is missing ranking for 0|com.thundersoft.notificationtest1|15|null|10101
10-28 02:37:36.547 I/notification_adjusted( 1152): [0|com.thundersoft.notificationtest1|6|null|10101,key_group_key,ranker_group]
10-28 02:37:36.548 D/PeopleSpaceWidgetMgr( 2084): Sbn doesn't contain valid PeopleTileKey: null/0/com.thundersoft.notificationtest1
10-28 02:37:36.551 I/sysui_multi_action( 1152): [757,1501,758,1,793,268,794,0,795,268,796,13,806,com.thundersoft.notificationtest1,857,111111111111111,858,3,947,0,1500,0,1688,1]
10-28 02:37:36.551 I/sysui_multi_action( 1152): [757,804,799,note_interruptive,801,0,802,1]
10-28 02:37:36.552 E/NotificationService( 1152): Muting recently noisy 0|com.thundersoft.notificationtest1|13|null|10101
10-28 02:37:36.554 W/NotificationHistory( 1152): Attempted to add notif for locked/gone/disabled user 0
10-28 02:37:36.555 I/notification_autogrouped( 1152): 0|com.thundersoft.notificationtest1|7|null|10101
10-28 02:37:36.555 I/notification_enqueue( 1152): [10101,5023,com.thundersoft.notificationtest1,43,NULL,0,Notification(channel=111111111111111111111111111111111111111111111 shortcut=null contentView=null vibrate=null sound=null defaults=0x0 flags=0x0 color=0x00000000 vis=PRIVATE),0]
10-28 02:37:36.556 I/sysui_multi_action( 1152): [757,1501,758,1,793,268,794,0,795,268,796,14,806,com.thundersoft.notificationtest1,857,1111111111111111,858,3,947,0,1500,0,1688,1]
10-28 02:37:36.556 I/sysui_multi_action( 1152): [757,804,799,note_interruptive,801,0,802,1]
10-28 02:37:36.557 D/skia ( 5023): --- Failed to create image decoder with message 'unimplemented'
10-28 02:37:36.557 E/NotificationService( 1152): Muting recently noisy 0|com.thundersoft.notificationtest1|14|null|10101
10-28 02:37:36.559 W/NotificationHistory( 1152): Attempted to add notif for locked/gone/disabled user 0
10-28 02:37:36.561 D/skia ( 5023): --- Failed to create image decoder with message 'unimplemented'
10-28 02:37:36.564 I/notification_adjusted( 1152): [0|com.thundersoft.notificationtest1|7|null|10101,key_group_key,ranker_group]
10-28 02:37:36.566 I/notification_autogrouped( 1152): 0|com.thundersoft.notificationtest1|8|null|10101
10-28 02:37:36.567 I/notification_adjusted( 1152): [0|com.thundersoft.notificationtest1|8|null|10101,key_group_key,ranker_group]
10-28 02:37:36.570 I/sysui_multi_action( 1152): [757,1501,758,1,793,277,794,0,795,277,796,15,806,com.thundersoft.notificationtest1,857,11111111111111111,858,3,947,0,1500,0,1688,1]
10-28 02:37:36.571 I/sysui_multi_action( 1152): [757,804,799,note_interruptive,801,0,802,1]
10-28 02:37:36.571 E/NotificationService( 1152): Muting recently noisy 0|com.thundersoft.notificationtest1|15|null|10101
10-28 02:37:36.573 D/InterruptionStateProvider( 2084): No bubble up: not allowed to bubble: 0|com.thundersoft.notificationtest1|5|null|10101
10-28 02:37:36.574 D/InterruptionStateProvider( 2084): No heads up: unimportant notification: 0|com.thundersoft.notificationtest1|5|null|10101
10-28 02:37:36.574 D/PeopleSpaceWidgetMgr( 2084): Sbn doesn't contain valid PeopleTileKey: null/0/com.thundersoft.notificationtest1
10-28 02:37:36.579 W/NotifCollection( 2084): Ranking update is missing ranking for 0|com.thundersoft.notificationtest1|51|null|10101
10-28 02:37:36.580 W/NotifCollection( 2084): Ranking update is missing ranking for 0|com.thundersoft.notificationtest1|22|null|10101
10-28 02:37:36.580 W/NotifCollection( 2084): Ranking update is missing ranking for 0|com.thundersoft.notificationtest1|14|null|10101
10-28 02:37:36.580 W/NotifCollection( 2084): Ranking update is missing ranking for 0|com.thundersoft.notificationtest1|15|null|10101
10-28 02:37:36.581 W/NotificationHistory( 1152): Attempted to add notif for locked/gone/disabled user 0
10-28 02:37:36.582 I/notification_enqueue( 1152): [10101,5023,com.thundersoft.notificationtest1,44,NULL,0,Notification(channel=1111111111111111111111111111111111111111111111 shortcut=null contentView=null vibrate=null sound=null defaults=0x0 flags=0x0 color=0x00000000 vis=PRIVATE),0]
10-28 02:37:36.584 I/sysui_multi_action( 1152): [757,1501,758,1,793,286,794,0,795,286,796,16,806,com.thundersoft.notificationtest1,857,111111111111111111,858,3,947,0,1500,0,1688,1]
10-28 02:37:36.584 I/sysui_multi_action( 1152): [757,804,799,note_interruptive,801,0,802,1]
10-28 02:37:36.586 E/NotificationService( 1152): Muting recently noisy 0|com.thundersoft.notificationtest1|16|null|10101
10-28 02:37:36.588 W/NotificationHistory( 1152): Attempted to add notif for locked/gone/disabled user 0
10-28 02:37:36.589 I/notification_enqueue( 1152): [10101,5023,com.thundersoft.notificationtest1,45,NULL,0,Notification(channel=11111111111111111111111111111111111111111111111 shortcut=null contentView=null vibrate=null sound=null defaults=0x0 flags=0x0 color=0x00000000 vis=PRIVATE),0]
10-28 02:37:36.590 I/sysui_multi_action( 1152): [757,1501,758,1,793,287,794,0,795,287,796,17,806,com.thundersoft.notificationtest1,857,1111111111111111111,858,3,947,0,1500,0,1688,1]
10-28 02:37:36.590 I/sysui_multi_action( 1152): [757,804,799,note_interruptive,801,0,802,1]
10-28 02:37:36.591 E/NotificationService( 1152): Muting recently noisy 0|com.thundersoft.notificationtest1|17|null|10101
10-28 02:37:36.594 W/NotificationHistory( 1152): Attempted to add notif for locked/gone/disabled user 0
10-28 02:37:36.597 I/notification_enqueue( 1152): [10101,5023,com.thundersoft.notificationtest1,46,NULL,0,Notification(channel=111111111111111111111111111111111111111111111111 shortcut=null contentView=null vibrate=null sound=null defaults=0x0 flags=0x0 color=0x00000000 vis=PRIVATE),0]
10-28 02:37:36.598 I/sysui_multi_action( 1152): [757,1501,758,1,793,291,794,0,795,291,796,18,806,com.thundersoft.notificationtest1,857,11111111111111111111,858,3,947,0,1500,0,1688,1]
10-28 02:37:36.598 D/InterruptionStateProvider( 2084): No bubble up: not allowed to bubble: 0|com.thundersoft.notificationtest1|6|null|10101
10-28 02:37:36.599 I/sysui_multi_action( 1152): [757,804,799,note_interruptive,801,0,802,1]
10-28 02:37:36.599 D/InterruptionStateProvider( 2084): No heads up: unimportant notification: 0|com.thundersoft.notificationtest1|6|null|10101
10-28 02:37:36.600 E/NotificationService( 1152): Muting recently noisy 0|com.thundersoft.notificationtest1|18|null|10101
10-28 02:37:36.600 D/skia ( 5023): --- Failed to create image decoder with message 'unimplemented'
10-28 02:37:36.602 W/NotificationHistory( 1152): Attempted to add notif for locked/gone/disabled user 0
10-28 02:37:36.603 W/NotifCollection( 2084): Ranking update is missing ranking for 0|com.thundersoft.notificationtest1|51|null|10101
10-28 02:37:36.603 W/NotifCollection( 2084): Ranking update is missing ranking for 0|com.thundersoft.notificationtest1|22|null|10101
10-28 02:37:36.603 W/NotifCollection( 2084): Ranking update is missing ranking for 0|com.thundersoft.notificationtest1|14|null|10101
10-28 02:37:36.603 I/sysui_multi_action( 1152): [757,1501,758,1,793,292,794,0,795,292,796,19,806,com.thundersoft.notificationtest1,857,111111111111111111111,858,3,947,0,1500,0,1688,1]
10-28 02:37:36.604 I/sysui_multi_action( 1152): [757,804,799,note_interruptive,801,0,802,1]
10-28 02:37:36.603 W/NotifCollection( 2084): Ranking update is missing ranking for 0|com.thundersoft.notificationtest1|15|null|10101
10-28 02:37:36.605 E/NotificationService( 1152): Muting recently noisy 0|com.thundersoft.notificationtest1|19|null|10101
10-28 02:37:36.607 W/NotificationHistory( 1152): Attempted to add notif for locked/gone/disabled user 0
10-28 02:37:36.608 I/sysui_multi_action( 1152): [757,1501,758,1,793,293,794,0,795,293,796,20,806,com.thundersoft.notificationtest1,857,1111111111111111111111,858,3,947,0,1500,0,1688,1]
10-28 02:37:36.609 I/sysui_multi_action( 1152): [757,804,799,note_interruptive,801,0,802,1]
10-28 02:37:36.610 E/NotificationService( 1152): Muting recently noisy 0|com.thundersoft.notificationtest1|20|null|10101
10-28 02:37:36.612 W/NotificationHistory( 1152): Attempted to add notif for locked/gone/disabled user 0
10-28 02:37:36.623 I/notification_autogrouped( 1152): 0|com.thundersoft.notificationtest1|9|null|10101
10-28 02:37:36.623 I/notification_enqueue( 1152): [10101,5023,com.thundersoft.notificationtest1,47,NULL,0,Notification(channel=1111111111111111111111111111111111111111111111111 shortcut=null contentView=null vibrate=null sound=null defaults=0x0 flags=0x0 color=0x00000000 vis=PRIVATE),0]
10-28 02:37:36.625 D/skia ( 5023): --- Failed to create image decoder with message 'unimplemented'
10-28 02:37:36.625 I/sysui_multi_action( 1152): [757,1501,758,1,793,303,794,0,795,303,796,21,806,com.thundersoft.notificationtest1,857,11111111111111111111111,858,3,947,0,1500,0,1688,1]
10-28 02:37:36.629 I/sysui_multi_action( 1152): [757,804,799,note_interruptive,801,0,802,1]
10-28 02:37:36.630 E/NotificationService( 1152): Muting recently noisy 0|com.thundersoft.notificationtest1|21|null|10101
10-28 02:37:36.632 D/InterruptionStateProvider( 2084): No bubble up: not allowed to bubble: 0|com.thundersoft.notificationtest1|7|null|10101
10-28 02:37:36.633 D/InterruptionStateProvider( 2084): No heads up: unimportant notification: 0|com.thundersoft.notificationtest1|7|null|10101
10-28 02:37:36.634 W/NotifCollection( 2084): Ranking update is missing ranking for 0|com.thundersoft.notificationtest1|51|null|10101
10-28 02:37:36.634 W/NotifCollection( 2084): Ranking update is missing ranking for 0|com.thundersoft.notificationtest1|22|null|10101
10-28 02:37:36.634 W/NotifCollection( 2084): Ranking update is missing ranking for 0|com.thundersoft.notificationtest1|14|null|10101
10-28 02:37:36.634 W/NotifCollection( 2084): Ranking update is missing ranking for 0|com.thundersoft.notificationtest1|15|null|10101
10-28 02:37:36.642 W/NotificationHistory( 1152): Attempted to add notif for locked/gone/disabled user 0
10-28 02:37:36.647 I/notification_adjusted( 1152): [0|com.thundersoft.notificationtest1|9|null|10101,key_group_key,ranker_group]
10-28 02:37:36.649 I/sysui_multi_action( 1152): [757,1501,758,1,793,320,794,0,795,320,796,22,806,com.thundersoft.notificationtest1,857,111111111111111111111111,858,3,947,0,1500,0,1688,1]
10-28 02:37:36.650 I/sysui_multi_action( 1152): [757,804,799,note_interruptive,801,0,802,1]
10-28 02:37:36.650 D/InterruptionStateProvider( 2084): No bubble up: not allowed to bubble: 0|com.thundersoft.notificationtest1|8|null|10101
10-28 02:37:36.650 E/NotificationService( 1152): Muting recently noisy 0|com.thundersoft.notificationtest1|22|null|10101
10-28 02:37:36.651 D/InterruptionStateProvider( 2084): No heads up: unimportant notification: 0|com.thundersoft.notificationtest1|8|null|10101
10-28 02:37:36.653 W/NotificationHistory( 1152): Attempted to add notif for locked/gone/disabled user 0
10-28 02:37:36.655 I/notification_autogrouped( 1152): 0|com.thundersoft.notificationtest1|10|null|10101
10-28 02:37:36.655 I/sysui_multi_action( 1152): [757,1501,758,1,793,321,794,0,795,321,796,23,806,com.thundersoft.notificationtest1,857,1111111111111111111111111,858,3,947,0,1500,0,1688,1]
10-28 02:37:36.655 I/sysui_multi_action( 1152): [757,804,799,note_interruptive,801,0,802,1]
10-28 02:37:36.656 D/skia ( 5023): --- Failed to create image decoder with message 'unimplemented'
10-28 02:37:36.658 E/NotificationService( 1152): Muting recently noisy 0|com.thundersoft.notificationtest1|23|null|10101
10-28 02:37:36.659 I/dvm_lock_sample( 2084): [com.android.systemui,1,main,5,ResourcesManager.java,431,android.content.res.ApkAssets android.app.ResourcesManager.loadApkAssets(android.app.ResourcesManager$ApkKey),-,1016,android.content.res.Resources android.app.ResourcesManager.createResources(android.content.res.ResourcesKey, java.lang.ClassLoader, android.app.ResourcesManager$ApkAssetsSupplier),1]
10-28 02:37:36.662 W/NotificationHistory( 1152): Attempted to add notif for locked/gone/disabled user 0
10-28 02:37:36.666 I/notification_adjusted( 1152): [0|com.thundersoft.notificationtest1|10|null|10101,key_group_key,ranker_group]
10-28 02:37:36.669 I/notification_enqueue( 1152): [10101,5023,com.thundersoft.notificationtest1,48,NULL,0,Notification(channel=11111111111111111111111111111111111111111111111111 shortcut=null contentView=null vibrate=null sound=null defaults=0x0 flags=0x0 color=0x00000000 vis=PRIVATE),0]
10-28 02:37:36.672 I/notification_autogrouped( 1152): 0|com.thundersoft.notificationtest1|11|null|10101
10-28 02:37:36.673 I/sysui_multi_action( 1152): [757,1501,758,1,793,335,794,0,795,335,796,24,806,com.thundersoft.notificationtest1,857,11111111111111111111111111,858,3,947,0,1500,0,1688,1]
10-28 02:37:36.673 I/sysui_multi_action( 1152): [757,804,799,note_interruptive,801,0,802,1]
10-28 02:37:36.674 E/NotificationService( 1152): Muting recently noisy 0|com.thundersoft.notificationtest1|24|null|10101
10-28 02:37:36.677 W/NotificationHistory( 1152): Attempted to add notif for locked/gone/disabled user 0
10-28 02:37:36.678 I/notification_autogrouped( 1152): 0|com.thundersoft.notificationtest1|11|null|10101
10-28 02:37:36.679 I/notification_autogrouped( 1152): 0|com.thundersoft.notificationtest1|12|null|10101
10-28 02:37:36.679 I/sysui_multi_action( 1152): [757,1501,758,1,793,336,794,0,795,336,796,25,806,com.thundersoft.notificationtest1,857,111111111111111111111111111,858,3,947,0,1500,0,1688,1]
10-28 02:37:36.680 I/sysui_multi_action( 1152): [757,804,799,note_interruptive,801,0,802,1]
10-28 02:37:36.681 E/NotificationService( 1152): Muting recently noisy 0|com.thundersoft.notificationtest1|25|null|10101
10-28 02:37:36.683 W/NotificationHistory( 1152): Attempted to add notif for locked/gone/disabled user 0
10-28 02:37:36.686 I/notification_autogrouped( 1152): 0|com.thundersoft.notificationtest1|11|null|10101
10-28 02:37:36.686 I/notification_autogrouped( 1152): 0|com.thundersoft.notificationtest1|12|null|10101
10-28 02:37:36.687 I/notification_autogrouped( 1152): 0|com.thundersoft.notificationtest1|13|null|10101
10-28 02:37:36.687 I/notification_enqueue( 1152): [10101,5023,com.thundersoft.notificationtest1,49,NULL,0,Notification(channel=111111111111111111111111111111111111111111111111111 shortcut=null contentView=null vibrate=null sound=null defaults=0x0 flags=0x0 color=0x00000000 vis=PRIVATE),0]
10-28 02:37:36.688 I/mpu_uart( 647): [MSG-P:R]:recv sync frame timeout
10-28 02:37:36.689 I/sysui_multi_action( 1152): [757,1501,758,1,793,342,794,0,795,342,796,26,806,com.thundersoft.notificationtest1,857,1111111111111111111111111111,858,3,947,0,1500,0,1688,1]
10-28 02:37:36.690 I/sysui_multi_action( 1152): [757,804,799,note_interruptive,801,0,802,1]
10-28 02:37:36.690 E/NotificationService( 1152): Muting recently noisy 0|com.thundersoft.notificationtest1|26|null|10101
10-28 02:37:36.693 W/NotificationHistory( 1152): Attempted to add notif for locked/gone/disabled user 0
10-28 02:37:36.694 I/notification_autogrouped( 1152): 0|com.thundersoft.notificationtest1|11|null|10101
10-28 02:37:36.695 I/notification_autogrouped( 1152): 0|com.thundersoft.notificationtest1|12|null|10101
10-28 02:37:36.695 I/notification_autogrouped( 1152): 0|com.thundersoft.notificationtest1|13|null|10101
10-28 02:37:36.695 I/notification_autogrouped( 1152): 0|com.thundersoft.notificationtest1|14|null|10101
10-28 02:37:36.695 I/notification_enqueue( 1152): [10101,5023,com.thundersoft.notificationtest1,50,NULL,0,Notification(channel=1111111111111111111111111111111111111111111111111111 shortcut=null contentView=null vibrate=null sound=null defaults=0x0 flags=0x0 color=0x00000000 vis=PRIVATE),0]
10-28 02:37:36.696 V/NotificationMediaManager( 2084): DEBUG_MEDIA: updating album art for notification null metadata=null metaDataChanged=false state=0
10-28 02:37:36.698 I/notification_adjusted( 1152): [0|com.thundersoft.notificationtest1|14|null|10101,key_group_key,ranker_group]
10-28 02:37:36.698 I/notification_adjusted( 1152): [0|com.thundersoft.notificationtest1|13|null|10101,key_group_key,ranker_group]
10-28 02:37:36.698 I/notification_adjusted( 1152): [0|com.thundersoft.notificationtest1|13|null|10101,key_group_key,ranker_group]
10-28 02:37:36.698 I/notification_adjusted( 1152): [0|com.thundersoft.notificationtest1|12|null|10101,key_group_key,ranker_group]
10-28 02:37:36.698 I/notification_adjusted( 1152): [0|com.thundersoft.notificationtest1|12|null|10101,key_group_key,ranker_group]
10-28 02:37:36.698 I/notification_adjusted( 1152): [0|com.thundersoft.notificationtest1|12|null|10101,key_group_key,ranker_group]
10-28 02:37:36.698 I/notification_adjusted( 1152): [0|com.thundersoft.notificationtest1|11|null|10101,key_group_key,ranker_group]
10-28 02:37:36.698 I/notification_adjusted( 1152): [0|com.thundersoft.notificationtest1|11|null|10101,key_group_key,ranker_group]
10-28 02:37:36.698 I/notification_adjusted( 1152): [0|com.thundersoft.notificationtest1|11|null|10101,key_group_key,ranker_group]
10-28 02:37:36.698 D/PeopleSpaceWidgetMgr( 2084): Sbn doesn't contain valid PeopleTileKey: null/0/com.thundersoft.notificationtest1
10-28 02:37:36.698 I/notification_adjusted( 1152): [0|com.thundersoft.notificationtest1|11|null|10101,key_group_key,ranker_group]
10-28 02:37:36.700 D/PeopleSpaceWidgetMgr( 2084): Sbn doesn't contain valid PeopleTileKey: null/0/com.thundersoft.notificationtest1
10-28 02:37:36.700 D/PeopleSpaceWidgetMgr( 2084): Sbn doesn't contain valid PeopleTileKey: null/0/com.thundersoft.notificationtest1
10-28 02:37:36.716 I/sysui_multi_action( 1152): [757,1501,758,1,793,357,794,0,795,357,796,27,806,com.thundersoft.notificationtest1,857,11111111111111111111111111111,858,3,947,0,1500,0,1688,1]
10-28 02:37:36.716 I/sysui_multi_action( 1152): [757,804,799,note_interruptive,801,0,802,1]
10-28 02:37:36.717 E/NotificationService( 1152): Muting recently noisy 0|com.thundersoft.notificationtest1|27|null|10101
10-28 02:37:36.720 W/NotificationHistory( 1152): Attempted to add notif for locked/gone/disabled user 0
10-28 02:37:36.720 I/sysui_multi_action( 1152): [757,1501,758,1,793,357,794,0,795,357,796,28,806,com.thundersoft.notificationtest1,857,111111111111111111111111111111,858,3,947,0,1500,0,1688,1]
10-28 02:37:36.721 I/sysui_multi_action( 1152): [757,804,799,note_interruptive,801,0,802,1]
10-28 02:37:36.722 E/NotificationService( 1152): Muting recently noisy 0|com.thundersoft.notificationtest1|28|null|10101
10-28 02:37:36.725 W/NotificationHistory( 1152): Attempted to add notif for locked/gone/disabled user 0
10-28 02:37:36.725 I/sysui_multi_action( 1152): [757,1501,758,1,793,356,794,0,795,356,796,29,806,com.thundersoft.notificationtest1,857,1111111111111111111111111111111,858,3,947,0,1500,0,1688,1]
10-28 02:37:36.726 I/sysui_multi_action( 1152): [757,804,799,note_interruptive,801,0,802,1]
10-28 02:37:36.727 E/NotificationService( 1152): Muting recently noisy 0|com.thundersoft.notificationtest1|29|null|10101
10-28 02:37:36.733 W/NotificationHistory( 1152): Attempted to add notif for locked/gone/disabled user 0
10-28 02:37:36.735 I/notification_autogrouped( 1152): 0|com.thundersoft.notificationtest1|15|null|10101
10-28 02:37:36.735 I/sysui_multi_action( 1152): [757,1501,758,1,793,362,794,0,795,362,796,30,806,com.thundersoft.notificationtest1,857,11111111111111111111111111111111,858,3,947,0,1500,0,1688,1]
10-28 02:37:36.735 I/sysui_multi_action( 1152): [757,804,799,note_interruptive,801,0,802,1]
10-28 02:37:36.736 E/NotificationService( 1152): Muting recently noisy 0|com.thundersoft.notificationtest1|30|null|10101
10-28 02:37:36.739 W/NotificationHistory( 1152): Attempted to add notif for locked/gone/disabled user 0
10-28 02:37:36.739 I/sysui_multi_action( 1152): [757,1501,758,1,793,362,794,0,795,362,796,31,806,com.thundersoft.notificationtest1,857,111111111111111111111111111111111,858,3,947,0,1500,0,1688,1]
10-28 02:37:36.740 I/sysui_multi_action( 1152): [757,804,799,note_interruptive,801,0,802,1]
10-28 02:37:36.741 E/NotificationService( 1152): Muting recently noisy 0|com.thundersoft.notificationtest1|31|null|10101
10-28 02:37:36.743 W/NotificationHistory( 1152): Attempted to add notif for locked/gone/disabled user 0
10-28 02:37:36.744 I/sysui_multi_action( 1152): [757,1501,758,1,793,363,794,0,795,363,796,32,806,com.thundersoft.notificationtest1,857,1111111111111111111111111111111111,858,3,947,0,1500,0,1688,1]
10-28 02:37:36.744 I/sysui_multi_action( 1152): [757,804,799,note_interruptive,801,0,802,1]
10-28 02:37:36.745 E/NotificationService( 1152): Muting recently noisy 0|com.thundersoft.notificationtest1|32|null|10101
10-28 02:37:36.748 W/NotificationHistory( 1152): Attempted to add notif for locked/gone/disabled user 0
10-28 02:37:36.751 I/notification_adjusted( 1152): [0|com.thundersoft.notificationtest1|15|null|10101,key_group_key,ranker_group]
10-28 02:37:36.756 I/notification_autogrouped( 1152): 0|com.thundersoft.notificationtest1|16|null|10101
10-28 02:37:36.757 I/sysui_multi_action( 1152): [757,1501,758,1,793,372,794,0,795,372,796,33,806,com.thundersoft.notificationtest1,857,11111111111111111111111111111111111,858,3,947,0,1500,0,1688,1]
10-28 02:37:36.757 I/sysui_multi_action( 1152): [757,804,799,note_interruptive,801,0,802,1]
10-28 02:37:36.758 E/NotificationService( 1152): Muting recently noisy 0|com.thundersoft.notificationtest1|33|null|10101
10-28 02:37:36.760 W/NotificationHistory( 1152): Attempted to add notif for locked/gone/disabled user 0
10-28 02:37:36.761 I/sysui_multi_action( 1152): [757,1501,758,1,793,371,794,0,795,371,796,34,806,com.thundersoft.notificationtest1,857,111111111111111111111111111111111111,858,3,947,0,1500,0,1688,1]
10-28 02:37:36.761 I/sysui_multi_action( 1152): [757,804,799,note_interruptive,801,0,802,1]
10-28 02:37:36.762 E/NotificationService( 1152): Muting recently noisy 0|com.thundersoft.notificationtest1|34|null|10101
10-28 02:37:36.765 W/NotificationHistory( 1152): Attempted to add notif for locked/gone/disabled user 0
10-28 02:37:36.771 I/notification_adjusted( 1152): [0|com.thundersoft.notificationtest1|16|null|10101,key_group_key,ranker_group]
10-28 02:37:36.774 I/notification_autogrouped( 1152): 0|com.thundersoft.notificationtest1|17|null|10101
10-28 02:37:36.775 I/notification_enqueue( 1152): [10101,5023,com.thundersoft.notificationtest1,51,NULL,0,Notification(channel=11111111111111111111111111111111111111111111111111111 shortcut=null contentView=null vibrate=null sound=null defaults=0x0 flags=0x0 color=0x00000000 vis=PRIVATE),0]
10-28 02:37:36.776 I/sysui_multi_action( 1152): [757,1501,758,1,793,381,794,0,795,381,796,35,806,com.thundersoft.notificationtest1,857,111111111111111111111111111-633a21f1,858,3,947,0,1500,0,1688,1]
10-28 02:37:36.777 I/sysui_multi_action( 1152): [757,804,799,note_interruptive,801,0,802,1]
10-28 02:37:36.778 E/NotificationService( 1152): Muting recently noisy 0|com.thundersoft.notificationtest1|35|null|10101
10-28 02:37:36.780 W/NotificationHistory( 1152): Attempted to add notif for locked/gone/disabled user 0
