01-01 14:11:29.507 E/ ( 0): [MAX975X:mcu_keep_wakeup_work_func] *ERROR* ERR gpio detected
01-01 14:11:29.570 E/ ( 0): [MAX975X:max96755x_init] *ERROR* begin
10-28 02:37:17.131 I/mpu_uart( 647): [MSG-P:RECV]:No message received in 1000 ms
01-01 14:11:29.629 E/i2c_geni 980000.i2c( 0): i2c error :-107
01-01 14:11:29.635 E/ ( 0): [MAX975X:max96755g_read_byte] *ERROR* Failed to read dev:0x4c addr:0x0013
01-01 14:11:29.646 E/i2c_geni 980000.i2c( 0): i2c error :-107
01-01 14:11:29.658 E/ ( 0): [MAX975X:max96755g_write_byte] *ERROR* Failed to write dev:0x4c addr:0x0010 value:0x00
01-01 14:11:29.668 E/i2c_geni 980000.i2c( 0): i2c error :-107
01-01 14:11:29.673 E/ ( 0): [MAX975X:max96755g_write_byte] *ERROR* Failed to write dev:0x4c addr:0x0001 value:0x01
01-01 14:11:29.684 E/i2c_geni 980000.i2c( 0): i2c error :-107
01-01 14:11:29.689 E/ ( 0): [MAX975X:max96755g_write_byte] *ERROR* Failed to write dev:0x4c addr:0x01ce value:0x4f
01-01 14:11:29.699 E/i2c_geni 980000.i2c( 0): i2c error :-107
01-01 14:11:29.704 E/ ( 0): [MAX975X:max96755g_write_byte] *ERROR* Failed to write dev:0x4c addr:0x0010 value:0x20
10-28 02:37:17.221 W/audio_hw_primary( 800): out_write: underrun(260) frames_by_time(473) > out->last_fifo_frames_remaining(384)
10-28 02:37:17.338 W/audio_hw_primary( 800): out_write: underrun(261) frames_by_time(556) > out->last_fifo_frames_remaining(384)
01-01 14:11:29.817 E/i2c_geni 980000.i2c( 0): i2c error :-107
01-01 14:11:29.823 E/ ( 0): [MAX975X:max96755g_read_byte] *ERROR* Failed to read dev:0x4c addr:0x0013
01-01 14:11:29.831 E/ ( 0): [MAX975X:max96755x_init] *ERROR* read:752 0x13:00
10-28 02:37:17.344 W/audio_hw_primary( 800): out_get_presentation_position: avail:384 > kernel_buffer_size:384 clamping!
10-28 02:37:17.345 W/audio_hw_primary( 800): out_write: underrun(262) frames_by_time(238) > out->last_fifo_frames_remaining(0)
01-01 14:11:29.838 E/ ( 0): [MAX975X:max96755x_init] *ERROR* read:755 0x13:02
01-01 14:11:29.844 E/ ( 0): [MAX975X:max96755x_init] *ERROR* done
10-28 02:37:17.356 W/audio_hw_primary( 800): out_write: underrun(263) frames_by_time(783) > out->last_fifo_frames_remaining(192)
10-28 02:37:17.357 W/audio_hw_primary( 800): out_write: underrun(264) frames_by_time(520) > out->last_fifo_frames_remaining(192)
01-01 14:11:30.113 D/ ( 0): mv2112_read_status
01-01 14:11:30.116 D/mv2112_update_link( 0): 3.0x901(1G): 0x80
01-01 14:11:30.121 D/mv2112_update_link( 0): 3.0x8109(100M): 0x8
01-01 14:11:30.127 D/mv2112_update_link( 0): link 0x0
01-01 14:11:30.131 D/mv2112_read_status( 0): autoneg is disabled
10-28 02:37:17.735 I/OMX-VENC: venc_dev( 1316): stats: avg. fps 31.52, bitrate 465242
10-28 02:37:18.004 D/CCodecBufferChannel( 1300): [c2.android.vorbis.decoder#599] buffers after EOS ignored (0 us)
10-28 02:37:18.005 D/AudioTrack( 1300): stop(76): called with 82980 frames delivered
10-28 02:37:18.131 I/mpu_uart( 647): [MSG-P:RECV]:No message received in 1000 ms
10-28 02:37:18.436 D/audio_hw_primary( 800): out_set_parameters: enter: usecase(1: low-latency-playback) kvpairs: suspend_playback=true
10-28 02:37:18.436 D/audio_hw_extn( 800): audio_extn_fm_set_parameters: Enter
10-28 02:37:18.448 D/audio_hw_primary( 800): out_set_parameters: enter: usecase(1: low-latency-playback) kvpairs: suspend_playback=false
10-28 02:37:18.449 D/audio_hw_extn( 800): audio_extn_fm_set_parameters: Enter
10-28 02:37:18.452 D/audio_hw_primary( 800): out_set_parameters: enter: usecase(1: low-latency-playback) kvpairs: suspend_playback=true
10-28 02:37:18.452 D/audio_hw_extn( 800): audio_extn_fm_set_parameters: Enter
10-28 02:37:18.463 D/audio_hw_primary( 800): out_set_parameters: enter: usecase(1: low-latency-playback) kvpairs: suspend_playback=false
10-28 02:37:18.464 D/audio_hw_extn( 800): audio_extn_fm_set_parameters: Enter
10-28 02:37:18.472 D/audio_hw_primary( 800): out_set_parameters: enter: usecase(1: low-latency-playback) kvpairs: suspend_playback=true
10-28 02:37:18.472 D/audio_hw_extn( 800): audio_extn_fm_set_parameters: Enter
10-28 02:37:18.473 W/AudioIDCMicroNegotiator( 1152): idcm: idcm control is not enable
10-28 02:37:18.474 I/MediaFocusControl( 1152): abandonAudioFocus() from uid/pid 10087/2084 clientId=android.media.AudioManager@d9d0d76
10-28 02:37:18.475 D/Avrcp_ext( 2071): AudioManager Player: AudioPlaybackConfiguration piid:295 deviceId:0 type:android.media.SoundPool u/pid:10087/2084 state:idle attr:AudioAttributes: usage=USAGE_ASSISTANCE_SONIFICATION content=CONTENT_TYPE_SONIFICATION flags=0x800 tags= bundle=null sessionId:0
10-28 02:37:18.475 D/Avrcp_ext( 2071): AudioManager Player: AudioPlaybackConfiguration piid:631 deviceId:3 type:android.media.MediaPlayer u/pid:10087/2084 state:stopped attr:AudioAttributes: usage=USAGE_NOTIFICATION content=CONTENT_TYPE_SONIFICATION flags=0x800 tags= bundle=null sessionId:0
10-28 02:37:18.475 D/Avrcp_ext( 2071): AudioManager Player: AudioPlaybackConfiguration piid:287 deviceId:0 type:android.media.SoundPool u/pid:1000/1152 state:idle attr:AudioAttributes: usage=USAGE_ASSISTANCE_SONIFICATION content=CONTENT_TYPE_SONIFICATION flags=0x800 tags= bundle=null sessionId:0
10-28 02:37:18.475 D/Avrcp_ext( 2071): AudioManager isPlaying: false, mAudioPlaybackIsActive = true
10-28 02:37:18.475 D/Avrcp_ext( 2071): AudioManager Reset Active Player
10-28 02:37:18.475 V/MediaPlayer( 2084): resetDrmState: mDrmInfo=null mDrmProvisioningThread=null mPrepareDrmInProgress=false mActiveDrmScheme=false
10-28 02:37:18.475 V/MediaPlayer( 2084): cleanDrmObj: mDrmObj=null mDrmSessionId=null
10-28 02:37:18.476 D/NuPlayerDriver( 1300): reset(0xf1f01f50) at state 6
10-28 02:37:18.478 V/Avrcp_ext( 2071): updateCurrentMediaState: mMediaController: MediaController (com.android.systemui@93b3415) null
10-28 02:37:18.478 W/Avrcp_ext( 2071): isMusicActive: false getBluetoothPlayState: 2 A2dp State: 11 mAudioPlaybackIsActive: false
10-28 02:37:18.478 D/Avrcp_ext( 2071): isMusicActive = false mAudioPlaybackIsActive = false player state = null
10-28 02:37:18.479 D/audio_hw_primary( 800): out_set_parameters: enter: usecase(1: low-latency-playback) kvpairs: suspend_playback=false
10-28 02:37:18.479 D/audio_hw_extn( 800): audio_extn_fm_set_parameters: Enter
10-28 02:37:18.480 I/Avrcp_ext( 2071): Skipping update due to invalid playback state
10-28 02:37:18.480 V/Avrcp_ext( 2071): updatePlaybackState, state: null device: null
10-28 02:37:18.480 V/Avrcp_ext( 2071): Device: no name:
10-28 02:37:18.481 V/Avrcp_ext( 2071): Device: no name:
10-28 02:37:18.481 V/Avrcp_ext( 2071): Device: no name:
10-28 02:37:18.481 V/Avrcp_ext( 2071): Device: no name:
10-28 02:37:18.481 V/Avrcp_ext( 2071): Device: no name:
10-28 02:37:18.481 V/Avrcp_ext( 2071): updatePlayerStateAndPosition, old=PlaybackState {state=2, position=-1, buffered position=0, speed=1.0, updated=68530, actions=0, custom actions=[], active item id=-1, error=null}, state=null
10-28 02:37:18.481 I/Avrcp_ext( 2071): updatePlayerStateAndPosition: device: state = null
10-28 02:37:18.481 D/Avrcp_ext( 2071): AudioManager Player: AudioPlaybackConfiguration piid:295 deviceId:0 type:android.media.SoundPool u/pid:10087/2084 state:idle attr:AudioAttributes: usage=USAGE_ASSISTANCE_SONIFICATION content=CONTENT_TYPE_SONIFICATION flags=0x800 tags= bundle=null sessionId:0
10-28 02:37:18.481 D/Avrcp_ext( 2071): AudioManager Player: AudioPlaybackConfiguration piid:287 deviceId:0 type:android.media.SoundPool u/pid:1000/1152 state:idle attr:AudioAttributes: usage=USAGE_ASSISTANCE_SONIFICATION content=CONTENT_TYPE_SONIFICATION flags=0x800 tags= bundle=null sessionId:0
10-28 02:37:18.481 D/Avrcp_ext( 2071): AudioManager isPlaying: false, mAudioPlaybackIsActive = false
10-28 02:37:18.481 D/Avrcp_ext( 2071): AudioManager Reset Active Player
10-28 02:37:18.485 I/hw-BpHwBinder( 1384): onLastStrongRef automatically unlinking death recipients
10-28 02:37:18.486 V/C2Store ( 1384): in ~ComponentModule
10-28 02:37:18.486 V/C2Store ( 1384): unloading dll
10-28 02:37:18.487 I/hw-BpHwBinder( 1300): onLastStrongRef automatically unlinking death recipients
10-28 02:37:18.491 D/NuPlayerDriver( 1300): notifyResetComplete(0xf1f01f50)
10-28 02:37:18.492 W/AMessage( 1300): failed to post message as target looper for handler 0 is gone.
10-28 02:37:18.523 D/audio_hw_primary( 800): out_set_parameters: enter: usecase(1: low-latency-playback) kvpairs: suspend_playback=true
10-28 02:37:18.523 D/audio_hw_extn( 800): audio_extn_fm_set_parameters: Enter
10-28 02:37:18.524 D/msm8974_platform( 800): platform_split_snd_device: snd_device(2) num devices(1) new_snd_devices(0)
10-28 02:37:18.524 D/ACDB-LOADER( 800): ACDB -> send_audvoltable
10-28 02:37:18.524 D/ACDB-LOADER( 800): ACDB -> ACDB_CMD_GET_AUDPROC_INSTANCE_GAIN_DEP_STEP_TABLE_SIZE
10-28 02:37:18.524 D/ACDB-LOADER( 800): ACDB -> ACDB_CMD_GET_AUDPROC_INSTANCE_GAIN_DEP_STEP_TABLE, vol index 0
10-28 02:37:18.524 D/ACDB-LOADER( 800): ACDB -> AUDIO_SET_VOL_CAL cal type = 40
10-28 02:37:18.526 D/msm8974_platform( 800): platform_split_snd_device: snd_device(2) num devices(1) new_snd_devices(0)
10-28 02:37:18.555 I/input_interaction( 1152): Interaction with: 31b65cc NotificationShade (server), edge-swipe (server), swipe-up (server), PointerEventDispatcher0 (server),
01-01 14:11:31.137 D/ ( 0): mv2112_read_status
01-01 14:11:31.140 D/mv2112_update_link( 0): 3.0x901(1G): 0x80
01-01 14:11:31.145 D/mv2112_update_link( 0): 3.0x8109(100M): 0x8
01-01 14:11:31.150 D/mv2112_update_link( 0): link 0x0
01-01 14:11:31.154 D/mv2112_read_status( 0): autoneg is disabled
10-28 02:37:18.665 I/sysui_multi_action( 2084): [757,925,758,4,759,0,927,3,928,0,1592,0,1593,1]
10-28 02:37:18.673 I/mpu_uart( 647): [MSG-P:R]:recv sync frame timeout
10-28 02:37:18.681 I/ActivityTaskManager( 1152): START u0 {flg=0x10000000 cmp=com.android.systemui/.screenrecord.ScreenRecordDialog} from uid 10087
10-28 02:37:18.685 I/EventSequenceValidator( 1152): Transition from ACTIVITY_FINISHED to INTENT_STARTED
10-28 02:37:18.689 E/ANDR-PERF-JNI( 1152): com_qualcomm_qtiperformance_native_perf_io_prefetch_start
10-28 02:37:18.690 I/wm_task_created( 1152): [52,-1]
10-28 02:37:18.690 W/ActivityTaskManager( 1152): Can't find TaskDisplayArea to determine support for multi window. Task id=52 attached=false
10-28 02:37:18.694 D/CompatibilityChangeReporter( 1152): Compat change id reported: 174042980; UID 10087; state: DISABLED
10-28 02:37:18.696 I/OpenGLRenderer( 2084): Davey! duration=9223370490825ms; Flags=0, FrameTimelineVsyncId=34553, IntendedVsync=1546029352228, Vsync=1546029352228, InputEventId=-32574284, HandleInputStart=1546029859721, AnimationStart=1546029862534, PerformTraversalsStart=1546029864357, DrawStart=1546029946492, FrameDeadline=1546050685560, FrameInterval=1546029851180, FrameStartTime=16666666, SyncQueued=1546034144773, SyncStart=1546034480450, IssueDrawCommandsStart=1546035503315, SwapBuffers=1546043963888, FrameCompleted=9223372036854775807, DequeueBufferDuration=43907, QueueBufferDuration=2345573, GpuCompleted=9223372036854775807, SwapBuffersCompleted=1546047408367, DisplayPresentTime=1486991881983,
10-28 02:37:18.697 D/CompatibilityChangeReporter( 1152): Compat change id reported: 184838306; UID 10087; state: DISABLED
10-28 02:37:18.699 D/CompatibilityChangeReporter( 1152): Compat change id reported: 185004937; UID 10087; state: DISABLED
10-28 02:37:18.701 D/CompatibilityChangeReporter( 1152): Compat change id reported: 181136395; UID 10087; state: DISABLED
10-28 02:37:18.702 D/CompatibilityChangeReporter( 1152): Compat change id reported: 174042936; UID 10087; state: DISABLED
10-28 02:37:18.703 I/wm_task_moved( 1152): [52,1,6]
10-28 02:37:18.703 I/wm_task_to_front( 1152): [0,52]
10-28 02:37:18.703 E/ANDR-IOP( 960): io prefetch is disabled
10-28 02:37:18.704 I/wm_create_task( 1152): [0,52]
10-28 02:37:18.704 I/wm_create_activity( 1152): [0,212362980,52,com.android.systemui/.screenrecord.ScreenRecordDialog,NULL,NULL,NULL,276824064]
10-28 02:37:18.704 I/wm_task_moved( 1152): [52,1,6]
10-28 02:37:18.704 I/wm_on_top_resumed_lost_called( 2641): [231814419,com.android.launcher3.uioverrides.QuickstepLauncher,topStateChangedWhenResumed]
10-28 02:37:18.705 D/CompatibilityInfo( 1152): mCompatibilityFlags - 4
10-28 02:37:18.705 D/CompatibilityInfo( 1152): applicationDensity - 240
10-28 02:37:18.705 D/CompatibilityInfo( 1152): applicationScale - 1.0
10-28 02:37:18.706 D/ActivityTrigger( 1152): ActivityTrigger activityPauseTrigger
10-28 02:37:18.706 I/wm_pause_activity( 1152): [0,231814419,com.android.launcher3/.uioverrides.QuickstepLauncher,userLeaving=true,pauseBackTasks]
10-28 02:37:18.711 V/ShadeControllerImpl( 2084): NotificationShadeWindow: com.android.systemui.statusbar.phone.NotificationShadeWindowView{baf0543 V.E...... ........ 0,0-2380,1020} canPanelBeCollapsed(): true
10-28 02:37:18.714 I/wm_on_paused_called( 2641): [231814419,com.android.launcher3.uioverrides.QuickstepLauncher,performPause]
10-28 02:37:18.715 I/ActivityTaskManager( 1152): FOREGROUND_APPLICATION_CHANGED to com.android.systemui.screenrecord.ScreenRecordDialog
10-28 02:37:18.717 I/ActivityTaskManager( 1152): The Process com.android.systemui Already Exists in BG. So sending its PID: 2084
10-28 02:37:18.718 I/wm_restart_activity( 1152): [0,212362980,52,com.android.systemui/.screenrecord.ScreenRecordDialog]
10-28 02:37:18.718 D/CompatibilityInfo( 1152): mCompatibilityFlags - 4
10-28 02:37:18.719 D/CompatibilityInfo( 1152): applicationDensity - 240
10-28 02:37:18.719 D/CompatibilityInfo( 1152): applicationScale - 1.0
10-28 02:37:18.720 I/wm_set_resumed_activity( 1152): [0,com.android.systemui/.screenrecord.ScreenRecordDialog,minimalResumeActivityLocked]
10-28 02:37:18.725 I/EventSequenceValidator( 1152): Transition from INTENT_STARTED to ACTIVITY_LAUNCHED
10-28 02:37:18.733 I/sysui_multi_action( 1152): [757,803,799,window_time_0,802,61]
10-28 02:37:18.741 I/OMX-VENC: venc_dev( 1316): stats: avg. fps 10.93, bitrate 461335
10-28 02:37:18.753 I/BpBinder( 1040): onLastStrongRef automatically unlinking death recipients:
10-28 02:37:18.755 I/input_focus( 1152): [Focus leaving 31b65cc NotificationShade (server),reason=NOT_FOCUSABLE]
10-28 02:37:18.774 I/wm_on_create_called( 2084): [212362980,com.android.systemui.screenrecord.ScreenRecordDialog,performCreate]
10-28 02:37:18.776 I/wm_on_start_called( 2084): [212362980,com.android.systemui.screenrecord.ScreenRecordDialog,handleStartActivity]
10-28 02:37:18.777 I/wm_on_resume_called( 2084): [212362980,com.android.systemui.screenrecord.ScreenRecordDialog,RESUME_ACTIVITY]
10-28 02:37:18.779 W/HWComposer( 1040): Ignoring duplicate VSYNC event from HWC for display 4630946370410392961 (t=1546150686000)
10-28 02:37:18.782 D/KeyguardViewMediator( 2084): setOccluded true
10-28 02:37:18.783 I/wm_on_top_resumed_gained_called( 2084): [212362980,com.android.systemui.screenrecord.ScreenRecordDialog,topStateChangedWhenResumed]
10-28 02:37:18.793 D/KeyguardViewMediator( 2084): setOccluded false
10-28 02:37:18.796 W/HWComposer( 1040): Ignoring duplicate VSYNC event from HWC for display 4630946370410392961 (t=1546167393000)
10-28 02:37:18.804 I/input_focus( 1152): [Focus request 8974305 com.android.systemui/com.android.systemui.screenrecord.ScreenRecordDialog,reason=UpdateInputWindows]
10-28 02:37:18.813 W/HWComposer( 1040): Ignoring duplicate VSYNC event from HWC for display 4630946370410392961 (t=1546184102000)
10-28 02:37:18.829 W/HWComposer( 1040): Ignoring duplicate VSYNC event from HWC for display 4630946370410392961 (t=1546200740000)
10-28 02:37:18.833 I/EventSequenceValidator( 1152): Transition from ACTIVITY_LAUNCHED to ACTIVITY_FINISHED
10-28 02:37:18.834 I/sysui_multi_action( 1152): [319,142,322,141,325,1546,757,761,758,8,759,2,806,com.android.systemui,871,com.android.systemui.screenrecord.ScreenRecordDialog,904,com.android.systemui,905,0,1320,4,1321,1]
10-28 02:37:18.846 W/HWComposer( 1040): Ignoring duplicate VSYNC event from HWC for display 4630946370410392961 (t=1546217511000)
10-28 02:37:18.849 I/wm_activity_launch_time( 1152): [0,212362980,com.android.systemui/.screenrecord.ScreenRecordDialog,141]
10-28 02:37:18.851 I/ActivityTaskManager( 1152): Displayed com.android.systemui/.screenrecord.ScreenRecordDialog: +141ms
10-28 02:37:18.863 W/HWComposer( 1040): Ignoring duplicate VSYNC event from HWC for display 4630946370410392961 (t=1546234227000)
10-28 02:37:18.870 I/input_focus( 1152): [Focus entering 8974305 com.android.systemui/com.android.systemui.screenrecord.ScreenRecordDialog (server),reason=Window became focusable. Previous reason: NOT_VISIBLE]
10-28 02:37:18.900 D/Sogou ( 3273): onUnbindInput finish
10-28 02:37:18.909 D/Sogou ( 3273): onFinishInput:
10-28 02:37:18.950 I/notification_enqueue( 1152): [10087,2084,com.android.systemui,2048,NULL,0,Notification(channel=updateNotification shortcut=null contentView=null vibrate=null sound=null defaults=0x0 flags=0x0 color=0x00000000 vis=PRIVATE),1]
10-28 02:37:18.950 I/sysui_multi_action( 2084): [757,111,758,2]
10-28 02:37:18.950 I/sysui_multi_action( 2084): [757,111,758,2]
10-28 02:37:18.955 I/sysui_multi_action( 2084): [757,111,758,1]
10-28 02:37:18.955 I/sysui_multi_action( 2084): [757,126,758,1,759,126,927,0,928,1,1593,0]
10-28 02:37:18.956 I/sysui_multi_action( 2084): [757,113,758,1,759,113,927,1,928,1,1593,0]
10-28 02:37:18.956 I/sysui_multi_action( 2084): [757,0,758,1,759,0,927,2,928,0,1593,0]
10-28 02:37:18.956 I/sysui_multi_action( 2084): [757,0,758,1,759,0,927,3,928,0,1593,0]
10-28 02:37:18.957 I/sysui_multi_action( 2084): [757,491,758,1,759,491,927,4,928,0,1311,-1,1593,0]
10-28 02:37:18.957 I/sysui_multi_action( 2084): [757,0,758,1,759,0,927,5,928,0,1593,0]
10-28 02:37:18.957 I/sysui_multi_action( 2084): [757,0,758,1,759,0,927,6,1593,0]
10-28 02:37:18.957 I/sysui_multi_action( 2084): [757,111,758,1]
10-28 02:37:18.958 I/sysui_multi_action( 2084): [757,126,758,1,759,126,927,0,928,1,1593,1]
10-28 02:37:18.958 I/sysui_multi_action( 2084): [757,113,758,1,759,113,927,1,928,1,1593,1]
10-28 02:37:18.958 I/sysui_multi_action( 2084): [757,0,758,1,759,0,927,2,928,0,1593,1]
10-28 02:37:18.958 I/sysui_multi_action( 2084): [757,0,758,1,759,0,927,3,928,0,1593,1]
10-28 02:37:18.977 I/sysui_multi_action( 2084): [757,111,758,2]
10-28 02:37:18.977 I/notification_enqueue( 1152): [10087,2084,com.android.systemui,2048,NULL,0,Notification(channel=updateNotification shortcut=null contentView=null vibrate=null sound=null defaults=0x0 flags=0x0 color=0x00000000 vis=PRIVATE),1]
10-28 02:37:18.977 I/sysui_multi_action( 2084): [757,111,758,2]
10-28 02:37:18.983 I/sysui_multi_action( 2084): [757,111,758,1]
10-28 02:37:18.984 I/sysui_multi_action( 2084): [757,126,758,1,759,126,927,0,928,1,1593,0]
10-28 02:37:18.984 I/sysui_multi_action( 2084): [757,113,758,1,759,113,927,1,928,1,1593,1]
10-28 02:37:18.984 I/sysui_multi_action( 2084): [757,0,758,1,759,0,927,2,928,0,1593,1]
10-28 02:37:18.984 I/sysui_multi_action( 2084): [757,0,758,1,759,0,927,3,928,0,1593,1]
10-28 02:37:18.985 I/sysui_multi_action( 2084): [757,491,758,1,759,491,927,4,928,0,1311,-1,1593,0]
10-28 02:37:18.985 I/sysui_multi_action( 2084): [757,0,758,1,759,0,927,5,928,0,1593,0]
10-28 02:37:18.985 I/sysui_multi_action( 2084): [757,0,758,1,759,0,927,6,1593,0]
10-28 02:37:18.986 I/sysui_multi_action( 2084): [757,111,758,1]
10-28 02:37:18.986 I/sysui_multi_action( 2084): [757,126,758,1,759,126,927,0,928,1,1593,1]
10-28 02:37:18.986 I/sysui_multi_action( 2084): [757,113,758,1,759,113,927,1,928,1,1593,1]
10-28 02:37:18.986 I/sysui_multi_action( 2084): [757,0,758,1,759,0,927,2,928,0,1593,1]
10-28 02:37:18.986 I/sysui_multi_action( 2084): [757,0,758,1,759,0,927,3,928,0,1593,1]
10-28 02:37:19.003 I/sysui_multi_action( 2084): [757,111,758,2]
10-28 02:37:19.003 I/notification_enqueue( 1152): [10087,2084,com.android.systemui,2048,NULL,0,Notification(channel=updateNotification shortcut=null contentView=null vibrate=null sound=null defaults=0x0 flags=0x0 color=0x00000000 vis=PRIVATE),1]
10-28 02:37:19.003 I/sysui_multi_action( 2084): [757,111,758,2]
10-28 02:37:19.009 I/sysui_multi_action( 2084): [757,111,758,1]
10-28 02:37:19.009 I/sysui_multi_action( 2084): [757,126,758,1,759,126,927,0,928,1,1593,0]
10-28 02:37:19.009 I/sysui_multi_action( 2084): [757,113,758,1,759,113,927,1,928,1,1593,0]
10-28 02:37:19.010 I/sysui_multi_action( 2084): [757,0,758,1,759,0,927,2,928,0,1593,0]
10-28 02:37:19.010 I/sysui_multi_action( 2084): [757,0,758,1,759,0,927,3,928,0,1593,0]
10-28 02:37:19.011 I/sysui_multi_action( 2084): [757,491,758,1,759,491,927,4,928,0,1311,-1,1593,0]
10-28 02:37:19.011 I/sysui_multi_action( 2084): [757,0,758,1,759,0,927,5,928,0,1593,0]
10-28 02:37:19.011 I/sysui_multi_action( 2084): [757,0,758,1,759,0,927,6,1593,0]
10-28 02:37:19.011 I/sysui_multi_action( 2084): [757,111,758,1]
10-28 02:37:19.012 I/sysui_multi_action( 2084): [757,126,758,1,759,126,927,0,928,1,1593,1]
10-28 02:37:19.012 I/sysui_multi_action( 2084): [757,113,758,1,759,113,927,1,928,1,1593,1]
10-28 02:37:19.012 I/sysui_multi_action( 2084): [757,0,758,1,759,0,927,2,928,0,1593,1]
10-28 02:37:19.012 I/sysui_multi_action( 2084): [757,0,758,1,759,0,927,3,928,0,1593,1]
10-28 02:37:19.046 I/sysui_multi_action( 2084): [757,111,758,2]
10-28 02:37:19.046 I/sysui_multi_action( 2084): [757,111,758,2]
10-28 02:37:19.046 I/notification_enqueue( 1152): [10087,2084,com.android.systemui,2048,NULL,0,Notification(channel=updateNotification shortcut=null contentView=null vibrate=null sound=null defaults=0x0 flags=0x0 color=0x00000000 vis=PRIVATE),1]
10-28 02:37:19.051 I/sysui_multi_action( 2084): [757,111,758,1]
10-28 02:37:19.052 I/sysui_multi_action( 2084): [757,126,758,1,759,126,927,0,928,1,1593,0]
10-28 02:37:19.052 I/sysui_multi_action( 2084): [757,113,758,1,759,113,927,1,928,1,1593,0]
10-28 02:37:19.052 I/sysui_multi_action( 2084): [757,0,758,1,759,0,927,2,928,0,1593,0]
10-28 02:37:19.052 I/sysui_multi_action( 2084): [757,0,758,1,759,0,927,3,928,0,1593,0]
10-28 02:37:19.053 I/sysui_multi_action( 2084): [757,491,758,1,759,491,927,4,928,0,1311,-1,1593,0]
10-28 02:37:19.053 I/sysui_multi_action( 2084): [757,0,758,1,759,0,927,5,928,0,1593,0]
10-28 02:37:19.053 I/sysui_multi_action( 2084): [757,0,758,1,759,0,927,6,1593,0]
10-28 02:37:19.054 I/sysui_multi_action( 2084): [757,111,758,1]
10-28 02:37:19.054 I/sysui_multi_action( 2084): [757,126,758,1,759,126,927,0,928,1,1593,1]
10-28 02:37:19.054 I/sysui_multi_action( 2084): [757,113,758,1,759,113,927,1,928,1,1593,1]
10-28 02:37:19.054 I/sysui_multi_action( 2084): [757,0,758,1,759,0,927,2,928,0,1593,1]
10-28 02:37:19.055 I/sysui_multi_action( 2084): [757,0,758,1,759,0,927,3,928,0,1593,1]
10-28 02:37:19.065 I/sysui_multi_action( 2084): [757,111,758,2]
10-28 02:37:19.066 I/sysui_multi_action( 2084): [757,111,758,2]
10-28 02:37:19.068 I/notification_enqueue( 1152): [10087,2084,com.android.systemui,2048,NULL,0,Notification(channel=updateNotification shortcut=null contentView=null vibrate=null sound=null defaults=0x0 flags=0x0 color=0x00000000 vis=PRIVATE),1]
10-28 02:37:19.071 I/sysui_multi_action( 2084): [757,111,758,1]
10-28 02:37:19.071 I/sysui_multi_action( 2084): [757,126,758,1,759,126,927,0,928,1,1593,1]
10-28 02:37:19.071 I/sysui_multi_action( 2084): [757,113,758,1,759,113,927,1,928,1,1593,1]
10-28 02:37:19.072 I/sysui_multi_action( 2084): [757,0,758,1,759,0,927,2,928,0,1593,1]
10-28 02:37:19.072 I/sysui_multi_action( 2084): [757,0,758,1,759,0,927,3,928,0,1593,1]
10-28 02:37:19.073 I/sysui_multi_action( 2084): [757,491,758,1,759,491,927,4,928,0,1311,-1,1593,1]
10-28 02:37:19.073 I/sysui_multi_action( 2084): [757,0,758,1,759,0,927,5,928,0,1593,1]
10-28 02:37:19.073 I/sysui_multi_action( 2084): [757,0,758,1,759,0,927,6,1593,1]
10-28 02:37:19.073 I/sysui_multi_action( 2084): [757,111,758,1]
10-28 02:37:19.074 I/sysui_multi_action( 2084): [757,126,758,1,759,126,927,0,928,1,1593,1]
10-28 02:37:19.074 I/sysui_multi_action( 2084): [757,113,758,1,759,113,927,1,928,1,1593,1]
10-28 02:37:19.074 I/sysui_multi_action( 2084): [757,0,758,1,759,0,927,2,928,0,1593,1]
10-28 02:37:19.074 I/sysui_multi_action( 2084): [757,0,758,1,759,0,927,3,928,0,1593,1]
10-28 02:37:19.088 I/notification_enqueue( 1152): [10087,2084,com.android.systemui,2048,NULL,0,Notification(channel=updateNotification shortcut=null contentView=null vibrate=null sound=null defaults=0x0 flags=0x0 color=0x00000000 vis=PRIVATE),1]
10-28 02:37:19.089 I/sysui_multi_action( 2084): [757,111,758,2]
10-28 02:37:19.089 I/sysui_multi_action( 2084): [757,111,758,2]
10-28 02:37:19.095 I/sysui_multi_action( 2084): [757,111,758,1]
10-28 02:37:19.095 I/sysui_multi_action( 2084): [757,126,758,1,759,126,927,0,928,1,1593,1]
10-28 02:37:19.095 I/sysui_multi_action( 2084): [757,113,758,1,759,113,927,1,928,1,1593,1]
10-28 02:37:19.096 I/sysui_multi_action( 2084): [757,0,758,1,759,0,927,2,928,0,1593,1]
10-28 02:37:19.096 I/sysui_multi_action( 2084): [757,0,758,1,759,0,927,3,928,0,1593,1]
10-28 02:37:19.097 I/sysui_multi_action( 2084): [757,491,758,1,759,491,927,4,928,0,1311,-1,1593,1]
10-28 02:37:19.098 I/sysui_multi_action( 2084): [757,0,758,1,759,0,927,5,928,0,1593,1]
10-28 02:37:19.098 I/sysui_multi_action( 2084): [757,0,758,1,759,0,927,6,1593,1]
10-28 02:37:19.099 I/sysui_multi_action( 2084): [757,111,758,1]
10-28 02:37:19.099 I/sysui_multi_action( 2084): [757,126,758,1,759,126,927,0,928,1,1593,1]
10-28 02:37:19.099 I/sysui_multi_action( 2084): [757,113,758,1,759,113,927,1,928,1,1593,1]
10-28 02:37:19.100 I/sysui_multi_action( 2084): [757,0,758,1,759,0,927,2,928,0,1593,1]
10-28 02:37:19.100 I/sysui_multi_action( 2084): [757,0,758,1,759,0,927,3,928,0,1593,1]
10-28 02:37:19.114 I/notification_enqueue( 1152): [10087,2084,com.android.systemui,2048,NULL,0,Notification(channel=updateNotification shortcut=null contentView=null vibrate=null sound=null defaults=0x0 flags=0x0 color=0x00000000 vis=PRIVATE),1]
10-28 02:37:19.116 I/sysui_multi_action( 2084): [757,111,758,2]
10-28 02:37:19.118 I/sysui_multi_action( 2084): [757,111,758,2]
10-28 02:37:19.125 I/sysui_multi_action( 2084): [757,111,758,1]
10-28 02:37:19.125 I/sysui_multi_action( 2084): [757,126,758,1,759,126,927,0,928,1,1593,1]
10-28 02:37:19.125 I/sysui_multi_action( 2084): [757,113,758,1,759,113,927,1,928,1,1593,1]
10-28 02:37:19.126 I/sysui_multi_action( 2084): [757,0,758,1,759,0,927,2,928,0,1593,1]
10-28 02:37:19.126 I/sysui_multi_action( 2084): [757,0,758,1,759,0,927,3,928,0,1593,1]
10-28 02:37:19.127 I/sysui_multi_action( 2084): [757,491,758,1,759,491,927,4,928,0,1311,-1,1593,1]
10-28 02:37:19.127 I/sysui_multi_action( 2084): [757,0,758,1,759,0,927,5,928,0,1593,1]
10-28 02:37:19.127 I/sysui_multi_action( 2084): [757,0,758,1,759,0,927,6,1593,1]
10-28 02:37:19.128 I/sysui_multi_action( 2084): [757,111,758,1]
10-28 02:37:19.128 I/sysui_multi_action( 2084): [757,126,758,1,759,126,927,0,928,1,1593,1]
10-28 02:37:19.128 I/sysui_multi_action( 2084): [757,113,758,1,759,113,927,1,928,1,1593,1]
10-28 02:37:19.128 I/sysui_multi_action( 2084): [757,0,758,1,759,0,927,2,928,0,1593,1]
10-28 02:37:19.128 I/sysui_multi_action( 2084): [757,0,758,1,759,0,927,3,928,0,1593,1]
10-28 02:37:19.132 I/mpu_uart( 647): [MSG-P:RECV]:No message received in 1000 ms
10-28 02:37:19.141 I/notification_enqueue( 1152): [10087,2084,com.android.systemui,2048,NULL,0,Notification(channel=updateNotification shortcut=null contentView=null vibrate=null sound=null defaults=0x0 flags=0x0 color=0x00000000 vis=PRIVATE),1]
10-28 02:37:19.142 I/sysui_multi_action( 2084): [757,111,758,2]
10-28 02:37:19.142 I/sysui_multi_action( 2084): [757,111,758,2]
10-28 02:37:19.149 I/sysui_multi_action( 2084): [757,111,758,1]
10-28 02:37:19.149 I/sysui_multi_action( 2084): [757,126,758,1,759,126,927,0,928,1,1593,0]
10-28 02:37:19.149 I/sysui_multi_action( 2084): [757,113,758,1,759,113,927,1,928,1,1593,0]
10-28 02:37:19.150 I/sysui_multi_action( 2084): [757,0,758,1,759,0,927,2,928,0,1593,0]
10-28 02:37:19.150 I/sysui_multi_action( 2084): [757,0,758,1,759,0,927,3,928,0,1593,0]
10-28 02:37:19.150 I/sysui_multi_action( 2084): [757,491,758,1,759,491,927,4,928,0,1311,-1,1593,0]
10-28 02:37:19.151 I/sysui_multi_action( 2084): [757,0,758,1,759,0,927,5,928,0,1593,0]
10-28 02:37:19.151 I/sysui_multi_action( 2084): [757,0,758,1,759,0,927,6,1593,0]
10-28 02:37:19.151 I/sysui_multi_action( 2084): [757,111,758,1]
10-28 02:37:19.151 I/sysui_multi_action( 2084): [757,126,758,1,759,126,927,0,928,1,1593,1]
10-28 02:37:19.151 I/sysui_multi_action( 2084): [757,113,758,1,759,113,927,1,928,1,1593,1]
10-28 02:37:19.152 I/sysui_multi_action( 2084): [757,0,758,1,759,0,927,2,928,0,1593,1]
10-28 02:37:19.152 I/sysui_multi_action( 2084): [757,0,758,1,759,0,927,3,928,0,1593,1]
10-28 02:37:19.162 I/sysui_multi_action( 1152): [757,1501,758,1,793,55762,794,0,795,210,796,2048,806,com.android.systemui,857,updateNotification,858,3,947,0,1500,0,1688,1]
10-28 02:37:19.162 I/sysui_multi_action( 1152): [757,804,799,note_interruptive,801,0,802,1]
10-28 02:37:19.162 I/sysui_multi_action( 1152): [757,199,758,1,759,2,793,55765,794,0,795,213,796,2048,806,com.android.systemui,857,updateNotification,858,3,947,0,1500,3,1688,1]
10-28 02:37:19.163 I/notification_alert( 1152): [0|com.android.systemui|2048|null|10087,0,1,0]
10-28 02:37:19.167 W/NotificationHistory( 1152): Attempted to add notif for locked/gone/disabled user 0
10-28 02:37:19.171 I/notification_enqueue( 1152): [10087,2084,com.android.systemui,2048,NULL,0,Notification(channel=updateNotification shortcut=null contentView=null vibrate=null sound=null defaults=0x0 flags=0x0 color=0x00000000 vis=PRIVATE),1]
10-28 02:37:19.171 I/sysui_multi_action( 2084): [757,111,758,2]
10-28 02:37:19.171 I/sysui_multi_action( 2084): [757,111,758,2]
10-28 02:37:19.177 I/sysui_multi_action( 2084): [757,111,758,1]
10-28 02:37:19.177 I/sysui_multi_action( 2084): [757,126,758,1,759,126,927,0,928,1,1593,0]
10-28 02:37:19.177 I/sysui_multi_action( 2084): [757,113,758,1,759,113,927,1,928,1,1593,0]
10-28 02:37:19.178 I/sysui_multi_action( 2084): [757,0,758,1,759,0,927,2,928,0,1593,0]
10-28 02:37:19.178 D/Avrcp_ext( 2071): AudioManager Player: AudioPlaybackConfiguration piid:295 deviceId:0 type:android.media.SoundPool u/pid:10087/2084 state:idle attr:AudioAttributes: usage=USAGE_ASSISTANCE_SONIFICATION content=CONTENT_TYPE_SONIFICATION flags=0x800 tags= bundle=null sessionId:0
10-28 02:37:19.178 I/sysui_multi_action( 2084): [757,0,758,1,759,0,927,3,928,0,1593,0]
10-28 02:37:19.178 D/Avrcp_ext( 2071): AudioManager Player: AudioPlaybackConfiguration piid:287 deviceId:0 type:android.media.SoundPool u/pid:1000/1152 state:idle attr:AudioAttributes: usage=USAGE_ASSISTANCE_SONIFICATION content=CONTENT_TYPE_SONIFICATION flags=0x800 tags= bundle=null sessionId:0
10-28 02:37:19.178 D/Avrcp_ext( 2071): AudioManager Player: AudioPlaybackConfiguration piid:639 deviceId:0 type:android.media.MediaPlayer u/pid:10087/2084 state:idle attr:AudioAttributes: usage=USAGE_NOTIFICATION content=CONTENT_TYPE_SONIFICATION flags=0x800 tags= bundle=null sessionId:0
10-28 02:37:19.178 D/Avrcp_ext( 2071): AudioManager isPlaying: false, mAudioPlaybackIsActive = false
10-28 02:37:19.178 D/Avrcp_ext( 2071): AudioManager Reset Active Player
10-28 02:37:19.179 I/sysui_multi_action( 2084): [757,491,758,1,759,491,927,4,928,0,1311,-1,1593,0]
10-28 02:37:19.179 I/sysui_multi_action( 2084): [757,0,758,1,759,0,927,5,928,0,1593,0]
10-28 02:37:19.179 I/sysui_multi_action( 2084): [757,0,758,1,759,0,927,6,1593,0]
10-28 02:37:19.179 I/sysui_multi_action( 2084): [757,111,758,1]
10-28 02:37:19.180 E/NotificationService( 1152): Muting recently noisy 0|com.android.systemui|2048|null|10087
10-28 02:37:19.180 I/sysui_multi_action( 2084): [757,126,758,1,759,126,927,0,928,1,1593,1]
10-28 02:37:19.180 I/sysui_multi_action( 2084): [757,113,758,1,759,113,927,1,928,1,1593,1]
10-28 02:37:19.181 I/sysui_multi_action( 2084): [757,0,758,1,759,0,927,2,928,0,1593,1]
10-28 02:37:19.181 I/sysui_multi_action( 2084): [757,0,758,1,759,0,927,3,928,0,1593,1]
10-28 02:37:19.191 W/MediaProvider( 3154): Failed to fetch original file descriptor
10-28 02:37:19.191 W/MediaProvider( 3154): java.io.IOException: stat failed: EACCES (Permission denied)
10-28 02:37:19.191 W/MediaProvider( 3154): at com.android.providers.media.MediaProvider.getFileFromFileDescriptor(MediaProvider.java:5794)
10-28 02:37:19.191 W/MediaProvider( 3154): at com.android.providers.media.MediaProvider.getOriginalMediaFormatFileDescriptor(MediaProvider.java:5711)
10-28 02:37:19.191 W/MediaProvider( 3154): at com.android.providers.media.MediaProvider.openTypedAssetFileCommon(MediaProvider.java:7134)
10-28 02:37:19.191 W/MediaProvider( 3154): at com.android.providers.media.MediaProvider.openTypedAssetFile(MediaProvider.java:7115)
10-28 02:37:19.191 W/MediaProvider( 3154): at android.content.ContentProvider$Transport.openTypedAssetFile(ContentProvider.java:548)
10-28 02:37:19.191 W/MediaProvider( 3154): at android.content.ContentProviderNative.onTransact(ContentProviderNative.java:327)
10-28 02:37:19.191 W/MediaProvider( 3154): at android.os.Binder.execTransactInternal(Binder.java:1179)
10-28 02:37:19.191 W/MediaProvider( 3154): at android.os.Binder.execTransact(Binder.java:1143)
10-28 02:37:19.191 W/MediaProvider( 3154): Caused by: android.system.ErrnoException: stat failed: EACCES (Permission denied)
10-28 02:37:19.191 W/MediaProvider( 3154): at libcore.io.Linux.stat(Native Method)
10-28 02:37:19.191 W/MediaProvider( 3154): at libcore.io.ForwardingOs.stat(ForwardingOs.java:853)
10-28 02:37:19.191 W/MediaProvider( 3154): at libcore.io.BlockGuardOs.stat(BlockGuardOs.java:420)
10-28 02:37:19.191 W/MediaProvider( 3154): at libcore.io.ForwardingOs.stat(ForwardingOs.java:853)
10-28 02:37:19.191 W/MediaProvider( 3154): at android.app.ActivityThread$AndroidOs.stat(ActivityThread.java:7780)
10-28 02:37:19.191 W/MediaProvider( 3154): at android.system.Os.stat(Os.java:919)
10-28 02:37:19.191 W/MediaProvider( 3154): at com.android.providers.media.MediaProvider.getFileFromFileDescriptor(MediaProvider.java:5788)
10-28 02:37:19.191 W/MediaProvider( 3154): ... 7 more
10-28 02:37:19.194 D/NuPlayerDriver( 1300): NuPlayerDriver(0xf1f015f0) created, clientPid(2084)
10-28 02:37:19.197 I/notification_enqueue( 1152): [10087,2084,com.android.systemui,2048,NULL,0,Notification(channel=updateNotification shortcut=null contentView=null vibrate=null sound=null defaults=0x0 flags=0x0 color=0x00000000 vis=PRIVATE),1]
10-28 02:37:19.197 I/sysui_multi_action( 2084): [757,111,758,2]
10-28 02:37:19.197 I/sysui_multi_action( 2084): [757,111,758,2]
10-28 02:37:19.203 I/sysui_multi_action( 2084): [757,111,758,1]
10-28 02:37:19.203 I/sysui_multi_action( 2084): [757,126,758,1,759,126,927,0,928,1,1593,1]
10-28 02:37:19.204 I/sysui_multi_action( 2084): [757,113,758,1,759,113,927,1,928,1,1593,1]
10-28 02:37:19.204 I/sysui_multi_action( 2084): [757,0,758,1,759,0,927,2,928,0,1593,1]
10-28 02:37:19.204 I/sysui_multi_action( 2084): [757,0,758,1,759,0,927,3,928,0,1593,1]
10-28 02:37:19.205 E/NotificationService( 1152): Muting recently noisy 0|com.android.systemui|2048|null|10087
10-28 02:37:19.205 I/sysui_multi_action( 2084): [757,491,758,1,759,491,927,4,928,0,1311,-1,1593,1]
10-28 02:37:19.205 I/sysui_multi_action( 2084): [757,0,758,1,759,0,927,5,928,0,1593,1]
10-28 02:37:19.205 I/sysui_multi_action( 2084): [757,0,758,1,759,0,927,6,1593,1]
10-28 02:37:19.206 I/sysui_multi_action( 2084): [757,111,758,1]
10-28 02:37:19.207 I/sysui_multi_action( 2084): [757,126,758,1,759,126,927,0,928,1,1593,1]
10-28 02:37:19.207 I/sysui_multi_action( 2084): [757,113,758,1,759,113,927,1,928,1,1593,1]
10-28 02:37:19.207 I/sysui_multi_action( 2084): [757,0,758,1,759,0,927,2,928,0,1593,1]
10-28 02:37:19.207 I/sysui_multi_action( 2084): [757,0,758,1,759,0,927,3,928,0,1593,1]
10-28 02:37:19.216 W/NotifCollection( 2084): Ranking update is missing ranking for 0|com.thundersoft.notificationtest1|51|null|10101
10-28 02:37:19.216 W/NotifCollection( 2084): Ranking update is missing ranking for 0|com.thundersoft.notificationtest1|22|null|10101
10-28 02:37:19.216 W/NotifCollection( 2084): Ranking update is missing ranking for 0|com.thundersoft.notificationtest1|14|null|10101
10-28 02:37:19.216 W/NotifCollection( 2084): Ranking update is missing ranking for 0|com.thundersoft.notificationtest1|15|null|10101
10-28 02:37:19.220 I/ExtendedNuUtils( 1300): printFileName fd(7) -> /data/system_de/0/ringtones/notification_sound_cache
10-28 02:37:19.221 D/InterruptionStateProvider( 2084): No bubble up: not allowed to bubble: 0|com.android.systemui|2048|null|10087
10-28 02:37:19.222 D/InterruptionStateProvider( 2084): No heads up: unimportant notification: 0|com.android.systemui|2048|null|10087
01-01 14:11:31.714 E/ ( 0): [MAX975X:mcu_keep_wakeup_work_func] *ERROR* ERR gpio detected
10-28 02:37:19.234 D/GenericSource( 1300): FileSource remote
10-28 02:37:19.240 I/MMParserExtractor( 1294): Created(0xb400006d46774150)
10-28 02:37:19.240 E/MM_OSAL ( 1294): FileSource::FileSource
10-28 02:37:19.240 E/MM_OSAL ( 1294): FileSource::FileSource m_bEveryThingOK 1
10-28 02:37:19.245 D/MediaBufferGroup( 1294): creating MemoryDealer
10-28 02:37:19.245 I/notification_enqueue( 1152): [10087,2084,com.android.systemui,2048,NULL,0,Notification(channel=updateNotification shortcut=null contentView=null vibrate=null sound=null defaults=0x0 flags=0x0 color=0x00000000 vis=PRIVATE),1]
10-28 02:37:19.245 I/sysui_multi_action( 2084): [757,111,758,2]
10-28 02:37:19.246 I/sysui_multi_action( 2084): [757,111,758,2]
10-28 02:37:19.249 E/NotificationService( 1152): Muting recently noisy 0|com.android.systemui|2048|null|10087
10-28 02:37:19.263 I/MediaFocusControl( 1152): requestAudioFocus() from uid/pid 10087/2084 AA=USAGE_NOTIFICATION/CONTENT_TYPE_SONIFICATION clientId=android.media.AudioManager@29a67f8 callingPack=com.android.systemui req=3 flags=0x0 sdk=31
10-28 02:37:19.263 I/AudioService.FadeOutManager( 1152): unfadeOutUid() uid:10087
10-28 02:37:19.269 I/sysui_multi_action( 2084): [757,111,758,1]
10-28 02:37:19.270 I/sysui_multi_action( 2084): [757,126,758,1,759,126,927,0,928,1,1593,1]
10-28 02:37:19.270 I/sysui_multi_action( 2084): [757,113,758,1,759,113,927,1,928,1,1593,1]
10-28 02:37:19.270 I/sysui_multi_action( 2084): [757,0,758,1,759,0,927,2,928,0,1593,1]
10-28 02:37:19.271 I/sysui_multi_action( 2084): [757,0,758,1,759,0,927,3,928,0,1593,1]
10-28 02:37:19.271 E/NotificationService( 1152): Muting recently noisy 0|com.android.systemui|2048|null|10087
10-28 02:37:19.272 I/sysui_multi_action( 2084): [757,491,758,1,759,491,927,4,928,0,1311,-1,1593,1]
10-28 02:37:19.273 I/sysui_multi_action( 2084): [757,0,758,1,759,0,927,5,928,0,1593,1]
10-28 02:37:19.273 I/sysui_multi_action( 2084): [757,0,758,1,759,0,927,6,1593,1]
10-28 02:37:19.273 I/sysui_multi_action( 2084): [757,111,758,1]
10-28 02:37:19.274 I/sysui_multi_action( 2084): [757,126,758,1,759,126,927,0,928,1,1593,1]
10-28 02:37:19.274 I/sysui_multi_action( 2084): [757,113,758,1,759,113,927,1,928,1,1593,1]
10-28 02:37:19.274 I/sysui_multi_action( 2084): [757,0,758,1,759,0,927,2,928,0,1593,1]
10-28 02:37:19.274 I/sysui_multi_action( 2084): [757,0,758,1,759,0,927,3,928,0,1593,1]
10-28 02:37:19.283 W/NotifCollection( 2084): Ranking update is missing ranking for 0|com.thundersoft.notificationtest1|51|null|10101
10-28 02:37:19.283 W/NotifCollection( 2084): Ranking update is missing ranking for 0|com.thundersoft.notificationtest1|22|null|10101
10-28 02:37:19.283 W/NotifCollection( 2084): Ranking update is missing ranking for 0|com.thundersoft.notificationtest1|14|null|10101
10-28 02:37:19.283 W/NotifCollection( 2084): Ranking update is missing ranking for 0|com.thundersoft.notificationtest1|15|null|10101
10-28 02:37:19.285 D/PeopleSpaceWidgetMgr( 2084): Sbn doesn't contain valid PeopleTileKey: null/0/com.android.systemui
10-28 02:37:19.288 D/InterruptionStateProvider( 2084): No bubble up: not allowed to bubble: 0|com.android.systemui|2048|null|10087
01-01 14:11:31.777 E/ ( 0): [MAX975X:max96755x_init] *ERROR* begin
10-28 02:37:19.289 D/InterruptionStateProvider( 2084): No heads up: unimportant notification: 0|com.android.systemui|2048|null|10087
10-28 02:37:19.291 E/NotificationService( 1152): Muting recently noisy 0|com.android.systemui|2048|null|10087
10-28 02:37:19.314 D/PeopleSpaceWidgetMgr( 2084): Sbn doesn't contain valid PeopleTileKey: null/0/com.android.systemui
10-28 02:37:19.316 E/NotificationService( 1152): Muting recently noisy 0|com.android.systemui|2048|null|10087
10-28 02:37:19.317 I/sysui_multi_action( 1152): [757,128,758,2,793,1489537,794,3131,795,1489537,796,26,798,0,806,android,857,DEVELOPER_IMPORTANT,858,4,947,0,1395,3,1500,1489322,1688,1]
10-28 02:37:19.317 I/notification_visibility( 1152): [-1|android|26|null|1000,0,1489537,1489537,0,0]
10-28 02:37:19.317 I/sysui_multi_action( 1152): [757,128,758,2,793,1489244,794,3130,795,1489244,796,55,798,1,806,android,857,DEVELOPER,858,2,947,0,1395,3,1500,1489040,1688,1]
10-28 02:37:19.317 I/notification_visibility( 1152): [-1|android|55|null|1000,0,1489244,1489244,0,1]
10-28 02:37:19.318 I/sysui_multi_action( 1152): [757,128,758,2,793,1493748,794,3129,795,1493748,796,32,798,2,806,android,857,USB,858,1,947,0,1395,3,1500,1493364,1688,1]
10-28 02:37:19.318 I/notification_visibility( 1152): [-1|android|32|null|1000,0,1493748,1493748,0,2]
10-28 02:37:19.319 I/sysui_multi_action( 2084): [757,111,758,2]
10-28 02:37:19.319 I/notification_enqueue( 1152): [10087,2084,com.android.systemui,2048,NULL,0,Notification(channel=updateNotification shortcut=null contentView=null vibrate=null sound=null defaults=0x0 flags=0x0 color=0x00000000 vis=PRIVATE),1]
10-28 02:37:19.320 I/sysui_multi_action( 2084): [757,111,758,2]
10-28 02:37:19.322 I/sysui_multi_action( 1152): [757,127,758,2]
10-28 02:37:19.323 I/notification_panel_hidden( 1152):
10-28 02:37:19.324 D/StatusBar( 2084): disable disable2
10-28 02:37:19.329 D/OpenGLRenderer( 2084): endAllActiveAnimators on 0xb40000702a689230 (RippleDrawable) with handle 0xb400006f3a607860
10-28 02:37:19.341 I/sysui_multi_action( 2084): [757,111,758,1]
10-28 02:37:19.341 I/sysui_multi_action( 2084): [757,126,758,1,759,126,927,0,928,1,1593,1]
10-28 02:37:19.342 I/sysui_multi_action( 2084): [757,113,758,1,759,113,927,1,928,1,1593,1]
10-28 02:37:19.342 I/sysui_multi_action( 2084): [757,0,758,1,759,0,927,2,928,0,1593,1]
10-28 02:37:19.342 I/sysui_multi_action( 2084): [757,0,758,1,759,0,927,3,928,0,1593,1]
10-28 02:37:19.343 I/sysui_multi_action( 2084): [757,491,758,1,759,491,927,4,928,0,1311,-1,1593,0]
10-28 02:37:19.343 I/sysui_multi_action( 2084): [757,0,758,1,759,0,927,5,928,0,1593,0]
10-28 02:37:19.343 E/NotificationService( 1152): Muting recently noisy 0|com.android.systemui|2048|null|10087
10-28 02:37:19.343 I/sysui_multi_action( 2084): [757,0,758,1,759,0,927,6,1593,0]
10-28 02:37:19.343 I/sysui_multi_action( 2084): [757,111,758,1]
10-28 02:37:19.344 I/sysui_multi_action( 2084): [757,126,758,1,759,126,927,0,928,1,1593,1]
10-28 02:37:19.344 I/sysui_multi_action( 2084): [757,113,758,1,759,113,927,1,928,1,1593,1]
10-28 02:37:19.344 I/sysui_multi_action( 2084): [757,0,758,1,759,0,927,2,928,0,1593,1]
10-28 02:37:19.344 I/sysui_multi_action( 2084): [757,0,758,1,759,0,927,3,928,0,1593,1]
10-28 02:37:19.351 W/NotifCollection( 2084): Ranking update is missing ranking for 0|com.thundersoft.notificationtest1|51|null|10101
10-28 02:37:19.351 W/NotifCollection( 2084): Ranking update is missing ranking for 0|com.thundersoft.notificationtest1|22|null|10101
10-28 02:37:19.352 W/NotifCollection( 2084): Ranking update is missing ranking for 0|com.thundersoft.notificationtest1|14|null|10101
10-28 02:37:19.352 W/NotifCollection( 2084): Ranking update is missing ranking for 0|com.thundersoft.notificationtest1|15|null|10101
10-28 02:37:19.356 D/InterruptionStateProvider( 2084): No bubble up: not allowed to bubble: 0|com.android.systemui|2048|null|10087
10-28 02:37:19.357 D/InterruptionStateProvider( 2084): No heads up: unimportant notification: 0|com.android.systemui|2048|null|10087
01-01 14:11:31.837 E/i2c_geni 980000.i2c( 0): i2c error :-107
01-01 14:11:31.843 E/ ( 0): [MAX975X:max96755g_read_byte] *ERROR* Failed to read dev:0x4c addr:0x0013
10-28 02:37:19.378 E/NotificationService( 1152): Muting recently noisy 0|com.android.systemui|2048|null|10087
10-28 02:37:19.380 D/PeopleSpaceWidgetMgr( 2084): Sbn doesn't contain valid PeopleTileKey: null/0/com.android.systemui
01-01 14:11:31.854 E/i2c_geni 980000.i2c( 0): i2c error :-107
01-01 14:11:31.860 E/ ( 0): [MAX975X:max96755g_write_byte] *ERROR* Failed to write dev:0x4c addr:0x0010 value:0x00
01-01 14:11:31.870 E/i2c_geni 980000.i2c( 0): i2c error :-107
10-28 02:37:19.381 W/NotifCollection( 2084): Ranking update is missing ranking for 0|com.thundersoft.notificationtest1|51|null|10101
10-28 02:37:19.381 W/NotifCollection( 2084): Ranking update is missing ranking for 0|com.thundersoft.notificationtest1|22|null|10101
10-28 02:37:19.381 W/NotifCollection( 2084): Ranking update is missing ranking for 0|com.thundersoft.notificationtest1|14|null|10101
10-28 02:37:19.381 W/NotifCollection( 2084): Ranking update is missing ranking for 0|com.thundersoft.notificationtest1|15|null|10101
10-28 02:37:19.386 D/InterruptionStateProvider( 2084): No bubble up: not allowed to bubble: 0|com.android.systemui|2048|null|10087
10-28 02:37:19.387 D/InterruptionStateProvider( 2084): No heads up: unimportant notification: 0|com.android.systemui|2048|null|10087
01-01 14:11:31.876 E/ ( 0): [MAX975X:max96755g_write_byte] *ERROR* Failed to write dev:0x4c addr:0x0001 value:0x01
10-28 02:37:19.398 W/FrameTracker( 2084): Missed App frame:74
10-28 02:37:19.399 W/FrameTracker( 2084): Missed SF frame:74
10-28 02:37:19.399 W/FrameTracker( 2084): Missed App frame:74
10-28 02:37:19.399 W/FrameTracker( 2084): Missed SF frame:74
10-28 02:37:19.399 W/FrameTracker( 2084): Missed SF frame:66
10-28 02:37:19.399 W/FrameTracker( 2084): Missed SF frame:66
10-28 02:37:19.399 W/FrameTracker( 2084): Missed SF frame:66
10-28 02:37:19.399 W/FrameTracker( 2084): Missed SF frame:66
10-28 02:37:19.399 W/FrameTracker( 2084): Missed SF frame:66
10-28 02:37:19.399 W/FrameTracker( 2084): Missing SF jank callback for vsyncId: 34647
10-28 02:37:19.399 E/NotificationService( 1152): Muting recently noisy 0|com.android.systemui|2048|null|10087
10-28 02:37:19.399 V/PerfettoTrigger( 2084): Not triggering com.android.telemetry.interaction-jank-monitor-0 - not enough time since last trigger
01-01 14:11:31.886 E/i2c_geni 980000.i2c( 0): i2c error :-107
01-01 14:11:31.892 E/ ( 0): [MAX975X:max96755g_write_byte] *ERROR* Failed to write dev:0x4c addr:0x01ce value:0x4f
10-28 02:37:19.409 D/PeopleSpaceWidgetMgr( 2084): Sbn doesn't contain valid PeopleTileKey: null/0/com.android.systemui
01-01 14:11:31.902 E/i2c_geni 980000.i2c( 0): i2c error :-107
01-01 14:11:31.907 E/ ( 0): [MAX975X:max96755g_write_byte] *ERROR* Failed to write dev:0x4c addr:0x0010 value:0x20
10-28 02:37:19.426 W/NotifCollection( 2084): Ranking update is missing ranking for 0|com.thundersoft.notificationtest1|51|null|10101
10-28 02:37:19.426 W/NotifCollection( 2084): Ranking update is missing ranking for 0|com.thundersoft.notificationtest1|22|null|10101
10-28 02:37:19.426 W/NotifCollection( 2084): Ranking update is missing ranking for 0|com.thundersoft.notificationtest1|14|null|10101
10-28 02:37:19.426 W/NotifCollection( 2084): Ranking update is missing ranking for 0|com.thundersoft.notificationtest1|15|null|10101
10-28 02:37:19.430 D/InterruptionStateProvider( 2084): No bubble up: not allowed to bubble: 0|com.android.systemui|2048|null|10087
10-28 02:37:19.431 D/InterruptionStateProvider( 2084): No heads up: unimportant notification: 0|com.android.systemui|2048|null|10087
10-28 02:37:19.448 E/NotificationService( 1152): Muting recently noisy 0|com.android.systemui|2048|null|10087
10-28 02:37:19.453 W/NotifCollection( 2084): Ranking update is missing ranking for 0|com.thundersoft.notificationtest1|51|null|10101
10-28 02:37:19.453 W/NotifCollection( 2084): Ranking update is missing ranking for 0|com.thundersoft.notificationtest1|22|null|10101
10-28 02:37:19.453 W/NotifCollection( 2084): Ranking update is missing ranking for 0|com.thundersoft.notificationtest1|14|null|10101
10-28 02:37:19.453 W/NotifCollection( 2084): Ranking update is missing ranking for 0|com.thundersoft.notificationtest1|15|null|10101
10-28 02:37:19.453 D/PeopleSpaceWidgetMgr( 2084): Sbn doesn't contain valid PeopleTileKey: null/0/com.android.systemui
10-28 02:37:19.458 D/InterruptionStateProvider( 2084): No bubble up: not allowed to bubble: 0|com.android.systemui|2048|null|10087
10-28 02:37:19.458 D/InterruptionStateProvider( 2084): No heads up: unimportant notification: 0|com.android.systemui|2048|null|10087
10-28 02:37:19.479 W/NotifCollection( 2084): Ranking update is missing ranking for 0|com.thundersoft.notificationtest1|51|null|10101
10-28 02:37:19.479 D/PeopleSpaceWidgetMgr( 2084): Sbn doesn't contain valid PeopleTileKey: null/0/com.android.systemui
10-28 02:37:19.479 W/NotifCollection( 2084): Ranking update is missing ranking for 0|com.thundersoft.notificationtest1|22|null|10101
10-28 02:37:19.479 W/NotifCollection( 2084): Ranking update is missing ranking for 0|com.thundersoft.notificationtest1|14|null|10101
10-28 02:37:19.480 W/NotifCollection( 2084): Ranking update is missing ranking for 0|com.thundersoft.notificationtest1|15|null|10101
10-28 02:37:19.484 D/InterruptionStateProvider( 2084): No bubble up: not allowed to bubble: 0|com.android.systemui|2048|null|10087
10-28 02:37:19.485 D/InterruptionStateProvider( 2084): No heads up: unimportant notification: 0|com.android.systemui|2048|null|10087
10-28 02:37:19.506 V/KeyguardUpdateMonitor( 2084): *** unregister callback for com.android.keyguard.CarrierTextManager$2@d4f0205
10-28 02:37:19.506 D/PeopleSpaceWidgetMgr( 2084): Sbn doesn't contain valid PeopleTileKey: null/0/com.android.systemui
10-28 02:37:19.511 W/NotifCollection( 2084): Ranking update is missing ranking for 0|com.thundersoft.notificationtest1|51|null|10101
10-28 02:37:19.511 W/NotifCollection( 2084): Ranking update is missing ranking for 0|com.thundersoft.notificationtest1|22|null|10101
