10-28 02:19:25.834 I/sysui_multi_action( 2084): [757,803,799,panel_open,802,1]
10-28 02:19:25.838 I/sysui_multi_action( 2084): [757,1328,758,4,1326,33,1327,1,1329,0]
10-28 02:19:25.924 I/sysui_multi_action( 1152): [757,127,758,1]
10-28 02:19:25.925 I/sysui_multi_action( 1152): [757,804,799,note_load,801,3,802,1]
10-28 02:19:25.925 I/notification_panel_revealed( 1152): 3
10-28 02:19:25.926 I/notification_enqueue( 1152): [10087,2084,com.android.systemui,2048,NULL,0,Notification(channel=updateNotification shortcut=null contentView=null vibrate=null sound=null defaults=0x0 flags=0x0 color=0x00000000 vis=PRIVATE),1]
10-28 02:19:25.928 I/sysui_multi_action( 2084): [757,111,758,2]
10-28 02:19:25.928 I/sysui_multi_action( 2084): [757,111,758,2]
10-28 02:19:25.965 I/input_focus( 1152): [Focus request 31b65cc NotificationShade,reason=UpdateInputWindows]
10-28 02:19:25.971 I/sysui_multi_action( 2084): [757,111,758,1]
10-28 02:19:25.971 I/sysui_multi_action( 2084): [757,126,758,1,759,126,927,0,928,1,1593,0]
10-28 02:19:25.972 I/sysui_multi_action( 2084): [757,113,758,1,759,113,927,1,928,1,1593,0]
10-28 02:19:25.973 I/sysui_multi_action( 2084): [757,0,758,1,759,0,927,2,928,0,1593,0]
10-28 02:19:25.973 I/sysui_multi_action( 2084): [757,0,758,1,759,0,927,3,928,0,1593,0]
10-28 02:19:25.978 I/sysui_multi_action( 2084): [757,491,758,1,759,491,927,4,928,0,1311,-1,1593,0]
10-28 02:19:25.979 I/sysui_multi_action( 2084): [757,0,758,1,759,0,927,5,928,0,1593,0]
10-28 02:19:25.979 I/sysui_multi_action( 2084): [757,0,758,1,759,0,927,6,1593,0]
10-28 02:19:25.979 I/sysui_multi_action( 2084): [757,111,758,1]
10-28 02:19:25.980 I/sysui_multi_action( 2084): [757,126,758,1,759,126,927,0,928,1,1593,0]
10-28 02:19:25.980 I/sysui_multi_action( 2084): [757,113,758,1,759,113,927,1,928,1,1593,0]
10-28 02:19:25.981 I/sysui_multi_action( 2084): [757,0,758,1,759,0,927,2,928,0,1593,0]
10-28 02:19:25.981 I/sysui_multi_action( 2084): [757,0,758,1,759,0,927,3,928,0,1593,0]
10-28 02:19:25.993 I/input_focus( 1152): [Focus leaving a79836 com.android.launcher3/com.android.launcher3.uioverrides.QuickstepLauncher (server),reason=Waiting for window because NOT_VISIBLE]
10-28 02:19:26.023 I/input_focus( 1152): [Focus entering 31b65cc NotificationShade (server),reason=Window became focusable. Previous reason: NOT_VISIBLE]
10-28 02:19:26.027 I/notification_enqueue( 1152): [10087,2084,com.android.systemui,2048,NULL,0,Notification(channel=updateNotification shortcut=null contentView=null vibrate=null sound=null defaults=0x0 flags=0x0 color=0x00000000 vis=PRIVATE),1]
10-28 02:19:26.028 I/sysui_multi_action( 2084): [757,111,758,2]
10-28 02:19:26.029 I/sysui_multi_action( 2084): [757,111,758,2]
10-28 02:19:26.048 I/sysui_multi_action( 2084): [757,111,758,1]
10-28 02:19:26.050 I/sysui_multi_action( 2084): [757,126,758,1,759,126,927,0,928,1,1593,0]
10-28 02:19:26.050 I/sysui_multi_action( 2084): [757,113,758,1,759,113,927,1,928,1,1593,0]
10-28 02:19:26.050 I/sysui_multi_action( 2084): [757,0,758,1,759,0,927,2,928,0,1593,0]
10-28 02:19:26.050 I/sysui_multi_action( 2084): [757,0,758,1,759,0,927,3,928,0,1593,0]
10-28 02:19:26.051 I/sysui_multi_action( 2084): [757,491,758,1,759,491,927,4,928,0,1311,-1,1593,0]
10-28 02:19:26.052 I/sysui_multi_action( 2084): [757,0,758,1,759,0,927,5,928,0,1593,0]
10-28 02:19:26.052 I/sysui_multi_action( 2084): [757,0,758,1,759,0,927,6,1593,0]
10-28 02:19:26.053 I/sysui_multi_action( 2084): [757,111,758,1]
10-28 02:19:26.053 I/sysui_multi_action( 2084): [757,126,758,1,759,126,927,0,928,1,1593,0]
10-28 02:19:26.054 I/sysui_multi_action( 2084): [757,113,758,1,759,113,927,1,928,1,1593,0]
10-28 02:19:26.054 I/sysui_multi_action( 2084): [757,0,758,1,759,0,927,2,928,0,1593,0]
10-28 02:19:26.054 I/sysui_multi_action( 2084): [757,0,758,1,759,0,927,3,928,0,1593,0]
10-28 02:19:26.132 I/sysui_multi_action( 1152): [757,1501,758,1,793,408037,794,0,795,207,796,2048,806,com.android.systemui,857,updateNotification,858,3,947,0,1500,0,1688,1]
10-28 02:19:26.134 I/sysui_multi_action( 1152): [757,804,799,note_interruptive,801,0,802,1]
10-28 02:19:26.135 I/sysui_multi_action( 1152): [757,199,758,1,759,2,793,408040,794,0,795,210,796,2048,806,com.android.systemui,857,updateNotification,858,3,947,0,1500,3,1688,1]
10-28 02:19:26.135 I/notification_alert( 1152): [0|com.android.systemui|2048|null|10087,0,1,0]
10-28 02:19:26.528 I/sysui_multi_action( 1152): [757,128,758,1,793,416748,794,0,795,416748,796,26,798,0,806,android,857,DEVELOPER_IMPORTANT,858,4,947,0,1395,3,1500,416533,1688,1]
10-28 02:19:26.529 I/sysui_multi_action( 1152): [757,804,799,note_freshness,801,416748,802,1]
10-28 02:19:26.529 I/notification_visibility( 1152): [-1|android|26|null|1000,1,416748,416748,0,0]
10-28 02:19:26.529 I/sysui_multi_action( 1152): [757,128,758,1,793,416456,794,0,795,416456,796,55,798,1,806,android,857,DEVELOPER,858,2,947,0,1395,3,1500,416252,1688,1]
10-28 02:19:26.529 I/sysui_multi_action( 1152): [757,804,799,note_freshness,801,416456,802,1]
10-28 02:19:26.530 I/notification_visibility( 1152): [-1|android|55|null|1000,1,416456,416456,0,1]
10-28 02:19:26.530 I/sysui_multi_action( 1152): [757,128,758,1,793,420960,794,0,795,420960,796,32,798,2,806,android,857,USB,858,1,947,0,1395,3,1500,420576,1688,1]
10-28 02:19:26.530 I/sysui_multi_action( 1152): [757,804,799,note_freshness,801,420960,802,1]
10-28 02:19:26.530 I/notification_visibility( 1152): [-1|android|32|null|1000,1,420960,420960,0,2]
10-28 02:19:27.337 I/input_interaction( 1152): Interaction with: 31b65cc NotificationShade (server), edge-swipe (server), swipe-up (server), PointerEventDispatcher0 (server),
10-28 02:19:27.476 I/notification_enqueue( 1152): [10087,2084,com.android.systemui,2048,NULL,0,Notification(channel=updateNotification shortcut=null contentView=null vibrate=null sound=null defaults=0x0 flags=0x0 color=0x00000000 vis=PRIVATE),1]
10-28 02:19:27.682 I/sysui_multi_action( 1152): [757,1501,758,1,793,409587,794,0,795,217,796,2048,806,com.android.systemui,857,updateNotification,858,3,947,0,1500,0,1688,1]
10-28 02:19:27.683 I/sysui_multi_action( 1152): [757,804,799,note_interruptive,801,0,802,1]
10-28 02:19:27.684 I/sysui_multi_action( 1152): [757,199,758,1,759,2,793,409588,794,0,795,218,796,2048,806,com.android.systemui,857,updateNotification,858,3,947,0,1500,1,1688,1]
10-28 02:19:27.684 I/notification_alert( 1152): [0|com.android.systemui|2048|null|10087,0,1,0]
10-28 02:19:28.799 I/sysui_multi_action( 1152): [757,128,758,1,793,103467,794,0,795,103467,796,2147483647,797,ranker_group,798,3,806,com.thundersoft.notificationtest1,857,111111111111111111111111111-1369b480,858,3,946,ranker_group,947,1,1395,51,1500,103467,1688,1]
10-28 02:19:28.799 I/sysui_multi_action( 1152): [757,804,799,note_freshness,801,103467,802,1]
10-28 02:19:28.799 I/notification_visibility( 1152): [0|com.thundersoft.notificationtest1|2147483647|ranker_group|10101|ranker_group,1,103467,103467,0,3]
10-28 02:19:30.543 I/input_interaction( 1152): Interaction with: 31b65cc NotificationShade (server), PointerEventDispatcher0 (server),
10-28 02:19:30.568 I/sysui_multi_action( 1152): [757,128,758,1,793,104923,794,0,795,104923,796,50,798,5,806,com.thundersoft.notificationtest1,857,111111111111111111111111111-9d06cda0,858,3,946,ranker_group,947,0,1395,51,1500,104406,1688,1]
10-28 02:19:30.569 I/sysui_multi_action( 1152): [757,804,799,note_freshness,801,104923,802,1]
10-28 02:19:30.569 I/notification_visibility( 1152): [0|com.thundersoft.notificationtest1|50|null|10101,1,104923,104923,0,5]
10-28 02:19:30.570 I/sysui_multi_action( 1152): [757,128,758,1,793,104922,794,0,795,104922,796,51,798,4,806,com.thundersoft.notificationtest1,857,1111111111111111111111111111-3d2e691,858,3,946,ranker_group,947,0,1395,51,1500,104406,1688,1]
10-28 02:19:30.570 I/sysui_multi_action( 1152): [757,804,799,note_freshness,801,104922,802,1]
10-28 02:19:30.571 I/notification_visibility( 1152): [0|com.thundersoft.notificationtest1|51|null|10101,1,104922,104922,0,4]
10-28 02:19:31.069 I/sysui_multi_action( 1152): [757,128,758,1,793,105438,794,0,795,105438,796,49,798,6,806,com.thundersoft.notificationtest1,857,111111111111111111111111111-cb4248b1,858,3,946,ranker_group,947,0,1395,51,1500,104914,1688,1]
10-28 02:19:31.070 I/sysui_multi_action( 1152): [757,804,799,note_freshness,801,105438,802,1]
10-28 02:19:31.070 I/notification_visibility( 1152): [0|com.thundersoft.notificationtest1|49|null|10101,1,105438,105438,0,6]
10-28 02:19:31.071 I/sysui_multi_action( 1152): [757,128,758,2,793,421291,794,4543,795,421291,796,26,798,0,806,android,857,DEVELOPER_IMPORTANT,858,4,947,0,1395,51,1500,421076,1688,1]
10-28 02:19:31.074 I/notification_visibility( 1152): [-1|android|26|null|1000,0,421291,421291,0,0]
10-28 02:19:31.570 I/sysui_multi_action( 1152): [757,128,758,1,793,105943,794,0,795,105943,796,47,798,8,806,com.thundersoft.notificationtest1,857,111111111111111111111111111-9563b2d1,858,3,946,ranker_group,947,0,1395,51,1500,105457,1688,1]
10-28 02:19:31.571 I/sysui_multi_action( 1152): [757,804,799,note_freshness,801,105943,802,1]
10-28 02:19:31.571 I/notification_visibility( 1152): [0|com.thundersoft.notificationtest1|47|null|10101,1,105943,105943,0,8]
10-28 02:19:31.572 I/sysui_multi_action( 1152): [757,128,758,1,793,105943,794,0,795,105943,796,48,798,7,806,com.thundersoft.notificationtest1,857,111111111111111111111111111-1712a780,858,3,946,ranker_group,947,0,1395,51,1500,105455,1688,1]
10-28 02:19:31.573 I/sysui_multi_action( 1152): [757,804,799,note_freshness,801,105943,802,1]
10-28 02:19:31.574 I/notification_visibility( 1152): [0|com.thundersoft.notificationtest1|48|null|10101,1,105943,105943,0,7]
10-28 02:19:31.574 I/sysui_multi_action( 1152): [757,128,758,2,793,421501,794,5045,795,421501,796,55,798,1,806,android,857,DEVELOPER,858,2,947,0,1395,51,1500,421297,1688,1]
10-28 02:19:31.575 I/notification_visibility( 1152): [-1|android|55|null|1000,0,421501,421501,0,1]
10-28 02:19:31.575 I/sysui_multi_action( 1152): [757,128,758,2,793,426005,794,5045,795,426005,796,32,798,2,806,android,857,USB,858,1,947,0,1395,51,1500,425621,1688,1]
10-28 02:19:31.576 I/notification_visibility( 1152): [-1|android|32|null|1000,0,426005,426005,0,2]
10-28 02:19:32.070 I/sysui_multi_action( 1152): [757,128,758,1,793,106559,794,0,795,106559,796,42,798,13,806,com.thundersoft.notificationtest1,857,111111111111111111111111111-e1bc0520,858,3,946,ranker_group,947,0,1395,51,1500,106023,1688,1]
10-28 02:19:32.070 I/sysui_multi_action( 1152): [757,804,799,note_freshness,801,106559,802,1]
10-28 02:19:32.070 I/notification_visibility( 1152): [0|com.thundersoft.notificationtest1|42|null|10101,1,106559,106559,0,13]
10-28 02:19:32.070 I/sysui_multi_action( 1152): [757,128,758,1,793,106536,794,0,795,106536,796,43,798,12,806,com.thundersoft.notificationtest1,857,111111111111111111111111111-55c49f11,858,3,946,ranker_group,947,0,1395,51,1500,106018,1688,1]
10-28 02:19:32.071 I/sysui_multi_action( 1152): [757,804,799,note_freshness,801,106536,802,1]
10-28 02:19:32.071 I/notification_visibility( 1152): [0|com.thundersoft.notificationtest1|43|null|10101,1,106536,106536,0,12]
10-28 02:19:32.071 I/sysui_multi_action( 1152): [757,128,758,1,793,106524,794,0,795,106524,796,44,798,11,806,com.thundersoft.notificationtest1,857,111111111111111111111111111-62cf4340,858,3,946,ranker_group,947,0,1395,51,1500,105985,1688,1]
10-28 02:19:32.071 I/sysui_multi_action( 1152): [757,804,799,note_freshness,801,106524,802,1]
10-28 02:19:32.071 I/notification_visibility( 1152): [0|com.thundersoft.notificationtest1|44|null|10101,1,106524,106524,0,11]
10-28 02:19:32.071 I/sysui_multi_action( 1152): [757,128,758,1,793,106492,794,0,795,106492,796,45,798,10,806,com.thundersoft.notificationtest1,857,111111111111111111111111111-f71924f1,858,3,946,ranker_group,947,0,1395,51,1500,105964,1688,1]
10-28 02:19:32.072 I/sysui_multi_action( 1152): [757,804,799,note_freshness,801,106492,802,1]
10-28 02:19:32.072 I/notification_visibility( 1152): [0|com.thundersoft.notificationtest1|45|null|10101,1,106492,106492,0,10]
10-28 02:19:32.072 I/sysui_multi_action( 1152): [757,128,758,1,793,106451,794,0,795,106451,796,46,798,9,806,com.thundersoft.notificationtest1,857,111111111111111111111111111-ec0b7960,858,3,946,ranker_group,947,0,1395,51,1500,105962,1688,1]
10-28 02:19:32.072 I/sysui_multi_action( 1152): [757,804,799,note_freshness,801,106451,802,1]
10-28 02:19:32.072 I/notification_visibility( 1152): [0|com.thundersoft.notificationtest1|46|null|10101,1,106451,106451,0,9]
10-28 02:19:32.073 I/sysui_multi_action( 1152): [757,128,758,2,793,106428,794,1505,795,106428,796,50,798,5,806,com.thundersoft.notificationtest1,857,111111111111111111111111111-9d06cda0,858,3,946,ranker_group,947,0,1395,51,1500,105911,1688,1]
10-28 02:19:32.073 I/notification_visibility( 1152): [0|com.thundersoft.notificationtest1|50|null|10101,0,106428,106428,0,5]
10-28 02:19:32.073 I/sysui_multi_action( 1152): [757,128,758,2,793,106425,794,1503,795,106425,796,51,798,4,806,com.thundersoft.notificationtest1,857,1111111111111111111111111111-3d2e691,858,3,946,ranker_group,947,0,1395,51,1500,105909,1688,1]
10-28 02:19:32.074 I/notification_visibility( 1152): [0|com.thundersoft.notificationtest1|51|null|10101,0,106425,106425,0,4]
10-28 02:19:32.074 I/sysui_multi_action( 1152): [757,128,758,2,793,106445,794,502,795,106445,796,48,798,7,806,com.thundersoft.notificationtest1,857,111111111111111111111111111-1712a780,858,3,946,ranker_group,947,0,1395,51,1500,105957,1688,1]
10-28 02:19:32.074 I/notification_visibility( 1152): [0|com.thundersoft.notificationtest1|48|null|10101,0,106445,106445,0,7]
10-28 02:19:32.075 I/sysui_multi_action( 1152): [757,128,758,2,793,106444,794,1006,795,106444,796,49,798,6,806,com.thundersoft.notificationtest1,857,111111111111111111111111111-cb4248b1,858,3,946,ranker_group,947,0,1395,51,1500,105920,1688,1]
10-28 02:19:32.075 I/notification_visibility( 1152): [0|com.thundersoft.notificationtest1|49|null|10101,0,106444,106444,0,6]
10-28 02:19:32.075 I/sysui_multi_action( 1152): [757,128,758,2,793,106743,794,3276,795,106743,796,2147483647,797,ranker_group,798,3,806,com.thundersoft.notificationtest1,857,111111111111111111111111111-1369b480,858,3,946,ranker_group,947,1,1395,51,1500,106743,1688,1]
10-28 02:19:32.075 I/notification_visibility( 1152): [0|com.thundersoft.notificationtest1|2147483647|ranker_group|10101|ranker_group,0,106743,106743,0,3]
10-28 02:19:32.587 I/sysui_multi_action( 1152): [757,128,758,1,793,107198,794,0,795,107198,796,40,798,15,806,com.thundersoft.notificationtest1,857,111111111111111111111111111-ceafbf00,858,3,946,ranker_group,947,0,1395,51,1500,106596,1688,1]
10-28 02:19:32.587 I/sysui_multi_action( 1152): [757,804,799,note_freshness,801,107198,802,1]
10-28 02:19:32.588 I/notification_visibility( 1152): [0|com.thundersoft.notificationtest1|40|null|10101,1,107198,107198,0,15]
10-28 02:19:32.589 I/sysui_multi_action( 1152): [757,128,758,1,793,107111,794,0,795,107111,796,41,798,14,806,com.thundersoft.notificationtest1,857,1111111111111111111111111111-7482131,858,3,946,ranker_group,947,0,1395,51,1500,106546,1688,1]
10-28 02:19:32.589 I/sysui_multi_action( 1152): [757,804,799,note_freshness,801,107111,802,1]
10-28 02:19:32.589 I/notification_visibility( 1152): [0|com.thundersoft.notificationtest1|41|null|10101,1,107111,107111,0,14]
10-28 02:19:32.591 I/sysui_multi_action( 1152): [757,128,758,1,793,107290,794,0,795,107290,796,36,798,19,806,com.thundersoft.notificationtest1,857,111111111111111111111111111-c7a41ac0,858,3,946,ranker_group,947,0,1395,51,1500,106919,1688,1]
10-28 02:19:32.591 I/sysui_multi_action( 1152): [757,804,799,note_freshness,801,107290,802,1]
10-28 02:19:32.592 I/notification_visibility( 1152): [0|com.thundersoft.notificationtest1|36|null|10101,1,107290,107290,0,19]
10-28 02:19:32.593 I/sysui_multi_action( 1152): [757,128,758,1,793,107287,794,0,795,107287,796,37,798,18,806,com.thundersoft.notificationtest1,857,111111111111111111111111111-2cdf3d71,858,3,946,ranker_group,947,0,1395,51,1500,106843,1688,1]
10-28 02:19:32.593 I/sysui_multi_action( 1152): [757,804,799,note_freshness,801,107287,802,1]
10-28 02:19:32.594 I/notification_visibility( 1152): [0|com.thundersoft.notificationtest1|37|null|10101,1,107287,107287,0,18]
10-28 02:19:32.594 I/sysui_multi_action( 1152): [757,128,758,1,793,107240,794,0,795,107240,796,38,798,17,806,com.thundersoft.notificationtest1,857,111111111111111111111111111-6f0870e0,858,3,946,ranker_group,947,0,1395,51,1500,106769,1688,1]
10-28 02:19:32.594 I/sysui_multi_action( 1152): [757,804,799,note_freshness,801,107240,802,1]
10-28 02:19:32.595 I/notification_visibility( 1152): [0|com.thundersoft.notificationtest1|38|null|10101,1,107240,107240,0,17]
10-28 02:19:32.595 I/sysui_multi_action( 1152): [757,128,758,1,793,107231,794,0,795,107231,796,39,798,16,806,com.thundersoft.notificationtest1,857,111111111111111111111111111-7205ab51,858,3,946,ranker_group,947,0,1395,51,1500,106669,1688,1]
10-28 02:19:32.595 I/sysui_multi_action( 1152): [757,804,799,note_freshness,801,107231,802,1]
10-28 02:19:32.596 I/notification_visibility( 1152): [0|com.thundersoft.notificationtest1|39|null|10101,1,107231,107231,0,16]
10-28 02:19:32.596 I/sysui_multi_action( 1152): [757,128,758,2,793,107086,794,527,795,107086,796,42,798,13,806,com.thundersoft.notificationtest1,857,111111111111111111111111111-e1bc0520,858,3,946,ranker_group,947,0,1395,51,1500,106550,1688,1]
10-28 02:19:32.597 I/notification_visibility( 1152): [0|com.thundersoft.notificationtest1|42|null|10101,0,107086,107086,0,13]
10-28 02:19:32.597 I/sysui_multi_action( 1152): [757,128,758,2,793,107063,794,527,795,107063,796,43,798,12,806,com.thundersoft.notificationtest1,857,111111111111111111111111111-55c49f11,858,3,946,ranker_group,947,0,1395,51,1500,106545,1688,1]
10-28 02:19:32.598 I/notification_visibility( 1152): [0|com.thundersoft.notificationtest1|43|null|10101,0,107063,107063,0,12]
10-28 02:19:32.599 I/sysui_multi_action( 1152): [757,128,758,2,793,107051,794,527,795,107051,796,44,798,11,806,com.thundersoft.notificationtest1,857,111111111111111111111111111-62cf4340,858,3,946,ranker_group,947,0,1395,51,1500,106512,1688,1]
10-28 02:19:32.600 I/notification_visibility( 1152): [0|com.thundersoft.notificationtest1|44|null|10101,0,107051,107051,0,11]
10-28 02:19:32.601 I/sysui_multi_action( 1152): [757,128,758,2,793,107021,794,529,795,107021,796,45,798,10,806,com.thundersoft.notificationtest1,857,111111111111111111111111111-f71924f1,858,3,946,ranker_group,947,0,1395,51,1500,106493,1688,1]
10-28 02:19:32.601 I/notification_visibility( 1152): [0|com.thundersoft.notificationtest1|45|null|10101,0,107021,107021,0,10]
10-28 02:19:32.602 I/sysui_multi_action( 1152): [757,128,758,2,793,106981,794,530,795,106981,796,46,798,9,806,com.thundersoft.notificationtest1,857,111111111111111111111111111-ec0b7960,858,3,946,ranker_group,947,0,1395,51,1500,106492,1688,1]
10-28 02:19:32.602 I/notification_visibility( 1152): [0|com.thundersoft.notificationtest1|46|null|10101,0,106981,106981,0,9]
10-28 02:19:32.603 I/sysui_multi_action( 1152): [757,128,758,2,793,106976,794,1033,795,106976,796,47,798,8,806,com.thundersoft.notificationtest1,857,111111111111111111111111111-9563b2d1,858,3,946,ranker_group,947,0,1395,51,1500,106490,1688,1]
10-28 02:19:32.608 I/notification_visibility( 1152): [0|com.thundersoft.notificationtest1|47|null|10101,0,106976,106976,0,8]
10-28 02:19:33.093 I/sysui_multi_action( 1152): [757,128,758,1,793,107827,794,0,795,107827,796,31,798,24,806,com.thundersoft.notificationtest1,857,111111111111111111111111111-9a6823d1,858,3,946,ranker_group,947,0,1395,51,1500,107459,1688,1]
10-28 02:19:33.094 I/sysui_multi_action( 1152): [757,804,799,note_freshness,801,107827,802,1]
10-28 02:19:33.094 I/notification_visibility( 1152): [0|com.thundersoft.notificationtest1|31|null|10101,1,107827,107827,0,24]
10-28 02:19:33.101 I/sysui_multi_action( 1152): [757,128,758,1,793,107829,794,0,795,107829,796,32,798,23,806,com.thundersoft.notificationtest1,857,111111111111111111111111111-b29c5680,858,3,946,ranker_group,947,0,1395,51,1500,107465,1688,1]
10-28 02:19:33.102 I/sysui_multi_action( 1152): [757,804,799,note_freshness,801,107829,802,1]
10-28 02:19:33.103 I/notification_visibility( 1152): [0|com.thundersoft.notificationtest1|32|null|10101,1,107829,107829,0,23]
10-28 02:19:33.104 I/sysui_multi_action( 1152): [757,128,758,1,793,107824,794,0,795,107824,796,33,798,22,806,com.thundersoft.notificationtest1,857,111111111111111111111111111-a0ee79b1,858,3,946,ranker_group,947,0,1395,51,1500,107463,1688,1]
10-28 02:19:33.105 I/sysui_multi_action( 1152): [757,804,799,note_freshness,801,107824,802,1]
10-28 02:19:33.105 I/notification_visibility( 1152): [0|com.thundersoft.notificationtest1|33|null|10101,1,107824,107824,0,22]
10-28 02:19:33.106 I/sysui_multi_action( 1152): [757,128,758,1,793,107822,794,0,795,107822,796,34,798,21,806,com.thundersoft.notificationtest1,857,111111111111111111111111111-7ce0bca0,858,3,946,ranker_group,947,0,1395,51,1500,107455,1688,1]
10-28 02:19:33.107 I/sysui_multi_action( 1152): [757,804,799,note_freshness,801,107822,802,1]
10-28 02:19:33.107 I/notification_visibility( 1152): [0|com.thundersoft.notificationtest1|34|null|10101,1,107822,107822,0,21]
10-28 02:19:33.107 I/sysui_multi_action( 1152): [757,128,758,1,793,107818,794,0,795,107818,796,35,798,20,806,com.thundersoft.notificationtest1,857,111111111111111111111111111-1f36d791,858,3,946,ranker_group,947,0,1395,51,1500,107440,1688,1]
10-28 02:19:33.108 I/sysui_multi_action( 1152): [757,804,799,note_freshness,801,107818,802,1]
10-28 02:19:33.108 I/notification_visibility( 1152): [0|com.thundersoft.notificationtest1|35|null|10101,1,107818,107818,0,20]
10-28 02:19:33.108 I/sysui_multi_action( 1152): [757,128,758,2,793,107719,794,521,795,107719,796,40,798,15,806,com.thundersoft.notificationtest1,857,111111111111111111111111111-ceafbf00,858,3,946,ranker_group,947,0,1395,51,1500,107117,1688,1]
10-28 02:19:33.108 I/notification_visibility( 1152): [0|com.thundersoft.notificationtest1|40|null|10101,0,107719,107719,0,15]
10-28 02:19:33.109 I/sysui_multi_action( 1152): [757,128,758,2,793,107632,794,521,795,107632,796,41,798,14,806,com.thundersoft.notificationtest1,857,1111111111111111111111111111-7482131,858,3,946,ranker_group,947,0,1395,51,1500,107067,1688,1]
10-28 02:19:33.109 I/notification_visibility( 1152): [0|com.thundersoft.notificationtest1|41|null|10101,0,107632,107632,0,14]
10-28 02:19:33.109 I/sysui_multi_action( 1152): [757,128,758,2,793,107803,794,516,795,107803,796,37,798,18,806,com.thundersoft.notificationtest1,857,111111111111111111111111111-2cdf3d71,858,3,946,ranker_group,947,0,1395,51,1500,107359,1688,1]
10-28 02:19:33.109 I/notification_visibility( 1152): [0|com.thundersoft.notificationtest1|37|null|10101,0,107803,107803,0,18]
10-28 02:19:33.109 I/sysui_multi_action( 1152): [757,128,758,2,793,107755,794,515,795,107755,796,38,798,17,806,com.thundersoft.notificationtest1,857,111111111111111111111111111-6f0870e0,858,3,946,ranker_group,947,0,1395,51,1500,107284,1688,1]
10-28 02:19:33.110 I/notification_visibility( 1152): [0|com.thundersoft.notificationtest1|38|null|10101,0,107755,107755,0,17]
10-28 02:19:33.110 I/sysui_multi_action( 1152): [757,128,758,2,793,107746,794,515,795,107746,796,39,798,16,806,com.thundersoft.notificationtest1,857,111111111111111111111111111-7205ab51,858,3,946,ranker_group,947,0,1395,51,1500,107184,1688,1]
10-28 02:19:33.110 I/notification_visibility( 1152): [0|com.thundersoft.notificationtest1|39|null|10101,0,107746,107746,0,16]
10-28 02:19:33.606 I/sysui_multi_action( 1152): [757,128,758,1,793,108402,794,0,795,108402,796,20,798,30,806,com.thundersoft.notificationtest1,857,111111111111111111111111111-98fc49c0,858,3,946,ranker_group,947,0,1395,51,1500,108065,1688,1]
10-28 02:19:33.606 I/sysui_multi_action( 1152): [757,804,799,note_freshness,801,108402,802,1]
10-28 02:19:33.607 I/notification_visibility( 1152): [0|com.thundersoft.notificationtest1|20|null|10101,1,108402,108402,0,30]
10-28 02:19:33.607 I/sysui_multi_action( 1152): [757,128,758,1,793,108398,794,0,795,108398,796,21,798,29,806,com.thundersoft.notificationtest1,857,111111111111111111111111111-868cee71,858,3,946,ranker_group,947,0,1395,51,1500,108060,1688,1]
10-28 02:19:33.607 I/sysui_multi_action( 1152): [757,804,799,note_freshness,801,108398,802,1]
10-28 02:19:33.607 I/notification_visibility( 1152): [0|com.thundersoft.notificationtest1|21|null|10101,1,108398,108398,0,29]
10-28 02:19:33.608 I/sysui_multi_action( 1152): [757,128,758,1,793,108393,794,0,795,108393,796,22,798,28,806,com.thundersoft.notificationtest1,857,111111111111111111111111111-4b10dfe0,858,3,946,ranker_group,947,0,1395,51,1500,108047,1688,1]
10-28 02:19:33.608 I/sysui_multi_action( 1152): [757,804,799,note_freshness,801,108393,802,1]
10-28 02:19:33.609 I/notification_visibility( 1152): [0|com.thundersoft.notificationtest1|22|null|10101,1,108393,108393,0,28]
10-28 02:19:33.609 I/sysui_multi_action( 1152): [757,128,758,1,793,108419,794,0,795,108419,796,17,798,33,806,com.thundersoft.notificationtest1,857,1111111111111111111111111111-f1caab1,858,3,946,ranker_group,947,0,1395,51,1500,108103,1688,1]
10-28 02:19:33.609 I/sysui_multi_action( 1152): [757,804,799,note_freshness,801,108419,802,1]
10-28 02:19:33.611 I/notification_visibility( 1152): [0|com.thundersoft.notificationtest1|17|null|10101,1,108419,108419,0,33]
10-28 02:19:33.611 I/sysui_multi_action( 1152): [757,128,758,1,793,108416,794,0,795,108416,796,18,798,32,806,com.thundersoft.notificationtest1,857,111111111111111111111111111-d478aba0,858,3,946,ranker_group,947,0,1395,51,1500,108085,1688,1]
10-28 02:19:33.613 I/sysui_multi_action( 1152): [757,804,799,note_freshness,801,108416,802,1]
10-28 02:19:33.613 I/notification_visibility( 1152): [0|com.thundersoft.notificationtest1|18|null|10101,1,108416,108416,0,32]
10-28 02:19:33.614 I/sysui_multi_action( 1152): [757,128,758,1,793,108415,794,0,795,108415,796,19,798,31,806,com.thundersoft.notificationtest1,857,111111111111111111111111111-ba9cc891,858,3,946,ranker_group,947,0,1395,51,1500,108083,1688,1]
10-28 02:19:33.614 I/sysui_multi_action( 1152): [757,804,799,note_freshness,801,108415,802,1]
10-28 02:19:33.615 I/notification_visibility( 1152): [0|com.thundersoft.notificationtest1|19|null|10101,1,108415,108415,0,31]
10-28 02:19:33.615 I/sysui_multi_action( 1152): [757,128,758,2,793,108349,794,522,795,108349,796,31,798,24,806,com.thundersoft.notificationtest1,857,111111111111111111111111111-9a6823d1,858,3,946,ranker_group,947,0,1395,51,1500,107981,1688,1]
10-28 02:19:33.616 I/notification_visibility( 1152): [0|com.thundersoft.notificationtest1|31|null|10101,0,108349,108349,0,24]
10-28 02:19:33.617 I/sysui_multi_action( 1152): [757,128,758,2,793,108345,794,516,795,108345,796,32,798,23,806,com.thundersoft.notificationtest1,857,111111111111111111111111111-b29c5680,858,3,946,ranker_group,947,0,1395,51,1500,107981,1688,1]
10-28 02:19:33.618 I/notification_visibility( 1152): [0|com.thundersoft.notificationtest1|32|null|10101,0,108345,108345,0,23]
10-28 02:19:33.618 I/sysui_multi_action( 1152): [757,128,758,2,793,108338,794,514,795,108338,796,33,798,22,806,com.thundersoft.notificationtest1,857,111111111111111111111111111-a0ee79b1,858,3,946,ranker_group,947,0,1395,51,1500,107977,1688,1]
10-28 02:19:33.618 I/notification_visibility( 1152): [0|com.thundersoft.notificationtest1|33|null|10101,0,108338,108338,0,22]
10-28 02:19:33.619 I/sysui_multi_action( 1152): [757,128,758,2,793,108335,794,513,795,108335,796,34,798,21,806,com.thundersoft.notificationtest1,857,111111111111111111111111111-7ce0bca0,858,3,946,ranker_group,947,0,1395,51,1500,107968,1688,1]
10-28 02:19:33.619 I/notification_visibility( 1152): [0|com.thundersoft.notificationtest1|34|null|10101,0,108335,108335,0,21]
10-28 02:19:33.620 I/sysui_multi_action( 1152): [757,128,758,2,793,108331,794,513,795,108331,796,35,798,20,806,com.thundersoft.notificationtest1,857,111111111111111111111111111-1f36d791,858,3,946,ranker_group,947,0,1395,51,1500,107953,1688,1]
10-28 02:19:33.621 I/notification_visibility( 1152): [0|com.thundersoft.notificationtest1|35|null|10101,0,108331,108331,0,20]
10-28 02:19:33.621 I/sysui_multi_action( 1152): [757,128,758,2,793,108320,794,1030,795,108320,796,36,798,19,806,com.thundersoft.notificationtest1,857,111111111111111111111111111-c7a41ac0,858,3,946,ranker_group,947,0,1395,51,1500,107949,1688,1]
10-28 02:19:33.622 I/notification_visibility( 1152): [0|com.thundersoft.notificationtest1|36|null|10101,0,108320,108320,0,19]
10-28 02:19:34.113 I/sysui_multi_action( 1152): [757,128,758,1,793,108975,794,0,795,108975,796,10,798,40,806,com.thundersoft.notificationtest1,857,111111111111111111111111111-5febe320,858,3,946,ranker_group,947,0,1395,51,1500,108722,1688,1]
10-28 02:19:34.114 I/sysui_multi_action( 1152): [757,804,799,note_freshness,801,108975,802,1]
10-28 02:19:34.114 I/notification_visibility( 1152): [0|com.thundersoft.notificationtest1|10|null|10101,1,108975,108975,0,40]
10-28 02:19:34.114 I/sysui_multi_action( 1152): [757,128,758,1,793,108964,794,0,795,108964,796,11,798,39,806,com.thundersoft.notificationtest1,857,111111111111111111111111111-9d908111,858,3,946,ranker_group,947,0,1395,51,1500,108708,1688,1]
10-28 02:19:34.114 I/sysui_multi_action( 1152): [757,804,799,note_freshness,801,108964,802,1]
10-28 02:19:34.114 I/notification_visibility( 1152): [0|com.thundersoft.notificationtest1|11|null|10101,1,108964,108964,0,39]
10-28 02:19:34.115 I/sysui_multi_action( 1152): [757,128,758,1,793,108960,794,0,795,108960,796,12,798,38,806,com.thundersoft.notificationtest1,857,111111111111111111111111111-147fa140,858,3,946,ranker_group,947,0,1395,51,1500,108694,1688,1]
10-28 02:19:34.115 I/sysui_multi_action( 1152): [757,804,799,note_freshness,801,108960,802,1]
10-28 02:19:34.115 I/notification_visibility( 1152): [0|com.thundersoft.notificationtest1|12|null|10101,1,108960,108960,0,38]
10-28 02:19:34.115 I/sysui_multi_action( 1152): [757,128,758,1,793,108951,794,0,795,108951,796,13,798,37,806,com.thundersoft.notificationtest1,857,111111111111111111111111111-7b7486f1,858,3,946,ranker_group,947,0,1395,51,1500,108672,1688,1]
10-28 02:19:34.115 I/sysui_multi_action( 1152): [757,804,799,note_freshness,801,108951,802,1]
10-28 02:19:34.116 I/notification_visibility( 1152): [0|com.thundersoft.notificationtest1|13|null|10101,1,108951,108951,0,37]
10-28 02:19:34.116 I/sysui_multi_action( 1152): [757,128,758,1,793,108947,794,0,795,108947,796,14,798,36,806,com.thundersoft.notificationtest1,857,111111111111111111111111111-f31c5760,858,3,946,ranker_group,947,0,1395,51,1500,108641,1688,1]
10-28 02:19:34.116 I/sysui_multi_action( 1152): [757,804,799,note_freshness,801,108947,802,1]
10-28 02:19:34.116 I/notification_visibility( 1152): [0|com.thundersoft.notificationtest1|14|null|10101,1,108947,108947,0,36]
10-28 02:19:34.116 I/sysui_multi_action( 1152): [757,128,758,1,793,108941,794,0,795,108941,796,15,798,35,806,com.thundersoft.notificationtest1,857,111111111111111111111111111-706e94d1,858,3,946,ranker_group,947,0,1395,51,1500,108634,1688,1]
10-28 02:19:34.117 I/sysui_multi_action( 1152): [757,804,799,note_freshness,801,108941,802,1]
10-28 02:19:34.117 I/notification_visibility( 1152): [0|com.thundersoft.notificationtest1|15|null|10101,1,108941,108941,0,35]
10-28 02:19:34.117 I/sysui_multi_action( 1152): [757,128,758,2,793,108913,794,511,795,108913,796,20,798,30,806,com.thundersoft.notificationtest1,857,111111111111111111111111111-98fc49c0,858,3,946,ranker_group,947,0,1395,51,1500,108576,1688,1]
10-28 02:19:34.117 I/notification_visibility( 1152): [0|com.thundersoft.notificationtest1|20|null|10101,0,108913,108913,0,30]
10-28 02:19:34.117 I/sysui_multi_action( 1152): [757,128,758,2,793,108908,794,510,795,108908,796,21,798,29,806,com.thundersoft.notificationtest1,857,111111111111111111111111111-868cee71,858,3,946,ranker_group,947,0,1395,51,1500,108570,1688,1]
10-28 02:19:34.117 I/notification_visibility( 1152): [0|com.thundersoft.notificationtest1|21|null|10101,0,108908,108908,0,29]
10-28 02:19:34.118 I/sysui_multi_action( 1152): [757,128,758,2,793,108903,794,510,795,108903,796,22,798,28,806,com.thundersoft.notificationtest1,857,111111111111111111111111111-4b10dfe0,858,3,946,ranker_group,947,0,1395,51,1500,108557,1688,1]
10-28 02:19:34.118 I/notification_visibility( 1152): [0|com.thundersoft.notificationtest1|22|null|10101,0,108903,108903,0,28]
10-28 02:19:34.118 I/sysui_multi_action( 1152): [757,128,758,2,793,108928,794,509,795,108928,796,17,798,33,806,com.thundersoft.notificationtest1,857,1111111111111111111111111111-f1caab1,858,3,946,ranker_group,947,0,1395,51,1500,108612,1688,1]
10-28 02:19:34.118 I/notification_visibility( 1152): [0|com.thundersoft.notificationtest1|17|null|10101,0,108928,108928,0,33]
10-28 02:19:34.118 I/sysui_multi_action( 1152): [757,128,758,2,793,108923,794,507,795,108923,796,18,798,32,806,com.thundersoft.notificationtest1,857,111111111111111111111111111-d478aba0,858,3,946,ranker_group,947,0,1395,51,1500,108592,1688,1]
10-28 02:19:34.119 I/notification_visibility( 1152): [0|com.thundersoft.notificationtest1|18|null|10101,0,108923,108923,0,32]
10-28 02:19:34.119 I/sysui_multi_action( 1152): [757,128,758,2,793,108920,794,505,795,108920,796,19,798,31,806,com.thundersoft.notificationtest1,857,111111111111111111111111111-ba9cc891,858,3,946,ranker_group,947,0,1395,51,1500,108588,1688,1]
10-28 02:19:34.119 I/notification_visibility( 1152): [0|com.thundersoft.notificationtest1|19|null|10101,0,108920,108920,0,31]
10-28 02:19:34.614 I/sysui_multi_action( 1152): [757,128,758,1,793,109519,794,0,795,109519,796,3,798,47,806,com.thundersoft.notificationtest1,857,111111111111111111111111111-1a04b991,858,3,946,ranker_group,947,0,1395,51,1500,109307,1688,1]
10-28 02:19:34.614 I/sysui_multi_action( 1152): [757,804,799,note_freshness,801,109519,802,1]
10-28 02:19:34.615 I/notification_visibility( 1152): [0|com.thundersoft.notificationtest1|3|null|10101,1,109519,109519,0,47]
10-28 02:19:34.615 I/sysui_multi_action( 1152): [757,128,758,1,793,109515,794,0,795,109515,796,4,798,46,806,com.thundersoft.notificationtest1,857,111111111111111111111111111-269278c0,858,3,946,ranker_group,947,0,1395,51,1500,109301,1688,1]
10-28 02:19:34.616 I/sysui_multi_action( 1152): [757,804,799,note_freshness,801,109515,802,1]
10-28 02:19:34.616 I/notification_visibility( 1152): [0|com.thundersoft.notificationtest1|4|null|10101,1,109515,109515,0,46]
10-28 02:19:34.617 I/sysui_multi_action( 1152): [757,128,758,1,793,109513,794,0,795,109513,796,5,798,45,806,com.thundersoft.notificationtest1,857,111111111111111111111111111-abbc9f71,858,3,946,ranker_group,947,0,1395,51,1500,109299,1688,1]
10-28 02:19:34.617 I/sysui_multi_action( 1152): [757,804,799,note_freshness,801,109513,802,1]
10-28 02:19:34.617 I/notification_visibility( 1152): [0|com.thundersoft.notificationtest1|5|null|10101,1,109513,109513,0,45]
10-28 02:19:34.618 I/sysui_multi_action( 1152): [757,128,758,1,793,109510,794,0,795,109510,796,6,798,44,806,com.thundersoft.notificationtest1,857,111111111111111111111111111-cbd74ee0,858,3,946,ranker_group,947,0,1395,51,1500,109292,1688,1]
10-28 02:19:34.618 I/sysui_multi_action( 1152): [757,804,799,note_freshness,801,109510,802,1]
10-28 02:19:34.619 I/notification_visibility( 1152): [0|com.thundersoft.notificationtest1|6|null|10101,1,109510,109510,0,44]
10-28 02:19:34.619 I/sysui_multi_action( 1152): [757,128,758,1,793,109505,794,0,795,109505,796,7,798,43,806,com.thundersoft.notificationtest1,857,111111111111111111111111111-af128d51,858,3,946,ranker_group,947,0,1395,51,1500,109260,1688,1]
10-28 02:19:34.620 I/sysui_multi_action( 1152): [757,804,799,note_freshness,801,109505,802,1]
10-28 02:19:34.620 I/notification_visibility( 1152): [0|com.thundersoft.notificationtest1|7|null|10101,1,109505,109505,0,43]
10-28 02:19:34.621 I/sysui_multi_action( 1152): [757,128,758,1,793,109502,794,0,795,109502,796,8,798,42,806,com.thundersoft.notificationtest1,857,111111111111111111111111111-333f1d00,858,3,946,ranker_group,947,0,1395,51,1500,109242,1688,1]
10-28 02:19:34.621 I/sysui_multi_action( 1152): [757,804,799,note_freshness,801,109502,802,1]
10-28 02:19:34.622 I/notification_visibility( 1152): [0|com.thundersoft.notificationtest1|8|null|10101,1,109502,109502,0,42]
10-28 02:19:34.622 I/sysui_multi_action( 1152): [757,128,758,1,793,109491,794,0,795,109491,796,9,798,41,806,com.thundersoft.notificationtest1,857,111111111111111111111111111-34a48331,858,3,946,ranker_group,947,0,1395,51,1500,109235,1688,1]
10-28 02:19:34.622 I/sysui_multi_action( 1152): [757,804,799,note_freshness,801,109491,802,1]
10-28 02:19:34.623 I/notification_visibility( 1152): [0|com.thundersoft.notificationtest1|9|null|10101,1,109491,109491,0,41]
10-28 02:19:34.623 I/sysui_multi_action( 1152): [757,128,758,2,793,109485,794,510,795,109485,796,10,798,40,806,com.thundersoft.notificationtest1,857,111111111111111111111111111-5febe320,858,3,946,ranker_group,947,0,1395,51,1500,109232,1688,1]
10-28 02:19:34.624 I/notification_visibility( 1152): [0|com.thundersoft.notificationtest1|10|null|10101,0,109485,109485,0,40]
10-28 02:19:34.624 I/sysui_multi_action( 1152): [757,128,758,2,793,109474,794,510,795,109474,796,11,798,39,806,com.thundersoft.notificationtest1,857,111111111111111111111111111-9d908111,858,3,946,ranker_group,947,0,1395,51,1500,109218,1688,1]
10-28 02:19:34.624 I/notification_visibility( 1152): [0|com.thundersoft.notificationtest1|11|null|10101,0,109474,109474,0,39]
10-28 02:19:34.625 I/sysui_multi_action( 1152): [757,128,758,2,793,109470,794,510,795,109470,796,12,798,38,806,com.thundersoft.notificationtest1,857,111111111111111111111111111-147fa140,858,3,946,ranker_group,947,0,1395,51,1500,109204,1688,1]
10-28 02:19:34.625 I/notification_visibility( 1152): [0|com.thundersoft.notificationtest1|12|null|10101,0,109470,109470,0,38]
10-28 02:19:34.626 I/sysui_multi_action( 1152): [757,128,758,2,793,109462,794,511,795,109462,796,13,798,37,806,com.thundersoft.notificationtest1,857,111111111111111111111111111-7b7486f1,858,3,946,ranker_group,947,0,1395,51,1500,109183,1688,1]
10-28 02:19:34.626 I/notification_visibility( 1152): [0|com.thundersoft.notificationtest1|13|null|10101,0,109462,109462,0,37]
10-28 02:19:34.627 I/sysui_multi_action( 1152): [757,128,758,2,793,109457,794,510,795,109457,796,14,798,36,806,com.thundersoft.notificationtest1,857,111111111111111111111111111-f31c5760,858,3,946,ranker_group,947,0,1395,51,1500,109151,1688,1]
10-28 02:19:34.627 I/notification_visibility( 1152): [0|com.thundersoft.notificationtest1|14|null|10101,0,109457,109457,0,36]
10-28 02:19:34.627 I/sysui_multi_action( 1152): [757,128,758,2,793,109452,794,511,795,109452,796,15,798,35,806,com.thundersoft.notificationtest1,857,111111111111111111111111111-706e94d1,858,3,946,ranker_group,947,0,1395,51,1500,109145,1688,1]
10-28 02:19:34.628 I/notification_visibility( 1152): [0|com.thundersoft.notificationtest1|15|null|10101,0,109452,109452,0,35]
10-28 02:19:35.114 I/sysui_multi_action( 1152): [757,128,758,1,793,110032,794,0,795,110032,796,0,798,50,806,com.thundersoft.notificationtest1,857,111111111111111111111111111-1369b480,858,3,946,ranker_group,947,0,1395,51,1500,109827,1688,1]
10-28 02:19:35.115 I/sysui_multi_action( 1152): [757,804,799,note_freshness,801,110032,802,1]
10-28 02:19:35.115 I/notification_visibility( 1152): [0|com.thundersoft.notificationtest1|0|null|10101,1,110032,110032,0,50]
10-28 02:19:35.115 I/sysui_multi_action( 1152): [757,128,758,1,793,110029,794,0,795,110029,796,1,798,49,806,com.thundersoft.notificationtest1,857,111111111111111111111111111-59ccdbb1,858,3,946,ranker_group,947,0,1395,51,1500,109823,1688,1]
10-28 02:19:35.116 I/sysui_multi_action( 1152): [757,804,799,note_freshness,801,110029,802,1]
10-28 02:19:35.116 I/notification_visibility( 1152): [0|com.thundersoft.notificationtest1|1|null|10101,1,110029,110029,0,49]
10-28 02:19:35.116 I/sysui_multi_action( 1152): [757,128,758,2,793,110021,794,502,795,110021,796,3,798,47,806,com.thundersoft.notificationtest1,857,111111111111111111111111111-1a04b991,858,3,946,ranker_group,947,0,1395,51,1500,109809,1688,1]
10-28 02:19:35.117 I/notification_visibility( 1152): [0|com.thundersoft.notificationtest1|3|null|10101,0,110021,110021,0,47]
10-28 02:19:35.117 I/sysui_multi_action( 1152): [757,128,758,2,793,110017,794,502,795,110017,796,4,798,46,806,com.thundersoft.notificationtest1,857,111111111111111111111111111-269278c0,858,3,946,ranker_group,947,0,1395,51,1500,109803,1688,1]
10-28 02:19:35.117 I/notification_visibility( 1152): [0|com.thundersoft.notificationtest1|4|null|10101,0,110017,110017,0,46]
10-28 02:19:35.117 I/sysui_multi_action( 1152): [757,128,758,2,793,110013,794,500,795,110013,796,5,798,45,806,com.thundersoft.notificationtest1,857,111111111111111111111111111-abbc9f71,858,3,946,ranker_group,947,0,1395,51,1500,109799,1688,1]
10-28 02:19:35.117 I/notification_visibility( 1152): [0|com.thundersoft.notificationtest1|5|null|10101,0,110013,110013,0,45]
10-28 02:19:35.118 I/sysui_multi_action( 1152): [757,128,758,2,793,110010,794,500,795,110010,796,6,798,44,806,com.thundersoft.notificationtest1,857,111111111111111111111111111-cbd74ee0,858,3,946,ranker_group,947,0,1395,51,1500,109792,1688,1]
10-28 02:19:35.118 I/notification_visibility( 1152): [0|com.thundersoft.notificationtest1|6|null|10101,0,110010,110010,0,44]
10-28 02:19:35.118 I/sysui_multi_action( 1152): [757,128,758,2,793,110004,794,499,795,110004,796,7,798,43,806,com.thundersoft.notificationtest1,857,111111111111111111111111111-af128d51,858,3,946,ranker_group,947,0,1395,51,1500,109759,1688,1]
10-28 02:19:35.118 I/notification_visibility( 1152): [0|com.thundersoft.notificationtest1|7|null|10101,0,110004,110004,0,43]
10-28 02:19:35.119 I/sysui_multi_action( 1152): [757,128,758,2,793,109999,794,497,795,109999,796,8,798,42,806,com.thundersoft.notificationtest1,857,111111111111111111111111111-333f1d00,858,3,946,ranker_group,947,0,1395,51,1500,109739,1688,1]
10-28 02:19:35.119 I/notification_visibility( 1152): [0|com.thundersoft.notificationtest1|8|null|10101,0,109999,109999,0,42]
10-28 02:19:35.119 I/sysui_multi_action( 1152): [757,128,758,2,793,109988,794,497,795,109988,796,9,798,41,806,com.thundersoft.notificationtest1,857,111111111111111111111111111-34a48331,858,3,946,ranker_group,947,0,1395,51,1500,109732,1688,1]
10-28 02:19:35.119 I/notification_visibility( 1152): [0|com.thundersoft.notificationtest1|9|null|10101,0,109988,109988,0,41]
10-28 02:19:36.604 I/input_interaction( 1152): Interaction with: 31b65cc NotificationShade (server), edge-swipe (server), swipe-up (server), PointerEventDispatcher0 (server),
10-28 02:19:37.037 I/sysui_multi_action( 2084): [757,803,799,notification_dismissed,802,1]
10-28 02:19:37.067 I/sysui_multi_action( 1152): [757,804,799,note_dismiss_longevity,801,1,802,1]
10-28 02:19:37.068 I/sysui_multi_action( 1152): [757,128,758,5,759,2,793,111985,794,1953,795,111985,796,0,798,50,806,com.thundersoft.notificationtest1,857,111111111111111111111111111-1369b480,858,3,946,ranker_group,947,0,1395,51,1500,111780,1688,1]
10-28 02:19:37.068 I/notification_canceled( 1152): [0|com.thundersoft.notificationtest1|0|null|10101,2,111985,111985,1953,50,51,NULL]
10-28 02:19:37.161 I/sysui_multi_action( 1152): [757,128,758,1,793,112070,794,0,795,112070,796,2,798,48,806,com.thundersoft.notificationtest1,857,111111111111111111111111111-dfce9aa0,858,3,946,ranker_group,947,0,1395,50,1500,111863,1688,1]
10-28 02:19:37.162 I/sysui_multi_action( 1152): [757,804,799,note_freshness,801,112070,802,1]
10-28 02:19:37.162 I/notification_visibility( 1152): [0|com.thundersoft.notificationtest1|2|null|10101,1,112070,112070,0,48]
10-28 02:19:38.319 I/sysui_multi_action( 2084): [757,803,799,notification_dismissed,802,1]
10-28 02:19:38.348 I/sysui_multi_action( 1152): [757,804,799,note_dismiss_longevity,801,1,802,1]
10-28 02:19:38.348 I/sysui_multi_action( 1152): [757,128,758,5,759,2,793,113262,794,3233,795,113262,796,1,798,49,806,com.thundersoft.notificationtest1,857,111111111111111111111111111-59ccdbb1,858,3,946,ranker_group,947,0,1395,50,1500,113056,1688,1]
10-28 02:19:38.349 I/notification_canceled( 1152): [0|com.thundersoft.notificationtest1|1|null|10101,2,113262,113262,3233,49,50,NULL]
10-28 02:19:38.884 I/sysui_multi_action( 1152): [757,128,758,1,793,113789,794,0,795,113789,796,3,798,47,806,com.thundersoft.notificationtest1,857,111111111111111111111111111-1a04b991,858,3,946,ranker_group,947,0,1395,49,1500,113577,1688,1]
10-28 02:19:38.885 I/sysui_multi_action( 1152): [757,804,799,note_freshness,801,113789,802,1]
10-28 02:19:38.885 I/notification_visibility( 1152): [0|com.thundersoft.notificationtest1|3|null|10101,1,113789,113789,0,47]
10-28 02:19:39.505 I/sysui_multi_action( 2084): [757,803,799,notification_dismissed,802,1]
10-28 02:19:39.534 I/sysui_multi_action( 1152): [757,804,799,note_dismiss_longevity,801,1,802,1]
10-28 02:19:39.535 I/sysui_multi_action( 1152): [757,128,758,5,759,2,793,114444,794,2374,795,114444,796,2,798,48,806,com.thundersoft.notificationtest1,857,111111111111111111111111111-dfce9aa0,858,3,946,ranker_group,947,0,1395,49,1500,114237,1688,1]
10-28 02:19:39.535 I/notification_canceled( 1152): [0|com.thundersoft.notificationtest1|2|null|10101,2,114444,114444,2374,48,49,NULL]
10-28 02:19:40.036 I/sysui_multi_action( 1152): [757,128,758,1,793,114936,794,0,795,114936,796,4,798,46,806,com.thundersoft.notificationtest1,857,111111111111111111111111111-269278c0,858,3,946,ranker_group,947,0,1395,48,1500,114722,1688,1]
10-28 02:19:40.036 I/sysui_multi_action( 1152): [757,804,799,note_freshness,801,114936,802,1]
10-28 02:19:40.036 I/notification_visibility( 1152): [0|com.thundersoft.notificationtest1|4|null|10101,1,114936,114936,0,46]
10-28 02:19:40.638 I/sysui_multi_action( 2084): [757,803,799,notification_dismissed,802,1]
10-28 02:19:40.667 I/sysui_multi_action( 1152): [757,804,799,note_dismiss_longevity,801,1,802,1]
10-28 02:19:40.667 I/sysui_multi_action( 1152): [757,128,758,5,759,2,793,115572,794,1783,795,115572,796,3,798,47,806,com.thundersoft.notificationtest1,857,111111111111111111111111111-1a04b991,858,3,946,ranker_group,947,0,1395,48,1500,115360,1688,1]
10-28 02:19:40.667 I/notification_canceled( 1152): [0|com.thundersoft.notificationtest1|3|null|10101,2,115572,115572,1783,47,48,NULL]
10-28 02:19:41.150 I/sysui_multi_action( 1152): [757,128,758,1,793,116046,794,0,795,116046,796,5,798,45,806,com.thundersoft.notificationtest1,857,111111111111111111111111111-abbc9f71,858,3,946,ranker_group,947,0,1395,47,1500,115832,1688,1]
10-28 02:19:41.151 I/sysui_multi_action( 1152): [757,804,799,note_freshness,801,116046,802,1]
10-28 02:19:41.151 I/notification_visibility( 1152): [0|com.thundersoft.notificationtest1|5|null|10101,1,116046,116046,0,45]
10-28 02:19:41.246 I/input_interaction( 1152): Interaction with: 31b65cc NotificationShade (server), PointerEventDispatcher0 (server),
10-28 02:19:41.661 I/sysui_multi_action( 1152): [757,128,758,1,793,116553,794,0,795,116553,796,6,798,44,806,com.thundersoft.notificationtest1,857,111111111111111111111111111-cbd74ee0,858,3,946,ranker_group,947,0,1395,47,1500,116335,1688,1]
10-28 02:19:41.662 I/sysui_multi_action( 1152): [757,804,799,note_freshness,801,116553,802,1]
10-28 02:19:41.662 I/notification_visibility( 1152): [0|com.thundersoft.notificationtest1|6|null|10101,1,116553,116553,0,44]
10-28 02:19:41.662 I/sysui_multi_action( 1152): [757,128,758,1,793,116548,794,0,795,116548,796,7,798,43,806,com.thundersoft.notificationtest1,857,111111111111111111111111111-af128d51,858,3,946,ranker_group,947,0,1395,47,1500,116303,1688,1]
10-28 02:19:41.663 I/sysui_multi_action( 1152): [757,804,799,note_freshness,801,116548,802,1]
10-28 02:19:41.663 I/notification_visibility( 1152): [0|com.thundersoft.notificationtest1|7|null|10101,1,116548,116548,0,43]
10-28 02:19:41.663 I/sysui_multi_action( 1152): [757,128,758,1,793,116544,794,0,795,116544,796,8,798,42,806,com.thundersoft.notificationtest1,857,111111111111111111111111111-333f1d00,858,3,946,ranker_group,947,0,1395,47,1500,116284,1688,1]
10-28 02:19:41.663 I/sysui_multi_action( 1152): [757,804,799,note_freshness,801,116544,802,1]
10-28 02:19:41.663 I/notification_visibility( 1152): [0|com.thundersoft.notificationtest1|8|null|10101,1,116544,116544,0,42]
10-28 02:19:41.663 I/sysui_multi_action( 1152): [757,128,758,1,793,116532,794,0,795,116532,796,9,798,41,806,com.thundersoft.notificationtest1,857,111111111111111111111111111-34a48331,858,3,946,ranker_group,947,0,1395,47,1500,116276,1688,1]
10-28 02:19:41.664 I/sysui_multi_action( 1152): [757,804,799,note_freshness,801,116532,802,1]
10-28 02:19:41.664 I/notification_visibility( 1152): [0|com.thundersoft.notificationtest1|9|null|10101,1,116532,116532,0,41]
10-28 02:19:41.664 I/sysui_multi_action( 1152): [757,128,758,1,793,116526,794,0,795,116526,796,10,798,40,806,com.thundersoft.notificationtest1,857,111111111111111111111111111-5febe320,858,3,946,ranker_group,947,0,1395,47,1500,116273,1688,1]
10-28 02:19:41.664 I/sysui_multi_action( 1152): [757,804,799,note_freshness,801,116526,802,1]
10-28 02:19:41.664 I/notification_visibility( 1152): [0|com.thundersoft.notificationtest1|10|null|10101,1,116526,116526,0,40]
10-28 02:19:41.665 I/sysui_multi_action( 1152): [757,128,758,2,793,116564,794,1628,795,116564,796,4,798,46,806,com.thundersoft.notificationtest1,857,111111111111111111111111111-269278c0,858,3,946,ranker_group,947,0,1395,47,1500,116350,1688,1]
10-28 02:19:41.665 I/notification_visibility( 1152): [0|com.thundersoft.notificationtest1|4|null|10101,0,116564,116564,0,46]
10-28 02:19:42.163 I/sysui_multi_action( 1152): [757,128,758,1,793,117012,794,0,795,117012,796,11,798,39,806,com.thundersoft.notificationtest1,857,111111111111111111111111111-9d908111,858,3,946,ranker_group,947,0,1395,47,1500,116756,1688,1]
10-28 02:19:42.163 I/sysui_multi_action( 1152): [757,804,799,note_freshness,801,117012,802,1]
10-28 02:19:42.163 I/notification_visibility( 1152): [0|com.thundersoft.notificationtest1|11|null|10101,1,117012,117012,0,39]
