--------- beginning of events
01-01 13:46:13.140 I/snet_event_log( 501): [121035042,-1,]
01-01 08:00:03.387 I/auditd ( 499): type=2000 audit(0.0:1): state=initialized audit_enabled=0 res=1
01-01 13:46:13.156 I/auditd ( 501): SELinux: Loaded service_contexts from:
01-01 13:46:13.156 I/auditd ( 501): /system/etc/selinux/plat_service_contexts
01-01 13:46:13.156 I/auditd ( 501): /system_ext/etc/selinux/system_ext_service_contexts
01-01 13:46:13.156 I/auditd ( 501): /product/etc/selinux/product_service_contexts
01-01 13:46:13.156 I/auditd ( 501): /vendor/etc/selinux/vendor_service_contexts
01-01 13:46:10.267 I/auditd ( 499): type=1403 audit(0.0:2): auid=4294967295 ses=4294967295 lsm=selinux res=1
01-01 13:46:10.267 I/auditd ( 499): type=1404 audit(0.0:3): enforcing=1 old_enforcing=0 auid=4294967295 ses=4294967295 enabled=1 old-enabled=1 lsm=selinux res=1
01-01 13:46:10.675 I/auditd ( 1): type=1107 audit(0.0:4): uid=0 auid=4294967295 ses=4294967295 subj=u:r:init:s0 msg='avc: denied { read } for property=persist.debug.trace pid=0 uid=0 gid=0 scontext=u:r:vendor_init:s0 tcontext=u:object_r:persist_debug_prop:s0 tclass=file permissive=0'
01-01 13:46:11.711 I/auditd ( 1): type=1400 audit(0.0:5): avc: denied { mounton } for comm="init" path="/sys/kernel/tracing" dev="tracefs" ino=1 scontext=u:r:init:s0 tcontext=u:object_r:debugfs_tracing_debug:s0 tclass=dir permissive=0
01-01 13:46:13.173 I/snet_event_log( 503): [121035042,-1,]
01-01 13:46:13.843 I/auditd ( 554): type=1400 audit(0.0:6): avc: denied { read write } for comm="fsck_msdos" name="sde51" dev="tmpfs" ino=8418 scontext=u:r:fsck:s0 tcontext=u:object_r:block_device:s0 tclass=blk_file permissive=0
01-01 13:46:13.843 I/auditd ( 554): type=1400 audit(0.0:7): avc: denied { read } for comm="fsck_msdos" name="sde51" dev="tmpfs" ino=8418 scontext=u:r:fsck:s0 tcontext=u:object_r:block_device:s0 tclass=blk_file permissive=0
01-01 13:46:13.843 I/auditd ( 554): type=1400 audit(0.0:8): avc: denied { kill } for comm="fsck_msdos" capability=5 scontext=u:r:fsck:s0 tcontext=u:r:fsck:s0 tclass=capability permissive=0
01-01 13:46:15.479 I/auditd ( 610): type=1400 audit(0.0:9): avc: denied { kill } for comm="vdc" capability=5 scontext=u:r:vdc:s0 tcontext=u:r:vdc:s0 tclass=capability permissive=0
01-01 13:46:15.571 I/auditd ( 573): SELinux: Loaded keystore2_key_contexts from:
01-01 13:46:15.571 I/auditd ( 573): /system/etc/selinux/plat_keystore2_key_contexts
01-01 13:46:15.627 I/auditd ( 612): type=1400 audit(0.0:10): avc: denied { kill } for comm="fsck.f2fs" capability=5 scontext=u:r:fsck:s0 tcontext=u:r:fsck:s0 tclass=capability permissive=0
01-01 13:46:15.907 I/auditd ( 611): type=1400 audit(0.0:11): avc: denied { kill } for comm="vdc" capability=5 scontext=u:r:vdc:s0 tcontext=u:r:vdc:s0 tclass=capability permissive=0
01-01 13:46:17.482 I/boot_progress_start( 672): 32361
01-01 13:46:18.431 I/snet_event_log( 673): [200284993,-1,]
01-01 13:46:18.437 I/snet_event_log( 672): [200284993,-1,]
01-01 13:46:18.655 I/boot_progress_preload_start( 672): 33534
01-01 13:46:19.727 I/auditd ( 876): type=1400 audit(0.0:12): avc: denied { read } for comm="android.hardwar" name="type" dev="sysfs" ino=68221 scontext=u:r:hal_health_default:s0 tcontext=u:object_r:sysfs:s0 tclass=file permissive=0
01-01 13:46:20.419 I/auditd ( 1): type=1107 audit(0.0:13): uid=0 auid=4294967295 ses=4294967295 subj=u:r:init:s0 msg='avc: denied { set } for property=ctl.start$console pid=1052 uid=0 gid=0 scontext=u:r:vendor_qti_init_shell:s0 tcontext=u:object_r:ctl_start_prop:s0 tclass=property_service permissive=0'
01-01 13:46:20.459 I/auditd ( 469): type=1400 audit(0.0:14): avc: denied { setattr } for comm="init" name="rawdump" dev="tmpfs" ino=27639 scontext=u:r:vendor_init:s0 tcontext=u:object_r:block_device:s0 tclass=lnk_file permissive=0
01-01 13:46:20.459 I/auditd ( 469): type=1400 audit(0.0:15): avc: denied { setattr } for comm="init" name="rawdump" dev="tmpfs" ino=27639 scontext=u:r:vendor_init:s0 tcontext=u:object_r:block_device:s0 tclass=lnk_file permissive=0
01-01 13:46:20.704 I/auditd ( 501): avc: denied { find } for pid=1040 uid=1000 name=vendor.qti.hardware.display.config.IDisplayConfig/default scontext=u:r:surfaceflinger:s0 tcontext=u:object_r:default_android_service:s0 tclass=service_manager permissive=0
01-01 13:46:20.716 I/auditd ( 501): avc: denied { find } for pid=1040 uid=1000 name=vendor.qti.hardware.display.config.IDisplayConfig/default scontext=u:r:surfaceflinger:s0 tcontext=u:object_r:default_android_service:s0 tclass=service_manager permissive=0
01-01 13:46:21.305 I/boot_progress_preload_end( 672): 36184
01-01 13:46:21.443 I/auditd ( 1082): type=1400 audit(0.0:16): avc: denied { write } for comm="init.qcom.usb.s" name="uvc.0" dev="configfs" ino=44088 scontext=u:r:vendor_qti_init_shell:s0 tcontext=u:object_r:configfs:s0 tclass=dir permissive=0
01-01 13:46:21.447 I/auditd ( 1082): type=1400 audit(0.0:17): avc: denied { write } for comm="init.qcom.usb.s" name="uvc.0" dev="configfs" ino=44088 scontext=u:r:vendor_qti_init_shell:s0 tcontext=u:object_r:configfs:s0 tclass=dir permissive=0
01-01 13:46:21.483 I/auditd ( 1144): type=1400 audit(0.0:18): avc: denied { write } for comm="mkdir" name="header" dev="configfs" ino=44090 scontext=u:r:vendor_qti_init_shell:s0 tcontext=u:object_r:configfs:s0 tclass=dir permissive=0
01-01 13:46:21.519 I/auditd ( 1147): type=1400 audit(0.0:19): avc: denied { write } for comm="ln" name="fs" dev="configfs" ino=44099 scontext=u:r:vendor_qti_init_shell:s0 tcontext=u:object_r:configfs:s0 tclass=dir permissive=0
01-01 13:46:21.555 I/auditd ( 1149): type=1400 audit(0.0:20): avc: denied { write } for comm="ln" name="ss" dev="configfs" ino=44100 scontext=u:r:vendor_qti_init_shell:s0 tcontext=u:object_r:configfs:s0 tclass=dir permissive=0
01-01 13:46:21.595 I/auditd ( 1151): type=1400 audit(0.0:21): avc: denied { write } for comm="mkdir" name="uncompressed" dev="configfs" ino=44103 scontext=u:r:vendor_qti_init_shell:s0 tcontext=u:object_r:configfs:s0 tclass=dir permissive=0
01-01 13:46:21.623 I/auditd ( 1159): type=1400 audit(0.0:22): avc: denied { write } for comm="mkdir" name="uncompressed" dev="configfs" ino=44103 scontext=u:r:vendor_qti_init_shell:s0 tcontext=u:object_r:configfs:s0 tclass=dir permissive=0
01-01 13:46:21.651 I/auditd ( 1161): type=1400 audit(0.0:23): avc: denied { write } for comm="mkdir" name="mjpeg" dev="configfs" ino=44104 scontext=u:r:vendor_qti_init_shell:s0 tcontext=u:object_r:configfs:s0 tclass=dir permissive=0
01-01 13:46:21.695 I/auditd ( 1163): type=1400 audit(0.0:24): avc: denied { write } for comm="mkdir" name="mjpeg" dev="configfs" ino=44104 scontext=u:r:vendor_qti_init_shell:s0 tcontext=u:object_r:configfs:s0 tclass=dir permissive=0
01-01 13:46:21.739 I/auditd ( 1165): type=1400 audit(0.0:25): avc: denied { write } for comm="mkdir" name="h264" dev="configfs" ino=44105 scontext=u:r:vendor_qti_init_shell:s0 tcontext=u:object_r:configfs:s0 tclass=dir permissive=0
01-01 13:46:21.787 I/auditd ( 1166): type=1400 audit(0.0:26): avc: denied { write } for comm="mkdir" name="h264" dev="configfs" ino=44105 scontext=u:r:vendor_qti_init_shell:s0 tcontext=u:object_r:configfs:s0 tclass=dir permissive=0
01-01 13:46:21.815 I/auditd ( 1167): type=1400 audit(0.0:27): avc: denied { write } for comm="mkdir" name="header" dev="configfs" ino=44102 scontext=u:r:vendor_qti_init_shell:s0 tcontext=u:object_r:configfs:s0 tclass=dir permissive=0
01-01 13:46:21.863 I/auditd ( 1168): type=1400 audit(0.0:28): avc: denied { write } for comm="ln" name="header" dev="configfs" ino=44102 scontext=u:r:vendor_qti_init_shell:s0 tcontext=u:object_r:configfs:s0 tclass=dir permissive=0
01-01 13:46:21.899 I/auditd ( 1171): type=1400 audit(0.0:29): avc: denied { write } for comm="ln" name="header" dev="configfs" ino=44102 scontext=u:r:vendor_qti_init_shell:s0 tcontext=u:object_r:configfs:s0 tclass=dir permissive=0
01-01 13:46:21.931 I/auditd ( 1172): type=1400 audit(0.0:30): avc: denied { write } for comm="ln" name="header" dev="configfs" ino=44102 scontext=u:r:vendor_qti_init_shell:s0 tcontext=u:object_r:configfs:s0 tclass=dir permissive=0
01-01 13:46:21.971 I/auditd ( 1173): type=1400 audit(0.0:31): avc: denied { write } for comm="ln" name="fs" dev="configfs" ino=44109 scontext=u:r:vendor_qti_init_shell:s0 tcontext=u:object_r:configfs:s0 tclass=dir permissive=0
01-01 13:46:22.007 I/auditd ( 1176): type=1400 audit(0.0:32): avc: denied { write } for comm="ln" name="hs" dev="configfs" ino=44110 scontext=u:r:vendor_qti_init_shell:s0 tcontext=u:object_r:configfs:s0 tclass=dir permissive=0
01-01 13:46:22.047 I/auditd ( 1185): type=1400 audit(0.0:33): avc: denied { write } for comm="ln" name="ss" dev="configfs" ino=44111 scontext=u:r:vendor_qti_init_shell:s0 tcontext=u:object_r:configfs:s0 tclass=dir permissive=0
01-01 13:46:22.123 I/system_server_start( 1152): [1,36971,36971]
01-01 13:46:22.123 I/boot_progress_system_run( 1152): 37002
01-01 13:46:26.203 I/auditd ( 1248): type=1400 audit(0.0:34): avc: denied { create } for comm="ept_uppertester" scontext=u:r:upper_test:s0 tcontext=u:r:upper_test:s0 tclass=udp_socket permissive=0
01-01 13:46:28.111 I/auditd ( 572): type=1400 audit(0.0:35): avc: denied { read } for comm="Binder:572_2" name="wakeup58" dev="sysfs" ino=77290 scontext=u:r:system_suspend:s0 tcontext=u:object_r:sysfs:s0 tclass=dir permissive=0
01-01 13:46:28.111 I/auditd ( 572): type=1400 audit(0.0:36): avc: denied { read } for comm="Binder:572_2" name="wakeup48" dev="sysfs" ino=72757 scontext=u:r:system_suspend:s0 tcontext=u:object_r:sysfs:s0 tclass=dir permissive=0
01-01 13:46:28.111 I/service_manager_slow( 1152): [31,suspend_control_internal]
01-01 13:46:28.111 I/auditd ( 572): type=1400 audit(0.0:37): avc: denied { read } for comm="Binder:572_2" name="wakeup4" dev="sysfs" ino=47146 scontext=u:r:system_suspend:s0 tcontext=u:object_r:sysfs:s0 tclass=dir permissive=0
01-01 13:46:28.115 I/auditd ( 572): type=1400 audit(0.0:38): avc: denied { read } for comm="Binder:572_2" name="wakeup28" dev="sysfs" ino=56586 scontext=u:r:system_suspend:s0 tcontext=u:object_r:sysfs:s0 tclass=dir permissive=0
01-01 13:46:28.115 I/auditd ( 572): type=1400 audit(0.0:39): avc: denied { read } for comm="Binder:572_2" name="wakeup56" dev="sysfs" ino=77218 scontext=u:r:system_suspend:s0 tcontext=u:object_r:sysfs:s0 tclass=dir permissive=0
01-01 13:46:28.135 I/auditd ( 572): type=1400 audit(0.0:40): avc: denied { read } for comm="Binder:572_2" name="wakeup2" dev="sysfs" ino=46670 scontext=u:r:system_suspend:s0 tcontext=u:object_r:sysfs:s0 tclass=dir permissive=0
01-01 13:46:28.135 I/auditd ( 572): type=1400 audit(0.0:41): avc: denied { read } for comm="Binder:572_2" name="wakeup36" dev="sysfs" ino=66899 scontext=u:r:system_suspend:s0 tcontext=u:object_r:sysfs:s0 tclass=dir permissive=0
01-01 13:46:28.155 I/auditd ( 572): type=1400 audit(0.0:42): avc: denied { read } for comm="Binder:572_2" name="wakeup54" dev="sysfs" ino=77146 scontext=u:r:system_suspend:s0 tcontext=u:object_r:sysfs:s0 tclass=dir permissive=0
01-01 13:46:28.155 I/auditd ( 572): type=1400 audit(0.0:43): avc: denied { read } for comm="Binder:572_2" name="wakeup44" dev="sysfs" ino=71540 scontext=u:r:system_suspend:s0 tcontext=u:object_r:sysfs:s0 tclass=dir permissive=0
01-01 13:46:28.155 I/auditd ( 572): type=1400 audit(0.0:44): avc: denied { read } for comm="Binder:572_2" name="wakeup0" dev="sysfs" ino=43878 scontext=u:r:system_suspend:s0 tcontext=u:object_r:sysfs:s0 tclass=dir permissive=0
01-01 13:46:28.191 I/auditd ( 572): type=1400 audit(0.0:45): avc: denied { read } for comm="Binder:572_2" name="wakeup62" dev="sysfs" ino=77446 scontext=u:r:system_suspend:s0 tcontext=u:object_r:sysfs:s0 tclass=dir permissive=0
01-01 13:46:28.191 I/auditd ( 572): type=1400 audit(0.0:46): avc: denied { read } for comm="Binder:572_2" name="wakeup52" dev="sysfs" ino=77074 scontext=u:r:system_suspend:s0 tcontext=u:object_r:sysfs:s0 tclass=dir permissive=0
01-01 13:46:28.191 I/auditd ( 572): type=1400 audit(0.0:47): avc: denied { read } for comm="Binder:572_2" name="wakeup9" dev="sysfs" ino=55570 scontext=u:r:system_suspend:s0 tcontext=u:object_r:sysfs:s0 tclass=dir permissive=0
01-01 13:46:28.191 I/auditd ( 572): type=1400 audit(0.0:48): avc: denied { read } for comm="Binder:572_2" name="wakeup80" dev="sysfs" ino=85079 scontext=u:r:system_suspend:s0 tcontext=u:object_r:sysfs:s0 tclass=dir permissive=0
01-01 13:46:28.215 I/auditd ( 572): type=1400 audit(0.0:49): avc: denied { read } for comm="Binder:572_2" name="wakeup32" dev="sysfs" ino=57033 scontext=u:r:system_suspend:s0 tcontext=u:object_r:sysfs:s0 tclass=dir permissive=0
01-01 13:46:28.215 I/auditd ( 572): type=1400 audit(0.0:50): avc: denied { read } for comm="Binder:572_2" name="wakeup60" dev="sysfs" ino=77374 scontext=u:r:system_suspend:s0 tcontext=u:object_r:sysfs:s0 tclass=dir permissive=0
01-01 13:46:28.215 I/auditd ( 572): type=1400 audit(0.0:51): avc: denied { read } for comm="Binder:572_2" name="wakeup50" dev="sysfs" ino=76998 scontext=u:r:system_suspend:s0 tcontext=u:object_r:sysfs:s0 tclass=dir permissive=0
01-01 13:46:28.215 I/auditd ( 572): type=1400 audit(0.0:52): avc: denied { read } for comm="Binder:572_2" name="wakeup7" dev="sysfs" ino=55466 scontext=u:r:system_suspend:s0 tcontext=u:object_r:sysfs:s0 tclass=dir permissive=0
01-01 13:46:28.223 I/auditd ( 572): type=1400 audit(0.0:53): avc: denied { read } for comm="Binder:572_2" name="wakeup40" dev="sysfs" ino=67429 scontext=u:r:system_suspend:s0 tcontext=u:object_r:sysfs:s0 tclass=dir permissive=0
01-01 13:46:28.235 I/auditd ( 572): type=1400 audit(0.0:54): avc: denied { read } for comm="Binder:572_2" name="wakeup30" dev="sysfs" ino=56801 scontext=u:r:system_suspend:s0 tcontext=u:object_r:sysfs:s0 tclass=dir permissive=0
01-01 13:46:28.235 I/auditd ( 572): type=1400 audit(0.0:55): avc: denied { read } for comm="Binder:572_2" name="wakeup59" dev="sysfs" ino=77338 scontext=u:r:system_suspend:s0 tcontext=u:object_r:sysfs:s0 tclass=dir permissive=0
01-01 13:46:28.235 I/auditd ( 572): type=1400 audit(0.0:56): avc: denied { read } for comm="Binder:572_2" name="wakeup5" dev="sysfs" ino=47178 scontext=u:r:system_suspend:s0 tcontext=u:object_r:sysfs:s0 tclass=dir permissive=0
01-01 13:46:28.247 I/auditd ( 572): type=1400 audit(0.0:57): avc: denied { read } for comm="Binder:572_2" name="wakeup39" dev="sysfs" ino=67393 scontext=u:r:system_suspend:s0 tcontext=u:object_r:sysfs:s0 tclass=dir permissive=0
01-01 13:46:28.247 I/auditd ( 572): type=1400 audit(0.0:58): avc: denied { read } for comm="Binder:572_2" name="wakeup29" dev="sysfs" ino=56695 scontext=u:r:system_suspend:s0 tcontext=u:object_r:sysfs:s0 tclass=dir permissive=0
01-01 13:46:28.247 I/auditd ( 572): type=1400 audit(0.0:59): avc: denied { read } for comm="Binder:572_2" name="wakeup57" dev="sysfs" ino=77254 scontext=u:r:system_suspend:s0 tcontext=u:object_r:sysfs:s0 tclass=dir permissive=0
01-01 13:46:28.251 I/auditd ( 572): type=1400 audit(0.0:60): avc: denied { read } for comm="Binder:572_2" name="wakeup19" dev="sysfs" ino=56015 scontext=u:r:system_suspend:s0 tcontext=u:object_r:sysfs:s0 tclass=dir permissive=0
01-01 13:46:28.267 I/auditd ( 572): type=1400 audit(0.0:61): avc: denied { read } for comm="Binder:572_2" name="wakeup37" dev="sysfs" ino=66935 scontext=u:r:system_suspend:s0 tcontext=u:object_r:sysfs:s0 tclass=dir permissive=0
01-01 13:46:28.291 I/auditd ( 572): type=1400 audit(0.0:62): avc: denied { read } for comm="Binder:572_2" name="wakeup27" dev="sysfs" ino=56552 scontext=u:r:system_suspend:s0 tcontext=u:object_r:sysfs:s0 tclass=dir permissive=0
01-01 13:46:28.291 I/auditd ( 572): type=1400 audit(0.0:63): avc: denied { read } for comm="Binder:572_2" name="wakeup55" dev="sysfs" ino=77182 scontext=u:r:system_suspend:s0 tcontext=u:object_r:sysfs:s0 tclass=dir permissive=0
01-01 13:46:28.291 I/auditd ( 572): type=1400 audit(0.0:64): avc: denied { read } for comm="Binder:572_2" name="wakeup17" dev="sysfs" ino=55939 scontext=u:r:system_suspend:s0 tcontext=u:object_r:sysfs:s0 tclass=dir permissive=0
01-01 13:46:28.291 I/auditd ( 572): type=1400 audit(0.0:65): avc: denied { read } for comm="Binder:572_2" name="wakeup1" dev="sysfs" ino=43906 scontext=u:r:system_suspend:s0 tcontext=u:object_r:sysfs:s0 tclass=dir permissive=0
01-01 13:46:28.315 I/auditd ( 572): type=1400 audit(0.0:66): avc: denied { read } for comm="Binder:572_2" name="wakeup63" dev="sysfs" ino=77482 scontext=u:r:system_suspend:s0 tcontext=u:object_r:sysfs:s0 tclass=dir permissive=0
01-01 13:46:28.315 I/auditd ( 572): type=1400 audit(0.0:67): avc: denied { read } for comm="Binder:572_2" name="wakeup25" dev="sysfs" ino=56349 scontext=u:r:system_suspend:s0 tcontext=u:object_r:sysfs:s0 tclass=dir permissive=0
01-01 13:46:28.315 I/auditd ( 572): type=1400 audit(0.0:68): avc: denied { read } for comm="Binder:572_2" name="wakeup53" dev="sysfs" ino=77110 scontext=u:r:system_suspend:s0 tcontext=u:object_r:sysfs:s0 tclass=dir permissive=0
01-01 13:46:28.319 I/auditd ( 572): type=1400 audit(0.0:69): avc: denied { read } for comm="Binder:572_2" name="wakeup81" dev="sysfs" ino=85130 scontext=u:r:system_suspend:s0 tcontext=u:object_r:sysfs:s0 tclass=dir permissive=0
01-01 13:46:28.335 I/auditd ( 572): type=1400 audit(0.0:70): avc: denied { read } for comm="Binder:572_2" name="wakeup15" dev="sysfs" ino=55839 scontext=u:r:system_suspend:s0 tcontext=u:object_r:sysfs:s0 tclass=dir permissive=0
01-01 13:46:28.335 I/auditd ( 572): type=1400 audit(0.0:71): avc: denied { read } for comm="Binder:572_2" name="wakeup43" dev="sysfs" ino=71522 scontext=u:r:system_suspend:s0 tcontext=u:object_r:sysfs:s0 tclass=dir permissive=0
01-01 13:46:28.343 I/auditd ( 572): type=1400 audit(0.0:72): avc: denied { read } for comm="Binder:572_2" name="wakeup33" dev="sysfs" ino=60833 scontext=u:r:system_suspend:s0 tcontext=u:object_r:sysfs:s0 tclass=dir permissive=0
01-01 13:46:28.343 I/auditd ( 572): type=1400 audit(0.0:73): avc: denied { read } for comm="Binder:572_2" name="wakeup61" dev="sysfs" ino=77410 scontext=u:r:system_suspend:s0 tcontext=u:object_r:sysfs:s0 tclass=dir permissive=0
01-01 13:46:28.355 I/auditd ( 1435): type=1400 audit(0.0:74): avc: denied { read } for comm="tzlog" name="qsee_log" dev="debugfs" ino=20488 scontext=u:r:np_thundercomm_tlog:s0 tcontext=u:object_r:debugfs:s0 tclass=file permissive=0
01-01 13:46:28.355 I/auditd ( 1435): type=1400 audit(0.0:75): avc: denied { read } for comm="tzlog" name="log" dev="debugfs" ino=20487 scontext=u:r:np_thundercomm_tlog:s0 tcontext=u:object_r:debugfs:s0 tclass=file permissive=0
01-01 13:46:28.355 I/auditd ( 572): type=1400 audit(0.0:76): avc: denied { read } for comm="Binder:572_2" name="wakeup23" dev="sysfs" ino=56250 scontext=u:r:system_suspend:s0 tcontext=u:object_r:sysfs:s0 tclass=dir permissive=0
01-01 13:46:28.355 I/auditd ( 572): type=1400 audit(0.0:77): avc: denied { read } for comm="Binder:572_2" name="wakeup51" dev="sysfs" ino=77034 scontext=u:r:system_suspend:s0 tcontext=u:object_r:sysfs:s0 tclass=dir permissive=0
01-01 13:46:28.355 I/auditd ( 572): type=1400 audit(0.0:78): avc: denied { read } for comm="Binder:572_2" name="wakeup8" dev="sysfs" ino=55492 scontext=u:r:system_suspend:s0 tcontext=u:object_r:sysfs:s0 tclass=dir permissive=0
01-01 13:46:28.355 I/auditd ( 572): type=1400 audit(0.0:79): avc: denied { read } for comm="Binder:572_2" name="wakeup13" dev="sysfs" ino=55731 scontext=u:r:system_suspend:s0 tcontext=u:object_r:sysfs:s0 tclass=dir permissive=0
01-01 13:46:28.355 I/auditd ( 572): type=1400 audit(0.0:80): avc: denied { read } for comm="Binder:572_2" name="wakeup41" dev="sysfs" ino=68240 scontext=u:r:system_suspend:s0 tcontext=u:object_r:sysfs:s0 tclass=dir permissive=0
01-01 13:46:28.359 I/auditd ( 572): type=1400 audit(0.0:81): avc: denied { read } for comm="Binder:572_2" name="wakeup31" dev="sysfs" ino=56899 scontext=u:r:system_suspend:s0 tcontext=u:object_r:sysfs:s0 tclass=dir permissive=0
01-01 13:46:28.359 I/auditd ( 572): type=1400 audit(0.0:82): avc: denied { read } for comm="Binder:572_2" name="wakeup21" dev="sysfs" ino=56090 scontext=u:r:system_suspend:s0 tcontext=u:object_r:sysfs:s0 tclass=dir permissive=0
01-01 13:46:28.359 I/auditd ( 572): type=1400 audit(0.0:83): avc: denied { read } for comm="Binder:572_2" name="wakeup6" dev="sysfs" ino=55440 scontext=u:r:system_suspend:s0 tcontext=u:object_r:sysfs:s0 tclass=dir permissive=0
01-01 13:46:28.359 I/auditd ( 572): type=1400 audit(0.0:84): avc: denied { read } for comm="Binder:572_2" name="wakeup78" dev="sysfs" ino=82162 scontext=u:r:system_suspend:s0 tcontext=u:object_r:sysfs:s0 tclass=dir permissive=0
01-01 13:46:28.359 I/auditd ( 572): type=1400 audit(0.0:85): avc: denied { read } for comm="Binder:572_2" name="wakeup11" dev="sysfs" ino=55646 scontext=u:r:system_suspend:s0 tcontext=u:object_r:sysfs:s0 tclass=dir permissive=0
01-01 13:46:28.472 I/service_manager_stats( 1152): [100,221,43351]
01-01 13:46:28.640 I/commit_sys_config_file( 1152): [batterystats,256]
01-01 13:46:28.725 I/commit_sys_config_file( 1152): [batterystats,84]
01-01 13:46:28.832 I/rescue_note( 1152): [0,1,43710]
01-01 13:46:29.051 I/am_wtf ( 1152): [0,1152,system_server,-1,DisplayDeviceConfig,requesting nits when no mapping exists.]
01-01 13:46:29.053 I/am_wtf ( 1152): [0,1152,system_server,-1,DisplayDeviceConfig,requesting nits when no mapping exists.]
01-01 13:46:29.103 I/boot_progress_pms_start( 1152): 43982
01-01 13:46:29.611 I/boot_progress_pms_system_scan_start( 1152): 44490
01-01 13:46:29.727 I/auditd ( 1617): type=1400 audit(0.0:86): avc: denied { read } for comm="ip" name="rt_tables" dev="dm-10" ino=352 scontext=u:r:ethernet:s0 tcontext=u:object_r:net_data_file:s0 tclass=file permissive=0
01-01 13:46:29.787 I/auditd ( 1620): type=1400 audit(0.0:87): avc: denied { read } for comm="ip" name="rt_tables" dev="dm-10" ino=352 scontext=u:r:ethernet:s0 tcontext=u:object_r:net_data_file:s0 tclass=file permissive=0
01-01 13:46:30.531 I/auditd ( 1663): type=1400 audit(0.0:88): avc: denied { read } for comm="hvdcp_opti" name="devices" dev="sysfs" ino=46972 scontext=u:r:vendor_hvdcp:s0 tcontext=u:object_r:sysfs:s0 tclass=dir permissive=0
01-01 13:46:30.819 I/auditd ( 1683): type=1400 audit(0.0:89): avc: denied { read } for comm="ip" name="rt_tables" dev="dm-10" ino=352 scontext=u:r:ethernet:s0 tcontext=u:object_r:net_data_file:s0 tclass=file permissive=0
01-01 13:46:30.863 I/auditd ( 1684): type=1400 audit(0.0:90): avc: denied { read } for comm="ip" name="rt_tables" dev="dm-10" ino=352 scontext=u:r:ethernet:s0 tcontext=u:object_r:net_data_file:s0 tclass=file permissive=0
01-01 13:46:31.565 I/boot_progress_pms_data_scan_start( 1152): 46444
01-01 13:46:31.573 I/boot_progress_pms_scan_end( 1152): 46452
01-01 13:46:31.655 I/auditd ( 1699): type=1400 audit(0.0:91): avc: denied { read } for comm="ip" name="rt_tables" dev="dm-10" ino=352 scontext=u:r:ethernet:s0 tcontext=u:object_r:net_data_file:s0 tclass=file permissive=0
01-01 13:46:31.707 I/auditd ( 1700): type=1400 audit(0.0:92): avc: denied { read } for comm="ip" name="rt_tables" dev="dm-10" ino=352 scontext=u:r:ethernet:s0 tcontext=u:object_r:net_data_file:s0 tclass=file permissive=0
01-01 13:46:31.941 I/commit_sys_config_file( 1152): [package-user-0,3]
01-01 13:46:31.941 I/commit_sys_config_file( 1152): [package,84]
01-01 13:46:31.941 I/boot_progress_pms_ready( 1152): 46820
01-01 13:46:32.020 I/am_uid_running( 1152): 1000
01-01 13:46:32.026 I/am_uid_active( 1152): 1000
01-01 13:46:32.159 I/commit_sys_config_file( 1152): [overlays,4]
01-01 13:46:32.190 I/battery_status( 1152): [1,1,0,0,]
10-28 02:12:20.076 I/snet_event_log( 1152): [172655291,-1,]
10-28 02:12:20.077 I/am_wtf ( 1152): [0,1152,system_server,-1,PowerManagerService,Tried to acquire wake lock for invalid display: 0]
10-28 02:12:20.083 I/auditd ( 1781): type=1400 audit(0.0:93): avc: denied { read } for comm="ip" name="rt_tables" dev="dm-10" ino=352 scontext=u:r:ethernet:s0 tcontext=u:object_r:net_data_file:s0 tclass=file permissive=0
10-28 02:12:20.183 I/auditd ( 1801): type=1400 audit(0.0:94): avc: denied { read } for comm="ip" name="rt_tables" dev="dm-10" ino=352 scontext=u:r:ethernet:s0 tcontext=u:object_r:net_data_file:s0 tclass=file permissive=0
10-28 02:12:20.217 I/wm_task_created( 1152): [1,-1]
10-28 02:12:20.224 I/dvm_lock_sample( 1152): [system_server,1,android.anim,95,WindowAnimator.java,103,void com.android.server.wm.WindowAnimator.lambda$new$1$WindowAnimator(long),TaskChangeNotificationController.java,342,void com.android.server.wm.TaskChangeNotificationController.forAllLocalListeners(com.android.server.wm.TaskChangeNotificationController$TaskStackConsumer, android.os.Message),19]
10-28 02:12:20.249 I/sysui_multi_action( 1152): [757,1594,758,4,759,0,806,NULL]
10-28 02:12:20.449 I/configuration_changed( 1152): 536894968
10-28 02:12:20.451 I/sysui_multi_action( 1152): [757,1659,758,4,759,2,1660,0]
10-28 02:12:21.260 I/service_manager_stats( 1152): [301,268,5281]
10-28 02:12:21.251 I/auditd ( 1906): type=1400 audit(0.0:95): avc: denied { read } for comm="ip" name="rt_tables" dev="dm-10" ino=352 scontext=u:r:ethernet:s0 tcontext=u:object_r:net_data_file:s0 tclass=file permissive=0
10-28 02:12:21.347 I/auditd ( 1925): type=1400 audit(0.0:96): avc: denied { read } for comm="ip" name="rt_tables" dev="dm-10" ino=352 scontext=u:r:ethernet:s0 tcontext=u:object_r:net_data_file:s0 tclass=file permissive=0 --------- beginning of radio
10-28 02:12:21.489 D/TelephonyRegistry( 1152): listen oscl: mHasNotifySubscriptionInfoChangedOccurred==false no callback
10-28 02:12:21.676 I/service_manager_slow( 1152): [28,dnsresolver]
10-28 02:12:21.866 I/storage_state( 1152): [41217664-9172-527a-b3d5-edabb50a7d69,0,0,46705197056,48316284928]
10-28 02:12:22.043 I/commit_sys_config_file( 1152): [settings-2-0,31]
10-28 02:12:22.197 I/commit_sys_config_file( 1152): [notification-policy,136]
10-28 02:12:22.201 I/commit_sys_config_file( 1152): [settings-1-0,27]
10-28 02:12:22.303 I/auditd ( 1152): type=1400 audit(0.0:97): avc: denied { read } for comm="system_server" name="u:object_r:vendor_default_prop:s0" dev="tmpfs" ino=27443 scontext=u:r:system_server:s0 tcontext=u:object_r:vendor_default_prop:s0 tclass=file permissive=0
10-28 02:12:22.433 I/service_manager_slow( 1152): [28,biometric]
10-28 02:12:22.506 I/commit_sys_config_file( 1152): [settings-2-0,14]
10-28 02:12:22.591 I/auditd ( 2029): type=1400 audit(0.0:98): avc: denied { read } for comm="ip" name="rt_tables" dev="dm-10" ino=352 scontext=u:r:ethernet:s0 tcontext=u:object_r:net_data_file:s0 tclass=file permissive=0
10-28 02:12:22.648 I/am_wtf ( 1152): [0,1152,system_server,-1,LazyAlarmStore,Removed TIME_TICK alarm]
10-28 02:12:22.667 I/configuration_changed( 1152): 512
10-28 02:12:22.675 I/auditd ( 2036): type=1400 audit(0.0:99): avc: denied { read } for comm="ip" name="rt_tables" dev="dm-10" ino=352 scontext=u:r:ethernet:s0 tcontext=u:object_r:net_data_file:s0 tclass=file permissive=0
10-28 02:12:22.683 I/auditd ( 1333): type=1400 audit(0.0:100): avc: denied { write } for comm="sh" name="ip_forward" dev="proc" ino=39937 scontext=u:r:ethernet:s0 tcontext=u:object_r:proc_net:s0 tclass=file permissive=0
10-28 02:12:22.683 I/auditd ( 1333): type=1400 audit(0.0:101): avc: denied { write } for comm="sh" name="ip_default_ttl" dev="proc" ino=53683 scontext=u:r:ethernet:s0 tcontext=u:object_r:proc_net:s0 tclass=file permissive=0
10-28 02:12:22.683 I/auditd ( 1333): type=1400 audit(0.0:102): avc: denied { write } for comm="sh" name="tcp_keepalive_probes" dev="proc" ino=53684 scontext=u:r:ethernet:s0 tcontext=u:object_r:proc_net:s0 tclass=file permissive=0
10-28 02:12:22.683 I/auditd ( 1333): type=1400 audit(0.0:103): avc: denied { write } for comm="sh" name="tcp_keepalive_intvl" dev="proc" ino=53685 scontext=u:r:ethernet:s0 tcontext=u:object_r:proc_net:s0 tclass=file permissive=0
10-28 02:12:22.683 I/auditd ( 1333): type=1400 audit(0.0:104): avc: denied { write } for comm="sh" name="tcp_keepalive_time" dev="proc" ino=53686 scontext=u:r:ethernet:s0 tcontext=u:object_r:proc_net:s0 tclass=file permissive=0
10-28 02:12:22.683 I/auditd ( 1333): type=1400 audit(0.0:105): avc: denied { write } for comm="sh" name="tcp_rmem" dev="proc" ino=53687 scontext=u:r:ethernet:s0 tcontext=u:object_r:proc_net:s0 tclass=file permissive=0
10-28 02:12:22.683 I/auditd ( 1333): type=1400 audit(0.0:106): avc: denied { write } for comm="sh" name="tcp_wmem" dev="proc" ino=53688 scontext=u:r:ethernet:s0 tcontext=u:object_r:proc_net:s0 tclass=file permissive=0
10-28 02:12:22.683 I/auditd ( 1333): type=1400 audit(0.0:107): avc: denied { write } for comm="sh" name="tcp_synack_retries" dev="proc" ino=44584 scontext=u:r:ethernet:s0 tcontext=u:object_r:proc_net:s0 tclass=file permissive=0
10-28 02:12:22.687 I/auditd ( 1333): type=1400 audit(0.0:108): avc: denied { write } for comm="sh" name="tcp_syn_retries" dev="proc" ino=44583 scontext=u:r:ethernet:s0 tcontext=u:object_r:proc_net:s0 tclass=file permissive=0
10-28 02:12:22.687 I/auditd ( 1333): type=1400 audit(0.0:109): avc: denied { write } for comm="sh" name="tcp_max_tw_buckets" dev="proc" ino=53689 scontext=u:r:ethernet:s0 tcontext=u:object_r:proc_net:s0 tclass=file permissive=0
10-28 02:12:22.687 I/auditd ( 1333): type=1400 audit(0.0:110): avc: denied { write } for comm="sh" name="tcp_retries2" dev="proc" ino=44586 scontext=u:r:ethernet:s0 tcontext=u:object_r:proc_net:s0 tclass=file permissive=0
10-28 02:12:22.687 I/auditd ( 1333): type=1400 audit(0.0:111): avc: denied { write } for comm="sh" name="icmp_echo_ignore_all" dev="proc" ino=53690 scontext=u:r:ethernet:s0 tcontext=u:object_r:proc_net:s0 tclass=file permissive=0
10-28 02:12:22.687 I/auditd ( 1333): type=1400 audit(0.0:112): avc: denied { write } for comm="sh" name="icmp_echo_ignore_broadcasts" dev="proc" ino=53691 scontext=u:r:ethernet:s0 tcontext=u:object_r:proc_net:s0 tclass=file permissive=0
10-28 02:12:22.687 I/auditd ( 1333): type=1400 audit(0.0:113): avc: denied { write } for comm="sh" name="tcp_window_scaling" dev="proc" ino=53692 scontext=u:r:ethernet:s0 tcontext=u:object_r:proc_net:s0 tclass=file permissive=0
10-28 02:12:22.687 I/auditd ( 1333): type=1400 audit(0.0:114): avc: denied { write } for comm="sh" name="drop_gratuitous_arp" dev="proc" ino=53693 scontext=u:r:ethernet:s0 tcontext=u:object_r:proc_net:s0 tclass=file permissive=0
10-28 02:12:22.687 I/auditd ( 1333): type=1400 audit(0.0:115): avc: denied { write } for comm="sh" name="arp_accept" dev="proc" ino=53694 scontext=u:r:ethernet:s0 tcontext=u:object_r:proc_net:s0 tclass=file permissive=0
10-28 02:12:22.687 I/auditd ( 1333): type=1400 audit(0.0:116): avc: denied { write } for comm="sh" name="arp_notify" dev="proc" ino=53695 scontext=u:r:ethernet:s0 tcontext=u:object_r:proc_net:s0 tclass=file permissive=0
10-28 02:12:22.687 I/auditd ( 1333): type=1400 audit(0.0:117): avc: denied { write } for comm="sh" name="arp_ignore" dev="proc" ino=53696 scontext=u:r:ethernet:s0 tcontext=u:object_r:proc_net:s0 tclass=file permissive=0
10-28 02:12:22.805 I/stream_devices_changed( 1152): [3,0,2]
10-28 02:12:22.852 I/commit_sys_config_file( 1152): [package-session,7]
10-28 02:12:22.893 I/stream_devices_changed( 1152): [6,0,1]
10-28 02:12:23.073 I/boot_progress_ams_ready( 1152): 50445
10-28 02:12:23.090 I/configuration_changed( 1152): 268435456
10-28 02:12:23.249 I/am_uid_running( 1152): 1002
10-28 02:12:23.376 I/am_uid_running( 1152): 10087
10-28 02:12:23.400 I/am_proc_start( 1152): [0,2071,1002,com.android.bluetooth,service,{com.android.bluetooth/com.android.bluetooth.btservice.AdapterService}]
10-28 02:12:23.470 I/am_uid_running( 1152): 1037
10-28 02:12:23.507 D/TelephonyRegistry( 1152): listen oscl: mHasNotifySubscriptionInfoChangedOccurred==false no callback
10-28 02:12:23.510 I/commit_sys_config_file( 1152): [net-policy,12]
10-28 02:12:23.550 I/am_proc_start( 1152): [0,2084,10087,com.android.systemui,service,{com.android.systemui/com.android.systemui.ImageWallpaper}]
10-28 02:12:23.564 D/TelephonyRegistry( 1152): listen oscl: mHasNotifySubscriptionInfoChangedOccurred==false no callback
10-28 02:12:23.581 D/TelephonyRegistry( 1152): listen oscl: mHasNotifySubscriptionInfoChangedOccurred==false no callback
10-28 02:12:23.588 I/service_manager_slow( 2071): [14,activity]
10-28 02:12:23.589 I/am_proc_bound( 1152): [0,2071,com.android.bluetooth]
10-28 02:12:23.608 I/am_uid_active( 1152): 1002
10-28 02:12:23.642 D/TelephonyRegistry( 1152): listen oscl: mHasNotifySubscriptionInfoChangedOccurred==false no callback
10-28 02:12:23.715 I/am_proc_bound( 1152): [0,2084,com.android.systemui]
10-28 02:12:23.723 I/am_uid_active( 1152): 10087
10-28 02:12:23.731 W/CarrierConfigManager( 1152): Error getting config for subId -1 ICarrierConfigLoader is null
10-28 02:12:23.809 I/am_uid_running( 1152): 1073
10-28 02:12:23.818 I/configuration_changed( 1152): 16384
10-28 02:12:23.822 I/commit_sys_config_file( 1152): [settings-0-0,34]
10-28 02:12:23.827 D/TelephonyRegistry( 1152): systemRunning register for intents
10-28 02:12:23.832 I/ssm_user_starting( 1152): 0
10-28 02:12:23.851 I/netstats_mobile_sample( 1152): [0,0,0,0,0,0,0,0,0,0,0,0,1666894343850]
10-28 02:12:23.851 I/netstats_wifi_sample( 1152): [0,0,0,0,0,0,0,0,0,0,0,0,1666894343850]
10-28 02:12:23.915 I/am_uid_running( 1152): 1001
10-28 02:12:23.917 I/am_uid_running( 1152): 10052
10-28 02:12:23.922 I/am_uid_running( 1152): 10090
10-28 02:12:23.926 I/netstats_mobile_sample( 1152): [0,0,0,0,0,0,0,0,0,0,0,0,1666894343926]
10-28 02:12:23.926 I/netstats_wifi_sample( 1152): [0,0,0,0,0,0,0,0,0,0,0,0,1666894343926]
10-28 02:12:23.928 I/am_uid_running( 1152): 1068
10-28 02:12:23.932 I/am_uid_running( 1152): 10064
10-28 02:12:23.960 I/service_manager_slow( 1152): [29,alarm]
10-28 02:12:23.975 I/netstats_mobile_sample( 1152): [0,0,0,0,0,0,0,0,0,0,0,0,1666894343975]
10-28 02:12:23.975 I/netstats_wifi_sample( 1152): [0,0,0,0,0,0,0,0,0,0,0,0,1666894343975]
10-28 02:12:23.979 I/wm_task_created( 1152): [2,-1]
10-28 02:12:23.980 I/wm_task_moved( 1152): [2,1,2147483647]
10-28 02:12:23.982 I/wm_task_moved( 1152): [1,1,0]
10-28 02:12:23.982 I/wm_create_task( 1152): [0,2]
10-28 02:12:23.982 I/wm_create_activity( 1152): [0,69422430,2,com.android.settings/.FallbackHome,android.intent.action.MAIN,NULL,NULL,276824320]
10-28 02:12:23.983 I/wm_task_moved( 1152): [1,1,0]
10-28 02:12:23.983 I/wm_task_moved( 1152): [2,1,2147483647]
10-28 02:12:23.983 I/wm_task_to_front( 1152): [0,2]
10-28 02:12:24.005 I/netstats_mobile_sample( 1152): [0,0,0,0,0,0,0,0,0,0,0,0,1666894344005]
10-28 02:12:24.005 I/netstats_wifi_sample( 1152): [0,0,0,0,0,0,0,0,0,0,0,0,1666894344005]
10-28 02:12:24.038 I/service_manager_slow( 2125): [11,activity]
10-28 02:12:24.039 I/netstats_mobile_sample( 1152): [0,0,0,0,0,0,0,0,0,0,0,0,1666894344039]
10-28 02:12:24.039 I/netstats_wifi_sample( 1152): [0,0,0,0,0,0,0,0,0,0,0,0,1666894344039]
10-28 02:12:24.063 I/netstats_mobile_sample( 1152): [0,0,0,0,0,0,0,0,0,0,0,0,1666894344063]
10-28 02:12:24.063 I/netstats_wifi_sample( 1152): [0,0,0,0,0,0,0,0,0,0,0,0,1666894344063]
10-28 02:12:24.076 I/netstats_mobile_sample( 1152): [0,0,0,0,0,0,0,0,0,0,0,0,1666894344076]
10-28 02:12:24.076 I/netstats_wifi_sample( 1152): [0,0,0,0,0,0,0,0,0,0,0,0,1666894344076]
10-28 02:12:24.094 I/netstats_mobile_sample( 1152): [0,0,0,0,0,0,0,0,0,0,0,0,1666894344094]
10-28 02:12:24.094 I/netstats_wifi_sample( 1152): [0,0,0,0,0,0,0,0,0,0,0,0,1666894344094]
10-28 02:12:24.100 I/uc_send_user_broadcast( 1152): [0,android.intent.action.USER_FOREGROUND]
10-28 02:12:24.100 I/uc_send_user_broadcast( 1152): [0,android.intent.action.USER_SWITCHED]
10-28 02:12:24.111 I/am_proc_start( 1152): [0,2125,1037,WebViewLoader-armeabi-v7a,NULL,]
10-28 02:12:24.112 I/am_proc_bound( 1152): [0,2125,WebViewLoader-armeabi-v7a]
10-28 02:12:24.117 I/am_uid_active( 1152): 1037
10-28 02:12:24.120 I/netstats_mobile_sample( 1152): [0,0,0,0,0,0,0,0,0,0,0,0,1666894344120]
10-28 02:12:24.120 I/netstats_wifi_sample( 1152): [0,0,0,0,0,0,0,0,0,0,0,0,1666894344120]
10-28 02:12:24.196 I/netstats_mobile_sample( 1152): [0,0,0,0,0,0,0,0,0,0,0,0,1666894344196]
10-28 02:12:24.196 I/netstats_wifi_sample( 1152): [0,0,0,0,0,0,0,0,0,0,0,0,1666894344196]
10-28 02:12:24.215 I/wm_task_created( 1152): [3,-1]
10-28 02:12:24.220 I/wm_task_created( 1152): [4,-1]
10-28 02:12:24.239 I/netstats_mobile_sample( 1152): [0,0,0,0,0,0,0,0,0,0,0,0,1666894344239]
10-28 02:12:24.240 I/netstats_wifi_sample( 1152): [0,0,0,0,0,0,0,0,0,0,0,0,1666894344239]
10-28 02:12:24.261 I/netstats_mobile_sample( 1152): [0,0,0,0,0,0,0,0,0,0,0,0,1666894344261]
10-28 02:12:24.261 I/netstats_wifi_sample( 1152): [0,0,0,0,0,0,0,0,0,0,0,0,1666894344261]
10-28 02:12:24.279 I/am_proc_start( 1152): [0,2158,1037,WebViewLoader-arm64-v8a,NULL,]
10-28 02:12:24.304 I/wm_task_created( 1152): [5,-1]
10-28 02:12:24.328 I/wm_task_created( 1152): [6,-1]
10-28 02:12:24.330 I/wm_task_created( 1152): [7,-1]
10-28 02:12:24.354 I/dvm_lock_sample( 1152): [system_server,1,main,163,AudioService.java,9258,void com.android.server.audio.AudioService$AudioServiceInternal.updateRingerModeAffectedStreamsInternal(),-,6165,void com.android.server.audio.AudioService.onObserveDevicesForAllStreams(int),32]
10-28 02:12:24.361 I/notification_cancel_all( 1152): [1000,1152,android,0,0,0,20,NULL]
10-28 02:12:24.364 I/netstats_mobile_sample( 1152): [0,0,0,0,0,0,0,0,0,0,0,0,1666894344364]
10-28 02:12:24.364 I/netstats_wifi_sample( 1152): [0,0,0,0,0,0,0,0,0,0,0,0,1666894344364]
10-28 02:12:24.366 I/am_uid_running( 1152): 10100
10-28 02:12:24.413 I/commit_sys_config_file( 1152): [settings-0-0,17]
10-28 02:12:24.426 I/am_proc_start( 1152): [0,2177,1073,com.android.networkstack.process,service,{com.android.networkstack/com.android.server.NetworkStackService}]
10-28 02:12:24.437 I/service_manager_slow( 2158): [22,activity]
10-28 02:12:24.437 I/am_proc_bound( 1152): [0,2158,WebViewLoader-arm64-v8a]
10-28 02:12:24.439 I/netstats_mobile_sample( 1152): [0,0,0,0,0,0,0,0,0,0,0,0,1666894344438]
10-28 02:12:24.439 I/netstats_wifi_sample( 1152): [0,0,0,0,0,0,0,0,0,0,0,0,1666894344438]
10-28 02:12:24.507 I/service_manager_slow( 1152): [32,netstats]
10-28 02:12:24.533 I/am_proc_start( 1152): [0,2184,1000,com.thundercomm.microservice,added application,com.thundercomm.microservice]
10-28 02:12:24.564 I/netstats_mobile_sample( 1152): [0,0,0,0,0,0,0,0,0,0,0,0,1666894344564]
10-28 02:12:24.564 I/netstats_wifi_sample( 1152): [0,0,0,0,0,0,0,0,0,0,0,0,1666894344564]
10-28 02:12:24.594 D/TelephonyRegistry( 1152): listen oscl: mHasNotifySubscriptionInfoChangedOccurred==false no callback
10-28 02:12:24.651 I/service_manager_slow( 2177): [10,activity]
10-28 02:12:24.652 I/am_proc_bound( 1152): [0,2184,com.thundercomm.microservice]
10-28 02:12:24.660 I/am_proc_bound( 1152): [0,2177,com.android.networkstack.process]
10-28 02:12:24.664 I/am_uid_active( 1152): 1073
10-28 02:12:24.845 I/service_manager_slow( 2177): [18,vendor.perfservice]
10-28 02:12:24.847 I/service_manager_slow( 2184): [12,vendor.perfservice]
10-28 02:12:24.972 I/service_manager_slow( 2177): [23,netd]
10-28 02:12:25.006 I/am_proc_died( 1152): [0,2125,WebViewLoader-armeabi-v7a,-700,0]
10-28 02:12:25.022 I/am_low_memory( 1152): 6
10-28 02:12:25.042 I/bt_config_source( 2071): 1
10-28 02:12:25.044 I/bt_config_source( 2071): 3
10-28 02:12:25.075 I/am_proc_start( 1152): [0,2275,1000,com.thundercomm.microsettings,added application,com.thundercomm.microsettings]
10-28 02:12:25.092 D/TelephonyRegistry( 1152): listen oscl: mHasNotifySubscriptionInfoChangedOccurred==false no callback
10-28 02:12:25.189 I/am_proc_start( 1152): [0,2283,1000,com.thundercomm.tcsetupWizard,added application,com.thundercomm.tcsetupWizard]
10-28 02:12:25.234 I/am_proc_died( 1152): [0,2158,WebViewLoader-arm64-v8a,-700,0]
10-28 02:12:25.236 I/am_uid_stopped( 1152): 1037
10-28 02:12:25.239 I/am_low_memory( 1152): 5
10-28 02:12:25.294 I/am_proc_bound( 1152): [0,2275,com.thundercomm.microsettings]
10-28 02:12:25.294 I/service_manager_slow( 2283): [22,activity]
10-28 02:12:25.315 I/am_proc_bound( 1152): [0,2283,com.thundercomm.tcsetupWizard]
10-28 02:12:25.351 I/am_proc_start( 1152): [0,2327,1001,.dataservices,added application,.dataservices]
10-28 02:12:25.523 I/service_manager_slow( 2327): [23,activity]
10-28 02:12:25.523 I/am_proc_bound( 1152): [0,2327,.dataservices]
10-28 02:12:25.526 I/am_uid_active( 1152): 1001
10-28 02:12:25.542 I/am_proc_start( 1152): [0,2360,10052,.qtidataservices,added application,.qtidataservices]
10-28 02:12:25.602 I/am_proc_start( 1152): [0,2366,1000,com.thundercomm.tchttpserver,added application,com.thundercomm.tchttpserver]
10-28 02:12:25.692 I/am_uid_running( 1152): 10081
10-28 02:12:25.711 I/am_proc_bound( 1152): [0,2366,com.thundercomm.tchttpserver]
10-28 02:12:25.748 I/am_proc_bound( 1152): [0,2360,.qtidataservices]
10-28 02:12:25.751 I/am_uid_active( 1152): 10052
10-28 02:12:25.759 I/am_proc_start( 1152): [0,2412,1000,com.tc.logclient,added application,com.tc.logclient]
10-28 02:12:25.761 D/TelephonyRegistry( 1152): listen oscl: mHasNotifySubscriptionInfoChangedOccurred==false no callback
10-28 02:12:25.820 I/notification_enqueue( 1152): [10087,2084,com.android.systemui,1,empty_media,0,Notification(channel=empty_media_style_id shortcut=null contentView=null vibrate=null sound=null defaults=0x0 flags=0x20 color=0x00000000 category=transport actions=3 vis=PRIVATE),0]
10-28 02:12:25.837 I/am_proc_bound( 1152): [0,2412,com.tc.logclient]
10-28 02:12:25.845 I/notification_cancel_all( 1152): [1000,1152,com.android.systemui,0,0,0,20,NULL]
10-28 02:12:25.847 D/TelephonyRegistry( 1152): notifyCellLocationForSubscriber: subId=2147483647 cellIdentity=null
10-28 02:12:25.849 I/notification_enqueue( 1152): [1000,1152,android,32,NULL,-1,Notification(channel=USB shortcut=null contentView=null vibrate=null sound=null tick defaults=0x0 flags=0x2 color=0x00000000 vis=PUBLIC),0]
10-28 02:12:25.894 I/am_proc_start( 1152): [0,2442,1000,vendor.qti.qesdk.sysservice,added application,vendor.qti.qesdk.sysservice]
10-28 02:12:25.902 I/sysui_multi_action( 1152): [757,1501,758,1,793,464,794,0,795,464,796,1,797,empty_media,806,com.android.systemui,857,empty_media_style_id,858,4,947,0,1500,0,1641,transport,1745,1043716538]
10-28 02:12:25.902 I/sysui_multi_action( 1152): [757,804,799,note_interruptive,801,0,802,1]
10-28 02:12:25.949 I/service_manager_slow( 2366): [20,game]
10-28 02:12:25.954 I/sysui_multi_action( 1152): [757,1501,758,1,793,384,794,0,795,384,796,32,806,android,857,USB,858,1,947,0,1500,0]
10-28 02:12:25.955 I/sysui_multi_action( 1152): [757,804,799,note_interruptive,801,0,802,1]
10-28 02:12:25.991 I/am_proc_bound( 1152): [0,2442,vendor.qti.qesdk.sysservice]
10-28 02:12:25.992 I/commit_sys_config_file( 1152): [settings-2-0,173]
10-28 02:12:26.019 I/service_manager_slow( 2071): [15,location]
10-28 02:12:26.079 I/am_proc_start( 1152): [0,2477,10090,com.qti.qualcomm.mstatssystemservice,added application,com.qti.qualcomm.mstatssystemservice]
10-28 02:12:26.089 I/service_manager_slow( 2442): [10,vendor.perfservice]
10-28 02:12:26.146 I/sysui_multi_action( 2084): [757,213,758,4,759,-1]
10-28 02:12:26.163 I/am_proc_start( 1152): [0,2488,1068,com.android.se,added application,com.android.se]
10-28 02:12:26.204 I/am_proc_bound( 1152): [0,2477,com.qti.qualcomm.mstatssystemservice]
10-28 02:12:26.207 I/commit_sys_config_file( 1152): [settings-0-0,13]
10-28 02:12:26.220 W/CarrierConfigManager( 2084): Error getting config for subId -1 ICarrierConfigLoader is null
10-28 02:12:26.224 I/am_uid_active( 1152): 10090
10-28 02:12:26.249 I/am_proc_start( 1152): [0,2505,1000,com.thundercomm.remotecontrolservice,added application,com.thundercomm.remotecontrolservice]
10-28 02:12:26.252 D/TelephonyRegistry( 1152): listen oscl: mHasNotifySubscriptionInfoChangedOccurred==false no callback
10-28 02:12:26.320 I/am_proc_bound( 1152): [0,2488,com.android.se]
10-28 02:12:26.334 I/service_manager_stats( 1152): [338,863,5074]
10-28 02:12:26.358 I/am_uid_active( 1152): 1068
10-28 02:12:26.368 I/am_proc_start( 1152): [0,2523,1000,com.thundercomm.tcservice,added application,com.thundercomm.tcservice]
10-28 02:12:26.374 I/am_proc_bound( 1152): [0,2505,com.thundercomm.remotecontrolservice]
10-28 02:12:26.460 I/service_manager_slow( 2488): [10,vendor.perfservice]
10-28 02:12:26.482 I/am_proc_start( 1152): [0,2545,10064,com.qualcomm.qti.devicestatisticsservice,added application,com.qualcomm.qti.devicestatisticsservice]
10-28 02:12:26.552 I/am_proc_bound( 1152): [0,2523,com.thundercomm.tcservice]
10-28 02:12:26.571 I/am_proc_start( 1152): [0,2563,1000,com.qualcomm.qti.qdma,added application,com.qualcomm.qti.qdma]
10-28 02:12:26.629 I/am_wtf ( 1152): [0,1152,system_server,-1,Binder,Outgoing transactions from this process must be FLAG_ONEWAY]
10-28 02:12:26.631 I/am_proc_bound( 1152): [0,2545,com.qualcomm.qti.devicestatisticsservice]
10-28 02:12:26.637 I/am_uid_active( 1152): 10064
10-28 02:12:26.720 I/am_proc_start( 1152): [0,2603,1000,com.android.settings,top-activity,{com.android.settings/com.android.settings.FallbackHome}]
10-28 02:12:26.721 I/service_manager_slow( 2563): [11,activity]
10-28 02:12:26.723 I/am_proc_bound( 1152): [0,2563,com.qualcomm.qti.qdma]
10-28 02:12:26.805 I/am_proc_start( 1152): [0,2611,10100,android.ext.services,service,{android.ext.services/android.ext.services.autofill.InlineSuggestionRenderServiceImpl}]
10-28 02:12:26.926 I/am_proc_start( 1152): [0,2641,10081,com.android.launcher3,service,{com.android.launcher3/com.android.quickstep.TouchInteractionService}]
10-28 02:12:26.937 I/am_proc_bound( 1152): [0,2611,android.ext.services]
10-28 02:12:27.044 I/commit_sys_config_file( 1152): [package-user-0,4]
10-28 02:12:27.044 I/commit_sys_config_file( 1152): [package,109]
10-28 02:12:27.045 I/dvm_lock_sample( 1152): [system_server,1,Binder:1152_7,104,ComponentResolver.java,410,android.content.pm.ProviderInfo com.android.server.pm.ComponentResolver.queryProvider(java.lang.String, int, int),LegacyPermissionSettings.java,150,void com.android.server.pm.permission.LegacyPermissionSettings.writePermissionTrees(android.util.TypedXmlSerializer),20]
10-28 02:12:27.065 I/am_uid_active( 1152): 10100
10-28 02:12:27.073 I/am_proc_bound( 1152): [0,2603,com.android.settings]
10-28 02:12:27.085 I/wm_restart_activity( 1152): [0,69422430,2,com.android.settings/.FallbackHome]
10-28 02:12:27.088 I/wm_set_resumed_activity( 1152): [0,com.android.settings/.FallbackHome,minimalResumeActivityLocked]
10-28 02:12:27.095 I/am_proc_bound( 1152): [0,2641,com.android.launcher3]
10-28 02:12:27.107 I/am_uid_active( 1152): 10081
10-28 02:12:27.427 I/am_uid_running( 1152): 10088
10-28 02:12:27.460 I/wm_on_create_called( 2603): [69422430,com.android.settings.FallbackHome,performCreate]
10-28 02:12:27.463 I/wm_on_start_called( 2603): [69422430,com.android.settings.FallbackHome,handleStartActivity]
10-28 02:12:27.465 I/wm_on_resume_called( 2603): [69422430,com.android.settings.FallbackHome,RESUME_ACTIVITY]
10-28 02:12:27.491 I/wm_on_top_resumed_gained_called( 2603): [69422430,com.android.settings.FallbackHome,topStateChangedWhenResumed]
10-28 02:12:27.509 I/input_focus( 1152): [Focus request d7f12b8 com.android.settings/com.android.settings.FallbackHome,reason=UpdateInputWindows]
10-28 02:12:27.560 I/am_proc_start( 1152): [0,2691,10088,com.qualcomm.qti.qccauthmgr,content provider,{com.qualcomm.qti.qccauthmgr/com.qualcomm.qti.qccauthmgr.providers.SMQContentProvider}]
10-28 02:12:27.706 I/boot_progress_enable_screen( 1152): 55078
10-28 02:12:27.707 I/screen_toggled( 1152): 1
10-28 02:12:27.794 I/am_proc_bound( 1152): [0,2691,com.qualcomm.qti.qccauthmgr]
10-28 02:12:27.799 I/am_uid_active( 1152): 10088
10-28 02:12:27.906 D/TelephonyRegistry( 1152): listen oscl: mHasNotifySubscriptionInfoChangedOccurred==false no callback
10-28 02:12:28.331 I/dvm_lock_sample( 1152): [system_server,1,android.ui,11,ActivityManagerService.java,15550,void com.android.server.am.ActivityManagerService$LocalService.updateDeviceIdleTempAllowlist(int[], int, boolean, long, int, int, java.lang.String, int),BroadcastQueue.java,988,void com.android.server.am.BroadcastQueue.processNextBroadcast(boolean),2]
10-28 02:12:28.510 I/notification_cancel_all( 1152): [1002,2071,com.android.bluetooth,0,0,64,9,NULL]
10-28 02:12:28.513 I/commit_sys_config_file( 1152): [settings-1-0,30]
10-28 02:12:28.859 I/netstats_mobile_sample( 1152): [0,0,0,0,0,0,0,0,0,0,0,0,1666894348859]
10-28 02:12:28.859 I/netstats_wifi_sample( 1152): [0,0,0,0,0,0,0,0,0,0,0,0,1666894348859]
10-28 02:12:29.629 I/wm_boot_animation_done( 1152): 57001
10-28 02:12:29.790 I/notification_enqueue( 1152): [1000,1152,android,26,NULL,-1,Notification(channel=DEVELOPER_IMPORTANT shortcut=null contentView=null vibrate=null sound=null tick defaults=0x0 flags=0x2 color=0x00000000 vis=PUBLIC),0]
10-28 02:12:29.807 I/service_manager_slow( 1152): [25,location]
10-28 02:12:29.809 I/sysui_multi_action( 2084): [757,111,758,1]
10-28 02:12:29.810 I/sysui_multi_action( 2084): [757,126,758,1,759,126,927,0,928,0,1593,0]
10-28 02:12:29.811 I/sysui_multi_action( 2084): [757,113,758,1,759,113,927,1,928,1,1593,0]
10-28 02:12:29.811 I/sysui_multi_action( 2084): [757,0,758,1,759,0,927,2,928,0,1593,0]
10-28 02:12:29.811 I/sysui_multi_action( 2084): [757,0,758,1,759,0,927,3,928,0,1593,0]
10-28 02:12:29.816 I/sysui_multi_action( 2084): [757,491,758,1,759,491,927,4,928,0,1311,-1,1593,0]
10-28 02:12:29.816 I/sysui_multi_action( 2084): [757,0,758,1,759,0,927,5,928,0,1593,0]
10-28 02:12:29.816 I/sysui_multi_action( 2084): [757,0,758,1,759,0,927,6,1593,0]
10-28 02:12:29.817 I/sysui_multi_action( 2084): [757,111,758,1]
10-28 02:12:29.818 I/sysui_multi_action( 2084): [757,126,758,1,759,126,927,0,928,0,1593,0]
10-28 02:12:29.818 I/sysui_multi_action( 2084): [757,113,758,1,759,113,927,1,928,1,1593,0]
10-28 02:12:29.818 I/sysui_multi_action( 2084): [757,0,758,1,759,0,927,2,928,0,1593,0]
10-28 02:12:29.819 I/sysui_multi_action( 2084): [757,0,758,1,759,0,927,3,928,0,1593,0]
10-28 02:12:29.849 I/uc_finish_user_boot( 1152): 0
10-28 02:12:29.849 I/am_user_state_changed( 1152): [0,1]
