10-28 02:35:44.810 I/am_wtf ( 1152): [0,1152,system_server,-1,DisplayDeviceConfig,requesting nits when no mapping exists.]
10-28 02:35:44.813 I/am_wtf ( 1152): [0,1152,system_server,-1,DisplayDeviceConfig,requesting nits when no mapping exists.]
10-28 02:35:44.837 I/am_wtf ( 1152): [0,1152,system_server,-1,DisplayDeviceConfig,requesting nits when no mapping exists.]
10-28 02:35:44.838 I/am_wtf ( 1152): [0,1152,system_server,-1,DisplayDeviceConfig,requesting nits when no mapping exists.]
10-28 02:35:44.865 I/am_wtf ( 1152): [0,1152,system_server,-1,DisplayDeviceConfig,requesting nits when no mapping exists.]
10-28 02:35:44.866 I/am_wtf ( 1152): [0,1152,system_server,-1,DisplayDeviceConfig,requesting nits when no mapping exists.]
10-28 02:35:44.891 I/am_wtf ( 1152): [0,1152,system_server,-1,DisplayDeviceConfig,requesting nits when no mapping exists.]
10-28 02:35:44.893 I/am_wtf ( 1152): [0,1152,system_server,-1,DisplayDeviceConfig,requesting nits when no mapping exists.]
10-28 02:35:44.918 I/am_wtf ( 1152): [0,1152,system_server,-1,DisplayDeviceConfig,requesting nits when no mapping exists.]
10-28 02:35:44.919 I/am_wtf ( 1152): [0,1152,system_server,-1,DisplayDeviceConfig,requesting nits when no mapping exists.]
10-28 02:35:44.945 I/am_wtf ( 1152): [0,1152,system_server,-1,DisplayDeviceConfig,requesting nits when no mapping exists.]
10-28 02:35:44.946 I/am_wtf ( 1152): [0,1152,system_server,-1,DisplayDeviceConfig,requesting nits when no mapping exists.]
10-28 02:35:44.971 I/am_wtf ( 1152): [0,1152,system_server,-1,DisplayDeviceConfig,requesting nits when no mapping exists.]
10-28 02:35:44.973 I/am_wtf ( 1152): [0,1152,system_server,-1,DisplayDeviceConfig,requesting nits when no mapping exists.]
10-28 02:35:44.999 I/am_wtf ( 1152): [0,1152,system_server,-1,DisplayDeviceConfig,requesting nits when no mapping exists.]
10-28 02:35:45.001 I/am_wtf ( 1152): [0,1152,system_server,-1,DisplayDeviceConfig,requesting nits when no mapping exists.]
10-28 02:35:45.034 I/am_wtf ( 1152): [0,1152,system_server,-1,DisplayDeviceConfig,requesting nits when no mapping exists.]
10-28 02:35:45.035 I/am_wtf ( 1152): [0,1152,system_server,-1,DisplayDeviceConfig,requesting nits when no mapping exists.]
10-28 02:35:45.076 I/am_wtf ( 1152): [0,1152,system_server,-1,DisplayDeviceConfig,requesting nits when no mapping exists.]
10-28 02:35:45.078 I/am_wtf ( 1152): [0,1152,system_server,-1,DisplayDeviceConfig,requesting nits when no mapping exists.]
10-28 02:35:45.103 I/am_wtf ( 1152): [0,1152,system_server,-1,DisplayDeviceConfig,requesting nits when no mapping exists.]
10-28 02:35:45.104 I/am_wtf ( 1152): [0,1152,system_server,-1,DisplayDeviceConfig,requesting nits when no mapping exists.]
10-28 02:35:45.130 I/am_wtf ( 1152): [0,1152,system_server,-1,DisplayDeviceConfig,requesting nits when no mapping exists.]
10-28 02:35:45.131 I/am_wtf ( 1152): [0,1152,system_server,-1,DisplayDeviceConfig,requesting nits when no mapping exists.]
10-28 02:35:45.157 I/am_wtf ( 1152): [0,1152,system_server,-1,DisplayDeviceConfig,requesting nits when no mapping exists.]
10-28 02:35:45.158 I/am_wtf ( 1152): [0,1152,system_server,-1,DisplayDeviceConfig,requesting nits when no mapping exists.]
10-28 02:35:45.183 I/am_wtf ( 1152): [0,1152,system_server,-1,DisplayDeviceConfig,requesting nits when no mapping exists.]
10-28 02:35:45.185 I/am_wtf ( 1152): [0,1152,system_server,-1,DisplayDeviceConfig,requesting nits when no mapping exists.]
10-28 02:35:45.211 I/am_wtf ( 1152): [0,1152,system_server,-1,DisplayDeviceConfig,requesting nits when no mapping exists.]
10-28 02:35:45.212 I/am_wtf ( 1152): [0,1152,system_server,-1,DisplayDeviceConfig,requesting nits when no mapping exists.]
10-28 02:35:45.237 I/am_wtf ( 1152): [0,1152,system_server,-1,DisplayDeviceConfig,requesting nits when no mapping exists.]
10-28 02:35:45.239 I/am_wtf ( 1152): [0,1152,system_server,-1,DisplayDeviceConfig,requesting nits when no mapping exists.]
10-28 02:35:45.264 I/am_wtf ( 1152): [0,1152,system_server,-1,DisplayDeviceConfig,requesting nits when no mapping exists.]
10-28 02:35:45.266 I/am_wtf ( 1152): [0,1152,system_server,-1,DisplayDeviceConfig,requesting nits when no mapping exists.]
10-28 02:35:45.290 I/am_wtf ( 1152): [0,1152,system_server,-1,DisplayDeviceConfig,requesting nits when no mapping exists.]
10-28 02:35:45.291 I/am_wtf ( 1152): [0,1152,system_server,-1,DisplayDeviceConfig,requesting nits when no mapping exists.]
10-28 02:35:45.317 I/am_wtf ( 1152): [0,1152,system_server,-1,DisplayDeviceConfig,requesting nits when no mapping exists.]
10-28 02:35:45.318 I/am_wtf ( 1152): [0,1152,system_server,-1,DisplayDeviceConfig,requesting nits when no mapping exists.]
10-28 02:35:45.344 I/am_wtf ( 1152): [0,1152,system_server,-1,DisplayDeviceConfig,requesting nits when no mapping exists.]
10-28 02:35:45.345 I/am_wtf ( 1152): [0,1152,system_server,-1,DisplayDeviceConfig,requesting nits when no mapping exists.]
10-28 02:35:45.371 I/am_wtf ( 1152): [0,1152,system_server,-1,DisplayDeviceConfig,requesting nits when no mapping exists.]
10-28 02:35:45.373 I/am_wtf ( 1152): [0,1152,system_server,-1,DisplayDeviceConfig,requesting nits when no mapping exists.]
10-28 02:35:45.398 I/am_wtf ( 1152): [0,1152,system_server,-1,DisplayDeviceConfig,requesting nits when no mapping exists.]
10-28 02:35:45.399 I/am_wtf ( 1152): [0,1152,system_server,-1,DisplayDeviceConfig,requesting nits when no mapping exists.]
10-28 02:35:45.424 I/am_wtf ( 1152): [0,1152,system_server,-1,DisplayDeviceConfig,requesting nits when no mapping exists.]
10-28 02:35:45.425 I/am_wtf ( 1152): [0,1152,system_server,-1,DisplayDeviceConfig,requesting nits when no mapping exists.]
10-28 02:35:45.450 I/am_wtf ( 1152): [0,1152,system_server,-1,DisplayDeviceConfig,requesting nits when no mapping exists.]
10-28 02:35:45.451 I/am_wtf ( 1152): [0,1152,system_server,-1,DisplayDeviceConfig,requesting nits when no mapping exists.]
10-28 02:35:45.476 I/am_wtf ( 1152): [0,1152,system_server,-1,DisplayDeviceConfig,requesting nits when no mapping exists.]
10-28 02:35:45.478 I/am_wtf ( 1152): [0,1152,system_server,-1,DisplayDeviceConfig,requesting nits when no mapping exists.]
10-28 02:35:45.503 I/am_wtf ( 1152): [0,1152,system_server,-1,DisplayDeviceConfig,requesting nits when no mapping exists.]
10-28 02:35:45.504 I/am_wtf ( 1152): [0,1152,system_server,-1,DisplayDeviceConfig,requesting nits when no mapping exists.]
10-28 02:35:45.529 I/am_wtf ( 1152): [0,1152,system_server,-1,DisplayDeviceConfig,requesting nits when no mapping exists.]
10-28 02:35:45.531 I/am_wtf ( 1152): [0,1152,system_server,-1,DisplayDeviceConfig,requesting nits when no mapping exists.]
10-28 02:35:45.559 I/am_wtf ( 1152): [0,1152,system_server,-1,DisplayDeviceConfig,requesting nits when no mapping exists.]
10-28 02:35:45.560 I/am_wtf ( 1152): [0,1152,system_server,-1,DisplayDeviceConfig,requesting nits when no mapping exists.]
10-28 02:35:45.561 I/service_manager_stats( 1152): [100,117,129253]
10-28 02:35:45.584 I/am_wtf ( 1152): [0,1152,system_server,-1,DisplayDeviceConfig,requesting nits when no mapping exists.]
10-28 02:35:45.585 I/am_wtf ( 1152): [0,1152,system_server,-1,DisplayDeviceConfig,requesting nits when no mapping exists.]
10-28 02:35:45.611 I/am_wtf ( 1152): [0,1152,system_server,-1,DisplayDeviceConfig,requesting nits when no mapping exists.]
10-28 02:35:45.612 I/am_wtf ( 1152): [0,1152,system_server,-1,DisplayDeviceConfig,requesting nits when no mapping exists.]
10-28 02:35:45.637 I/am_wtf ( 1152): [0,1152,system_server,-1,DisplayDeviceConfig,requesting nits when no mapping exists.]
10-28 02:35:45.639 I/am_wtf ( 1152): [0,1152,system_server,-1,DisplayDeviceConfig,requesting nits when no mapping exists.]
10-28 02:35:45.665 I/am_wtf ( 1152): [0,1152,system_server,-1,DisplayDeviceConfig,requesting nits when no mapping exists.]
10-28 02:35:45.666 I/am_wtf ( 1152): [0,1152,system_server,-1,DisplayDeviceConfig,requesting nits when no mapping exists.]
10-28 02:35:45.692 I/am_wtf ( 1152): [0,1152,system_server,-1,DisplayDeviceConfig,requesting nits when no mapping exists.]
10-28 02:35:45.693 I/am_wtf ( 1152): [0,1152,system_server,-1,DisplayDeviceConfig,requesting nits when no mapping exists.]
10-28 02:35:45.719 I/am_wtf ( 1152): [0,1152,system_server,-1,DisplayDeviceConfig,requesting nits when no mapping exists.]
10-28 02:35:45.720 I/am_wtf ( 1152): [0,1152,system_server,-1,DisplayDeviceConfig,requesting nits when no mapping exists.]
10-28 02:35:51.768 I/sysui_multi_action( 1152): [757,222,758,1]
10-28 02:35:51.772 I/am_uid_active( 1152): 10072
10-28 02:35:51.794 I/am_pss ( 1152): [2641,10081,com.android.launcher3,93181952,83740672,0,218589184,0,2,16]
10-28 02:35:51.802 I/wm_task_created( 1152): [51,-1]
10-28 02:35:51.808 I/wm_task_moved( 1152): [51,1,7]
10-28 02:35:51.808 I/wm_task_to_front( 1152): [0,51]
10-28 02:35:51.809 I/wm_create_task( 1152): [0,51]
10-28 02:35:51.809 I/wm_create_activity( 1152): [0,145702387,51,com.android.deskclock/android.service.dreams.DreamActivity,NULL,NULL,NULL,276824064]
10-28 02:35:51.809 I/wm_task_moved( 1152): [51,1,7]
10-28 02:35:51.810 I/wm_on_top_resumed_lost_called( 2641): [231814419,com.android.launcher3.uioverrides.QuickstepLauncher,topStateChangedWhenResumed]
10-28 02:35:51.810 I/am_pss ( 1152): [4765,10066,com.android.gallery3d,8574976,6234112,0,93597696,0,19,10]
10-28 02:35:51.812 I/wm_pause_activity( 1152): [0,231814419,com.android.launcher3/.uioverrides.QuickstepLauncher,userLeaving=true,pauseBackTasks]
10-28 02:35:51.824 I/am_pss ( 1152): [4763,1000,com.android.settings,21254144,12943360,0,112848896,0,19,10]
10-28 02:35:51.828 I/dvm_lock_sample( 1152): [system_server,1,Binder:1152_6,17,ActivityClientController.java,187,void com.android.server.wm.ActivityClientController.activityTopResumedStateLost(),TaskSnapshotCache.java,68,android.window.TaskSnapshot com.android.server.wm.TaskSnapshotCache.getSnapshot(int, int, boolean, boolean),3]
10-28 02:35:51.828 I/wm_on_paused_called( 2641): [231814419,com.android.launcher3.uioverrides.QuickstepLauncher,performPause]
10-28 02:35:51.832 I/wm_add_to_stopping( 1152): [0,231814419,com.android.launcher3/.uioverrides.QuickstepLauncher,makeInvisible]
10-28 02:35:51.833 I/wm_restart_activity( 1152): [0,145702387,51,com.android.deskclock/android.service.dreams.DreamActivity]
10-28 02:35:51.835 I/wm_set_resumed_activity( 1152): [0,com.android.deskclock/android.service.dreams.DreamActivity,minimalResumeActivityLocked]
10-28 02:35:51.860 I/wm_on_create_called( 2812): [145702387,android.service.dreams.DreamActivity,performCreate]
10-28 02:35:51.863 I/sysui_multi_action( 1152): [757,803,799,window_time_0,802,157]
10-28 02:35:51.864 I/wm_on_start_called( 2812): [145702387,android.service.dreams.DreamActivity,handleStartActivity]
10-28 02:35:51.868 I/sysui_multi_action( 1152): [757,128,758,1,793,163858,794,0,795,163858,796,2,798,53,806,com.thundersoft.notificationtest1,857,111111111111111111111111111-693c7971,858,3,946,ranker_group,947,0,1395,56,1500,163650,1688,1]
10-28 02:35:51.868 I/sysui_multi_action( 1152): [757,804,799,note_freshness,801,163858,802,1]
10-28 02:35:51.868 I/notification_visibility( 1152): [0|com.thundersoft.notificationtest1|2|null|10101,1,163858,163858,0,53]
10-28 02:35:51.868 I/sysui_multi_action( 1152): [757,128,758,1,793,163854,794,0,795,163854,796,3,798,52,806,com.thundersoft.notificationtest1,857,111111111111111111111111111-be52b4e0,858,3,946,ranker_group,947,0,1395,56,1500,163646,1688,1]
10-28 02:35:51.868 I/sysui_multi_action( 1152): [757,804,799,note_freshness,801,163854,802,1]
10-28 02:35:51.868 I/notification_visibility( 1152): [0|com.thundersoft.notificationtest1|3|null|10101,1,163854,163854,0,52]
10-28 02:35:51.869 I/sysui_multi_action( 1152): [757,128,758,1,793,163850,794,0,795,163850,796,4,798,51,806,com.thundersoft.notificationtest1,857,1111111111111111111111111111-c03e751,858,3,946,ranker_group,947,0,1395,56,1500,163641,1688,1]
10-28 02:35:51.869 I/sysui_multi_action( 1152): [757,804,799,note_freshness,801,163850,802,1]
10-28 02:35:51.869 I/notification_visibility( 1152): [0|com.thundersoft.notificationtest1|4|null|10101,1,163850,163850,0,51]
10-28 02:35:51.869 I/sysui_multi_action( 1152): [757,128,758,1,793,163840,794,0,795,163840,796,5,798,50,806,com.thundersoft.notificationtest1,857,111111111111111111111111111-74790300,858,3,946,ranker_group,947,0,1395,56,1500,163622,1688,1]
10-28 02:35:51.869 I/sysui_multi_action( 1152): [757,804,799,note_freshness,801,163840,802,1]
10-28 02:35:51.869 I/notification_visibility( 1152): [0|com.thundersoft.notificationtest1|5|null|10101,1,163840,163840,0,50]
10-28 02:35:51.869 I/sysui_multi_action( 1152): [757,128,758,1,793,163836,794,0,795,163836,796,6,798,49,806,com.thundersoft.notificationtest1,857,111111111111111111111111111-1aa75d31,858,3,946,ranker_group,947,0,1395,56,1500,163614,1688,1]
10-28 02:35:51.869 I/sysui_multi_action( 1152): [757,804,799,note_freshness,801,163836,802,1]
10-28 02:35:51.869 I/notification_visibility( 1152): [0|com.thundersoft.notificationtest1|6|null|10101,1,163836,163836,0,49]
10-28 02:35:51.870 I/sysui_multi_action( 1152): [757,128,758,1,793,163831,794,0,795,163831,796,7,798,48,806,com.thundersoft.notificationtest1,857,111111111111111111111111111-3a444920,858,3,946,ranker_group,947,0,1395,56,1500,163609,1688,1]
10-28 02:35:51.870 I/sysui_multi_action( 1152): [757,804,799,note_freshness,801,163831,802,1]
10-28 02:35:51.870 I/notification_visibility( 1152): [0|com.thundersoft.notificationtest1|7|null|10101,1,163831,163831,0,48]
10-28 02:35:51.870 I/sysui_multi_action( 1152): [757,128,758,1,793,163828,794,0,795,163828,796,8,798,47,806,com.thundersoft.notificationtest1,857,1111111111111111111111111111-e44db11,858,3,946,ranker_group,947,0,1395,56,1500,163605,1688,1]
10-28 02:35:51.870 I/sysui_multi_action( 1152): [757,804,799,note_freshness,801,163828,802,1]
10-28 02:35:51.870 I/notification_visibility( 1152): [0|com.thundersoft.notificationtest1|8|null|10101,1,163828,163828,0,47]
10-28 02:35:51.870 I/sysui_multi_action( 1152): [757,128,758,1,793,163823,794,0,795,163823,796,9,798,46,806,com.thundersoft.notificationtest1,857,111111111111111111111111111-ba568740,858,3,946,ranker_group,947,0,1395,56,1500,163601,1688,1]
10-28 02:35:51.870 I/sysui_multi_action( 1152): [757,804,799,note_freshness,801,163823,802,1]
10-28 02:35:51.870 I/notification_visibility( 1152): [0|com.thundersoft.notificationtest1|9|null|10101,1,163823,163823,0,46]
10-28 02:35:51.870 I/sysui_multi_action( 1152): [757,128,758,1,793,163672,794,0,795,163672,796,40,798,15,806,com.thundersoft.notificationtest1,857,111111111111111111111111111-ce90f911,858,3,946,ranker_group,947,0,1395,56,1500,163349,1688,1]
10-28 02:35:51.870 I/sysui_multi_action( 1152): [757,804,799,note_freshness,801,163672,802,1]
10-28 02:35:51.871 I/notification_visibility( 1152): [0|com.thundersoft.notificationtest1|40|null|10101,1,163672,163672,0,15]
10-28 02:35:51.871 I/sysui_multi_action( 1152): [757,128,758,1,793,163667,794,0,795,163667,796,41,798,14,806,com.thundersoft.notificationtest1,857,1111111111111111111111111111-38e2940,858,3,946,ranker_group,947,0,1395,56,1500,163337,1688,1]
10-28 02:35:51.871 I/sysui_multi_action( 1152): [757,804,799,note_freshness,801,163667,802,1]
10-28 02:35:51.871 I/notification_visibility( 1152): [0|com.thundersoft.notificationtest1|41|null|10101,1,163667,163667,0,14]
10-28 02:35:51.871 I/sysui_multi_action( 1152): [757,128,758,1,793,163657,794,0,795,163657,796,42,798,13,806,com.thundersoft.notificationtest1,857,111111111111111111111111111-6e36fef1,858,3,946,ranker_group,947,0,1395,56,1500,163332,1688,1]
10-28 02:35:51.871 I/sysui_multi_action( 1152): [757,804,799,note_freshness,801,163657,802,1]
10-28 02:35:51.871 I/notification_visibility( 1152): [0|com.thundersoft.notificationtest1|42|null|10101,1,163657,163657,0,13]
10-28 02:35:51.871 I/sysui_multi_action( 1152): [757,128,758,1,793,163730,794,0,795,163730,796,30,798,25,806,com.thundersoft.notificationtest1,857,111111111111111111111111111-428353b1,858,3,946,ranker_group,947,0,1395,56,1500,163423,1688,1]
10-28 02:35:51.871 I/sysui_multi_action( 1152): [757,804,799,note_freshness,801,163730,802,1]
10-28 02:35:51.872 I/notification_visibility( 1152): [0|com.thundersoft.notificationtest1|30|null|10101,1,163730,163730,0,25]
10-28 02:35:51.872 I/sysui_multi_action( 1152): [757,128,758,1,793,163643,794,0,795,163643,796,43,798,12,806,com.thundersoft.notificationtest1,857,111111111111111111111111111-58a8df60,858,3,946,ranker_group,947,0,1395,56,1500,163329,1688,1]
10-28 02:35:51.872 I/input_focus( 1152): [Focus leaving 31b65cc NotificationShade (server),reason=NOT_FOCUSABLE]
10-28 02:35:51.872 I/sysui_multi_action( 1152): [757,804,799,note_freshness,801,163643,802,1]
10-28 02:35:51.872 I/notification_visibility( 1152): [0|com.thundersoft.notificationtest1|43|null|10101,1,163643,163643,0,12]
10-28 02:35:51.872 I/sysui_multi_action( 1152): [757,128,758,1,793,163727,794,0,795,163727,796,31,798,24,806,com.thundersoft.notificationtest1,857,1111111111111111111111111111-de722a0,858,3,946,ranker_group,947,0,1395,56,1500,163401,1688,1]
10-28 02:35:51.872 I/sysui_multi_action( 1152): [757,804,799,note_freshness,801,163727,802,1]
10-28 02:35:51.872 I/notification_visibility( 1152): [0|com.thundersoft.notificationtest1|31|null|10101,1,163727,163727,0,24]
10-28 02:35:51.872 I/sysui_multi_action( 1152): [757,128,758,1,793,163635,794,0,795,163635,796,44,798,11,806,com.thundersoft.notificationtest1,857,111111111111111111111111111-bc730cd1,858,3,946,ranker_group,947,0,1395,56,1500,163318,1688,1]
10-28 02:35:51.872 I/sysui_multi_action( 1152): [757,804,799,note_freshness,801,163635,802,1]
10-28 02:35:51.873 I/notification_visibility( 1152): [0|com.thundersoft.notificationtest1|44|null|10101,1,163635,163635,0,11]
10-28 02:35:51.873 I/sysui_multi_action( 1152): [757,128,758,1,793,163716,794,0,795,163716,796,32,798,23,806,com.thundersoft.notificationtest1,857,111111111111111111111111111-aefd3191,858,3,946,ranker_group,947,0,1395,56,1500,163399,1688,1]
10-28 02:35:51.873 I/sysui_multi_action( 1152): [757,804,799,note_freshness,801,163716,802,1]
10-28 02:35:51.873 I/notification_visibility( 1152): [0|com.thundersoft.notificationtest1|32|null|10101,1,163716,163716,0,23]
10-28 02:35:51.873 I/sysui_multi_action( 1152): [757,128,758,1,793,163774,794,0,795,163774,796,20,798,35,806,com.thundersoft.notificationtest1,857,111111111111111111111111111-2a087651,858,3,946,ranker_group,947,0,1395,56,1500,163506,1688,1]
10-28 02:35:51.873 I/sysui_multi_action( 1152): [757,804,799,note_freshness,801,163774,802,1]
10-28 02:35:51.873 I/notification_visibility( 1152): [0|com.thundersoft.notificationtest1|20|null|10101,1,163774,163774,0,35]
10-28 02:35:51.873 I/sysui_multi_action( 1152): [757,128,758,1,793,163624,794,0,795,163624,796,45,798,10,806,com.thundersoft.notificationtest1,857,111111111111111111111111111-d1ee8d80,858,3,946,ranker_group,947,0,1395,56,1500,163312,1688,1]
10-28 02:35:51.873 I/sysui_multi_action( 1152): [757,804,799,note_freshness,801,163624,802,1]
10-28 02:35:51.873 I/notification_visibility( 1152): [0|com.thundersoft.notificationtest1|45|null|10101,1,163624,163624,0,10]
10-28 02:35:51.874 I/sysui_multi_action( 1152): [757,128,758,1,793,163711,794,0,795,163711,796,33,798,22,806,com.thundersoft.notificationtest1,857,111111111111111111111111111-30a900c0,858,3,946,ranker_group,947,0,1395,56,1500,163395,1688,1]
10-28 02:35:51.874 I/sysui_multi_action( 1152): [757,804,799,note_freshness,801,163711,802,1]
10-28 02:35:51.874 I/notification_visibility( 1152): [0|com.thundersoft.notificationtest1|33|null|10101,1,163711,163711,0,22]
10-28 02:35:51.874 I/sysui_multi_action( 1152): [757,128,758,1,793,163771,794,0,795,163771,796,21,798,34,806,com.thundersoft.notificationtest1,857,111111111111111111111111111-17065400,858,3,946,ranker_group,947,0,1395,56,1500,163502,1688,1]
10-28 02:35:51.874 I/sysui_multi_action( 1152): [757,804,799,note_freshness,801,163771,802,1]
10-28 02:35:51.874 I/notification_visibility( 1152): [0|com.thundersoft.notificationtest1|21|null|10101,1,163771,163771,0,34]
10-28 02:35:51.875 I/sysui_multi_action( 1152): [757,128,758,1,793,163599,794,0,795,163599,796,46,798,9,806,com.thundersoft.notificationtest1,857,111111111111111111111111111-6be322b1,858,3,946,ranker_group,947,0,1395,56,1500,163287,1688,1]
10-28 02:35:51.875 I/wm_on_resume_called( 2812): [145702387,android.service.dreams.DreamActivity,RESUME_ACTIVITY]
10-28 02:35:51.875 I/sysui_multi_action( 1152): [757,804,799,note_freshness,801,163599,802,1]
10-28 02:35:51.875 I/notification_visibility( 1152): [0|com.thundersoft.notificationtest1|46|null|10101,1,163599,163599,0,9]
10-28 02:35:51.875 I/sysui_multi_action( 1152): [757,128,758,1,793,163708,794,0,795,163708,796,34,798,21,806,com.thundersoft.notificationtest1,857,111111111111111111111111111-e4771771,858,3,946,ranker_group,947,0,1395,56,1500,163390,1688,1]
10-28 02:35:51.875 I/sysui_multi_action( 1152): [757,804,799,note_freshness,801,163708,802,1]
10-28 02:35:51.875 I/notification_visibility( 1152): [0|com.thundersoft.notificationtest1|34|null|10101,1,163708,163708,0,21]
10-28 02:35:51.876 I/sysui_multi_action( 1152): [757,128,758,1,793,163769,794,0,795,163769,796,22,798,33,806,com.thundersoft.notificationtest1,857,111111111111111111111111111-c9c42c31,858,3,946,ranker_group,947,0,1395,56,1500,163499,1688,1]
10-28 02:35:51.876 I/sysui_multi_action( 1152): [757,804,799,note_freshness,801,163769,802,1]
10-28 02:35:51.876 I/notification_visibility( 1152): [0|com.thundersoft.notificationtest1|22|null|10101,1,163769,163769,0,33]
10-28 02:35:51.876 I/sysui_multi_action( 1152): [757,128,758,1,793,163825,794,0,795,163825,796,10,798,45,806,com.thundersoft.notificationtest1,857,111111111111111111111111111-907a60f1,858,3,946,ranker_group,947,0,1395,56,1500,163602,1688,1]
10-28 02:35:51.876 I/sysui_multi_action( 1152): [757,804,799,note_freshness,801,163825,802,1]
10-28 02:35:51.876 I/notification_visibility( 1152): [0|com.thundersoft.notificationtest1|10|null|10101,1,163825,163825,0,45]
10-28 02:35:51.876 I/sysui_multi_action( 1152): [757,128,758,1,793,163706,794,0,795,163706,796,35,798,20,806,com.thundersoft.notificationtest1,857,111111111111111111111111111-aa6bd6e0,858,3,946,ranker_group,947,0,1395,56,1500,163379,1688,1]
10-28 02:35:51.876 I/sysui_multi_action( 1152): [757,804,799,note_freshness,801,163706,802,1]
10-28 02:35:51.876 I/notification_visibility( 1152): [0|com.thundersoft.notificationtest1|35|null|10101,1,163706,163706,0,20]
10-28 02:35:51.877 I/sysui_multi_action( 1152): [757,128,758,1,793,163764,794,0,795,163764,796,23,798,32,806,com.thundersoft.notificationtest1,857,111111111111111111111111111-6ec15a20,858,3,946,ranker_group,947,0,1395,56,1500,163487,1688,1]
10-28 02:35:51.877 I/sysui_multi_action( 1152): [757,804,799,note_freshness,801,163764,802,1]
10-28 02:35:51.877 I/notification_visibility( 1152): [0|com.thundersoft.notificationtest1|23|null|10101,1,163764,163764,0,32]
10-28 02:35:51.877 I/sysui_multi_action( 1152): [757,128,758,1,793,163823,794,0,795,163823,796,11,798,44,806,com.thundersoft.notificationtest1,857,111111111111111111111111111-7ed1bd60,858,3,946,ranker_group,947,0,1395,56,1500,163598,1688,1]
10-28 02:35:51.877 I/sysui_multi_action( 1152): [757,804,799,note_freshness,801,163823,802,1]
10-28 02:35:51.877 I/notification_visibility( 1152): [0|com.thundersoft.notificationtest1|11|null|10101,1,163823,163823,0,44]
10-28 02:35:51.877 I/sysui_multi_action( 1152): [757,128,758,1,793,163703,794,0,795,163703,796,36,798,19,806,com.thundersoft.notificationtest1,857,111111111111111111111111111-a30f0551,858,3,946,ranker_group,947,0,1395,56,1500,163377,1688,1]
10-28 02:35:51.877 I/sysui_multi_action( 1152): [757,804,799,note_freshness,801,163703,802,1]
10-28 02:35:51.877 I/notification_visibility( 1152): [0|com.thundersoft.notificationtest1|36|null|10101,1,163703,163703,0,19]
10-28 02:35:51.878 I/sysui_multi_action( 1152): [757,128,758,1,793,163760,794,0,795,163760,796,24,798,31,806,com.thundersoft.notificationtest1,857,111111111111111111111111111-6969ea11,858,3,946,ranker_group,947,0,1395,56,1500,163476,1688,1]
10-28 02:35:51.878 I/sysui_multi_action( 1152): [757,804,799,note_freshness,801,163760,802,1]
10-28 02:35:51.878 I/notification_visibility( 1152): [0|com.thundersoft.notificationtest1|24|null|10101,1,163760,163760,0,31]
10-28 02:35:51.878 I/sysui_multi_action( 1152): [757,128,758,1,793,163819,794,0,795,163819,796,12,798,43,806,com.thundersoft.notificationtest1,857,111111111111111111111111111-5b65eed1,858,3,946,ranker_group,947,0,1395,56,1500,163584,1688,1]
10-28 02:35:51.878 I/sysui_multi_action( 1152): [757,804,799,note_freshness,801,163819,802,1]
10-28 02:35:51.878 I/notification_visibility( 1152): [0|com.thundersoft.notificationtest1|12|null|10101,1,163819,163819,0,43]
10-28 02:35:51.878 I/sysui_multi_action( 1152): [757,128,758,1,793,163694,794,0,795,163694,796,37,798,18,806,com.thundersoft.notificationtest1,857,111111111111111111111111111-bed1a500,858,3,946,ranker_group,947,0,1395,56,1500,163375,1688,1]
10-28 02:35:51.878 I/sysui_multi_action( 1152): [757,804,799,note_freshness,801,163694,802,1]
10-28 02:35:51.878 I/notification_visibility( 1152): [0|com.thundersoft.notificationtest1|37|null|10101,1,163694,163694,0,18]
10-28 02:35:51.878 I/sysui_multi_action( 1152): [757,128,758,1,793,163756,794,0,795,163756,796,25,798,30,806,com.thundersoft.notificationtest1,857,111111111111111111111111111-c3d35840,858,3,946,ranker_group,947,0,1395,56,1500,163463,1688,1]
10-28 02:35:51.879 I/sysui_multi_action( 1152): [757,804,799,note_freshness,801,163756,802,1]
10-28 02:35:51.879 I/notification_visibility( 1152): [0|com.thundersoft.notificationtest1|25|null|10101,1,163756,163756,0,30]
10-28 02:35:51.879 I/sysui_multi_action( 1152): [757,128,758,1,793,163816,794,0,795,163816,796,13,798,42,806,com.thundersoft.notificationtest1,857,111111111111111111111111111-1157eb80,858,3,946,ranker_group,947,0,1395,56,1500,163571,1688,1]
10-28 02:35:51.879 I/sysui_multi_action( 1152): [757,804,799,note_freshness,801,163816,802,1]
10-28 02:35:51.879 I/notification_visibility( 1152): [0|com.thundersoft.notificationtest1|13|null|10101,1,163816,163816,0,42]
10-28 02:35:51.879 I/sysui_multi_action( 1152): [757,128,758,1,793,163690,794,0,795,163690,796,38,798,17,806,com.thundersoft.notificationtest1,857,111111111111111111111111111-1b62fb31,858,3,946,ranker_group,947,0,1395,56,1500,163373,1688,1]
10-28 02:35:51.879 I/sysui_multi_action( 1152): [757,804,799,note_freshness,801,163690,802,1]
10-28 02:35:51.879 I/notification_visibility( 1152): [0|com.thundersoft.notificationtest1|38|null|10101,1,163690,163690,0,17]
10-28 02:35:51.880 I/sysui_multi_action( 1152): [757,128,758,1,793,163753,794,0,795,163753,796,26,798,29,806,com.thundersoft.notificationtest1,857,111111111111111111111111111-b697aff1,858,3,946,ranker_group,947,0,1395,56,1500,163456,1688,1]
10-28 02:35:51.880 I/sysui_multi_action( 1152): [757,804,799,note_freshness,801,163753,802,1]
10-28 02:35:51.880 I/notification_visibility( 1152): [0|com.thundersoft.notificationtest1|26|null|10101,1,163753,163753,0,29]
10-28 02:35:51.880 I/sysui_multi_action( 1152): [757,128,758,1,793,163808,794,0,795,163808,796,14,798,41,806,com.thundersoft.notificationtest1,857,111111111111111111111111111-19a584b1,858,3,946,ranker_group,947,0,1395,56,1500,163565,1688,1]
10-28 02:35:51.880 I/sysui_multi_action( 1152): [757,804,799,note_freshness,801,163808,802,1]
10-28 02:35:51.880 I/notification_visibility( 1152): [0|com.thundersoft.notificationtest1|14|null|10101,1,163808,163808,0,41]
10-28 02:35:51.880 I/sysui_multi_action( 1152): [757,128,758,1,793,163687,794,0,795,163687,796,39,798,16,806,com.thundersoft.notificationtest1,857,111111111111111111111111111-50fc6b20,858,3,946,ranker_group,947,0,1395,56,1500,163361,1688,1]
10-28 02:35:51.886 I/sysui_multi_action( 1152): [757,804,799,note_freshness,801,163687,802,1]
10-28 02:35:51.886 I/notification_visibility( 1152): [0|com.thundersoft.notificationtest1|39|null|10101,1,163687,163687,0,16]
10-28 02:35:51.886 I/sysui_multi_action( 1152): [757,128,758,1,793,163756,794,0,795,163756,796,27,798,28,806,com.thundersoft.notificationtest1,857,111111111111111111111111111-1c5e4e60,858,3,946,ranker_group,947,0,1395,56,1500,163456,1688,1]
10-28 02:35:51.886 I/sysui_multi_action( 1152): [757,804,799,note_freshness,801,163756,802,1]
10-28 02:35:51.886 I/notification_visibility( 1152): [0|com.thundersoft.notificationtest1|27|null|10101,1,163756,163756,0,28]
10-28 02:35:51.886 I/sysui_multi_action( 1152): [757,128,758,1,793,163810,794,0,795,163810,796,15,798,40,806,com.thundersoft.notificationtest1,857,111111111111111111111111111-1b0b11a0,858,3,946,ranker_group,947,0,1395,56,1500,163565,1688,1]
10-28 02:35:51.886 I/sysui_multi_action( 1152): [757,804,799,note_freshness,801,163810,802,1]
10-28 02:35:51.886 I/notification_visibility( 1152): [0|com.thundersoft.notificationtest1|15|null|10101,1,163810,163810,0,40]
10-28 02:35:51.887 I/sysui_multi_action( 1152): [757,128,758,1,793,163753,794,0,795,163753,796,28,798,27,806,com.thundersoft.notificationtest1,857,111111111111111111111111111-6f6b7dd1,858,3,946,ranker_group,947,0,1395,56,1500,163452,1688,1]
10-28 02:35:51.887 I/sysui_multi_action( 1152): [757,804,799,note_freshness,801,163753,802,1]
10-28 02:35:51.887 I/notification_visibility( 1152): [0|com.thundersoft.notificationtest1|28|null|10101,1,163753,163753,0,27]
10-28 02:35:51.887 I/sysui_multi_action( 1152): [757,128,758,1,793,163806,794,0,795,163806,796,16,798,39,806,com.thundersoft.notificationtest1,857,111111111111111111111111111-46572291,858,3,946,ranker_group,947,0,1395,56,1500,163550,1688,1]
10-28 02:35:51.887 I/sysui_multi_action( 1152): [757,804,799,note_freshness,801,163806,802,1]
10-28 02:35:51.887 I/notification_visibility( 1152): [0|com.thundersoft.notificationtest1|16|null|10101,1,163806,163806,0,39]
10-28 02:35:51.887 I/sysui_multi_action( 1152): [757,128,758,1,793,163749,794,0,795,163749,796,29,798,26,806,com.thundersoft.notificationtest1,857,111111111111111111111111111-7e043c80,858,3,946,ranker_group,947,0,1395,56,1500,163447,1688,1]
10-28 02:35:51.887 I/sysui_multi_action( 1152): [757,804,799,note_freshness,801,163749,802,1]
10-28 02:35:51.887 I/notification_visibility( 1152): [0|com.thundersoft.notificationtest1|29|null|10101,1,163749,163749,0,26]
10-28 02:35:51.888 I/sysui_multi_action( 1152): [757,128,758,1,793,163802,794,0,795,163802,796,17,798,38,806,com.thundersoft.notificationtest1,857,111111111111111111111111111-848d2fc0,858,3,946,ranker_group,947,0,1395,56,1500,163543,1688,1]
10-28 02:35:51.888 I/sysui_multi_action( 1152): [757,804,799,note_freshness,801,163802,802,1]
10-28 02:35:51.888 I/notification_visibility( 1152): [0|com.thundersoft.notificationtest1|17|null|10101,1,163802,163802,0,38]
10-28 02:35:51.888 I/sysui_multi_action( 1152): [757,128,758,1,793,163798,794,0,795,163798,796,18,798,37,806,com.thundersoft.notificationtest1,857,1111111111111111111111111111-d18c871,858,3,946,ranker_group,947,0,1395,56,1500,163536,1688,1]
10-28 02:35:51.888 I/sysui_multi_action( 1152): [757,804,799,note_freshness,801,163798,802,1]
10-28 02:35:51.888 I/notification_visibility( 1152): [0|com.thundersoft.notificationtest1|18|null|10101,1,163798,163798,0,37]
10-28 02:35:51.888 I/sysui_multi_action( 1152): [757,128,758,1,793,163795,794,0,795,163795,796,19,798,36,806,com.thundersoft.notificationtest1,857,111111111111111111111111111-960045e0,858,3,946,ranker_group,947,0,1395,56,1500,163531,1688,1]
10-28 02:35:51.888 I/sysui_multi_action( 1152): [757,804,799,note_freshness,801,163795,802,1]
10-28 02:35:51.888 I/notification_visibility( 1152): [0|com.thundersoft.notificationtest1|19|null|10101,1,163795,163795,0,36]
10-28 02:35:51.889 I/sysui_multi_action( 1152): [757,128,758,1,793,163887,794,0,795,163887,796,0,798,55,806,com.thundersoft.notificationtest1,857,1111111111111111111111111111-9b31391,858,3,946,ranker_group,947,0,1395,56,1500,163684,1688,1]
10-28 02:35:51.889 I/sysui_multi_action( 1152): [757,804,799,note_freshness,801,163887,802,1]
10-28 02:35:51.889 I/notification_visibility( 1152): [0|com.thundersoft.notificationtest1|0|null|10101,1,163887,163887,0,55]
10-28 02:35:51.889 I/sysui_multi_action( 1152): [757,128,758,1,793,163883,794,0,795,163883,796,1,798,54,806,com.thundersoft.notificationtest1,857,111111111111111111111111111-2caf5ec0,858,3,946,ranker_group,947,0,1395,56,1500,163676,1688,1]
10-28 02:35:51.889 I/sysui_multi_action( 1152): [757,804,799,note_freshness,801,163883,802,1]
10-28 02:35:51.889 I/notification_visibility( 1152): [0|com.thundersoft.notificationtest1|1|null|10101,1,163883,163883,0,54]
10-28 02:35:51.893 I/wm_on_top_resumed_gained_called( 2812): [145702387,android.service.dreams.DreamActivity,topStateChangedWhenResumed]
10-28 02:35:51.912 I/input_focus( 1152): [Focus request 41e2cc com.android.deskclock/android.service.dreams.DreamActivity,reason=UpdateInputWindows]
10-28 02:35:51.943 I/sysui_multi_action( 1152): [757,1696,758,6,759,3]
10-28 02:35:51.948 I/sysui_multi_action( 1152): [319,144,322,141,325,1459,757,761,758,8,759,2,806,com.android.deskclock,871,android.service.dreams.DreamActivity,904,com.android.deskclock,905,0,1320,4,1321,1]
10-28 02:35:51.950 I/wm_activity_launch_time( 1152): [0,145702387,com.android.deskclock/android.service.dreams.DreamActivity,141]
10-28 02:35:51.960 I/am_wtf ( 1152): [0,1152,system_server,-1,DisplayDeviceConfig,requesting nits when no mapping exists.]
10-28 02:35:51.962 I/am_wtf ( 1152): [0,1152,system_server,-1,DisplayDeviceConfig,requesting nits when no mapping exists.]
10-28 02:35:51.997 I/sysui_multi_action( 2084): [757,111,758,2]
10-28 02:35:51.997 I/sysui_multi_action( 2084): [757,111,758,2]
10-28 02:35:52.007 I/am_wtf ( 1152): [0,1152,system_server,-1,DisplayDeviceConfig,requesting nits when no mapping exists.]
10-28 02:35:52.011 I/am_wtf ( 1152): [0,1152,system_server,-1,DisplayDeviceConfig,requesting nits when no mapping exists.]
10-28 02:35:52.012 I/sysui_multi_action( 2084): [757,111,758,1]
10-28 02:35:52.012 I/sysui_multi_action( 2084): [757,126,758,1,759,126,927,0,928,1,1593,0]
10-28 02:35:52.012 I/sysui_multi_action( 2084): [757,113,758,1,759,113,927,1,928,1,1593,0]
10-28 02:35:52.012 I/sysui_multi_action( 2084): [757,0,758,1,759,0,927,2,928,0,1593,0]
10-28 02:35:52.012 I/sysui_multi_action( 2084): [757,0,758,1,759,0,927,3,928,0,1593,0]
10-28 02:35:52.013 I/sysui_multi_action( 2084): [757,491,758,1,759,491,927,4,928,0,1311,-1,1593,0]
10-28 02:35:52.013 I/sysui_multi_action( 2084): [757,0,758,1,759,0,927,5,928,0,1593,0]
10-28 02:35:52.013 I/sysui_multi_action( 2084): [757,0,758,1,759,0,927,6,1593,0]
10-28 02:35:52.013 I/sysui_multi_action( 2084): [757,111,758,1]
10-28 02:35:52.013 I/sysui_multi_action( 2084): [757,126,758,1,759,126,927,0,928,1,1593,0]
10-28 02:35:52.013 I/sysui_multi_action( 2084): [757,113,758,1,759,113,927,1,928,1,1593,0]
10-28 02:35:52.013 I/sysui_multi_action( 2084): [757,0,758,1,759,0,927,2,928,0,1593,0]
10-28 02:35:52.013 I/sysui_multi_action( 2084): [757,0,758,1,759,0,927,3,928,0,1593,0]
10-28 02:35:52.021 I/notification_enqueue( 1152): [10087,2084,com.android.systemui,2048,NULL,0,Notification(channel=updateNotification shortcut=null contentView=null vibrate=null sound=null defaults=0x0 flags=0x0 color=0x00000000 vis=PRIVATE),1]
10-28 02:35:52.052 I/am_wtf ( 1152): [0,1152,system_server,-1,DisplayDeviceConfig,requesting nits when no mapping exists.]
10-28 02:35:52.053 I/sysui_multi_action( 2084): [757,111,758,2]
10-28 02:35:52.053 I/notification_enqueue( 1152): [10087,2084,com.android.systemui,2048,NULL,0,Notification(channel=updateNotification shortcut=null contentView=null vibrate=null sound=null defaults=0x0 flags=0x0 color=0x00000000 vis=PRIVATE),1]
10-28 02:35:52.053 I/sysui_multi_action( 2084): [757,111,758,2]
10-28 02:35:52.057 I/input_focus( 1152): [Focus entering 41e2cc com.android.deskclock/android.service.dreams.DreamActivity (server),reason=Window became focusable. Previous reason: NOT_VISIBLE]
10-28 02:35:52.059 I/am_wtf ( 1152): [0,1152,system_server,-1,DisplayDeviceConfig,requesting nits when no mapping exists.]
10-28 02:35:52.061 I/sysui_multi_action( 2084): [757,111,758,1]
10-28 02:35:52.061 I/sysui_multi_action( 2084): [757,126,758,1,759,126,927,0,928,1,1593,1]
10-28 02:35:52.061 I/sysui_multi_action( 2084): [757,113,758,1,759,113,927,1,928,1,1593,1]
10-28 02:35:52.061 I/sysui_multi_action( 2084): [757,0,758,1,759,0,927,2,928,0,1593,1]
10-28 02:35:52.061 I/sysui_multi_action( 2084): [757,0,758,1,759,0,927,3,928,0,1593,1]
10-28 02:35:52.062 I/sysui_multi_action( 2084): [757,491,758,1,759,491,927,4,928,0,1311,-1,1593,1]
10-28 02:35:52.062 I/sysui_multi_action( 2084): [757,0,758,1,759,0,927,5,928,0,1593,1]
10-28 02:35:52.062 I/sysui_multi_action( 2084): [757,0,758,1,759,0,927,6,1593,1]
10-28 02:35:52.062 I/sysui_multi_action( 2084): [757,111,758,1]
10-28 02:35:52.062 I/sysui_multi_action( 2084): [757,126,758,1,759,126,927,0,928,1,1593,1]
10-28 02:35:52.063 I/sysui_multi_action( 2084): [757,113,758,1,759,113,927,1,928,1,1593,1]
10-28 02:35:52.063 I/sysui_multi_action( 2084): [757,0,758,1,759,0,927,2,928,0,1593,1]
10-28 02:35:52.063 I/sysui_multi_action( 2084): [757,0,758,1,759,0,927,3,928,0,1593,1]
10-28 02:35:52.080 I/am_wtf ( 1152): [0,1152,system_server,-1,DisplayDeviceConfig,requesting nits when no mapping exists.]
10-28 02:35:52.083 I/am_wtf ( 1152): [0,1152,system_server,-1,DisplayDeviceConfig,requesting nits when no mapping exists.]
10-28 02:35:52.096 I/sysui_multi_action( 2084): [757,111,758,2]
10-28 02:35:52.096 I/notification_enqueue( 1152): [10087,2084,com.android.systemui,2048,NULL,0,Notification(channel=updateNotification shortcut=null contentView=null vibrate=null sound=null defaults=0x0 flags=0x0 color=0x00000000 vis=PRIVATE),1]
10-28 02:35:52.096 I/sysui_multi_action( 2084): [757,111,758,2]
10-28 02:35:52.101 I/sysui_multi_action( 2084): [757,111,758,1]
10-28 02:35:52.101 I/sysui_multi_action( 2084): [757,126,758,1,759,126,927,0,928,1,1593,1]
10-28 02:35:52.101 I/sysui_multi_action( 2084): [757,113,758,1,759,113,927,1,928,1,1593,1]
10-28 02:35:52.101 I/sysui_multi_action( 2084): [757,0,758,1,759,0,927,2,928,0,1593,1]
10-28 02:35:52.101 I/sysui_multi_action( 2084): [757,0,758,1,759,0,927,3,928,0,1593,1]
10-28 02:35:52.102 I/sysui_multi_action( 2084): [757,491,758,1,759,491,927,4,928,0,1311,-1,1593,0]
10-28 02:35:52.102 I/sysui_multi_action( 2084): [757,0,758,1,759,0,927,5,928,0,1593,1]
10-28 02:35:52.102 I/sysui_multi_action( 2084): [757,0,758,1,759,0,927,6,1593,0]
10-28 02:35:52.102 I/sysui_multi_action( 2084): [757,111,758,1]
10-28 02:35:52.102 I/sysui_multi_action( 2084): [757,126,758,1,759,126,927,0,928,1,1593,1]
10-28 02:35:52.102 I/sysui_multi_action( 2084): [757,113,758,1,759,113,927,1,928,1,1593,1]
10-28 02:35:52.102 I/sysui_multi_action( 2084): [757,0,758,1,759,0,927,2,928,0,1593,1]
10-28 02:35:52.102 I/sysui_multi_action( 2084): [757,0,758,1,759,0,927,3,928,0,1593,1]
10-28 02:35:52.106 I/am_wtf ( 1152): [0,1152,system_server,-1,DisplayDeviceConfig,requesting nits when no mapping exists.]
10-28 02:35:52.117 I/sysui_multi_action( 2084): [757,111,758,2]
10-28 02:35:52.117 I/sysui_multi_action( 2084): [757,111,758,2]
10-28 02:35:52.117 I/notification_enqueue( 1152): [10087,2084,com.android.systemui,2048,NULL,0,Notification(channel=updateNotification shortcut=null contentView=null vibrate=null sound=null defaults=0x0 flags=0x0 color=0x00000000 vis=PRIVATE),1]
10-28 02:35:52.121 I/sysui_multi_action( 2084): [757,111,758,1]
10-28 02:35:52.121 I/sysui_multi_action( 2084): [757,126,758,1,759,126,927,0,928,1,1593,0]
10-28 02:35:52.121 I/sysui_multi_action( 2084): [757,113,758,1,759,113,927,1,928,1,1593,0]
10-28 02:35:52.121 I/sysui_multi_action( 2084): [757,0,758,1,759,0,927,2,928,0,1593,0]
10-28 02:35:52.121 I/sysui_multi_action( 2084): [757,0,758,1,759,0,927,3,928,0,1593,0]
10-28 02:35:52.122 I/sysui_multi_action( 2084): [757,491,758,1,759,491,927,4,928,0,1311,-1,1593,0]
10-28 02:35:52.122 I/sysui_multi_action( 2084): [757,0,758,1,759,0,927,5,928,0,1593,0]
10-28 02:35:52.122 I/sysui_multi_action( 2084): [757,0,758,1,759,0,927,6,1593,1]
10-28 02:35:52.122 I/sysui_multi_action( 2084): [757,111,758,1]
10-28 02:35:52.122 I/sysui_multi_action( 2084): [757,126,758,1,759,126,927,0,928,1,1593,0]
10-28 02:35:52.122 I/sysui_multi_action( 2084): [757,113,758,1,759,113,927,1,928,1,1593,0]
10-28 02:35:52.122 I/sysui_multi_action( 2084): [757,0,758,1,759,0,927,2,928,0,1593,0]
10-28 02:35:52.122 I/sysui_multi_action( 2084): [757,0,758,1,759,0,927,3,928,0,1593,0]
10-28 02:35:52.123 I/service_manager_slow( 1152): [16,dropbox]
10-28 02:35:52.123 I/am_wtf ( 1152): [0,1152,system_server,-1,DisplayDeviceConfig,requesting nits when no mapping exists.]
10-28 02:35:52.136 I/notification_enqueue( 1152): [10087,2084,com.android.systemui,2048,NULL,0,Notification(channel=updateNotification shortcut=null contentView=null vibrate=null sound=null defaults=0x0 flags=0x0 color=0x00000000 vis=PRIVATE),1]
10-28 02:35:52.141 I/sysui_multi_action( 2084): [757,111,758,2]
10-28 02:35:52.141 I/sysui_multi_action( 2084): [757,111,758,2]
10-28 02:35:52.145 I/sysui_multi_action( 2084): [757,111,758,1]
10-28 02:35:52.145 I/sysui_multi_action( 2084): [757,126,758,1,759,126,927,0,928,1,1593,1]
10-28 02:35:52.146 I/sysui_multi_action( 2084): [757,113,758,1,759,113,927,1,928,1,1593,1]
10-28 02:35:52.146 I/sysui_multi_action( 2084): [757,0,758,1,759,0,927,2,928,0,1593,1]
10-28 02:35:52.146 I/sysui_multi_action( 2084): [757,0,758,1,759,0,927,3,928,0,1593,1]
10-28 02:35:52.146 I/sysui_multi_action( 2084): [757,491,758,1,759,491,927,4,928,0,1311,-1,1593,1]
10-28 02:35:52.146 I/sysui_multi_action( 2084): [757,0,758,1,759,0,927,5,928,0,1593,1]
10-28 02:35:52.146 I/sysui_multi_action( 2084): [757,0,758,1,759,0,927,6,1593,1]
10-28 02:35:52.146 I/sysui_multi_action( 2084): [757,111,758,1]
10-28 02:35:52.146 I/sysui_multi_action( 2084): [757,126,758,1,759,126,927,0,928,1,1593,1]
10-28 02:35:52.147 I/sysui_multi_action( 2084): [757,113,758,1,759,113,927,1,928,1,1593,1]
10-28 02:35:52.147 I/sysui_multi_action( 2084): [757,0,758,1,759,0,927,2,928,0,1593,1]
10-28 02:35:52.147 I/sysui_multi_action( 2084): [757,0,758,1,759,0,927,3,928,0,1593,1]
10-28 02:35:52.160 I/am_wtf ( 1152): [0,1152,system_server,-1,DisplayDeviceConfig,requesting nits when no mapping exists.]
10-28 02:35:52.162 I/am_wtf ( 1152): [0,1152,system_server,-1,DisplayDeviceConfig,requesting nits when no mapping exists.]
10-28 02:35:52.173 I/notification_enqueue( 1152): [10087,2084,com.android.systemui,2048,NULL,0,Notification(channel=updateNotification shortcut=null contentView=null vibrate=null sound=null defaults=0x0 flags=0x0 color=0x00000000 vis=PRIVATE),1]
10-28 02:35:52.174 I/sysui_multi_action( 2084): [757,111,758,2]
10-28 02:35:52.174 I/sysui_multi_action( 2084): [757,111,758,2]
10-28 02:35:52.178 I/sysui_multi_action( 2084): [757,111,758,1]
10-28 02:35:52.178 I/sysui_multi_action( 2084): [757,126,758,1,759,126,927,0,928,1,1593,1]
10-28 02:35:52.178 I/sysui_multi_action( 2084): [757,113,758,1,759,113,927,1,928,1,1593,1]
10-28 02:35:52.179 I/sysui_multi_action( 2084): [757,0,758,1,759,0,927,2,928,0,1593,1]
10-28 02:35:52.179 I/sysui_multi_action( 2084): [757,0,758,1,759,0,927,3,928,0,1593,1]
10-28 02:35:52.180 I/sysui_multi_action( 2084): [757,491,758,1,759,491,927,4,928,0,1311,-1,1593,1]
10-28 02:35:52.180 I/sysui_multi_action( 2084): [757,0,758,1,759,0,927,5,928,0,1593,1]
10-28 02:35:52.180 I/sysui_multi_action( 2084): [757,0,758,1,759,0,927,6,1593,1]
10-28 02:35:52.180 I/sysui_multi_action( 2084): [757,111,758,1]
10-28 02:35:52.181 I/sysui_multi_action( 2084): [757,126,758,1,759,126,927,0,928,1,1593,1]
10-28 02:35:52.181 I/sysui_multi_action( 2084): [757,113,758,1,759,113,927,1,928,1,1593,1]
10-28 02:35:52.181 I/sysui_multi_action( 2084): [757,0,758,1,759,0,927,2,928,0,1593,1]
10-28 02:35:52.181 I/sysui_multi_action( 2084): [757,0,758,1,759,0,927,3,928,0,1593,1]
10-28 02:35:52.205 I/sysui_multi_action( 2084): [757,111,758,2]
10-28 02:35:52.205 I/sysui_multi_action( 2084): [757,111,758,2]
10-28 02:35:52.206 I/am_wtf ( 1152): [0,1152,system_server,-1,DisplayDeviceConfig,requesting nits when no mapping exists.]
10-28 02:35:52.207 I/notification_enqueue( 1152): [10087,2084,com.android.systemui,2048,NULL,0,Notification(channel=updateNotification shortcut=null contentView=null vibrate=null sound=null defaults=0x0 flags=0x0 color=0x00000000 vis=PRIVATE),1]
10-28 02:35:52.207 I/am_wtf ( 1152): [0,1152,system_server,-1,DisplayDeviceConfig,requesting nits when no mapping exists.]
10-28 02:35:52.210 I/sysui_multi_action( 2084): [757,111,758,1]
10-28 02:35:52.210 I/sysui_multi_action( 2084): [757,126,758,1,759,126,927,0,928,1,1593,0]
10-28 02:35:52.210 I/sysui_multi_action( 2084): [757,113,758,1,759,113,927,1,928,1,1593,0]
10-28 02:35:52.210 I/sysui_multi_action( 2084): [757,0,758,1,759,0,927,2,928,0,1593,0]
10-28 02:35:52.210 I/sysui_multi_action( 2084): [757,0,758,1,759,0,927,3,928,0,1593,0]
10-28 02:35:52.211 I/sysui_multi_action( 2084): [757,491,758,1,759,491,927,4,928,0,1311,-1,1593,0]
10-28 02:35:52.211 I/sysui_multi_action( 2084): [757,0,758,1,759,0,927,5,928,0,1593,0]
10-28 02:35:52.211 I/sysui_multi_action( 2084): [757,0,758,1,759,0,927,6,1593,0]
10-28 02:35:52.211 I/sysui_multi_action( 2084): [757,111,758,1]
10-28 02:35:52.211 I/sysui_multi_action( 2084): [757,126,758,1,759,126,927,0,928,1,1593,0]
10-28 02:35:52.212 I/sysui_multi_action( 2084): [757,113,758,1,759,113,927,1,928,1,1593,0]
10-28 02:35:52.212 I/sysui_multi_action( 2084): [757,0,758,1,759,0,927,2,928,0,1593,0]
10-28 02:35:52.212 I/sysui_multi_action( 2084): [757,0,758,1,759,0,927,3,928,0,1593,0]
10-28 02:35:52.227 I/sysui_multi_action( 1152): [757,1501,758,1,793,686471,794,0,795,230,796,2048,806,com.android.systemui,857,updateNotification,858,3,947,0,1500,0,1688,1]
10-28 02:35:52.228 I/sysui_multi_action( 1152): [757,804,799,note_interruptive,801,0,802,1]
10-28 02:35:52.229 I/sysui_multi_action( 1152): [757,199,758,1,759,2,793,686474,794,0,795,233,796,2048,806,com.android.systemui,857,updateNotification,858,3,947,0,1500,3,1688,1]
10-28 02:35:52.233 I/notification_alert( 1152): [0|com.android.systemui|2048|null|10087,0,1,0]
10-28 02:35:52.249 I/wm_stop_activity( 1152): [0,231814419,com.android.launcher3/.uioverrides.QuickstepLauncher]
10-28 02:35:52.252 I/sysui_multi_action( 2084): [757,111,758,2]
10-28 02:35:52.252 I/notification_enqueue( 1152): [10087,2084,com.android.systemui,2048,NULL,0,Notification(channel=updateNotification shortcut=null contentView=null vibrate=null sound=null defaults=0x0 flags=0x0 color=0x00000000 vis=PRIVATE),1]
10-28 02:35:52.252 I/am_wtf ( 1152): [0,1152,system_server,-1,DisplayDeviceConfig,requesting nits when no mapping exists.]
10-28 02:35:52.253 I/sysui_multi_action( 2084): [757,111,758,2]
10-28 02:35:52.253 I/am_wtf ( 1152): [0,1152,system_server,-1,DisplayDeviceConfig,requesting nits when no mapping exists.]
10-28 02:35:52.261 I/sysui_multi_action( 2084): [757,111,758,1]
10-28 02:35:52.261 I/sysui_multi_action( 2084): [757,126,758,1,759,126,927,0,928,1,1593,1]
10-28 02:35:52.262 I/sysui_multi_action( 2084): [757,113,758,1,759,113,927,1,928,1,1593,1]
10-28 02:35:52.262 I/sysui_multi_action( 2084): [757,0,758,1,759,0,927,2,928,0,1593,1]
10-28 02:35:52.262 I/sysui_multi_action( 2084): [757,0,758,1,759,0,927,3,928,0,1593,1]
10-28 02:35:52.264 I/sysui_multi_action( 2084): [757,491,758,1,759,491,927,4,928,0,1311,-1,1593,1]
10-28 02:35:52.264 I/sysui_multi_action( 2084): [757,0,758,1,759,0,927,5,928,0,1593,1]
10-28 02:35:52.264 I/sysui_multi_action( 2084): [757,0,758,1,759,0,927,6,1593,1]
10-28 02:35:52.265 I/sysui_multi_action( 2084): [757,111,758,1]
10-28 02:35:52.265 I/sysui_multi_action( 2084): [757,126,758,1,759,126,927,0,928,1,1593,1]
10-28 02:35:52.265 I/sysui_multi_action( 2084): [757,113,758,1,759,113,927,1,928,1,1593,1]
10-28 02:35:52.265 I/sysui_multi_action( 2084): [757,0,758,1,759,0,927,2,928,0,1593,1]
10-28 02:35:52.265 I/sysui_multi_action( 2084): [757,0,758,1,759,0,927,3,928,0,1593,1]
10-28 02:35:52.292 I/wm_on_stop_called( 2641): [231814419,com.android.launcher3.uioverrides.QuickstepLauncher,STOP_ACTIVITY_ITEM]
10-28 02:35:52.297 I/sysui_multi_action( 2084): [757,111,758,2]
10-28 02:35:52.297 I/sysui_multi_action( 2084): [757,111,758,2]
10-28 02:35:52.299 I/am_wtf ( 1152): [0,1152,system_server,-1,DisplayDeviceConfig,requesting nits when no mapping exists.]
10-28 02:35:52.300 I/am_wtf ( 1152): [0,1152,system_server,-1,DisplayDeviceConfig,requesting nits when no mapping exists.]
10-28 02:35:52.302 I/notification_enqueue( 1152): [10087,2084,com.android.systemui,2048,NULL,0,Notification(channel=updateNotification shortcut=null contentView=null vibrate=null sound=null defaults=0x0 flags=0x0 color=0x00000000 vis=PRIVATE),1]
10-28 02:35:52.346 I/am_wtf ( 1152): [0,1152,system_server,-1,DisplayDeviceConfig,requesting nits when no mapping exists.]
10-28 02:35:52.347 I/am_wtf ( 1152): [0,1152,system_server,-1,DisplayDeviceConfig,requesting nits when no mapping exists.]
10-28 02:35:52.355 I/sysui_multi_action( 2084): [757,111,758,1]
10-28 02:35:52.355 I/sysui_multi_action( 2084): [757,126,758,1,759,126,927,0,928,1,1593,1]
10-28 02:35:52.355 I/sysui_multi_action( 2084): [757,113,758,1,759,113,927,1,928,1,1593,1]
10-28 02:35:52.355 I/sysui_multi_action( 2084): [757,0,758,1,759,0,927,2,928,0,1593,1]
10-28 02:35:52.355 I/sysui_multi_action( 2084): [757,0,758,1,759,0,927,3,928,0,1593,1]
10-28 02:35:52.357 I/sysui_multi_action( 2084): [757,491,758,1,759,491,927,4,928,0,1311,-1,1593,0]
10-28 02:35:52.357 I/sysui_multi_action( 2084): [757,0,758,1,759,0,927,5,928,0,1593,1]
10-28 02:35:52.357 I/sysui_multi_action( 2084): [757,0,758,1,759,0,927,6,1593,0]
10-28 02:35:52.357 I/sysui_multi_action( 2084): [757,111,758,1]
10-28 02:35:52.358 I/sysui_multi_action( 2084): [757,126,758,1,759,126,927,0,928,1,1593,1]
10-28 02:35:52.358 I/sysui_multi_action( 2084): [757,113,758,1,759,113,927,1,928,1,1593,1]
