10-28 02:17:07.013 I/wm_finish_activity( 1152): [0,1343125,48,com.android.settings/.development.DevelopmentSettingsDisabledActivity,app-request]
10-28 02:17:07.013 I/wm_task_moved( 1152): [47,1,7]
10-28 02:17:07.013 I/wm_task_to_front( 1152): [0,47]
10-28 02:17:07.014 I/wm_focused_root_task( 1152): [0,0,47,48,finish-top adjustFocusToNextFocusableTask]
10-28 02:17:07.016 I/wm_pause_activity( 1152): [0,1343125,com.android.settings/.development.DevelopmentSettingsDisabledActivity,userLeaving=false,finish]
10-28 02:17:07.019 I/wm_on_create_called( 2603): [1343125,com.android.settings.development.DevelopmentSettingsDisabledActivity,performCreate]
10-28 02:17:07.022 I/sysui_multi_action( 1152): [757,1144,758,8,806,com.android.settings,871,com.android.settings.development.DevelopmentSettingsDisabledActivity]
10-28 02:17:07.030 I/wm_set_resumed_activity( 1152): [0,com.thundersoft.notificationtest1/.MainActivity,resumeTopActivityInnerLocked]
10-28 02:17:07.045 I/wm_resume_activity( 1152): [0,176413639,47,com.thundersoft.notificationtest1/.MainActivity]
10-28 02:17:07.047 I/wm_on_resume_called( 4183): [176413639,com.thundersoft.notificationtest1.MainActivity,RESUME_ACTIVITY]
10-28 02:17:07.047 I/wm_on_top_resumed_gained_called( 4183): [176413639,com.thundersoft.notificationtest1.MainActivity,topWhenResuming]
10-28 02:17:07.068 I/sysui_multi_action( 1152): [757,803,799,window_time_0,802,0]
10-28 02:17:07.093 I/am_pss ( 1152): [4183,10101,com.thundersoft.notificationtest1,65494016,55996416,0,184016896,0,2,14]
10-28 02:17:07.097 I/sysui_multi_action( 1152): [757,128,758,2,793,277316,794,1072,795,277316,796,26,798,0,806,android,857,DEVELOPER_IMPORTANT,858,4,947,0,1395,56,1500,277101,1688,1]
10-28 02:17:07.097 I/notification_visibility( 1152): [-1|android|26|null|1000,0,277316,277316,0,0]
10-28 02:17:07.098 I/sysui_multi_action( 1152): [757,128,758,2,793,56237,794,40518,795,56237,796,50,798,8,806,com.thundersoft.notificationtest1,857,111111111111111111111111111-33797740,858,3,946,ranker_group,947,0,1395,56,1500,55924,1688,1]
10-28 02:17:07.098 I/notification_visibility( 1152): [0|com.thundersoft.notificationtest1|50|null|10101,0,56237,56237,0,8]
10-28 02:17:07.099 I/sysui_multi_action( 1152): [757,128,758,2,793,56231,794,40518,795,56231,796,51,798,7,806,com.thundersoft.notificationtest1,857,111111111111111111111111111-3bb570f1,858,3,946,ranker_group,947,0,1395,56,1500,55922,1688,1]
10-28 02:17:07.099 I/wm_destroy_activity( 1152): [0,1343125,48,com.android.settings/.development.DevelopmentSettingsDisabledActivity,finish-idle]
10-28 02:17:07.100 I/notification_visibility( 1152): [0|com.thundersoft.notificationtest1|51|null|10101,0,56231,56231,0,7]
10-28 02:17:07.100 I/sysui_multi_action( 1152): [757,128,758,2,793,56227,794,40519,795,56227,796,52,798,6,806,com.thundersoft.notificationtest1,857,111111111111111111111111111-3af8ad60,858,3,946,ranker_group,947,0,1395,56,1500,55920,1688,1]
10-28 02:17:07.100 I/wm_on_destroy_called( 2603): [1343125,com.android.settings.development.DevelopmentSettingsDisabledActivity,performDestroy]
10-28 02:17:07.101 I/notification_visibility( 1152): [0|com.thundersoft.notificationtest1|52|null|10101,0,56227,56227,0,6]
10-28 02:17:07.101 I/sysui_multi_action( 1152): [757,128,758,2,793,56214,794,44202,795,56214,796,53,798,5,806,com.thundersoft.notificationtest1,857,111111111111111111111111111-241cfed1,858,3,946,ranker_group,947,0,1395,56,1500,55914,1688,1]
10-28 02:17:07.102 I/notification_visibility( 1152): [0|com.thundersoft.notificationtest1|53|null|10101,0,56214,56214,0,5]
10-28 02:17:07.102 I/sysui_multi_action( 1152): [757,128,758,2,793,56195,794,44202,795,56195,796,54,798,4,806,com.thundersoft.notificationtest1,857,111111111111111111111111111-5f82db80,858,3,946,ranker_group,947,0,1395,56,1500,55912,1688,1]
10-28 02:17:07.102 I/notification_visibility( 1152): [0|com.thundersoft.notificationtest1|54|null|10101,0,56195,56195,0,4]
10-28 02:17:07.103 I/sysui_multi_action( 1152): [757,128,758,2,793,56347,794,2112,795,56347,796,44,798,11,806,com.thundersoft.notificationtest1,857,111111111111111111111111111-c869a4e0,858,3,946,ranker_group,947,0,1395,56,1500,56083,1688,1]
10-28 02:17:07.103 I/notification_visibility( 1152): [0|com.thundersoft.notificationtest1|44|null|10101,0,56347,56347,0,11]
10-28 02:17:07.103 I/sysui_multi_action( 1152): [757,128,758,2,793,56338,794,14135,795,56338,796,45,798,10,806,com.thundersoft.notificationtest1,857,111111111111111111111111111-44caf751,858,3,946,ranker_group,947,0,1395,56,1500,56071,1688,1]
10-28 02:17:07.103 I/notification_visibility( 1152): [0|com.thundersoft.notificationtest1|45|null|10101,0,56338,56338,0,10]
10-28 02:17:07.103 I/sysui_multi_action( 1152): [757,128,758,2,793,56319,794,16864,795,56319,796,46,798,9,806,com.thundersoft.notificationtest1,857,111111111111111111111111111-5493f300,858,3,946,ranker_group,947,0,1395,56,1500,56048,1688,1]
10-28 02:17:07.104 I/notification_visibility( 1152): [0|com.thundersoft.notificationtest1|46|null|10101,0,56319,56319,0,9]
10-28 02:17:07.104 I/sysui_multi_action( 1152): [757,128,758,2,793,56431,794,44202,795,56431,796,2147483647,797,ranker_group,798,3,806,com.thundersoft.notificationtest1,857,11,858,3,946,ranker_group,947,1,1395,56,1500,56431,1688,1]
10-28 02:17:07.104 I/notification_visibility( 1152): [0|com.thundersoft.notificationtest1|2147483647|ranker_group|10101|ranker_group,0,56431,56431,0,3]
10-28 02:17:07.104 I/sysui_multi_action( 1152): [757,128,758,2,793,277031,794,1597,795,277031,796,55,798,1,806,android,857,DEVELOPER,858,2,947,0,1395,56,1500,276827,1688,1]
10-28 02:17:07.104 I/notification_visibility( 1152): [-1|android|55|null|1000,0,277031,277031,0,1]
10-28 02:17:07.105 I/sysui_multi_action( 1152): [757,128,758,2,793,281535,794,1597,795,281535,796,32,798,2,806,android,857,USB,858,1,947,0,1395,56,1500,281151,1688,1]
10-28 02:17:07.105 I/notification_visibility( 1152): [-1|android|32|null|1000,0,281535,281535,0,2]
10-28 02:17:07.106 I/wm_task_removed( 1152): [48,removeChild:removeChild last r=ActivityRecord{147e95 u0 com.android.settings/.development.DevelopmentSettingsDisabledActivity t-1 f}} in t=Task{ff72ae4 #48 type=standard A=1000:com.android.settings U=0 visible=false mode=fullscreen translucent=true sz=0}]
10-28 02:17:07.107 I/wm_task_removed( 1152): [48,removeChild]
10-28 02:17:07.114 I/sysui_multi_action( 1152): [757,127,758,2]
10-28 02:17:07.115 I/notification_panel_hidden( 1152):
10-28 02:17:07.130 I/input_focus( 1152): [Focus request a5068a2 com.thundersoft.notificationtest1/com.thundersoft.notificationtest1.MainActivity,reason=UpdateInputWindows]
10-28 02:17:07.140 I/am_pss ( 1152): [2812,10072,com.android.deskclock,20335616,14159872,0,138244096,0,19,13]
10-28 02:17:07.155 I/am_pss ( 1152): [4146,10066,com.android.gallery3d,7601152,5390336,0,95473664,0,19,10]
10-28 02:17:07.161 I/input_focus( 1152): [Focus leaving 31b65cc NotificationShade (server),reason=NOT_FOCUSABLE]
10-28 02:17:07.162 I/input_focus( 1152): [Focus entering a5068a2 com.thundersoft.notificationtest1/com.thundersoft.notificationtest1.MainActivity (server),reason=setFocusedWindow]
10-28 02:17:07.409 I/notification_enqueue( 1152): [10087,2084,com.android.systemui,2048,NULL,0,Notification(channel=updateNotification shortcut=null contentView=null vibrate=null sound=null defaults=0x0 flags=0x0 color=0x00000000 vis=PRIVATE),1]
10-28 02:17:07.410 I/sysui_multi_action( 2084): [757,111,758,2]
10-28 02:17:07.411 I/sysui_multi_action( 2084): [757,111,758,2]
10-28 02:17:07.454 I/sysui_multi_action( 2084): [757,111,758,1]
10-28 02:17:07.455 I/sysui_multi_action( 2084): [757,126,758,1,759,126,927,0,928,1,1593,1]
10-28 02:17:07.455 I/sysui_multi_action( 2084): [757,113,758,1,759,113,927,1,928,1,1593,1]
10-28 02:17:07.456 I/sysui_multi_action( 2084): [757,0,758,1,759,0,927,2,928,0,1593,1]
10-28 02:17:07.456 I/sysui_multi_action( 2084): [757,0,758,1,759,0,927,3,928,0,1593,1]
10-28 02:17:07.457 I/sysui_multi_action( 2084): [757,491,758,1,759,491,927,4,928,0,1311,-1,1593,0]
10-28 02:17:07.457 I/sysui_multi_action( 2084): [757,0,758,1,759,0,927,5,928,0,1593,0]
10-28 02:17:07.458 I/sysui_multi_action( 2084): [757,0,758,1,759,0,927,6,1593,0]
10-28 02:17:07.458 I/sysui_multi_action( 2084): [757,111,758,1]
10-28 02:17:07.459 I/sysui_multi_action( 2084): [757,126,758,1,759,126,927,0,928,1,1593,1]
10-28 02:17:07.459 I/sysui_multi_action( 2084): [757,113,758,1,759,113,927,1,928,1,1593,1]
10-28 02:17:07.459 I/sysui_multi_action( 2084): [757,0,758,1,759,0,927,2,928,0,1593,1]
10-28 02:17:07.460 I/sysui_multi_action( 2084): [757,0,758,1,759,0,927,3,928,0,1593,1]
10-28 02:17:07.557 I/notification_enqueue( 1152): [10087,2084,com.android.systemui,2048,NULL,0,Notification(channel=updateNotification shortcut=null contentView=null vibrate=null sound=null defaults=0x0 flags=0x0 color=0x00000000 vis=PRIVATE),1]
10-28 02:17:07.557 I/sysui_multi_action( 2084): [757,111,758,2]
10-28 02:17:07.557 I/sysui_multi_action( 2084): [757,111,758,2]
10-28 02:17:07.562 I/sysui_multi_action( 2084): [757,111,758,1]
10-28 02:17:07.563 I/sysui_multi_action( 2084): [757,126,758,1,759,126,927,0,928,1,1593,0]
10-28 02:17:07.563 I/sysui_multi_action( 2084): [757,113,758,1,759,113,927,1,928,1,1593,0]
10-28 02:17:07.563 I/sysui_multi_action( 2084): [757,0,758,1,759,0,927,2,928,0,1593,0]
10-28 02:17:07.563 I/sysui_multi_action( 2084): [757,0,758,1,759,0,927,3,928,0,1593,0]
10-28 02:17:07.563 I/sysui_multi_action( 2084): [757,491,758,1,759,491,927,4,928,0,1311,-1,1593,0]
10-28 02:17:07.563 I/sysui_multi_action( 2084): [757,0,758,1,759,0,927,5,928,0,1593,0]
10-28 02:17:07.564 I/sysui_multi_action( 2084): [757,0,758,1,759,0,927,6,1593,0]
10-28 02:17:07.564 I/sysui_multi_action( 2084): [757,111,758,1]
10-28 02:17:07.564 I/sysui_multi_action( 2084): [757,126,758,1,759,126,927,0,928,1,1593,0]
10-28 02:17:07.564 I/sysui_multi_action( 2084): [757,113,758,1,759,113,927,1,928,1,1593,0]
10-28 02:17:07.564 I/sysui_multi_action( 2084): [757,0,758,1,759,0,927,2,928,0,1593,0]
10-28 02:17:07.564 I/sysui_multi_action( 2084): [757,0,758,1,759,0,927,3,928,0,1593,0]
10-28 02:17:07.598 I/notification_enqueue( 1152): [10087,2084,com.android.systemui,2048,NULL,0,Notification(channel=updateNotification shortcut=null contentView=null vibrate=null sound=null defaults=0x0 flags=0x0 color=0x00000000 vis=PRIVATE),1]
10-28 02:17:07.598 I/sysui_multi_action( 2084): [757,111,758,2]
10-28 02:17:07.598 I/sysui_multi_action( 2084): [757,111,758,2]
10-28 02:17:07.608 I/sysui_multi_action( 2084): [757,111,758,1]
10-28 02:17:07.608 I/sysui_multi_action( 2084): [757,126,758,1,759,126,927,0,928,1,1593,1]
10-28 02:17:07.609 I/sysui_multi_action( 2084): [757,113,758,1,759,113,927,1,928,1,1593,1]
10-28 02:17:07.609 I/sysui_multi_action( 2084): [757,0,758,1,759,0,927,2,928,0,1593,1]
10-28 02:17:07.609 I/sysui_multi_action( 2084): [757,0,758,1,759,0,927,3,928,0,1593,1]
10-28 02:17:07.610 I/sysui_multi_action( 2084): [757,491,758,1,759,491,927,4,928,0,1311,-1,1593,0]
10-28 02:17:07.610 I/sysui_multi_action( 2084): [757,0,758,1,759,0,927,5,928,0,1593,0]
10-28 02:17:07.610 I/sysui_multi_action( 2084): [757,0,758,1,759,0,927,6,1593,0]
10-28 02:17:07.610 I/sysui_multi_action( 2084): [757,111,758,1]
10-28 02:17:07.611 I/sysui_multi_action( 2084): [757,126,758,1,759,126,927,0,928,1,1593,1]
10-28 02:17:07.611 I/sysui_multi_action( 2084): [757,113,758,1,759,113,927,1,928,1,1593,1]
10-28 02:17:07.611 I/sysui_multi_action( 2084): [757,0,758,1,759,0,927,2,928,0,1593,1]
10-28 02:17:07.611 I/sysui_multi_action( 2084): [757,0,758,1,759,0,927,3,928,0,1593,1]
10-28 02:17:07.614 I/sysui_multi_action( 1152): [757,1501,758,1,793,269519,794,0,795,212,796,2048,806,com.android.systemui,857,updateNotification,858,3,947,0,1500,0,1688,1]
10-28 02:17:07.614 I/sysui_multi_action( 1152): [757,804,799,note_interruptive,801,0,802,1]
10-28 02:17:07.615 I/sysui_multi_action( 1152): [757,199,758,1,759,2,793,269519,794,0,795,212,796,2048,806,com.android.systemui,857,updateNotification,858,3,947,0,1500,0,1688,1]
10-28 02:17:07.615 I/notification_alert( 1152): [0|com.android.systemui|2048|null|10087,0,1,0]
10-28 02:17:07.656 I/notification_enqueue( 1152): [10087,2084,com.android.systemui,2048,NULL,0,Notification(channel=updateNotification shortcut=null contentView=null vibrate=null sound=null defaults=0x0 flags=0x0 color=0x00000000 vis=PRIVATE),1]
10-28 02:17:07.656 I/sysui_multi_action( 2084): [757,111,758,2]
10-28 02:17:07.657 I/sysui_multi_action( 2084): [757,111,758,2]
10-28 02:17:07.666 I/sysui_multi_action( 2084): [757,111,758,1]
10-28 02:17:07.666 I/sysui_multi_action( 2084): [757,126,758,1,759,126,927,0,928,1,1593,1]
10-28 02:17:07.666 I/sysui_multi_action( 2084): [757,113,758,1,759,113,927,1,928,1,1593,1]
10-28 02:17:07.666 I/sysui_multi_action( 2084): [757,0,758,1,759,0,927,2,928,0,1593,1]
10-28 02:17:07.667 I/sysui_multi_action( 2084): [757,0,758,1,759,0,927,3,928,0,1593,1]
10-28 02:17:07.667 I/sysui_multi_action( 2084): [757,491,758,1,759,491,927,4,928,0,1311,-1,1593,0]
10-28 02:17:07.667 I/sysui_multi_action( 2084): [757,0,758,1,759,0,927,5,928,0,1593,0]
10-28 02:17:07.668 I/sysui_multi_action( 2084): [757,0,758,1,759,0,927,6,1593,0]
10-28 02:17:07.668 I/sysui_multi_action( 2084): [757,111,758,1]
10-28 02:17:07.668 I/sysui_multi_action( 2084): [757,126,758,1,759,126,927,0,928,1,1593,1]
10-28 02:17:07.668 I/sysui_multi_action( 2084): [757,113,758,1,759,113,927,1,928,1,1593,1]
10-28 02:17:07.669 I/sysui_multi_action( 2084): [757,0,758,1,759,0,927,2,928,0,1593,1]
10-28 02:17:07.669 I/sysui_multi_action( 2084): [757,0,758,1,759,0,927,3,928,0,1593,1]
10-28 02:17:07.703 I/notification_enqueue( 1152): [10087,2084,com.android.systemui,2048,NULL,0,Notification(channel=updateNotification shortcut=null contentView=null vibrate=null sound=null defaults=0x0 flags=0x0 color=0x00000000 vis=PRIVATE),1]
10-28 02:17:07.703 I/sysui_multi_action( 2084): [757,111,758,2]
10-28 02:17:07.704 I/sysui_multi_action( 2084): [757,111,758,2]
10-28 02:17:07.716 I/sysui_multi_action( 2084): [757,111,758,1]
10-28 02:17:07.716 I/sysui_multi_action( 2084): [757,126,758,1,759,126,927,0,928,1,1593,1]
10-28 02:17:07.716 I/sysui_multi_action( 2084): [757,113,758,1,759,113,927,1,928,1,1593,1]
10-28 02:17:07.716 I/sysui_multi_action( 2084): [757,0,758,1,759,0,927,2,928,0,1593,1]
10-28 02:17:07.717 I/sysui_multi_action( 2084): [757,0,758,1,759,0,927,3,928,0,1593,1]
10-28 02:17:07.717 I/sysui_multi_action( 2084): [757,491,758,1,759,491,927,4,928,0,1311,-1,1593,0]
10-28 02:17:07.718 I/sysui_multi_action( 2084): [757,0,758,1,759,0,927,5,928,0,1593,0]
10-28 02:17:07.718 I/sysui_multi_action( 2084): [757,0,758,1,759,0,927,6,1593,0]
10-28 02:17:07.718 I/sysui_multi_action( 2084): [757,111,758,1]
10-28 02:17:07.718 I/sysui_multi_action( 2084): [757,126,758,1,759,126,927,0,928,1,1593,1]
10-28 02:17:07.719 I/sysui_multi_action( 2084): [757,113,758,1,759,113,927,1,928,1,1593,1]
10-28 02:17:07.719 I/sysui_multi_action( 2084): [757,0,758,1,759,0,927,2,928,0,1593,1]
10-28 02:17:07.719 I/sysui_multi_action( 2084): [757,0,758,1,759,0,927,3,928,0,1593,1]
10-28 02:17:07.799 I/sysui_multi_action( 2084): [757,111,758,2]
10-28 02:17:07.800 I/sysui_multi_action( 2084): [757,111,758,2]
10-28 02:17:07.804 I/notification_enqueue( 1152): [10087,2084,com.android.systemui,2048,NULL,0,Notification(channel=updateNotification shortcut=null contentView=null vibrate=null sound=null defaults=0x0 flags=0x0 color=0x00000000 vis=PRIVATE),1]
10-28 02:17:07.870 I/sysui_multi_action( 2084): [757,111,758,1]
10-28 02:17:07.870 I/sysui_multi_action( 2084): [757,126,758,1,759,126,927,0,928,1,1593,1]
10-28 02:17:07.870 I/sysui_multi_action( 2084): [757,113,758,1,759,113,927,1,928,1,1593,1]
10-28 02:17:07.871 I/sysui_multi_action( 2084): [757,0,758,1,759,0,927,2,928,0,1593,1]
10-28 02:17:07.871 I/sysui_multi_action( 2084): [757,0,758,1,759,0,927,3,928,0,1593,1]
10-28 02:17:07.872 I/sysui_multi_action( 2084): [757,491,758,1,759,491,927,4,928,0,1311,-1,1593,0]
10-28 02:17:07.872 I/sysui_multi_action( 2084): [757,0,758,1,759,0,927,5,928,0,1593,0]
10-28 02:17:07.872 I/sysui_multi_action( 2084): [757,0,758,1,759,0,927,6,1593,0]
10-28 02:17:07.872 I/sysui_multi_action( 2084): [757,111,758,1]
10-28 02:17:07.873 I/sysui_multi_action( 2084): [757,126,758,1,759,126,927,0,928,1,1593,1]
10-28 02:17:07.873 I/sysui_multi_action( 2084): [757,113,758,1,759,113,927,1,928,1,1593,1]
10-28 02:17:07.873 I/sysui_multi_action( 2084): [757,0,758,1,759,0,927,2,928,0,1593,1]
10-28 02:17:07.873 I/sysui_multi_action( 2084): [757,0,758,1,759,0,927,3,928,0,1593,1]
10-28 02:17:07.915 I/notification_enqueue( 1152): [10087,2084,com.android.systemui,2048,NULL,0,Notification(channel=updateNotification shortcut=null contentView=null vibrate=null sound=null defaults=0x0 flags=0x0 color=0x00000000 vis=PRIVATE),1]
10-28 02:17:07.915 I/sysui_multi_action( 2084): [757,111,758,2]
10-28 02:17:07.916 I/sysui_multi_action( 2084): [757,111,758,2]
10-28 02:17:08.071 I/sysui_multi_action( 2084): [757,111,758,1]
10-28 02:17:08.072 I/sysui_multi_action( 2084): [757,126,758,1,759,126,927,0,928,1,1593,0]
10-28 02:17:08.072 I/sysui_multi_action( 2084): [757,113,758,1,759,113,927,1,928,1,1593,0]
10-28 02:17:08.073 I/sysui_multi_action( 2084): [757,0,758,1,759,0,927,2,928,0,1593,0]
10-28 02:17:08.073 I/sysui_multi_action( 2084): [757,0,758,1,759,0,927,3,928,0,1593,0]
10-28 02:17:08.074 I/sysui_multi_action( 2084): [757,491,758,1,759,491,927,4,928,0,1311,-1,1593,0]
10-28 02:17:08.075 I/sysui_multi_action( 2084): [757,0,758,1,759,0,927,5,928,0,1593,0]
10-28 02:17:08.075 I/sysui_multi_action( 2084): [757,0,758,1,759,0,927,6,1593,0]
10-28 02:17:08.075 I/sysui_multi_action( 2084): [757,111,758,1]
10-28 02:17:08.076 I/sysui_multi_action( 2084): [757,126,758,1,759,126,927,0,928,1,1593,0]
10-28 02:17:08.076 I/sysui_multi_action( 2084): [757,113,758,1,759,113,927,1,928,1,1593,0]
10-28 02:17:08.077 I/sysui_multi_action( 2084): [757,0,758,1,759,0,927,2,928,0,1593,0]
10-28 02:17:08.077 I/sysui_multi_action( 2084): [757,0,758,1,759,0,927,3,928,0,1593,0]
10-28 02:17:09.391 I/input_interaction( 1152): Interaction with: a5068a2 com.thundersoft.notificationtest1/com.thundersoft.notificationtest1.MainActivity (server), edge-swipe (server), swipe-up (server), PointerEventDispatcher0 (server),
10-28 02:17:12.105 I/service_manager_slow( 1152): [10,phone]
10-28 02:17:12.173 I/sysui_multi_action( 1152): [757,856,758,1,806,com.thundersoft.notificationtest1,857,11111111111111111111111111111111111111111111111111111111111111111111111111111111111111111111111111111,858,3]
10-28 02:17:12.180 I/sysui_multi_action( 1152): [757,856,758,1,806,com.thundersoft.notificationtest1,857,111111111111111111111111111111111111111111111111111111111111111111111111111111111111111111111111111111,858,3]
10-28 02:17:12.186 I/sysui_multi_action( 1152): [757,856,758,1,806,com.thundersoft.notificationtest1,857,1111111111111111111111111111111111111111111111111111111111111111111111111111111111111111111111111111111,858,3]
10-28 02:17:12.190 I/sysui_multi_action( 1152): [757,856,758,1,806,com.thundersoft.notificationtest1,857,11111111111111111111111111111111111111111111111111111111111111111111111111111111111111111111111111111111,858,3]
10-28 02:17:12.194 I/sysui_multi_action( 1152): [757,856,758,1,806,com.thundersoft.notificationtest1,857,111111111111111111111111111111111111111111111111111111111111111111111111111111111111111111111111111111111,858,3]
10-28 02:17:12.201 I/sysui_multi_action( 1152): [757,856,758,1,806,com.thundersoft.notificationtest1,857,1111111111111111111111111111111111111111111111111111111111111111111111111111111111111111111111111111111111,858,3]
10-28 02:17:12.206 I/sysui_multi_action( 1152): [757,856,758,1,806,com.thundersoft.notificationtest1,857,11111111111111111111111111111111111111111111111111111111111111111111111111111111111111111111111111111111111,858,3]
10-28 02:17:12.209 I/sysui_multi_action( 1152): [757,856,758,1,806,com.thundersoft.notificationtest1,857,111111111111111111111111111111111111111111111111111111111111111111111111111111111111111111111111111111111111,858,3]
10-28 02:17:12.216 I/sysui_multi_action( 1152): [757,856,758,1,806,com.thundersoft.notificationtest1,857,1111111111111111111111111111111111111111111111111111111111111111111111111111111111111111111111111111111111111,858,3]
10-28 02:17:12.221 I/sysui_multi_action( 1152): [757,856,758,1,806,com.thundersoft.notificationtest1,857,11111111111111111111111111111111111111111111111111111111111111111111111111111111111111111111111111111111111111,858,3]
10-28 02:17:12.225 I/sysui_multi_action( 1152): [757,856,758,1,806,com.thundersoft.notificationtest1,857,111111111111111111111111111111111111111111111111111111111111111111111111111111111111111111111111111111111111111,858,3]
10-28 02:17:12.229 I/sysui_multi_action( 1152): [757,856,758,1,806,com.thundersoft.notificationtest1,857,1111111111111111111111111111111111111111111111111111111111111111111111111111111111111111111111111111111111111111,858,3]
10-28 02:17:12.234 I/sysui_multi_action( 1152): [757,856,758,1,806,com.thundersoft.notificationtest1,857,11111111111111111111111111111111111111111111111111111111111111111111111111111111111111111111111111111111111111111,858,3]
10-28 02:17:12.238 I/sysui_multi_action( 1152): [757,856,758,1,806,com.thundersoft.notificationtest1,857,111111111111111111111111111111111111111111111111111111111111111111111111111111111111111111111111111111111111111111,858,3]
10-28 02:17:12.242 I/sysui_multi_action( 1152): [757,856,758,1,806,com.thundersoft.notificationtest1,857,1111111111111111111111111111111111111111111111111111111111111111111111111111111111111111111111111111111111111111111,858,3]
10-28 02:17:12.246 I/sysui_multi_action( 1152): [757,856,758,1,806,com.thundersoft.notificationtest1,857,11111111111111111111111111111111111111111111111111111111111111111111111111111111111111111111111111111111111111111111,858,3]
10-28 02:17:12.251 I/sysui_multi_action( 1152): [757,856,758,1,806,com.thundersoft.notificationtest1,857,111111111111111111111111111111111111111111111111111111111111111111111111111111111111111111111111111111111111111111111,858,3]
10-28 02:17:12.254 I/sysui_multi_action( 1152): [757,856,758,1,806,com.thundersoft.notificationtest1,857,1111111111111111111111111111111111111111111111111111111111111111111111111111111111111111111111111111111111111111111111,858,3]
10-28 02:17:12.258 I/sysui_multi_action( 1152): [757,856,758,1,806,com.thundersoft.notificationtest1,857,11111111111111111111111111111111111111111111111111111111111111111111111111111111111111111111111111111111111111111111111,858,3]
10-28 02:17:12.263 I/sysui_multi_action( 1152): [757,856,758,1,806,com.thundersoft.notificationtest1,857,111111111111111111111111111111111111111111111111111111111111111111111111111111111111111111111111111111111111111111111111,858,3]
10-28 02:17:12.266 I/sysui_multi_action( 1152): [757,856,758,1,806,com.thundersoft.notificationtest1,857,1111111111111111111111111111111111111111111111111111111111111111111111111111111111111111111111111111111111111111111111111,858,3]
10-28 02:17:12.270 I/sysui_multi_action( 1152): [757,856,758,1,806,com.thundersoft.notificationtest1,857,11111111111111111111111111111111111111111111111111111111111111111111111111111111111111111111111111111111111111111111111111,858,3]
10-28 02:17:12.274 I/sysui_multi_action( 1152): [757,856,758,1,806,com.thundersoft.notificationtest1,857,111111111111111111111111111111111111111111111111111111111111111111111111111111111111111111111111111111111111111111111111111,858,3]
10-28 02:17:12.278 I/sysui_multi_action( 1152): [757,856,758,1,806,com.thundersoft.notificationtest1,857,1111111111111111111111111111111111111111111111111111111111111111111111111111111111111111111111111111111111111111111111111111,858,3]
10-28 02:17:12.282 I/sysui_multi_action( 1152): [757,856,758,1,806,com.thundersoft.notificationtest1,857,11111111111111111111111111111111111111111111111111111111111111111111111111111111111111111111111111111111111111111111111111111,858,3]
10-28 02:17:12.286 I/sysui_multi_action( 1152): [757,856,758,1,806,com.thundersoft.notificationtest1,857,111111111111111111111111111111111111111111111111111111111111111111111111111111111111111111111111111111111111111111111111111111,858,3]
10-28 02:17:12.291 I/sysui_multi_action( 1152): [757,856,758,1,806,com.thundersoft.notificationtest1,857,1111111111111111111111111111111111111111111111111111111111111111111111111111111111111111111111111111111111111111111111111111111,858,3]
10-28 02:17:12.295 I/sysui_multi_action( 1152): [757,856,758,1,806,com.thundersoft.notificationtest1,857,11111111111111111111111111111111111111111111111111111111111111111111111111111111111111111111111111111111111111111111111111111111,858,3]
10-28 02:17:12.299 I/sysui_multi_action( 1152): [757,856,758,1,806,com.thundersoft.notificationtest1,857,111111111111111111111111111111111111111111111111111111111111111111111111111111111111111111111111111111111111111111111111111111111,858,3]
10-28 02:17:12.303 I/sysui_multi_action( 1152): [757,856,758,1,806,com.thundersoft.notificationtest1,857,1111111111111111111111111111111111111111111111111111111111111111111111111111111111111111111111111111111111111111111111111111111111,858,3]
10-28 02:17:12.306 I/sysui_multi_action( 1152): [757,856,758,1,806,com.thundersoft.notificationtest1,857,11111111111111111111111111111111111111111111111111111111111111111111111111111111111111111111111111111111111111111111111111111111111,858,3]
10-28 02:17:12.310 I/sysui_multi_action( 1152): [757,856,758,1,806,com.thundersoft.notificationtest1,857,111111111111111111111111111111111111111111111111111111111111111111111111111111111111111111111111111111111111111111111111111111111111,858,3]
10-28 02:17:12.313 I/sysui_multi_action( 1152): [757,856,758,1,806,com.thundersoft.notificationtest1,857,1111111111111111111111111111111111111111111111111111111111111111111111111111111111111111111111111111111111111111111111111111111111111,858,3]
10-28 02:17:12.316 I/sysui_multi_action( 1152): [757,856,758,1,806,com.thundersoft.notificationtest1,857,11111111111111111111111111111111111111111111111111111111111111111111111111111111111111111111111111111111111111111111111111111111111111,858,3]
10-28 02:17:12.320 I/sysui_multi_action( 1152): [757,856,758,1,806,com.thundersoft.notificationtest1,857,111111111111111111111111111111111111111111111111111111111111111111111111111111111111111111111111111111111111111111111111111111111111111,858,3]
10-28 02:17:12.324 I/sysui_multi_action( 1152): [757,856,758,1,806,com.thundersoft.notificationtest1,857,1111111111111111111111111111111111111111111111111111111111111111111111111111111111111111111111111111111111111111111111111111111111111111,858,3]
10-28 02:17:12.330 I/sysui_multi_action( 1152): [757,856,758,1,806,com.thundersoft.notificationtest1,857,11111111111111111111111111111111111111111111111111111111111111111111111111111111111111111111111111111111111111111111111111111111111111111,858,3]
10-28 02:17:12.335 I/sysui_multi_action( 1152): [757,856,758,1,806,com.thundersoft.notificationtest1,857,111111111111111111111111111111111111111111111111111111111111111111111111111111111111111111111111111111111111111111111111111111111111111111,858,3]
10-28 02:17:12.339 I/sysui_multi_action( 1152): [757,856,758,1,806,com.thundersoft.notificationtest1,857,1111111111111111111111111111111111111111111111111111111111111111111111111111111111111111111111111111111111111111111111111111111111111111111,858,3]
10-28 02:17:12.343 I/sysui_multi_action( 1152): [757,856,758,1,806,com.thundersoft.notificationtest1,857,11111111111111111111111111111111111111111111111111111111111111111111111111111111111111111111111111111111111111111111111111111111111111111111,858,3]
10-28 02:17:12.348 I/sysui_multi_action( 1152): [757,856,758,1,806,com.thundersoft.notificationtest1,857,111111111111111111111111111111111111111111111111111111111111111111111111111111111111111111111111111111111111111111111111111111111111111111111,858,3]
10-28 02:17:12.352 I/sysui_multi_action( 1152): [757,856,758,1,806,com.thundersoft.notificationtest1,857,1111111111111111111111111111111111111111111111111111111111111111111111111111111111111111111111111111111111111111111111111111111111111111111111,858,3]
10-28 02:17:12.355 I/sysui_multi_action( 1152): [757,856,758,1,806,com.thundersoft.notificationtest1,857,11111111111111111111111111111111111111111111111111111111111111111111111111111111111111111111111111111111111111111111111111111111111111111111111,858,3]
10-28 02:17:12.359 I/sysui_multi_action( 1152): [757,856,758,1,806,com.thundersoft.notificationtest1,857,111111111111111111111111111111111111111111111111111111111111111111111111111111111111111111111111111111111111111111111111111111111111111111111111,858,3]
10-28 02:17:12.364 I/sysui_multi_action( 1152): [757,856,758,1,806,com.thundersoft.notificationtest1,857,1111111111111111111111111111111111111111111111111111111111111111111111111111111111111111111111111111111111111111111111111111111111111111111111111,858,3]
10-28 02:17:12.368 I/sysui_multi_action( 1152): [757,856,758,1,806,com.thundersoft.notificationtest1,857,11111111111111111111111111111111111111111111111111111111111111111111111111111111111111111111111111111111111111111111111111111111111111111111111111,858,3]
10-28 02:17:12.371 I/sysui_multi_action( 1152): [757,856,758,1,806,com.thundersoft.notificationtest1,857,111111111111111111111111111111111111111111111111111111111111111111111111111111111111111111111111111111111111111111111111111111111111111111111111111,858,3]
10-28 02:17:12.375 I/sysui_multi_action( 1152): [757,856,758,1,806,com.thundersoft.notificationtest1,857,1111111111111111111111111111111111111111111111111111111111111111111111111111111111111111111111111111111111111111111111111111111111111111111111111111,858,3]
10-28 02:17:12.379 I/sysui_multi_action( 1152): [757,856,758,1,806,com.thundersoft.notificationtest1,857,11111111111111111111111111111111111111111111111111111111111111111111111111111111111111111111111111111111111111111111111111111111111111111111111111111,858,3]
10-28 02:17:12.383 I/sysui_multi_action( 1152): [757,856,758,1,806,com.thundersoft.notificationtest1,857,111111111111111111111111111111111111111111111111111111111111111111111111111111111111111111111111111111111111111111111111111111111111111111111111111111,858,3]
10-28 02:17:12.387 I/sysui_multi_action( 1152): [757,856,758,1,806,com.thundersoft.notificationtest1,857,1111111111111111111111111111111111111111111111111111111111111111111111111111111111111111111111111111111111111111111111111111111111111111111111111111111,858,3]
10-28 02:17:12.390 I/sysui_multi_action( 1152): [757,856,758,1,806,com.thundersoft.notificationtest1,857,11111111111111111111111111111111111111111111111111111111111111111111111111111111111111111111111111111111111111111111111111111111111111111111111111111111,858,3]
10-28 02:17:12.394 I/sysui_multi_action( 1152): [757,856,758,1,806,com.thundersoft.notificationtest1,857,111111111111111111111111111111111111111111111111111111111111111111111111111111111111111111111111111111111111111111111111111111111111111111111111111111111,858,3]
10-28 02:17:12.398 I/sysui_multi_action( 1152): [757,856,758,1,806,com.thundersoft.notificationtest1,857,1111111111111111111111111111111111111111111111111111111111111111111111111111111111111111111111111111111111111111111111111111111111111111111111111111111111,858,3]
10-28 02:17:12.402 I/sysui_multi_action( 1152): [757,856,758,1,806,com.thundersoft.notificationtest1,857,11111111111111111111111111111111111111111111111111111111111111111111111111111111111111111111111111111111111111111111111111111111111111111111111111111111111,858,3]
10-28 02:17:12.407 I/sysui_multi_action( 1152): [757,856,758,1,806,com.thundersoft.notificationtest1,857,111111111111111111111111111111111111111111111111111111111111111111111111111111111111111111111111111111111111111111111111111111111111111111111111111111111111,858,3]
10-28 02:17:12.410 I/sysui_multi_action( 1152): [757,856,758,1,806,com.thundersoft.notificationtest1,857,1111111111111111111111111111111111111111111111111111111111111111111111111111111111111111111111111111111111111111111111111111111111111111111111111111111111111,858,3]
10-28 02:17:12.414 I/sysui_multi_action( 1152): [757,856,758,1,806,com.thundersoft.notificationtest1,857,11111111111111111111111111111111111111111111111111111111111111111111111111111111111111111111111111111111111111111111111111111111111111111111111111111111111111,858,3]
10-28 02:17:12.417 I/sysui_multi_action( 1152): [757,856,758,1,806,com.thundersoft.notificationtest1,857,111111111111111111111111111111111111111111111111111111111111111111111111111111111111111111111111111111111111111111111111111111111111111111111111111111111111111,858,3]
10-28 02:17:12.421 I/sysui_multi_action( 1152): [757,856,758,1,806,com.thundersoft.notificationtest1,857,1111111111111111111111111111111111111111111111111111111111111111111111111111111111111111111111111111111111111111111111111111111111111111111111111111111111111111,858,3]
10-28 02:17:12.424 I/sysui_multi_action( 1152): [757,856,758,1,806,com.thundersoft.notificationtest1,857,11111111111111111111111111111111111111111111111111111111111111111111111111111111111111111111111111111111111111111111111111111111111111111111111111111111111111111,858,3]
10-28 02:17:12.427 I/sysui_multi_action( 1152): [757,856,758,1,806,com.thundersoft.notificationtest1,857,111111111111111111111111111111111111111111111111111111111111111111111111111111111111111111111111111111111111111111111111111111111111111111111111111111111111111111,858,3]
10-28 02:17:12.432 I/sysui_multi_action( 1152): [757,856,758,1,806,com.thundersoft.notificationtest1,857,1111111111111111111111111111111111111111111111111111111111111111111111111111111111111111111111111111111111111111111111111111111111111111111111111111111111111111111,858,3]
10-28 02:17:12.440 I/sysui_multi_action( 1152): [757,856,758,1,806,com.thundersoft.notificationtest1,857,11111111111111111111111111111111111111111111111111111111111111111111111111111111111111111111111111111111111111111111111111111111111111111111111111111111111111111111,858,3]
10-28 02:17:12.443 I/sysui_multi_action( 1152): [757,856,758,1,806,com.thundersoft.notificationtest1,857,111111111111111111111111111111111111111111111111111111111111111111111111111111111111111111111111111111111111111111111111111111111111111111111111111111111111111111111,858,3]
10-28 02:17:12.444 I/commit_sys_config_file( 1152): [notification-policy,290382]
10-28 02:17:12.448 I/sysui_multi_action( 1152): [757,856,758,1,806,com.thundersoft.notificationtest1,857,1111111111111111111111111111111111111111111111111111111111111111111111111111111111111111111111111111111111111111111111111111111111111111111111111111111111111111111111,858,3]
10-28 02:17:12.451 I/sysui_multi_action( 1152): [757,856,758,1,806,com.thundersoft.notificationtest1,857,11111111111111111111111111111111111111111111111111111111111111111111111111111111111111111111111111111111111111111111111111111111111111111111111111111111111111111111111,858,3]
10-28 02:17:12.454 I/sysui_multi_action( 1152): [757,856,758,1,806,com.thundersoft.notificationtest1,857,111111111111111111111111111111111111111111111111111111111111111111111111111111111111111111111111111111111111111111111111111111111111111111111111111111111111111111111111,858,3]
10-28 02:17:12.458 I/sysui_multi_action( 1152): [757,856,758,1,806,com.thundersoft.notificationtest1,857,1111111111111111111111111111111111111111111111111111111111111111111111111111111111111111111111111111111111111111111111111111111111111111111111111111111111111111111111111,858,3]
10-28 02:17:12.461 I/sysui_multi_action( 1152): [757,856,758,1,806,com.thundersoft.notificationtest1,857,11111111111111111111111111111111111111111111111111111111111111111111111111111111111111111111111111111111111111111111111111111111111111111111111111111111111111111111111111,858,3]
10-28 02:17:12.465 I/sysui_multi_action( 1152): [757,856,758,1,806,com.thundersoft.notificationtest1,857,111111111111111111111111111111111111111111111111111111111111111111111111111111111111111111111111111111111111111111111111111111111111111111111111111111111111111111111111111,858,3]
10-28 02:17:12.469 I/sysui_multi_action( 1152): [757,856,758,1,806,com.thundersoft.notificationtest1,857,1111111111111111111111111111111111111111111111111111111111111111111111111111111111111111111111111111111111111111111111111111111111111111111111111111111111111111111111111111,858,3]
10-28 02:17:12.472 I/sysui_multi_action( 1152): [757,856,758,1,806,com.thundersoft.notificationtest1,857,11111111111111111111111111111111111111111111111111111111111111111111111111111111111111111111111111111111111111111111111111111111111111111111111111111111111111111111111111111,858,3]
10-28 02:17:12.475 I/sysui_multi_action( 1152): [757,856,758,1,806,com.thundersoft.notificationtest1,857,111111111111111111111111111111111111111111111111111111111111111111111111111111111111111111111111111111111111111111111111111111111111111111111111111111111111111111111111111111,858,3]
10-28 02:17:12.478 I/sysui_multi_action( 1152): [757,856,758,1,806,com.thundersoft.notificationtest1,857,1111111111111111111111111111111111111111111111111111111111111111111111111111111111111111111111111111111111111111111111111111111111111111111111111111111111111111111111111111111,858,3]
10-28 02:17:12.482 I/sysui_multi_action( 1152): [757,856,758,1,806,com.thundersoft.notificationtest1,857,11111111111111111111111111111111111111111111111111111111111111111111111111111111111111111111111111111111111111111111111111111111111111111111111111111111111111111111111111111111,858,3]
10-28 02:17:12.486 I/sysui_multi_action( 1152): [757,856,758,1,806,com.thundersoft.notificationtest1,857,111111111111111111111111111111111111111111111111111111111111111111111111111111111111111111111111111111111111111111111111111111111111111111111111111111111111111111111111111111111,858,3]
10-28 02:17:12.489 I/sysui_multi_action( 1152): [757,856,758,1,806,com.thundersoft.notificationtest1,857,1111111111111111111111111111111111111111111111111111111111111111111111111111111111111111111111111111111111111111111111111111111111111111111111111111111111111111111111111111111111,858,3]
10-28 02:17:12.492 I/sysui_multi_action( 1152): [757,856,758,1,806,com.thundersoft.notificationtest1,857,11111111111111111111111111111111111111111111111111111111111111111111111111111111111111111111111111111111111111111111111111111111111111111111111111111111111111111111111111111111111,858,3]
10-28 02:17:12.495 I/sysui_multi_action( 1152): [757,856,758,1,806,com.thundersoft.notificationtest1,857,111111111111111111111111111111111111111111111111111111111111111111111111111111111111111111111111111111111111111111111111111111111111111111111111111111111111111111111111111111111111,858,3]
10-28 02:17:12.499 I/sysui_multi_action( 1152): [757,856,758,1,806,com.thundersoft.notificationtest1,857,1111111111111111111111111111111111111111111111111111111111111111111111111111111111111111111111111111111111111111111111111111111111111111111111111111111111111111111111111111111111111,858,3]
10-28 02:17:12.502 I/sysui_multi_action( 1152): [757,856,758,1,806,com.thundersoft.notificationtest1,857,11111111111111111111111111111111111111111111111111111111111111111111111111111111111111111111111111111111111111111111111111111111111111111111111111111111111111111111111111111111111111,858,3]
10-28 02:17:12.506 I/sysui_multi_action( 1152): [757,856,758,1,806,com.thundersoft.notificationtest1,857,111111111111111111111111111111111111111111111111111111111111111111111111111111111111111111111111111111111111111111111111111111111111111111111111111111111111111111111111111111111111111,858,3]
10-28 02:17:12.509 I/sysui_multi_action( 1152): [757,856,758,1,806,com.thundersoft.notificationtest1,857,1111111111111111111111111111111111111111111111111111111111111111111111111111111111111111111111111111111111111111111111111111111111111111111111111111111111111111111111111111111111111111,858,3]
10-28 02:17:12.512 I/sysui_multi_action( 1152): [757,856,758,1,806,com.thundersoft.notificationtest1,857,11111111111111111111111111111111111111111111111111111111111111111111111111111111111111111111111111111111111111111111111111111111111111111111111111111111111111111111111111111111111111111,858,3]
10-28 02:17:12.515 I/sysui_multi_action( 1152): [757,856,758,1,806,com.thundersoft.notificationtest1,857,111111111111111111111111111111111111111111111111111111111111111111111111111111111111111111111111111111111111111111111111111111111111111111111111111111111111111111111111111111111111111111,858,3]
10-28 02:17:12.519 I/sysui_multi_action( 1152): [757,856,758,1,806,com.thundersoft.notificationtest1,857,1111111111111111111111111111111111111111111111111111111111111111111111111111111111111111111111111111111111111111111111111111111111111111111111111111111111111111111111111111111111111111111,858,3]
10-28 02:17:12.522 I/sysui_multi_action( 1152): [757,856,758,1,806,com.thundersoft.notificationtest1,857,11111111111111111111111111111111111111111111111111111111111111111111111111111111111111111111111111111111111111111111111111111111111111111111111111111111111111111111111111111111111111111111,858,3]
10-28 02:17:12.526 I/sysui_multi_action( 1152): [757,856,758,1,806,com.thundersoft.notificationtest1,857,111111111111111111111111111111111111111111111111111111111111111111111111111111111111111111111111111111111111111111111111111111111111111111111111111111111111111111111111111111111111111111111,858,3]
10-28 02:17:12.534 I/sysui_multi_action( 1152): [757,856,758,1,806,com.thundersoft.notificationtest1,857,1111111111111111111111111111111111111111111111111111111111111111111111111111111111111111111111111111111111111111111111111111111111111111111111111111111111111111111111111111111111111111111111,858,3]
10-28 02:17:12.538 I/sysui_multi_action( 1152): [757,856,758,1,806,com.thundersoft.notificationtest1,857,11111111111111111111111111111111111111111111111111111111111111111111111111111111111111111111111111111111111111111111111111111111111111111111111111111111111111111111111111111111111111111111111,858,3]
10-28 02:17:12.543 I/sysui_multi_action( 1152): [757,856,758,1,806,com.thundersoft.notificationtest1,857,111111111111111111111111111111111111111111111111111111111111111111111111111111111111111111111111111111111111111111111111111111111111111111111111111111111111111111111111111111111111111111111111,858,3]
10-28 02:17:12.549 I/sysui_multi_action( 1152): [757,856,758,1,806,com.thundersoft.notificationtest1,857,1111111111111111111111111111111111111111111111111111111111111111111111111111111111111111111111111111111111111111111111111111111111111111111111111111111111111111111111111111111111111111111111111,858,3]
10-28 02:17:12.553 I/sysui_multi_action( 1152): [757,856,758,1,806,com.thundersoft.notificationtest1,857,11111111111111111111111111111111111111111111111111111111111111111111111111111111111111111111111111111111111111111111111111111111111111111111111111111111111111111111111111111111111111111111111111,858,3]
10-28 02:17:12.556 I/sysui_multi_action( 1152): [757,856,758,1,806,com.thundersoft.notificationtest1,857,111111111111111111111111111111111111111111111111111111111111111111111111111111111111111111111111111111111111111111111111111111111111111111111111111111111111111111111111111111111111111111111111111,858,3]
10-28 02:17:12.560 I/sysui_multi_action( 1152): [757,856,758,1,806,com.thundersoft.notificationtest1,857,1111111111111111111111111111111111111111111111111111111111111111111111111111111111111111111111111111111111111111111111111111111111111111111111111111111111111111111111111111111111111111111111111111,858,3]
10-28 02:17:12.563 I/sysui_multi_action( 1152): [757,856,758,1,806,com.thundersoft.notificationtest1,857,11111111111111111111111111111111111111111111111111111111111111111111111111111111111111111111111111111111111111111111111111111111111111111111111111111111111111111111111111111111111111111111111111111,858,3]
10-28 02:17:12.566 I/sysui_multi_action( 1152): [757,856,758,1,806,com.thundersoft.notificationtest1,857,111111111111111111111111111111111111111111111111111111111111111111111111111111111111111111111111111111111111111111111111111111111111111111111111111111111111111111111111111111111111111111111111111111,858,3]
10-28 02:17:12.570 I/sysui_multi_action( 1152): [757,856,758,1,806,com.thundersoft.notificationtest1,857,1111111111111111111111111111111111111111111111111111111111111111111111111111111111111111111111111111111111111111111111111111111111111111111111111111111111111111111111111111111111111111111111111111111,858,3]
10-28 02:17:12.693 I/commit_sys_config_file( 1152): [notification-policy,290632]
10-28 02:17:14.396 I/input_interaction( 1152): Interaction with: fedcccd StatusBar (server), edge-swipe (server), swipe-up (server), PointerEventDispatcher0 (server),
10-28 02:17:14.411 I/sysui_multi_action( 2084): [757,803,799,panel_open,802,1]
10-28 02:17:14.414 I/sysui_multi_action( 2084): [757,1328,758,4,1326,27,1327,2,1329,0]
10-28 02:17:14.519 I/sysui_multi_action( 1152): [757,127,758,1]
10-28 02:17:14.520 I/sysui_multi_action( 1152): [757,804,799,note_load,801,3,802,1]
10-28 02:17:14.520 I/notification_panel_revealed( 1152): 3
10-28 02:17:14.540 I/notification_enqueue( 1152): [10087,2084,com.android.systemui,2048,NULL,0,Notification(channel=updateNotification shortcut=null contentView=null vibrate=null sound=null defaults=0x0 flags=0x0 color=0x00000000 vis=PRIVATE),1]
10-28 02:17:14.540 I/sysui_multi_action( 2084): [757,111,758,2]
10-28 02:17:14.541 I/sysui_multi_action( 2084): [757,111,758,2]
10-28 02:17:14.573 I/input_focus( 1152): [Focus request 31b65cc NotificationShade,reason=UpdateInputWindows]
10-28 02:17:14.583 I/sysui_multi_action( 2084): [757,111,758,1]
10-28 02:17:14.584 I/sysui_multi_action( 2084): [757,126,758,1,759,126,927,0,928,1,1593,0]
10-28 02:17:14.584 I/sysui_multi_action( 2084): [757,113,758,1,759,113,927,1,928,1,1593,0]
10-28 02:17:14.584 I/sysui_multi_action( 2084): [757,0,758,1,759,0,927,2,928,0,1593,0]
10-28 02:17:14.585 I/sysui_multi_action( 2084): [757,0,758,1,759,0,927,3,928,0,1593,0]
10-28 02:17:14.586 I/sysui_multi_action( 2084): [757,491,758,1,759,491,927,4,928,0,1311,-1,1593,0]
10-28 02:17:14.586 I/sysui_multi_action( 2084): [757,0,758,1,759,0,927,5,928,0,1593,0]
10-28 02:17:14.587 I/sysui_multi_action( 2084): [757,0,758,1,759,0,927,6,1593,0]
10-28 02:17:14.587 I/sysui_multi_action( 2084): [757,111,758,1]
10-28 02:17:14.588 I/sysui_multi_action( 2084): [757,126,758,1,759,126,927,0,928,1,1593,0]
10-28 02:17:14.588 I/sysui_multi_action( 2084): [757,113,758,1,759,113,927,1,928,1,1593,0]
10-28 02:17:14.589 I/sysui_multi_action( 2084): [757,0,758,1,759,0,927,2,928,0,1593,0]
10-28 02:17:14.589 I/sysui_multi_action( 2084): [757,0,758,1,759,0,927,3,928,0,1593,0]
10-28 02:17:14.596 I/input_focus( 1152): [Focus leaving a5068a2 com.thundersoft.notificationtest1/com.thundersoft.notificationtest1.MainActivity (server),reason=Waiting for window because NOT_VISIBLE]
10-28 02:17:14.640 I/input_focus( 1152): [Focus entering 31b65cc NotificationShade (server),reason=Window became focusable. Previous reason: NOT_VISIBLE]
10-28 02:17:14.744 I/sysui_multi_action( 1152): [757,1501,758,1,793,276649,794,0,795,221,796,2048,806,com.android.systemui,857,updateNotification,858,3,947,0,1500,0,1688,1]
10-28 02:17:14.745 I/sysui_multi_action( 1152): [757,804,799,note_interruptive,801,0,802,1]
10-28 02:17:14.746 I/sysui_multi_action( 1152): [757,199,758,1,759,2,793,276651,794,0,795,223,796,2048,806,com.android.systemui,857,updateNotification,858,3,947,0,1500,2,1688,1]
10-28 02:17:14.746 I/notification_alert( 1152): [0|com.android.systemui|2048|null|10087,0,1,0]
10-28 02:17:15.137 I/sysui_multi_action( 1152): [757,128,758,1,793,285357,794,0,795,285357,796,26,798,0,806,android,857,DEVELOPER_IMPORTANT,858,4,947,0,1395,3,1500,285142,1688,1]
10-28 02:17:15.138 I/sysui_multi_action( 1152): [757,804,799,note_freshness,801,285357,802,1]
10-28 02:17:15.138 I/notification_visibility( 1152): [-1|android|26|null|1000,1,285357,285357,0,0]
10-28 02:17:15.139 I/sysui_multi_action( 1152): [757,128,758,1,793,285065,794,0,795,285065,796,55,798,1,806,android,857,DEVELOPER,858,2,947,0,1395,3,1500,284861,1688,1]
10-28 02:17:15.139 I/sysui_multi_action( 1152): [757,804,799,note_freshness,801,285065,802,1]
10-28 02:17:15.139 I/notification_visibility( 1152): [-1|android|55|null|1000,1,285065,285065,0,1]
10-28 02:17:15.140 I/sysui_multi_action( 1152): [757,128,758,1,793,289570,794,0,795,289570,796,32,798,2,806,android,857,USB,858,1,947,0,1395,3,1500,289186,1688,1]
10-28 02:17:15.140 I/sysui_multi_action( 1152): [757,804,799,note_freshness,801,289570,802,1]
10-28 02:17:15.141 I/notification_visibility( 1152): [-1|android|32|null|1000,1,289570,289570,0,2]
10-28 02:17:16.261 I/input_interaction( 1152): Interaction with: 31b65cc NotificationShade (server), edge-swipe (server), swipe-up (server), PointerEventDispatcher0 (server),
10-28 02:17:16.392 I/notification_enqueue( 1152): [10087,2084,com.android.systemui,2048,NULL,0,Notification(channel=updateNotification shortcut=null contentView=null vibrate=null sound=null defaults=0x0 flags=0x0 color=0x00000000 vis=PRIVATE),1]
10-28 02:17:16.602 I/sysui_multi_action( 1152): [757,1501,758,1,793,278506,794,0,795,221,796,2048,806,com.android.systemui,857,updateNotification,858,3,947,0,1500,0,1688,1]
10-28 02:17:16.604 I/sysui_multi_action( 1152): [757,804,799,note_interruptive,801,0,802,1]
10-28 02:17:16.606 I/sysui_multi_action( 1152): [757,199,758,1,759,2,793,278511,794,0,795,226,796,2048,806,com.android.systemui,857,updateNotification,858,3,947,0,1500,5,1688,1]
10-28 02:17:16.607 I/notification_alert( 1152): [0|com.android.systemui|2048|null|10087,0,1,0]
10-28 02:17:18.480 I/sysui_multi_action( 1152): [757,128,758,1,793,67573,794,0,795,67573,796,54,798,4,806,com.thundersoft.notificationtest1,857,111111111111111111111111111-5f82db80,858,3,946,ranker_group,947,0,1395,56,1500,67290,1688,1]
10-28 02:17:18.481 I/sysui_multi_action( 1152): [757,804,799,note_freshness,801,67573,802,1]
